190.171.142.10 - - [04/Apr/2023:11:29:12 -0300] "GET /cormun/servlet/solicitudotadjuntos?INS,2023,19929,,1, HTTP/1.1" 200 6223
190.171.142.10 - - [04/Apr/2023:11:29:12 -0300] "GET /cormun/static/about:blank HTTP/1.1" 404 1011
190.171.142.10 - - [04/Apr/2023:11:29:12 -0300] "GET /cormun/servlet/solicitudotadjuntos?INS,2023,19929,,1, HTTP/1.1" 200 6217
190.171.142.10 - - [04/Apr/2023:11:29:13 -0300] "GET /cormun/servlet/solicitudotadjuntos?1fc4b2b9123f9ca6fdc8a0dc41e58abfec6cd5bd4f0ccfd5558c4b73ed4e969a8a2257490ee3339821ba994c0acb770e,gx-no-cache=1680617630351 HTTP/1.1" 200 30
190.171.142.10 - - [04/Apr/2023:11:29:13 -0300] "POST /cormun/servlet/solicitudotadjuntos?c3f0933682f67cf84b4e8b273d8a9c47,INS,2023,19929,,1,,gx-no-cache=1680617630386 HTTP/1.1" 200 4144
190.171.142.10 - - [04/Apr/2023:11:29:15 -0300] "POST /cormun/servlet/solicitudotadjuntos?gx-no-cache=1680617632536 HTTP/1.1" 200 26
190.171.142.10 - - [04/Apr/2023:11:29:19 -0300] "GET /cormun/servlet/solicitudotadjuntos?1fc4b2b9123f9ca6fdc8a0dc41e58abf530c5dc3bdc65819797862db10ceb9a5,gx-no-cache=1680617636494 HTTP/1.1" 200 30
190.171.142.10 - - [04/Apr/2023:11:29:19 -0300] "GET /cormun/servlet/solicitudotadjuntos?1fc4b2b9123f9ca6fdc8a0dc41e58abf530c5dc3bdc65819797862db10ceb9a5,gx-no-cache=1680617636512 HTTP/1.1" 200 30
190.171.142.10 - - [04/Apr/2023:11:29:19 -0300] "POST /cormun/servlet/solicitudotadjuntos?c3f0933682f67cf84b4e8b273d8a9c47,INS,2023,19929,,1, HTTP/1.1" 200 116
190.171.142.10 - - [04/Apr/2023:11:29:19 -0300] "GET /cormun/servlet/hpexe_return? HTTP/1.1" 200 1027
190.171.142.10 - - [04/Apr/2023:11:29:20 -0300] "GET /cormun/servlet/trsolicitudadjuntos?2023,19929, HTTP/1.1" 200 9451
190.171.142.10 - - [04/Apr/2023:11:29:20 -0300] "GET /cormun/servlet/trsolicitudadjuntos?2023,19929, HTTP/1.1" 200 9448
190.171.142.10 - - [04/Apr/2023:11:29:31 -0300] "GET /cormun/servlet/solicitudotadjuntos?INS,2023,19929,,1, HTTP/1.1" 200 6223
190.171.142.10 - - [04/Apr/2023:11:29:32 -0300] "GET /cormun/static/about:blank HTTP/1.1" 404 1011
190.171.142.10 - - [04/Apr/2023:11:29:32 -0300] "GET /cormun/servlet/solicitudotadjuntos?1fc4b2b9123f9ca6fdc8a0dc41e58abfec6cd5bd4f0ccfd5558c4b73ed4e969a8a2257490ee3339821ba994c0acb770e,gx-no-cache=1680617649501 HTTP/1.1" 200 30
190.171.142.10 - - [04/Apr/2023:11:29:32 -0300] "GET /cormun/servlet/solicitudotadjuntos?INS,2023,19929,,1, HTTP/1.1" 200 6217
190.171.142.10 - - [04/Apr/2023:11:29:32 -0300] "POST /cormun/servlet/solicitudotadjuntos?c3f0933682f67cf84b4e8b273d8a9c47,INS,2023,19929,,1,,gx-no-cache=1680617649621 HTTP/1.1" 200 4144
190.171.142.10 - - [04/Apr/2023:11:29:47 -0300] "POST /cormun/servlet/solicitudotadjuntos?gx-no-cache=1680617663687 HTTP/1.1" 200 26
190.171.142.10 - - [04/Apr/2023:11:29:51 -0300] "GET /cormun/servlet/solicitudotadjuntos?1fc4b2b9123f9ca6fdc8a0dc41e58abf530c5dc3bdc65819797862db10ceb9a5,gx-no-cache=1680617668081 HTTP/1.1" 200 30
190.171.142.10 - - [04/Apr/2023:11:29:51 -0300] "GET /cormun/servlet/solicitudotadjuntos?1fc4b2b9123f9ca6fdc8a0dc41e58abf530c5dc3bdc65819797862db10ceb9a5,gx-no-cache=1680617668250 HTTP/1.1" 200 30
190.171.142.10 - - [04/Apr/2023:11:29:51 -0300] "POST /cormun/servlet/solicitudotadjuntos?c3f0933682f67cf84b4e8b273d8a9c47,INS,2023,19929,,1, HTTP/1.1" 200 116
190.171.142.10 - - [04/Apr/2023:11:29:51 -0300] "GET /cormun/servlet/hpexe_return? HTTP/1.1" 200 1027
190.171.142.10 - - [04/Apr/2023:11:29:52 -0300] "GET /cormun/servlet/trsolicitudadjuntos?2023,19929, HTTP/1.1" 200 9685
190.171.142.10 - - [04/Apr/2023:11:29:52 -0300] "GET /cormun/servlet/trsolicitudadjuntos?2023,19929, HTTP/1.1" 200 9683
190.171.142.10 - - [04/Apr/2023:11:29:56 -0300] "GET /cormun/servlet/solicitudotadjuntos?INS,2023,19929,,1, HTTP/1.1" 200 6223
190.171.142.10 - - [04/Apr/2023:11:29:56 -0300] "GET /cormun/static/about:blank HTTP/1.1" 404 1011
190.171.142.10 - - [04/Apr/2023:11:29:57 -0300] "GET /cormun/servlet/solicitudotadjuntos?INS,2023,19929,,1, HTTP/1.1" 200 6217
190.171.142.10 - - [04/Apr/2023:11:29:57 -0300] "GET /cormun/servlet/solicitudotadjuntos?1fc4b2b9123f9ca6fdc8a0dc41e58abfec6cd5bd4f0ccfd5558c4b73ed4e969a8a2257490ee3339821ba994c0acb770e,gx-no-cache=1680617674358 HTTP/1.1" 200 30
190.171.142.10 - - [04/Apr/2023:11:29:58 -0300] "POST /cormun/servlet/solicitudotadjuntos?c3f0933682f67cf84b4e8b273d8a9c47,INS,2023,19929,,1,,gx-no-cache=1680617674478 HTTP/1.1" 200 4145
190.171.142.10 - - [04/Apr/2023:11:30:01 -0300] "POST /cormun/servlet/solicitudotadjuntos?gx-no-cache=1680617678087 HTTP/1.1" 200 26
190.171.142.10 - - [04/Apr/2023:11:30:06 -0300] "GET /cormun/servlet/solicitudotadjuntos?1fc4b2b9123f9ca6fdc8a0dc41e58abf530c5dc3bdc65819797862db10ceb9a5,gx-no-cache=1680617683265 HTTP/1.1" 200 30
190.171.142.10 - - [04/Apr/2023:11:30:06 -0300] "GET /cormun/servlet/solicitudotadjuntos?1fc4b2b9123f9ca6fdc8a0dc41e58abf530c5dc3bdc65819797862db10ceb9a5,gx-no-cache=1680617683407 HTTP/1.1" 200 30
192.168.10.17 - - [04/Apr/2023:11:30:06 -0300] "GET /cormun/servlet/trsolicitudgral? HTTP/1.1" 200 14515
192.168.10.17 - - [04/Apr/2023:11:30:06 -0300] "GET /cormun/servlet/trsolicitudgral? HTTP/1.1" 200 14509
190.171.142.10 - - [04/Apr/2023:11:30:12 -0300] "POST /cormun/servlet/solicitudotadjuntos?c3f0933682f67cf84b4e8b273d8a9c47,INS,2023,19929,,1, HTTP/1.1" 200 116
190.171.142.10 - - [04/Apr/2023:11:30:12 -0300] "GET /cormun/servlet/hpexe_return? HTTP/1.1" 200 1027
190.171.142.10 - - [04/Apr/2023:11:30:13 -0300] "GET /cormun/servlet/trsolicitudadjuntos?2023,19929, HTTP/1.1" 200 9915
190.171.142.10 - - [04/Apr/2023:11:30:14 -0300] "GET /cormun/servlet/trsolicitudadjuntos?2023,19929, HTTP/1.1" 200 9915
190.171.142.10 - - [04/Apr/2023:11:30:16 -0300] "GET /cormun/servlet/solicitudotadjuntos?INS,2023,19929,,1, HTTP/1.1" 200 6223
190.171.142.10 - - [04/Apr/2023:11:30:16 -0300] "GET /cormun/static/about:blank HTTP/1.1" 404 1011
190.171.142.10 - - [04/Apr/2023:11:30:17 -0300] "GET /cormun/servlet/solicitudotadjuntos?1fc4b2b9123f9ca6fdc8a0dc41e58abfec6cd5bd4f0ccfd5558c4b73ed4e969a8a2257490ee3339821ba994c0acb770e,gx-no-cache=1680617694380 HTTP/1.1" 200 30
190.171.142.10 - - [04/Apr/2023:11:30:17 -0300] "GET /cormun/servlet/solicitudotadjuntos?INS,2023,19929,,1, HTTP/1.1" 200 6217
190.171.142.10 - - [04/Apr/2023:11:30:18 -0300] "POST /cormun/servlet/solicitudotadjuntos?c3f0933682f67cf84b4e8b273d8a9c47,INS,2023,19929,,1,,gx-no-cache=1680617694529 HTTP/1.1" 200 4145
190.171.142.10 - - [04/Apr/2023:11:30:20 -0300] "POST /cormun/servlet/solicitudotadjuntos?gx-no-cache=1680617697271 HTTP/1.1" 200 26
190.171.142.10 - - [04/Apr/2023:11:30:25 -0300] "GET /cormun/servlet/solicitudotadjuntos?1fc4b2b9123f9ca6fdc8a0dc41e58abf530c5dc3bdc65819797862db10ceb9a5,gx-no-cache=1680617701597 HTTP/1.1" 200 30
190.171.142.10 - - [04/Apr/2023:11:30:25 -0300] "GET /cormun/servlet/solicitudotadjuntos?1fc4b2b9123f9ca6fdc8a0dc41e58abf530c5dc3bdc65819797862db10ceb9a5,gx-no-cache=1680617702332 HTTP/1.1" 200 30
190.171.142.10 - - [04/Apr/2023:11:30:35 -0300] "POST /cormun/servlet/solicitudotadjuntos?c3f0933682f67cf84b4e8b273d8a9c47,INS,2023,19929,,1, HTTP/1.1" 200 116
190.171.142.10 - - [04/Apr/2023:11:30:35 -0300] "GET /cormun/servlet/hpexe_return? HTTP/1.1" 200 1027
190.171.142.10 - - [04/Apr/2023:11:30:36 -0300] "GET /cormun/servlet/trsolicitudadjuntos?2023,19929, HTTP/1.1" 200 10203
190.171.142.10 - - [04/Apr/2023:11:30:36 -0300] "GET /cormun/servlet/trsolicitudadjuntos?2023,19929, HTTP/1.1" 200 10202
190.171.142.10 - - [04/Apr/2023:11:30:42 -0300] "GET /cormun/servlet/solicitudotadjuntos?INS,2023,19929,,1, HTTP/1.1" 200 6223
190.171.142.10 - - [04/Apr/2023:11:30:43 -0300] "GET /cormun/static/about:blank HTTP/1.1" 404 1011
190.171.142.10 - - [04/Apr/2023:11:30:43 -0300] "GET /cormun/servlet/solicitudotadjuntos?1fc4b2b9123f9ca6fdc8a0dc41e58abfec6cd5bd4f0ccfd5558c4b73ed4e969a8a2257490ee3339821ba994c0acb770e,gx-no-cache=1680617720665 HTTP/1.1" 200 30
190.171.142.10 - - [04/Apr/2023:11:30:44 -0300] "GET /cormun/servlet/solicitudotadjuntos?INS,2023,19929,,1, HTTP/1.1" 200 6217
190.171.142.10 - - [04/Apr/2023:11:30:44 -0300] "POST /cormun/servlet/solicitudotadjuntos?c3f0933682f67cf84b4e8b273d8a9c47,INS,2023,19929,,1,,gx-no-cache=1680617720887 HTTP/1.1" 200 4145
190.171.142.10 - - [04/Apr/2023:11:30:47 -0300] "POST /cormun/servlet/solicitudotadjuntos?gx-no-cache=1680617723531 HTTP/1.1" 200 26
190.171.142.10 - - [04/Apr/2023:11:30:55 -0300] "GET /cormun/servlet/solicitudotadjuntos?1fc4b2b9123f9ca6fdc8a0dc41e58abf530c5dc3bdc65819797862db10ceb9a5,gx-no-cache=1680617732354 HTTP/1.1" 200 30
190.171.142.10 - - [04/Apr/2023:11:30:55 -0300] "GET /cormun/servlet/solicitudotadjuntos?1fc4b2b9123f9ca6fdc8a0dc41e58abf530c5dc3bdc65819797862db10ceb9a5,gx-no-cache=1680617732556 HTTP/1.1" 200 30
192.168.10.17 - - [04/Apr/2023:11:30:59 -0300] "POST /cormun/servlet/trsolicitudgral?52ce2fb449b3c7bba58d931b10e31f35,,gx-no-cache=1680617725488 HTTP/1.1" 200 25818
192.168.10.17 - - [04/Apr/2023:11:31:04 -0300] "POST /cormun/servlet/trsolicitudgral?52ce2fb449b3c7bba58d931b10e31f35,,gx-no-cache=1680617730380 HTTP/1.1" 200 5260
190.171.142.10 - - [04/Apr/2023:11:31:16 -0300] "POST /cormun/servlet/solicitudotadjuntos?c3f0933682f67cf84b4e8b273d8a9c47,INS,2023,19929,,1, HTTP/1.1" 200 116
190.171.142.10 - - [04/Apr/2023:11:31:16 -0300] "GET /cormun/servlet/hpexe_return? HTTP/1.1" 200 1027
190.171.142.10 - - [04/Apr/2023:11:31:16 -0300] "GET /cormun/servlet/trsolicitudadjuntos?2023,19929, HTTP/1.1" 200 10381
190.171.142.10 - - [04/Apr/2023:11:31:17 -0300] "GET /cormun/servlet/trsolicitudadjuntos?2023,19929, HTTP/1.1" 200 10379
192.168.10.17 - - [04/Apr/2023:11:31:23 -0300] "POST /cormun/servlet/trsolicitudgral?52ce2fb449b3c7bba58d931b10e31f35,,gx-no-cache=1680617749429 HTTP/1.1" 200 5260
192.168.10.17 - - [04/Apr/2023:11:31:25 -0300] "GET /cormun/static/menuarrow.gif HTTP/1.1" 404 1015
192.168.10.17 - - [04/Apr/2023:11:31:30 -0300] "POST /cormun/servlet/trsolicitudgral?52ce2fb449b3c7bba58d931b10e31f35,,gx-no-cache=1680617756389 HTTP/1.1" 200 5263
192.168.10.17 - - [04/Apr/2023:11:31:30 -0300] "POST /cormun/servlet/trsolicitudgral?52ce2fb449b3c7bba58d931b10e31f35,,gx-no-cache=1680617757034 HTTP/1.1" 200 5263
192.168.10.17 - - [04/Apr/2023:11:31:31 -0300] "POST /cormun/servlet/trsolicitudgral?52ce2fb449b3c7bba58d931b10e31f35,,gx-no-cache=1680617757625 HTTP/1.1" 200 5264
192.168.10.17 - - [04/Apr/2023:11:31:31 -0300] "POST /cormun/servlet/trsolicitudgral?52ce2fb449b3c7bba58d931b10e31f35,,gx-no-cache=1680617757849 HTTP/1.1" 200 5263
192.168.10.17 - - [04/Apr/2023:11:31:31 -0300] "POST /cormun/servlet/trsolicitudgral?52ce2fb449b3c7bba58d931b10e31f35,,gx-no-cache=1680617758016 HTTP/1.1" 200 5263
190.171.142.10 - - [04/Apr/2023:11:31:33 -0300] "GET /cormun/servlet/trsolicitudot? HTTP/1.1" 200 9575
190.171.142.10 - - [04/Apr/2023:11:31:33 -0300] "GET /cormun/servlet/trsolicitudot? HTTP/1.1" 200 9568
192.168.10.17 - - [04/Apr/2023:11:31:34 -0300] "POST /cormun/servlet/trsolicitudgral?52ce2fb449b3c7bba58d931b10e31f35,,gx-no-cache=1680617760845 HTTP/1.1" 200 6681
192.168.10.17 - - [04/Apr/2023:11:31:36 -0300] "GET /cormun/servlet/vesolicitudgral?2023,19741,, HTTP/1.1" 200 8346
192.168.10.17 - - [04/Apr/2023:11:31:36 -0300] "GET /cormun/pexe_scrolldiv.js HTTP/1.1" 404 1009
192.168.10.17 - - [04/Apr/2023:11:31:37 -0300] "GET /cormun/servlet/vesolicitudgral?2023,19741,, HTTP/1.1" 200 8345
190.171.142.10 - - [04/Apr/2023:11:31:39 -0300] "POST /cormun/servlet/trsolicitudot?c3f0933682f67cf84b4e8b273d8a9c47,,gx-no-cache=1680617774245 HTTP/1.1" 200 106
190.171.142.10 - - [04/Apr/2023:11:31:40 -0300] "GET /cormun/servlet/trsolicitudadjuntos?2023,19928, HTTP/1.1" 200 6279
190.171.142.10 - - [04/Apr/2023:11:31:40 -0300] "GET /cormun/servlet/trsolicitudadjuntos?2023,19928, HTTP/1.1" 200 6277
190.171.142.10 - - [04/Apr/2023:11:31:44 -0300] "GET /cormun/servlet/solicitudotadjuntos?INS,2023,19928,,1, HTTP/1.1" 200 6224
190.171.142.10 - - [04/Apr/2023:11:31:44 -0300] "GET /cormun/static/about:blank HTTP/1.1" 404 1011
190.171.142.10 - - [04/Apr/2023:11:31:44 -0300] "GET /cormun/servlet/solicitudotadjuntos?INS,2023,19928,,1, HTTP/1.1" 200 6218
190.171.142.10 - - [04/Apr/2023:11:31:45 -0300] "GET /cormun/servlet/solicitudotadjuntos?1fc4b2b9123f9ca6fdc8a0dc41e58abfb171e95868d38890019293a61809eca18a2257490ee3339821ba994c0acb770e,gx-no-cache=1680617782204 HTTP/1.1" 200 30
190.171.142.10 - - [04/Apr/2023:11:31:45 -0300] "POST /cormun/servlet/solicitudotadjuntos?c3f0933682f67cf84b4e8b273d8a9c47,INS,2023,19928,,1,,gx-no-cache=1680617782222 HTTP/1.1" 200 4146
190.171.142.10 - - [04/Apr/2023:11:31:47 -0300] "POST /cormun/servlet/solicitudotadjuntos?gx-no-cache=1680617784548 HTTP/1.1" 200 26
190.171.142.10 - - [04/Apr/2023:11:31:56 -0300] "GET /cormun/servlet/solicitudotadjuntos?1fc4b2b9123f9ca6fdc8a0dc41e58abf530c5dc3bdc65819797862db10ceb9a5,gx-no-cache=1680617793648 HTTP/1.1" 200 30
190.171.142.10 - - [04/Apr/2023:11:31:56 -0300] "GET /cormun/servlet/solicitudotadjuntos?1fc4b2b9123f9ca6fdc8a0dc41e58abf530c5dc3bdc65819797862db10ceb9a5,gx-no-cache=1680617793666 HTTP/1.1" 200 30
190.171.142.10 - - [04/Apr/2023:11:31:56 -0300] "POST /cormun/servlet/solicitudotadjuntos?c3f0933682f67cf84b4e8b273d8a9c47,INS,2023,19928,,1, HTTP/1.1" 200 116
190.171.142.10 - - [04/Apr/2023:11:31:56 -0300] "GET /cormun/servlet/hpexe_return? HTTP/1.1" 200 1027
190.171.142.10 - - [04/Apr/2023:11:31:57 -0300] "GET /cormun/servlet/trsolicitudadjuntos?2023,19928, HTTP/1.1" 200 9229
190.171.142.10 - - [04/Apr/2023:11:31:57 -0300] "GET /cormun/servlet/trsolicitudadjuntos?2023,19928, HTTP/1.1" 200 9228
190.171.141.90 - - [04/Apr/2023:11:31:58 -0300] "GET /cormun/servlet/trsolicitudot? HTTP/1.1" 200 6322
190.171.142.10 - - [04/Apr/2023:11:31:59 -0300] "GET /cormun/servlet/solicitudotadjuntos?INS,2023,19928,,1, HTTP/1.1" 200 6224
190.171.141.90 - - [04/Apr/2023:11:31:59 -0300] "GET /cormun/servlet/trsolicitudot? HTTP/1.1" 200 6324
190.171.141.90 - - [04/Apr/2023:11:31:59 -0300] "GET /cormun/servlet/trsolicitudot? HTTP/1.1" 200 6324
190.171.141.90 - - [04/Apr/2023:11:31:59 -0300] "GET /cormun/servlet/hlogin HTTP/1.1" 200 1737
190.171.142.10 - - [04/Apr/2023:11:31:59 -0300] "GET /cormun/static/about:blank HTTP/1.1" 404 1011
190.171.142.10 - - [04/Apr/2023:11:31:59 -0300] "GET /cormun/servlet/solicitudotadjuntos?INS,2023,19928,,1, HTTP/1.1" 200 6218
190.171.142.10 - - [04/Apr/2023:11:32:00 -0300] "GET /cormun/servlet/solicitudotadjuntos?1fc4b2b9123f9ca6fdc8a0dc41e58abfb171e95868d38890019293a61809eca18a2257490ee3339821ba994c0acb770e,gx-no-cache=1680617797130 HTTP/1.1" 200 30
190.171.142.10 - - [04/Apr/2023:11:32:00 -0300] "POST /cormun/servlet/solicitudotadjuntos?c3f0933682f67cf84b4e8b273d8a9c47,INS,2023,19928,,1,,gx-no-cache=1680617797200 HTTP/1.1" 200 4146
190.171.142.10 - - [04/Apr/2023:11:32:02 -0300] "POST /cormun/servlet/solicitudotadjuntos?gx-no-cache=1680617799226 HTTP/1.1" 200 26
190.171.141.90 - - [04/Apr/2023:11:32:05 -0300] "POST /cormun/servlet/hlogin?c5a4299293210f52bec193bf8b4c3db5,gx-no-cache=1680617800518 HTTP/1.1" 200 90
190.171.141.90 - - [04/Apr/2023:11:32:06 -0300] "GET /cormun/servlet/hpexe_link HTTP/1.1" 200 957
190.171.141.90 - - [04/Apr/2023:11:32:06 -0300] "GET /cormun/servlet/trsolicitudot HTTP/1.1" 200 7018
190.171.141.90 - - [04/Apr/2023:11:32:07 -0300] "GET /cormun/servlet/trsolicitudot HTTP/1.1" 200 7016
190.171.142.10 - - [04/Apr/2023:11:32:10 -0300] "GET /cormun/servlet/solicitudotadjuntos?1fc4b2b9123f9ca6fdc8a0dc41e58abf530c5dc3bdc65819797862db10ceb9a5,gx-no-cache=1680617807547 HTTP/1.1" 200 30
190.171.142.10 - - [04/Apr/2023:11:32:10 -0300] "GET /cormun/servlet/solicitudotadjuntos?1fc4b2b9123f9ca6fdc8a0dc41e58abf530c5dc3bdc65819797862db10ceb9a5,gx-no-cache=1680617807717 HTTP/1.1" 200 30
190.171.141.90 - - [04/Apr/2023:11:32:14 -0300] "POST /cormun/servlet/trsolicitudot?c5a4299293210f52bec193bf8b4c3db5,gx-no-cache=1680617808178 HTTP/1.1" 200 12827
192.168.10.17 - - [04/Apr/2023:11:32:17 -0300] "POST /cormun/servlet/vesolicitudgral?52ce2fb449b3c7bba58d931b10e31f35,2023,19741,,,gx-no-cache=1680617803191 HTTP/1.1" 200 12173
192.168.10.17 - - [04/Apr/2023:11:32:17 -0300] "GET /cormun/static/Shared/jqueryui/images/ui-bg_highlight-soft_100_c6c2c8_1x100.png HTTP/1.1" 404 1117
192.168.10.17 - - [04/Apr/2023:11:32:17 -0300] "GET /cormun/static/Shared/jqueryui/images/ui-icons_82798d_256x240.png HTTP/1.1" 404 1089
192.168.10.17 - - [04/Apr/2023:11:32:17 -0300] "GET /cormun/static/Shared/jqueryui/images/ui-icons_8d78a5_256x240.png HTTP/1.1" 404 1089
192.168.10.17 - - [04/Apr/2023:11:32:17 -0300] "GET /cormun/static/Shared/jqueryui/images/ui-bg_flat_55_fafafa_40x100.png HTTP/1.1" 404 1097
190.171.142.10 - - [04/Apr/2023:11:32:26 -0300] "POST /cormun/servlet/solicitudotadjuntos?c3f0933682f67cf84b4e8b273d8a9c47,INS,2023,19928,,1, HTTP/1.1" 200 116
190.171.142.10 - - [04/Apr/2023:11:32:27 -0300] "GET /cormun/servlet/hpexe_return? HTTP/1.1" 200 1027
190.171.142.10 - - [04/Apr/2023:11:32:27 -0300] "GET /cormun/servlet/trsolicitudadjuntos?2023,19928, HTTP/1.1" 200 9457
190.171.142.10 - - [04/Apr/2023:11:32:28 -0300] "GET /cormun/servlet/trsolicitudadjuntos?2023,19928, HTTP/1.1" 200 9452
190.171.142.10 - - [04/Apr/2023:11:32:32 -0300] "GET /cormun/servlet/solicitudotadjuntos?INS,2023,19928,,1, HTTP/1.1" 200 6224
190.171.142.10 - - [04/Apr/2023:11:32:32 -0300] "GET /cormun/static/about:blank HTTP/1.1" 404 1011
190.171.142.10 - - [04/Apr/2023:11:32:32 -0300] "GET /cormun/servlet/solicitudotadjuntos?INS,2023,19928,,1, HTTP/1.1" 200 6218
190.171.142.10 - - [04/Apr/2023:11:32:32 -0300] "GET /cormun/servlet/solicitudotadjuntos?1fc4b2b9123f9ca6fdc8a0dc41e58abfb171e95868d38890019293a61809eca18a2257490ee3339821ba994c0acb770e,gx-no-cache=1680617829813 HTTP/1.1" 200 30
190.171.142.10 - - [04/Apr/2023:11:32:34 -0300] "POST /cormun/servlet/solicitudotadjuntos?c3f0933682f67cf84b4e8b273d8a9c47,INS,2023,19928,,1,,gx-no-cache=1680617829899 HTTP/1.1" 200 4146
190.171.142.10 - - [04/Apr/2023:11:32:36 -0300] "POST /cormun/servlet/solicitudotadjuntos?gx-no-cache=1680617833365 HTTP/1.1" 200 26
190.171.142.10 - - [04/Apr/2023:11:32:37 -0300] "GET /cormun/servlet/solicitudotadjuntos?1fc4b2b9123f9ca6fdc8a0dc41e58abf530c5dc3bdc65819797862db10ceb9a5,gx-no-cache=1680617834018 HTTP/1.1" 200 30
190.171.142.10 - - [04/Apr/2023:11:32:37 -0300] "GET /cormun/servlet/solicitudotadjuntos?1fc4b2b9123f9ca6fdc8a0dc41e58abf530c5dc3bdc65819797862db10ceb9a5,gx-no-cache=1680617834241 HTTP/1.1" 200 30
190.171.142.10 - - [04/Apr/2023:11:32:39 -0300] "POST /cormun/servlet/solicitudotadjuntos?c3f0933682f67cf84b4e8b273d8a9c47,INS,2023,19928,,1,,gx-no-cache=1680617834444 HTTP/1.1" 200 93
190.171.142.10 - - [04/Apr/2023:11:32:39 -0300] "GET /cormun/servlet/hpexe_return? HTTP/1.1" 200 1027
190.171.142.10 - - [04/Apr/2023:11:32:39 -0300] "GET /cormun/servlet/trsolicitudadjuntos?2023,19928, HTTP/1.1" 200 9629
190.171.142.10 - - [04/Apr/2023:11:32:40 -0300] "GET /cormun/servlet/trsolicitudadjuntos?2023,19928, HTTP/1.1" 200 9626
190.171.142.10 - - [04/Apr/2023:11:32:42 -0300] "GET /cormun/servlet/solicitudotadjuntos?INS,2023,19928,,1, HTTP/1.1" 200 6224
190.171.142.10 - - [04/Apr/2023:11:32:42 -0300] "GET /cormun/static/about:blank HTTP/1.1" 404 1011
190.171.142.10 - - [04/Apr/2023:11:32:42 -0300] "GET /cormun/servlet/solicitudotadjuntos?INS,2023,19928,,1, HTTP/1.1" 200 6218
190.171.142.10 - - [04/Apr/2023:11:32:43 -0300] "GET /cormun/servlet/solicitudotadjuntos?1fc4b2b9123f9ca6fdc8a0dc41e58abfb171e95868d38890019293a61809eca18a2257490ee3339821ba994c0acb770e,gx-no-cache=1680617840275 HTTP/1.1" 200 30
190.171.142.10 - - [04/Apr/2023:11:32:44 -0300] "POST /cormun/servlet/solicitudotadjuntos?c3f0933682f67cf84b4e8b273d8a9c47,INS,2023,19928,,1,,gx-no-cache=1680617840350 HTTP/1.1" 200 4146
190.171.142.10 - - [04/Apr/2023:11:32:48 -0300] "POST /cormun/servlet/solicitudotadjuntos?gx-no-cache=1680617844749 HTTP/1.1" 200 26
190.171.142.10 - - [04/Apr/2023:11:32:55 -0300] "GET /cormun/servlet/solicitudotadjuntos?1fc4b2b9123f9ca6fdc8a0dc41e58abf530c5dc3bdc65819797862db10ceb9a5,gx-no-cache=1680617852519 HTTP/1.1" 200 30
190.171.142.10 - - [04/Apr/2023:11:32:55 -0300] "GET /cormun/servlet/solicitudotadjuntos?1fc4b2b9123f9ca6fdc8a0dc41e58abf530c5dc3bdc65819797862db10ceb9a5,gx-no-cache=1680617852673 HTTP/1.1" 200 30
190.171.142.10 - - [04/Apr/2023:11:33:22 -0300] "POST /cormun/servlet/solicitudotadjuntos?c3f0933682f67cf84b4e8b273d8a9c47,INS,2023,19928,,1, HTTP/1.1" 200 116
190.171.142.10 - - [04/Apr/2023:11:33:22 -0300] "GET /cormun/servlet/hpexe_return? HTTP/1.1" 200 1027
190.171.142.10 - - [04/Apr/2023:11:33:23 -0300] "GET /cormun/servlet/trsolicitudadjuntos?2023,19928, HTTP/1.1" 200 9907
190.171.142.10 - - [04/Apr/2023:11:33:23 -0300] "GET /cormun/servlet/trsolicitudadjuntos?2023,19928, HTTP/1.1" 200 9904
190.171.142.10 - - [04/Apr/2023:11:33:27 -0300] "GET /cormun/servlet/solicitudotadjuntos?INS,2023,19928,,1, HTTP/1.1" 200 6224
190.171.142.10 - - [04/Apr/2023:11:33:28 -0300] "GET /cormun/static/about:blank HTTP/1.1" 404 1011
190.171.142.10 - - [04/Apr/2023:11:33:28 -0300] "GET /cormun/servlet/solicitudotadjuntos?INS,2023,19928,,1, HTTP/1.1" 200 6218
190.171.142.10 - - [04/Apr/2023:11:33:28 -0300] "GET /cormun/servlet/solicitudotadjuntos?1fc4b2b9123f9ca6fdc8a0dc41e58abfb171e95868d38890019293a61809eca18a2257490ee3339821ba994c0acb770e,gx-no-cache=1680617885629 HTTP/1.1" 200 30
190.171.142.10 - - [04/Apr/2023:11:33:29 -0300] "POST /cormun/servlet/solicitudotadjuntos?c3f0933682f67cf84b4e8b273d8a9c47,INS,2023,19928,,1,,gx-no-cache=1680617885751 HTTP/1.1" 200 4146
190.171.142.10 - - [04/Apr/2023:11:33:32 -0300] "POST /cormun/servlet/solicitudotadjuntos?gx-no-cache=1680617888691 HTTP/1.1" 200 26
192.168.10.96 - - [04/Apr/2023:11:33:49 -0300] "POST /cormun/servlet/trsolicitudgral?e6700a34cc5b34b348d1ada4ba0e08a0,,gx-no-cache=1680617895248 HTTP/1.1" 440 972
192.168.10.96 - - [04/Apr/2023:11:33:51 -0300] "GET /cormun/servlet/trsolicitudgral? HTTP/1.1" 500 10
192.168.10.17 - - [04/Apr/2023:11:34:10 -0300] "GET /cormun/servlet/trsolicitudgral? HTTP/1.1" 200 9702
192.168.10.17 - - [04/Apr/2023:11:34:10 -0300] "GET /cormun/servlet/trsolicitudgral? HTTP/1.1" 200 9702
190.171.142.10 - - [04/Apr/2023:11:34:11 -0300] "POST /cormun/servlet/solicitudotadjuntos?gx-no-cache=1680617928416 HTTP/1.1" 200 26
190.171.142.10 - - [04/Apr/2023:11:34:15 -0300] "GET /cormun/servlet/solicitudotadjuntos?1fc4b2b9123f9ca6fdc8a0dc41e58abf530c5dc3bdc65819797862db10ceb9a5,gx-no-cache=1680617932543 HTTP/1.1" 200 30
190.171.142.10 - - [04/Apr/2023:11:34:15 -0300] "GET /cormun/servlet/solicitudotadjuntos?1fc4b2b9123f9ca6fdc8a0dc41e58abf530c5dc3bdc65819797862db10ceb9a5,gx-no-cache=1680617932560 HTTP/1.1" 200 30
190.171.142.10 - - [04/Apr/2023:11:34:15 -0300] "POST /cormun/servlet/solicitudotadjuntos?c3f0933682f67cf84b4e8b273d8a9c47,INS,2023,19928,,1, HTTP/1.1" 200 116
190.171.142.10 - - [04/Apr/2023:11:34:15 -0300] "GET /cormun/servlet/hpexe_return? HTTP/1.1" 200 1027
192.168.10.17 - - [04/Apr/2023:11:34:16 -0300] "GET /cormun/servlet/trsolicitudgral? HTTP/1.1" 200 9702
190.171.142.10 - - [04/Apr/2023:11:34:16 -0300] "GET /cormun/servlet/trsolicitudadjuntos?2023,19928, HTTP/1.1" 200 10205
192.168.10.17 - - [04/Apr/2023:11:34:16 -0300] "GET /cormun/servlet/trsolicitudgral? HTTP/1.1" 200 9702
190.171.142.10 - - [04/Apr/2023:11:34:17 -0300] "GET /cormun/servlet/trsolicitudadjuntos?2023,19928, HTTP/1.1" 200 10203
192.168.10.17 - - [04/Apr/2023:11:34:34 -0300] "POST /cormun/servlet/trsolicitudgral?52ce2fb449b3c7bba58d931b10e31f35,,gx-no-cache=1680617936964 HTTP/1.1" 200 25774
192.168.10.17 - - [04/Apr/2023:11:34:44 -0300] "POST /cormun/servlet/trsolicitudgral?52ce2fb449b3c7bba58d931b10e31f35,,gx-no-cache=1680617950866 HTTP/1.1" 200 11804
190.171.142.10 - - [04/Apr/2023:11:34:52 -0300] "GET /cormun/servlet/solicitudotadjuntos?DLT,2023,19928,CERTIF3,0, HTTP/1.1" 200 6106
190.171.142.10 - - [04/Apr/2023:11:34:53 -0300] "GET /cormun/static/about:blank HTTP/1.1" 404 1011
190.171.142.10 - - [04/Apr/2023:11:34:53 -0300] "GET /cormun/static/Shared/jqueryui/images/ui-bg_highlight-soft_100_c6c2c8_1x100.png HTTP/1.1" 404 1117
190.171.142.10 - - [04/Apr/2023:11:34:53 -0300] "GET /cormun/static/Shared/jqueryui/images/ui-icons_82798d_256x240.png HTTP/1.1" 404 1089
190.171.142.10 - - [04/Apr/2023:11:34:53 -0300] "GET /cormun/static/Shared/jqueryui/images/ui-bg_flat_55_fafafa_40x100.png HTTP/1.1" 404 1097
190.171.142.10 - - [04/Apr/2023:11:34:53 -0300] "GET /cormun/static/Shared/jqueryui/images/ui-icons_8d78a5_256x240.png HTTP/1.1" 404 1089
190.171.142.10 - - [04/Apr/2023:11:34:53 -0300] "GET /cormun/servlet/solicitudotadjuntos?DLT,2023,19928,CERTIF3,0, HTTP/1.1" 200 6099
190.171.142.10 - - [04/Apr/2023:11:34:55 -0300] "POST /cormun/servlet/solicitudotadjuntos?c3f0933682f67cf84b4e8b273d8a9c47,DLT,2023,19928,CERTIF3,0,,gx-no-cache=1680617971945 HTTP/1.1" 200 93
190.171.142.10 - - [04/Apr/2023:11:34:55 -0300] "GET /cormun/servlet/hpexe_return? HTTP/1.1" 200 1033
190.171.142.10 - - [04/Apr/2023:11:34:55 -0300] "GET /cormun/servlet/trsolicitudadjuntos?2023,19928, HTTP/1.1" 200 9950
190.171.142.10 - - [04/Apr/2023:11:34:56 -0300] "GET /cormun/servlet/trsolicitudadjuntos?2023,19928, HTTP/1.1" 200 9945
190.171.142.10 - - [04/Apr/2023:11:34:58 -0300] "GET /cormun/servlet/solicitudotadjuntos?INS,2023,19928,,1, HTTP/1.1" 200 6223
190.171.142.10 - - [04/Apr/2023:11:34:58 -0300] "GET /cormun/static/about:blank HTTP/1.1" 404 1011
190.171.142.10 - - [04/Apr/2023:11:34:58 -0300] "GET /cormun/servlet/solicitudotadjuntos?INS,2023,19928,,1, HTTP/1.1" 200 6217
190.171.142.10 - - [04/Apr/2023:11:34:59 -0300] "GET /cormun/servlet/solicitudotadjuntos?1fc4b2b9123f9ca6fdc8a0dc41e58abfb171e95868d38890019293a61809eca18a2257490ee3339821ba994c0acb770e,gx-no-cache=1680617976092 HTTP/1.1" 200 30
190.171.142.10 - - [04/Apr/2023:11:34:59 -0300] "POST /cormun/servlet/solicitudotadjuntos?c3f0933682f67cf84b4e8b273d8a9c47,INS,2023,19928,,1,,gx-no-cache=1680617976117 HTTP/1.1" 200 4145
190.171.142.10 - - [04/Apr/2023:11:35:01 -0300] "POST /cormun/servlet/solicitudotadjuntos?gx-no-cache=1680617978903 HTTP/1.1" 200 26
190.171.142.10 - - [04/Apr/2023:11:35:07 -0300] "GET /cormun/servlet/solicitudotadjuntos?1fc4b2b9123f9ca6fdc8a0dc41e58abf530c5dc3bdc65819797862db10ceb9a5,gx-no-cache=1680617984663 HTTP/1.1" 200 30
190.171.142.10 - - [04/Apr/2023:11:35:07 -0300] "GET /cormun/servlet/solicitudotadjuntos?1fc4b2b9123f9ca6fdc8a0dc41e58abf530c5dc3bdc65819797862db10ceb9a5,gx-no-cache=1680617984681 HTTP/1.1" 200 30
190.171.142.10 - - [04/Apr/2023:11:35:07 -0300] "POST /cormun/servlet/solicitudotadjuntos?c3f0933682f67cf84b4e8b273d8a9c47,INS,2023,19928,,1, HTTP/1.1" 200 116
190.171.142.10 - - [04/Apr/2023:11:35:07 -0300] "GET /cormun/servlet/hpexe_return? HTTP/1.1" 200 1027
190.171.142.10 - - [04/Apr/2023:11:35:08 -0300] "GET /cormun/servlet/trsolicitudadjuntos?2023,19928, HTTP/1.1" 200 10230
190.171.142.10 - - [04/Apr/2023:11:35:08 -0300] "GET /cormun/servlet/trsolicitudadjuntos?2023,19928, HTTP/1.1" 200 10227
190.171.149.74 - - [04/Apr/2023:11:36:39 -0300] "GET /cormun/servlet/hlogin HTTP/1.1" 200 1727
181.212.43.89 - - [04/Apr/2023:11:37:43 -0300] "GET /cormun/servlet/hlogin HTTP/1.1" 200 1719
181.212.43.89 - - [04/Apr/2023:11:37:43 -0300] "GET /cormun/servlet/hlogin HTTP/1.1" 200 1729
181.212.43.89 - - [04/Apr/2023:11:37:48 -0300] "POST /cormun/servlet/hlogin?c41eb9fabe71308044c6820da8302a81,gx-no-cache=1680618139387 HTTP/1.1" 200 90
181.212.43.89 - - [04/Apr/2023:11:37:48 -0300] "GET /cormun/servlet/hpexe_link HTTP/1.1" 200 948
181.212.43.89 - - [04/Apr/2023:11:37:48 -0300] "GET /cormun/servlet/hhome HTTP/1.1" 200 4007
181.212.43.89 - - [04/Apr/2023:11:37:49 -0300] "GET /cormun/servlet/hhome HTTP/1.1" 200 4003
181.212.43.89 - - [04/Apr/2023:11:38:10 -0300] "GET /cormun/servlet/trpermisosgoce? HTTP/1.1" 200 8060
181.212.43.89 - - [04/Apr/2023:11:38:10 -0300] "GET /cormun/servlet/trpermisosgoce? HTTP/1.1" 200 8058
181.212.43.89 - - [04/Apr/2023:11:38:12 -0300] "GET /cormun/servlet/permisogoce?INS,0,,, HTTP/1.1" 200 6874
181.212.43.89 - - [04/Apr/2023:11:38:12 -0300] "GET /cormun/static/gxcfg.js?20201215124560 HTTP/1.1" 200 953
181.212.43.89 - - [04/Apr/2023:11:38:12 -0300] "GET /cormun/static/permisogoce.js?20201215124939 HTTP/1.1" 200 27790
181.212.43.89 - - [04/Apr/2023:11:38:13 -0300] "GET /cormun/servlet/permisogoce?INS,0,,, HTTP/1.1" 200 6873
181.212.43.89 - - [04/Apr/2023:11:38:17 -0300] "GET /cormun/servlet/permisogoce?9cc93b58f9631c25338e3b10a597bc794f2f590721445681d178478ded6b705e0a2709d02ba9464d4a46d3cb6cc1fc6d3b5c3b1ab79f979e4319124ff8ceddd6,gx-no-cache=1680618168551 HTTP/1.1" 200 84
190.171.142.10 - - [04/Apr/2023:11:38:27 -0300] "GET /cormun/servlet/solicitudotadjuntos?INS,2023,19928,,1, HTTP/1.1" 200 6225
190.171.142.10 - - [04/Apr/2023:11:38:27 -0300] "GET /cormun/static/about:blank HTTP/1.1" 404 1011
190.171.142.10 - - [04/Apr/2023:11:38:27 -0300] "GET /cormun/servlet/solicitudotadjuntos?INS,2023,19928,,1, HTTP/1.1" 200 6218
190.171.142.10 - - [04/Apr/2023:11:38:28 -0300] "GET /cormun/servlet/solicitudotadjuntos?1fc4b2b9123f9ca6fdc8a0dc41e58abfb171e95868d38890019293a61809eca18a2257490ee3339821ba994c0acb770e,gx-no-cache=1680618184965 HTTP/1.1" 200 30
190.171.142.10 - - [04/Apr/2023:11:38:28 -0300] "POST /cormun/servlet/solicitudotadjuntos?c3f0933682f67cf84b4e8b273d8a9c47,INS,2023,19928,,1,,gx-no-cache=1680618185078 HTTP/1.1" 200 4146
190.95.120.64 - - [04/Apr/2023:11:38:39 -0300] "GET /cormun/servlet/hlogin HTTP/1.1" 200 1720
190.95.120.64 - - [04/Apr/2023:11:38:39 -0300] "GET /cormun/static/gxtimezone.js?85251 HTTP/1.1" 200 5781
190.95.120.64 - - [04/Apr/2023:11:38:39 -0300] "GET /cormun/static/gxcfg.js?2022112219184450 HTTP/1.1" 200 953
190.95.120.64 - - [04/Apr/2023:11:38:39 -0300] "GET /cormun/static/hlogin.js?2022112219184458 HTTP/1.1" 200 2156
190.95.120.64 - - [04/Apr/2023:11:38:40 -0300] "GET /cormun/static/messages.spa.js?85251 HTTP/1.1" 200 30736
190.95.120.64 - - [04/Apr/2023:11:38:40 -0300] "GET /cormun/static/Resources/Spanish/PXTools.css?1759030 HTTP/1.1" 200 100853
190.171.142.10 - - [04/Apr/2023:11:38:41 -0300] "POST /cormun/servlet/solicitudotadjuntos?gx-no-cache=1680618198853 HTTP/1.1" 200 26
190.95.120.64 - - [04/Apr/2023:11:38:42 -0300] "GET /cormun/static/Resources/CormunLogin.png HTTP/1.1" 200 19132
190.171.142.10 - - [04/Apr/2023:11:38:46 -0300] "GET /cormun/servlet/solicitudotadjuntos?1fc4b2b9123f9ca6fdc8a0dc41e58abf530c5dc3bdc65819797862db10ceb9a5,gx-no-cache=1680618203191 HTTP/1.1" 200 30
190.171.142.10 - - [04/Apr/2023:11:38:46 -0300] "GET /cormun/servlet/solicitudotadjuntos?1fc4b2b9123f9ca6fdc8a0dc41e58abf530c5dc3bdc65819797862db10ceb9a5,gx-no-cache=1680618203398 HTTP/1.1" 200 30
190.171.142.10 - - [04/Apr/2023:11:38:53 -0300] "POST /cormun/servlet/solicitudotadjuntos?c3f0933682f67cf84b4e8b273d8a9c47,INS,2023,19928,,1, HTTP/1.1" 200 116
190.171.142.10 - - [04/Apr/2023:11:38:53 -0300] "GET /cormun/servlet/hpexe_return? HTTP/1.1" 200 1027
190.171.142.10 - - [04/Apr/2023:11:38:54 -0300] "GET /cormun/servlet/trsolicitudadjuntos?2023,19928, HTTP/1.1" 200 10403
190.171.142.10 - - [04/Apr/2023:11:38:55 -0300] "GET /cormun/servlet/trsolicitudadjuntos?2023,19928, HTTP/1.1" 200 10401
190.171.142.10 - - [04/Apr/2023:11:39:06 -0300] "GET /cormun/servlet/trsolicitudot? HTTP/1.1" 200 9575
190.171.142.10 - - [04/Apr/2023:11:39:07 -0300] "GET /cormun/servlet/trsolicitudot? HTTP/1.1" 200 9568
190.95.120.64 - - [04/Apr/2023:11:39:14 -0300] "GET /cormun/static/gxgral.js?85251 HTTP/1.1" 200 384558
190.95.120.64 - - [04/Apr/2023:11:39:15 -0300] "GET /cormun/static/Resources/indicator.gif HTTP/1.1" 200 1553
190.95.120.64 - - [04/Apr/2023:11:39:15 -0300] "GET /cormun/servlet/hlogin HTTP/1.1" 200 1731
190.95.120.64 - - [04/Apr/2023:11:39:15 -0300] "GET /cormun/static/Resources/indicator.gif HTTP/1.1" 200 1553
190.95.120.64 - - [04/Apr/2023:11:39:15 -0300] "GET /cormun/static/Resources/PXToolsButtonRight.png HTTP/1.1" 200 1294
190.95.120.64 - - [04/Apr/2023:11:39:15 -0300] "GET /cormun/static/Resources/PXToolsLoginTop.png HTTP/1.1" 200 1337
190.95.120.64 - - [04/Apr/2023:11:39:15 -0300] "GET /cormun/static/Resources/PXToolsLoginBackground.png HTTP/1.1" 200 1164
190.95.120.64 - - [04/Apr/2023:11:39:15 -0300] "GET /cormun/static/Resources/PXToolsLoginBottom.png HTTP/1.1" 200 1389
190.95.120.64 - - [04/Apr/2023:11:39:16 -0300] "GET /cormun/static/Resources/PXToolsButtonBackground.png HTTP/1.1" 200 1176
190.95.120.64 - - [04/Apr/2023:11:39:16 -0300] "GET /cormun/static/Resources/PXToolsButtonLeft.png HTTP/1.1" 200 1310
190.95.120.64 - - [04/Apr/2023:11:39:17 -0300] "GET /favicon.ico HTTP/1.1" 200 21630
190.95.120.64 - - [04/Apr/2023:11:39:19 -0300] "POST /cormun/servlet/hlogin?f294324b0bf2dd2b15acf864314d8a82,gx-no-cache=1680618234685 HTTP/1.1" 200 446
190.171.142.10 - - [04/Apr/2023:11:39:20 -0300] "GET /cormun/servlet/trsolicitudot? HTTP/1.1" 200 9568
190.171.142.10 - - [04/Apr/2023:11:39:21 -0300] "GET /cormun/servlet/trsolicitudot? HTTP/1.1" 200 9568
190.171.142.10 - - [04/Apr/2023:11:39:22 -0300] "GET /cormun/servlet/trautorizarsolicitud? HTTP/1.1" 200 7292
190.171.142.10 - - [04/Apr/2023:11:39:23 -0300] "GET /cormun/servlet/trautorizarsolicitud? HTTP/1.1" 200 7292
190.171.142.10 - - [04/Apr/2023:11:39:26 -0300] "GET /cormun/servlet/trsolicitudot? HTTP/1.1" 200 9569
190.171.142.10 - - [04/Apr/2023:11:39:27 -0300] "GET /cormun/servlet/trsolicitudot? HTTP/1.1" 200 9568
190.171.142.10 - - [04/Apr/2023:11:39:35 -0300] "POST /cormun/servlet/trsolicitudot?c3f0933682f67cf84b4e8b273d8a9c47,,gx-no-cache=1680618248864 HTTP/1.1" 200 111
190.171.142.10 - - [04/Apr/2023:11:39:37 -0300] "GET /cormun/servlet/solicitudot?UPD,2023,19929,false, HTTP/1.1" 200 16649
190.171.142.10 - - [04/Apr/2023:11:39:38 -0300] "GET /cormun/servlet/solicitudot?UPD,2023,19929,false, HTTP/1.1" 200 16660
190.171.142.10 - - [04/Apr/2023:11:39:39 -0300] "POST /cormun/servlet/solicitudot?gx-no-cache=1680618255269 HTTP/1.1" 200 4037
190.171.142.10 - - [04/Apr/2023:11:39:41 -0300] "POST /cormun/servlet/solicitudot?c3f0933682f67cf84b4e8b273d8a9c47,UPD,2023,19929,false,,gx-no-cache=1680618256418 HTTP/1.1" 200 12937
190.171.142.10 - - [04/Apr/2023:11:39:41 -0300] "GET /cormun/servlet/solicitudot?1fc4b2b9123f9ca6fdc8a0dc41e58abfbcf2beb442708e6a89cc8e394a005a2cd21e8f4398ffe5741a55e8a2b8fbc74c,gx-no-cache=1680618258629 HTTP/1.1" 200 30
190.171.142.10 - - [04/Apr/2023:11:39:41 -0300] "GET /cormun/servlet/solicitudot?1fc4b2b9123f9ca6fdc8a0dc41e58abf45c950c0d38fd34885507c96b41d26df4955419e8eb57535eca14de9c1f97c1a563216488cc1ba0134f8db660929b9f0,gx-no-cache=1680618258709 HTTP/1.1" 200 30
190.171.142.10 - - [04/Apr/2023:11:39:41 -0300] "GET /cormun/servlet/solicitudot?1fc4b2b9123f9ca6fdc8a0dc41e58abf6ff6fd0c6b7b9f8acb408e40b9a6270cf081e258c87553f9c64225f5071491d6118aaa97bd91983e4165b4e7de891569,gx-no-cache=1680618258750 HTTP/1.1" 200 53
190.171.142.10 - - [04/Apr/2023:11:39:41 -0300] "POST /cormun/servlet/solicitudot?gx-no-cache=1680618258815 HTTP/1.1" 200 297
190.171.142.10 - - [04/Apr/2023:11:39:42 -0300] "GET /cormun/servlet/solicitudot?1fc4b2b9123f9ca6fdc8a0dc41e58abff9bd78859451f7a78ac19cbad3872762fcd2cccd7ce58eadcecba548d11fb14ef6853b72735b5f2a32bcd511d4e4f18a21ac4250c09ed9870eafa7ed24b590583a1f319ebacb6af15575575f20779e8afd822c9c0128b5b62caa9ffe86045a590c58fdfa1c9ba2743027f9f4bd82d4151bcfde7d451d45e5b2698b2e9023ac27ce2debc79dadc1fb691748ba94be27c63e3bfe8d1435228c7d2d2c829c329d1c6c05b32ffad50344095c02cc119d7c97bc1c2a672a5017ad733aaf8c7f269ccc802574300be5db4e055c4de5b0b26075476a7f9bf6fcb2e6f9e47887968483900f14d00189373c82d50f7ac6e25d125840d8c47a70c8f2b452413ab8958bcdc2af557c1c7906b8b1d30dd146a76aad9a127b9225045dd32a185b652888c0847414eabb1f002747a39dbd3b0162e6bfc6377611b846ad417e78bf70d575238ff43a3a37b0957b8ca40506396e0cd20b9273477807e1b16599229a00c0e9077e2e66c3190f2cdff2c9e2b7e5097f485a015ea072f81a6a6433c9a1338fbecb5467,gx-no-cache=1680618258908 HTTP/1.1" 200 30
190.171.142.10 - - [04/Apr/2023:11:39:42 -0300] "POST /cormun/servlet/solicitudot?gx-no-cache=1680618259194 HTTP/1.1" 200 30
190.171.142.10 - - [04/Apr/2023:11:39:42 -0300] "POST /cormun/servlet/solicitudot?gx-no-cache=1680618259332 HTTP/1.1" 200 1469
190.171.142.10 - - [04/Apr/2023:11:39:42 -0300] "POST /cormun/servlet/solicitudot?gx-no-cache=1680618259462 HTTP/1.1" 200 41
190.171.142.10 - - [04/Apr/2023:11:39:45 -0300] "GET /cormun/servlet/trsolicitudot? HTTP/1.1" 200 9578
190.171.142.10 - - [04/Apr/2023:11:39:46 -0300] "GET /cormun/servlet/trsolicitudot? HTTP/1.1" 200 9568
190.171.142.10 - - [04/Apr/2023:11:39:50 -0300] "POST /cormun/servlet/trsolicitudot?c3f0933682f67cf84b4e8b273d8a9c47,,gx-no-cache=1680618265251 HTTP/1.1" 200 106
190.171.142.10 - - [04/Apr/2023:11:39:50 -0300] "GET /cormun/servlet/trsolicitudadjuntos?2023,19929, HTTP/1.1" 200 10374
190.171.142.10 - - [04/Apr/2023:11:39:51 -0300] "GET /cormun/servlet/trsolicitudadjuntos?2023,19929, HTTP/1.1" 200 10375
190.171.142.10 - - [04/Apr/2023:11:39:55 -0300] "GET /cormun/PublicTempStorage/yaritza_pe%F1aloza_fotos_carnet8121230.pdf HTTP/1.1" 200 400053
190.171.142.10 - - [04/Apr/2023:11:40:01 -0300] "GET /cormun/PublicTempStorage/yaritza_pe%F1aloza_titulo9000424.pdf HTTP/1.1" 200 197388
190.171.142.10 - - [04/Apr/2023:11:40:15 -0300] "GET /cormun/PublicTempStorage/yaritza_pe%F1aloza_afp3975509.pdf HTTP/1.1" 200 187698
190.171.142.10 - - [04/Apr/2023:11:40:25 -0300] "GET /cormun/PublicTempStorage/yaritza_pe%F1aloza_salud8518559.pdf HTTP/1.1" 200 178976
190.171.142.10 - - [04/Apr/2023:11:40:31 -0300] "GET /cormun/PublicTempStorage/yaritza_pe%F1aloza_antecedentes8146749.pdf HTTP/1.1" 200 272735
190.171.142.10 - - [04/Apr/2023:11:40:39 -0300] "GET /cormun/PublicTempStorage/yaritza_pe%F1aloza_curriculum_vitae8218710.pdf HTTP/1.1" 200 365653
192.168.10.17 - - [04/Apr/2023:11:40:49 -0300] "POST /cormun/servlet/trsolicitudgral?52ce2fb449b3c7bba58d931b10e31f35,,gx-no-cache=1680618312715 HTTP/1.1" 200 25773
190.171.142.10 - - [04/Apr/2023:11:40:56 -0300] "GET /cormun/servlet/trsolicitudot? HTTP/1.1" 200 9575
192.168.10.17 - - [04/Apr/2023:11:40:56 -0300] "POST /cormun/servlet/trsolicitudgral?52ce2fb449b3c7bba58d931b10e31f35,,gx-no-cache=1680618322900 HTTP/1.1" 200 7194
190.171.142.10 - - [04/Apr/2023:11:40:56 -0300] "GET /cormun/servlet/trsolicitudot? HTTP/1.1" 200 9568
192.168.10.17 - - [04/Apr/2023:11:40:59 -0300] "GET /cormun/servlet/vesolicitudgral?2023,19889,, HTTP/1.1" 200 8399
192.168.10.17 - - [04/Apr/2023:11:40:59 -0300] "GET /cormun/pexe_scrolldiv.js HTTP/1.1" 404 1009
192.168.10.17 - - [04/Apr/2023:11:40:59 -0300] "GET /cormun/servlet/vesolicitudgral?2023,19889,, HTTP/1.1" 200 8399
190.171.142.10 - - [04/Apr/2023:11:41:06 -0300] "POST /cormun/servlet/trsolicitudot?c3f0933682f67cf84b4e8b273d8a9c47,,gx-no-cache=1680618339961 HTTP/1.1" 200 106
190.171.142.10 - - [04/Apr/2023:11:41:06 -0300] "GET /cormun/servlet/trsolicitudadjuntos?2023,19928, HTTP/1.1" 200 10400
190.171.142.10 - - [04/Apr/2023:11:41:07 -0300] "GET /cormun/servlet/trsolicitudadjuntos?2023,19928, HTTP/1.1" 200 10398
190.171.142.10 - - [04/Apr/2023:11:41:10 -0300] "GET /cormun/PublicTempStorage/maximiliano_nu%F1ez_foto_carnet9035229.pdf HTTP/1.1" 200 232425
190.171.142.10 - - [04/Apr/2023:11:41:17 -0300] "GET /cormun/PublicTempStorage/maximiliano_nu%F1ez_titulo2076435.pdf HTTP/1.1" 200 397126
190.171.142.10 - - [04/Apr/2023:11:41:26 -0300] "GET /cormun/PublicTempStorage/maximiliano_nu%F1ez_fonasa6170755.pdf HTTP/1.1" 200 178742
190.171.142.10 - - [04/Apr/2023:11:41:32 -0300] "GET /cormun/PublicTempStorage/maximiliano_nu%F1ez_afp5939529.pdf HTTP/1.1" 200 154676
190.171.142.10 - - [04/Apr/2023:11:41:39 -0300] "GET /cormun/PublicTempStorage/maximiliano_nu%F1ez_antecedentes3970765.pdf HTTP/1.1" 200 268284
190.171.142.10 - - [04/Apr/2023:11:41:50 -0300] "GET /cormun/PublicTempStorage/maximiliano_nu%F1ez_curriculum_vitae2073031.pdf HTTP/1.1" 200 211048
190.171.142.10 - - [04/Apr/2023:11:42:03 -0300] "GET /cormun/servlet/trsolicitudot? HTTP/1.1" 200 9575
190.171.142.10 - - [04/Apr/2023:11:42:03 -0300] "GET /cormun/servlet/trsolicitudot? HTTP/1.1" 200 9568
190.171.142.10 - - [04/Apr/2023:11:42:06 -0300] "POST /cormun/servlet/trsolicitudot?c3f0933682f67cf84b4e8b273d8a9c47,,gx-no-cache=1680618403209 HTTP/1.1" 200 106
190.171.142.10 - - [04/Apr/2023:11:42:06 -0300] "GET /cormun/servlet/trsolicitudadjuntos?2023,19914, HTTP/1.1" 200 10373
190.171.142.10 - - [04/Apr/2023:11:42:07 -0300] "GET /cormun/servlet/trsolicitudadjuntos?2023,19914, HTTP/1.1" 200 10377
190.171.142.10 - - [04/Apr/2023:11:42:09 -0300] "GET /cormun/PublicTempStorage/sandra_delgadillo_fotos_carnet476827.pdf HTTP/1.1" 200 278558
190.171.142.10 - - [04/Apr/2023:11:42:17 -0300] "GET /cormun/PublicTempStorage/sandra_delgadillo_titulo1687617.pdf HTTP/1.1" 200 186410
190.171.142.10 - - [04/Apr/2023:11:42:24 -0300] "GET /cormun/PublicTempStorage/sandra_delgadillo_afp2134579.pdf HTTP/1.1" 200 180651
190.171.142.10 - - [04/Apr/2023:11:42:30 -0300] "GET /cormun/PublicTempStorage/sandra_delgadillo_salud6664585.pdf HTTP/1.1" 200 198130
190.171.142.10 - - [04/Apr/2023:11:42:35 -0300] "GET /cormun/PublicTempStorage/sandra_delgadillo_antecedentes9011770.pdf HTTP/1.1" 200 555798
190.171.142.10 - - [04/Apr/2023:11:42:48 -0300] "GET /cormun/PublicTempStorage/sandra_delgadillo_curriculum_vitae6272154.pdf HTTP/1.1" 200 319730
190.171.142.10 - - [04/Apr/2023:11:42:58 -0300] "GET /cormun/servlet/trsolicitudot? HTTP/1.1" 200 9575
190.171.142.10 - - [04/Apr/2023:11:42:59 -0300] "GET /cormun/servlet/trsolicitudot? HTTP/1.1" 200 9568
192.168.10.17 - - [04/Apr/2023:11:43:07 -0300] "GET /cormun/servlet/trsolicitudgral? HTTP/1.1" 200 10244
192.168.10.17 - - [04/Apr/2023:11:43:07 -0300] "GET /cormun/servlet/trsolicitudgral? HTTP/1.1" 200 10243
192.168.10.17 - - [04/Apr/2023:11:43:17 -0300] "POST /cormun/servlet/trsolicitudgral?52ce2fb449b3c7bba58d931b10e31f35,,gx-no-cache=1680618463103 HTTP/1.1" 200 11811
190.171.142.10 - - [04/Apr/2023:11:43:21 -0300] "POST /cormun/servlet/trsolicitudot?c3f0933682f67cf84b4e8b273d8a9c47,,gx-no-cache=1680618477264 HTTP/1.1" 200 6391
190.171.142.10 - - [04/Apr/2023:11:43:21 -0300] "GET /cormun/static/Shared/jqueryui/images/ui-bg_highlight-soft_100_c6c2c8_1x100.png HTTP/1.1" 404 1117
190.171.142.10 - - [04/Apr/2023:11:43:21 -0300] "GET /cormun/static/Shared/jqueryui/images/ui-bg_flat_55_fafafa_40x100.png HTTP/1.1" 404 1097
190.171.142.10 - - [04/Apr/2023:11:43:21 -0300] "GET /cormun/static/Shared/jqueryui/images/ui-icons_82798d_256x240.png HTTP/1.1" 404 1089
190.171.142.10 - - [04/Apr/2023:11:43:21 -0300] "GET /cormun/static/Shared/jqueryui/images/ui-icons_8d78a5_256x240.png HTTP/1.1" 404 1089
190.171.142.10 - - [04/Apr/2023:11:43:24 -0300] "POST /cormun/servlet/trsolicitudot?c3f0933682f67cf84b4e8b273d8a9c47,,gx-no-cache=1680618478116 HTTP/1.1" 200 6332
181.212.43.89 - - [04/Apr/2023:11:43:25 -0300] "POST /cormun/servlet/permisogoce?c41eb9fabe71308044c6820da8302a81,INS,0,,,,gx-no-cache=1680618476599 HTTP/1.1" 200 4504
181.212.43.89 - - [04/Apr/2023:11:43:25 -0300] "GET /cormun/static/Shared/jqueryui/images/ui-bg_highlight-soft_100_c6c2c8_1x100.png HTTP/1.1" 404 1117
181.212.43.89 - - [04/Apr/2023:11:43:26 -0300] "GET /cormun/static/Shared/jqueryui/images/ui-icons_82798d_256x240.png HTTP/1.1" 404 1089
181.212.43.89 - - [04/Apr/2023:11:43:26 -0300] "GET /cormun/static/Shared/jqueryui/images/ui-icons_ebccce_256x240.png HTTP/1.1" 404 1089
181.212.43.89 - - [04/Apr/2023:11:43:26 -0300] "GET /cormun/static/Shared/jqueryui/images/ui-bg_flat_55_994d53_40x100.png HTTP/1.1" 404 1097
192.168.10.17 - - [04/Apr/2023:11:43:29 -0300] "GET /cormun/servlet/hlogin HTTP/1.1" 200 1721
190.171.142.10 - - [04/Apr/2023:11:43:32 -0300] "POST /cormun/servlet/trsolicitudot?c3f0933682f67cf84b4e8b273d8a9c47,,gx-no-cache=1680618487509 HTTP/1.1" 200 5894
190.171.142.10 - - [04/Apr/2023:11:43:33 -0300] "POST /cormun/servlet/trsolicitudot?c3f0933682f67cf84b4e8b273d8a9c47,,gx-no-cache=1680618489450 HTTP/1.1" 200 5835
181.212.43.89 - - [04/Apr/2023:11:43:35 -0300] "GET /cormun/servlet/trlicencias? HTTP/1.1" 200 11649
181.212.43.89 - - [04/Apr/2023:11:43:35 -0300] "GET /cormun/servlet/trlicencias? HTTP/1.1" 200 11639
190.171.142.10 - - [04/Apr/2023:11:43:39 -0300] "POST /cormun/servlet/trsolicitudot?c3f0933682f67cf84b4e8b273d8a9c47,,gx-no-cache=1680618492647 HTTP/1.1" 200 4629
190.171.142.10 - - [04/Apr/2023:11:43:40 -0300] "POST /cormun/servlet/trsolicitudot?c3f0933682f67cf84b4e8b273d8a9c47,,gx-no-cache=1680618496166 HTTP/1.1" 200 4361
190.171.142.10 - - [04/Apr/2023:11:43:43 -0300] "GET /cormun/servlet/trautorizarsolicitud? HTTP/1.1" 200 9598
190.171.142.10 - - [04/Apr/2023:11:43:43 -0300] "GET /cormun/servlet/trautorizarsolicitud? HTTP/1.1" 200 9598
192.168.10.96 - - [04/Apr/2023:11:43:54 -0300] "GET /cormun/servlet/hlogin HTTP/1.1" 200 1716
190.171.142.10 - - [04/Apr/2023:11:44:01 -0300] "POST /cormun/servlet/trautorizarsolicitud?c3f0933682f67cf84b4e8b273d8a9c47,,gx-no-cache=1680618518013 HTTP/1.1" 200 6525
190.171.142.10 - - [04/Apr/2023:11:44:02 -0300] "POST /cormun/servlet/trautorizarsolicitud?c3f0933682f67cf84b4e8b273d8a9c47,,gx-no-cache=1680618518640 HTTP/1.1" 200 6470
190.171.142.10 - - [04/Apr/2023:11:44:07 -0300] "POST /cormun/servlet/trautorizarsolicitud?c3f0933682f67cf84b4e8b273d8a9c47,,gx-no-cache=1680618524378 HTTP/1.1" 200 6023
190.171.142.10 - - [04/Apr/2023:11:44:08 -0300] "POST /cormun/servlet/trautorizarsolicitud?c3f0933682f67cf84b4e8b273d8a9c47,,gx-no-cache=1680618525077 HTTP/1.1" 200 5966
190.171.142.10 - - [04/Apr/2023:11:44:09 -0300] "POST /cormun/servlet/trautorizarsolicitud?c3f0933682f67cf84b4e8b273d8a9c47,,gx-no-cache=1680618526367 HTTP/1.1" 200 4813
190.171.142.10 - - [04/Apr/2023:11:44:11 -0300] "POST /cormun/servlet/trautorizarsolicitud?c3f0933682f67cf84b4e8b273d8a9c47,,gx-no-cache=1680618526726 HTTP/1.1" 200 4543
192.168.10.96 - - [04/Apr/2023:11:44:24 -0300] "POST /cormun/servlet/hlogin?0129b1a6aef26a7d52d837158f5c02d3,gx-no-cache=1680618530458 HTTP/1.1" 200 90
192.168.10.96 - - [04/Apr/2023:11:44:24 -0300] "GET /cormun/servlet/hpexe_link HTTP/1.1" 200 947
192.168.10.96 - - [04/Apr/2023:11:44:24 -0300] "GET /cormun/servlet/hhome HTTP/1.1" 200 3790
192.168.10.96 - - [04/Apr/2023:11:44:24 -0300] "GET /cormun/servlet/hhome HTTP/1.1" 200 3787
192.168.10.17 - - [04/Apr/2023:11:44:31 -0300] "POST /cormun/servlet/hlogin?52ce2fb449b3c7bba58d931b10e31f35,gx-no-cache=1680618537940 HTTP/1.1" 200 90
192.168.10.17 - - [04/Apr/2023:11:44:31 -0300] "GET /cormun/servlet/hpexe_link HTTP/1.1" 200 958
192.168.10.17 - - [04/Apr/2023:11:44:32 -0300] "GET /cormun/servlet/trsolicitudgral? HTTP/1.1" 200 14998
192.168.10.17 - - [04/Apr/2023:11:44:32 -0300] "GET /cormun/servlet/trsolicitudgral? HTTP/1.1" 200 14997
192.168.10.96 - - [04/Apr/2023:11:44:58 -0300] "GET /cormun/servlet/trsolicitudgral? HTTP/1.1" 200 28260
192.168.10.96 - - [04/Apr/2023:11:44:59 -0300] "GET /cormun/servlet/trsolicitudgral? HTTP/1.1" 200 28259
192.168.10.96 - - [04/Apr/2023:11:46:38 -0300] "GET /cormun/servlet/vesolicitudgral?2023,19929,, HTTP/1.1" 200 8358
192.168.10.96 - - [04/Apr/2023:11:46:38 -0300] "GET /cormun/pexe_scrolldiv.js HTTP/1.1" 404 1009
192.168.10.96 - - [04/Apr/2023:11:46:38 -0300] "GET /cormun/servlet/vesolicitudgral?2023,19929,, HTTP/1.1" 200 8358
192.168.10.96 - - [04/Apr/2023:11:46:41 -0300] "POST /cormun/servlet/vesolicitudgral?0129b1a6aef26a7d52d837158f5c02d3,2023,19929,,,gx-no-cache=1680618667752 HTTP/1.1" 200 12154
192.168.10.96 - - [04/Apr/2023:11:46:41 -0300] "GET /cormun/static/Shared/jqueryui/images/ui-icons_82798d_256x240.png HTTP/1.1" 404 1089
192.168.10.96 - - [04/Apr/2023:11:46:41 -0300] "GET /cormun/static/Shared/jqueryui/images/ui-bg_highlight-soft_100_c6c2c8_1x100.png HTTP/1.1" 404 1117
192.168.10.96 - - [04/Apr/2023:11:46:41 -0300] "GET /cormun/static/Shared/jqueryui/images/ui-bg_flat_55_fafafa_40x100.png HTTP/1.1" 404 1097
192.168.10.96 - - [04/Apr/2023:11:46:41 -0300] "GET /cormun/static/Shared/jqueryui/images/ui-icons_8d78a5_256x240.png HTTP/1.1" 404 1089
192.168.10.96 - - [04/Apr/2023:11:46:41 -0300] "POST /cormun/servlet/vesolicitudgral?0129b1a6aef26a7d52d837158f5c02d3,2023,19929,,,gx-no-cache=1680618667988 HTTP/1.1" 200 12087
192.168.10.96 - - [04/Apr/2023:11:46:50 -0300] "GET /cormun/servlet/trsolicitudgral? HTTP/1.1" 200 28341
192.168.10.96 - - [04/Apr/2023:11:46:51 -0300] "GET /cormun/servlet/trsolicitudgral? HTTP/1.1" 200 28337
192.168.10.96 - - [04/Apr/2023:11:48:02 -0300] "POST /cormun/servlet/trsolicitudgral?0129b1a6aef26a7d52d837158f5c02d3,,gx-no-cache=1680618748596 HTTP/1.1" 200 5272
192.168.10.96 - - [04/Apr/2023:11:48:15 -0300] "POST /cormun/servlet/trsolicitudgral?0129b1a6aef26a7d52d837158f5c02d3,,gx-no-cache=1680618761203 HTTP/1.1" 200 5262
192.168.10.17 - - [04/Apr/2023:11:48:22 -0300] "GET /cormun/servlet/vesolicitudgral?2023,19920,, HTTP/1.1" 200 8353
192.168.10.17 - - [04/Apr/2023:11:48:22 -0300] "GET /cormun/pexe_scrolldiv.js HTTP/1.1" 404 1009
192.168.10.17 - - [04/Apr/2023:11:48:22 -0300] "GET /cormun/servlet/vesolicitudgral?2023,19920,, HTTP/1.1" 200 8352
192.168.10.96 - - [04/Apr/2023:11:48:26 -0300] "POST /cormun/servlet/trsolicitudgral?0129b1a6aef26a7d52d837158f5c02d3,,gx-no-cache=1680618772884 HTTP/1.1" 200 5263
192.168.10.96 - - [04/Apr/2023:11:48:27 -0300] "POST /cormun/servlet/trsolicitudgral?0129b1a6aef26a7d52d837158f5c02d3,,gx-no-cache=1680618773680 HTTP/1.1" 200 5261
192.168.10.96 - - [04/Apr/2023:11:48:47 -0300] "POST /cormun/servlet/trsolicitudgral?0129b1a6aef26a7d52d837158f5c02d3,,gx-no-cache=1680618794009 HTTP/1.1" 200 5267
192.168.10.96 - - [04/Apr/2023:11:49:01 -0300] "POST /cormun/servlet/trsolicitudgral?0129b1a6aef26a7d52d837158f5c02d3,,gx-no-cache=1680618807937 HTTP/1.1" 200 6684
192.168.10.96 - - [04/Apr/2023:11:49:13 -0300] "GET /cormun/servlet/vesolicitudgral?2023,19928,, HTTP/1.1" 200 8382
192.168.10.96 - - [04/Apr/2023:11:49:13 -0300] "GET /cormun/pexe_scrolldiv.js HTTP/1.1" 404 1009
192.168.10.96 - - [04/Apr/2023:11:49:13 -0300] "GET /cormun/servlet/vesolicitudgral?2023,19928,, HTTP/1.1" 200 8381
