190.171.142.10 - - [04/Apr/2023:09:34:31 -0300] "GET /cormun/servlet/solicitudot?4bf72aa8991b973c803eb9e1e403461683141543e48fbc301e62a4f4926df169,gx-no-cache=1680610747188 HTTP/1.1" 200 53
190.171.142.10 - - [04/Apr/2023:09:34:51 -0300] "POST /cormun/servlet/solicitudot?gx-no-cache=1680610767450 HTTP/1.1" 200 255
190.171.142.10 - - [04/Apr/2023:09:34:54 -0300] "GET /cormun/servlet/solicitudot?4bf72aa8991b973c803eb9e1e40346169a8c63669f9c7d59deb76e1e1868524e3f44e6cda76f3e73aece51e5737c70e5206a50dac8788c4445a61520794f72547e1731c6fd00251d69ebeeb9ab785ee2365da7709b65b5804b6555b1d0bfc6f4f37ceb8eac155f436cffae3a65ce9d7a3db77a062b230a3832f50f379970eb5f6fedff4c32648d8f8fc2ed290cab11e0ea00cbf0487dd66aefb84f6382f4c7c4e6a0f13da1790204eba2a3b4fd83aee3218770f97cf77abf47083dbbe600a7524d7d9827f97fff93be1691d094b39ec614f807a394a582c86c588295994385a2096dfbf4f4b6dac86dec1164636cfdc479e47cbfc867aa25ab3ae3236b83b7da1f175c24098ce4ee006325e3e72feeaa5f11b519343054455169df9cf4b9eae2f6afa6452682a8ed2e7ade63308d7d9e64dd6465230fcbe4698fbb26ea8dad9b4183c47f6c65276e09ae1613c4474ada176c30f6b4550177e643b8e65576e35abd2f8ba101e76ad9daedbcdd1e08bbcac98c03f535dbba670ab26d140d055f28,gx-no-cache=1680610769594 HTTP/1.1" 200 30
186.103.157.98 - - [04/Apr/2023:09:34:56 -0300] "POST /cormun/servlet/solicitudot?gx-no-cache=1680610773209 HTTP/1.1" 200 3953
186.103.157.98 - - [04/Apr/2023:09:34:56 -0300] "POST /cormun/servlet/solicitudot?7a6076e8f1bd70054b6025a92156c47d,INS,0,0,false,,gx-no-cache=1680610773379 HTTP/1.1" 200 12787
186.103.157.98 - - [04/Apr/2023:09:35:00 -0300] "GET /cormun/servlet/solicitudot?83a17209aa747a8022f2ee28d543ffc7b45f589d775ba1d17b81a03e75dc9006d4692168c2540742b4bcd8d045a7d7a7,gx-no-cache=1680610777556 HTTP/1.1" 200 111
186.103.157.98 - - [04/Apr/2023:09:35:01 -0300] "GET /cormun/static/Shared/jqueryui/images/ui-bg_highlight-soft_100_c6c2c8_1x100.png HTTP/1.1" 404 1117
186.103.157.98 - - [04/Apr/2023:09:35:01 -0300] "GET /cormun/static/Shared/jqueryui/images/ui-icons_82798d_256x240.png HTTP/1.1" 404 1089
186.103.157.98 - - [04/Apr/2023:09:35:01 -0300] "GET /cormun/static/Shared/jqueryui/images/ui-bg_flat_55_994d53_40x100.png HTTP/1.1" 404 1097
186.103.157.98 - - [04/Apr/2023:09:35:01 -0300] "GET /cormun/static/Shared/jqueryui/images/ui-icons_ebccce_256x240.png HTTP/1.1" 404 1089
190.171.142.10 - - [04/Apr/2023:09:36:34 -0300] "POST /cormun/servlet/solicitudot?gx-no-cache=1680610869916 HTTP/1.1" 200 30
190.171.142.10 - - [04/Apr/2023:09:36:50 -0300] "GET /cormun/servlet/prfichaempleado?,MD,,gxPopupLevel%3D0%3B HTTP/1.1" 200 9188
186.103.157.98 - - [04/Apr/2023:09:37:51 -0300] "GET /cormun/servlet/prbanco?,MD,,gxPopupLevel%3D0%3B HTTP/1.1" 200 6565
186.103.157.98 - - [04/Apr/2023:09:37:54 -0300] "GET /cormun/servlet/solicitudot?83a17209aa747a8022f2ee28d543ffc741fcae5c88a754a004ce3710d07c8f67d0ffec416470e7aef47b1a182e4ddd52f039abc0bb0768d24253f371f0de06ac,gx-no-cache=1680610951047 HTTP/1.1" 200 30
186.103.157.98 - - [04/Apr/2023:09:37:55 -0300] "GET /cormun/servlet/solicitudot?83a17209aa747a8022f2ee28d543ffc7f6650a2132b9c64be62f3f0d992ad554,gx-no-cache=1680610952049 HTTP/1.1" 200 53
186.103.157.98 - - [04/Apr/2023:09:38:18 -0300] "POST /cormun/servlet/solicitudot?gx-no-cache=1680610975410 HTTP/1.1" 200 240
186.103.157.98 - - [04/Apr/2023:09:38:44 -0300] "GET /cormun/servlet/solicitudot?83a17209aa747a8022f2ee28d543ffc785baed87c397d1a155f46b631be30008f3cd75ea26783c6d6f4fea9cc1e05b744c20a5f6e3e82197527af473448b264c854d079629736fb8b705ca9cc413156f7bb601c9bbd82a5e446ef43b00e6fa6ac63fa824f7944e63d55bd42edaab664484f25980f8779bdd4edfa0574b2deea34817b264cbaa5b3ab98515b598344a31109c572521860bb257d9d9be300b31d441ccd1ce7dc66eae61334c527bffe85cd786ba7eb0e0cc00d516470ef4830650574920fb3e3d2a251d695a86abbaf3c73a3691bdc5b5ba82d80c976e87adc3142670009c2252bb3e74311b9c82713cddbd280e051955d7db2e503a3513b436729d43728f7c4279460fb0eed990df30e27f74370408d760ecd5fe291e1fbf46fd09c02913516fa20f05418671c24021ceee8cd29417f0d83ba174bb57e718b485d80654a25884c90ebf67ff5ec604b08e1ae864e9c5b7db883d0488f2781e308f667ee517dfca06a72edaa78e309a61ca7b7e09bf10e440e848364499514f821c,gx-no-cache=1680611001316 HTTP/1.1" 200 30
186.103.157.98 - - [04/Apr/2023:09:38:48 -0300] "POST /cormun/servlet/solicitudot?gx-no-cache=1680611005293 HTTP/1.1" 200 30
186.103.157.98 - - [04/Apr/2023:09:38:53 -0300] "GET /cormun/servlet/prfichaempleado?,MD,,gxPopupLevel%3D0%3B HTTP/1.1" 200 9306
186.103.157.98 - - [04/Apr/2023:09:39:03 -0300] "POST /cormun/servlet/prfichaempleado?7a6076e8f1bd70054b6025a92156c47d,,MD,,gxPopupLevel%3D0%3B,gx-no-cache=1680611020363 HTTP/1.1" 200 3419
186.103.157.98 - - [04/Apr/2023:09:39:12 -0300] "GET /cormun/servlet/solicitudot?INS,0,0,false, HTTP/1.1" 200 16129
186.103.157.98 - - [04/Apr/2023:09:39:13 -0300] "GET /cormun/servlet/solicitudot?INS,0,0,false, HTTP/1.1" 200 16129
190.171.153.34 - - [04/Apr/2023:09:40:07 -0300] "GET /cormun/servlet/hlogin HTTP/1.1" 200 1718
190.171.153.34 - - [04/Apr/2023:09:40:21 -0300] "POST /cormun/servlet/hlogin?438092678d70937a1c03eb090717f23c,gx-no-cache=1680611096840 HTTP/1.1" 200 90
190.171.153.34 - - [04/Apr/2023:09:40:21 -0300] "GET /cormun/servlet/hpexe_link HTTP/1.1" 200 950
190.171.153.34 - - [04/Apr/2023:09:40:21 -0300] "GET /cormun/servlet/hhome HTTP/1.1" 200 4344
190.171.153.34 - - [04/Apr/2023:09:40:21 -0300] "GET /cormun/servlet/hhome HTTP/1.1" 200 4341
190.171.142.42 - - [04/Apr/2023:09:40:23 -0300] "POST /cormun/servlet/trlicencias?f060f304548532d017be72f07f85f9d1,,gx-no-cache=1680611098360 HTTP/1.1" 200 10887
190.171.153.34 - - [04/Apr/2023:09:40:25 -0300] "GET /cormun/servlet/trpermisosgoce? HTTP/1.1" 200 9783
190.171.153.34 - - [04/Apr/2023:09:40:25 -0300] "GET /cormun/servlet/trpermisosgoce? HTTP/1.1" 200 9781
190.171.153.34 - - [04/Apr/2023:09:40:28 -0300] "GET /cormun/servlet/permisogoce?INS,0,,, HTTP/1.1" 200 7237
190.171.153.34 - - [04/Apr/2023:09:40:29 -0300] "GET /cormun/servlet/permisogoce?INS,0,,, HTTP/1.1" 200 7236
190.171.153.34 - - [04/Apr/2023:09:40:38 -0300] "GET /cormun/servlet/permisogoce?4900e8b7f7e449162bdc3923eb98de98b508551e31af1a6b84927ec9b88fb417682c808f5c61f23354f44d44b9309e560d7ca9d7b954caca392ee2e4df974b3c,gx-no-cache=1680611114583 HTTP/1.1" 200 78
190.171.153.34 - - [04/Apr/2023:09:40:52 -0300] "GET /cormun/servlet/permisogoce?4900e8b7f7e449162bdc3923eb98de9873dc8f0429f0e572a51cac004eb58f811420ca7c1b85e1e227667a172664c58b18945d739f1df4c63e1e59547c74ffcc,gx-no-cache=1680611128253 HTTP/1.1" 200 46
190.171.153.34 - - [04/Apr/2023:09:40:56 -0300] "POST /cormun/servlet/permisogoce?438092678d70937a1c03eb090717f23c,INS,0,,,,gx-no-cache=1680611130963 HTTP/1.1" 200 93
190.171.153.34 - - [04/Apr/2023:09:40:56 -0300] "GET /cormun/servlet/hpexe_return? HTTP/1.1" 200 1008
190.171.153.34 - - [04/Apr/2023:09:40:56 -0300] "GET /cormun/servlet/trpermisosgoce HTTP/1.1" 200 10004
190.171.153.34 - - [04/Apr/2023:09:40:57 -0300] "GET /cormun/servlet/trpermisosgoce HTTP/1.1" 200 9999
190.171.153.34 - - [04/Apr/2023:09:41:01 -0300] "GET /cormun/servlet/apermisogoceprn?14204502,P,20230404082454,PU HTTP/1.1" 200 1646
186.103.157.98 - - [04/Apr/2023:09:41:35 -0300] "GET /cormun/servlet/trlicencias? HTTP/1.1" 200 9684
186.103.157.98 - - [04/Apr/2023:09:41:35 -0300] "GET /cormun/static/gxcfg.js?202211298463625 HTTP/1.1" 200 953
186.103.157.98 - - [04/Apr/2023:09:41:35 -0300] "GET /cormun/static/trlicencias.js?202211298463889 HTTP/1.1" 200 41883
186.103.157.98 - - [04/Apr/2023:09:41:35 -0300] "GET /cormun/servlet/trlicencias? HTTP/1.1" 200 9675
186.103.157.98 - - [04/Apr/2023:09:41:46 -0300] "POST /cormun/servlet/solicitudot?gx-no-cache=1680611183527 HTTP/1.1" 200 1468
186.103.157.98 - - [04/Apr/2023:09:41:47 -0300] "GET /cormun/static/menuarrow.gif HTTP/1.1" 404 1015
186.103.157.98 - - [04/Apr/2023:09:42:01 -0300] "GET /cormun/servlet/prlicenciaspermisos?12395945,L,,MD,,gxPopupLevel%3D0%3B HTTP/1.1" 200 6681
186.103.157.98 - - [04/Apr/2023:09:42:01 -0300] "GET /cormun/static/gxcfg.js?2020121559567 HTTP/1.1" 200 953
186.103.157.98 - - [04/Apr/2023:09:42:01 -0300] "GET /cormun/static/prlicenciaspermisos.js?2020121559821 HTTP/1.1" 200 13379
186.103.157.98 - - [04/Apr/2023:09:42:09 -0300] "POST /cormun/servlet/solicitudot?gx-no-cache=1680611205680 HTTP/1.1" 200 41
192.168.10.17 - - [04/Apr/2023:09:42:22 -0300] "GET /cormun/servlet/vesolicitudgral?2023,19839,, HTTP/1.1" 200 8350
192.168.10.17 - - [04/Apr/2023:09:42:22 -0300] "GET /cormun/pexe_scrolldiv.js HTTP/1.1" 404 1009
192.168.10.17 - - [04/Apr/2023:09:42:23 -0300] "GET /cormun/servlet/vesolicitudgral?2023,19839,, HTTP/1.1" 200 8347
192.168.10.17 - - [04/Apr/2023:09:42:23 -0300] "GET /cormun/pexe_scrolldiv.js HTTP/1.1" 404 1009
192.168.10.17 - - [04/Apr/2023:09:42:23 -0300] "GET /cormun/servlet/vesolicitudgral?2023,19839,, HTTP/1.1" 200 8347
192.168.10.17 - - [04/Apr/2023:09:42:23 -0300] "GET /cormun/servlet/vesolicitudgral?2023,19839,, HTTP/1.1" 200 8347
192.168.10.17 - - [04/Apr/2023:09:42:24 -0300] "POST /cormun/servlet/vesolicitudgral?52ce2fb449b3c7bba58d931b10e31f35,2023,19839,,,gx-no-cache=1680611210298 HTTP/1.1" 200 12183
192.168.10.17 - - [04/Apr/2023:09:42:24 -0300] "GET /cormun/static/Shared/jqueryui/images/ui-bg_highlight-soft_100_c6c2c8_1x100.png HTTP/1.1" 404 1117
192.168.10.17 - - [04/Apr/2023:09:42:24 -0300] "GET /cormun/static/Shared/jqueryui/images/ui-icons_82798d_256x240.png HTTP/1.1" 404 1089
192.168.10.17 - - [04/Apr/2023:09:42:24 -0300] "GET /cormun/static/Shared/jqueryui/images/ui-bg_flat_55_fafafa_40x100.png HTTP/1.1" 404 1097
192.168.10.17 - - [04/Apr/2023:09:42:24 -0300] "GET /cormun/static/Shared/jqueryui/images/ui-icons_8d78a5_256x240.png HTTP/1.1" 404 1089
192.168.10.17 - - [04/Apr/2023:09:42:24 -0300] "POST /cormun/servlet/vesolicitudgral?52ce2fb449b3c7bba58d931b10e31f35,2023,19839,,,gx-no-cache=1680611210519 HTTP/1.1" 200 12116
192.168.10.17 - - [04/Apr/2023:09:42:27 -0300] "GET /cormun/servlet/trsolicitudgral? HTTP/1.1" 200 28099
192.168.10.17 - - [04/Apr/2023:09:42:27 -0300] "GET /cormun/servlet/trsolicitudgral? HTTP/1.1" 200 28094
186.103.157.98 - - [04/Apr/2023:09:42:51 -0300] "GET /cormun/servlet/solicitudot?83a17209aa747a8022f2ee28d543ffc7ecceae1db4fe6e9721fe2004059bf30dc59822f893c2abe67d1fc4e57e208c6d7f82dbf0e9b3f694e4fae737285912bac6057543aaa4541deb0f982a05a60295303dd1b9191af539bee4860a552deb6b1338c482a2062647dadf80e568a93c6f,gx-no-cache=1680611248389 HTTP/1.1" 200 110
186.103.157.98 - - [04/Apr/2023:09:42:51 -0300] "POST /cormun/servlet/solicitudot?gx-no-cache=1680611248448 HTTP/1.1" 200 97
186.103.157.98 - - [04/Apr/2023:09:42:57 -0300] "GET /cormun/servlet/solicitudot?83a17209aa747a8022f2ee28d543ffc78a8a190ef8b7c1175fc36aa22a2f337b589ed82a1f7444938d0efc80ff3354f9cc091245128c1e9018e036f785dcb1e27fc330882105371b87d119b13ec415a5b50280f184d85fb289d3675f0b41ab2e58779b21213bbaf1e14fa3f762583fbc,gx-no-cache=1680611254213 HTTP/1.1" 200 29
186.103.157.98 - - [04/Apr/2023:09:43:01 -0300] "GET /cormun/servlet/solicitudot?83a17209aa747a8022f2ee28d543ffc7b3890dd8c6bdc77fa69c02a329e119a88e8243fa0bd8004c9e2217b4862fdb32,gx-no-cache=1680611258400 HTTP/1.1" 200 30
186.103.157.98 - - [04/Apr/2023:09:43:01 -0300] "POST /cormun/servlet/solicitudot?gx-no-cache=1680611258427 HTTP/1.1" 200 34
186.103.157.98 - - [04/Apr/2023:09:43:14 -0300] "POST /cormun/servlet/solicitudot?7a6076e8f1bd70054b6025a92156c47d,INS,0,0,false,,gx-no-cache=1680611270468 HTTP/1.1" 200 13196
186.103.157.98 - - [04/Apr/2023:09:43:17 -0300] "POST /cormun/servlet/solicitudot?7a6076e8f1bd70054b6025a92156c47d,INS,0,0,false,,gx-no-cache=1680611273931 HTTP/1.1" 200 13269
186.103.157.98 - - [04/Apr/2023:09:43:46 -0300] "POST /cormun/servlet/solicitudot?gx-no-cache=1680611302742 HTTP/1.1" 200 4211
186.103.157.98 - - [04/Apr/2023:09:43:46 -0300] "GET /cormun/servlet/solicitudot?83a17209aa747a8022f2ee28d543ffc763e639e2a08ce1ade398be917446b6f6d4692168c2540742b4bcd8d045a7d7a7,gx-no-cache=1680611302871 HTTP/1.1" 200 30
186.103.157.98 - - [04/Apr/2023:09:43:46 -0300] "GET /cormun/servlet/solicitudot?83a17209aa747a8022f2ee28d543ffc785baed87c397d1a155f46b631be30008f3cd75ea26783c6d6f4fea9cc1e05b744c20a5f6e3e82197527af473448b264c854d079629736fb8b705ca9cc413156f7bb601c9bbd82a5e446ef43b00e6fa6ac63fa824f7944e63d55bd42edaab664484f25980f8779bdd4edfa0574b2deea34817b264cbaa5b3ab98515b598344a31109c572521860bb257d9d9be300b31d441ccd1ce7dc66eae61334c527bffe85cd786ba7eb0e0cc00d516470ef4830650574920fb3e3d2a251d695a86abbaf3c73a3691bdc5b5ba82d80c976e87adc3142670009c2252bb3e74311b9c82713cddbd280e051955d7db2e503a3513b436729d43728f7c4279460fb0eed990df30e27f74370408d760ecd5fe291e1fbf46fd09c02913516fa20f05418671c24021ceee8cd29417f0d83ba174bb57e718b485d80654a25884c90ebf67ff5ec604b08e1ae864e9c5b7db883d0488f2781e308f667ee517dfca06a72edaa78e309a61cafdd6e70481a32efee214816d72d2a0bd,gx-no-cache=1680611302905 HTTP/1.1" 200 30
186.103.157.98 - - [04/Apr/2023:09:43:46 -0300] "POST /cormun/servlet/solicitudot?gx-no-cache=1680611302933 HTTP/1.1" 200 30
186.103.157.98 - - [04/Apr/2023:09:43:46 -0300] "POST /cormun/servlet/solicitudot?gx-no-cache=1680611302968 HTTP/1.1" 200 1468
186.103.157.98 - - [04/Apr/2023:09:43:46 -0300] "POST /cormun/servlet/solicitudot?gx-no-cache=1680611303056 HTTP/1.1" 200 41
186.103.157.98 - - [04/Apr/2023:09:43:46 -0300] "GET /cormun/servlet/solicitudot?83a17209aa747a8022f2ee28d543ffc7ecceae1db4fe6e9721fe2004059bf30dc59822f893c2abe67d1fc4e57e208c6d7f82dbf0e9b3f694e4fae737285912bac6057543aaa4541deb0f982a05a60295303dd1b9191af539bee4860a552deb6b1338c482a2062647dadf80e568a93c6f,gx-no-cache=1680611303087 HTTP/1.1" 200 110
186.103.157.98 - - [04/Apr/2023:09:43:46 -0300] "POST /cormun/servlet/solicitudot?gx-no-cache=1680611303118 HTTP/1.1" 200 97
186.103.157.98 - - [04/Apr/2023:09:43:46 -0300] "GET /cormun/servlet/solicitudot?83a17209aa747a8022f2ee28d543ffc7b3890dd8c6bdc77fa69c02a329e119a88e8243fa0bd8004c9e2217b4862fdb32,gx-no-cache=1680611303154 HTTP/1.1" 200 30
186.103.157.98 - - [04/Apr/2023:09:43:46 -0300] "POST /cormun/servlet/solicitudot?gx-no-cache=1680611303181 HTTP/1.1" 200 34
186.103.157.98 - - [04/Apr/2023:09:43:46 -0300] "POST /cormun/servlet/solicitudot?7a6076e8f1bd70054b6025a92156c47d,INS,0,0,false,,gx-no-cache=1680611303213 HTTP/1.1" 200 13470
192.168.10.17 - - [04/Apr/2023:09:44:14 -0300] "GET /cormun/servlet/vesolicitudgral?2023,19853,, HTTP/1.1" 200 8367
192.168.10.17 - - [04/Apr/2023:09:44:14 -0300] "GET /cormun/pexe_scrolldiv.js HTTP/1.1" 404 1009
192.168.10.17 - - [04/Apr/2023:09:44:14 -0300] "GET /cormun/servlet/vesolicitudgral?2023,19853,, HTTP/1.1" 200 8366
192.168.10.17 - - [04/Apr/2023:09:44:15 -0300] "POST /cormun/servlet/vesolicitudgral?52ce2fb449b3c7bba58d931b10e31f35,2023,19853,,,gx-no-cache=1680611322063 HTTP/1.1" 200 12161
192.168.10.17 - - [04/Apr/2023:09:44:16 -0300] "POST /cormun/servlet/vesolicitudgral?52ce2fb449b3c7bba58d931b10e31f35,2023,19853,,,gx-no-cache=1680611322288 HTTP/1.1" 200 12095
192.168.10.17 - - [04/Apr/2023:09:44:18 -0300] "GET /cormun/servlet/trsolicitudgral? HTTP/1.1" 200 28144
192.168.10.17 - - [04/Apr/2023:09:44:19 -0300] "GET /cormun/servlet/trsolicitudgral? HTTP/1.1" 200 28139
190.171.142.10 - - [04/Apr/2023:09:44:39 -0300] "GET /cormun/servlet/prfichaempleado?,MD,,gxPopupLevel%3D0%3B HTTP/1.1" 200 9188
186.103.157.98 - - [04/Apr/2023:09:44:42 -0300] "POST /cormun/servlet/solicitudot?gx-no-cache=1680611358663 HTTP/1.1" 200 4211
205.210.31.39 - - [04/Apr/2023:09:44:48 -0300] "GET / HTTP/1.0" 200 11197
190.171.142.10 - - [04/Apr/2023:09:45:22 -0300] "POST /cormun/servlet/prfichaempleado?6f4e7a9c3aeb6a062b249211b199a611,,MD,,gxPopupLevel%3D0%3B,gx-no-cache=1680611397518 HTTP/1.1" 200 3398
190.171.142.10 - - [04/Apr/2023:09:45:53 -0300] "POST /cormun/servlet/solicitudot?gx-no-cache=1680611428983 HTTP/1.1" 200 1606
190.171.142.10 - - [04/Apr/2023:09:45:59 -0300] "GET /cormun/servlet/prfichaempleado?,MD,,gxPopupLevel%3D0%3B HTTP/1.1" 200 9188
186.103.157.98 - - [04/Apr/2023:09:46:04 -0300] "GET /cormun/servlet/hlogin HTTP/1.1" 200 1746
190.171.142.10 - - [04/Apr/2023:09:46:16 -0300] "POST /cormun/servlet/prfichaempleado?6f4e7a9c3aeb6a062b249211b199a611,,MD,,gxPopupLevel%3D0%3B,gx-no-cache=1680611451746 HTTP/1.1" 200 3398
190.171.142.10 - - [04/Apr/2023:09:46:21 -0300] "POST /cormun/servlet/solicitudot?gx-no-cache=1680611457189 HTTP/1.1" 200 1469
190.171.142.10 - - [04/Apr/2023:09:46:21 -0300] "GET /cormun/static/menuarrow.gif HTTP/1.1" 404 1015
190.171.142.10 - - [04/Apr/2023:09:46:31 -0300] "POST /cormun/servlet/solicitudot?gx-no-cache=1680611466964 HTTP/1.1" 200 41
190.171.142.10 - - [04/Apr/2023:09:46:54 -0300] "GET /cormun/servlet/solicitudot?4bf72aa8991b973c803eb9e1e4034616713d0fb65bbe15ebd0b5b9194cd687b17cbe0fb3a1996f2405b25b7f491651a83846361c93c5082c5014643031dc65db94043e2b9f3c5e0024659d55fa74de11a3c898ec2c76c4871162a1533c431608445f79ecb59b25286d0d7ad410cb66d9,gx-no-cache=1680611490218 HTTP/1.1" 200 110
190.171.142.10 - - [04/Apr/2023:09:47:20 -0300] "POST /cormun/servlet/solicitudot?gx-no-cache=1680611515669 HTTP/1.1" 200 97
190.171.142.10 - - [04/Apr/2023:09:47:33 -0300] "GET /cormun/servlet/solicitudot?4bf72aa8991b973c803eb9e1e4034616f828fd54a76e7f9c22d104e5e970d2bd59293d0132f2f815b25d59853958ee2af834736a7083280e6126194c92f2a2f533413a91dff2df904e53371dcddb9c9cc3451e5340a6cbf452b6d5afcd003d64629570a7ddbe345aae09294f9f417651,gx-no-cache=1680611528693 HTTP/1.1" 200 29
190.171.142.10 - - [04/Apr/2023:09:47:42 -0300] "GET /cormun/servlet/solicitudot?4bf72aa8991b973c803eb9e1e4034616515b9fcb43ff652bab15c3e42566c48c631df3f2c5934a554faa79ab687215ca,gx-no-cache=1680611537600 HTTP/1.1" 200 30
190.171.142.10 - - [04/Apr/2023:09:48:15 -0300] "POST /cormun/servlet/solicitudot?gx-no-cache=1680611571012 HTTP/1.1" 200 135
200.54.237.82 - - [04/Apr/2023:09:48:32 -0300] "GET /cormun/servlet/hlogin HTTP/1.1" 200 1716
200.54.237.82 - - [04/Apr/2023:09:48:37 -0300] "POST /cormun/servlet/hlogin?deafb138c14bf53901dc5bba3123dd4c,gx-no-cache=1680611590470 HTTP/1.1" 200 90
200.54.237.82 - - [04/Apr/2023:09:48:37 -0300] "GET /cormun/servlet/hpexe_link HTTP/1.1" 200 947
200.54.237.82 - - [04/Apr/2023:09:48:37 -0300] "GET /cormun/servlet/hhome HTTP/1.1" 200 4327
200.54.237.82 - - [04/Apr/2023:09:48:38 -0300] "GET /cormun/servlet/hhome HTTP/1.1" 200 4323
200.54.237.82 - - [04/Apr/2023:09:48:41 -0300] "GET /cormun/servlet/trcontratounov2? HTTP/1.1" 200 17411
200.54.237.82 - - [04/Apr/2023:09:48:42 -0300] "GET /cormun/servlet/trcontratounov2? HTTP/1.1" 200 17415
190.171.142.10 - - [04/Apr/2023:09:49:21 -0300] "GET /cormun/servlet/solicitudot?INS,0,0,false, HTTP/1.1" 200 15850
190.171.142.10 - - [04/Apr/2023:09:49:22 -0300] "GET /cormun/servlet/solicitudot?INS,0,0,false, HTTP/1.1" 200 15857
190.171.154.42 - - [04/Apr/2023:09:49:31 -0300] "GET /cormun/servlet/trpermisosgoce? HTTP/1.1" 200 8356
190.171.154.42 - - [04/Apr/2023:09:49:31 -0300] "GET /cormun/servlet/trpermisosgoce? HTTP/1.1" 200 8357
190.171.154.42 - - [04/Apr/2023:09:49:37 -0300] "GET /cormun/servlet/permisogoce?INS,0,,, HTTP/1.1" 200 7129
190.171.154.42 - - [04/Apr/2023:09:49:38 -0300] "GET /cormun/servlet/permisogoce?INS,0,,, HTTP/1.1" 200 7129
190.171.142.10 - - [04/Apr/2023:09:50:12 -0300] "POST /cormun/servlet/solicitudot?gx-no-cache=1680611688223 HTTP/1.1" 200 3953
190.171.142.10 - - [04/Apr/2023:09:50:13 -0300] "POST /cormun/servlet/solicitudot?6f4e7a9c3aeb6a062b249211b199a611,INS,0,0,false,,gx-no-cache=1680611688387 HTTP/1.1" 200 12519
190.171.142.10 - - [04/Apr/2023:09:50:17 -0300] "GET /cormun/servlet/prfichaempleado?,MD,,gxPopupLevel%3D0%3B HTTP/1.1" 200 9188
190.171.142.10 - - [04/Apr/2023:09:50:32 -0300] "POST /cormun/servlet/prfichaempleado?6f4e7a9c3aeb6a062b249211b199a611,,MD,,gxPopupLevel%3D0%3B,gx-no-cache=1680611708367 HTTP/1.1" 200 3171
190.171.142.10 - - [04/Apr/2023:09:50:43 -0300] "GET /cormun/servlet/solicitudot?4bf72aa8991b973c803eb9e1e4034616b3312328dc7a8064787ee8c72f2fba11a7f20d6e309b3a49500c1ecbf3781809,gx-no-cache=1680611718689 HTTP/1.1" 200 30
200.54.237.82 - - [04/Apr/2023:09:50:52 -0300] "GET /cormun/servlet/trlicencias? HTTP/1.1" 200 9026
200.54.237.82 - - [04/Apr/2023:09:50:52 -0300] "GET /cormun/servlet/trlicencias? HTTP/1.1" 200 9025
200.54.237.82 - - [04/Apr/2023:09:51:29 -0300] "GET /cormun/servlet/licenciaspermisos?DSP,19264352,L,20230331000000, HTTP/1.1" 200 7444
200.54.237.82 - - [04/Apr/2023:09:51:29 -0300] "GET /cormun/static/gxcfg.js?202012153173 HTTP/1.1" 200 953
200.54.237.82 - - [04/Apr/2023:09:51:29 -0300] "GET /cormun/static/licenciaspermisos.js?2020121532136 HTTP/1.1" 200 38753
200.54.237.82 - - [04/Apr/2023:09:51:29 -0300] "GET /cormun/servlet/licenciaspermisos?DSP,19264352,L,20230331000000, HTTP/1.1" 200 7441
200.54.237.82 - - [04/Apr/2023:09:51:56 -0300] "POST /cormun/servlet/licenciaspermisos?deafb138c14bf53901dc5bba3123dd4c,DSP,19264352,L,20230331000000,,gx-no-cache=1680611789113 HTTP/1.1" 200 93
200.54.237.82 - - [04/Apr/2023:09:51:56 -0300] "GET /cormun/servlet/hpexe_return? HTTP/1.1" 200 1024
200.54.237.82 - - [04/Apr/2023:09:51:56 -0300] "GET /cormun/servlet/trlicencias HTTP/1.1" 200 9030
200.54.237.82 - - [04/Apr/2023:09:51:56 -0300] "GET /cormun/servlet/trlicencias HTTP/1.1" 200 9025
200.54.237.82 - - [04/Apr/2023:09:51:59 -0300] "GET /cormun/servlet/licenciaspermisos?DSP,8759140,L,20230329000000, HTTP/1.1" 200 7463
200.54.237.82 - - [04/Apr/2023:09:51:59 -0300] "GET /cormun/servlet/licenciaspermisos?DSP,8759140,L,20230329000000, HTTP/1.1" 200 7461
200.54.237.82 - - [04/Apr/2023:09:52:05 -0300] "POST /cormun/servlet/licenciaspermisos?deafb138c14bf53901dc5bba3123dd4c,DSP,8759140,L,20230329000000,,gx-no-cache=1680611798945 HTTP/1.1" 200 93
200.54.237.82 - - [04/Apr/2023:09:52:05 -0300] "GET /cormun/servlet/hpexe_return? HTTP/1.1" 200 1024
200.54.237.82 - - [04/Apr/2023:09:52:05 -0300] "GET /cormun/servlet/trlicencias HTTP/1.1" 200 9030
200.54.237.82 - - [04/Apr/2023:09:52:06 -0300] "GET /cormun/servlet/trlicencias HTTP/1.1" 200 9025
200.54.237.82 - - [04/Apr/2023:09:52:08 -0300] "GET /cormun/servlet/licenciaspermisos?DSP,18798773,L,20230322000000, HTTP/1.1" 200 7441
200.54.237.82 - - [04/Apr/2023:09:52:08 -0300] "GET /cormun/servlet/licenciaspermisos?DSP,18798773,L,20230322000000, HTTP/1.1" 200 7439
200.54.237.82 - - [04/Apr/2023:09:52:13 -0300] "POST /cormun/servlet/licenciaspermisos?deafb138c14bf53901dc5bba3123dd4c,DSP,18798773,L,20230322000000,,gx-no-cache=1680611806472 HTTP/1.1" 200 93
200.54.237.82 - - [04/Apr/2023:09:52:13 -0300] "GET /cormun/servlet/hpexe_return? HTTP/1.1" 200 1024
200.54.237.82 - - [04/Apr/2023:09:52:13 -0300] "GET /cormun/servlet/trlicencias HTTP/1.1" 200 9030
200.54.237.82 - - [04/Apr/2023:09:52:13 -0300] "GET /cormun/servlet/trlicencias HTTP/1.1" 200 9025
190.171.154.42 - - [04/Apr/2023:09:52:23 -0300] "GET /cormun/servlet/permisogoce?724d318091ccf04965301788a6f8ed5875756676144e35d8f4e8ec6125f6d926683c3a0bf6331e05a772d8300e54929f8735a6703a900d9716c6537c5809f793,gx-no-cache=1680611818904 HTTP/1.1" 200 80
190.171.154.42 - - [04/Apr/2023:09:52:25 -0300] "GET /cormun/static/menuarrow.gif HTTP/1.1" 404 1015
200.54.237.82 - - [04/Apr/2023:09:52:27 -0300] "GET /cormun/servlet/licenciaspermisos?DSP,19264352,L,20230331000000, HTTP/1.1" 200 7444
200.54.237.82 - - [04/Apr/2023:09:52:27 -0300] "GET /cormun/servlet/licenciaspermisos?DSP,19264352,L,20230331000000, HTTP/1.1" 200 7441
190.171.154.42 - - [04/Apr/2023:09:52:31 -0300] "GET /cormun/servlet/permisogoce?724d318091ccf04965301788a6f8ed58bff04c5f765548ceb0425389aa36921da013b7da90cbafd38e1775c251c087fec9411c36f2c127359caf9a0a951be632,gx-no-cache=1680611827200 HTTP/1.1" 200 46
200.54.237.82 - - [04/Apr/2023:09:52:32 -0300] "POST /cormun/servlet/licenciaspermisos?deafb138c14bf53901dc5bba3123dd4c,DSP,19264352,L,20230331000000,,gx-no-cache=1680611825825 HTTP/1.1" 200 93
200.54.237.82 - - [04/Apr/2023:09:52:32 -0300] "GET /cormun/servlet/hpexe_return? HTTP/1.1" 200 1024
200.54.237.82 - - [04/Apr/2023:09:52:32 -0300] "GET /cormun/servlet/trlicencias HTTP/1.1" 200 9030
200.54.237.82 - - [04/Apr/2023:09:52:33 -0300] "GET /cormun/servlet/trlicencias HTTP/1.1" 200 9025
190.171.154.42 - - [04/Apr/2023:09:52:37 -0300] "POST /cormun/servlet/permisogoce?d2de2e1a1aa6b43b5294c9bbf01da7a0,INS,0,,,,gx-no-cache=1680611832400 HTTP/1.1" 200 93
190.171.154.42 - - [04/Apr/2023:09:52:37 -0300] "GET /cormun/servlet/hpexe_return? HTTP/1.1" 200 1007
190.171.154.42 - - [04/Apr/2023:09:52:37 -0300] "GET /cormun/servlet/trpermisosgoce HTTP/1.1" 200 8611
190.171.154.42 - - [04/Apr/2023:09:52:37 -0300] "GET /cormun/servlet/trpermisosgoce HTTP/1.1" 200 8607
190.171.154.42 - - [04/Apr/2023:09:52:45 -0300] "GET /cormun/servlet/trpermisosadjuntos?8676318,20230404083404,P, HTTP/1.1" 200 6559
190.171.154.42 - - [04/Apr/2023:09:52:45 -0300] "GET /cormun/servlet/trpermisosadjuntos?8676318,20230404083404,P, HTTP/1.1" 200 6559
190.171.154.42 - - [04/Apr/2023:09:52:46 -0300] "GET /cormun/servlet/permisosadjuntos?INS,8676318,P,20230404083404,, HTTP/1.1" 200 5882
190.171.154.42 - - [04/Apr/2023:09:52:47 -0300] "GET /cormun/static/about:blank HTTP/1.1" 404 1011
190.171.154.42 - - [04/Apr/2023:09:52:47 -0300] "GET /cormun/servlet/permisosadjuntos?INS,8676318,P,20230404083404,, HTTP/1.1" 200 5871
190.171.154.42 - - [04/Apr/2023:09:52:58 -0300] "POST /cormun/servlet/permisosadjuntos?d2de2e1a1aa6b43b5294c9bbf01da7a0,INS,8676318,P,20230404083404,, HTTP/1.1" 200 116
190.171.154.42 - - [04/Apr/2023:09:52:59 -0300] "GET /cormun/servlet/hpexe_return? HTTP/1.1" 200 1033
190.171.154.42 - - [04/Apr/2023:09:52:59 -0300] "GET /cormun/servlet/trpermisosadjuntos?8676318,20230404083404,P, HTTP/1.1" 200 7087
190.171.154.42 - - [04/Apr/2023:09:52:59 -0300] "GET /cormun/servlet/trpermisosadjuntos?8676318,20230404083404,P, HTTP/1.1" 200 7084
190.171.154.42 - - [04/Apr/2023:09:53:11 -0300] "POST /cormun/servlet/trpermisosadjuntos?d2de2e1a1aa6b43b5294c9bbf01da7a0,8676318,20230404083404,P,,gx-no-cache=1680611867263 HTTP/1.1" 200 90
190.171.154.42 - - [04/Apr/2023:09:53:11 -0300] "GET /cormun/servlet/hpexe_link HTTP/1.1" 200 977
190.171.154.42 - - [04/Apr/2023:09:53:11 -0300] "GET /cormun/servlet/trpermisosgoce HTTP/1.1" 200 8608
190.171.154.42 - - [04/Apr/2023:09:53:12 -0300] "GET /cormun/servlet/trpermisosgoce HTTP/1.1" 200 8607
190.171.154.42 - - [04/Apr/2023:09:53:15 -0300] "GET /cormun/servlet/trautorizarpermisogoce? HTTP/1.1" 200 7072
190.171.154.42 - - [04/Apr/2023:09:53:15 -0300] "GET /cormun/static/gxcfg.js?2020121645532 HTTP/1.1" 200 953
190.171.154.42 - - [04/Apr/2023:09:53:15 -0300] "GET /cormun/static/trautorizarpermisogoce.js?2020121651492 HTTP/1.1" 200 34948
190.171.154.42 - - [04/Apr/2023:09:53:15 -0300] "GET /cormun/servlet/trautorizarpermisogoce? HTTP/1.1" 200 7072
190.171.154.42 - - [04/Apr/2023:09:53:21 -0300] "POST /cormun/servlet/trautorizarpermisogoce?d2de2e1a1aa6b43b5294c9bbf01da7a0,,gx-no-cache=1680611876952 HTTP/1.1" 200 5765
190.171.154.42 - - [04/Apr/2023:09:53:30 -0300] "POST /cormun/servlet/trautorizarpermisogoce?d2de2e1a1aa6b43b5294c9bbf01da7a0,,gx-no-cache=1680611886428 HTTP/1.1" 200 5787
190.171.154.42 - - [04/Apr/2023:09:53:30 -0300] "GET /cormun/static/Shared/jqueryui/images/ui-icons_82798d_256x240.png HTTP/1.1" 404 1089
190.171.154.42 - - [04/Apr/2023:09:53:30 -0300] "GET /cormun/static/Shared/jqueryui/images/ui-bg_highlight-soft_100_c6c2c8_1x100.png HTTP/1.1" 404 1117
190.171.154.42 - - [04/Apr/2023:09:53:30 -0300] "GET /cormun/static/Shared/jqueryui/images/ui-icons_8d78a5_256x240.png HTTP/1.1" 404 1089
190.171.154.42 - - [04/Apr/2023:09:53:30 -0300] "GET /cormun/static/Shared/jqueryui/images/ui-bg_flat_55_fafafa_40x100.png HTTP/1.1" 404 1097
192.168.10.17 - - [04/Apr/2023:09:53:33 -0300] "GET /cormun/servlet/trsolicitudgral? HTTP/1.1" 200 28139
192.168.10.17 - - [04/Apr/2023:09:53:34 -0300] "GET /cormun/servlet/trsolicitudgral? HTTP/1.1" 200 28139
190.171.154.42 - - [04/Apr/2023:09:53:38 -0300] "GET /cormun/servlet/trpermisosadjuntos?8676318,20230404083404,P, HTTP/1.1" 200 7087
190.171.154.42 - - [04/Apr/2023:09:53:38 -0300] "GET /cormun/servlet/trpermisosadjuntos?8676318,20230404083404,P, HTTP/1.1" 200 7088
192.168.10.17 - - [04/Apr/2023:09:53:39 -0300] "GET /cormun/servlet/trautorizarot? HTTP/1.1" 200 16194
192.168.10.17 - - [04/Apr/2023:09:53:39 -0300] "GET /cormun/servlet/trautorizarot? HTTP/1.1" 200 16194
190.171.154.42 - - [04/Apr/2023:09:53:45 -0300] "GET /cormun/PublicTempStorage/leandro_garrido_permiso_administrativo557598.pdf HTTP/1.1" 200 138748
192.168.10.17 - - [04/Apr/2023:09:53:52 -0300] "POST /cormun/servlet/trautorizarot?52ce2fb449b3c7bba58d931b10e31f35,,gx-no-cache=1680611899033 HTTP/1.1" 200 5336
190.171.154.42 - - [04/Apr/2023:09:53:53 -0300] "GET /cormun/servlet/trpermisosadjuntos?8676318,20230404083404,P, HTTP/1.1" 200 7088
190.171.154.42 - - [04/Apr/2023:09:53:53 -0300] "GET /cormun/servlet/trpermisosadjuntos?8676318,20230404083404,P, HTTP/1.1" 200 7087
190.171.154.42 - - [04/Apr/2023:09:53:56 -0300] "POST /cormun/servlet/trpermisosadjuntos?d2de2e1a1aa6b43b5294c9bbf01da7a0,8676318,20230404083404,P,,gx-no-cache=1680611912139 HTTP/1.1" 200 90
190.171.154.42 - - [04/Apr/2023:09:53:56 -0300] "GET /cormun/servlet/hpexe_link HTTP/1.1" 200 986
190.171.154.42 - - [04/Apr/2023:09:53:56 -0300] "GET /cormun/servlet/trautorizarpermisogoce? HTTP/1.1" 200 8434
190.171.154.42 - - [04/Apr/2023:09:53:57 -0300] "GET /cormun/servlet/trautorizarpermisogoce? HTTP/1.1" 200 8432
200.54.237.82 - - [04/Apr/2023:09:54:04 -0300] "GET /cormun/servlet/licenciaspermisos?DSP,19264352,L,20230331000000, HTTP/1.1" 200 7444
200.54.237.82 - - [04/Apr/2023:09:54:04 -0300] "GET /cormun/servlet/licenciaspermisos?DSP,19264352,L,20230331000000, HTTP/1.1" 200 7441
190.171.142.10 - - [04/Apr/2023:09:54:04 -0300] "GET /cormun/servlet/prbanco?,MD,,gxPopupLevel%3D0%3B HTTP/1.1" 200 6455
190.171.142.10 - - [04/Apr/2023:09:54:07 -0300] "GET /cormun/servlet/solicitudot?4bf72aa8991b973c803eb9e1e40346167a7413d6a40d13169b1604bf26f7e159aa5378eefae5c5101f7135e8ba5d7daaaab3e8e61718d2f21059550e1ad00ebf0ec4e2e8ce11d60e224474023927356a,gx-no-cache=1680611922578 HTTP/1.1" 200 30
190.171.154.42 - - [04/Apr/2023:09:54:07 -0300] "POST /cormun/servlet/trautorizarpermisogoce?d2de2e1a1aa6b43b5294c9bbf01da7a0,,gx-no-cache=1680611923377 HTTP/1.1" 200 5784
190.171.154.42 - - [04/Apr/2023:09:54:07 -0300] "GET /cormun/static/Shared/jqueryui/images/ui-bg_highlight-soft_100_c6c2c8_1x100.png HTTP/1.1" 404 1117
190.171.154.42 - - [04/Apr/2023:09:54:07 -0300] "GET /cormun/static/Shared/jqueryui/images/ui-bg_flat_55_fafafa_40x100.png HTTP/1.1" 404 1097
190.171.154.42 - - [04/Apr/2023:09:54:07 -0300] "GET /cormun/static/Shared/jqueryui/images/ui-icons_8d78a5_256x240.png HTTP/1.1" 404 1089
190.171.154.42 - - [04/Apr/2023:09:54:07 -0300] "GET /cormun/static/Shared/jqueryui/images/ui-icons_82798d_256x240.png HTTP/1.1" 404 1089
190.171.142.10 - - [04/Apr/2023:09:54:08 -0300] "GET /cormun/servlet/solicitudot?4bf72aa8991b973c803eb9e1e403461683141543e48fbc301e62a4f4926df169,gx-no-cache=1680611923565 HTTP/1.1" 200 53
190.171.154.42 - - [04/Apr/2023:09:54:10 -0300] "POST /cormun/servlet/trautorizarpermisogoce?d2de2e1a1aa6b43b5294c9bbf01da7a0,,gx-no-cache=1680611925720 HTTP/1.1" 200 5784
190.171.154.42 - - [04/Apr/2023:09:54:11 -0300] "POST /cormun/servlet/trautorizarpermisogoce?d2de2e1a1aa6b43b5294c9bbf01da7a0,,gx-no-cache=1680611926865 HTTP/1.1" 200 5785
190.171.154.42 - - [04/Apr/2023:09:54:14 -0300] "GET /cormun/servlet/trautorizarpermisogoce? HTTP/1.1" 200 8432
190.171.154.42 - - [04/Apr/2023:09:54:15 -0300] "GET /cormun/servlet/trautorizarpermisogoce? HTTP/1.1" 200 8432
190.171.141.138 - - [04/Apr/2023:09:54:16 -0300] "GET /cormun/servlet/hlogin HTTP/1.1" 200 1717
190.171.141.138 - - [04/Apr/2023:09:54:18 -0300] "POST /cormun/servlet/hlogin?b0086943977f439b529df8a4e72e5897,gx-no-cache=1680611935763 HTTP/1.1" 200 90
190.171.141.138 - - [04/Apr/2023:09:54:18 -0300] "GET /cormun/servlet/hpexe_link HTTP/1.1" 200 951
190.171.141.138 - - [04/Apr/2023:09:54:19 -0300] "GET /cormun/servlet/trlicencias HTTP/1.1" 200 12075
190.171.141.138 - - [04/Apr/2023:09:54:19 -0300] "GET /cormun/servlet/trlicencias HTTP/1.1" 200 12073
190.171.154.42 - - [04/Apr/2023:09:54:24 -0300] "POST /cormun/servlet/trautorizarpermisogoce?d2de2e1a1aa6b43b5294c9bbf01da7a0,,gx-no-cache=1680611940251 HTTP/1.1" 200 5785
190.171.154.42 - - [04/Apr/2023:09:54:24 -0300] "GET /cormun/static/Shared/jqueryui/images/ui-icons_82798d_256x240.png HTTP/1.1" 404 1089
190.171.154.42 - - [04/Apr/2023:09:54:24 -0300] "GET /cormun/static/Shared/jqueryui/images/ui-bg_flat_55_fafafa_40x100.png HTTP/1.1" 404 1097
190.171.154.42 - - [04/Apr/2023:09:54:24 -0300] "GET /cormun/static/Shared/jqueryui/images/ui-icons_8d78a5_256x240.png HTTP/1.1" 404 1089
190.171.154.42 - - [04/Apr/2023:09:54:25 -0300] "GET /cormun/static/Shared/jqueryui/images/ui-bg_highlight-soft_100_c6c2c8_1x100.png HTTP/1.1" 404 1117
190.171.142.10 - - [04/Apr/2023:09:54:28 -0300] "POST /cormun/servlet/solicitudot?gx-no-cache=1680611944098 HTTP/1.1" 200 297
190.171.154.42 - - [04/Apr/2023:09:54:30 -0300] "GET /cormun/servlet/trpermisosadjuntos?8676318,20230404083404,P, HTTP/1.1" 200 7087
190.171.154.42 - - [04/Apr/2023:09:54:31 -0300] "GET /cormun/servlet/trpermisosadjuntos?8676318,20230404083404,P, HTTP/1.1" 200 7088
190.171.142.10 - - [04/Apr/2023:09:54:31 -0300] "GET /cormun/servlet/solicitudot?4bf72aa8991b973c803eb9e1e40346169a8c63669f9c7d59deb76e1e1868524e9a0207a6c6cfb0f6a81508b9fc400706206a50dac8788c4445a61520794f72547e1731c6fd00251d69ebeeb9ab785ee2365da7709b65b5804b6555b1d0bfc6f4f37ceb8eac155f436cffae3a65ce9d7a3db77a062b230a3832f50f379970eb5f6fedff4c32648d8f8fc2ed290cab11e0ea00cbf0487dd66aefb84f6382f4c7c4e6a0f13da1790204eba2a3b4fd83aee3218770f97cf77abf47083dbbe600a7524d7d9827f97fff93be1691d094b39ec614f807a394a582c86c588295994385a2096dfbf4f4b6dac86dec1164636cfdc42063da2c661b99c663791392521cbdb81f175c24098ce4ee006325e3e72feeaa11c7528fea89b4a562e2088e6e00267407dd30b23dd22f2baf5c5509ce9aa69026ce73557d92502a99e40508e1c65b47ff0ee56aefaf00206a818ca77895542e8c3d1668dc54ce3d2df68488829595810e16725a2a47cbaad0bf205cd733df8e7a6c5beb7e922e22d8c49536d8a1a27bb92f2ab6d494079ffff54cb2d45096a9,gx-no-cache=1680611946755 HTTP/1.1" 200 30
190.171.154.42 - - [04/Apr/2023:09:54:33 -0300] "GET /cormun/servlet/permisosadjuntos?DLT,8676318,P,20230404083404,20230404083713, HTTP/1.1" 200 5940
190.171.154.42 - - [04/Apr/2023:09:54:33 -0300] "GET /cormun/PublicTempStorage/leandro_garrido_permiso_administrativo8165733.pdf HTTP/1.1" 200 138748
190.171.154.42 - - [04/Apr/2023:09:54:33 -0300] "GET /cormun/static/Shared/jqueryui/images/ui-icons_82798d_256x240.png HTTP/1.1" 404 1089
190.171.154.42 - - [04/Apr/2023:09:54:33 -0300] "GET /cormun/static/Shared/jqueryui/images/ui-bg_highlight-soft_100_c6c2c8_1x100.png HTTP/1.1" 404 1117
190.171.154.42 - - [04/Apr/2023:09:54:33 -0300] "GET /cormun/static/Shared/jqueryui/images/ui-bg_flat_55_fafafa_40x100.png HTTP/1.1" 404 1097
190.171.154.42 - - [04/Apr/2023:09:54:33 -0300] "GET /cormun/static/Shared/jqueryui/images/ui-icons_8d78a5_256x240.png HTTP/1.1" 404 1089
190.171.154.42 - - [04/Apr/2023:09:54:33 -0300] "GET /cormun/servlet/permisosadjuntos?DLT,8676318,P,20230404083404,20230404083713, HTTP/1.1" 200 5927
190.171.142.10 - - [04/Apr/2023:09:54:37 -0300] "POST /cormun/servlet/solicitudot?gx-no-cache=1680611952631 HTTP/1.1" 200 30
190.171.143.82 - - [04/Apr/2023:09:54:38 -0300] "GET /cormun/servlet/hlogin HTTP/1.1" 200 1747
190.171.143.82 - - [04/Apr/2023:09:54:39 -0300] "GET /cormun/servlet/hlogin HTTP/1.1" 200 1737
190.171.143.82 - - [04/Apr/2023:09:54:39 -0300] "GET /cormun/static/Resources/indicator.gif HTTP/1.1" 200 1553
190.171.143.82 - - [04/Apr/2023:09:54:42 -0300] "POST /cormun/servlet/hlogin?c711f3c967572654fdc1f58b79a32e05,gx-no-cache=1680611957011 HTTP/1.1" 200 90
190.171.143.82 - - [04/Apr/2023:09:54:42 -0300] "GET /cormun/servlet/hpexe_link HTTP/1.1" 200 956
190.171.143.82 - - [04/Apr/2023:09:54:42 -0300] "GET /cormun/servlet/hhome HTTP/1.1" 200 4369
190.171.143.82 - - [04/Apr/2023:09:54:44 -0300] "GET /cormun/servlet/hhome HTTP/1.1" 200 4365
190.171.142.50 - - [04/Apr/2023:09:54:45 -0300] "GET /cormun/servlet/hlogin HTTP/1.1" 200 1717
190.171.142.50 - - [04/Apr/2023:09:54:50 -0300] "POST /cormun/servlet/hlogin?f867480ccf35c2cdc4bfa95e516fab0c,gx-no-cache=1680611966455 HTTP/1.1" 200 90
190.171.142.50 - - [04/Apr/2023:09:54:50 -0300] "GET /cormun/servlet/hpexe_link HTTP/1.1" 200 948
190.171.142.50 - - [04/Apr/2023:09:54:50 -0300] "GET /cormun/servlet/hhome HTTP/1.1" 200 3946
190.171.142.50 - - [04/Apr/2023:09:54:51 -0300] "GET /cormun/servlet/hhome HTTP/1.1" 200 3942
190.171.142.50 - - [04/Apr/2023:09:54:53 -0300] "GET /cormun/servlet/trlicencias? HTTP/1.1" 200 10766
190.171.142.50 - - [04/Apr/2023:09:54:53 -0300] "GET /cormun/servlet/trlicencias? HTTP/1.1" 200 10764
190.171.154.42 - - [04/Apr/2023:09:54:58 -0300] "GET /cormun/servlet/trpermisosgoce? HTTP/1.1" 200 8619
190.171.154.42 - - [04/Apr/2023:09:54:58 -0300] "GET /cormun/servlet/trpermisosgoce? HTTP/1.1" 200 8608
190.171.154.42 - - [04/Apr/2023:09:55:13 -0300] "GET /cormun/servlet/trautorizarpermisogoce? HTTP/1.1" 200 8433
190.171.154.42 - - [04/Apr/2023:09:55:14 -0300] "GET /cormun/servlet/trautorizarpermisogoce? HTTP/1.1" 200 8432
190.171.154.42 - - [04/Apr/2023:09:55:18 -0300] "POST /cormun/servlet/trautorizarpermisogoce?d2de2e1a1aa6b43b5294c9bbf01da7a0,,gx-no-cache=1680611994331 HTTP/1.1" 200 5785
190.171.154.42 - - [04/Apr/2023:09:55:19 -0300] "GET /cormun/static/Shared/jqueryui/images/ui-bg_highlight-soft_100_c6c2c8_1x100.png HTTP/1.1" 404 1117
190.171.154.42 - - [04/Apr/2023:09:55:19 -0300] "GET /cormun/static/Shared/jqueryui/images/ui-bg_flat_55_fafafa_40x100.png HTTP/1.1" 404 1097
190.171.154.42 - - [04/Apr/2023:09:55:19 -0300] "GET /cormun/static/Shared/jqueryui/images/ui-icons_8d78a5_256x240.png HTTP/1.1" 404 1089
190.171.154.42 - - [04/Apr/2023:09:55:19 -0300] "GET /cormun/static/Shared/jqueryui/images/ui-icons_82798d_256x240.png HTTP/1.1" 404 1089
190.171.154.42 - - [04/Apr/2023:09:55:24 -0300] "GET /cormun/servlet/trpermisosadjuntos?10472208,20230331142859,P, HTTP/1.1" 200 7083
190.171.154.42 - - [04/Apr/2023:09:55:24 -0300] "GET /cormun/servlet/trpermisosadjuntos?10472208,20230331142859,P, HTTP/1.1" 200 7083
200.54.237.82 - - [04/Apr/2023:09:55:43 -0300] "POST /cormun/servlet/licenciaspermisos?deafb138c14bf53901dc5bba3123dd4c,DSP,19264352,L,20230331000000,,gx-no-cache=1680612016952 HTTP/1.1" 200 93
200.54.237.82 - - [04/Apr/2023:09:55:43 -0300] "GET /cormun/servlet/hpexe_return? HTTP/1.1" 200 1024
200.54.237.82 - - [04/Apr/2023:09:55:44 -0300] "GET /cormun/servlet/trlicencias HTTP/1.1" 200 9030
200.54.237.82 - - [04/Apr/2023:09:55:44 -0300] "GET /cormun/servlet/trlicencias HTTP/1.1" 200 9025
190.171.154.42 - - [04/Apr/2023:09:55:48 -0300] "POST /cormun/servlet/trpermisosadjuntos?d2de2e1a1aa6b43b5294c9bbf01da7a0,10472208,20230331142859,P,,gx-no-cache=1680612023947 HTTP/1.1" 200 90
190.171.154.42 - - [04/Apr/2023:09:55:48 -0300] "GET /cormun/servlet/hpexe_link HTTP/1.1" 200 989
190.171.154.42 - - [04/Apr/2023:09:55:48 -0300] "GET /cormun/servlet/trautorizarpermisogoce? HTTP/1.1" 200 8434
190.171.154.42 - - [04/Apr/2023:09:55:48 -0300] "GET /cormun/servlet/trautorizarpermisogoce? HTTP/1.1" 200 8432
190.171.154.42 - - [04/Apr/2023:09:55:53 -0300] "POST /cormun/servlet/trautorizarpermisogoce?d2de2e1a1aa6b43b5294c9bbf01da7a0,,gx-no-cache=1680612027592 HTTP/1.1" 200 112
190.171.154.42 - - [04/Apr/2023:09:55:54 -0300] "GET /cormun/AutorizarPermisoGoce-5419.xls HTTP/1.1" 200 5120
190.171.154.42 - - [04/Apr/2023:09:56:33 -0300] "GET /cormun/servlet/trlicenciaspermisoslog?8676318,P,20230404083404, HTTP/1.1" 200 6480
190.171.154.42 - - [04/Apr/2023:09:56:33 -0300] "GET /cormun/static/gxcfg.js?201991422452353 HTTP/1.1" 200 953
190.171.154.42 - - [04/Apr/2023:09:56:33 -0300] "GET /cormun/static/trlicenciaspermisoslog.js?201991422452676 HTTP/1.1" 200 20074
190.171.154.42 - - [04/Apr/2023:09:56:33 -0300] "GET /cormun/servlet/trlicenciaspermisoslog?8676318,P,20230404083404, HTTP/1.1" 200 6480
190.171.142.10 - - [04/Apr/2023:09:56:51 -0300] "POST /cormun/servlet/solicitudot?gx-no-cache=1680612086786 HTTP/1.1" 200 30
190.171.142.10 - - [04/Apr/2023:09:56:51 -0300] "POST /cormun/servlet/solicitudot?gx-no-cache=1680612086836 HTTP/1.1" 200 1549
190.171.142.10 - - [04/Apr/2023:09:56:51 -0300] "GET /cormun/static/Shared/jqueryui/images/ui-bg_highlight-soft_100_c6c2c8_1x100.png HTTP/1.1" 404 1117
190.171.142.10 - - [04/Apr/2023:09:56:51 -0300] "GET /cormun/static/Shared/jqueryui/images/ui-bg_flat_55_994d53_40x100.png HTTP/1.1" 404 1097
190.171.142.10 - - [04/Apr/2023:09:56:51 -0300] "GET /cormun/static/Shared/jqueryui/images/ui-icons_ebccce_256x240.png HTTP/1.1" 404 1089
190.171.142.10 - - [04/Apr/2023:09:56:51 -0300] "GET /cormun/static/Shared/jqueryui/images/ui-icons_82798d_256x240.png HTTP/1.1" 404 1089
190.171.142.10 - - [04/Apr/2023:09:56:51 -0300] "POST /cormun/servlet/solicitudot?gx-no-cache=1680612086876 HTTP/1.1" 200 117
190.171.154.42 - - [04/Apr/2023:09:56:52 -0300] "POST /cormun/servlet/trlicenciaspermisoslog?d2de2e1a1aa6b43b5294c9bbf01da7a0,8676318,P,20230404083404,,gx-no-cache=1680612088283 HTTP/1.1" 200 90
190.171.154.42 - - [04/Apr/2023:09:56:52 -0300] "GET /cormun/servlet/hpexe_link HTTP/1.1" 200 988
190.171.154.42 - - [04/Apr/2023:09:56:52 -0300] "GET /cormun/servlet/trautorizarpermisogoce HTTP/1.1" 200 8434
190.171.154.42 - - [04/Apr/2023:09:56:53 -0300] "GET /cormun/servlet/trautorizarpermisogoce HTTP/1.1" 200 8432
190.171.142.10 - - [04/Apr/2023:09:57:11 -0300] "POST /cormun/servlet/solicitudot?gx-no-cache=1680612106591 HTTP/1.1" 200 30
190.171.154.42 - - [04/Apr/2023:09:57:50 -0300] "GET /cormun/servlet/trpermisosadjuntos?10472208,20230331142859,P, HTTP/1.1" 200 7083
190.171.154.42 - - [04/Apr/2023:09:57:51 -0300] "GET /cormun/servlet/trpermisosadjuntos?10472208,20230331142859,P, HTTP/1.1" 200 7083
190.171.154.42 - - [04/Apr/2023:09:57:56 -0300] "GET /cormun/servlet/trautorizarpermisogoce? HTTP/1.1" 200 8433
190.171.154.42 - - [04/Apr/2023:09:57:57 -0300] "GET /cormun/servlet/trautorizarpermisogoce? HTTP/1.1" 200 8432
190.171.154.42 - - [04/Apr/2023:09:58:05 -0300] "POST /cormun/servlet/trautorizarpermisogoce?d2de2e1a1aa6b43b5294c9bbf01da7a0,,gx-no-cache=1680612161104 HTTP/1.1" 200 4438
190.171.154.42 - - [04/Apr/2023:09:58:10 -0300] "GET /cormun/servlet/trautorizarsolicitud? HTTP/1.1" 200 7359
190.171.154.42 - - [04/Apr/2023:09:58:10 -0300] "GET /cormun/static/gxcfg.js?202211298474254 HTTP/1.1" 200 953
190.171.154.42 - - [04/Apr/2023:09:58:10 -0300] "GET /cormun/static/trautorizarsolicitud.js?202211298474588 HTTP/1.1" 200 53909
190.171.154.42 - - [04/Apr/2023:09:58:10 -0300] "GET /cormun/servlet/trautorizarsolicitud? HTTP/1.1" 200 7359
190.171.154.42 - - [04/Apr/2023:09:58:12 -0300] "POST /cormun/servlet/trautorizarsolicitud?d2de2e1a1aa6b43b5294c9bbf01da7a0,,gx-no-cache=1680612168503 HTTP/1.1" 200 4566
190.171.154.42 - - [04/Apr/2023:09:58:19 -0300] "GET /cormun/servlet/trautorizarpermisogoce? HTTP/1.1" 200 7073
190.171.154.42 - - [04/Apr/2023:09:58:19 -0300] "GET /cormun/servlet/trautorizarpermisogoce? HTTP/1.1" 200 7072
190.171.142.10 - - [04/Apr/2023:09:58:20 -0300] "POST /cormun/servlet/solicitudot?gx-no-cache=1680612175533 HTTP/1.1" 200 1466
190.171.142.10 - - [04/Apr/2023:09:58:20 -0300] "POST /cormun/servlet/solicitudot?gx-no-cache=1680612175572 HTTP/1.1" 200 38
190.171.142.10 - - [04/Apr/2023:09:58:20 -0300] "GET /cormun/servlet/solicitudot?4bf72aa8991b973c803eb9e1e4034616713d0fb65bbe15ebd0b5b9194cd687b17cbe0fb3a1996f2405b25b7f491651a83846361c93c5082c5014643031dc65db94043e2b9f3c5e0024659d55fa74de11a3c898ec2c76c4871162a1533c431608445f79ecb59b25286d0d7ad410cb66d9,gx-no-cache=1680612175591 HTTP/1.1" 200 110
190.171.142.10 - - [04/Apr/2023:09:58:20 -0300] "POST /cormun/servlet/solicitudot?gx-no-cache=1680612175611 HTTP/1.1" 200 64
190.171.142.10 - - [04/Apr/2023:09:58:20 -0300] "GET /cormun/servlet/solicitudot?4bf72aa8991b973c803eb9e1e4034616f828fd54a76e7f9c22d104e5e970d2bd59293d0132f2f815b25d59853958ee2af834736a7083280e6126194c92f2a2f533413a91dff2df904e53371dcddb9c9cc3451e5340a6cbf452b6d5afcd003d64629570a7ddbe345aae09294f9f417651,gx-no-cache=1680612175635 HTTP/1.1" 200 29
190.171.142.10 - - [04/Apr/2023:09:58:20 -0300] "GET /cormun/servlet/solicitudot?4bf72aa8991b973c803eb9e1e4034616ea53d10fbb3537f0a67c2b508b561813,gx-no-cache=1680612175653 HTTP/1.1" 200 30
190.171.142.10 - - [04/Apr/2023:09:58:20 -0300] "POST /cormun/servlet/solicitudot?gx-no-cache=1680612175671 HTTP/1.1" 200 30
190.171.154.42 - - [04/Apr/2023:09:58:21 -0300] "POST /cormun/servlet/trautorizarpermisogoce?d2de2e1a1aa6b43b5294c9bbf01da7a0,,gx-no-cache=1680612177519 HTTP/1.1" 200 4415
190.171.154.42 - - [04/Apr/2023:09:58:28 -0300] "POST /cormun/servlet/trautorizarpermisogoce?d2de2e1a1aa6b43b5294c9bbf01da7a0,,gx-no-cache=1680612184216 HTTP/1.1" 200 4418
190.171.154.42 - - [04/Apr/2023:09:58:31 -0300] "POST /cormun/servlet/trautorizarpermisogoce?d2de2e1a1aa6b43b5294c9bbf01da7a0,,gx-no-cache=1680612187383 HTTP/1.1" 200 5765
190.171.154.42 - - [04/Apr/2023:09:58:35 -0300] "POST /cormun/servlet/trautorizarpermisogoce?d2de2e1a1aa6b43b5294c9bbf01da7a0,,gx-no-cache=1680612191599 HTTP/1.1" 200 5764
190.171.154.42 - - [04/Apr/2023:09:58:53 -0300] "GET /cormun/servlet/apermisogoceprn?8676318,P,20230404083404,PU HTTP/1.1" 200 1662
190.171.154.42 - - [04/Apr/2023:09:59:14 -0300] "GET /cormun/servlet/apermisogoceprn?9047447,P,20230331143119,PU HTTP/1.1" 200 1660
190.171.154.42 - - [04/Apr/2023:09:59:23 -0300] "GET /cormun/servlet/apermisogoceprn?10472208,P,20230331142859,PU HTTP/1.1" 200 1662
190.171.154.42 - - [04/Apr/2023:09:59:55 -0300] "GET /cormun/servlet/autorizarpermisogoce?DSP,8676318,P,20230404083404, HTTP/1.1" 200 6238
190.171.154.42 - - [04/Apr/2023:09:59:55 -0300] "GET /cormun/static/gxcfg.js?202211298405163 HTTP/1.1" 200 953
190.171.154.42 - - [04/Apr/2023:09:59:55 -0300] "GET /cormun/static/autorizarpermisogoce.js?202211298405174 HTTP/1.1" 200 16019
190.171.154.42 - - [04/Apr/2023:09:59:55 -0300] "GET /cormun/servlet/autorizarpermisogoce?DSP,8676318,P,20230404083404, HTTP/1.1" 200 6239
190.171.154.42 - - [04/Apr/2023:10:00:03 -0300] "POST /cormun/servlet/autorizarpermisogoce?d2de2e1a1aa6b43b5294c9bbf01da7a0,DSP,8676318,P,20230404083404,,gx-no-cache=1680612279388 HTTP/1.1" 200 93
190.171.154.42 - - [04/Apr/2023:10:00:03 -0300] "GET /cormun/servlet/hpexe_return? HTTP/1.1" 200 1028
190.171.154.42 - - [04/Apr/2023:10:00:03 -0300] "GET /cormun/servlet/trautorizarpermisogoce? HTTP/1.1" 200 8438
190.171.154.42 - - [04/Apr/2023:10:00:04 -0300] "GET /cormun/servlet/trautorizarpermisogoce? HTTP/1.1" 200 8434
190.171.154.42 - - [04/Apr/2023:10:00:06 -0300] "GET /cormun/servlet/autorizarpermisogoce?DSP,10472208,P,20230331142859, HTTP/1.1" 200 6234
190.171.154.42 - - [04/Apr/2023:10:00:06 -0300] "GET /cormun/servlet/autorizarpermisogoce?DSP,10472208,P,20230331142859, HTTP/1.1" 200 6235
190.171.154.42 - - [04/Apr/2023:10:00:08 -0300] "POST /cormun/servlet/autorizarpermisogoce?d2de2e1a1aa6b43b5294c9bbf01da7a0,DSP,10472208,P,20230331142859,,gx-no-cache=1680612284410 HTTP/1.1" 200 93
190.171.154.42 - - [04/Apr/2023:10:00:08 -0300] "GET /cormun/servlet/hpexe_return? HTTP/1.1" 200 1031
190.171.154.42 - - [04/Apr/2023:10:00:08 -0300] "GET /cormun/servlet/trautorizarpermisogoce HTTP/1.1" 200 8438
190.171.154.42 - - [04/Apr/2023:10:00:09 -0300] "GET /cormun/servlet/trautorizarpermisogoce HTTP/1.1" 200 8434
192.168.10.17 - - [04/Apr/2023:10:00:34 -0300] "GET /cormun/servlet/trsolicitudgral? HTTP/1.1" 200 28140
192.168.10.17 - - [04/Apr/2023:10:00:35 -0300] "GET /cormun/servlet/trsolicitudgral? HTTP/1.1" 200 28139
190.171.154.42 - - [04/Apr/2023:10:00:43 -0300] "POST /cormun/servlet/trautorizarpermisogoce?d2de2e1a1aa6b43b5294c9bbf01da7a0,gx-no-cache=1680612319218 HTTP/1.1" 200 5783
190.171.154.42 - - [04/Apr/2023:10:00:43 -0300] "GET /cormun/static/Shared/jqueryui/images/ui-bg_highlight-soft_100_c6c2c8_1x100.png HTTP/1.1" 404 1117
190.171.154.42 - - [04/Apr/2023:10:00:43 -0300] "GET /cormun/static/Shared/jqueryui/images/ui-bg_flat_55_fafafa_40x100.png HTTP/1.1" 404 1097
190.171.154.42 - - [04/Apr/2023:10:00:43 -0300] "GET /cormun/static/Shared/jqueryui/images/ui-icons_8d78a5_256x240.png HTTP/1.1" 404 1089
190.171.154.42 - - [04/Apr/2023:10:00:43 -0300] "GET /cormun/static/Shared/jqueryui/images/ui-icons_82798d_256x240.png HTTP/1.1" 404 1089
192.168.10.17 - - [04/Apr/2023:10:00:45 -0300] "POST /cormun/servlet/trsolicitudgral?52ce2fb449b3c7bba58d931b10e31f35,,gx-no-cache=1680612311522 HTTP/1.1" 200 6919
190.171.154.42 - - [04/Apr/2023:10:00:50 -0300] "GET /cormun/servlet/trpermisosadjuntos?10472208,20230331142859,P, HTTP/1.1" 200 7083
190.171.154.42 - - [04/Apr/2023:10:00:50 -0300] "GET /cormun/servlet/trpermisosadjuntos?10472208,20230331142859,P, HTTP/1.1" 200 7083
190.171.154.42 - - [04/Apr/2023:10:00:54 -0300] "GET /cormun/servlet/permisosadjuntos?DLT,10472208,P,20230331142859,20230331143018, HTTP/1.1" 200 5937
190.171.154.42 - - [04/Apr/2023:10:00:54 -0300] "GET /cormun/static/Shared/jqueryui/images/ui-bg_highlight-soft_100_c6c2c8_1x100.png HTTP/1.1" 404 1117
190.171.154.42 - - [04/Apr/2023:10:00:54 -0300] "GET /cormun/static/Shared/jqueryui/images/ui-icons_82798d_256x240.png HTTP/1.1" 404 1089
190.171.154.42 - - [04/Apr/2023:10:00:54 -0300] "GET /cormun/static/Shared/jqueryui/images/ui-icons_8d78a5_256x240.png HTTP/1.1" 404 1089
190.171.154.42 - - [04/Apr/2023:10:00:54 -0300] "GET /cormun/static/Shared/jqueryui/images/ui-bg_flat_55_fafafa_40x100.png HTTP/1.1" 404 1097
190.171.154.42 - - [04/Apr/2023:10:00:54 -0300] "GET /cormun/PublicTempStorage/maria_pino_permiso_admimistrativo9779147.pdf HTTP/1.1" 200 864185
190.171.154.42 - - [04/Apr/2023:10:00:54 -0300] "GET /cormun/servlet/permisosadjuntos?DLT,10472208,P,20230331142859,20230331143018, HTTP/1.1" 200 5925
190.171.154.42 - - [04/Apr/2023:10:00:58 -0300] "POST /cormun/servlet/permisosadjuntos?d2de2e1a1aa6b43b5294c9bbf01da7a0,DLT,10472208,P,20230331142859,20230331143018,,gx-no-cache=1680612334427 HTTP/1.1" 200 93
