190.171.142.10 - - [03/Apr/2023:12:54:18 -0300] "POST /cormun/servlet/prfichaempleado?f63c1a33e20ce8e36482ab085d8d3842,,MD,,gxPopupLevel%3D0%3B,gx-no-cache=1680536334816 HTTP/1.1" 200 6322
192.168.10.17 - - [03/Apr/2023:12:55:22 -0300] "GET /cormun/servlet/trsolicitudgral? HTTP/1.1" 200 11814
192.168.10.17 - - [03/Apr/2023:12:55:22 -0300] "GET /cormun/servlet/trsolicitudgral? HTTP/1.1" 200 11814
192.168.10.17 - - [03/Apr/2023:12:55:34 -0300] "POST /cormun/servlet/trsolicitudgral?43eb32e94f6cf2c1ffb0b6b6dbb4c671,,gx-no-cache=1680536401797 HTTP/1.1" 200 7782
190.171.142.10 - - [03/Apr/2023:12:56:01 -0300] "POST /cormun/servlet/prfichaempleado?f63c1a33e20ce8e36482ab085d8d3842,,MD,,gxPopupLevel%3D0%3B,gx-no-cache=1680536437751 HTTP/1.1" 200 4042
190.171.142.10 - - [03/Apr/2023:12:56:04 -0300] "POST /cormun/servlet/prfichaempleado?f63c1a33e20ce8e36482ab085d8d3842,,MD,,gxPopupLevel%3D0%3B,gx-no-cache=1680536440599 HTTP/1.1" 200 6356
190.171.142.10 - - [03/Apr/2023:12:56:08 -0300] "POST /cormun/servlet/prfichaempleado?f63c1a33e20ce8e36482ab085d8d3842,,MD,,gxPopupLevel%3D0%3B,gx-no-cache=1680536445139 HTTP/1.1" 200 4042
190.171.142.10 - - [03/Apr/2023:12:56:12 -0300] "POST /cormun/servlet/prfichaempleado?f63c1a33e20ce8e36482ab085d8d3842,,MD,,gxPopupLevel%3D0%3B,gx-no-cache=1680536448680 HTTP/1.1" 200 6356
190.171.142.10 - - [03/Apr/2023:12:56:22 -0300] "POST /cormun/servlet/prfichaempleado?f63c1a33e20ce8e36482ab085d8d3842,,MD,,gxPopupLevel%3D0%3B,gx-no-cache=1680536458719 HTTP/1.1" 200 4042
190.171.142.10 - - [03/Apr/2023:12:56:26 -0300] "POST /cormun/servlet/prfichaempleado?f63c1a33e20ce8e36482ab085d8d3842,,MD,,gxPopupLevel%3D0%3B,gx-no-cache=1680536462217 HTTP/1.1" 200 6356
190.171.142.10 - - [03/Apr/2023:12:56:33 -0300] "POST /cormun/servlet/prfichaempleado?f63c1a33e20ce8e36482ab085d8d3842,,MD,,gxPopupLevel%3D0%3B,gx-no-cache=1680536469716 HTTP/1.1" 200 4042
190.171.142.10 - - [03/Apr/2023:12:56:38 -0300] "POST /cormun/servlet/prfichaempleado?f63c1a33e20ce8e36482ab085d8d3842,,MD,,gxPopupLevel%3D0%3B,gx-no-cache=1680536474617 HTTP/1.1" 200 6356
190.171.142.10 - - [03/Apr/2023:12:56:47 -0300] "POST /cormun/servlet/prfichaempleado?f63c1a33e20ce8e36482ab085d8d3842,,MD,,gxPopupLevel%3D0%3B,gx-no-cache=1680536484186 HTTP/1.1" 200 6356
190.171.142.10 - - [03/Apr/2023:12:56:57 -0300] "POST /cormun/servlet/prfichaempleado?f63c1a33e20ce8e36482ab085d8d3842,,MD,,gxPopupLevel%3D0%3B,gx-no-cache=1680536493665 HTTP/1.1" 200 6356
190.171.142.10 - - [03/Apr/2023:12:57:06 -0300] "POST /cormun/servlet/prfichaempleado?f63c1a33e20ce8e36482ab085d8d3842,,MD,,gxPopupLevel%3D0%3B,gx-no-cache=1680536502698 HTTP/1.1" 200 6370
190.171.142.10 - - [03/Apr/2023:12:57:12 -0300] "POST /cormun/servlet/prfichaempleado?f63c1a33e20ce8e36482ab085d8d3842,,MD,,gxPopupLevel%3D0%3B,gx-no-cache=1680536509098 HTTP/1.1" 200 6370
190.171.142.10 - - [03/Apr/2023:12:57:17 -0300] "POST /cormun/servlet/prfichaempleado?f63c1a33e20ce8e36482ab085d8d3842,,MD,,gxPopupLevel%3D0%3B,gx-no-cache=1680536513354 HTTP/1.1" 200 6370
190.171.142.10 - - [03/Apr/2023:12:57:51 -0300] "POST /cormun/servlet/prfichaempleado?f63c1a33e20ce8e36482ab085d8d3842,,MD,,gxPopupLevel%3D0%3B,gx-no-cache=1680536547568 HTTP/1.1" 200 6370
190.171.142.10 - - [03/Apr/2023:12:57:56 -0300] "POST /cormun/servlet/prfichaempleado?f63c1a33e20ce8e36482ab085d8d3842,,MD,,gxPopupLevel%3D0%3B,gx-no-cache=1680536552904 HTTP/1.1" 200 4042
190.171.142.10 - - [03/Apr/2023:12:58:06 -0300] "POST /cormun/servlet/prfichaempleado?f63c1a33e20ce8e36482ab085d8d3842,,MD,,gxPopupLevel%3D0%3B,gx-no-cache=1680536562910 HTTP/1.1" 200 6261
190.171.142.10 - - [03/Apr/2023:12:58:32 -0300] "POST /cormun/servlet/prfichaempleado?f63c1a33e20ce8e36482ab085d8d3842,,MD,,gxPopupLevel%3D0%3B,gx-no-cache=1680536588867 HTTP/1.1" 200 3406
190.171.142.10 - - [03/Apr/2023:12:58:40 -0300] "GET /cormun/servlet/prlicenciaspermisos?15266265,L,,MD,,gxPopupLevel%3D0%3B HTTP/1.1" 200 7529
190.171.142.10 - - [03/Apr/2023:12:58:52 -0300] "POST /cormun/servlet/solicitudot?gx-no-cache=1680536609033 HTTP/1.1" 200 1470
190.171.142.10 - - [03/Apr/2023:12:59:02 -0300] "POST /cormun/servlet/solicitudot?gx-no-cache=1680536619624 HTTP/1.1" 200 41
190.171.142.10 - - [03/Apr/2023:12:59:03 -0300] "GET /cormun/servlet/solicitudot?8d60eb7d007c0634f2b7e6e0406457b40ecd2a782c56292562bd4fa3b64c734eefd4413545b319f16563ded811a4015e8c104e2a2f12d26ee5ddeea020f449ab23291b56afd155d334fb2ef393056f7ef4e5bf5a96a1f44d6563b25e7ffd851a0c47da35a47cf2c863ae3562baf4fee1,gx-no-cache=1680536619911 HTTP/1.1" 200 110
190.171.142.10 - - [03/Apr/2023:12:59:03 -0300] "POST /cormun/servlet/solicitudot?gx-no-cache=1680536620435 HTTP/1.1" 200 64
190.171.142.10 - - [03/Apr/2023:12:59:05 -0300] "GET /cormun/servlet/solicitudot?8d60eb7d007c0634f2b7e6e0406457b40ecd2a782c56292562bd4fa3b64c734eefd4413545b319f16563ded811a4015e8c104e2a2f12d26ee5ddeea020f449ab23291b56afd155d334fb2ef393056f7ef4e5bf5a96a1f44d6563b25e7ffd851a0c47da35a47cf2c863ae3562baf4fee1,gx-no-cache=1680536622298 HTTP/1.1" 200 110
190.171.142.10 - - [03/Apr/2023:12:59:20 -0300] "POST /cormun/servlet/solicitudot?gx-no-cache=1680536637260 HTTP/1.1" 200 122
190.171.142.10 - - [03/Apr/2023:12:59:20 -0300] "GET /cormun/servlet/solicitudot?8d60eb7d007c0634f2b7e6e0406457b40ecd2a782c56292562bd4fa3b64c734eefd4413545b319f16563ded811a4015e8c104e2a2f12d26ee5ddeea020f449ab23291b56afd155d334fb2ef393056f7ef4e5bf5a96a1f44d6563b25e7ffd851a0c47da35a47cf2c863ae3562baf4fee1,gx-no-cache=1680536637306 HTTP/1.1" 200 110
190.171.142.10 - - [03/Apr/2023:12:59:25 -0300] "GET /cormun/servlet/prlicenciaspermisos?15266265,L,,MD,,gxPopupLevel%3D0%3B HTTP/1.1" 200 7529
190.171.142.10 - - [03/Apr/2023:12:59:39 -0300] "POST /cormun/servlet/solicitudot?gx-no-cache=1680536656326 HTTP/1.1" 200 41
190.171.142.10 - - [03/Apr/2023:12:59:39 -0300] "GET /cormun/servlet/solicitudot?8d60eb7d007c0634f2b7e6e0406457b40ecd2a782c56292562bd4fa3b64c734eefd4413545b319f16563ded811a4015e8c104e2a2f12d26ee5ddeea020f449ab23291b56afd155d334fb2ef393056f7ef4e5bf5a96a1f44d6563b25e7ffd851a0c47da35a47cf2c863ae3562baf4fee1,gx-no-cache=1680536656369 HTTP/1.1" 200 110
190.171.142.10 - - [03/Apr/2023:12:59:43 -0300] "GET /cormun/servlet/solicitudot?8d60eb7d007c0634f2b7e6e0406457b40ecd2a782c56292562bd4fa3b64c734eefd4413545b319f16563ded811a4015e8c104e2a2f12d26ee5ddeea020f449ab23291b56afd155d334fb2ef393056f7ef4e5bf5a96a1f44d6563b25e7ffd851a0c47da35a47cf2c863ae3562baf4fee1,gx-no-cache=1680536659967 HTTP/1.1" 200 110
190.171.142.10 - - [03/Apr/2023:13:00:18 -0300] "POST /cormun/servlet/solicitudot?gx-no-cache=1680536695593 HTTP/1.1" 200 34
190.171.142.10 - - [03/Apr/2023:13:00:19 -0300] "POST /cormun/servlet/solicitudot?f63c1a33e20ce8e36482ab085d8d3842,INS,0,0,false,,gx-no-cache=1680536695702 HTTP/1.1" 200 93
190.171.142.10 - - [03/Apr/2023:13:00:19 -0300] "GET /cormun/servlet/hpexe_return? HTTP/1.1" 200 1010
190.171.142.10 - - [03/Apr/2023:13:00:21 -0300] "GET /cormun/servlet/hhome HTTP/1.1" 200 4174
190.171.142.10 - - [03/Apr/2023:13:00:21 -0300] "GET /cormun/servlet/hhome HTTP/1.1" 200 4168
192.168.10.17 - - [03/Apr/2023:13:00:34 -0300] "POST /cormun/servlet/trsolicitudgral?43eb32e94f6cf2c1ffb0b6b6dbb4c671,,gx-no-cache=1680536700086 HTTP/1.1" 200 25751
190.171.142.10 - - [03/Apr/2023:13:00:42 -0300] "GET /cormun/servlet/trsolicitudot? HTTP/1.1" 200 9615
190.171.142.10 - - [03/Apr/2023:13:00:42 -0300] "GET /cormun/servlet/trsolicitudot? HTTP/1.1" 200 9613
192.168.10.17 - - [03/Apr/2023:13:00:55 -0300] "POST /cormun/servlet/trsolicitudgral?43eb32e94f6cf2c1ffb0b6b6dbb4c671,,gx-no-cache=1680536722724 HTTP/1.1" 200 7105
192.168.10.17 - - [03/Apr/2023:13:01:03 -0300] "POST /cormun/servlet/trsolicitudgral?43eb32e94f6cf2c1ffb0b6b6dbb4c671,,gx-no-cache=1680536730756 HTTP/1.1" 200 12279
190.171.142.10 - - [03/Apr/2023:13:01:04 -0300] "POST /cormun/servlet/trsolicitudot?f63c1a33e20ce8e36482ab085d8d3842,,gx-no-cache=1680536741218 HTTP/1.1" 200 6530
190.171.142.10 - - [03/Apr/2023:13:01:05 -0300] "POST /cormun/servlet/trsolicitudot?f63c1a33e20ce8e36482ab085d8d3842,,gx-no-cache=1680536741567 HTTP/1.1" 200 6511
192.168.10.17 - - [03/Apr/2023:13:01:14 -0300] "GET /cormun/servlet/vesolicitudgral?2023,19439,, HTTP/1.1" 200 8391
192.168.10.17 - - [03/Apr/2023:13:01:14 -0300] "GET /cormun/pexe_scrolldiv.js HTTP/1.1" 404 1009
192.168.10.17 - - [03/Apr/2023:13:01:14 -0300] "GET /cormun/servlet/vesolicitudgral?2023,19439,, HTTP/1.1" 200 8391
190.171.142.10 - - [03/Apr/2023:13:01:15 -0300] "POST /cormun/servlet/trsolicitudot?f63c1a33e20ce8e36482ab085d8d3842,,gx-no-cache=1680536752430 HTTP/1.1" 200 106
190.171.142.10 - - [03/Apr/2023:13:01:16 -0300] "GET /cormun/servlet/trsolicitudadjuntos?2023,19920, HTTP/1.1" 200 6279
192.168.10.17 - - [03/Apr/2023:13:01:16 -0300] "GET /cormun/servlet/vesolicitudgral?2023,19439,,SolicitudOTAdjuntos HTTP/1.1" 200 11116
192.168.10.17 - - [03/Apr/2023:13:01:17 -0300] "GET /cormun/pexe_scrolldiv.js HTTP/1.1" 404 1009
192.168.10.17 - - [03/Apr/2023:13:01:17 -0300] "GET /cormun/servlet/vesolicitudgral?2023,19439,,SolicitudOTAdjuntos HTTP/1.1" 200 11117
192.168.10.17 - - [03/Apr/2023:13:01:18 -0300] "POST /cormun/servlet/acontrolpreferencessavestate?None,RRHH+DANIELA,true HTTP/1.1" 200 35
192.168.10.17 - - [03/Apr/2023:13:01:19 -0300] "GET /cormun/servlet/vesolicitudgral?2023,19439,,General HTTP/1.1" 200 8394
192.168.10.17 - - [03/Apr/2023:13:01:19 -0300] "GET /cormun/pexe_scrolldiv.js HTTP/1.1" 404 1009
192.168.10.17 - - [03/Apr/2023:13:01:19 -0300] "GET /cormun/servlet/vesolicitudgral?2023,19439,,General HTTP/1.1" 200 8394
5.255.253.66 - - [03/Apr/2023:13:01:19 -0300] "GET /robots.txt HTTP/1.1" 404 981
213.180.203.132 - - [03/Apr/2023:13:01:20 -0300] "GET /examples/jsp/cal/calendar.html HTTP/1.1" 200 1654
190.171.142.10 - - [03/Apr/2023:13:01:20 -0300] "GET /cormun/servlet/trsolicitudadjuntos?2023,19920, HTTP/1.1" 200 6277
192.168.10.17 - - [03/Apr/2023:13:01:24 -0300] "POST /cormun/servlet/vesolicitudgral?43eb32e94f6cf2c1ffb0b6b6dbb4c671,2023,19439,,General,gx-no-cache=1680536751167 HTTP/1.1" 200 12204
192.168.10.17 - - [03/Apr/2023:13:01:24 -0300] "GET /cormun/static/Shared/jqueryui/images/ui-icons_82798d_256x240.png HTTP/1.1" 404 1089
192.168.10.17 - - [03/Apr/2023:13:01:24 -0300] "GET /cormun/static/Shared/jqueryui/images/ui-bg_flat_55_fafafa_40x100.png HTTP/1.1" 404 1097
192.168.10.17 - - [03/Apr/2023:13:01:24 -0300] "GET /cormun/static/Shared/jqueryui/images/ui-icons_8d78a5_256x240.png HTTP/1.1" 404 1089
192.168.10.17 - - [03/Apr/2023:13:01:24 -0300] "GET /cormun/static/Shared/jqueryui/images/ui-bg_highlight-soft_100_c6c2c8_1x100.png HTTP/1.1" 404 1117
40.77.167.173 - - [03/Apr/2023:13:01:27 -0300] "GET /cormun/servlet/trlicenciaspermisoslog?15102666,L,20230306000000,_escaped_fragment_%3D HTTP/1.1" 200 5256
40.77.167.173 - - [03/Apr/2023:13:01:27 -0300] "GET /cormun/servlet/trlicenciaspermisoslog?11220137,L,20230316000000,_escaped_fragment_%3D HTTP/1.1" 200 5253
190.171.142.10 - - [03/Apr/2023:13:01:30 -0300] "GET /cormun/servlet/solicitudotadjuntos?INS,2023,19920,,1, HTTP/1.1" 200 6225
190.171.142.10 - - [03/Apr/2023:13:01:30 -0300] "GET /cormun/servlet/solicitudotadjuntos?INS,2023,19920,,1, HTTP/1.1" 200 6218
190.171.142.10 - - [03/Apr/2023:13:01:31 -0300] "GET /cormun/static/about:blank HTTP/1.1" 404 1011
190.171.142.10 - - [03/Apr/2023:13:01:31 -0300] "GET /cormun/servlet/solicitudotadjuntos?8d60eb7d007c0634f2b7e6e0406457b44994e3127e856856adb94b4033283ebd2010b1d65835d9cb8294fe569e49cbce,gx-no-cache=1680536767995 HTTP/1.1" 200 30
190.171.142.10 - - [03/Apr/2023:13:01:31 -0300] "POST /cormun/servlet/solicitudotadjuntos?f63c1a33e20ce8e36482ab085d8d3842,INS,2023,19920,,1,,gx-no-cache=1680536768061 HTTP/1.1" 200 4146
40.77.167.193 - - [03/Apr/2023:13:01:31 -0300] "GET /cormun/servlet/licenciaspermisos?DSP,15102666,L,20230306000000,_escaped_fragment_%3D HTTP/1.1" 200 6094
40.77.167.193 - - [03/Apr/2023:13:01:31 -0300] "GET /cormun/servlet/licenciaspermisos?DSP,11220137,L,20230316000000,_escaped_fragment_%3D HTTP/1.1" 200 6085
40.77.167.94 - - [03/Apr/2023:13:01:32 -0300] "GET /cormun/servlet/trlicenciaspermisosadjuntos?15102666,20230306000000,L,_escaped_fragment_%3D HTTP/1.1" 200 5358
190.171.142.10 - - [03/Apr/2023:13:01:35 -0300] "POST /cormun/servlet/solicitudotadjuntos?gx-no-cache=1680536772713 HTTP/1.1" 200 26
40.77.167.251 - - [03/Apr/2023:13:01:36 -0300] "GET /cormun/servlet/trlicenciaspermisosadjuntos?11220137,20230316000000,L,_escaped_fragment_%3D HTTP/1.1" 200 5352
192.168.10.17 - - [03/Apr/2023:13:01:41 -0300] "POST /cormun/servlet/vesolicitudgral?43eb32e94f6cf2c1ffb0b6b6dbb4c671,2023,19439,,General,gx-no-cache=1680536768652 HTTP/1.1" 200 12204
190.171.142.10 - - [03/Apr/2023:13:02:11 -0300] "GET /cormun/servlet/solicitudotadjuntos?8d60eb7d007c0634f2b7e6e0406457b47380fea1d7b49860ed9ead04179ea51d,gx-no-cache=1680536808387 HTTP/1.1" 200 30
190.171.142.10 - - [03/Apr/2023:13:02:11 -0300] "GET /cormun/servlet/solicitudotadjuntos?8d60eb7d007c0634f2b7e6e0406457b47380fea1d7b49860ed9ead04179ea51d,gx-no-cache=1680536808481 HTTP/1.1" 200 30
190.171.142.10 - - [03/Apr/2023:13:02:12 -0300] "POST /cormun/servlet/solicitudotadjuntos?f63c1a33e20ce8e36482ab085d8d3842,INS,2023,19920,,1, HTTP/1.1" 200 116
190.171.142.10 - - [03/Apr/2023:13:02:12 -0300] "GET /cormun/servlet/hpexe_return? HTTP/1.1" 200 1026
190.171.142.10 - - [03/Apr/2023:13:02:12 -0300] "GET /cormun/servlet/trsolicitudadjuntos?2023,19920, HTTP/1.1" 200 9218
190.171.142.10 - - [03/Apr/2023:13:02:12 -0300] "GET /cormun/servlet/trsolicitudadjuntos?2023,19920, HTTP/1.1" 200 9216
190.171.142.10 - - [03/Apr/2023:13:02:14 -0300] "GET /cormun/servlet/solicitudotadjuntos?INS,2023,19920,,1, HTTP/1.1" 200 6225
190.171.142.10 - - [03/Apr/2023:13:02:14 -0300] "GET /cormun/static/about:blank HTTP/1.1" 404 1011
190.171.142.10 - - [03/Apr/2023:13:02:14 -0300] "GET /cormun/servlet/solicitudotadjuntos?INS,2023,19920,,1, HTTP/1.1" 200 6218
190.171.142.10 - - [03/Apr/2023:13:02:15 -0300] "GET /cormun/servlet/solicitudotadjuntos?8d60eb7d007c0634f2b7e6e0406457b44994e3127e856856adb94b4033283ebd2010b1d65835d9cb8294fe569e49cbce,gx-no-cache=1680536812121 HTTP/1.1" 200 30
190.171.142.10 - - [03/Apr/2023:13:02:15 -0300] "POST /cormun/servlet/solicitudotadjuntos?f63c1a33e20ce8e36482ab085d8d3842,INS,2023,19920,,1,,gx-no-cache=1680536812156 HTTP/1.1" 200 4148
190.171.142.10 - - [03/Apr/2023:13:02:23 -0300] "POST /cormun/servlet/solicitudotadjuntos?gx-no-cache=1680536819889 HTTP/1.1" 200 26
192.168.10.17 - - [03/Apr/2023:13:02:26 -0300] "GET /cormun/servlet/vesolicitudgral?2023,19439,,SolicitudOTAdjuntos HTTP/1.1" 200 11121
192.168.10.17 - - [03/Apr/2023:13:02:26 -0300] "GET /cormun/pexe_scrolldiv.js HTTP/1.1" 404 1009
192.168.10.17 - - [03/Apr/2023:13:02:26 -0300] "GET /cormun/servlet/vesolicitudgral?2023,19439,,SolicitudOTAdjuntos HTTP/1.1" 200 11117
192.168.10.17 - - [03/Apr/2023:13:02:27 -0300] "POST /cormun/servlet/acontrolpreferencessavestate?None,RRHH+DANIELA,true HTTP/1.1" 200 35
190.171.142.10 - - [03/Apr/2023:13:02:32 -0300] "POST /cormun/servlet/solicitudotadjuntos?gx-no-cache=1680536828901 HTTP/1.1" 200 26
192.168.10.17 - - [03/Apr/2023:13:02:32 -0300] "GET /cormun/PublicTempStorage/copia_de_cedula_de_identidad7460082.pdf HTTP/1.1" 200 418893
192.168.10.17 - - [03/Apr/2023:13:02:49 -0300] "GET /cormun/servlet/vesolicitudgral?2023,19439,,SolicitudOTAdjuntos HTTP/1.1" 200 11119
192.168.10.17 - - [03/Apr/2023:13:02:49 -0300] "GET /cormun/servlet/vesolicitudgral?2023,19439,,SolicitudOTAdjuntos HTTP/1.1" 200 11119
192.168.10.17 - - [03/Apr/2023:13:02:50 -0300] "POST /cormun/servlet/acontrolpreferencessavestate?None,RRHH+DANIELA,true HTTP/1.1" 200 35
181.212.42.153 - - [03/Apr/2023:13:02:51 -0300] "GET /cormun/servlet/trsolicitudot? HTTP/1.1" 200 7178
181.212.42.153 - - [03/Apr/2023:13:02:52 -0300] "GET /cormun/servlet/trsolicitudot? HTTP/1.1" 200 7179
190.171.142.10 - - [03/Apr/2023:13:02:53 -0300] "GET /cormun/servlet/solicitudotadjuntos?8d60eb7d007c0634f2b7e6e0406457b47380fea1d7b49860ed9ead04179ea51d,gx-no-cache=1680536850089 HTTP/1.1" 200 30
190.171.142.10 - - [03/Apr/2023:13:02:53 -0300] "GET /cormun/servlet/solicitudotadjuntos?8d60eb7d007c0634f2b7e6e0406457b47380fea1d7b49860ed9ead04179ea51d,gx-no-cache=1680536850153 HTTP/1.1" 200 30
190.171.142.10 - - [03/Apr/2023:13:02:53 -0300] "POST /cormun/servlet/solicitudotadjuntos?f63c1a33e20ce8e36482ab085d8d3842,INS,2023,19920,,1, HTTP/1.1" 200 116
190.171.142.10 - - [03/Apr/2023:13:02:53 -0300] "GET /cormun/servlet/hpexe_return? HTTP/1.1" 200 1026
190.171.142.10 - - [03/Apr/2023:13:02:54 -0300] "GET /cormun/servlet/trsolicitudadjuntos?2023,19920, HTTP/1.1" 200 9454
190.171.142.10 - - [03/Apr/2023:13:02:54 -0300] "GET /cormun/servlet/trsolicitudadjuntos?2023,19920, HTTP/1.1" 200 9452
181.212.42.153 - - [03/Apr/2023:13:02:54 -0300] "GET /cormun/servlet/solicitudot?INS,0,0,false, HTTP/1.1" 200 15814
181.212.42.153 - - [03/Apr/2023:13:02:55 -0300] "GET /cormun/servlet/solicitudot?INS,0,0,false, HTTP/1.1" 200 15821
181.212.42.153 - - [03/Apr/2023:13:02:56 -0300] "GET /cormun/servlet/prfichaempleado?,MD,,gxPopupLevel%3D0%3B HTTP/1.1" 200 9267
192.168.10.17 - - [03/Apr/2023:13:02:57 -0300] "GET /cormun/PublicTempStorage/curriculum_actualizado_2022997083.pdf HTTP/1.1" 200 103045
190.171.142.10 - - [03/Apr/2023:13:02:57 -0300] "GET /cormun/servlet/solicitudotadjuntos?INS,2023,19920,,1, HTTP/1.1" 200 6225
190.171.142.10 - - [03/Apr/2023:13:02:57 -0300] "GET /cormun/static/about:blank HTTP/1.1" 404 1011
190.171.142.10 - - [03/Apr/2023:13:02:57 -0300] "GET /cormun/servlet/solicitudotadjuntos?INS,2023,19920,,1, HTTP/1.1" 200 6218
200.54.103.162 - - [03/Apr/2023:13:02:58 -0300] "GET /cormun/servlet/trautorizarsolicitud? HTTP/1.1" 200 6222
200.54.103.162 - - [03/Apr/2023:13:02:58 -0300] "GET /cormun/static/gxcfg.js?202211298474254 HTTP/1.1" 200 953
190.171.142.10 - - [03/Apr/2023:13:02:58 -0300] "GET /cormun/servlet/solicitudotadjuntos?8d60eb7d007c0634f2b7e6e0406457b44994e3127e856856adb94b4033283ebd2010b1d65835d9cb8294fe569e49cbce,gx-no-cache=1680536855081 HTTP/1.1" 200 30
190.171.142.10 - - [03/Apr/2023:13:02:58 -0300] "POST /cormun/servlet/solicitudotadjuntos?f63c1a33e20ce8e36482ab085d8d3842,INS,2023,19920,,1,,gx-no-cache=1680536855116 HTTP/1.1" 200 4146
200.54.103.162 - - [03/Apr/2023:13:02:58 -0300] "GET /cormun/static/trautorizarsolicitud.js?202211298474588 HTTP/1.1" 200 53909
200.54.103.162 - - [03/Apr/2023:13:02:59 -0300] "GET /cormun/servlet/hlogin HTTP/1.1" 200 1741
200.54.103.162 - - [03/Apr/2023:13:02:59 -0300] "GET /cormun/servlet/trautorizarsolicitud? HTTP/1.1" 200 6220
190.171.142.10 - - [03/Apr/2023:13:03:02 -0300] "POST /cormun/servlet/solicitudotadjuntos?gx-no-cache=1680536859230 HTTP/1.1" 200 26
200.54.103.162 - - [03/Apr/2023:13:03:02 -0300] "POST /cormun/servlet/hlogin?85b914352fc2bb75c2a3eb175b861d00,gx-no-cache=1680536952446 HTTP/1.1" 200 90
200.54.103.162 - - [03/Apr/2023:13:03:02 -0300] "GET /cormun/servlet/hpexe_link HTTP/1.1" 200 960
200.54.103.162 - - [03/Apr/2023:13:03:03 -0300] "GET /cormun/servlet/trautorizarsolicitud HTTP/1.1" 200 7285
200.54.103.162 - - [03/Apr/2023:13:03:03 -0300] "GET /cormun/servlet/trautorizarsolicitud HTTP/1.1" 200 7284
190.171.142.10 - - [03/Apr/2023:13:03:09 -0300] "GET /cormun/servlet/solicitudotadjuntos?8d60eb7d007c0634f2b7e6e0406457b47380fea1d7b49860ed9ead04179ea51d,gx-no-cache=1680536866505 HTTP/1.1" 200 30
190.171.142.10 - - [03/Apr/2023:13:03:09 -0300] "GET /cormun/servlet/solicitudotadjuntos?8d60eb7d007c0634f2b7e6e0406457b47380fea1d7b49860ed9ead04179ea51d,gx-no-cache=1680536866538 HTTP/1.1" 200 30
190.171.142.10 - - [03/Apr/2023:13:03:10 -0300] "POST /cormun/servlet/solicitudotadjuntos?f63c1a33e20ce8e36482ab085d8d3842,INS,2023,19920,,1, HTTP/1.1" 200 116
190.171.142.10 - - [03/Apr/2023:13:03:10 -0300] "GET /cormun/servlet/hpexe_return? HTTP/1.1" 200 1026
190.171.142.10 - - [03/Apr/2023:13:03:10 -0300] "GET /cormun/servlet/trsolicitudadjuntos?2023,19920, HTTP/1.1" 200 9682
200.54.103.162 - - [03/Apr/2023:13:03:11 -0300] "GET /cormun/servlet/trautorizarsolicitud? HTTP/1.1" 200 7284
190.171.142.10 - - [03/Apr/2023:13:03:12 -0300] "GET /cormun/servlet/trsolicitudadjuntos?2023,19920, HTTP/1.1" 200 9679
190.171.142.10 - - [03/Apr/2023:13:03:14 -0300] "GET /cormun/servlet/solicitudotadjuntos?INS,2023,19920,,1, HTTP/1.1" 200 6225
190.171.142.10 - - [03/Apr/2023:13:03:14 -0300] "GET /cormun/static/about:blank HTTP/1.1" 404 1011
190.171.142.10 - - [03/Apr/2023:13:03:14 -0300] "GET /cormun/servlet/solicitudotadjuntos?INS,2023,19920,,1, HTTP/1.1" 200 6218
190.171.142.10 - - [03/Apr/2023:13:03:15 -0300] "GET /cormun/servlet/solicitudotadjuntos?8d60eb7d007c0634f2b7e6e0406457b44994e3127e856856adb94b4033283ebd2010b1d65835d9cb8294fe569e49cbce,gx-no-cache=1680536871956 HTTP/1.1" 200 30
190.171.142.10 - - [03/Apr/2023:13:03:15 -0300] "POST /cormun/servlet/solicitudotadjuntos?f63c1a33e20ce8e36482ab085d8d3842,INS,2023,19920,,1,,gx-no-cache=1680536871991 HTTP/1.1" 200 4146
200.54.103.162 - - [03/Apr/2023:13:03:21 -0300] "GET /cormun/servlet/trautorizarsolicitud? HTTP/1.1" 200 7284
190.171.142.10 - - [03/Apr/2023:13:03:27 -0300] "POST /cormun/servlet/solicitudotadjuntos?gx-no-cache=1680536884703 HTTP/1.1" 200 26
200.54.103.162 - - [03/Apr/2023:13:03:33 -0300] "POST /cormun/servlet/trautorizarsolicitud?85b914352fc2bb75c2a3eb175b861d00,,gx-no-cache=1680536982985 HTTP/1.1" 200 6473
190.171.142.10 - - [03/Apr/2023:13:03:34 -0300] "GET /cormun/servlet/solicitudotadjuntos?8d60eb7d007c0634f2b7e6e0406457b47380fea1d7b49860ed9ead04179ea51d,gx-no-cache=1680536891601 HTTP/1.1" 200 30
190.171.142.10 - - [03/Apr/2023:13:03:34 -0300] "GET /cormun/servlet/solicitudotadjuntos?8d60eb7d007c0634f2b7e6e0406457b47380fea1d7b49860ed9ead04179ea51d,gx-no-cache=1680536891641 HTTP/1.1" 200 30
190.171.142.10 - - [03/Apr/2023:13:03:35 -0300] "POST /cormun/servlet/solicitudotadjuntos?f63c1a33e20ce8e36482ab085d8d3842,INS,2023,19920,,1, HTTP/1.1" 200 116
190.171.142.10 - - [03/Apr/2023:13:03:35 -0300] "GET /cormun/servlet/hpexe_return? HTTP/1.1" 200 1026
190.171.142.10 - - [03/Apr/2023:13:03:35 -0300] "GET /cormun/servlet/trsolicitudadjuntos?2023,19920, HTTP/1.1" 200 9927
190.171.142.10 - - [03/Apr/2023:13:03:38 -0300] "GET /cormun/servlet/trsolicitudadjuntos?2023,19920, HTTP/1.1" 200 9922
190.171.142.10 - - [03/Apr/2023:13:03:40 -0300] "GET /cormun/servlet/solicitudotadjuntos?INS,2023,19920,,1, HTTP/1.1" 200 6225
190.171.142.10 - - [03/Apr/2023:13:03:40 -0300] "GET /cormun/static/about:blank HTTP/1.1" 404 1011
190.171.142.10 - - [03/Apr/2023:13:03:43 -0300] "GET /cormun/servlet/solicitudotadjuntos?INS,2023,19920,,1, HTTP/1.1" 200 6218
190.171.142.10 - - [03/Apr/2023:13:03:44 -0300] "GET /cormun/servlet/solicitudotadjuntos?8d60eb7d007c0634f2b7e6e0406457b44994e3127e856856adb94b4033283ebd2010b1d65835d9cb8294fe569e49cbce,gx-no-cache=1680536901150 HTTP/1.1" 200 30
190.171.142.10 - - [03/Apr/2023:13:03:44 -0300] "POST /cormun/servlet/solicitudotadjuntos?f63c1a33e20ce8e36482ab085d8d3842,INS,2023,19920,,1,,gx-no-cache=1680536901188 HTTP/1.1" 200 4146
190.171.142.10 - - [03/Apr/2023:13:03:47 -0300] "POST /cormun/servlet/solicitudotadjuntos?gx-no-cache=1680536904025 HTTP/1.1" 200 26
190.171.142.10 - - [03/Apr/2023:13:03:54 -0300] "GET /cormun/servlet/solicitudotadjuntos?8d60eb7d007c0634f2b7e6e0406457b47380fea1d7b49860ed9ead04179ea51d,gx-no-cache=1680536911057 HTTP/1.1" 200 30
190.171.142.10 - - [03/Apr/2023:13:03:54 -0300] "GET /cormun/servlet/solicitudotadjuntos?8d60eb7d007c0634f2b7e6e0406457b47380fea1d7b49860ed9ead04179ea51d,gx-no-cache=1680536911117 HTTP/1.1" 200 30
190.171.142.10 - - [03/Apr/2023:13:03:54 -0300] "POST /cormun/servlet/solicitudotadjuntos?f63c1a33e20ce8e36482ab085d8d3842,INS,2023,19920,,1, HTTP/1.1" 200 116
190.171.142.10 - - [03/Apr/2023:13:03:54 -0300] "GET /cormun/servlet/hpexe_return? HTTP/1.1" 200 1026
190.171.142.10 - - [03/Apr/2023:13:03:55 -0300] "GET /cormun/servlet/trsolicitudadjuntos?2023,19920, HTTP/1.1" 200 10226
190.171.142.10 - - [03/Apr/2023:13:04:01 -0300] "GET /cormun/servlet/trsolicitudadjuntos?2023,19920, HTTP/1.1" 200 10222
190.171.142.10 - - [03/Apr/2023:13:04:12 -0300] "GET /cormun/servlet/solicitudotadjuntos?INS,2023,19920,,1, HTTP/1.1" 200 6225
190.171.142.10 - - [03/Apr/2023:13:04:12 -0300] "GET /cormun/static/about:blank HTTP/1.1" 404 1011
190.171.142.10 - - [03/Apr/2023:13:04:12 -0300] "GET /cormun/servlet/solicitudotadjuntos?INS,2023,19920,,1, HTTP/1.1" 200 6218
190.171.142.10 - - [03/Apr/2023:13:04:13 -0300] "GET /cormun/servlet/solicitudotadjuntos?8d60eb7d007c0634f2b7e6e0406457b44994e3127e856856adb94b4033283ebd2010b1d65835d9cb8294fe569e49cbce,gx-no-cache=1680536929930 HTTP/1.1" 200 30
190.171.142.10 - - [03/Apr/2023:13:04:13 -0300] "POST /cormun/servlet/solicitudotadjuntos?f63c1a33e20ce8e36482ab085d8d3842,INS,2023,19920,,1,,gx-no-cache=1680536929968 HTTP/1.1" 200 4146
192.168.10.17 - - [03/Apr/2023:13:04:17 -0300] "GET /cormun/servlet/vesolicitudgral?2023,19439,,SolicitudOTAdjuntos HTTP/1.1" 200 11117
192.168.10.17 - - [03/Apr/2023:13:04:17 -0300] "GET /cormun/servlet/vesolicitudgral?2023,19439,,SolicitudOTAdjuntos HTTP/1.1" 200 11119
190.171.142.10 - - [03/Apr/2023:13:04:17 -0300] "POST /cormun/servlet/solicitudotadjuntos?gx-no-cache=1680536934071 HTTP/1.1" 200 26
192.168.10.17 - - [03/Apr/2023:13:04:18 -0300] "POST /cormun/servlet/acontrolpreferencessavestate?None,RRHH+DANIELA,true HTTP/1.1" 200 35
192.168.10.17 - - [03/Apr/2023:13:04:19 -0300] "GET /cormun/servlet/vesolicitudgral?2023,19439,,General HTTP/1.1" 200 8394
192.168.10.17 - - [03/Apr/2023:13:04:19 -0300] "GET /cormun/pexe_scrolldiv.js HTTP/1.1" 404 1009
192.168.10.17 - - [03/Apr/2023:13:04:19 -0300] "GET /cormun/servlet/vesolicitudgral?2023,19439,,General HTTP/1.1" 200 8394
190.171.142.10 - - [03/Apr/2023:13:04:23 -0300] "GET /cormun/servlet/solicitudotadjuntos?8d60eb7d007c0634f2b7e6e0406457b47380fea1d7b49860ed9ead04179ea51d,gx-no-cache=1680536940671 HTTP/1.1" 200 30
190.171.142.10 - - [03/Apr/2023:13:04:23 -0300] "GET /cormun/servlet/solicitudotadjuntos?8d60eb7d007c0634f2b7e6e0406457b47380fea1d7b49860ed9ead04179ea51d,gx-no-cache=1680536940706 HTTP/1.1" 200 30
190.171.142.10 - - [03/Apr/2023:13:04:24 -0300] "POST /cormun/servlet/solicitudotadjuntos?f63c1a33e20ce8e36482ab085d8d3842,INS,2023,19920,,1, HTTP/1.1" 200 116
190.171.142.10 - - [03/Apr/2023:13:04:24 -0300] "GET /cormun/servlet/hpexe_return? HTTP/1.1" 200 1026
190.171.142.10 - - [03/Apr/2023:13:04:24 -0300] "GET /cormun/servlet/trsolicitudadjuntos?2023,19920, HTTP/1.1" 200 10381
190.171.142.10 - - [03/Apr/2023:13:04:25 -0300] "GET /cormun/servlet/trsolicitudadjuntos?2023,19920, HTTP/1.1" 200 10377
190.171.142.10 - - [03/Apr/2023:13:04:28 -0300] "GET /cormun/PublicTempStorage/sandra_delgadillo_fotos_carnet9663678.pdf HTTP/1.1" 200 24576
192.168.10.17 - - [03/Apr/2023:13:04:29 -0300] "GET /cormun/servlet/vesolicitudgral?2023,19439,,SolicitudOTAdjuntos HTTP/1.1" 200 11118
192.168.10.17 - - [03/Apr/2023:13:04:29 -0300] "GET /cormun/pexe_scrolldiv.js HTTP/1.1" 404 1009
192.168.10.17 - - [03/Apr/2023:13:04:29 -0300] "GET /cormun/servlet/vesolicitudgral?2023,19439,,SolicitudOTAdjuntos HTTP/1.1" 200 11119
192.168.10.17 - - [03/Apr/2023:13:04:30 -0300] "POST /cormun/servlet/acontrolpreferencessavestate?None,RRHH+DANIELA,true HTTP/1.1" 200 35
192.168.10.17 - - [03/Apr/2023:13:04:30 -0300] "GET /cormun/PublicTempStorage/certificado_de_titulo538578.pdf HTTP/1.1" 200 273810
190.171.142.10 - - [03/Apr/2023:13:04:32 -0300] "GET /cormun/PublicTempStorage/sandra_delgadillo_fotos_carnet9663678.pdf HTTP/1.1" 200 278558
190.171.142.10 - - [03/Apr/2023:13:04:39 -0300] "GET /cormun/PublicTempStorage/sandra_delgadillo_titulo6918579.pdf HTTP/1.1" 200 32768
190.171.142.10 - - [03/Apr/2023:13:04:40 -0300] "GET /cormun/PublicTempStorage/sandra_delgadillo_titulo6918579.pdf HTTP/1.1" 200 186410
190.171.142.10 - - [03/Apr/2023:13:04:49 -0300] "GET /cormun/PublicTempStorage/sandra_delgadillo_afp353573.pdf HTTP/1.1" 200 180651
190.171.142.10 - - [03/Apr/2023:13:04:58 -0300] "GET /cormun/PublicTempStorage/sandra_delgadillo_salud2891827.pdf HTTP/1.1" 200 198130
192.168.10.17 - - [03/Apr/2023:13:05:06 -0300] "GET /cormun/servlet/vesolicitudgral?2023,19439,,SolicitudOTAdjuntos HTTP/1.1" 200 11120
192.168.10.17 - - [03/Apr/2023:13:05:07 -0300] "GET /cormun/servlet/vesolicitudgral?2023,19439,,SolicitudOTAdjuntos HTTP/1.1" 200 11118
192.168.10.17 - - [03/Apr/2023:13:05:08 -0300] "POST /cormun/servlet/acontrolpreferencessavestate?None,RRHH+DANIELA,true HTTP/1.1" 200 35
192.168.10.17 - - [03/Apr/2023:13:05:09 -0300] "GET /cormun/PublicTempStorage/certificado_afiliacion_afp_%282%294284188.pdf HTTP/1.1" 200 37882
190.171.142.10 - - [03/Apr/2023:13:05:11 -0300] "GET /cormun/PublicTempStorage/sandra_delgadillo_antecedentes8235558.pdf HTTP/1.1" 200 555798
190.171.142.10 - - [03/Apr/2023:13:05:23 -0300] "GET /cormun/PublicTempStorage/sandra_delgadillo_curriculum_vitae8089759.pdf HTTP/1.1" 200 319730
192.168.10.17 - - [03/Apr/2023:13:05:28 -0300] "GET /cormun/servlet/vesolicitudgral?2023,19439,,SolicitudOTAdjuntos HTTP/1.1" 200 11118
192.168.10.17 - - [03/Apr/2023:13:05:29 -0300] "GET /cormun/servlet/vesolicitudgral?2023,19439,,SolicitudOTAdjuntos HTTP/1.1" 200 11119
192.168.10.17 - - [03/Apr/2023:13:05:29 -0300] "POST /cormun/servlet/acontrolpreferencessavestate?None,RRHH+DANIELA,true HTTP/1.1" 200 35
192.168.10.17 - - [03/Apr/2023:13:05:30 -0300] "GET /cormun/PublicTempStorage/certificado_afiliacion_fonasa_%281%293855960.pdf HTTP/1.1" 200 71809
192.168.10.17 - - [03/Apr/2023:13:05:36 -0300] "GET /cormun/servlet/vesolicitudgral?2023,19439,,SolicitudOTAdjuntos HTTP/1.1" 200 11119
192.168.10.17 - - [03/Apr/2023:13:05:37 -0300] "GET /cormun/servlet/vesolicitudgral?2023,19439,,SolicitudOTAdjuntos HTTP/1.1" 200 11120
192.168.10.17 - - [03/Apr/2023:13:05:37 -0300] "POST /cormun/servlet/acontrolpreferencessavestate?None,RRHH+DANIELA,true HTTP/1.1" 200 35
192.168.10.17 - - [03/Apr/2023:13:05:38 -0300] "GET /cormun/servlet/vesolicitudgral?2023,19439,,General HTTP/1.1" 200 8394
192.168.10.17 - - [03/Apr/2023:13:05:38 -0300] "GET /cormun/pexe_scrolldiv.js HTTP/1.1" 404 1009
192.168.10.17 - - [03/Apr/2023:13:05:38 -0300] "GET /cormun/servlet/vesolicitudgral?2023,19439,,General HTTP/1.1" 200 8394
95.108.213.96 - - [03/Apr/2023:13:05:43 -0300] "GET /examples/jsp/jsp2/el/functions.jsp.html HTTP/1.1" 200 2633
190.171.142.10 - - [03/Apr/2023:13:05:47 -0300] "GET /cormun/servlet/solicitudotadjuntos?DLT,2023,19920,CARNET,0, HTTP/1.1" 200 6226
190.171.142.10 - - [03/Apr/2023:13:05:48 -0300] "GET /cormun/static/Shared/jqueryui/images/ui-bg_highlight-soft_100_c6c2c8_1x100.png HTTP/1.1" 404 1117
190.171.142.10 - - [03/Apr/2023:13:05:48 -0300] "GET /cormun/static/Shared/jqueryui/images/ui-icons_82798d_256x240.png HTTP/1.1" 404 1089
190.171.142.10 - - [03/Apr/2023:13:05:48 -0300] "GET /cormun/static/Shared/jqueryui/images/ui-bg_flat_55_fafafa_40x100.png HTTP/1.1" 404 1097
190.171.142.10 - - [03/Apr/2023:13:05:48 -0300] "GET /cormun/static/Shared/jqueryui/images/ui-icons_8d78a5_256x240.png HTTP/1.1" 404 1089
190.171.142.10 - - [03/Apr/2023:13:05:48 -0300] "GET /cormun/servlet/solicitudotadjuntos?DLT,2023,19920,CARNET,0, HTTP/1.1" 200 6221
190.171.142.10 - - [03/Apr/2023:13:05:58 -0300] "GET /cormun/servlet/solicitudotadjuntos?DLT,2023,19920,CARNET,0, HTTP/1.1" 200 6228
190.171.142.10 - - [03/Apr/2023:13:05:58 -0300] "GET /cormun/static/Shared/jqueryui/images/ui-icons_82798d_256x240.png HTTP/1.1" 404 1089
190.171.142.10 - - [03/Apr/2023:13:05:58 -0300] "GET /cormun/static/Shared/jqueryui/images/ui-bg_flat_55_fafafa_40x100.png HTTP/1.1" 404 1097
190.171.142.10 - - [03/Apr/2023:13:05:58 -0300] "GET /cormun/static/Shared/jqueryui/images/ui-icons_8d78a5_256x240.png HTTP/1.1" 404 1089
190.171.142.10 - - [03/Apr/2023:13:05:58 -0300] "GET /cormun/static/Shared/jqueryui/images/ui-bg_highlight-soft_100_c6c2c8_1x100.png HTTP/1.1" 404 1117
190.171.142.10 - - [03/Apr/2023:13:05:58 -0300] "GET /cormun/servlet/solicitudotadjuntos?DLT,2023,19920,CARNET,0, HTTP/1.1" 200 6221
190.171.142.10 - - [03/Apr/2023:13:06:02 -0300] "POST /cormun/servlet/solicitudotadjuntos?f63c1a33e20ce8e36482ab085d8d3842,DLT,2023,19920,CARNET,0,,gx-no-cache=1680537039245 HTTP/1.1" 200 93
190.171.142.10 - - [03/Apr/2023:13:06:09 -0300] "GET /cormun/servlet/hpexe_return? HTTP/1.1" 200 1031
190.171.142.10 - - [03/Apr/2023:13:06:10 -0300] "GET /cormun/servlet/trsolicitudadjuntos?2023,19920, HTTP/1.1" 200 10192
190.171.142.10 - - [03/Apr/2023:13:06:10 -0300] "GET /cormun/servlet/trsolicitudadjuntos?2023,19920, HTTP/1.1" 200 10191
190.171.142.10 - - [03/Apr/2023:13:06:14 -0300] "GET /cormun/servlet/solicitudotadjuntos?DLT,2023,19920,CERTIF2,0, HTTP/1.1" 200 6221
190.171.142.10 - - [03/Apr/2023:13:06:14 -0300] "GET /cormun/static/Shared/jqueryui/images/ui-icons_82798d_256x240.png HTTP/1.1" 404 1089
190.171.142.10 - - [03/Apr/2023:13:06:14 -0300] "GET /cormun/static/Shared/jqueryui/images/ui-bg_highlight-soft_100_c6c2c8_1x100.png HTTP/1.1" 404 1117
190.171.142.10 - - [03/Apr/2023:13:06:14 -0300] "GET /cormun/static/Shared/jqueryui/images/ui-bg_flat_55_fafafa_40x100.png HTTP/1.1" 404 1097
190.171.142.10 - - [03/Apr/2023:13:06:14 -0300] "GET /cormun/static/Shared/jqueryui/images/ui-icons_8d78a5_256x240.png HTTP/1.1" 404 1089
190.171.142.10 - - [03/Apr/2023:13:06:14 -0300] "GET /cormun/servlet/solicitudotadjuntos?DLT,2023,19920,CERTIF2,0, HTTP/1.1" 200 6215
190.171.142.10 - - [03/Apr/2023:13:06:16 -0300] "POST /cormun/servlet/solicitudotadjuntos?f63c1a33e20ce8e36482ab085d8d3842,DLT,2023,19920,CERTIF2,0,,gx-no-cache=1680537052851 HTTP/1.1" 200 93
190.171.142.10 - - [03/Apr/2023:13:06:16 -0300] "GET /cormun/servlet/hpexe_return? HTTP/1.1" 200 1032
190.171.142.10 - - [03/Apr/2023:13:06:19 -0300] "GET /cormun/servlet/trsolicitudadjuntos?2023,19920, HTTP/1.1" 200 9925
190.171.142.10 - - [03/Apr/2023:13:06:20 -0300] "GET /cormun/servlet/trsolicitudadjuntos?2023,19920, HTTP/1.1" 200 9923
190.171.142.10 - - [03/Apr/2023:13:06:22 -0300] "GET /cormun/servlet/solicitudotadjuntos?DLT,2023,19920,CERTIF3,0, HTTP/1.1" 200 6215
190.171.142.10 - - [03/Apr/2023:13:06:22 -0300] "GET /cormun/static/Shared/jqueryui/images/ui-icons_82798d_256x240.png HTTP/1.1" 404 1089
190.171.142.10 - - [03/Apr/2023:13:06:22 -0300] "GET /cormun/static/Shared/jqueryui/images/ui-bg_highlight-soft_100_c6c2c8_1x100.png HTTP/1.1" 404 1117
190.171.142.10 - - [03/Apr/2023:13:06:22 -0300] "GET /cormun/static/Shared/jqueryui/images/ui-bg_flat_55_fafafa_40x100.png HTTP/1.1" 404 1097
190.171.142.10 - - [03/Apr/2023:13:06:22 -0300] "GET /cormun/static/Shared/jqueryui/images/ui-icons_8d78a5_256x240.png HTTP/1.1" 404 1089
190.171.142.10 - - [03/Apr/2023:13:06:23 -0300] "GET /cormun/servlet/solicitudotadjuntos?DLT,2023,19920,CERTIF3,0, HTTP/1.1" 200 6208
190.171.142.10 - - [03/Apr/2023:13:06:24 -0300] "POST /cormun/servlet/solicitudotadjuntos?f63c1a33e20ce8e36482ab085d8d3842,DLT,2023,19920,CERTIF3,0,,gx-no-cache=1680537061159 HTTP/1.1" 200 93
190.171.142.10 - - [03/Apr/2023:13:06:27 -0300] "GET /cormun/servlet/hpexe_return? HTTP/1.1" 200 1032
190.171.142.10 - - [03/Apr/2023:13:06:28 -0300] "GET /cormun/servlet/trsolicitudadjuntos?2023,19920, HTTP/1.1" 200 9695
190.171.142.10 - - [03/Apr/2023:13:06:28 -0300] "GET /cormun/servlet/trsolicitudadjuntos?2023,19920, HTTP/1.1" 200 9694
190.171.142.10 - - [03/Apr/2023:13:06:35 -0300] "GET /cormun/servlet/solicitudotadjuntos?DLT,2023,19920,CERTIF4,0, HTTP/1.1" 200 6221
190.171.142.10 - - [03/Apr/2023:13:06:36 -0300] "GET /cormun/static/Shared/jqueryui/images/ui-bg_highlight-soft_100_c6c2c8_1x100.png HTTP/1.1" 404 1117
190.171.142.10 - - [03/Apr/2023:13:06:36 -0300] "GET /cormun/static/Shared/jqueryui/images/ui-icons_82798d_256x240.png HTTP/1.1" 404 1089
190.171.142.10 - - [03/Apr/2023:13:06:36 -0300] "GET /cormun/static/Shared/jqueryui/images/ui-bg_flat_55_fafafa_40x100.png HTTP/1.1" 404 1097
190.171.142.10 - - [03/Apr/2023:13:06:36 -0300] "GET /cormun/static/Shared/jqueryui/images/ui-icons_8d78a5_256x240.png HTTP/1.1" 404 1089
190.171.142.10 - - [03/Apr/2023:13:06:36 -0300] "GET /cormun/servlet/solicitudotadjuntos?DLT,2023,19920,CERTIF4,0, HTTP/1.1" 200 6214
190.171.142.10 - - [03/Apr/2023:13:06:37 -0300] "POST /cormun/servlet/solicitudotadjuntos?f63c1a33e20ce8e36482ab085d8d3842,DLT,2023,19920,CERTIF4,0,,gx-no-cache=1680537074181 HTTP/1.1" 200 93
190.171.142.10 - - [03/Apr/2023:13:06:37 -0300] "GET /cormun/servlet/hpexe_return? HTTP/1.1" 200 1032
190.171.142.10 - - [03/Apr/2023:13:06:37 -0300] "GET /cormun/servlet/trsolicitudadjuntos?2023,19920, HTTP/1.1" 200 9462
190.171.142.10 - - [03/Apr/2023:13:06:39 -0300] "GET /cormun/servlet/trsolicitudadjuntos?2023,19920, HTTP/1.1" 200 9460
190.171.142.10 - - [03/Apr/2023:13:06:40 -0300] "GET /cormun/servlet/solicitudotadjuntos?DLT,2023,19920,CERTIF5,0, HTTP/1.1" 200 6229
190.171.142.10 - - [03/Apr/2023:13:06:41 -0300] "GET /cormun/static/Shared/jqueryui/images/ui-bg_highlight-soft_100_c6c2c8_1x100.png HTTP/1.1" 404 1117
190.171.142.10 - - [03/Apr/2023:13:06:41 -0300] "GET /cormun/static/Shared/jqueryui/images/ui-icons_82798d_256x240.png HTTP/1.1" 404 1089
190.171.142.10 - - [03/Apr/2023:13:06:41 -0300] "GET /cormun/static/Shared/jqueryui/images/ui-bg_flat_55_fafafa_40x100.png HTTP/1.1" 404 1097
190.171.142.10 - - [03/Apr/2023:13:06:41 -0300] "GET /cormun/static/Shared/jqueryui/images/ui-icons_8d78a5_256x240.png HTTP/1.1" 404 1089
190.171.142.10 - - [03/Apr/2023:13:06:41 -0300] "GET /cormun/servlet/solicitudotadjuntos?DLT,2023,19920,CERTIF5,0, HTTP/1.1" 200 6223
190.171.142.10 - - [03/Apr/2023:13:06:43 -0300] "POST /cormun/servlet/solicitudotadjuntos?f63c1a33e20ce8e36482ab085d8d3842,DLT,2023,19920,CERTIF5,0,,gx-no-cache=1680537079665 HTTP/1.1" 200 93
190.171.142.10 - - [03/Apr/2023:13:06:43 -0300] "GET /cormun/servlet/hpexe_return? HTTP/1.1" 200 1032
190.95.15.15 - - [03/Apr/2023:13:07:01 -0300] "GET /cormun/servlet/trpermisosgoce? HTTP/1.1" 200 6026
190.95.15.15 - - [03/Apr/2023:13:07:01 -0300] "GET /cormun/static/gxcfg.js?2020121631564 HTTP/1.1" 200 953
190.95.15.15 - - [03/Apr/2023:13:07:01 -0300] "GET /cormun/static/trpermisosgoce.js?2020121633681 HTTP/1.1" 200 35904
190.95.15.15 - - [03/Apr/2023:13:07:01 -0300] "GET /cormun/servlet/hlogin HTTP/1.1" 200 1734
190.95.15.15 - - [03/Apr/2023:13:07:01 -0300] "GET /cormun/servlet/trpermisosgoce? HTTP/1.1" 200 6023
190.171.142.10 - - [03/Apr/2023:13:07:06 -0300] "GET /cormun/servlet/trsolicitudadjuntos?2023,19920, HTTP/1.1" 200 9226
190.171.142.10 - - [03/Apr/2023:13:07:06 -0300] "GET /cormun/servlet/trsolicitudadjuntos?2023,19920, HTTP/1.1" 200 9224
190.95.15.15 - - [03/Apr/2023:13:07:09 -0300] "POST /cormun/servlet/hlogin?12ca54cc9c507102e7bb956859da9c24,gx-no-cache=1680537104706 HTTP/1.1" 200 90
190.95.15.15 - - [03/Apr/2023:13:07:09 -0300] "GET /cormun/servlet/hpexe_link HTTP/1.1" 200 951
190.95.15.15 - - [03/Apr/2023:13:07:09 -0300] "GET /cormun/servlet/trpermisosgoce HTTP/1.1" 200 8349
190.95.15.15 - - [03/Apr/2023:13:07:09 -0300] "GET /cormun/servlet/trpermisosgoce HTTP/1.1" 200 8346
190.171.142.10 - - [03/Apr/2023:13:07:09 -0300] "GET /cormun/servlet/solicitudotadjuntos?DLT,2023,19920,CV,0, HTTP/1.1" 200 6234
190.171.142.10 - - [03/Apr/2023:13:07:10 -0300] "GET /cormun/static/Shared/jqueryui/images/ui-bg_highlight-soft_100_c6c2c8_1x100.png HTTP/1.1" 404 1117
190.171.142.10 - - [03/Apr/2023:13:07:10 -0300] "GET /cormun/static/Shared/jqueryui/images/ui-icons_82798d_256x240.png HTTP/1.1" 404 1089
190.171.142.10 - - [03/Apr/2023:13:07:10 -0300] "GET /cormun/static/Shared/jqueryui/images/ui-bg_flat_55_fafafa_40x100.png HTTP/1.1" 404 1097
190.171.142.10 - - [03/Apr/2023:13:07:10 -0300] "GET /cormun/static/Shared/jqueryui/images/ui-icons_8d78a5_256x240.png HTTP/1.1" 404 1089
190.171.142.10 - - [03/Apr/2023:13:07:10 -0300] "GET /cormun/servlet/solicitudotadjuntos?DLT,2023,19920,CV,0, HTTP/1.1" 200 6227
190.171.142.10 - - [03/Apr/2023:13:07:11 -0300] "POST /cormun/servlet/solicitudotadjuntos?f63c1a33e20ce8e36482ab085d8d3842,DLT,2023,19920,CV,0,,gx-no-cache=1680537108167 HTTP/1.1" 200 93
190.171.142.10 - - [03/Apr/2023:13:07:11 -0300] "GET /cormun/servlet/hpexe_return? HTTP/1.1" 200 1028
190.171.142.10 - - [03/Apr/2023:13:07:11 -0300] "GET /cormun/servlet/trsolicitudadjuntos?2023,19920, HTTP/1.1" 200 6282
190.171.142.10 - - [03/Apr/2023:13:07:12 -0300] "GET /cormun/servlet/trsolicitudadjuntos?2023,19920, HTTP/1.1" 200 6277
190.95.15.15 - - [03/Apr/2023:13:07:16 -0300] "GET /cormun/servlet/permisogoce?INS,0,,, HTTP/1.1" 200 6805
190.95.15.15 - - [03/Apr/2023:13:07:16 -0300] "GET /cormun/static/gxcfg.js?20201215124560 HTTP/1.1" 200 953
190.95.15.15 - - [03/Apr/2023:13:07:16 -0300] "GET /cormun/static/permisogoce.js?20201215124939 HTTP/1.1" 200 27790
190.95.15.15 - - [03/Apr/2023:13:07:16 -0300] "GET /cormun/servlet/permisogoce?INS,0,,, HTTP/1.1" 200 6805
190.171.142.10 - - [03/Apr/2023:13:07:37 -0300] "GET /cormun/servlet/solicitudotadjuntos?INS,2023,19920,,1, HTTP/1.1" 200 6225
190.171.142.10 - - [03/Apr/2023:13:07:37 -0300] "GET /cormun/static/about:blank HTTP/1.1" 404 1011
190.171.142.10 - - [03/Apr/2023:13:07:37 -0300] "GET /cormun/servlet/solicitudotadjuntos?INS,2023,19920,,1, HTTP/1.1" 200 6218
190.171.142.10 - - [03/Apr/2023:13:07:38 -0300] "GET /cormun/servlet/solicitudotadjuntos?8d60eb7d007c0634f2b7e6e0406457b44994e3127e856856adb94b4033283ebd2010b1d65835d9cb8294fe569e49cbce,gx-no-cache=1680537134896 HTTP/1.1" 200 30
190.171.142.10 - - [03/Apr/2023:13:07:42 -0300] "POST /cormun/servlet/solicitudotadjuntos?f63c1a33e20ce8e36482ab085d8d3842,INS,2023,19920,,1,,gx-no-cache=1680537138942 HTTP/1.1" 200 4146
190.171.142.10 - - [03/Apr/2023:13:07:47 -0300] "POST /cormun/servlet/solicitudotadjuntos?gx-no-cache=1680537144206 HTTP/1.1" 200 26
190.171.142.10 - - [03/Apr/2023:13:08:05 -0300] "GET /cormun/servlet/solicitudotadjuntos?8d60eb7d007c0634f2b7e6e0406457b47380fea1d7b49860ed9ead04179ea51d,gx-no-cache=1680537162153 HTTP/1.1" 200 30
190.171.142.10 - - [03/Apr/2023:13:08:05 -0300] "GET /cormun/servlet/solicitudotadjuntos?8d60eb7d007c0634f2b7e6e0406457b47380fea1d7b49860ed9ead04179ea51d,gx-no-cache=1680537162189 HTTP/1.1" 200 30
190.171.142.10 - - [03/Apr/2023:13:08:14 -0300] "POST /cormun/servlet/solicitudotadjuntos?f63c1a33e20ce8e36482ab085d8d3842,INS,2023,19920,,1, HTTP/1.1" 200 116
200.54.107.2 - - [03/Apr/2023:13:08:23 -0300] "GET /cormun/servlet/hlogin HTTP/1.1" 200 1722
190.171.142.10 - - [03/Apr/2023:13:08:26 -0300] "GET /cormun/servlet/hpexe_return? HTTP/1.1" 200 1026
190.171.142.10 - - [03/Apr/2023:13:08:27 -0300] "GET /cormun/servlet/trsolicitudadjuntos?2023,19920, HTTP/1.1" 200 9218
190.171.142.10 - - [03/Apr/2023:13:08:29 -0300] "GET /cormun/servlet/trsolicitudadjuntos?2023,19920, HTTP/1.1" 200 9216
190.171.142.10 - - [03/Apr/2023:13:08:32 -0300] "GET /cormun/servlet/solicitudotadjuntos?INS,2023,19920,,1, HTTP/1.1" 200 6225
190.171.142.10 - - [03/Apr/2023:13:08:32 -0300] "GET /cormun/static/about:blank HTTP/1.1" 404 1011
190.171.142.10 - - [03/Apr/2023:13:08:32 -0300] "GET /cormun/servlet/solicitudotadjuntos?INS,2023,19920,,1, HTTP/1.1" 200 6218
190.171.142.10 - - [03/Apr/2023:13:08:33 -0300] "GET /cormun/servlet/solicitudotadjuntos?8d60eb7d007c0634f2b7e6e0406457b44994e3127e856856adb94b4033283ebd2010b1d65835d9cb8294fe569e49cbce,gx-no-cache=1680537189907 HTTP/1.1" 200 30
190.171.142.10 - - [03/Apr/2023:13:08:33 -0300] "POST /cormun/servlet/solicitudotadjuntos?f63c1a33e20ce8e36482ab085d8d3842,INS,2023,19920,,1,,gx-no-cache=1680537189957 HTTP/1.1" 200 4146
200.54.107.2 - - [03/Apr/2023:13:08:35 -0300] "POST /cormun/servlet/hlogin?d5d69941a95afeb15afe45fd997af19c,gx-no-cache=1680537190884 HTTP/1.1" 200 90
200.54.107.2 - - [03/Apr/2023:13:08:35 -0300] "GET /cormun/servlet/hpexe_link HTTP/1.1" 200 952
200.54.107.2 - - [03/Apr/2023:13:08:35 -0300] "GET /cormun/servlet/hhome HTTP/1.1" 200 4358
190.171.142.10 - - [03/Apr/2023:13:08:35 -0300] "POST /cormun/servlet/solicitudotadjuntos?gx-no-cache=1680537192551 HTTP/1.1" 200 26
200.54.107.2 - - [03/Apr/2023:13:08:37 -0300] "GET /cormun/servlet/hhome HTTP/1.1" 200 4354
190.171.142.10 - - [03/Apr/2023:13:08:43 -0300] "GET /cormun/servlet/solicitudotadjuntos?8d60eb7d007c0634f2b7e6e0406457b47380fea1d7b49860ed9ead04179ea51d,gx-no-cache=1680537200699 HTTP/1.1" 200 30
190.171.142.10 - - [03/Apr/2023:13:08:43 -0300] "GET /cormun/servlet/solicitudotadjuntos?8d60eb7d007c0634f2b7e6e0406457b47380fea1d7b49860ed9ead04179ea51d,gx-no-cache=1680537200735 HTTP/1.1" 200 30
190.171.142.10 - - [03/Apr/2023:13:08:44 -0300] "POST /cormun/servlet/solicitudotadjuntos?f63c1a33e20ce8e36482ab085d8d3842,INS,2023,19920,,1, HTTP/1.1" 200 116
190.171.142.10 - - [03/Apr/2023:13:08:44 -0300] "GET /cormun/servlet/hpexe_return? HTTP/1.1" 200 1026
200.54.107.2 - - [03/Apr/2023:13:08:45 -0300] "GET /cormun/servlet/trpermisosgoce? HTTP/1.1" 200 9872
200.54.107.2 - - [03/Apr/2023:13:08:46 -0300] "GET /cormun/servlet/trpermisosgoce? HTTP/1.1" 200 9870
190.171.142.10 - - [03/Apr/2023:13:08:47 -0300] "GET /cormun/servlet/trsolicitudadjuntos?2023,19920, HTTP/1.1" 200 9452
190.171.142.10 - - [03/Apr/2023:13:08:48 -0300] "GET /cormun/servlet/trsolicitudadjuntos?2023,19920, HTTP/1.1" 200 9450
200.54.107.2 - - [03/Apr/2023:13:08:50 -0300] "GET /cormun/servlet/permisogoce?INS,0,,, HTTP/1.1" 200 7256
190.171.142.10 - - [03/Apr/2023:13:08:50 -0300] "GET /cormun/servlet/solicitudotadjuntos?INS,2023,19920,,1, HTTP/1.1" 200 6225
200.54.107.2 - - [03/Apr/2023:13:08:51 -0300] "GET /cormun/servlet/permisogoce?INS,0,,, HTTP/1.1" 200 7257
190.171.142.10 - - [03/Apr/2023:13:09:03 -0300] "GET /cormun/static/about:blank HTTP/1.1" 404 1011
190.171.142.10 - - [03/Apr/2023:13:09:03 -0300] "GET /cormun/servlet/solicitudotadjuntos?INS,2023,19920,,1, HTTP/1.1" 200 6218
190.171.142.10 - - [03/Apr/2023:13:09:03 -0300] "GET /cormun/servlet/solicitudotadjuntos?8d60eb7d007c0634f2b7e6e0406457b44994e3127e856856adb94b4033283ebd2010b1d65835d9cb8294fe569e49cbce,gx-no-cache=1680537220669 HTTP/1.1" 200 30
190.171.142.10 - - [03/Apr/2023:13:09:04 -0300] "POST /cormun/servlet/solicitudotadjuntos?f63c1a33e20ce8e36482ab085d8d3842,INS,2023,19920,,1,,gx-no-cache=1680537220707 HTTP/1.1" 200 4145
190.171.142.10 - - [03/Apr/2023:13:09:08 -0300] "POST /cormun/servlet/solicitudotadjuntos?gx-no-cache=1680537224749 HTTP/1.1" 200 26
190.171.142.10 - - [03/Apr/2023:13:09:15 -0300] "GET /cormun/servlet/solicitudotadjuntos?8d60eb7d007c0634f2b7e6e0406457b47380fea1d7b49860ed9ead04179ea51d,gx-no-cache=1680537232047 HTTP/1.1" 200 30
190.171.142.10 - - [03/Apr/2023:13:09:15 -0300] "GET /cormun/servlet/solicitudotadjuntos?8d60eb7d007c0634f2b7e6e0406457b47380fea1d7b49860ed9ead04179ea51d,gx-no-cache=1680537232081 HTTP/1.1" 200 30
190.171.142.10 - - [03/Apr/2023:13:09:15 -0300] "POST /cormun/servlet/solicitudotadjuntos?f63c1a33e20ce8e36482ab085d8d3842,INS,2023,19920,,1, HTTP/1.1" 200 116
190.171.142.10 - - [03/Apr/2023:13:09:19 -0300] "GET /cormun/servlet/hpexe_return? HTTP/1.1" 200 1026
190.171.142.10 - - [03/Apr/2023:13:09:19 -0300] "GET /cormun/servlet/trsolicitudadjuntos?2023,19920, HTTP/1.1" 200 9676
190.171.142.10 - - [03/Apr/2023:13:09:22 -0300] "GET /cormun/servlet/trsolicitudadjuntos?2023,19920, HTTP/1.1" 200 9671
190.171.142.10 - - [03/Apr/2023:13:09:24 -0300] "GET /cormun/servlet/solicitudotadjuntos?INS,2023,19920,,1, HTTP/1.1" 200 6225
190.171.142.10 - - [03/Apr/2023:13:09:24 -0300] "GET /cormun/static/about:blank HTTP/1.1" 404 1011
190.171.142.10 - - [03/Apr/2023:13:09:24 -0300] "GET /cormun/servlet/solicitudotadjuntos?INS,2023,19920,,1, HTTP/1.1" 200 6218
190.171.142.10 - - [03/Apr/2023:13:09:25 -0300] "GET /cormun/servlet/solicitudotadjuntos?8d60eb7d007c0634f2b7e6e0406457b44994e3127e856856adb94b4033283ebd2010b1d65835d9cb8294fe569e49cbce,gx-no-cache=1680537241835 HTTP/1.1" 200 30
190.171.142.10 - - [03/Apr/2023:13:09:25 -0300] "POST /cormun/servlet/solicitudotadjuntos?f63c1a33e20ce8e36482ab085d8d3842,INS,2023,19920,,1,,gx-no-cache=1680537241872 HTTP/1.1" 200 4145
190.171.142.10 - - [03/Apr/2023:13:09:32 -0300] "POST /cormun/servlet/solicitudotadjuntos?gx-no-cache=1680537248818 HTTP/1.1" 200 26
190.171.142.10 - - [03/Apr/2023:13:09:38 -0300] "GET /cormun/servlet/solicitudotadjuntos?8d60eb7d007c0634f2b7e6e0406457b47380fea1d7b49860ed9ead04179ea51d,gx-no-cache=1680537255148 HTTP/1.1" 200 30
190.171.142.10 - - [03/Apr/2023:13:09:38 -0300] "GET /cormun/servlet/solicitudotadjuntos?8d60eb7d007c0634f2b7e6e0406457b47380fea1d7b49860ed9ead04179ea51d,gx-no-cache=1680537255188 HTTP/1.1" 200 30
190.171.142.10 - - [03/Apr/2023:13:09:38 -0300] "POST /cormun/servlet/solicitudotadjuntos?f63c1a33e20ce8e36482ab085d8d3842,INS,2023,19920,,1, HTTP/1.1" 200 116
190.171.142.10 - - [03/Apr/2023:13:09:38 -0300] "GET /cormun/servlet/hpexe_return? HTTP/1.1" 200 1026
190.171.142.10 - - [03/Apr/2023:13:09:39 -0300] "GET /cormun/servlet/trsolicitudadjuntos?2023,19920, HTTP/1.1" 200 9915
190.171.142.10 - - [03/Apr/2023:13:09:39 -0300] "GET /cormun/servlet/trsolicitudadjuntos?2023,19920, HTTP/1.1" 200 9915
190.171.142.10 - - [03/Apr/2023:13:09:41 -0300] "GET /cormun/servlet/solicitudotadjuntos?INS,2023,19920,,1, HTTP/1.1" 200 6225
190.171.142.10 - - [03/Apr/2023:13:09:41 -0300] "GET /cormun/static/about:blank HTTP/1.1" 404 1011
190.171.142.10 - - [03/Apr/2023:13:09:41 -0300] "GET /cormun/servlet/solicitudotadjuntos?INS,2023,19920,,1, HTTP/1.1" 200 6218
190.171.142.10 - - [03/Apr/2023:13:09:42 -0300] "GET /cormun/servlet/solicitudotadjuntos?8d60eb7d007c0634f2b7e6e0406457b44994e3127e856856adb94b4033283ebd2010b1d65835d9cb8294fe569e49cbce,gx-no-cache=1680537258904 HTTP/1.1" 200 30
190.171.142.10 - - [03/Apr/2023:13:09:42 -0300] "POST /cormun/servlet/solicitudotadjuntos?f63c1a33e20ce8e36482ab085d8d3842,INS,2023,19920,,1,,gx-no-cache=1680537258970 HTTP/1.1" 200 4146
190.171.142.10 - - [03/Apr/2023:13:09:46 -0300] "POST /cormun/servlet/solicitudotadjuntos?gx-no-cache=1680537263292 HTTP/1.1" 200 26
190.171.142.10 - - [03/Apr/2023:13:09:57 -0300] "GET /cormun/servlet/solicitudotadjuntos?8d60eb7d007c0634f2b7e6e0406457b47380fea1d7b49860ed9ead04179ea51d,gx-no-cache=1680537274685 HTTP/1.1" 200 30
