190.171.142.10 - - [03/Apr/2023:13:09:57 -0300] "GET /cormun/servlet/solicitudotadjuntos?8d60eb7d007c0634f2b7e6e0406457b47380fea1d7b49860ed9ead04179ea51d,gx-no-cache=1680537274720 HTTP/1.1" 200 30
190.171.142.10 - - [03/Apr/2023:13:09:58 -0300] "POST /cormun/servlet/solicitudotadjuntos?f63c1a33e20ce8e36482ab085d8d3842,INS,2023,19920,,1, HTTP/1.1" 200 116
190.171.142.10 - - [03/Apr/2023:13:09:58 -0300] "GET /cormun/servlet/hpexe_return? HTTP/1.1" 200 1026
190.171.142.10 - - [03/Apr/2023:13:09:58 -0300] "GET /cormun/servlet/trsolicitudadjuntos?2023,19920, HTTP/1.1" 200 10195
190.171.142.10 - - [03/Apr/2023:13:09:59 -0300] "GET /cormun/servlet/trsolicitudadjuntos?2023,19920, HTTP/1.1" 200 10192
186.103.157.98 - - [03/Apr/2023:13:10:00 -0300] "POST /cormun/servlet/hlogin?726e67764893254ea522120248fb1859,gx-no-cache=1680537277138 HTTP/1.1" 440 972
186.103.157.98 - - [03/Apr/2023:13:10:01 -0300] "GET /cormun/servlet/hlogin HTTP/1.1" 200 1733
190.171.142.10 - - [03/Apr/2023:13:10:01 -0300] "GET /cormun/servlet/solicitudotadjuntos?INS,2023,19920,,1, HTTP/1.1" 200 6225
190.171.142.10 - - [03/Apr/2023:13:10:02 -0300] "GET /cormun/static/about:blank HTTP/1.1" 404 1011
190.171.142.10 - - [03/Apr/2023:13:10:02 -0300] "GET /cormun/servlet/solicitudotadjuntos?INS,2023,19920,,1, HTTP/1.1" 200 6218
190.171.142.10 - - [03/Apr/2023:13:10:02 -0300] "GET /cormun/servlet/solicitudotadjuntos?8d60eb7d007c0634f2b7e6e0406457b44994e3127e856856adb94b4033283ebd2010b1d65835d9cb8294fe569e49cbce,gx-no-cache=1680537279459 HTTP/1.1" 200 30
190.171.142.10 - - [03/Apr/2023:13:10:02 -0300] "POST /cormun/servlet/solicitudotadjuntos?f63c1a33e20ce8e36482ab085d8d3842,INS,2023,19920,,1,,gx-no-cache=1680537279494 HTTP/1.1" 200 4146
186.103.157.98 - - [03/Apr/2023:13:10:07 -0300] "POST /cormun/servlet/hlogin?d41ffcb00e3a384fbce07880131e35bb,gx-no-cache=1680537284662 HTTP/1.1" 200 90
186.103.157.98 - - [03/Apr/2023:13:10:07 -0300] "GET /cormun/servlet/hpexe_link HTTP/1.1" 200 951
186.103.157.98 - - [03/Apr/2023:13:10:07 -0300] "GET /cormun/servlet/hhome HTTP/1.1" 200 4272
186.103.157.98 - - [03/Apr/2023:13:10:08 -0300] "GET /cormun/servlet/hhome HTTP/1.1" 200 4269
190.171.142.10 - - [03/Apr/2023:13:10:08 -0300] "POST /cormun/servlet/solicitudotadjuntos?gx-no-cache=1680537285544 HTTP/1.1" 200 26
186.103.157.98 - - [03/Apr/2023:13:10:14 -0300] "GET /cormun/servlet/trsolicitudot? HTTP/1.1" 200 7495
186.103.157.98 - - [03/Apr/2023:13:10:14 -0300] "GET /cormun/servlet/trsolicitudot? HTTP/1.1" 200 7495
186.103.157.98 - - [03/Apr/2023:13:10:17 -0300] "GET /cormun/servlet/solicitudot?INS,0,0,false, HTTP/1.1" 200 16126
186.103.157.98 - - [03/Apr/2023:13:10:17 -0300] "GET /cormun/static/gxcfg.js?20221129840861 HTTP/1.1" 200 953
186.103.157.98 - - [03/Apr/2023:13:10:17 -0300] "GET /cormun/static/solicitudot.js?20221129840983 HTTP/1.1" 200 74072
186.103.157.98 - - [03/Apr/2023:13:10:17 -0300] "GET /cormun/servlet/solicitudot?INS,0,0,false, HTTP/1.1" 200 16133
190.171.142.10 - - [03/Apr/2023:13:10:18 -0300] "GET /cormun/servlet/solicitudotadjuntos?8d60eb7d007c0634f2b7e6e0406457b47380fea1d7b49860ed9ead04179ea51d,gx-no-cache=1680537295503 HTTP/1.1" 200 30
190.171.142.10 - - [03/Apr/2023:13:10:18 -0300] "GET /cormun/servlet/solicitudotadjuntos?8d60eb7d007c0634f2b7e6e0406457b47380fea1d7b49860ed9ead04179ea51d,gx-no-cache=1680537295537 HTTP/1.1" 200 30
190.171.142.10 - - [03/Apr/2023:13:10:19 -0300] "POST /cormun/servlet/solicitudotadjuntos?f63c1a33e20ce8e36482ab085d8d3842,INS,2023,19920,,1, HTTP/1.1" 200 116
190.171.142.10 - - [03/Apr/2023:13:10:23 -0300] "GET /cormun/servlet/hpexe_return? HTTP/1.1" 200 1026
190.171.142.10 - - [03/Apr/2023:13:10:23 -0300] "GET /cormun/servlet/trsolicitudadjuntos?2023,19920, HTTP/1.1" 200 10365
190.171.142.10 - - [03/Apr/2023:13:10:24 -0300] "GET /cormun/servlet/trsolicitudadjuntos?2023,19920, HTTP/1.1" 200 10368
190.171.142.10 - - [03/Apr/2023:13:10:31 -0300] "GET /cormun/PublicTempStorage/yolanda_aros_foto_cedula740025.pdf HTTP/1.1" 200 16384
186.103.157.98 - - [03/Apr/2023:13:10:34 -0300] "POST /cormun/servlet/solicitudot?gx-no-cache=1680537311215 HTTP/1.1" 200 3961
190.171.142.10 - - [03/Apr/2023:13:10:34 -0300] "GET /cormun/PublicTempStorage/yolanda_aros_foto_cedula740025.pdf HTTP/1.1" 200 189837
186.103.157.98 - - [03/Apr/2023:13:10:34 -0300] "POST /cormun/servlet/solicitudot?d41ffcb00e3a384fbce07880131e35bb,INS,0,0,false,,gx-no-cache=1680537311339 HTTP/1.1" 200 12792
186.103.157.98 - - [03/Apr/2023:13:10:38 -0300] "GET /cormun/servlet/solicitudot?5bbf2353b3fbb7ed4f2fbfb596e707de9ddff87677b435c9bf292ea6045b72f60096855b93e4c3b0e4dca117c39776a7,gx-no-cache=1680537315067 HTTP/1.1" 200 30
190.171.142.10 - - [03/Apr/2023:13:10:41 -0300] "GET /cormun/PublicTempStorage/yolanda_aros_titulo9231594.pdf HTTP/1.1" 200 24576
190.171.142.10 - - [03/Apr/2023:13:10:46 -0300] "GET /cormun/PublicTempStorage/yolanda_aros_titulo9231594.pdf HTTP/1.1" 200 331994
190.171.142.10 - - [03/Apr/2023:13:10:50 -0300] "GET /cormun/PublicTempStorage/yolanda_aros_afp2729567.pdf HTTP/1.1" 200 32768
190.171.142.10 - - [03/Apr/2023:13:11:02 -0300] "GET /cormun/PublicTempStorage/yolanda_aros_afp2729567.pdf HTTP/1.1" 200 221805
190.171.142.10 - - [03/Apr/2023:13:11:06 -0300] "GET /cormun/PublicTempStorage/yolanda_aros_salud3562699.pdf HTTP/1.1" 200 32768
190.171.153.26 - - [03/Apr/2023:13:11:08 -0300] "GET /cormun/servlet/permisogoce?UPD,8266428,P,20230403110959, HTTP/1.1" 200 6099
190.171.153.26 - - [03/Apr/2023:13:11:09 -0300] "GET /cormun/servlet/permisogoce?UPD,8266428,P,20230403110959, HTTP/1.1" 200 6093
190.171.153.26 - - [03/Apr/2023:13:11:09 -0300] "GET /cormun/servlet/hlogin HTTP/1.1" 200 1760
190.171.142.10 - - [03/Apr/2023:13:11:16 -0300] "GET /cormun/PublicTempStorage/yolanda_aros_salud3562699.pdf HTTP/1.1" 200 167145
190.171.153.26 - - [03/Apr/2023:13:11:17 -0300] "POST /cormun/servlet/hlogin?47481233a1791f1057309ef74bddb948,gx-no-cache=1680537353427 HTTP/1.1" 200 90
190.171.153.26 - - [03/Apr/2023:13:11:17 -0300] "GET /cormun/servlet/hpexe_link HTTP/1.1" 200 980
190.171.153.26 - - [03/Apr/2023:13:11:17 -0300] "GET /cormun/servlet/permisogoce?UPD,8266428,P,20230403110959, HTTP/1.1" 200 6711
190.171.153.26 - - [03/Apr/2023:13:11:19 -0300] "GET /cormun/servlet/permisogoce?UPD,8266428,P,20230403110959, HTTP/1.1" 200 6710
190.171.153.26 - - [03/Apr/2023:13:11:20 -0300] "GET /cormun/servlet/permisogoce?cbdf0aad73b277bf199ae5122df5a863f566526e9f31c0e0cc5286b430a662af772d687d1323b258c9eaf814f7b797c9e49b075cd0daf7bb2977037c2d59c0df,gx-no-cache=1680537356046 HTTP/1.1" 200 82
181.212.42.153 - - [03/Apr/2023:13:11:24 -0300] "GET /cormun/servlet/hlogin HTTP/1.1" 200 1747
190.171.142.10 - - [03/Apr/2023:13:11:25 -0300] "GET /cormun/servlet/trautorizarsolicitud? HTTP/1.1" 200 7294
190.171.142.10 - - [03/Apr/2023:13:11:26 -0300] "GET /cormun/servlet/trautorizarsolicitud? HTTP/1.1" 200 7281
190.171.142.10 - - [03/Apr/2023:13:11:29 -0300] "GET /cormun/servlet/trsolicitudot? HTTP/1.1" 200 9295
190.171.142.10 - - [03/Apr/2023:13:11:30 -0300] "GET /cormun/servlet/trsolicitudot? HTTP/1.1" 200 9294
190.171.153.26 - - [03/Apr/2023:13:11:30 -0300] "GET /cormun/servlet/permisogoce?cbdf0aad73b277bf199ae5122df5a863550ccbaf804e16118ca7af8ad2e3c1b6135429402c94567e67f3656c9ca0eaf8c6a3bdfc14536631d840e0ea9938e3b2,gx-no-cache=1680537366628 HTTP/1.1" 200 47
190.171.153.26 - - [03/Apr/2023:13:11:31 -0300] "POST /cormun/servlet/permisogoce?47481233a1791f1057309ef74bddb948,UPD,8266428,P,20230403110959,,gx-no-cache=1680537366689 HTTP/1.1" 200 93
190.171.153.26 - - [03/Apr/2023:13:11:31 -0300] "GET /cormun/servlet/hpexe_return? HTTP/1.1" 200 1025
190.171.153.26 - - [03/Apr/2023:13:11:31 -0300] "GET /cormun/servlet/hhome HTTP/1.1" 200 3964
190.171.153.26 - - [03/Apr/2023:13:11:31 -0300] "GET /cormun/servlet/hhome HTTP/1.1" 200 3958
192.168.10.17 - - [03/Apr/2023:13:11:40 -0300] "GET /cormun/servlet/trsolicitudgral? HTTP/1.1" 200 15345
192.168.10.17 - - [03/Apr/2023:13:11:41 -0300] "GET /cormun/servlet/trsolicitudgral? HTTP/1.1" 200 15343
190.171.153.26 - - [03/Apr/2023:13:11:45 -0300] "GET /cormun/servlet/trpermisosgoce? HTTP/1.1" 200 11678
190.171.153.26 - - [03/Apr/2023:13:11:45 -0300] "GET /cormun/servlet/trpermisosgoce? HTTP/1.1" 200 11676
192.168.10.17 - - [03/Apr/2023:13:11:51 -0300] "POST /cormun/servlet/trsolicitudgral?43eb32e94f6cf2c1ffb0b6b6dbb4c671,,gx-no-cache=1680537378142 HTTP/1.1" 200 5273
190.171.153.26 - - [03/Apr/2023:13:11:52 -0300] "GET /cormun/servlet/apermisogoceprn?8266428,P,20230403110959,PU HTTP/1.1" 200 1648
192.168.10.17 - - [03/Apr/2023:13:11:54 -0300] "POST /cormun/servlet/trsolicitudgral?43eb32e94f6cf2c1ffb0b6b6dbb4c671,,gx-no-cache=1680537381227 HTTP/1.1" 200 5264
186.67.172.234 - - [03/Apr/2023:13:11:56 -0300] "GET /cormun/static/menuarrow.gif HTTP/1.1" 404 1015
192.168.10.17 - - [03/Apr/2023:13:11:57 -0300] "POST /cormun/servlet/trsolicitudgral?43eb32e94f6cf2c1ffb0b6b6dbb4c671,,gx-no-cache=1680537384448 HTTP/1.1" 200 5265
192.168.10.17 - - [03/Apr/2023:13:11:58 -0300] "POST /cormun/servlet/trsolicitudgral?43eb32e94f6cf2c1ffb0b6b6dbb4c671,,gx-no-cache=1680537385104 HTTP/1.1" 200 5265
192.168.10.17 - - [03/Apr/2023:13:12:04 -0300] "POST /cormun/servlet/trsolicitudgral?43eb32e94f6cf2c1ffb0b6b6dbb4c671,,gx-no-cache=1680537391905 HTTP/1.1" 200 5264
192.168.10.17 - - [03/Apr/2023:13:12:17 -0300] "POST /cormun/servlet/trsolicitudgral?43eb32e94f6cf2c1ffb0b6b6dbb4c671,,gx-no-cache=1680537404900 HTTP/1.1" 200 6666
186.67.172.234 - - [03/Apr/2023:13:12:18 -0300] "POST /cormun/servlet/trlicencias?582797cae69d150eedd6e73b63790b44,,gx-no-cache=1680537413542 HTTP/1.1" 200 7497
192.168.10.17 - - [03/Apr/2023:13:12:20 -0300] "GET /cormun/servlet/vesolicitudgral?2023,19653,, HTTP/1.1" 200 8444
192.168.10.17 - - [03/Apr/2023:13:12:20 -0300] "GET /cormun/pexe_scrolldiv.js HTTP/1.1" 404 1009
192.168.10.17 - - [03/Apr/2023:13:12:20 -0300] "GET /cormun/servlet/vesolicitudgral?2023,19653,, HTTP/1.1" 200 8443
192.168.10.17 - - [03/Apr/2023:13:12:28 -0300] "POST /cormun/servlet/vesolicitudgral?43eb32e94f6cf2c1ffb0b6b6dbb4c671,2023,19653,,,gx-no-cache=1680537415461 HTTP/1.1" 200 12224
192.168.10.17 - - [03/Apr/2023:13:12:28 -0300] "GET /cormun/static/Shared/jqueryui/images/ui-bg_highlight-soft_100_c6c2c8_1x100.png HTTP/1.1" 404 1117
192.168.10.17 - - [03/Apr/2023:13:12:28 -0300] "GET /cormun/static/Shared/jqueryui/images/ui-icons_82798d_256x240.png HTTP/1.1" 404 1089
192.168.10.17 - - [03/Apr/2023:13:12:28 -0300] "GET /cormun/static/Shared/jqueryui/images/ui-bg_flat_55_fafafa_40x100.png HTTP/1.1" 404 1097
192.168.10.17 - - [03/Apr/2023:13:12:28 -0300] "GET /cormun/static/Shared/jqueryui/images/ui-icons_8d78a5_256x240.png HTTP/1.1" 404 1089
186.67.172.234 - - [03/Apr/2023:13:12:35 -0300] "GET /cormun/servlet/licenciaspermisos?DSP,17404494,L,20190720000000, HTTP/1.1" 200 7285
186.67.172.234 - - [03/Apr/2023:13:12:36 -0300] "GET /cormun/servlet/licenciaspermisos?DSP,17404494,L,20190720000000, HTTP/1.1" 200 7284
192.168.10.17 - - [03/Apr/2023:13:12:36 -0300] "GET /cormun/servlet/vesolicitudgral?2023,19653,,SolicitudOTAdjuntos HTTP/1.1" 200 11175
192.168.10.17 - - [03/Apr/2023:13:12:36 -0300] "GET /cormun/pexe_scrolldiv.js HTTP/1.1" 404 1009
192.168.10.17 - - [03/Apr/2023:13:12:36 -0300] "GET /cormun/servlet/vesolicitudgral?2023,19653,,SolicitudOTAdjuntos HTTP/1.1" 200 11172
192.168.10.17 - - [03/Apr/2023:13:12:37 -0300] "POST /cormun/servlet/acontrolpreferencessavestate?None,RRHH+DANIELA,true HTTP/1.1" 200 35
192.168.10.17 - - [03/Apr/2023:13:12:38 -0300] "GET /cormun/servlet/vesolicitudgral?2023,19653,,General HTTP/1.1" 200 8447
192.168.10.17 - - [03/Apr/2023:13:12:38 -0300] "GET /cormun/pexe_scrolldiv.js HTTP/1.1" 404 1009
192.168.10.17 - - [03/Apr/2023:13:12:39 -0300] "GET /cormun/servlet/vesolicitudgral?2023,19653,,General HTTP/1.1" 200 8447
186.67.172.234 - - [03/Apr/2023:13:12:39 -0300] "POST /cormun/servlet/licenciaspermisos?582797cae69d150eedd6e73b63790b44,DSP,17404494,L,20190720000000,,gx-no-cache=1680537435163 HTTP/1.1" 200 93
186.67.172.234 - - [03/Apr/2023:13:12:39 -0300] "GET /cormun/servlet/hpexe_return? HTTP/1.1" 200 1031
186.67.172.234 - - [03/Apr/2023:13:12:40 -0300] "GET /cormun/servlet/trlicencias? HTTP/1.1" 200 10035
186.67.172.234 - - [03/Apr/2023:13:12:40 -0300] "GET /cormun/servlet/trlicencias? HTTP/1.1" 200 10030
192.168.10.17 - - [03/Apr/2023:13:12:41 -0300] "GET /cormun/servlet/trsolicitudgral? HTTP/1.1" 200 9710
192.168.10.17 - - [03/Apr/2023:13:12:41 -0300] "GET /cormun/servlet/trsolicitudgral? HTTP/1.1" 200 9706
192.168.10.17 - - [03/Apr/2023:13:12:45 -0300] "POST /cormun/servlet/trsolicitudgral?43eb32e94f6cf2c1ffb0b6b6dbb4c671,,gx-no-cache=1680537433044 HTTP/1.1" 200 5264
192.168.10.17 - - [03/Apr/2023:13:12:48 -0300] "POST /cormun/servlet/trsolicitudgral?43eb32e94f6cf2c1ffb0b6b6dbb4c671,,gx-no-cache=1680537435248 HTTP/1.1" 200 5264
192.168.10.17 - - [03/Apr/2023:13:12:51 -0300] "POST /cormun/servlet/trsolicitudgral?43eb32e94f6cf2c1ffb0b6b6dbb4c671,,gx-no-cache=1680537438452 HTTP/1.1" 200 5265
192.168.10.17 - - [03/Apr/2023:13:12:52 -0300] "POST /cormun/servlet/trsolicitudgral?43eb32e94f6cf2c1ffb0b6b6dbb4c671,,gx-no-cache=1680537439111 HTTP/1.1" 200 5266
192.168.10.17 - - [03/Apr/2023:13:12:52 -0300] "POST /cormun/servlet/trsolicitudgral?43eb32e94f6cf2c1ffb0b6b6dbb4c671,,gx-no-cache=1680537439310 HTTP/1.1" 200 5266
192.168.10.17 - - [03/Apr/2023:13:12:58 -0300] "POST /cormun/servlet/trsolicitudgral?43eb32e94f6cf2c1ffb0b6b6dbb4c671,,gx-no-cache=1680537446003 HTTP/1.1" 200 5263
192.168.10.17 - - [03/Apr/2023:13:13:02 -0300] "POST /cormun/servlet/trsolicitudgral?43eb32e94f6cf2c1ffb0b6b6dbb4c671,,gx-no-cache=1680537449707 HTTP/1.1" 200 5264
192.168.10.17 - - [03/Apr/2023:13:13:06 -0300] "POST /cormun/servlet/trsolicitudgral?43eb32e94f6cf2c1ffb0b6b6dbb4c671,,gx-no-cache=1680537453459 HTTP/1.1" 200 6658
190.171.142.10 - - [03/Apr/2023:13:13:10 -0300] "GET /cormun/servlet/trsolicitudot? HTTP/1.1" 200 9294
190.171.142.10 - - [03/Apr/2023:13:13:10 -0300] "GET /cormun/servlet/trsolicitudot? HTTP/1.1" 200 9294
192.168.10.17 - - [03/Apr/2023:13:13:10 -0300] "GET /cormun/servlet/vesolicitudgral?2023,19653,, HTTP/1.1" 200 8444
192.168.10.17 - - [03/Apr/2023:13:13:10 -0300] "GET /cormun/pexe_scrolldiv.js HTTP/1.1" 404 1009
192.168.10.17 - - [03/Apr/2023:13:13:11 -0300] "GET /cormun/servlet/vesolicitudgral?2023,19653,, HTTP/1.1" 200 8443
190.171.142.10 - - [03/Apr/2023:13:13:14 -0300] "GET /cormun/servlet/trsolicitudot? HTTP/1.1" 200 9294
190.171.142.10 - - [03/Apr/2023:13:13:14 -0300] "GET /cormun/servlet/trsolicitudot? HTTP/1.1" 200 9294
200.54.107.2 - - [03/Apr/2023:13:13:17 -0300] "GET /cormun/servlet/permisogoce?1529c323b9f5e79d991dff58e179006a1f6de955d4326db04e2f009b4fe023e8b634b402e452a95998b11af95be8bb38ca0661bcb81abb181deff9d6a9bf20f4,gx-no-cache=1680537472468 HTTP/1.1" 200 75
200.54.107.2 - - [03/Apr/2023:13:13:17 -0300] "GET /cormun/static/menuarrow.gif HTTP/1.1" 404 1015
192.168.10.17 - - [03/Apr/2023:13:13:17 -0300] "POST /cormun/servlet/vesolicitudgral?43eb32e94f6cf2c1ffb0b6b6dbb4c671,2023,19653,,,gx-no-cache=1680537464812 HTTP/1.1" 200 12224
192.168.10.17 - - [03/Apr/2023:13:13:17 -0300] "GET /cormun/static/Shared/jqueryui/images/ui-icons_82798d_256x240.png HTTP/1.1" 404 1089
192.168.10.17 - - [03/Apr/2023:13:13:17 -0300] "GET /cormun/static/Shared/jqueryui/images/ui-bg_highlight-soft_100_c6c2c8_1x100.png HTTP/1.1" 404 1117
192.168.10.17 - - [03/Apr/2023:13:13:17 -0300] "GET /cormun/static/Shared/jqueryui/images/ui-bg_flat_55_fafafa_40x100.png HTTP/1.1" 404 1097
192.168.10.17 - - [03/Apr/2023:13:13:17 -0300] "GET /cormun/static/Shared/jqueryui/images/ui-icons_8d78a5_256x240.png HTTP/1.1" 404 1089
190.171.142.10 - - [03/Apr/2023:13:13:19 -0300] "POST /cormun/servlet/trsolicitudot?f63c1a33e20ce8e36482ab085d8d3842,,gx-no-cache=1680537476015 HTTP/1.1" 200 106
190.171.142.10 - - [03/Apr/2023:13:13:24 -0300] "GET /cormun/servlet/trsolicitudadjuntos?2023,19914, HTTP/1.1" 200 10374
190.171.142.10 - - [03/Apr/2023:13:13:24 -0300] "GET /cormun/servlet/trsolicitudadjuntos?2023,19914, HTTP/1.1" 200 10381
200.54.107.2 - - [03/Apr/2023:13:13:25 -0300] "GET /cormun/servlet/permisogoce?1529c323b9f5e79d991dff58e179006aa092ac108aebcc263f7daea60a963d69a2cf1fada6871002b5a7f9e001fccb62af597bcdf9a33b5151d493fe25a0e711,gx-no-cache=1680537481305 HTTP/1.1" 200 46
190.171.142.10 - - [03/Apr/2023:13:13:27 -0300] "GET /cormun/servlet/trsolicitudot? HTTP/1.1" 200 9294
190.171.142.10 - - [03/Apr/2023:13:13:28 -0300] "GET /cormun/servlet/trsolicitudot? HTTP/1.1" 200 9294
200.54.107.2 - - [03/Apr/2023:13:13:29 -0300] "POST /cormun/servlet/permisogoce?d5d69941a95afeb15afe45fd997af19c,INS,0,,,,gx-no-cache=1680537484165 HTTP/1.1" 200 93
200.54.107.2 - - [03/Apr/2023:13:13:29 -0300] "GET /cormun/servlet/hpexe_return? HTTP/1.1" 200 1011
200.54.107.2 - - [03/Apr/2023:13:13:29 -0300] "GET /cormun/servlet/trpermisosgoce HTTP/1.1" 200 10108
190.171.142.10 - - [03/Apr/2023:13:13:30 -0300] "GET /cormun/servlet/trautorizarsolicitud? HTTP/1.1" 200 7293
190.171.142.10 - - [03/Apr/2023:13:13:31 -0300] "GET /cormun/servlet/trautorizarsolicitud? HTTP/1.1" 200 7292
200.54.107.2 - - [03/Apr/2023:13:13:33 -0300] "GET /cormun/servlet/trpermisosgoce HTTP/1.1" 200 10103
200.54.107.2 - - [03/Apr/2023:13:13:36 -0300] "GET /cormun/servlet/apermisogoceprn?9237965,P,20230403115317,PU HTTP/1.1" 200 1651
190.171.142.10 - - [03/Apr/2023:13:13:37 -0300] "GET /cormun/servlet/trsolicitudot? HTTP/1.1" 200 9295
190.171.142.10 - - [03/Apr/2023:13:13:37 -0300] "GET /cormun/servlet/trsolicitudot? HTTP/1.1" 200 9294
190.171.142.10 - - [03/Apr/2023:13:13:39 -0300] "GET /cormun/servlet/solicitudot?INS,0,0,false, HTTP/1.1" 200 16020
190.171.142.10 - - [03/Apr/2023:13:13:39 -0300] "GET /cormun/servlet/solicitudot?INS,0,0,false, HTTP/1.1" 200 16027
190.171.142.10 - - [03/Apr/2023:13:13:54 -0300] "POST /cormun/servlet/solicitudot?gx-no-cache=1680537511535 HTTP/1.1" 200 3961
190.171.142.10 - - [03/Apr/2023:13:13:55 -0300] "POST /cormun/servlet/solicitudot?f63c1a33e20ce8e36482ab085d8d3842,INS,0,0,false,,gx-no-cache=1680537511652 HTTP/1.1" 200 12789
190.171.142.10 - - [03/Apr/2023:13:13:57 -0300] "GET /cormun/servlet/prfichaempleado?,MD,,gxPopupLevel%3D0%3B HTTP/1.1" 200 9191
186.67.172.234 - - [03/Apr/2023:13:14:05 -0300] "GET /cormun/servlet/licenciaspermisos?DSP,17404494,L,20190720000000, HTTP/1.1" 200 7285
186.67.172.234 - - [03/Apr/2023:13:14:05 -0300] "GET /cormun/servlet/licenciaspermisos?DSP,17404494,L,20190720000000, HTTP/1.1" 200 7284
190.171.142.10 - - [03/Apr/2023:13:14:14 -0300] "POST /cormun/servlet/prfichaempleado?f63c1a33e20ce8e36482ab085d8d3842,,MD,,gxPopupLevel%3D0%3B,gx-no-cache=1680537531337 HTTP/1.1" 200 3167
186.103.157.98 - - [03/Apr/2023:13:14:17 -0300] "GET /cormun/servlet/hlogin HTTP/1.1" 200 1748
190.171.142.10 - - [03/Apr/2023:13:14:19 -0300] "POST /cormun/servlet/prfichaempleado?f63c1a33e20ce8e36482ab085d8d3842,,MD,,gxPopupLevel%3D0%3B,gx-no-cache=1680537536219 HTTP/1.1" 200 3167
190.171.142.10 - - [03/Apr/2023:13:14:42 -0300] "GET /cormun/servlet/solicitudot?8d60eb7d007c0634f2b7e6e0406457b4629a50187235e04476b08432ee5cf5517b885c12418d30e8127c75b192a5f4b3,gx-no-cache=1680537558753 HTTP/1.1" 200 30
186.67.172.234 - - [03/Apr/2023:13:15:07 -0300] "GET /cormun/servlet/trlicencias? HTTP/1.1" 200 10032
186.67.172.234 - - [03/Apr/2023:13:15:08 -0300] "GET /cormun/servlet/trlicencias? HTTP/1.1" 200 10030
186.67.172.234 - - [03/Apr/2023:13:15:28 -0300] "GET /cormun/static/menuarrow.gif HTTP/1.1" 404 1015
200.54.107.2 - - [03/Apr/2023:13:15:28 -0300] "GET /cormun/servlet/permisogoce?INS,0,,, HTTP/1.1" 200 7255
200.54.107.2 - - [03/Apr/2023:13:15:29 -0300] "GET /cormun/servlet/permisogoce?INS,0,,, HTTP/1.1" 200 7256
200.54.107.2 - - [03/Apr/2023:13:15:36 -0300] "GET /cormun/servlet/permisogoce?1529c323b9f5e79d991dff58e179006aaf523390efc5e399f55eb023bc7d2920239b0a9126c5b13bcc10b5ed336515625b85d3808ccc348e6cefbe1656d9ab74,gx-no-cache=1680537612538 HTTP/1.1" 200 82
200.54.107.2 - - [03/Apr/2023:13:15:37 -0300] "GET /cormun/static/menuarrow.gif HTTP/1.1" 404 1015
186.67.172.234 - - [03/Apr/2023:13:15:48 -0300] "POST /cormun/servlet/trlicencias?582797cae69d150eedd6e73b63790b44,,gx-no-cache=1680537623662 HTTP/1.1" 200 6472
186.67.172.234 - - [03/Apr/2023:13:15:56 -0300] "POST /cormun/servlet/trlicencias?582797cae69d150eedd6e73b63790b44,,gx-no-cache=1680537632197 HTTP/1.1" 200 9082
190.95.15.15 - - [03/Apr/2023:13:16:06 -0300] "GET /cormun/servlet/permisogoce?f03c5bc8423474e90e632d10e9807ac5009bd2e5dc41e7ebd850f3e433280c3b68163f7a146d8867e895ecf5eee557ac3428d73ce435b1aafd199ace3f6e9533,gx-no-cache=1680537642169 HTTP/1.1" 200 75
190.95.15.15 - - [03/Apr/2023:13:16:06 -0300] "GET /cormun/static/menuarrow.gif HTTP/1.1" 404 1015
181.212.47.137 - - [03/Apr/2023:13:16:12 -0300] "GET /cormun/servlet/hlogin HTTP/1.1" 200 1714
181.212.47.137 - - [03/Apr/2023:13:16:14 -0300] "POST /cormun/servlet/hlogin?314277dd96ddb1a846ea5ba1fd9c43df,gx-no-cache=1680537641350 HTTP/1.1" 200 90
181.212.47.137 - - [03/Apr/2023:13:16:14 -0300] "GET /cormun/servlet/hpexe_link HTTP/1.1" 200 971
181.212.47.137 - - [03/Apr/2023:13:16:14 -0300] "GET /cormun/servlet/vesolicitudgral?2022,18320,,SolicitudOTAdjuntos HTTP/1.1" 200 11063
181.212.47.137 - - [03/Apr/2023:13:16:14 -0300] "GET /cormun/pexe_scrolldiv.js HTTP/1.1" 404 1009
181.212.47.137 - - [03/Apr/2023:13:16:15 -0300] "GET /cormun/servlet/vesolicitudgral?2022,18320,,SolicitudOTAdjuntos HTTP/1.1" 200 11070
181.212.47.137 - - [03/Apr/2023:13:16:15 -0300] "POST /cormun/servlet/acontrolpreferencessavestate?None,RRHH+DANIELA,true HTTP/1.1" 200 35
200.54.107.2 - - [03/Apr/2023:13:16:15 -0300] "GET /cormun/servlet/permisogoce?1529c323b9f5e79d991dff58e179006ac1d414d65c6e6b95e189c3170d0be05a4bf9099593e1d3ff2c3b1fea264ac1add3b85361a36df3f52ab9278165c07c25,gx-no-cache=1680537651450 HTTP/1.1" 200 44
181.212.47.137 - - [03/Apr/2023:13:16:16 -0300] "GET /cormun/servlet/trsolicitudgral? HTTP/1.1" 200 10078
181.212.47.137 - - [03/Apr/2023:13:16:16 -0300] "GET /cormun/servlet/trsolicitudgral? HTTP/1.1" 200 10071
190.171.141.90 - - [03/Apr/2023:13:16:17 -0300] "GET /cormun/servlet/trlicencias? HTTP/1.1" 200 8141
190.171.141.90 - - [03/Apr/2023:13:16:17 -0300] "GET /cormun/servlet/trlicencias? HTTP/1.1" 200 8137
190.171.141.90 - - [03/Apr/2023:13:16:17 -0300] "GET /cormun/servlet/hlogin HTTP/1.1" 200 1742
200.54.107.2 - - [03/Apr/2023:13:16:18 -0300] "POST /cormun/servlet/permisogoce?d5d69941a95afeb15afe45fd997af19c,INS,0,,,,gx-no-cache=1680537653741 HTTP/1.1" 200 93
200.54.107.2 - - [03/Apr/2023:13:16:18 -0300] "GET /cormun/servlet/hpexe_return? HTTP/1.1" 200 1011
200.54.107.2 - - [03/Apr/2023:13:16:18 -0300] "GET /cormun/servlet/trpermisosgoce HTTP/1.1" 200 10366
200.54.107.2 - - [03/Apr/2023:13:16:22 -0300] "GET /cormun/servlet/trpermisosgoce HTTP/1.1" 200 10362
190.171.141.90 - - [03/Apr/2023:13:16:23 -0300] "POST /cormun/servlet/hlogin?2fdae9f67ed54dd84501f47815d2d791,gx-no-cache=1680537658851 HTTP/1.1" 200 90
190.171.141.90 - - [03/Apr/2023:13:16:23 -0300] "GET /cormun/servlet/hpexe_link HTTP/1.1" 200 960
190.171.141.90 - - [03/Apr/2023:13:16:23 -0300] "GET /cormun/servlet/trlicencias HTTP/1.1" 200 15706
190.171.141.90 - - [03/Apr/2023:13:16:24 -0300] "GET /cormun/servlet/trlicencias HTTP/1.1" 200 15704
190.171.141.90 - - [03/Apr/2023:13:16:27 -0300] "GET /cormun/servlet/trlicencias? HTTP/1.1" 200 15704
190.171.141.90 - - [03/Apr/2023:13:16:27 -0300] "GET /cormun/servlet/trlicencias? HTTP/1.1" 200 15704
181.212.47.137 - - [03/Apr/2023:13:16:30 -0300] "POST /cormun/servlet/trsolicitudgral?314277dd96ddb1a846ea5ba1fd9c43df,,gx-no-cache=1680537657409 HTTP/1.1" 200 7282
190.95.15.15 - - [03/Apr/2023:13:16:45 -0300] "GET /cormun/servlet/permisogoce?f03c5bc8423474e90e632d10e9807ac5f2f7f821ea42ff00891de9b7b0985724c4af9fc390e65fb3609966503bcf8ddf723f7d4e8b6de2512cef86c8dc0e406d,gx-no-cache=1680537680733 HTTP/1.1" 200 47
190.95.15.15 - - [03/Apr/2023:13:16:49 -0300] "POST /cormun/servlet/permisogoce?12ca54cc9c507102e7bb956859da9c24,INS,0,,,,gx-no-cache=1680537683748 HTTP/1.1" 200 93
190.95.15.15 - - [03/Apr/2023:13:16:49 -0300] "GET /cormun/servlet/hpexe_return? HTTP/1.1" 200 1004
190.95.15.15 - - [03/Apr/2023:13:16:49 -0300] "GET /cormun/servlet/trpermisosgoce HTTP/1.1" 200 8621
190.95.15.15 - - [03/Apr/2023:13:16:49 -0300] "GET /cormun/servlet/trpermisosgoce HTTP/1.1" 200 8622
190.95.15.15 - - [03/Apr/2023:13:16:52 -0300] "GET /cormun/servlet/apermisogoceprn?10196136,P,20230403115143,PU HTTP/1.1" 200 1631
190.171.141.90 - - [03/Apr/2023:13:17:06 -0300] "GET /cormun/static/menuarrow.gif HTTP/1.1" 404 1015
200.54.107.2 - - [03/Apr/2023:13:17:10 -0300] "GET /cormun/servlet/apermisogoceprn?14284689,P,20230403115955,PU HTTP/1.1" 200 1651
190.171.141.90 - - [03/Apr/2023:13:17:14 -0300] "POST /cormun/servlet/trlicencias?2fdae9f67ed54dd84501f47815d2d791,,gx-no-cache=1680537710343 HTTP/1.1" 200 5194
192.168.10.17 - - [03/Apr/2023:13:20:10 -0300] "GET /cormun/servlet/trsolicitudgral? HTTP/1.1" 200 9707
192.168.10.17 - - [03/Apr/2023:13:20:10 -0300] "GET /cormun/servlet/trsolicitudgral? HTTP/1.1" 200 9706
192.168.10.17 - - [03/Apr/2023:13:20:16 -0300] "POST /cormun/servlet/trsolicitudgral?43eb32e94f6cf2c1ffb0b6b6dbb4c671,,gx-no-cache=1680537883069 HTTP/1.1" 200 8747
190.171.144.234 - - [03/Apr/2023:13:20:35 -0300] "GET /cormun/servlet/hlogin HTTP/1.1" 200 1723
190.171.144.234 - - [03/Apr/2023:13:20:38 -0300] "POST /cormun/servlet/hlogin?4ca63a4dc55191c10aa6ea40de138d6a,gx-no-cache=1680537913768 HTTP/1.1" 200 90
190.171.144.234 - - [03/Apr/2023:13:20:38 -0300] "GET /cormun/servlet/hpexe_link HTTP/1.1" 200 955
190.171.144.234 - - [03/Apr/2023:13:20:38 -0300] "GET /cormun/servlet/hhome HTTP/1.1" 200 3994
190.171.144.234 - - [03/Apr/2023:13:20:39 -0300] "GET /cormun/servlet/hhome HTTP/1.1" 200 3992
192.168.10.17 - - [03/Apr/2023:13:20:39 -0300] "GET /cormun/servlet/vesolicitudgral?2023,19899,, HTTP/1.1" 200 8374
192.168.10.17 - - [03/Apr/2023:13:20:39 -0300] "GET /cormun/pexe_scrolldiv.js HTTP/1.1" 404 1009
192.168.10.17 - - [03/Apr/2023:13:20:39 -0300] "GET /cormun/servlet/vesolicitudgral?2023,19899,, HTTP/1.1" 200 8374
190.171.142.10 - - [03/Apr/2023:13:20:43 -0300] "GET /cormun/servlet/prbanco?,MD,,gxPopupLevel%3D0%3B HTTP/1.1" 200 6459
190.171.142.10 - - [03/Apr/2023:13:20:45 -0300] "GET /cormun/servlet/solicitudot?8d60eb7d007c0634f2b7e6e0406457b4d700a985303fcc23005f49cf3c76e090bb5b00413a93f8787cd2f55065ce2b34fa6408ab9c2001fbcb5ccba5fd5e151b,gx-no-cache=1680537922296 HTTP/1.1" 200 30
190.171.142.10 - - [03/Apr/2023:13:20:46 -0300] "GET /cormun/servlet/solicitudot?8d60eb7d007c0634f2b7e6e0406457b494957bc608bdb9c9d77220605218cc1d,gx-no-cache=1680537923354 HTTP/1.1" 200 53
190.171.142.10 - - [03/Apr/2023:13:21:08 -0300] "POST /cormun/servlet/solicitudot?gx-no-cache=1680537945205 HTTP/1.1" 200 255
190.171.142.10 - - [03/Apr/2023:13:21:12 -0300] "GET /cormun/servlet/solicitudot?8d60eb7d007c0634f2b7e6e0406457b47f0c5a200f32a5fd7ea9da962b0745bea43f8a06fea032bc0a6b4ad82fb480184c61079b4618538c4048505df80e5123337328afb545f654313be4f39ee8d41d90996b0057fd878ffbf5cf5969304b055abec9b598c987b349fded28e5aa59b992deec1919d53b08ebf7771c38ed99714c344f6012cb67b8b62a5b6e30f0a14e9c1bccab9cfeb2fcb8c3dd79a37323027fa99cc0854587724a5045569f9d0feb10b9b3c16d68d8386a479731222659e2ee43f080cacda819f4433c1758a0c209120c369f23fc0841b265af6a7038feb6d6c166c58958ccb8ccef588cd4680c3b9bd4af048e8cf0ebaec03ba5e8bf30ca77a1e7a6236174680a814957e710ea55a46768d3c299cc634d0ca581a8387bc519b962398518c6b2eb305f9b6267224086a5820bc96ba19ee0c8312925839c731d0c52eeb94d5006dbe3c4dfb41fff5c7bfb5d1dd4d0f2bd7ae65c4a0311581d3fba68f068e3ef7655d204d800b781a98806ccb1f4090c82c1d7c226e760e6b4,gx-no-cache=1680537949105 HTTP/1.1" 200 30
190.171.144.234 - - [03/Apr/2023:13:23:13 -0300] "GET /cormun/servlet/trcontratoobservacion? HTTP/1.1" 200 6157
190.171.144.234 - - [03/Apr/2023:13:23:13 -0300] "GET /cormun/static/gxcfg.js?2022112984808 HTTP/1.1" 200 953
190.171.144.234 - - [03/Apr/2023:13:23:13 -0300] "GET /cormun/static/trcontratoobservacion.js?20221129848151 HTTP/1.1" 200 25148
190.171.144.234 - - [03/Apr/2023:13:23:14 -0300] "GET /cormun/servlet/trcontratoobservacion? HTTP/1.1" 200 6156
190.171.142.10 - - [03/Apr/2023:13:23:16 -0300] "POST /cormun/servlet/solicitudot?gx-no-cache=1680538073342 HTTP/1.1" 200 30
190.171.142.10 - - [03/Apr/2023:13:23:16 -0300] "POST /cormun/servlet/solicitudot?gx-no-cache=1680538073396 HTTP/1.1" 200 1468
190.171.142.10 - - [03/Apr/2023:13:23:16 -0300] "POST /cormun/servlet/solicitudot?gx-no-cache=1680538073427 HTTP/1.1" 200 38
190.171.144.234 - - [03/Apr/2023:13:23:20 -0300] "POST /cormun/servlet/trcontratoobservacion?4ca63a4dc55191c10aa6ea40de138d6a,,gx-no-cache=1680538076306 HTTP/1.1" 200 3817
190.171.144.234 - - [03/Apr/2023:13:23:28 -0300] "POST /cormun/servlet/trcontratoobservacion?4ca63a4dc55191c10aa6ea40de138d6a,,gx-no-cache=1680538084741 HTTP/1.1" 200 3818
190.171.144.234 - - [03/Apr/2023:13:23:42 -0300] "GET /cormun/servlet/trvisualizadoreventos? HTTP/1.1" 200 6731
190.171.144.234 - - [03/Apr/2023:13:23:42 -0300] "GET /cormun/static/gxcfg.js?202211298474834 HTTP/1.1" 200 953
190.171.144.234 - - [03/Apr/2023:13:23:42 -0300] "GET /cormun/static/trvisualizadoreventos.js?202211298474971 HTTP/1.1" 200 19318
190.171.144.234 - - [03/Apr/2023:13:23:42 -0300] "GET /cormun/static/Resources/PXToolsActionPrint.png HTTP/1.1" 200 404
190.171.144.234 - - [03/Apr/2023:13:23:42 -0300] "GET /cormun/servlet/trvisualizadoreventos? HTTP/1.1" 200 6731
190.171.144.234 - - [03/Apr/2023:13:23:46 -0300] "GET /cormun/static/menuarrow.gif HTTP/1.1" 404 1015
190.171.144.234 - - [03/Apr/2023:13:23:50 -0300] "POST /cormun/servlet/trvisualizadoreventos?4ca63a4dc55191c10aa6ea40de138d6a,,gx-no-cache=1680538106207 HTTP/1.1" 200 4014
190.171.144.234 - - [03/Apr/2023:13:24:03 -0300] "POST /cormun/servlet/trvisualizadoreventos?4ca63a4dc55191c10aa6ea40de138d6a,,gx-no-cache=1680538119041 HTTP/1.1" 200 4016
190.171.144.234 - - [03/Apr/2023:13:24:14 -0300] "GET /cormun/servlet/trsolicitudot? HTTP/1.1" 200 7211
190.171.144.234 - - [03/Apr/2023:13:24:14 -0300] "GET /cormun/static/gxcfg.js?20221129846531 HTTP/1.1" 200 953
190.171.144.234 - - [03/Apr/2023:13:24:14 -0300] "GET /cormun/static/trsolicitudot.js?202211298465651 HTTP/1.1" 200 54040
190.171.144.234 - - [03/Apr/2023:13:24:14 -0300] "GET /cormun/servlet/trsolicitudot? HTTP/1.1" 200 7210
190.171.144.234 - - [03/Apr/2023:13:24:19 -0300] "GET /cormun/static/menuarrow.gif HTTP/1.1" 404 1015
190.171.144.234 - - [03/Apr/2023:13:24:23 -0300] "POST /cormun/servlet/trsolicitudot?4ca63a4dc55191c10aa6ea40de138d6a,,gx-no-cache=1680538138718 HTTP/1.1" 200 9406
190.171.144.234 - - [03/Apr/2023:13:24:23 -0300] "GET /cormun//static/Resources/PXToolsActionView.png HTTP/1.1" 200 398
190.171.144.234 - - [03/Apr/2023:13:24:23 -0300] "GET /cormun//static/Resources/PXToolsRemoveAllAction.png HTTP/1.1" 200 487
190.171.142.10 - - [03/Apr/2023:13:24:24 -0300] "POST /cormun/servlet/solicitudot?gx-no-cache=1680538141602 HTTP/1.1" 200 30
192.168.10.17 - - [03/Apr/2023:13:24:31 -0300] "GET /cormun/servlet/trsolicitudgral? HTTP/1.1" 200 11729
192.168.10.17 - - [03/Apr/2023:13:24:31 -0300] "GET /cormun/servlet/trsolicitudgral? HTTP/1.1" 200 11728
190.171.144.234 - - [03/Apr/2023:13:24:54 -0300] "POST /cormun/servlet/trsolicitudot?4ca63a4dc55191c10aa6ea40de138d6a,,gx-no-cache=1680538170427 HTTP/1.1" 200 9406
190.171.142.10 - - [03/Apr/2023:13:24:58 -0300] "POST /cormun/servlet/solicitudot?gx-no-cache=1680538175166 HTTP/1.1" 200 30
190.171.144.234 - - [03/Apr/2023:13:25:08 -0300] "POST /cormun/servlet/trsolicitudot?4ca63a4dc55191c10aa6ea40de138d6a,,gx-no-cache=1680538184465 HTTP/1.1" 200 4355
190.171.141.82 - - [03/Apr/2023:13:25:10 -0300] "GET /cormun/servlet/hlogin HTTP/1.1" 200 1720
190.171.141.82 - - [03/Apr/2023:13:25:10 -0300] "GET /cormun/servlet/hlogin HTTP/1.1" 200 1730
190.171.144.234 - - [03/Apr/2023:13:25:14 -0300] "POST /cormun/servlet/trsolicitudot?4ca63a4dc55191c10aa6ea40de138d6a,,gx-no-cache=1680538190620 HTTP/1.1" 200 4355
190.171.144.234 - - [03/Apr/2023:13:25:21 -0300] "POST /cormun/servlet/trsolicitudot?4ca63a4dc55191c10aa6ea40de138d6a,,gx-no-cache=1680538197418 HTTP/1.1" 200 11155
190.171.144.234 - - [03/Apr/2023:13:25:44 -0300] "GET /cormun/servlet/treventos?2022,17991, HTTP/1.1" 200 8999
190.171.144.234 - - [03/Apr/2023:13:25:44 -0300] "GET /cormun/static/gxcfg.js?20201215584657 HTTP/1.1" 200 953
190.171.144.234 - - [03/Apr/2023:13:25:44 -0300] "GET /cormun/static/treventos.js?2020121558506 HTTP/1.1" 200 16063
190.171.144.234 - - [03/Apr/2023:13:25:45 -0300] "GET /cormun/servlet/treventos?2022,17991, HTTP/1.1" 200 9006
190.171.144.234 - - [03/Apr/2023:13:25:49 -0300] "GET /cormun/servlet/trsolicitudot? HTTP/1.1" 200 13947
190.171.144.234 - - [03/Apr/2023:13:25:49 -0300] "GET /cormun/servlet/trsolicitudot? HTTP/1.1" 200 13947
190.171.144.234 - - [03/Apr/2023:13:25:54 -0300] "GET /cormun/servlet/vesolicitudot?2022,17991,, HTTP/1.1" 200 8355
190.171.144.234 - - [03/Apr/2023:13:25:54 -0300] "GET /cormun/static/gxcfg.js?202211298465857 HTTP/1.1" 200 953
190.171.144.234 - - [03/Apr/2023:13:25:54 -0300] "GET /cormun/pexe_scrolldiv.js HTTP/1.1" 404 1009
190.171.144.234 - - [03/Apr/2023:13:25:54 -0300] "GET /cormun/static/hwcviewtabs.js?201991422154026 HTTP/1.1" 200 1074
190.171.144.234 - - [03/Apr/2023:13:25:54 -0300] "GET /cormun/static/vesolicitudot.js?202211298465886 HTTP/1.1" 200 6091
190.171.144.234 - - [03/Apr/2023:13:25:54 -0300] "GET /cormun/static/hpexe_tabsview.js?2020121447381 HTTP/1.1" 200 1661
190.171.144.234 - - [03/Apr/2023:13:25:54 -0300] "GET /cormun/static/tbsolicitudot01.js?20201214462316 HTTP/1.1" 200 30566
190.171.144.234 - - [03/Apr/2023:13:25:54 -0300] "GET /cormun/static/Resources/PXToolsTabPrevious.gif HTTP/1.1" 200 172
190.171.144.234 - - [03/Apr/2023:13:25:54 -0300] "GET /cormun/static/Resources/PXToolsTabFirstSelected.png HTTP/1.1" 200 1270
190.171.144.234 - - [03/Apr/2023:13:25:54 -0300] "GET /cormun/static/Resources/PXToolsTabLastUnselected.png HTTP/1.1" 200 1297
190.171.144.234 - - [03/Apr/2023:13:25:54 -0300] "GET /cormun/static/Resources/PXToolsTabNext.gif HTTP/1.1" 200 168
190.171.144.234 - - [03/Apr/2023:13:25:55 -0300] "GET /cormun/static/calendar-system.css HTTP/1.1" 200 5572
190.171.144.234 - - [03/Apr/2023:13:25:55 -0300] "GET /cormun/static/Resources/PXToolsTabBackSelected.png HTTP/1.1" 200 1157
190.171.144.234 - - [03/Apr/2023:13:25:55 -0300] "GET /cormun/static/Resources/PXToolsTabBackUnselected.png HTTP/1.1" 200 1175
190.171.144.234 - - [03/Apr/2023:13:25:55 -0300] "GET /cormun/static/Resources/PXToolsTabUnselectedUnselected.png HTTP/1.1" 200 1470
190.171.144.234 - - [03/Apr/2023:13:25:55 -0300] "GET /cormun/static/Resources/PXToolsTabSelectedUnselected.png HTTP/1.1" 200 1451
190.171.144.234 - - [03/Apr/2023:13:25:55 -0300] "GET /cormun/servlet/vesolicitudot?2022,17991,, HTTP/1.1" 200 8354
200.54.107.2 - - [03/Apr/2023:13:25:59 -0300] "GET /cormun/servlet/solicitudot?20f13155945284e1206021c3fa99277144429420c785d18e6eb0eabbfb38e1ea3b70aad5fb6ef085e60bf8f4e7c70e48d0c07ea920a1170ecdb4fbc378f84e43,gx-no-cache=1680538234946 HTTP/1.1" 440 972
190.171.144.234 - - [03/Apr/2023:13:26:14 -0300] "GET /cormun/servlet/vesolicitudot?2022,17991,,SolicitudOTLog HTTP/1.1" 200 10199
190.171.144.234 - - [03/Apr/2023:13:26:14 -0300] "GET /cormun/pexe_scrolldiv.js HTTP/1.1" 404 1009
190.171.144.234 - - [03/Apr/2023:13:26:14 -0300] "GET /cormun/static/tbsolicitudot03.js?20221129837931 HTTP/1.1" 200 13332
190.171.142.10 - - [03/Apr/2023:13:26:14 -0300] "GET /cormun/servlet/prfichaempleado?,MD,,gxPopupLevel%3D0%3B HTTP/1.1" 200 9191
190.171.144.234 - - [03/Apr/2023:13:26:14 -0300] "GET /cormun/static/Resources/PXToolsTabLastSelected.png HTTP/1.1" 200 1274
190.171.144.234 - - [03/Apr/2023:13:26:14 -0300] "GET /cormun/static/gxui/gxui-all.css HTTP/1.1" 200 2179
190.171.144.234 - - [03/Apr/2023:13:26:14 -0300] "GET /cormun/static/Resources/PXToolsTabFirstUnselected.png HTTP/1.1" 200 1278
190.171.144.234 - - [03/Apr/2023:13:26:14 -0300] "GET /cormun/static/Resources/PXToolsTabUnselectedSelected.png HTTP/1.1" 200 1458
190.171.144.234 - - [03/Apr/2023:13:26:15 -0300] "GET /cormun/static/Shared/ext/resources/css/ext-all.css HTTP/1.1" 200 416045
190.171.144.234 - - [03/Apr/2023:13:26:15 -0300] "GET /cormun/servlet/vesolicitudot?2022,17991,,SolicitudOTLog HTTP/1.1" 200 10201
190.171.144.234 - - [03/Apr/2023:13:26:15 -0300] "POST /cormun/servlet/acontrolpreferencessavestate?None,CA-36,true HTTP/1.1" 200 35
200.54.107.2 - - [03/Apr/2023:13:26:16 -0300] "GET /cormun/servlet/solicitudot?20f13155945284e1206021c3fa9927716a4b6c62a37d92c989702ce1485064cf,gx-no-cache=1680538251826 HTTP/1.1" 440 972
200.54.107.2 - - [03/Apr/2023:13:26:16 -0300] "GET /cormun/servlet/solicitudot?INS,0,0,false, HTTP/1.1" 200 16231
200.54.107.2 - - [03/Apr/2023:13:26:17 -0300] "GET /cormun/servlet/solicitudot?INS,0,0,false, HTTP/1.1" 200 16231
200.54.107.2 - - [03/Apr/2023:13:26:18 -0300] "GET /cormun/servlet/solicitudot?INS,0,0,false, HTTP/1.1" 200 16231
190.171.144.234 - - [03/Apr/2023:13:26:18 -0300] "GET /cormun/servlet/vesolicitudot?2022,17991,,SolicitudOTAdjuntos HTTP/1.1" 200 11446
190.171.144.234 - - [03/Apr/2023:13:26:18 -0300] "GET /cormun/pexe_scrolldiv.js HTTP/1.1" 404 1009
190.171.144.234 - - [03/Apr/2023:13:26:18 -0300] "GET /cormun/static/tbsolicitudot02.js?202211298385594 HTTP/1.1" 200 15626
190.171.144.234 - - [03/Apr/2023:13:26:19 -0300] "GET /cormun/static/Resources/PXToolsGridNew.png HTTP/1.1" 200 427
190.171.144.234 - - [03/Apr/2023:13:26:19 -0300] "GET /cormun/servlet/vesolicitudot?2022,17991,,SolicitudOTAdjuntos HTTP/1.1" 200 11444
190.171.144.234 - - [03/Apr/2023:13:26:20 -0300] "POST /cormun/servlet/acontrolpreferencessavestate?None,CA-36,true HTTP/1.1" 200 35
190.171.144.234 - - [03/Apr/2023:13:26:23 -0300] "GET /cormun/servlet/hlogin HTTP/1.1" 200 1759
190.171.141.82 - - [03/Apr/2023:13:26:24 -0300] "POST /cormun/servlet/hlogin?eaadfa108cff37847cefa9276ce6fb72,gx-no-cache=1680538260311 HTTP/1.1" 200 90
190.171.141.82 - - [03/Apr/2023:13:26:24 -0300] "GET /cormun/servlet/hpexe_link HTTP/1.1" 200 950
190.171.141.82 - - [03/Apr/2023:13:26:24 -0300] "GET /cormun/servlet/hhome HTTP/1.1" 200 3962
190.171.141.82 - - [03/Apr/2023:13:26:25 -0300] "GET /cormun/servlet/hhome HTTP/1.1" 200 3958
190.171.141.82 - - [03/Apr/2023:13:26:28 -0300] "GET /cormun/servlet/trpermisosgoce? HTTP/1.1" 200 9320
190.171.141.82 - - [03/Apr/2023:13:26:29 -0300] "GET /cormun/servlet/trpermisosgoce? HTTP/1.1" 200 9318
190.171.142.10 - - [03/Apr/2023:13:26:29 -0300] "GET /cormun/servlet/prfichaempleado?,MD,,gxPopupLevel%3D0%3B HTTP/1.1" 200 9191
200.54.107.2 - - [03/Apr/2023:13:26:32 -0300] "POST /cormun/servlet/solicitudot?gx-no-cache=1680538267627 HTTP/1.1" 200 4070
200.54.107.2 - - [03/Apr/2023:13:26:32 -0300] "POST /cormun/servlet/solicitudot?d5d69941a95afeb15afe45fd997af19c,INS,0,0,false,,gx-no-cache=1680538267830 HTTP/1.1" 200 12931
200.54.107.2 - - [03/Apr/2023:13:26:37 -0300] "GET /cormun/servlet/solicitudot?18dda838544e0fdb36d06a993ff93611a3f8ae28f4d9257e920b520a4cc0024948ea8082376a12dc3c6123be3ad22bab,gx-no-cache=1680538272652 HTTP/1.1" 200 30
200.54.107.2 - - [03/Apr/2023:13:26:37 -0300] "GET /cormun/servlet/solicitudot?18dda838544e0fdb36d06a993ff93611a941c224bb475e5119ffa0fd1ad07154626e7846486119cbc49c9d8abe5a7635009e0dd4ea08a5672b18825b7a366397,gx-no-cache=1680538272715 HTTP/1.1" 200 30
200.54.107.2 - - [03/Apr/2023:13:26:37 -0300] "GET /cormun/servlet/solicitudot?18dda838544e0fdb36d06a993ff93611b8f21cef501453fe32c1a518483db5f5,gx-no-cache=1680538272751 HTTP/1.1" 200 53
200.54.107.2 - - [03/Apr/2023:13:26:40 -0300] "POST /cormun/servlet/solicitudot?d5d69941a95afeb15afe45fd997af19c,INS,0,0,false,,gx-no-cache=1680538275868 HTTP/1.1" 200 13042
200.54.107.2 - - [03/Apr/2023:13:26:40 -0300] "GET /cormun/static/Shared/jqueryui/images/ui-bg_highlight-soft_100_c6c2c8_1x100.png HTTP/1.1" 404 1117
200.54.107.2 - - [03/Apr/2023:13:26:40 -0300] "GET /cormun/static/Shared/jqueryui/images/ui-bg_flat_55_fafafa_40x100.png HTTP/1.1" 404 1097
200.54.107.2 - - [03/Apr/2023:13:26:40 -0300] "GET /cormun/static/Shared/jqueryui/images/ui-icons_82798d_256x240.png HTTP/1.1" 404 1089
200.54.107.2 - - [03/Apr/2023:13:26:40 -0300] "GET /cormun/static/Shared/jqueryui/images/ui-icons_8d78a5_256x240.png HTTP/1.1" 404 1089
200.54.107.2 - - [03/Apr/2023:13:26:48 -0300] "GET /cormun/servlet/solicitudot?18dda838544e0fdb36d06a993ff93611a3f8ae28f4d9257e920b520a4cc002495d621178a0ab209a31aa44bdb4704810,gx-no-cache=1680538284582 HTTP/1.1" 200 30
200.54.107.2 - - [03/Apr/2023:13:26:49 -0300] "GET /cormun/servlet/solicitudot?18dda838544e0fdb36d06a993ff93611a941c224bb475e5119ffa0fd1ad0715432a266562b2694b1580c0744d6cb22d2009e0dd4ea08a5672b18825b7a366397,gx-no-cache=1680538284635 HTTP/1.1" 200 30
200.54.107.2 - - [03/Apr/2023:13:26:49 -0300] "GET /cormun/servlet/solicitudot?18dda838544e0fdb36d06a993ff93611dcf556575311613e3bb4dc843d39002b44fdbc28c4ec99ab61ea02121b84438ca8df093342813fc3ec462594e60565a4,gx-no-cache=1680538284660 HTTP/1.1" 200 53
200.54.107.2 - - [03/Apr/2023:13:26:49 -0300] "POST /cormun/servlet/solicitudot?gx-no-cache=1680538284692 HTTP/1.1" 200 255
200.54.107.2 - - [03/Apr/2023:13:26:49 -0300] "GET /cormun/servlet/solicitudot?18dda838544e0fdb36d06a993ff93611122c45d2fe7091b326e469765556a579756b4e3670263a606e4623797142e527acfd18806ac6952608de8bcc6ce4e49e01777b7d54745fb8b9bdd94cb6cc8beaaa1abc78c140c825e4b3d5996b8245748b5679eb3481ec1995a99e0d76c4d4253e55fda97ef27a1fdeaf0dd428dec01cdd5b9cfd8e785e13e89f9abd83516095c2a4b31b061cae869e79784465e4aff9897d2705b92698c8589064fbb6edc3419be2bf1f455742714ca0ff652ab7fe1e6e673a3f94bc17af93970d2132bbb5a29c577464e3a5d1164f600135bbfc6a1db8e54d204d978e50830720aa6122e26b07698ab1cf98c0b1614166e5030228cc4596303ecebe94224cb5f25e8a2d919081f27d634ca9f7e145cbaf4c7c600e32e35970b754ea5579ceb63dc0eec307e0f1605c9f134069985d57f001a9a09c2a53a92ce2254be5d172937a68a3fc25483ea7041b57fed3573ecca585d705fbde4fb7609c42b37906098fdeba5ae19aa248a26d5661bafa412798ca424d6c2e17,gx-no-cache=1680538284727 HTTP/1.1" 200 30
190.171.141.82 - - [03/Apr/2023:13:27:02 -0300] "GET /cormun/servlet/permisogoce?INS,0,,, HTTP/1.1" 200 6827
190.171.141.82 - - [03/Apr/2023:13:27:02 -0300] "GET /cormun/servlet/permisogoce?INS,0,,, HTTP/1.1" 200 6827
192.168.10.17 - - [03/Apr/2023:13:27:04 -0300] "POST /cormun/servlet/trsolicitudgral?43eb32e94f6cf2c1ffb0b6b6dbb4c671,,gx-no-cache=1680538291272 HTTP/1.1" 200 8138
200.54.107.2 - - [03/Apr/2023:13:27:09 -0300] "POST /cormun/servlet/solicitudot?gx-no-cache=1680538305067 HTTP/1.1" 200 30
190.171.141.82 - - [03/Apr/2023:13:27:12 -0300] "GET /cormun/servlet/permisogoce?3fe58240d61025f99875cff8b20b16dca905c17fcc9bd72212b9909aafb5c75d95765a3ec87b4775632660eed4ca8ec83e39e0bfe452c9f394945c180b710ae9,gx-no-cache=1680538308073 HTTP/1.1" 200 83
200.54.107.2 - - [03/Apr/2023:13:27:14 -0300] "POST /cormun/servlet/solicitudot?gx-no-cache=1680538309615 HTTP/1.1" 200 1468
200.54.107.2 - - [03/Apr/2023:13:27:14 -0300] "POST /cormun/servlet/solicitudot?gx-no-cache=1680538309670 HTTP/1.1" 200 38
200.54.107.2 - - [03/Apr/2023:13:27:14 -0300] "GET /cormun/servlet/solicitudot?18dda838544e0fdb36d06a993ff9361176a0bed9137f992c2ba6f48e47546eacee272c9b3ed73e544a5b2dbcd3f2c0874149a6cab15b2efd6a21660864470d0fbe18638a1369fcb171c9c85403e19c3317595b0bc8a7395c62b022cc119e1725a4d3e0777b7f5cceb7f54ba98d81581a,gx-no-cache=1680538309696 HTTP/1.1" 200 110
200.54.107.2 - - [03/Apr/2023:13:27:25 -0300] "POST /cormun/servlet/solicitudot?gx-no-cache=1680538321541 HTTP/1.1" 200 97
190.171.141.82 - - [03/Apr/2023:13:27:30 -0300] "GET /cormun/servlet/permisogoce?3fe58240d61025f99875cff8b20b16dc982dd5d5e24e8873934f0ce6ac825ad059a904fe345b1df48b7d3c0b08648a615c3fc0928bf7082ee3967543da7ac012,gx-no-cache=1680538326646 HTTP/1.1" 200 47
200.54.103.162 - - [03/Apr/2023:13:27:31 -0300] "GET /cormun/servlet/hhome HTTP/1.1" 200 3319
200.54.103.162 - - [03/Apr/2023:13:27:31 -0300] "GET /cormun/static/gxcfg.js?20201215495537 HTTP/1.1" 200 953
200.54.103.162 - - [03/Apr/2023:13:27:31 -0300] "GET /cormun/static/gxtimezone.js?85251 HTTP/1.1" 200 5781
200.54.103.162 - - [03/Apr/2023:13:27:31 -0300] "GET /cormun/static/PXToolsJavascripts/pexe_autoreload.js HTTP/1.1" 200 1762
200.54.103.162 - - [03/Apr/2023:13:27:31 -0300] "GET /cormun/static/PXToolsJavascripts/pexe_windows.js HTTP/1.1" 200 15249
200.54.103.162 - - [03/Apr/2023:13:27:31 -0300] "GET /cormun/static/PXToolsJavascripts/pexe_cookies.js HTTP/1.1" 200 792
200.54.103.162 - - [03/Apr/2023:13:27:31 -0300] "GET /cormun/static/PXToolsJavascripts/pexe_grid.js HTTP/1.1" 200 7559
200.54.103.162 - - [03/Apr/2023:13:27:31 -0300] "GET /cormun/static/PXToolsJavascripts/pexe_griddivfix.js HTTP/1.1" 200 6946
200.54.103.162 - - [03/Apr/2023:13:27:31 -0300] "GET /cormun/static/PXToolsJavascripts/pexe_link.js HTTP/1.1" 200 5671
200.54.103.162 - - [03/Apr/2023:13:27:31 -0300] "GET /cormun/static/PXToolsJavascripts/pexe_menudivfix.js HTTP/1.1" 200 333
200.54.103.162 - - [03/Apr/2023:13:27:31 -0300] "GET /cormun/static/PXToolsJavascripts/pexe_menus.js HTTP/1.1" 200 1286
200.54.103.162 - - [03/Apr/2023:13:27:31 -0300] "GET /cormun/static/PXToolsJavascripts/pexe_oav.js HTTP/1.1" 200 645
200.54.103.162 - - [03/Apr/2023:13:27:31 -0300] "GET /cormun/static/PXToolsJavascripts/pexe_layers.js HTTP/1.1" 200 4114
200.54.103.162 - - [03/Apr/2023:13:27:31 -0300] "GET /cormun/static/PXToolsJavascripts/pexe_picture.js HTTP/1.1" 200 689
200.54.103.162 - - [03/Apr/2023:13:27:31 -0300] "GET /cormun/static/PXToolsJavascripts/pexe_popup.js HTTP/1.1" 200 15149
200.54.103.162 - - [03/Apr/2023:13:27:31 -0300] "GET /cormun/static/PXToolsJavascripts/pexe_oavdivfix.js HTTP/1.1" 200 639
200.54.103.162 - - [03/Apr/2023:13:27:31 -0300] "GET /cormun/static/PXToolsJavascripts/pexe_scrolldiv.js HTTP/1.1" 200 4138
200.54.103.162 - - [03/Apr/2023:13:27:31 -0300] "GET /cormun/static/PXToolsJavascripts/pexe_tabs.js HTTP/1.1" 200 3748
200.54.103.162 - - [03/Apr/2023:13:27:32 -0300] "GET /cormun/static/PXToolsJavascripts/pexe_tabdivfix.js HTTP/1.1" 200 898
200.54.103.162 - - [03/Apr/2023:13:27:32 -0300] "GET /cormun/static/PXToolsJavascripts/pexe_upload.js HTTP/1.1" 200 1423
200.54.103.162 - - [03/Apr/2023:13:27:32 -0300] "GET /cormun/static/gxgral.js?85251 HTTP/1.1" 200 384558
200.54.103.162 - - [03/Apr/2023:13:27:32 -0300] "GET /cormun/static/PXToolsJavascripts/PXToolsJavascriptsRender.js HTTP/1.1" 200 367
200.54.103.162 - - [03/Apr/2023:13:27:32 -0300] "GET /cormun/static/RunJS/RunJS.js HTTP/1.1" 200 288
200.54.103.162 - - [03/Apr/2023:13:27:32 -0300] "GET /cormun/static/gxui/gxui-all.js HTTP/1.1" 200 107772
200.54.103.162 - - [03/Apr/2023:13:27:32 -0300] "GET /cormun/static/hhome.js?20201215495544 HTTP/1.1" 200 777
200.54.103.162 - - [03/Apr/2023:13:27:32 -0300] "GET /cormun/static/Shared/ext/locale/ext-lang-en.js HTTP/1.1" 200 10940
200.54.103.162 - - [03/Apr/2023:13:27:32 -0300] "GET /cormun/static/messages.spa.js?85251 HTTP/1.1" 200 30736
200.54.103.162 - - [03/Apr/2023:13:27:32 -0300] "GET /cormun/static/hwchdr01.js?2022112219251119 HTTP/1.1" 200 996
200.54.103.162 - - [03/Apr/2023:13:27:32 -0300] "GET /cormun/static/hpexe_recentlink.js?20201214471090 HTTP/1.1" 200 2144
200.54.103.162 - - [03/Apr/2023:13:27:32 -0300] "GET /cormun/static/hpexe_scripts.js?20201214471411 HTTP/1.1" 200 1544
200.54.103.162 - - [03/Apr/2023:13:27:32 -0300] "GET /cormun/static/hpexe_messagecontroller.js?202211298371222 HTTP/1.1" 200 870
200.54.103.162 - - [03/Apr/2023:13:27:32 -0300] "GET /cormun/static/Resources/PXToolsDataTitle.png HTTP/1.1" 200 1173
200.54.103.162 - - [03/Apr/2023:13:27:32 -0300] "GET /cormun/static/Resources/CormunMP2.png HTTP/1.1" 200 6878
200.54.103.162 - - [03/Apr/2023:13:27:32 -0300] "GET /cormun/static/Resources/ImgHome.png HTTP/1.1" 200 1364
200.54.103.162 - - [03/Apr/2023:13:27:32 -0300] "GET /cormun/static/Resources/Llave.png HTTP/1.1" 200 1395
200.54.103.162 - - [03/Apr/2023:13:27:32 -0300] "GET /cormun/static/hpexe_messagepopupcomponent.js?2020121447232 HTTP/1.1" 200 605
200.54.103.162 - - [03/Apr/2023:13:27:32 -0300] "GET /cormun/static/Resources/ImgLogin.png HTTP/1.1" 200 1432
200.54.103.162 - - [03/Apr/2023:13:27:32 -0300] "GET /cormun/static/hpexe_messagegenexuscomponent.js?20221129836373 HTTP/1.1" 200 587
200.54.103.162 - - [03/Apr/2023:13:27:32 -0300] "GET /cormun/static/cmcontrolpreferences.js?20199141926336 HTTP/1.1" 200 1375
200.54.103.162 - - [03/Apr/2023:13:27:32 -0300] "GET /cormun/static/Shared/jqueryui/jquery-ui.min.js HTTP/1.1" 200 240427
200.54.103.162 - - [03/Apr/2023:13:27:32 -0300] "GET /cormun/static/SmoothNavMenu/resources/ddsmoothmenu.js HTTP/1.1" 200 12712
200.54.103.162 - - [03/Apr/2023:13:27:32 -0300] "GET /cormun/static/SmoothNavMenu/resources/SmoothNavMenuRender.js HTTP/1.1" 200 5951
200.54.103.162 - - [03/Apr/2023:13:27:32 -0300] "GET /cormun/static/Shared/jquery/jquery-1.4.2.min.js HTTP/1.1" 200 72174
200.54.103.162 - - [03/Apr/2023:13:27:32 -0300] "GET /cormun/static/scaMessage/js/jquery.pnotify.min.js HTTP/1.1" 200 13038
200.54.103.162 - - [03/Apr/2023:13:27:32 -0300] "GET /cormun/static/scaMessage/scaMessageRender.js HTTP/1.1" 200 11977
200.54.103.162 - - [03/Apr/2023:13:27:32 -0300] "GET /cormun/static/hmpwkw03.js?20221129844354 HTTP/1.1" 200 3971
200.54.103.162 - - [03/Apr/2023:13:27:32 -0300] "GET /cormun/static/Shared/ext/ext-all.js HTTP/1.1" 200 1289687
200.54.103.162 - - [03/Apr/2023:13:27:32 -0300] "GET /cormun/static/Shared/jquery/jquery-1.10.2.min.js HTTP/1.1" 200 273199
200.54.103.162 - - [03/Apr/2023:13:27:32 -0300] "GET /cormun/static/Resources/indicator.gif HTTP/1.1" 200 1553
200.54.103.162 - - [03/Apr/2023:13:27:32 -0300] "GET /cormun/servlet/hlogin HTTP/1.1" 200 1730
200.54.103.162 - - [03/Apr/2023:13:27:32 -0300] "GET /cormun/servlet/hhome HTTP/1.1" 200 3329
200.54.103.162 - - [03/Apr/2023:13:27:32 -0300] "GET /cormun/servlet/hhome HTTP/1.1" 200 3329
200.54.103.162 - - [03/Apr/2023:13:27:32 -0300] "GET /cormun/static/gxcfg.js?2022112219184450 HTTP/1.1" 200 953
