190.171.152.234 - - [03/Apr/2023:12:34:20 -0300] "GET /cormun/servlet/solicitudot?ec3bffe7ef7f3e5c5635713bdc566261ef36b96ca5102fbfa238f8a8ad0ef2dca21431287126ee7e9e1653e3b9034a460bea107f3cc9bd473c347d4ba64c0d4ed40165a1f8f87eb1316a68701de685d0fccf486d4fc8bfa3698a24834f937c09e0e3e79027bc19bd49db3ab8f7a32a9bbec06273d3034abf9b132d8d417999519f86582dd303f4fdbaac2582d00eb97f59582f7505a0d470d6b818a236e4da29,gx-no-cache=1680535260901 HTTP/1.1" 200 29
190.171.152.234 - - [03/Apr/2023:12:34:20 -0300] "GET /cormun/static/menuarrow.gif HTTP/1.1" 404 1015
186.67.172.234 - - [03/Apr/2023:12:34:23 -0300] "POST /cormun/servlet/hlogin?6263cc7e9324a08ec3756eb0946321c3,gx-no-cache=1680535543264 HTTP/1.1" 200 447
190.171.152.234 - - [03/Apr/2023:12:34:33 -0300] "GET /cormun/servlet/solicitudot?ec3bffe7ef7f3e5c5635713bdc566261acfe3d85678569ea5224dac4fbbd157cfb259c7f0b5fbd18083922eda4feda0f,gx-no-cache=1680535273869 HTTP/1.1" 200 134
190.171.152.234 - - [03/Apr/2023:12:34:33 -0300] "GET /cormun/static/Shared/jqueryui/images/ui-bg_flat_55_994d53_40x100.png HTTP/1.1" 404 1097
190.171.152.234 - - [03/Apr/2023:12:34:33 -0300] "GET /cormun/static/Shared/jqueryui/images/ui-icons_ebccce_256x240.png HTTP/1.1" 404 1089
190.171.142.10 - - [03/Apr/2023:12:34:44 -0300] "GET /cormun/servlet/hhome HTTP/1.1" 200 4174
190.171.142.10 - - [03/Apr/2023:12:34:44 -0300] "GET /cormun/servlet/hhome HTTP/1.1" 200 4168
190.171.142.10 - - [03/Apr/2023:12:34:49 -0300] "GET /cormun/servlet/hhome HTTP/1.1" 200 4174
190.171.142.10 - - [03/Apr/2023:12:34:49 -0300] "GET /cormun/servlet/hhome HTTP/1.1" 200 4168
190.171.142.10 - - [03/Apr/2023:12:34:49 -0300] "GET /cormun/servlet/hhome HTTP/1.1" 200 4174
190.171.142.10 - - [03/Apr/2023:12:34:50 -0300] "GET /cormun/servlet/hhome HTTP/1.1" 200 4168
190.171.142.10 - - [03/Apr/2023:12:34:57 -0300] "GET /cormun/servlet/solicitudot?INS,0,0,false, HTTP/1.1" 200 16033
190.171.142.10 - - [03/Apr/2023:12:34:58 -0300] "GET /cormun/servlet/solicitudot?INS,0,0,false, HTTP/1.1" 200 16040
190.171.142.10 - - [03/Apr/2023:12:35:04 -0300] "GET /cormun/servlet/solicitudot?INS,0,0,false, HTTP/1.1" 200 16040
190.171.142.10 - - [03/Apr/2023:12:35:04 -0300] "GET /cormun/servlet/solicitudot?INS,0,0,false, HTTP/1.1" 200 16040
190.171.142.10 - - [03/Apr/2023:12:35:23 -0300] "POST /cormun/servlet/solicitudot?gx-no-cache=1680535200429 HTTP/1.1" 200 3953
190.171.142.10 - - [03/Apr/2023:12:35:24 -0300] "POST /cormun/servlet/solicitudot?f63c1a33e20ce8e36482ab085d8d3842,INS,0,0,false,,gx-no-cache=1680535200592 HTTP/1.1" 200 12797
190.171.142.10 - - [03/Apr/2023:12:35:27 -0300] "GET /cormun/servlet/solicitudot?8d60eb7d007c0634f2b7e6e0406457b41aaa28de74e45ae26a059e741ae8e9fb7b885c12418d30e8127c75b192a5f4b3,gx-no-cache=1680535204448 HTTP/1.1" 200 30
40.77.167.251 - - [03/Apr/2023:12:36:31 -0300] "GET /cormun/servlet/trlicencias HTTP/1.1" 200 8124
40.77.167.94 - - [03/Apr/2023:12:36:35 -0300] "GET /cormun/servlet/trsolicitudot HTTP/1.1" 200 6311
190.171.142.10 - - [03/Apr/2023:12:37:04 -0300] "GET /cormun/servlet/solicitudot?8d60eb7d007c0634f2b7e6e0406457b49e0c1dd52ae133579a56cfd895419eae766e149812ed9aac21e42807faa416d97cba88f2395bf72c51c7d9791b43b5c0,gx-no-cache=1680535301402 HTTP/1.1" 200 30
190.171.142.10 - - [03/Apr/2023:12:37:04 -0300] "GET /cormun/servlet/solicitudot?8d60eb7d007c0634f2b7e6e0406457b475bbdae85b7b485de45930f61fd10fb1,gx-no-cache=1680535301518 HTTP/1.1" 200 29
190.171.142.10 - - [03/Apr/2023:12:37:04 -0300] "POST /cormun/servlet/solicitudot?gx-no-cache=1680535301574 HTTP/1.1" 200 297
190.171.142.10 - - [03/Apr/2023:12:37:07 -0300] "GET /cormun/servlet/solicitudot?8d60eb7d007c0634f2b7e6e0406457b47f0c5a200f32a5fd7ea9da962b0745be65a4fea88899ed33c3a731f749b2dbe44c61079b4618538c4048505df80e5123337328afb545f654313be4f39ee8d41d90996b0057fd878ffbf5cf5969304b055abec9b598c987b349fded28e5aa59b992deec1919d53b08ebf7771c38ed99714c344f6012cb67b8b62a5b6e30f0a14e9c1bccab9cfeb2fcb8c3dd79a37323027fa99cc0854587724a5045569f9d0feb10b9b3c16d68d8386a479731222659e2ee43f080cacda819f4433c1758a0c209120c369f23fc0841b265af6a7038feb6d6c166c58958ccb8ccef588cd4680c3bded15e3ebcbe1242ab4abeb877e107da77a1e7a6236174680a814957e710ea559206991f71dece093cada07b514a66c4a154bd78daf22c7bf187a32b34a25c3205d45c884cffd7c7880f85438a1a453ea01710f63462212adf0dffc73960666a38a502ea52bbf761ac768fae607dd16d3676dc9982cbb62455d9aa80c4a02ee65696872e0bea146c29b461319a05a867c58a44a74996d2f9eddc238d67edc1dc,gx-no-cache=1680535304252 HTTP/1.1" 200 30
190.171.142.10 - - [03/Apr/2023:12:37:08 -0300] "POST /cormun/servlet/solicitudot?gx-no-cache=1680535305348 HTTP/1.1" 200 30
190.171.142.10 - - [03/Apr/2023:12:37:10 -0300] "POST /cormun/servlet/solicitudot?gx-no-cache=1680535307126 HTTP/1.1" 200 1466
190.171.142.10 - - [03/Apr/2023:12:37:10 -0300] "POST /cormun/servlet/solicitudot?gx-no-cache=1680535307178 HTTP/1.1" 200 38
190.171.142.10 - - [03/Apr/2023:12:37:18 -0300] "GET /cormun/servlet/solicitudot?8d60eb7d007c0634f2b7e6e0406457b40ecd2a782c56292562bd4fa3b64c734eefd4413545b319f16563ded811a4015e8c104e2a2f12d26ee5ddeea020f449ab23291b56afd155d334fb2ef393056f7ef4e5bf5a96a1f44d6563b25e7ffd851a0c47da35a47cf2c863ae3562baf4fee1,gx-no-cache=1680535314929 HTTP/1.1" 200 110
192.168.10.17 - - [03/Apr/2023:12:37:50 -0300] "POST /cormun/servlet/trsolicitudgral?43eb32e94f6cf2c1ffb0b6b6dbb4c671,,gx-no-cache=1680535334673 HTTP/1.1" 200 26042
192.168.10.17 - - [03/Apr/2023:12:37:54 -0300] "POST /cormun/servlet/trsolicitudgral?43eb32e94f6cf2c1ffb0b6b6dbb4c671,,gx-no-cache=1680535341235 HTTP/1.1" 200 9200
190.171.142.10 - - [03/Apr/2023:12:37:55 -0300] "POST /cormun/servlet/solicitudot?gx-no-cache=1680535352192 HTTP/1.1" 200 64
192.168.10.17 - - [03/Apr/2023:12:38:02 -0300] "GET /cormun/servlet/vesolicitudgral?2023,19840,, HTTP/1.1" 200 8347
192.168.10.17 - - [03/Apr/2023:12:38:03 -0300] "GET /cormun/pexe_scrolldiv.js HTTP/1.1" 404 1009
192.168.10.17 - - [03/Apr/2023:12:38:03 -0300] "GET /cormun/servlet/vesolicitudgral?2023,19840,, HTTP/1.1" 200 8346
190.171.142.10 - - [03/Apr/2023:12:38:03 -0300] "GET /cormun/servlet/solicitudot?8d60eb7d007c0634f2b7e6e0406457b4eaa1642f86a9bebda7e3fc2007c9a6ca9ea1180977db3e8c0d74ce218fcb092e91747cbc7e407d4e8fa1020e97b3d6d5b7b86d71947ef5c2b82bc6d83b2e17b06d6c12196c173c53caa2b5f3f8f4fcd55dd5dd78697e8a9ce69d1c1c68996c7d,gx-no-cache=1680535360123 HTTP/1.1" 200 29
190.171.142.10 - - [03/Apr/2023:12:38:06 -0300] "GET /cormun/static/menuarrow.gif HTTP/1.1" 404 1015
190.171.142.10 - - [03/Apr/2023:12:38:10 -0300] "GET /cormun/servlet/solicitudot?8d60eb7d007c0634f2b7e6e0406457b4fa43b8ef3edb8e2450404ee808666ee5ced5b1271eb7762e723d13591492fdb0,gx-no-cache=1680535366952 HTTP/1.1" 200 30
190.171.142.10 - - [03/Apr/2023:12:38:18 -0300] "GET /cormun/servlet/prbanco?,MD,,gxPopupLevel%3D0%3B HTTP/1.1" 200 6459
190.171.142.10 - - [03/Apr/2023:12:38:21 -0300] "GET /cormun/servlet/solicitudot?8d60eb7d007c0634f2b7e6e0406457b494957bc608bdb9c9d77220605218cc1d,gx-no-cache=1680535378134 HTTP/1.1" 200 53
190.171.141.106 - - [03/Apr/2023:12:39:01 -0300] "GET /cormun/servlet/trcontratosolicitud? HTTP/1.1" 200 5673
190.171.141.106 - - [03/Apr/2023:12:39:02 -0300] "GET /cormun/servlet/trcontratosolicitud? HTTP/1.1" 200 5666
190.171.141.106 - - [03/Apr/2023:12:39:03 -0300] "GET /cormun/servlet/hlogin HTTP/1.1" 200 1734
190.171.149.82 - - [03/Apr/2023:12:39:34 -0300] "GET /cormun/servlet/hlogin HTTP/1.1" 200 1725
190.171.149.82 - - [03/Apr/2023:12:39:43 -0300] "POST /cormun/servlet/hlogin?43d9157779a73882e849d042aa7d241e,gx-no-cache=1680535458746 HTTP/1.1" 200 90
190.171.149.82 - - [03/Apr/2023:12:39:43 -0300] "GET /cormun/servlet/hpexe_link HTTP/1.1" 200 959
190.171.149.82 - - [03/Apr/2023:12:39:43 -0300] "GET /cormun/servlet/trsolicitudot HTTP/1.1" 200 7142
190.171.149.82 - - [03/Apr/2023:12:39:43 -0300] "GET /cormun/servlet/trsolicitudot HTTP/1.1" 200 7141
190.171.141.106 - - [03/Apr/2023:12:39:46 -0300] "POST /cormun/servlet/hlogin?90ad7ac9e21b3a72f6641ee16bfe63a8,gx-no-cache=1680535758880 HTTP/1.1" 200 90
190.171.141.106 - - [03/Apr/2023:12:39:46 -0300] "GET /cormun/servlet/hpexe_link HTTP/1.1" 200 955
190.171.141.106 - - [03/Apr/2023:12:39:47 -0300] "GET /cormun/servlet/trcontratosolicitud HTTP/1.1" 200 14722
190.171.149.82 - - [03/Apr/2023:12:39:47 -0300] "GET /cormun/Manuales/InstructivoDirector.pdf HTTP/1.1" 404 1039
190.208.14.8 - - [03/Apr/2023:12:39:50 -0300] "GET /cormun/Manuales/InstructivoDirector.pdf HTTP/1.1" 404 1039
190.171.141.106 - - [03/Apr/2023:12:39:51 -0300] "GET /cormun/servlet/trcontratosolicitud HTTP/1.1" 200 14719
190.171.149.82 - - [03/Apr/2023:12:39:53 -0300] "GET /cormun/servlet/trsolicitudot HTTP/1.1" 200 7142
190.171.149.82 - - [03/Apr/2023:12:39:53 -0300] "GET /cormun/servlet/trsolicitudot HTTP/1.1" 200 7141
190.171.149.82 - - [03/Apr/2023:12:39:55 -0300] "GET /cormun/Manuales/ManualContratos.pdf HTTP/1.1" 206 1025
190.171.149.82 - - [03/Apr/2023:12:39:57 -0300] "GET /cormun/Manuales/ManualContratos.pdf HTTP/1.1" 206 3072
190.171.141.114 - - [03/Apr/2023:12:39:58 -0300] "GET /cormun/servlet/hlogin HTTP/1.1" 200 1720
190.171.141.114 - - [03/Apr/2023:12:39:58 -0300] "GET /cormun/servlet/hlogin HTTP/1.1" 200 1731
190.171.149.82 - - [03/Apr/2023:12:40:08 -0300] "GET /cormun/Manuales/ManualContratos.pdf HTTP/1.1" 200 629147
190.171.141.114 - - [03/Apr/2023:12:40:10 -0300] "POST /cormun/servlet/hlogin?523636bd1f2d8583049111102d5d10ac,gx-no-cache=1680535492724 HTTP/1.1" 200 90
190.171.141.114 - - [03/Apr/2023:12:40:11 -0300] "GET /cormun/servlet/hpexe_link HTTP/1.1" 200 952
190.171.141.114 - - [03/Apr/2023:12:40:11 -0300] "GET /cormun/servlet/hhome HTTP/1.1" 200 4007
190.171.141.114 - - [03/Apr/2023:12:40:11 -0300] "GET /cormun/servlet/hhome HTTP/1.1" 200 4003
190.171.141.114 - - [03/Apr/2023:12:40:16 -0300] "GET /cormun/servlet/trsolicitudot? HTTP/1.1" 200 7222
190.171.141.114 - - [03/Apr/2023:12:40:16 -0300] "GET /cormun/static/gxcfg.js?20221129846531 HTTP/1.1" 200 953
190.171.141.114 - - [03/Apr/2023:12:40:18 -0300] "GET /cormun/static/trsolicitudot.js?202211298465651 HTTP/1.1" 200 54040
190.171.141.114 - - [03/Apr/2023:12:40:18 -0300] "GET /cormun/servlet/trsolicitudot? HTTP/1.1" 200 7221
190.171.141.114 - - [03/Apr/2023:12:40:20 -0300] "GET /cormun/servlet/solicitudot?INS,0,0,false, HTTP/1.1" 200 15860
190.171.141.114 - - [03/Apr/2023:12:40:21 -0300] "GET /cormun/static/gxcfg.js?20221129840861 HTTP/1.1" 200 953
190.171.141.114 - - [03/Apr/2023:12:40:21 -0300] "GET /cormun/static/solicitudot.js?20221129840983 HTTP/1.1" 200 74072
190.171.141.114 - - [03/Apr/2023:12:40:22 -0300] "GET /cormun/servlet/solicitudot?INS,0,0,false, HTTP/1.1" 200 15868
190.171.141.106 - - [03/Apr/2023:12:40:28 -0300] "GET /cormun/servlet/trreportecargahoraria? HTTP/1.1" 200 6696
190.171.141.106 - - [03/Apr/2023:12:40:29 -0300] "GET /cormun/servlet/trreportecargahoraria? HTTP/1.1" 200 6695
190.171.142.10 - - [03/Apr/2023:12:40:30 -0300] "GET /cormun/servlet/solicitudot?8d60eb7d007c0634f2b7e6e0406457b47f0c5a200f32a5fd7ea9da962b0745be65a4fea88899ed33c3a731f749b2dbe44c61079b4618538c4048505df80e5123337328afb545f654313be4f39ee8d41d90996b0057fd878ffbf5cf5969304b055abec9b598c987b349fded28e5aa59b992deec1919d53b08ebf7771c38ed99714c344f6012cb67b8b62a5b6e30f0a14e9c1bccab9cfeb2fcb8c3dd79a37323027fa99cc0854587724a5045569f9d0feb10b9b3c16d68d8386a479731222659e2ee43f080cacda819f4433c1758a0c209120c369f23fc0841b265af6a7038feb6d6c166c58958ccb8ccef588cd4680c3bded15e3ebcbe1242ab4abeb877e107da77a1e7a6236174680a814957e710ea559206991f71dece093cada07b514a66c4a154bd78daf22c7bf187a32b34a25c3205d45c884cffd7c7880f85438a1a453ea01710f63462212adf0dffc73960666a38a502ea52bbf761ac768fae607dd16d3676dc9982cbb62455d9aa80c4a02ee684b674167e2f1f0f05eff050949e2adec58a44a74996d2f9eddc238d67edc1dc,gx-no-cache=1680535506618 HTTP/1.1" 200 30
190.171.141.106 - - [03/Apr/2023:12:40:31 -0300] "POST /cormun/servlet/trreportecargahoraria?90ad7ac9e21b3a72f6641ee16bfe63a8,,gx-no-cache=1680535803706 HTTP/1.1" 200 4208
190.171.141.106 - - [03/Apr/2023:12:40:35 -0300] "POST /cormun/servlet/trreportecargahoraria?90ad7ac9e21b3a72f6641ee16bfe63a8,,gx-no-cache=1680535808067 HTTP/1.1" 200 4208
190.171.149.82 - - [03/Apr/2023:12:40:37 -0300] "GET /cormun/servlet/hlogin HTTP/1.1" 200 1725
190.171.141.106 - - [03/Apr/2023:12:40:43 -0300] "POST /cormun/servlet/trreportecargahoraria?90ad7ac9e21b3a72f6641ee16bfe63a8,,gx-no-cache=1680535815954 HTTP/1.1" 200 4217
190.171.149.82 - - [03/Apr/2023:12:40:44 -0300] "POST /cormun/servlet/hlogin?43d9157779a73882e849d042aa7d241e,gx-no-cache=1680535520473 HTTP/1.1" 200 90
190.171.149.82 - - [03/Apr/2023:12:40:44 -0300] "GET /cormun/servlet/hpexe_link HTTP/1.1" 200 959
190.171.149.82 - - [03/Apr/2023:12:40:44 -0300] "GET /cormun/servlet/trsolicitudot HTTP/1.1" 200 7142
190.171.149.82 - - [03/Apr/2023:12:40:45 -0300] "GET /cormun/servlet/trsolicitudot HTTP/1.1" 200 7141
190.171.149.82 - - [03/Apr/2023:12:40:49 -0300] "GET /cormun/servlet/trcontratoobservacion? HTTP/1.1" 200 6100
190.171.149.82 - - [03/Apr/2023:12:40:50 -0300] "GET /cormun/servlet/trcontratoobservacion? HTTP/1.1" 200 6100
190.171.141.106 - - [03/Apr/2023:12:40:50 -0300] "POST /cormun/servlet/trreportecargahoraria?90ad7ac9e21b3a72f6641ee16bfe63a8,,gx-no-cache=1680535822904 HTTP/1.1" 200 4221
190.171.149.82 - - [03/Apr/2023:12:40:59 -0300] "POST /cormun/servlet/trcontratoobservacion?43d9157779a73882e849d042aa7d241e,,gx-no-cache=1680535535674 HTTP/1.1" 200 3835
190.171.141.106 - - [03/Apr/2023:12:41:00 -0300] "GET /cormun/servlet/trcontratoobservaciondir? HTTP/1.1" 200 7009
190.171.149.82 - - [03/Apr/2023:12:41:01 -0300] "POST /cormun/servlet/trcontratoobservacion?43d9157779a73882e849d042aa7d241e,,gx-no-cache=1680535536889 HTTP/1.1" 200 3836
190.171.149.82 - - [03/Apr/2023:12:41:01 -0300] "POST /cormun/servlet/trcontratoobservacion?43d9157779a73882e849d042aa7d241e,,gx-no-cache=1680535537112 HTTP/1.1" 200 3834
190.171.141.106 - - [03/Apr/2023:12:41:04 -0300] "GET /cormun/servlet/trcontratoobservaciondir? HTTP/1.1" 200 7008
190.171.141.106 - - [03/Apr/2023:12:41:07 -0300] "GET /cormun/servlet/trcontratounov2? HTTP/1.1" 200 18009
190.171.149.82 - - [03/Apr/2023:12:41:08 -0300] "POST /cormun/servlet/trcontratoobservacion?43d9157779a73882e849d042aa7d241e,,gx-no-cache=1680535544329 HTTP/1.1" 200 3840
190.171.142.10 - - [03/Apr/2023:12:41:08 -0300] "POST /cormun/servlet/solicitudot?gx-no-cache=1680535545428 HTTP/1.1" 200 30
190.171.141.106 - - [03/Apr/2023:12:41:11 -0300] "GET /cormun/servlet/trcontratounov2? HTTP/1.1" 200 17998
190.171.141.114 - - [03/Apr/2023:12:41:17 -0300] "POST /cormun/servlet/solicitudot?gx-no-cache=1680535559215 HTTP/1.1" 200 3961
190.171.141.114 - - [03/Apr/2023:12:41:17 -0300] "POST /cormun/servlet/solicitudot?523636bd1f2d8583049111102d5d10ac,INS,0,0,false,,gx-no-cache=1680535559500 HTTP/1.1" 200 12515
190.171.149.82 - - [03/Apr/2023:12:41:17 -0300] "POST /cormun/servlet/trcontratoobservacion?43d9157779a73882e849d042aa7d241e,,gx-no-cache=1680535553594 HTTP/1.1" 200 3841
190.171.149.82 - - [03/Apr/2023:12:41:19 -0300] "POST /cormun/servlet/trcontratoobservacion?43d9157779a73882e849d042aa7d241e,,gx-no-cache=1680535554889 HTTP/1.1" 200 3842
190.171.141.114 - - [03/Apr/2023:12:41:21 -0300] "GET /cormun/servlet/solicitudot?92f89cf8ac83716e2a6e1e02c7c0683700862056063cc3286ee4dd22abb0c323f0def9fd69790b47f5d3a4b95082c22f,gx-no-cache=1680535563242 HTTP/1.1" 200 30
190.171.142.10 - - [03/Apr/2023:12:41:22 -0300] "GET /cormun/servlet/prfichaempleado?,MD,,gxPopupLevel%3D0%3B HTTP/1.1" 200 9191
190.171.141.106 - - [03/Apr/2023:12:41:34 -0300] "GET /cormun/servlet/trcargahoraria? HTTP/1.1" 200 6510
190.171.141.106 - - [03/Apr/2023:12:41:38 -0300] "GET /cormun/servlet/trcargahoraria? HTTP/1.1" 200 6509
190.171.141.106 - - [03/Apr/2023:12:41:50 -0300] "POST /cormun/servlet/trcargahoraria?90ad7ac9e21b3a72f6641ee16bfe63a8,,gx-no-cache=1680535882723 HTTP/1.1" 200 4156
190.171.142.10 - - [03/Apr/2023:12:41:53 -0300] "GET /cormun/servlet/prfichaempleado?,MD,,gxPopupLevel%3D0%3B HTTP/1.1" 200 9191
190.171.142.10 - - [03/Apr/2023:12:42:00 -0300] "GET /cormun/servlet/prlicenciaspermisos?0,L,,MD,,gxPopupLevel%3D0%3B HTTP/1.1" 200 5047
190.171.141.106 - - [03/Apr/2023:12:42:01 -0300] "GET /cormun/servlet/trcontratoobservaciondir? HTTP/1.1" 200 7009
190.171.141.106 - - [03/Apr/2023:12:42:01 -0300] "GET /cormun/servlet/trcontratoobservaciondir? HTTP/1.1" 200 7008
190.171.141.106 - - [03/Apr/2023:12:42:06 -0300] "GET /cormun/servlet/trcontratosolicitud? HTTP/1.1" 200 14720
190.171.141.106 - - [03/Apr/2023:12:42:07 -0300] "GET /cormun/servlet/trcontratosolicitud? HTTP/1.1" 200 14719
190.171.142.10 - - [03/Apr/2023:12:42:09 -0300] "POST /cormun/servlet/solicitudot?gx-no-cache=1680535606261 HTTP/1.1" 200 1551
190.171.142.10 - - [03/Apr/2023:12:42:09 -0300] "GET /cormun/static/Shared/jqueryui/images/ui-bg_highlight-soft_100_c6c2c8_1x100.png HTTP/1.1" 404 1117
190.171.142.10 - - [03/Apr/2023:12:42:09 -0300] "GET /cormun/static/Shared/jqueryui/images/ui-icons_82798d_256x240.png HTTP/1.1" 404 1089
190.171.142.10 - - [03/Apr/2023:12:42:09 -0300] "GET /cormun/static/Shared/jqueryui/images/ui-bg_flat_55_994d53_40x100.png HTTP/1.1" 404 1097
190.171.142.10 - - [03/Apr/2023:12:42:09 -0300] "GET /cormun/static/Shared/jqueryui/images/ui-icons_ebccce_256x240.png HTTP/1.1" 404 1089
190.171.141.114 - - [03/Apr/2023:12:42:24 -0300] "GET /cormun/servlet/solicitudot?92f89cf8ac83716e2a6e1e02c7c06837dab6a7d91ed7024d66e566fa567fae4a46bb55d9984cd75880cc7e0e6eab9f17a4e20734fdf4bab216ffe7dbe20d875b,gx-no-cache=1680535626008 HTTP/1.1" 200 30
190.171.141.114 - - [03/Apr/2023:12:42:24 -0300] "GET /cormun/servlet/solicitudot?92f89cf8ac83716e2a6e1e02c7c0683761c22cc64a43079a8b2c96181fd0a9ee,gx-no-cache=1680535626392 HTTP/1.1" 200 29
190.171.141.106 - - [03/Apr/2023:12:42:24 -0300] "GET /cormun/servlet/trreportecargahoraria? HTTP/1.1" 200 6708
190.171.141.106 - - [03/Apr/2023:12:42:25 -0300] "GET /cormun/servlet/trreportecargahoraria? HTTP/1.1" 200 6707
190.171.141.114 - - [03/Apr/2023:12:42:25 -0300] "POST /cormun/servlet/solicitudot?gx-no-cache=1680535626965 HTTP/1.1" 200 297
190.171.141.114 - - [03/Apr/2023:12:42:25 -0300] "GET /cormun/servlet/solicitudot?92f89cf8ac83716e2a6e1e02c7c06837ae89ab284e2177f6671914670775c600b19ec98cbcba14ae37f19649b0f4363172eda1ea0d283abee4d6c49914d4044b89941c19f8976d298a59b3658306e6f2da4f83ab82e77b3ac2a565be0568cadcb06c7cb20c0cdb961776b18975a3090b80c94008c21c346e7d6f84f29ae085b616efdc8d5bad74a9524aff77dd93641b471d18cc950db1366cdad01a5caa5caeebac593276b0140ec6347f3e6133f52066a1865f45a17dbfc77649f9882b3b16bd5434ccb8f76b7f8922645a8de5eeb1e23906fc39aae24fbfd08b55a24155a738159bbc3925a7b5f6fbf8092c90f0a852474203e1341b619f03a61f1f2c0946e8e267d0e4d3056b595bbcfdcb61c63cbeaa35816e4bdb8a5fac608e84f5b9fd0dd2581b9be90f1846add64ffb24fdca60f7c5cca1d0c388af262c3b8fd0e4a913b67118c642da70adbda51c40d4b21c8eb19c519722ce4e822a6b072c8c62fecc384bf7fb6534993f7164f42527400799743becfc177afe2fd12df30a4d2b7ac01cd5839efcc172870b905267a05254,gx-no-cache=1680535627034 HTTP/1.1" 200 30
190.171.141.114 - - [03/Apr/2023:12:42:32 -0300] "POST /cormun/servlet/solicitudot?gx-no-cache=1680535634282 HTTP/1.1" 200 30
190.171.141.106 - - [03/Apr/2023:12:42:32 -0300] "POST /cormun/servlet/trreportecargahoraria?90ad7ac9e21b3a72f6641ee16bfe63a8,,gx-no-cache=1680535924762 HTTP/1.1" 200 4221
190.171.141.114 - - [03/Apr/2023:12:42:34 -0300] "POST /cormun/servlet/solicitudot?gx-no-cache=1680535635910 HTTP/1.1" 200 1467
190.171.141.114 - - [03/Apr/2023:12:42:34 -0300] "POST /cormun/servlet/solicitudot?gx-no-cache=1680535635982 HTTP/1.1" 200 38
190.171.141.106 - - [03/Apr/2023:12:42:38 -0300] "GET /cormun/servlet/trcontratounov2? HTTP/1.1" 200 18008
190.171.141.106 - - [03/Apr/2023:12:42:38 -0300] "GET /cormun/servlet/trcontratounov2? HTTP/1.1" 200 18006
190.171.141.114 - - [03/Apr/2023:12:42:40 -0300] "GET /cormun/servlet/solicitudot?92f89cf8ac83716e2a6e1e02c7c0683702dd49259873107e8972eac224058331a1bd212fb3f4bd45066f41684c0f1b9b28f265bd709aa9c338e719c8e889be3f5d7b78fbe6f4e2442314bc5ac18b44068734d4b41503f0cebfed602374083c276d93dff26c896800143a1b4b7e61481e,gx-no-cache=1680535642302 HTTP/1.1" 200 110
190.171.141.114 - - [03/Apr/2023:12:42:40 -0300] "POST /cormun/servlet/solicitudot?gx-no-cache=1680535642630 HTTP/1.1" 200 64
186.67.172.234 - - [03/Apr/2023:12:42:43 -0300] "GET /cormun/servlet/trlicencias? HTTP/1.1" 200 14550
186.67.172.234 - - [03/Apr/2023:12:42:43 -0300] "GET /cormun/servlet/trlicencias? HTTP/1.1" 200 14549
186.67.172.234 - - [03/Apr/2023:12:42:44 -0300] "GET /cormun/static/menuarrow.gif HTTP/1.1" 404 1015
190.171.141.114 - - [03/Apr/2023:12:42:45 -0300] "GET /cormun/servlet/solicitudot?92f89cf8ac83716e2a6e1e02c7c068372aa20e4d97a7a28ddb35609b00c7c6963f9b21626d7e9d946089747342994031810436776aa8da73d10a4fc85a1126a838566ac6da28bca013b40c518fbfd8c9146f19e0f2ed5c8e1c9d334521661a42825289f1b6a87d036fc844fd2585c875,gx-no-cache=1680535647497 HTTP/1.1" 200 29
190.171.141.114 - - [03/Apr/2023:12:42:45 -0300] "GET /cormun/static/menuarrow.gif HTTP/1.1" 404 1015
190.171.141.106 - - [03/Apr/2023:12:42:50 -0300] "GET /cormun/servlet/trvisualizadoreventos? HTTP/1.1" 200 6894
190.171.141.106 - - [03/Apr/2023:12:42:50 -0300] "GET /cormun/servlet/trvisualizadoreventos? HTTP/1.1" 200 6894
190.171.141.114 - - [03/Apr/2023:12:42:52 -0300] "GET /cormun/servlet/solicitudot?92f89cf8ac83716e2a6e1e02c7c068377f14f773ef8ce2b616b1d675a137a38c22207fe774f3302935c696171bc1b8a7,gx-no-cache=1680535654185 HTTP/1.1" 200 134
190.171.141.114 - - [03/Apr/2023:12:42:52 -0300] "GET /cormun/static/Shared/jqueryui/images/ui-bg_highlight-soft_100_c6c2c8_1x100.png HTTP/1.1" 404 1117
190.171.141.114 - - [03/Apr/2023:12:42:52 -0300] "GET /cormun/static/Shared/jqueryui/images/ui-icons_82798d_256x240.png HTTP/1.1" 404 1089
190.171.141.114 - - [03/Apr/2023:12:42:52 -0300] "GET /cormun/static/Shared/jqueryui/images/ui-icons_ebccce_256x240.png HTTP/1.1" 404 1089
190.171.141.114 - - [03/Apr/2023:12:42:52 -0300] "GET /cormun/static/Shared/jqueryui/images/ui-bg_flat_55_994d53_40x100.png HTTP/1.1" 404 1097
190.171.141.106 - - [03/Apr/2023:12:42:54 -0300] "GET /cormun/servlet/trcargahoraria? HTTP/1.1" 200 6516
190.171.141.106 - - [03/Apr/2023:12:42:54 -0300] "GET /cormun/servlet/trcargahoraria? HTTP/1.1" 200 6515
190.171.141.114 - - [03/Apr/2023:12:42:56 -0300] "GET /cormun/servlet/solicitudot?92f89cf8ac83716e2a6e1e02c7c068377f14f773ef8ce2b616b1d675a137a38c22207fe774f3302935c696171bc1b8a7,gx-no-cache=1680535658126 HTTP/1.1" 200 134
190.171.141.114 - - [03/Apr/2023:12:42:56 -0300] "POST /cormun/servlet/solicitudot?gx-no-cache=1680535658181 HTTP/1.1" 200 30
190.171.141.106 - - [03/Apr/2023:12:43:02 -0300] "POST /cormun/servlet/trcargahoraria?90ad7ac9e21b3a72f6641ee16bfe63a8,,gx-no-cache=1680535954698 HTTP/1.1" 200 4153
190.171.141.106 - - [03/Apr/2023:12:43:06 -0300] "GET /cormun/servlet/trreportecargahoraria? HTTP/1.1" 200 6708
190.171.141.106 - - [03/Apr/2023:12:43:06 -0300] "GET /cormun/servlet/trreportecargahoraria? HTTP/1.1" 200 6707
190.171.141.106 - - [03/Apr/2023:12:43:09 -0300] "POST /cormun/servlet/trreportecargahoraria?90ad7ac9e21b3a72f6641ee16bfe63a8,,gx-no-cache=1680535962218 HTTP/1.1" 200 4219
190.171.141.106 - - [03/Apr/2023:12:43:18 -0300] "GET /cormun/servlet/trcontratounov2? HTTP/1.1" 200 18017
190.171.141.106 - - [03/Apr/2023:12:43:22 -0300] "GET /cormun/servlet/trcontratounov2? HTTP/1.1" 200 18008
190.171.141.106 - - [03/Apr/2023:12:43:31 -0300] "GET /cormun/servlet/trcontratosolicitud? HTTP/1.1" 200 14737
190.171.141.106 - - [03/Apr/2023:12:43:35 -0300] "GET /cormun/servlet/trcontratosolicitud? HTTP/1.1" 200 14736
190.171.141.114 - - [03/Apr/2023:12:43:36 -0300] "GET /cormun/servlet/solicitudot?92f89cf8ac83716e2a6e1e02c7c06837f38830b4cbf2272f8651e666cf9ede2722207fe774f3302935c696171bc1b8a7,gx-no-cache=1680535697736 HTTP/1.1" 200 30
190.171.141.114 - - [03/Apr/2023:12:43:46 -0300] "POST /cormun/servlet/solicitudot?gx-no-cache=1680535708008 HTTP/1.1" 200 30
190.171.141.106 - - [03/Apr/2023:12:43:48 -0300] "POST /cormun/servlet/trcontratosolicitud?90ad7ac9e21b3a72f6641ee16bfe63a8,,gx-no-cache=1680536000067 HTTP/1.1" 200 4887
186.67.172.234 - - [03/Apr/2023:12:44:06 -0300] "POST /cormun/servlet/trlicencias?582797cae69d150eedd6e73b63790b44,,gx-no-cache=1680535722558 HTTP/1.1" 200 5478
190.171.141.106 - - [03/Apr/2023:12:44:10 -0300] "POST /cormun/servlet/trcontratosolicitud?90ad7ac9e21b3a72f6641ee16bfe63a8,,gx-no-cache=1680536022427 HTTP/1.1" 200 4854
186.67.172.234 - - [03/Apr/2023:12:44:16 -0300] "GET /cormun/servlet/licenciaspermisos?DSP,17404494,L,20220317000000, HTTP/1.1" 200 7256
186.67.172.234 - - [03/Apr/2023:12:44:16 -0300] "GET /cormun/static/gxcfg.js?202012153173 HTTP/1.1" 200 953
186.67.172.234 - - [03/Apr/2023:12:44:16 -0300] "GET /cormun/static/licenciaspermisos.js?2020121532136 HTTP/1.1" 200 38753
186.67.172.234 - - [03/Apr/2023:12:44:16 -0300] "GET /cormun/servlet/licenciaspermisos?DSP,17404494,L,20220317000000, HTTP/1.1" 200 7256
186.67.172.234 - - [03/Apr/2023:12:44:20 -0300] "GET /cormun/servlet/trlicencias? HTTP/1.1" 200 8101
186.67.172.234 - - [03/Apr/2023:12:44:21 -0300] "GET /cormun/servlet/trlicencias? HTTP/1.1" 200 8101
186.67.172.234 - - [03/Apr/2023:12:44:29 -0300] "GET /cormun/servlet/trlicenciaspermisosadjuntos?17404494,20220317000000,L, HTTP/1.1" 200 6486
186.67.172.234 - - [03/Apr/2023:12:44:29 -0300] "GET /cormun/servlet/trlicenciaspermisosadjuntos?17404494,20220317000000,L, HTTP/1.1" 200 6487
186.67.172.234 - - [03/Apr/2023:12:44:32 -0300] "GET /cormun/servlet/trlicencias? HTTP/1.1" 200 8101
186.67.172.234 - - [03/Apr/2023:12:44:33 -0300] "GET /cormun/servlet/trlicencias? HTTP/1.1" 200 8101
190.171.149.82 - - [03/Apr/2023:12:44:41 -0300] "GET /cormun/servlet/hlogin HTTP/1.1" 200 1746
190.171.149.82 - - [03/Apr/2023:12:44:49 -0300] "POST /cormun/servlet/hlogin?43d9157779a73882e849d042aa7d241e,gx-no-cache=1680535765578 HTTP/1.1" 200 90
190.171.149.82 - - [03/Apr/2023:12:44:49 -0300] "GET /cormun/servlet/hpexe_link HTTP/1.1" 200 954
190.171.149.82 - - [03/Apr/2023:12:44:50 -0300] "GET /cormun/servlet/hhome HTTP/1.1" 200 4270
190.171.149.82 - - [03/Apr/2023:12:44:50 -0300] "GET /cormun/servlet/hhome HTTP/1.1" 200 4266
190.171.149.82 - - [03/Apr/2023:12:44:57 -0300] "GET /cormun/servlet/trcontratounov2? HTTP/1.1" 200 14591
190.171.149.82 - - [03/Apr/2023:12:44:57 -0300] "GET /cormun/static/gxcfg.js?2020121614367 HTTP/1.1" 200 953
190.171.149.82 - - [03/Apr/2023:12:44:57 -0300] "GET /cormun/static/trcontratounov2.js?20201216143065 HTTP/1.1" 200 38486
190.171.149.82 - - [03/Apr/2023:12:44:57 -0300] "GET /cormun/static/Resources/PXToolsAddSelectedAction.png HTTP/1.1" 200 523
190.171.149.82 - - [03/Apr/2023:12:44:57 -0300] "GET /cormun/servlet/trcontratounov2? HTTP/1.1" 200 14588
181.212.47.137 - - [03/Apr/2023:12:45:39 -0300] "GET /cormun/servlet/hlogin HTTP/1.1" 200 1714
181.212.47.137 - - [03/Apr/2023:12:45:39 -0300] "GET /favicon.ico HTTP/1.1" 200 21630
181.212.47.137 - - [03/Apr/2023:12:45:41 -0300] "POST /cormun/servlet/hlogin?314277dd96ddb1a846ea5ba1fd9c43df,gx-no-cache=1680535808437 HTTP/1.1" 200 90
181.212.47.137 - - [03/Apr/2023:12:45:41 -0300] "GET /cormun/servlet/hpexe_link HTTP/1.1" 200 943
181.212.47.137 - - [03/Apr/2023:12:45:41 -0300] "GET /cormun/servlet/hhome HTTP/1.1" 200 3789
181.212.47.137 - - [03/Apr/2023:12:45:41 -0300] "GET /cormun/servlet/hhome HTTP/1.1" 200 3786
181.212.47.137 - - [03/Apr/2023:12:45:44 -0300] "GET /cormun/servlet/trsolicitudgral? HTTP/1.1" 200 28426
181.212.47.137 - - [03/Apr/2023:12:45:45 -0300] "GET /cormun/servlet/trsolicitudgral? HTTP/1.1" 200 28426
181.212.47.137 - - [03/Apr/2023:12:45:51 -0300] "POST /cormun/servlet/trsolicitudgral?314277dd96ddb1a846ea5ba1fd9c43df,,gx-no-cache=1680535817971 HTTP/1.1" 200 5250
190.171.141.114 - - [03/Apr/2023:12:45:53 -0300] "POST /cormun/servlet/solicitudot?523636bd1f2d8583049111102d5d10ac,INS,0,0,false,,gx-no-cache=1680535834711 HTTP/1.1" 200 93
190.171.141.114 - - [03/Apr/2023:12:45:53 -0300] "GET /cormun/servlet/hpexe_return? HTTP/1.1" 200 1010
190.171.141.114 - - [03/Apr/2023:12:45:53 -0300] "GET /cormun/servlet/trsolicitudot HTTP/1.1" 200 8641
190.171.141.114 - - [03/Apr/2023:12:45:54 -0300] "GET /cormun/servlet/trsolicitudot HTTP/1.1" 200 8634
181.212.47.137 - - [03/Apr/2023:12:45:54 -0300] "POST /cormun/servlet/trsolicitudgral?314277dd96ddb1a846ea5ba1fd9c43df,,gx-no-cache=1680535821239 HTTP/1.1" 200 5250
181.212.47.137 - - [03/Apr/2023:12:45:59 -0300] "POST /cormun/servlet/trsolicitudgral?314277dd96ddb1a846ea5ba1fd9c43df,,gx-no-cache=1680535826049 HTTP/1.1" 200 7037
190.171.141.114 - - [03/Apr/2023:12:46:04 -0300] "POST /cormun/servlet/trsolicitudot?523636bd1f2d8583049111102d5d10ac,gx-no-cache=1680535846477 HTTP/1.1" 200 4585
190.171.141.114 - - [03/Apr/2023:12:46:05 -0300] "GET /cormun/static/Shared/jqueryui/images/ui-bg_highlight-soft_100_c6c2c8_1x100.png HTTP/1.1" 404 1117
190.171.141.114 - - [03/Apr/2023:12:46:05 -0300] "GET /cormun/static/Shared/jqueryui/images/ui-icons_82798d_256x240.png HTTP/1.1" 404 1089
190.171.141.114 - - [03/Apr/2023:12:46:05 -0300] "GET /cormun/static/Shared/jqueryui/images/ui-bg_flat_55_fafafa_40x100.png HTTP/1.1" 404 1097
190.171.141.114 - - [03/Apr/2023:12:46:05 -0300] "GET /cormun/static/Shared/jqueryui/images/ui-icons_8d78a5_256x240.png HTTP/1.1" 404 1089
190.171.141.114 - - [03/Apr/2023:12:46:05 -0300] "POST /cormun/servlet/trsolicitudot?523636bd1f2d8583049111102d5d10ac,gx-no-cache=1680535847016 HTTP/1.1" 200 4332
181.212.47.137 - - [03/Apr/2023:12:46:06 -0300] "GET /cormun/servlet/vesolicitudgral?2022,18628,, HTTP/1.1" 200 8353
181.212.47.137 - - [03/Apr/2023:12:46:06 -0300] "GET /cormun/pexe_scrolldiv.js HTTP/1.1" 404 1009
181.212.47.137 - - [03/Apr/2023:12:46:07 -0300] "GET /cormun/servlet/vesolicitudgral?2022,18628,, HTTP/1.1" 200 8352
181.212.47.137 - - [03/Apr/2023:12:46:08 -0300] "GET /cormun/servlet/vesolicitudgral?2022,18628,,SolicitudOTAdjuntos HTTP/1.1" 200 7053
181.212.47.137 - - [03/Apr/2023:12:46:08 -0300] "GET /cormun/pexe_scrolldiv.js HTTP/1.1" 404 1009
181.212.47.137 - - [03/Apr/2023:12:46:08 -0300] "GET /cormun/static/tbsolicitudgral02.js?202211298373061 HTTP/1.1" 200 13312
181.212.47.137 - - [03/Apr/2023:12:46:08 -0300] "GET /cormun/servlet/vesolicitudgral?2022,18628,,SolicitudOTAdjuntos HTTP/1.1" 200 7053
181.212.47.137 - - [03/Apr/2023:12:46:09 -0300] "POST /cormun/servlet/acontrolpreferencessavestate?None,RRHH+DANIELA,true HTTP/1.1" 200 35
181.212.47.137 - - [03/Apr/2023:12:46:11 -0300] "GET /cormun/servlet/vesolicitudgral?2022,18628,, HTTP/1.1" 200 8353
181.212.47.137 - - [03/Apr/2023:12:46:11 -0300] "GET /cormun/servlet/vesolicitudgral?2022,18628,, HTTP/1.1" 200 8352
190.171.141.114 - - [03/Apr/2023:12:46:25 -0300] "GET /cormun/servlet/hlogin HTTP/1.1" 200 1720
190.171.141.114 - - [03/Apr/2023:12:46:39 -0300] "POST /cormun/servlet/hlogin?523636bd1f2d8583049111102d5d10ac,gx-no-cache=1680535881155 HTTP/1.1" 200 90
190.171.141.114 - - [03/Apr/2023:12:46:39 -0300] "GET /cormun/servlet/hpexe_link HTTP/1.1" 200 952
190.171.141.114 - - [03/Apr/2023:12:46:39 -0300] "GET /cormun/servlet/hhome HTTP/1.1" 200 4307
190.171.141.114 - - [03/Apr/2023:12:46:39 -0300] "GET /cormun/servlet/hhome HTTP/1.1" 200 4303
190.171.141.114 - - [03/Apr/2023:12:46:42 -0300] "GET /cormun/servlet/trautorizarsolicitud? HTTP/1.1" 200 8825
190.171.141.114 - - [03/Apr/2023:12:46:42 -0300] "GET /cormun/static/gxcfg.js?202211298474254 HTTP/1.1" 200 953
190.171.141.114 - - [03/Apr/2023:12:46:43 -0300] "GET /cormun/static/trautorizarsolicitud.js?202211298474588 HTTP/1.1" 200 53909
190.171.141.114 - - [03/Apr/2023:12:46:43 -0300] "GET /cormun/servlet/trautorizarsolicitud? HTTP/1.1" 200 8823
200.30.209.122 - - [03/Apr/2023:12:46:52 -0300] "GET /cormun/servlet/hlogin HTTP/1.1" 200 1723
200.30.209.122 - - [03/Apr/2023:12:46:52 -0300] "GET /cormun/static/gxtimezone.js?85251 HTTP/1.1" 200 5781
200.30.209.122 - - [03/Apr/2023:12:46:52 -0300] "GET /cormun/static/gxcfg.js?2022112219184450 HTTP/1.1" 200 953
200.30.209.122 - - [03/Apr/2023:12:46:52 -0300] "GET /cormun/static/Resources/Spanish/PXTools.css?1759030 HTTP/1.1" 200 100853
200.30.209.122 - - [03/Apr/2023:12:46:52 -0300] "GET /cormun/static/messages.spa.js?85251 HTTP/1.1" 200 30736
200.30.209.122 - - [03/Apr/2023:12:46:52 -0300] "GET /cormun/static/hlogin.js?2022112219184458 HTTP/1.1" 200 2156
200.30.209.122 - - [03/Apr/2023:12:46:52 -0300] "GET /cormun/static/Resources/CormunLogin.png HTTP/1.1" 200 19132
200.30.209.122 - - [03/Apr/2023:12:46:52 -0300] "GET /cormun/static/gxgral.js?85251 HTTP/1.1" 200 384558
200.30.209.122 - - [03/Apr/2023:12:46:52 -0300] "GET /cormun/static/Resources/PXToolsLoginTop.png HTTP/1.1" 200 1337
200.30.209.122 - - [03/Apr/2023:12:46:52 -0300] "GET /cormun/static/Resources/PXToolsLoginBackground.png HTTP/1.1" 200 1164
200.30.209.122 - - [03/Apr/2023:12:46:52 -0300] "GET /cormun/static/Resources/PXToolsButtonLeft.png HTTP/1.1" 200 1310
200.30.209.122 - - [03/Apr/2023:12:46:52 -0300] "GET /cormun/static/Resources/PXToolsButtonRight.png HTTP/1.1" 200 1294
200.30.209.122 - - [03/Apr/2023:12:46:52 -0300] "GET /cormun/static/Resources/PXToolsButtonBackground.png HTTP/1.1" 200 1176
200.30.209.122 - - [03/Apr/2023:12:46:52 -0300] "GET /cormun/static/Resources/PXToolsLoginBottom.png HTTP/1.1" 200 1389
200.30.209.122 - - [03/Apr/2023:12:46:52 -0300] "GET /cormun/servlet/hlogin HTTP/1.1" 200 1734
200.30.209.122 - - [03/Apr/2023:12:46:52 -0300] "GET /cormun/static/Resources/indicator.gif HTTP/1.1" 200 1553
200.30.209.122 - - [03/Apr/2023:12:46:53 -0300] "GET /favicon.ico HTTP/1.1" 200 21630
190.171.141.114 - - [03/Apr/2023:12:46:53 -0300] "POST /cormun/servlet/trautorizarsolicitud?523636bd1f2d8583049111102d5d10ac,,gx-no-cache=1680535895494 HTTP/1.1" 200 4785
190.171.141.114 - - [03/Apr/2023:12:46:53 -0300] "GET /cormun/static/Shared/jqueryui/images/ui-bg_highlight-soft_100_c6c2c8_1x100.png HTTP/1.1" 404 1117
190.171.141.114 - - [03/Apr/2023:12:46:53 -0300] "GET /cormun/static/Shared/jqueryui/images/ui-icons_82798d_256x240.png HTTP/1.1" 404 1089
190.171.141.114 - - [03/Apr/2023:12:46:53 -0300] "GET /cormun/static/Shared/jqueryui/images/ui-icons_8d78a5_256x240.png HTTP/1.1" 404 1089
190.171.141.114 - - [03/Apr/2023:12:46:53 -0300] "GET /cormun/static/Shared/jqueryui/images/ui-bg_flat_55_fafafa_40x100.png HTTP/1.1" 404 1097
190.171.141.114 - - [03/Apr/2023:12:46:53 -0300] "POST /cormun/servlet/trautorizarsolicitud?523636bd1f2d8583049111102d5d10ac,,gx-no-cache=1680535895707 HTTP/1.1" 200 4533
190.171.141.106 - - [03/Apr/2023:12:47:23 -0300] "GET /cormun/servlet/trsolicitudot? HTTP/1.1" 200 7347
190.171.141.106 - - [03/Apr/2023:12:47:23 -0300] "GET /cormun/servlet/trsolicitudot? HTTP/1.1" 200 7347
190.171.149.82 - - [03/Apr/2023:12:47:40 -0300] "POST /cormun/servlet/trcontratounov2?43d9157779a73882e849d042aa7d241e,,gx-no-cache=1680535935185 HTTP/1.1" 200 12110
190.171.149.82 - - [03/Apr/2023:12:47:58 -0300] "POST /cormun/servlet/trcontratounov2?43d9157779a73882e849d042aa7d241e,,gx-no-cache=1680535954076 HTTP/1.1" 200 13276
190.171.149.82 - - [03/Apr/2023:12:48:05 -0300] "GET /cormun/servlet/trcontratosolicitud? HTTP/1.1" 200 12394
190.171.149.82 - - [03/Apr/2023:12:48:06 -0300] "GET /cormun/servlet/trcontratosolicitud? HTTP/1.1" 200 12394
190.171.149.82 - - [03/Apr/2023:12:48:17 -0300] "POST /cormun/servlet/trcontratosolicitud?43d9157779a73882e849d042aa7d241e,,gx-no-cache=1680535973077 HTTP/1.1" 200 10028
190.171.142.10 - - [03/Apr/2023:12:48:19 -0300] "POST /cormun/servlet/solicitudot?gx-no-cache=1680535975553 HTTP/1.1" 200 1470
190.171.149.82 - - [03/Apr/2023:12:48:32 -0300] "GET /cormun/servlet/trcontratoobservaciondir? HTTP/1.1" 200 7946
190.171.149.82 - - [03/Apr/2023:12:48:32 -0300] "GET /cormun/servlet/trcontratoobservaciondir? HTTP/1.1" 200 7946
181.212.47.137 - - [03/Apr/2023:12:48:33 -0300] "GET /cormun/servlet/hlogin HTTP/1.1" 200 1714
181.212.47.137 - - [03/Apr/2023:12:48:35 -0300] "POST /cormun/servlet/hlogin?314277dd96ddb1a846ea5ba1fd9c43df,gx-no-cache=1680535982860 HTTP/1.1" 200 90
181.212.47.137 - - [03/Apr/2023:12:48:35 -0300] "GET /cormun/servlet/hpexe_link HTTP/1.1" 200 961
181.212.47.137 - - [03/Apr/2023:12:48:35 -0300] "GET /cormun/servlet/vesolicitudgral?2022,18628,, HTTP/1.1" 200 8354
181.212.47.137 - - [03/Apr/2023:12:48:36 -0300] "GET /cormun/pexe_scrolldiv.js HTTP/1.1" 404 1009
181.212.47.137 - - [03/Apr/2023:12:48:36 -0300] "GET /cormun/servlet/vesolicitudgral?2022,18628,, HTTP/1.1" 200 8352
181.212.47.137 - - [03/Apr/2023:12:48:40 -0300] "GET /cormun/servlet/hlogin HTTP/1.1" 200 1714
181.212.47.137 - - [03/Apr/2023:12:48:44 -0300] "POST /cormun/servlet/hlogin?314277dd96ddb1a846ea5ba1fd9c43df,gx-no-cache=1680535991100 HTTP/1.1" 200 90
181.212.47.137 - - [03/Apr/2023:12:48:44 -0300] "GET /cormun/servlet/hpexe_link HTTP/1.1" 200 961
181.212.47.137 - - [03/Apr/2023:12:48:44 -0300] "GET /cormun/servlet/vesolicitudgral?2022,18628,, HTTP/1.1" 200 8354
181.212.47.137 - - [03/Apr/2023:12:48:44 -0300] "GET /cormun/pexe_scrolldiv.js HTTP/1.1" 404 1009
181.212.47.137 - - [03/Apr/2023:12:48:44 -0300] "GET /cormun/servlet/vesolicitudgral?2022,18628,, HTTP/1.1" 200 8352
181.212.47.137 - - [03/Apr/2023:12:48:45 -0300] "GET /cormun/servlet/vesolicitudgral?2022,18628,,SolicitudOTAdjuntos HTTP/1.1" 200 7053
181.212.47.137 - - [03/Apr/2023:12:48:45 -0300] "GET /cormun/pexe_scrolldiv.js HTTP/1.1" 404 1009
181.212.47.137 - - [03/Apr/2023:12:48:46 -0300] "GET /cormun/servlet/vesolicitudgral?2022,18628,,SolicitudOTAdjuntos HTTP/1.1" 200 7053
181.212.47.137 - - [03/Apr/2023:12:48:47 -0300] "POST /cormun/servlet/acontrolpreferencessavestate?None,RRHH+DANIELA,true HTTP/1.1" 200 35
181.212.47.137 - - [03/Apr/2023:12:48:47 -0300] "GET /cormun/servlet/vesolicitudgral?2022,18628,, HTTP/1.1" 200 8354
181.212.47.137 - - [03/Apr/2023:12:48:48 -0300] "GET /cormun/servlet/vesolicitudgral?2022,18628,, HTTP/1.1" 200 8352
181.212.47.137 - - [03/Apr/2023:12:48:48 -0300] "GET /cormun/servlet/hlogin HTTP/1.1" 200 1714
181.212.47.137 - - [03/Apr/2023:12:48:49 -0300] "GET /cormun/servlet/vesolicitudgral?2022,18628,, HTTP/1.1" 200 7862
181.212.47.137 - - [03/Apr/2023:12:48:49 -0300] "GET /cormun/servlet/hlogin HTTP/1.1" 200 1741
181.212.47.137 - - [03/Apr/2023:12:48:49 -0300] "GET /cormun/servlet/vesolicitudgral?2022,18628,, HTTP/1.1" 200 7862
181.212.47.137 - - [03/Apr/2023:12:48:52 -0300] "POST /cormun/servlet/hlogin?314277dd96ddb1a846ea5ba1fd9c43df,gx-no-cache=1680535999611 HTTP/1.1" 200 90
181.212.47.137 - - [03/Apr/2023:12:48:52 -0300] "GET /cormun/servlet/hpexe_link HTTP/1.1" 200 961
181.212.47.137 - - [03/Apr/2023:12:48:53 -0300] "GET /cormun/servlet/vesolicitudgral?2022,18628,, HTTP/1.1" 200 8354
181.212.47.137 - - [03/Apr/2023:12:48:53 -0300] "GET /cormun/pexe_scrolldiv.js HTTP/1.1" 404 1009
181.212.47.137 - - [03/Apr/2023:12:48:53 -0300] "GET /cormun/servlet/vesolicitudgral?2022,18628,, HTTP/1.1" 200 8352
181.212.47.137 - - [03/Apr/2023:12:48:54 -0300] "GET /cormun/servlet/trsolicitudgral? HTTP/1.1" 200 10072
181.212.47.137 - - [03/Apr/2023:12:48:55 -0300] "GET /cormun/servlet/trsolicitudgral? HTTP/1.1" 200 10071
181.212.47.137 - - [03/Apr/2023:12:48:58 -0300] "GET /cormun/servlet/vesolicitudgral?2022,18320,, HTTP/1.1" 200 8347
181.212.47.137 - - [03/Apr/2023:12:48:58 -0300] "GET /cormun/pexe_scrolldiv.js HTTP/1.1" 404 1009
181.212.47.137 - - [03/Apr/2023:12:48:58 -0300] "GET /cormun/servlet/vesolicitudgral?2022,18320,, HTTP/1.1" 200 8346
190.171.149.82 - - [03/Apr/2023:12:48:59 -0300] "GET /cormun/servlet/trcargahoraria? HTTP/1.1" 200 6667
181.212.47.137 - - [03/Apr/2023:12:48:59 -0300] "GET /cormun/servlet/vesolicitudgral?2022,18320,,SolicitudOTAdjuntos HTTP/1.1" 200 11073
181.212.47.137 - - [03/Apr/2023:12:48:59 -0300] "GET /cormun/pexe_scrolldiv.js HTTP/1.1" 404 1009
190.171.149.82 - - [03/Apr/2023:12:48:59 -0300] "GET /cormun/servlet/trcargahoraria? HTTP/1.1" 200 6666
181.212.47.137 - - [03/Apr/2023:12:49:00 -0300] "GET /cormun/servlet/vesolicitudgral?2022,18320,,SolicitudOTAdjuntos HTTP/1.1" 200 11072
181.212.47.137 - - [03/Apr/2023:12:49:00 -0300] "POST /cormun/servlet/acontrolpreferencessavestate?None,RRHH+DANIELA,true HTTP/1.1" 200 35
181.212.47.137 - - [03/Apr/2023:12:49:03 -0300] "GET /cormun/PublicTempStorage/curriculum_rosa_fuentes_mu%F1oz4407235.pdf HTTP/1.1" 200 72881
190.171.149.82 - - [03/Apr/2023:12:49:16 -0300] "POST /cormun/servlet/trcargahoraria?43d9157779a73882e849d042aa7d241e,,gx-no-cache=1680536032275 HTTP/1.1" 200 4173
190.171.149.82 - - [03/Apr/2023:12:49:28 -0300] "POST /cormun/servlet/trcargahoraria?43d9157779a73882e849d042aa7d241e,,gx-no-cache=1680536043963 HTTP/1.1" 200 4183
190.171.149.82 - - [03/Apr/2023:12:49:29 -0300] "POST /cormun/servlet/trcargahoraria?43d9157779a73882e849d042aa7d241e,,gx-no-cache=1680536045105 HTTP/1.1" 200 4183
190.171.149.82 - - [03/Apr/2023:12:49:29 -0300] "POST /cormun/servlet/trcargahoraria?43d9157779a73882e849d042aa7d241e,,gx-no-cache=1680536045314 HTTP/1.1" 200 4183
190.171.149.82 - - [03/Apr/2023:12:49:29 -0300] "POST /cormun/servlet/trcargahoraria?43d9157779a73882e849d042aa7d241e,,gx-no-cache=1680536045489 HTTP/1.1" 200 4183
190.171.149.82 - - [03/Apr/2023:12:49:30 -0300] "POST /cormun/servlet/trcargahoraria?43d9157779a73882e849d042aa7d241e,,gx-no-cache=1680536045801 HTTP/1.1" 200 4183
190.171.149.82 - - [03/Apr/2023:12:49:35 -0300] "GET /cormun/servlet/trsolicitudot? HTTP/1.1" 200 7485
190.171.149.82 - - [03/Apr/2023:12:49:36 -0300] "GET /cormun/servlet/trsolicitudot? HTTP/1.1" 200 7484
190.171.149.82 - - [03/Apr/2023:12:49:39 -0300] "GET /cormun/servlet/solicitudot?INS,0,0,false, HTTP/1.1" 200 16120
190.171.149.82 - - [03/Apr/2023:12:49:39 -0300] "GET /cormun/servlet/solicitudot?INS,0,0,false, HTTP/1.1" 200 16127
190.171.149.82 - - [03/Apr/2023:12:49:44 -0300] "POST /cormun/servlet/solicitudot?43d9157779a73882e849d042aa7d241e,INS,0,0,false,,gx-no-cache=1680536060197 HTTP/1.1" 200 13141
190.171.149.82 - - [03/Apr/2023:12:49:44 -0300] "GET /cormun/static/Shared/jqueryui/images/ui-bg_highlight-soft_100_c6c2c8_1x100.png HTTP/1.1" 404 1117
190.171.149.82 - - [03/Apr/2023:12:49:44 -0300] "GET /cormun/static/Shared/jqueryui/images/ui-icons_82798d_256x240.png HTTP/1.1" 404 1089
190.171.149.82 - - [03/Apr/2023:12:49:44 -0300] "GET /cormun/static/Shared/jqueryui/images/ui-bg_flat_55_994d53_40x100.png HTTP/1.1" 404 1097
190.171.149.82 - - [03/Apr/2023:12:49:44 -0300] "GET /cormun/static/Shared/jqueryui/images/ui-icons_ebccce_256x240.png HTTP/1.1" 404 1089
190.171.149.82 - - [03/Apr/2023:12:49:47 -0300] "POST /cormun/servlet/solicitudot?43d9157779a73882e849d042aa7d241e,INS,0,0,false,,gx-no-cache=1680536063316 HTTP/1.1" 200 93
190.171.149.82 - - [03/Apr/2023:12:49:47 -0300] "GET /cormun/servlet/hpexe_return? HTTP/1.1" 200 1011
190.171.149.82 - - [03/Apr/2023:12:49:47 -0300] "GET /cormun/servlet/trsolicitudot HTTP/1.1" 200 7488
190.171.149.82 - - [03/Apr/2023:12:49:48 -0300] "GET /cormun/servlet/trsolicitudot HTTP/1.1" 200 7485
190.171.149.82 - - [03/Apr/2023:12:50:04 -0300] "GET /cormun/servlet/trlicencias? HTTP/1.1" 200 9385
190.171.149.82 - - [03/Apr/2023:12:50:04 -0300] "GET /cormun/static/gxcfg.js?202211298463625 HTTP/1.1" 200 953
190.171.149.82 - - [03/Apr/2023:12:50:05 -0300] "GET /cormun/static/trlicencias.js?202211298463889 HTTP/1.1" 200 41883
190.171.149.82 - - [03/Apr/2023:12:50:06 -0300] "GET /cormun/servlet/trlicencias? HTTP/1.1" 200 9384
192.168.10.17 - - [03/Apr/2023:12:50:11 -0300] "GET /cormun/servlet/vesolicitudgral?2023,19840,,SolicitudOTAdjuntos HTTP/1.1" 200 11044
192.168.10.17 - - [03/Apr/2023:12:50:11 -0300] "GET /cormun/pexe_scrolldiv.js HTTP/1.1" 404 1009
192.168.10.17 - - [03/Apr/2023:12:50:11 -0300] "GET /cormun/servlet/vesolicitudgral?2023,19840,,SolicitudOTAdjuntos HTTP/1.1" 200 11045
181.212.42.153 - - [03/Apr/2023:12:50:11 -0300] "GET /cormun/servlet/trlicencias? HTTP/1.1" 200 8138
181.212.42.153 - - [03/Apr/2023:12:50:12 -0300] "GET /cormun/servlet/trlicencias? HTTP/1.1" 200 8134
192.168.10.17 - - [03/Apr/2023:12:50:12 -0300] "POST /cormun/servlet/acontrolpreferencessavestate?None,RRHH+DANIELA,true HTTP/1.1" 200 35
181.212.42.153 - - [03/Apr/2023:12:50:12 -0300] "GET /cormun/servlet/hlogin HTTP/1.1" 200 1739
192.168.10.17 - - [03/Apr/2023:12:50:13 -0300] "GET /cormun/PublicTempStorage/cedula_de_identidad_de_renato1249235.pdf HTTP/1.1" 200 220935
181.212.42.153 - - [03/Apr/2023:12:50:19 -0300] "POST /cormun/servlet/hlogin?d771a505804108da2dc65f2f35a1380f,gx-no-cache=1680536095881 HTTP/1.1" 200 450
181.212.42.153 - - [03/Apr/2023:12:50:24 -0300] "POST /cormun/servlet/hlogin?d771a505804108da2dc65f2f35a1380f,gx-no-cache=1680536101344 HTTP/1.1" 200 90
181.212.42.153 - - [03/Apr/2023:12:50:24 -0300] "GET /cormun/servlet/hpexe_link HTTP/1.1" 200 957
181.212.42.153 - - [03/Apr/2023:12:50:24 -0300] "GET /cormun/servlet/trlicencias HTTP/1.1" 200 14985
181.212.42.153 - - [03/Apr/2023:12:50:25 -0300] "GET /cormun/servlet/trlicencias HTTP/1.1" 200 14983
190.171.149.82 - - [03/Apr/2023:12:50:28 -0300] "GET /cormun/servlet/trreportecargahoraria? HTTP/1.1" 200 6850
190.171.149.82 - - [03/Apr/2023:12:50:28 -0300] "GET /cormun/servlet/trreportecargahoraria? HTTP/1.1" 200 6850
192.168.10.17 - - [03/Apr/2023:12:50:30 -0300] "GET /cormun/servlet/vesolicitudgral?2023,19840,,SolicitudOTAdjuntos HTTP/1.1" 200 11047
192.168.10.17 - - [03/Apr/2023:12:50:30 -0300] "GET /cormun/servlet/vesolicitudgral?2023,19840,,SolicitudOTAdjuntos HTTP/1.1" 200 11045
192.168.10.17 - - [03/Apr/2023:12:50:31 -0300] "POST /cormun/servlet/acontrolpreferencessavestate?None,RRHH+DANIELA,true HTTP/1.1" 200 35
192.168.10.17 - - [03/Apr/2023:12:50:32 -0300] "GET /cormun/PublicTempStorage/afp_renato_gonzalez4185960.pdf HTTP/1.1" 200 145512
192.168.10.17 - - [03/Apr/2023:12:50:54 -0300] "GET /cormun/servlet/vesolicitudgral?2023,19840,,SolicitudOTAdjuntos HTTP/1.1" 200 11043
192.168.10.17 - - [03/Apr/2023:12:50:54 -0300] "GET /cormun/servlet/vesolicitudgral?2023,19840,,SolicitudOTAdjuntos HTTP/1.1" 200 11044
192.168.10.17 - - [03/Apr/2023:12:50:55 -0300] "POST /cormun/servlet/acontrolpreferencessavestate?None,RRHH+DANIELA,true HTTP/1.1" 200 35
192.168.10.17 - - [03/Apr/2023:12:50:57 -0300] "GET /cormun/PublicTempStorage/fonasa_renato_gonzalez2468121.pdf HTTP/1.1" 200 148167
190.171.149.82 - - [03/Apr/2023:12:51:03 -0300] "POST /cormun/servlet/trreportecargahoraria?43d9157779a73882e849d042aa7d241e,,gx-no-cache=1680536138870 HTTP/1.1" 200 4213
192.168.10.17 - - [03/Apr/2023:12:51:03 -0300] "GET /cormun/servlet/vesolicitudgral?2023,19840,,SolicitudOTAdjuntos HTTP/1.1" 200 11045
192.168.10.17 - - [03/Apr/2023:12:51:03 -0300] "GET /cormun/servlet/vesolicitudgral?2023,19840,,SolicitudOTAdjuntos HTTP/1.1" 200 11045
192.168.10.17 - - [03/Apr/2023:12:51:04 -0300] "POST /cormun/servlet/acontrolpreferencessavestate?None,RRHH+DANIELA,true HTTP/1.1" 200 35
192.168.10.17 - - [03/Apr/2023:12:51:04 -0300] "GET /cormun/servlet/vesolicitudgral?2023,19840,,General HTTP/1.1" 200 8350
192.168.10.17 - - [03/Apr/2023:12:51:04 -0300] "GET /cormun/pexe_scrolldiv.js HTTP/1.1" 404 1009
192.168.10.17 - - [03/Apr/2023:12:51:04 -0300] "GET /cormun/servlet/vesolicitudgral?2023,19840,,General HTTP/1.1" 200 8351
190.171.142.10 - - [03/Apr/2023:12:52:04 -0300] "POST /cormun/servlet/solicitudot?gx-no-cache=1680536200974 HTTP/1.1" 200 122
190.171.142.10 - - [03/Apr/2023:12:52:04 -0300] "GET /cormun/servlet/solicitudot?8d60eb7d007c0634f2b7e6e0406457b40ecd2a782c56292562bd4fa3b64c734eefd4413545b319f16563ded811a4015e8c104e2a2f12d26ee5ddeea020f449ab23291b56afd155d334fb2ef393056f7ef4e5bf5a96a1f44d6563b25e7ffd851a0c47da35a47cf2c863ae3562baf4fee1,gx-no-cache=1680536201289 HTTP/1.1" 200 110
190.171.142.10 - - [03/Apr/2023:12:52:04 -0300] "POST /cormun/servlet/solicitudot?gx-no-cache=1680536201334 HTTP/1.1" 200 64
190.171.142.10 - - [03/Apr/2023:12:52:04 -0300] "POST /cormun/servlet/solicitudot?gx-no-cache=1680536201381 HTTP/1.1" 200 120
190.171.142.10 - - [03/Apr/2023:12:52:32 -0300] "POST /cormun/servlet/solicitudot?gx-no-cache=1680536228740 HTTP/1.1" 200 122
190.171.142.10 - - [03/Apr/2023:12:52:32 -0300] "GET /cormun/servlet/solicitudot?8d60eb7d007c0634f2b7e6e0406457b40ecd2a782c56292562bd4fa3b64c734eefd4413545b319f16563ded811a4015e8c104e2a2f12d26ee5ddeea020f449ab23291b56afd155d334fb2ef393056f7ef4e5bf5a96a1f44d6563b25e7ffd851a0c47da35a47cf2c863ae3562baf4fee1,gx-no-cache=1680536228816 HTTP/1.1" 200 110
190.171.142.10 - - [03/Apr/2023:12:52:40 -0300] "GET /cormun/servlet/prfichaempleado?,MD,,gxPopupLevel%3D0%3B HTTP/1.1" 200 9191
190.171.149.82 - - [03/Apr/2023:12:52:54 -0300] "GET /cormun/servlet/trfichaempleado? HTTP/1.1" 200 9077
190.171.142.10 - - [03/Apr/2023:12:53:02 -0300] "POST /cormun/servlet/prfichaempleado?f63c1a33e20ce8e36482ab085d8d3842,,MD,,gxPopupLevel%3D0%3B,gx-no-cache=1680536259050 HTTP/1.1" 200 3175
192.168.10.17 - - [03/Apr/2023:12:53:27 -0300] "GET /cormun/servlet/trsolicitudgral? HTTP/1.1" 200 11821
192.168.10.17 - - [03/Apr/2023:12:53:28 -0300] "GET /cormun/servlet/trsolicitudgral? HTTP/1.1" 200 11814
190.171.142.10 - - [03/Apr/2023:12:53:43 -0300] "POST /cormun/servlet/prfichaempleado?f63c1a33e20ce8e36482ab085d8d3842,,MD,,gxPopupLevel%3D0%3B,gx-no-cache=1680536299889 HTTP/1.1" 200 3175
190.171.142.10 - - [03/Apr/2023:12:53:51 -0300] "GET /cormun/servlet/prfichaempleado?,MD,,gxPopupLevel%3D0%3B HTTP/1.1" 200 9191
190.171.142.10 - - [03/Apr/2023:12:54:08 -0300] "POST /cormun/servlet/prfichaempleado?f63c1a33e20ce8e36482ab085d8d3842,,MD,,gxPopupLevel%3D0%3B,gx-no-cache=1680536324378 HTTP/1.1" 200 6370
190.171.142.10 - - [03/Apr/2023:12:54:08 -0300] "GET /cormun/static/Resources/PXToolsGridFirst.gif HTTP/1.1" 200 379
190.171.142.10 - - [03/Apr/2023:12:54:08 -0300] "GET /cormun/static/Resources/PXToolsGridLast.gif HTTP/1.1" 200 370
190.171.142.10 - - [03/Apr/2023:12:54:08 -0300] "GET /cormun/static/Resources/PXToolsGridNext.gif HTTP/1.1" 200 369
190.171.142.10 - - [03/Apr/2023:12:54:08 -0300] "GET /cormun/static/Resources/PXToolsGridPrevious.gif HTTP/1.1" 200 369
