190.171.152.114 - - [31/Mar/2023:12:56:14 -0300] "GET /cormun/servlet/trsolicitudadjuntos?2023,19891, HTTP/1.1" 200 10033
190.171.152.114 - - [31/Mar/2023:12:56:16 -0300] "GET /cormun/servlet/solicitudotadjuntos?INS,2023,19891,,1, HTTP/1.1" 200 6377
190.171.152.114 - - [31/Mar/2023:12:56:16 -0300] "GET /cormun/static/about:blank HTTP/1.1" 404 1011
190.171.152.114 - - [31/Mar/2023:12:56:16 -0300] "GET /cormun/servlet/solicitudotadjuntos?INS,2023,19891,,1, HTTP/1.1" 200 6370
190.171.152.114 - - [31/Mar/2023:12:56:17 -0300] "GET /cormun/servlet/solicitudotadjuntos?f3a3391189d95a49b84dc9e58aa0d265894cc57d56279c976b89f4e47a92182f4bf3847453e88ce211d445735ecd05b7,gx-no-cache=1680277253220 HTTP/1.1" 200 30
190.171.152.114 - - [31/Mar/2023:12:56:17 -0300] "POST /cormun/servlet/solicitudotadjuntos?ebf3b9b3d608a137e7c9ebad9fd8af85,INS,2023,19891,,1,,gx-no-cache=1680277253236 HTTP/1.1" 200 4181
190.171.152.114 - - [31/Mar/2023:12:56:19 -0300] "POST /cormun/servlet/solicitudotadjuntos?gx-no-cache=1680277255501 HTTP/1.1" 200 26
190.171.152.114 - - [31/Mar/2023:12:56:30 -0300] "GET /cormun/servlet/solicitudotadjuntos?f3a3391189d95a49b84dc9e58aa0d265f0e5e1b479ed2c3d3a041ded17318f1e,gx-no-cache=1680277266301 HTTP/1.1" 200 30
190.171.152.114 - - [31/Mar/2023:12:56:30 -0300] "GET /cormun/servlet/solicitudotadjuntos?f3a3391189d95a49b84dc9e58aa0d265f0e5e1b479ed2c3d3a041ded17318f1e,gx-no-cache=1680277266321 HTTP/1.1" 200 30
190.171.152.114 - - [31/Mar/2023:12:56:30 -0300] "POST /cormun/servlet/solicitudotadjuntos?ebf3b9b3d608a137e7c9ebad9fd8af85,INS,2023,19891,,1, HTTP/1.1" 200 116
190.171.152.114 - - [31/Mar/2023:12:56:30 -0300] "GET /cormun/servlet/hpexe_return? HTTP/1.1" 200 1026
190.171.152.114 - - [31/Mar/2023:12:56:30 -0300] "GET /cormun/servlet/trsolicitudadjuntos?2023,19891, HTTP/1.1" 200 10288
190.171.152.114 - - [31/Mar/2023:12:56:30 -0300] "GET /cormun/servlet/trsolicitudadjuntos?2023,19891, HTTP/1.1" 200 10285
190.171.152.114 - - [31/Mar/2023:12:56:39 -0300] "GET /cormun/servlet/solicitudotadjuntos?INS,2023,19891,,1, HTTP/1.1" 200 6375
190.171.152.114 - - [31/Mar/2023:12:56:39 -0300] "GET /cormun/static/about:blank HTTP/1.1" 404 1011
190.171.152.114 - - [31/Mar/2023:12:56:39 -0300] "GET /cormun/servlet/solicitudotadjuntos?INS,2023,19891,,1, HTTP/1.1" 200 6368
190.171.152.114 - - [31/Mar/2023:12:56:40 -0300] "GET /cormun/servlet/solicitudotadjuntos?f3a3391189d95a49b84dc9e58aa0d265894cc57d56279c976b89f4e47a92182f4bf3847453e88ce211d445735ecd05b7,gx-no-cache=1680277276221 HTTP/1.1" 200 30
190.171.152.114 - - [31/Mar/2023:12:56:40 -0300] "POST /cormun/servlet/solicitudotadjuntos?ebf3b9b3d608a137e7c9ebad9fd8af85,INS,2023,19891,,1,,gx-no-cache=1680277276234 HTTP/1.1" 200 4180
190.171.152.114 - - [31/Mar/2023:12:56:42 -0300] "POST /cormun/servlet/solicitudotadjuntos?gx-no-cache=1680277278540 HTTP/1.1" 200 26
190.171.152.114 - - [31/Mar/2023:12:56:55 -0300] "GET /cormun/servlet/solicitudotadjuntos?f3a3391189d95a49b84dc9e58aa0d265f0e5e1b479ed2c3d3a041ded17318f1e,gx-no-cache=1680277291348 HTTP/1.1" 200 30
190.171.152.114 - - [31/Mar/2023:12:56:55 -0300] "GET /cormun/servlet/solicitudotadjuntos?f3a3391189d95a49b84dc9e58aa0d265f0e5e1b479ed2c3d3a041ded17318f1e,gx-no-cache=1680277291387 HTTP/1.1" 200 30
190.171.152.114 - - [31/Mar/2023:12:56:55 -0300] "POST /cormun/servlet/solicitudotadjuntos?ebf3b9b3d608a137e7c9ebad9fd8af85,INS,2023,19891,,1, HTTP/1.1" 200 116
190.171.152.114 - - [31/Mar/2023:12:56:55 -0300] "GET /cormun/servlet/hpexe_return? HTTP/1.1" 200 1026
190.171.152.114 - - [31/Mar/2023:12:56:55 -0300] "GET /cormun/servlet/trsolicitudadjuntos?2023,19891, HTTP/1.1" 200 10428
190.171.152.114 - - [31/Mar/2023:12:56:56 -0300] "GET /cormun/servlet/trsolicitudadjuntos?2023,19891, HTTP/1.1" 200 10428
190.171.152.114 - - [31/Mar/2023:12:56:58 -0300] "GET /cormun/servlet/solicitudotadjuntos?INS,2023,19891,,1, HTTP/1.1" 200 6375
190.171.152.114 - - [31/Mar/2023:12:56:58 -0300] "GET /cormun/static/about:blank HTTP/1.1" 404 1011
190.171.152.114 - - [31/Mar/2023:12:56:58 -0300] "GET /cormun/servlet/solicitudotadjuntos?INS,2023,19891,,1, HTTP/1.1" 200 6368
190.171.152.114 - - [31/Mar/2023:12:56:59 -0300] "GET /cormun/servlet/solicitudotadjuntos?f3a3391189d95a49b84dc9e58aa0d265894cc57d56279c976b89f4e47a92182f4bf3847453e88ce211d445735ecd05b7,gx-no-cache=1680277295674 HTTP/1.1" 200 30
190.171.152.114 - - [31/Mar/2023:12:56:59 -0300] "POST /cormun/servlet/solicitudotadjuntos?ebf3b9b3d608a137e7c9ebad9fd8af85,INS,2023,19891,,1,,gx-no-cache=1680277295687 HTTP/1.1" 200 4180
190.171.152.114 - - [31/Mar/2023:12:57:04 -0300] "POST /cormun/servlet/solicitudotadjuntos?ebf3b9b3d608a137e7c9ebad9fd8af85,INS,2023,19891,,1,,gx-no-cache=1680277301085 HTTP/1.1" 200 93
190.171.152.114 - - [31/Mar/2023:12:57:04 -0300] "GET /cormun/servlet/hpexe_return? HTTP/1.1" 200 1026
190.171.152.114 - - [31/Mar/2023:12:57:05 -0300] "GET /cormun/servlet/trsolicitudadjuntos?2023,19891, HTTP/1.1" 200 10431
190.171.152.114 - - [31/Mar/2023:12:57:05 -0300] "GET /cormun/servlet/trsolicitudadjuntos?2023,19891, HTTP/1.1" 200 10429
190.171.152.114 - - [31/Mar/2023:12:57:08 -0300] "GET /cormun/servlet/trsolicitudot? HTTP/1.1" 200 8952
190.171.152.114 - - [31/Mar/2023:12:57:09 -0300] "GET /cormun/servlet/trsolicitudot? HTTP/1.1" 200 8945
190.171.152.114 - - [31/Mar/2023:12:57:11 -0300] "POST /cormun/servlet/trsolicitudot?ebf3b9b3d608a137e7c9ebad9fd8af85,,gx-no-cache=1680277307543 HTTP/1.1" 200 4856
190.171.152.114 - - [31/Mar/2023:12:57:11 -0300] "GET /cormun/static/Shared/jqueryui/images/ui-icons_82798d_256x240.png HTTP/1.1" 404 1089
190.171.152.114 - - [31/Mar/2023:12:57:11 -0300] "GET /cormun/static/Shared/jqueryui/images/ui-bg_flat_55_fafafa_40x100.png HTTP/1.1" 404 1097
190.171.152.114 - - [31/Mar/2023:12:57:11 -0300] "GET /cormun/static/Shared/jqueryui/images/ui-icons_8d78a5_256x240.png HTTP/1.1" 404 1089
190.171.152.114 - - [31/Mar/2023:12:57:11 -0300] "GET /cormun/static/Shared/jqueryui/images/ui-bg_highlight-soft_100_c6c2c8_1x100.png HTTP/1.1" 404 1117
190.171.152.114 - - [31/Mar/2023:12:57:11 -0300] "POST /cormun/servlet/trsolicitudot?ebf3b9b3d608a137e7c9ebad9fd8af85,,gx-no-cache=1680277307690 HTTP/1.1" 200 4622
190.171.152.114 - - [31/Mar/2023:12:57:26 -0300] "GET /cormun/servlet/trautorizarsolicitud? HTTP/1.1" 200 9350
190.171.152.114 - - [31/Mar/2023:12:57:27 -0300] "GET /cormun/servlet/trautorizarsolicitud? HTTP/1.1" 200 9350
190.171.152.114 - - [31/Mar/2023:12:58:04 -0300] "POST /cormun/servlet/trautorizarsolicitud?ebf3b9b3d608a137e7c9ebad9fd8af85,,gx-no-cache=1680277360367 HTTP/1.1" 200 5992
190.171.152.114 - - [31/Mar/2023:12:58:04 -0300] "GET /cormun/static/Shared/jqueryui/images/ui-bg_highlight-soft_100_c6c2c8_1x100.png HTTP/1.1" 404 1117
190.171.152.114 - - [31/Mar/2023:12:58:04 -0300] "GET /cormun/static/Shared/jqueryui/images/ui-bg_flat_55_fafafa_40x100.png HTTP/1.1" 404 1097
190.171.152.114 - - [31/Mar/2023:12:58:04 -0300] "GET /cormun/static/Shared/jqueryui/images/ui-icons_82798d_256x240.png HTTP/1.1" 404 1089
190.171.152.114 - - [31/Mar/2023:12:58:04 -0300] "GET /cormun/static/Shared/jqueryui/images/ui-icons_8d78a5_256x240.png HTTP/1.1" 404 1089
190.171.152.114 - - [31/Mar/2023:12:58:04 -0300] "POST /cormun/servlet/trautorizarsolicitud?ebf3b9b3d608a137e7c9ebad9fd8af85,,gx-no-cache=1680277360527 HTTP/1.1" 200 5938
190.171.152.114 - - [31/Mar/2023:12:58:05 -0300] "POST /cormun/servlet/trautorizarsolicitud?ebf3b9b3d608a137e7c9ebad9fd8af85,,gx-no-cache=1680277361236 HTTP/1.1" 200 4772
190.171.152.114 - - [31/Mar/2023:12:58:05 -0300] "POST /cormun/servlet/trautorizarsolicitud?ebf3b9b3d608a137e7c9ebad9fd8af85,,gx-no-cache=1680277361350 HTTP/1.1" 200 4538
190.171.141.98 - - [31/Mar/2023:12:58:20 -0300] "GET /cormun/servlet/trsolicitudadjuntos?2021,17422, HTTP/1.1" 200 9301
190.171.141.98 - - [31/Mar/2023:12:58:21 -0300] "GET /cormun/servlet/trsolicitudadjuntos?2021,17422, HTTP/1.1" 200 9299
190.171.141.98 - - [31/Mar/2023:12:58:21 -0300] "GET /cormun/servlet/hlogin HTTP/1.1" 200 1751
190.171.141.98 - - [31/Mar/2023:12:58:22 -0300] "GET /cormun/servlet/trsolicitudadjuntos?2021,17422, HTTP/1.1" 200 9325
190.171.141.98 - - [31/Mar/2023:12:58:22 -0300] "GET /cormun/servlet/trsolicitudadjuntos?2021,17422, HTTP/1.1" 200 9323
190.171.141.98 - - [31/Mar/2023:12:58:24 -0300] "POST /cormun/servlet/hlogin?284ca19794ae8450802daa846ddf1ddd,gx-no-cache=1680280958021 HTTP/1.1" 200 90
190.171.141.98 - - [31/Mar/2023:12:58:24 -0300] "GET /cormun/servlet/hpexe_link HTTP/1.1" 200 968
190.171.141.98 - - [31/Mar/2023:12:58:25 -0300] "GET /cormun/servlet/trsolicitudadjuntos?2021,17422, HTTP/1.1" 200 9896
190.171.141.98 - - [31/Mar/2023:12:58:26 -0300] "GET /cormun/servlet/trsolicitudadjuntos?2021,17422, HTTP/1.1" 200 9900
190.171.141.98 - - [31/Mar/2023:12:58:38 -0300] "GET /cormun/servlet/trsolicitudot? HTTP/1.1" 200 7116
190.171.141.98 - - [31/Mar/2023:12:58:38 -0300] "GET /cormun/static/gxcfg.js?20221129846531 HTTP/1.1" 200 953
190.171.141.98 - - [31/Mar/2023:12:58:39 -0300] "GET /cormun/static/trsolicitudot.js?202211298465651 HTTP/1.1" 200 54040
190.171.141.98 - - [31/Mar/2023:12:58:39 -0300] "GET /cormun/servlet/trsolicitudot? HTTP/1.1" 200 7102
190.171.141.98 - - [31/Mar/2023:12:58:48 -0300] "GET /cormun/servlet/solicitudot?INS,0,0,false, HTTP/1.1" 200 15753
190.171.141.98 - - [31/Mar/2023:12:58:48 -0300] "GET /cormun/static/gxcfg.js?20221129840861 HTTP/1.1" 200 953
190.171.141.98 - - [31/Mar/2023:12:58:48 -0300] "GET /cormun/static/solicitudot.js?20221129840983 HTTP/1.1" 200 74072
190.171.141.98 - - [31/Mar/2023:12:58:49 -0300] "GET /cormun/servlet/solicitudot?INS,0,0,false, HTTP/1.1" 200 15760
200.54.107.2 - - [31/Mar/2023:12:58:55 -0300] "GET /cormun/servlet/trlicencias? HTTP/1.1" 200 8121
200.54.107.2 - - [31/Mar/2023:12:58:59 -0300] "GET /cormun/servlet/trlicencias? HTTP/1.1" 200 8120
200.54.107.2 - - [31/Mar/2023:12:58:59 -0300] "GET /cormun/servlet/hlogin HTTP/1.1" 200 1733
200.54.107.2 - - [31/Mar/2023:12:59:03 -0300] "POST /cormun/servlet/hlogin?f3efc82d3fea076a11643270e064b14b,gx-no-cache=1680277418691 HTTP/1.1" 200 90
200.54.107.2 - - [31/Mar/2023:12:59:03 -0300] "GET /cormun/servlet/hpexe_link HTTP/1.1" 200 950
200.54.107.2 - - [31/Mar/2023:12:59:03 -0300] "GET /cormun/servlet/trlicencias HTTP/1.1" 200 8603
200.54.107.2 - - [31/Mar/2023:12:59:03 -0300] "GET /cormun/servlet/trlicencias HTTP/1.1" 200 8601
200.54.107.2 - - [31/Mar/2023:12:59:03 -0300] "GET /cormun/static/Resources/asc.gif HTTP/1.1" 200 67
200.54.107.2 - - [31/Mar/2023:12:59:03 -0300] "GET /cormun/static/Resources/desc.gif HTTP/1.1" 200 65
200.54.107.2 - - [31/Mar/2023:12:59:03 -0300] "GET /cormun//static/Resources/PXToolsActionDisabled.gif HTTP/1.1" 200 53
200.54.107.2 - - [31/Mar/2023:12:59:10 -0300] "GET /cormun/servlet/trpermisosgoce? HTTP/1.1" 200 9642
200.54.107.2 - - [31/Mar/2023:12:59:10 -0300] "GET /cormun/servlet/trpermisosgoce? HTTP/1.1" 200 9642
200.54.107.2 - - [31/Mar/2023:12:59:14 -0300] "GET /cormun/servlet/permisogoce?INS,0,,, HTTP/1.1" 200 7248
186.67.172.234 - - [31/Mar/2023:12:59:14 -0300] "GET /cormun/servlet/trlicencias HTTP/1.1" 200 8129
200.54.107.2 - - [31/Mar/2023:12:59:14 -0300] "GET /cormun/servlet/permisogoce?INS,0,,, HTTP/1.1" 200 7248
186.67.172.234 - - [31/Mar/2023:12:59:16 -0300] "GET /cormun/servlet/trlicencias HTTP/1.1" 200 8127
186.67.172.234 - - [31/Mar/2023:12:59:16 -0300] "GET /cormun/servlet/hlogin HTTP/1.1" 200 1738
200.54.107.2 - - [31/Mar/2023:12:59:30 -0300] "GET /cormun/servlet/permisogoce?2737cb0d65acdddae582f3c8a0e0bd4e8e520dbc216ba920057644495aa6a389c99455e8e231ed20a03d87d6772ee6bd060a9d4cc6800796653961f9592a662c,gx-no-cache=1680277446366 HTTP/1.1" 200 72
200.54.107.2 - - [31/Mar/2023:12:59:30 -0300] "GET /cormun/static/menuarrow.gif HTTP/1.1" 404 1015
190.171.143.106 - - [31/Mar/2023:12:59:31 -0300] "GET /cormun/servlet/hlogin HTTP/1.1" 200 1718
200.54.107.2 - - [31/Mar/2023:12:59:47 -0300] "GET /cormun/servlet/permisogoce?2737cb0d65acdddae582f3c8a0e0bd4ef461e4ecf02b878cff55778b17df96853f873d257a5c23f41efd19c6a7f902f1403b34d4d164e7cd0153a553cc4f889e,gx-no-cache=1680277462707 HTTP/1.1" 200 44
200.54.107.2 - - [31/Mar/2023:12:59:50 -0300] "POST /cormun/servlet/permisogoce?f3efc82d3fea076a11643270e064b14b,INS,0,,,,gx-no-cache=1680277465470 HTTP/1.1" 200 93
200.54.107.2 - - [31/Mar/2023:12:59:50 -0300] "GET /cormun/servlet/hpexe_return? HTTP/1.1" 200 1003
200.54.107.2 - - [31/Mar/2023:12:59:51 -0300] "GET /cormun/servlet/trpermisosgoce HTTP/1.1" 200 9858
200.54.107.2 - - [31/Mar/2023:12:59:51 -0300] "GET /cormun/servlet/trpermisosgoce HTTP/1.1" 200 9854
200.54.107.2 - - [31/Mar/2023:12:59:56 -0300] "GET /cormun/servlet/apermisogoceprn?12120777,P,20230331124344,PU HTTP/1.1" 200 1656
190.171.141.98 - - [31/Mar/2023:13:00:02 -0300] "POST /cormun/servlet/solicitudot?gx-no-cache=1680281056083 HTTP/1.1" 200 3953
190.171.141.98 - - [31/Mar/2023:13:00:03 -0300] "POST /cormun/servlet/solicitudot?284ca19794ae8450802daa846ddf1ddd,INS,0,0,false,,gx-no-cache=1680281056270 HTTP/1.1" 200 12509
190.171.141.98 - - [31/Mar/2023:13:00:06 -0300] "GET /cormun/servlet/solicitudot?8588afb4863119d9ac191fcf311d6b00129a26837c4a464d063c73c5fd235d684c066143c8d8f3bb4b8a58818be17f1f,gx-no-cache=1680281059853 HTTP/1.1" 200 111
190.171.141.98 - - [31/Mar/2023:13:00:06 -0300] "GET /cormun/static/Shared/jqueryui/images/ui-bg_highlight-soft_100_c6c2c8_1x100.png HTTP/1.1" 404 1117
190.171.141.98 - - [31/Mar/2023:13:00:06 -0300] "GET /cormun/static/Shared/jqueryui/images/ui-icons_82798d_256x240.png HTTP/1.1" 404 1089
190.171.141.98 - - [31/Mar/2023:13:00:06 -0300] "GET /cormun/static/Shared/jqueryui/images/ui-bg_flat_55_994d53_40x100.png HTTP/1.1" 404 1097
190.171.141.98 - - [31/Mar/2023:13:00:06 -0300] "GET /cormun/static/Shared/jqueryui/images/ui-icons_ebccce_256x240.png HTTP/1.1" 404 1089
190.171.141.98 - - [31/Mar/2023:13:00:11 -0300] "GET /cormun/static/Resources/resize.gif HTTP/1.1" 200 77
190.171.141.98 - - [31/Mar/2023:13:00:11 -0300] "GET /cormun/static/Resources/PXTools/ClosePrompt.png HTTP/1.1" 200 1036
190.171.141.98 - - [31/Mar/2023:13:00:12 -0300] "GET /cormun/servlet/prfichaempleado?,MD,,gxPopupLevel%3D0%3B HTTP/1.1" 200 9179
190.171.141.98 - - [31/Mar/2023:13:00:12 -0300] "GET /cormun/static/gxcfg.js?20201215571085 HTTP/1.1" 200 953
190.171.141.98 - - [31/Mar/2023:13:00:12 -0300] "GET /cormun/static/prfichaempleado.js?20201215572193 HTTP/1.1" 200 16005
190.171.141.98 - - [31/Mar/2023:13:00:12 -0300] "GET /cormun/static/menusearch.js?20201214473581 HTTP/1.1" 200 1424
190.171.141.98 - - [31/Mar/2023:13:00:12 -0300] "GET /cormun/static/Resources/PXToolsMenuSearch.png HTTP/1.1" 200 336
190.171.141.98 - - [31/Mar/2023:13:00:12 -0300] "GET /cormun/static/hmpwkw011.js?202211298443482 HTTP/1.1" 200 1968
190.171.141.98 - - [31/Mar/2023:13:00:12 -0300] "GET /cormun/static/Resources/PXToolsMenuSearchCancel.png HTTP/1.1" 200 306
190.171.143.106 - - [31/Mar/2023:13:00:18 -0300] "POST /cormun/servlet/hlogin?abae231d74053107f075e9f91238ce59,gx-no-cache=1680277671030 HTTP/1.1" 200 90
190.171.143.106 - - [31/Mar/2023:13:00:18 -0300] "GET /cormun/servlet/hpexe_link HTTP/1.1" 200 948
190.171.143.106 - - [31/Mar/2023:13:00:18 -0300] "GET /cormun/servlet/hhome HTTP/1.1" 200 4209
190.171.143.106 - - [31/Mar/2023:13:00:19 -0300] "GET /cormun/servlet/hhome HTTP/1.1" 200 4205
190.171.152.234 - - [31/Mar/2023:13:00:20 -0300] "POST /cormun/servlet/solicitudot?gx-no-cache=1680277620081 HTTP/1.1" 200 97
190.171.143.106 - - [31/Mar/2023:13:00:22 -0300] "GET /cormun/servlet/trsolicitudot? HTTP/1.1" 200 7422
190.171.143.106 - - [31/Mar/2023:13:00:22 -0300] "GET /cormun/servlet/trsolicitudot? HTTP/1.1" 200 7421
190.171.141.98 - - [31/Mar/2023:13:00:22 -0300] "POST /cormun/servlet/prfichaempleado?284ca19794ae8450802daa846ddf1ddd,,MD,,gxPopupLevel%3D0%3B,gx-no-cache=1680281076066 HTTP/1.1" 200 4525
190.171.152.234 - - [31/Mar/2023:13:00:38 -0300] "GET /cormun/servlet/solicitudot?3ed150f64011c1a4501e3f653782380067912a811ce592f5026593d61447555119ca55d13d46a9090b66404bd36e9e4b7317762288b0170699ca494f0b85d5bbc4221e9c0be284f7db598252a27dc6280bb22616f3fdde3af7d70a35643fcaaf49cd7bca5ac6243c3f3652ed7249b713095d9873e52b480264774d2ab94b3c15be074533af2aacd454aa34ac14db06109f3af342bae4f1c32ee58e4a9f066fe1,gx-no-cache=1680277637860 HTTP/1.1" 200 29
190.171.152.234 - - [31/Mar/2023:13:00:38 -0300] "GET /cormun/static/menuarrow.gif HTTP/1.1" 404 1015
190.171.143.106 - - [31/Mar/2023:13:00:42 -0300] "GET /cormun/servlet/trsolicitudot? HTTP/1.1" 200 7421
190.171.143.106 - - [31/Mar/2023:13:00:42 -0300] "GET /cormun/servlet/trsolicitudot? HTTP/1.1" 200 7421
190.171.152.234 - - [31/Mar/2023:13:00:46 -0300] "GET /cormun/servlet/solicitudot?3ed150f64011c1a4501e3f65378238001663cd3d66f02a6524fb81de389ae6e62c72b6db068079707dba0153880e2e07,gx-no-cache=1680277645348 HTTP/1.1" 200 30
190.171.143.106 - - [31/Mar/2023:13:00:49 -0300] "GET /cormun/servlet/solicitudot?INS,0,0,false, HTTP/1.1" 200 16051
190.171.143.106 - - [31/Mar/2023:13:00:49 -0300] "GET /cormun/servlet/solicitudot?INS,0,0,false, HTTP/1.1" 200 16059
190.171.152.234 - - [31/Mar/2023:13:00:56 -0300] "POST /cormun/servlet/solicitudot?gx-no-cache=1680277655269 HTTP/1.1" 200 30
190.171.141.98 - - [31/Mar/2023:13:00:56 -0300] "POST /cormun/servlet/solicitudot?gx-no-cache=1680281109745 HTTP/1.1" 200 3956
190.171.152.234 - - [31/Mar/2023:13:00:56 -0300] "POST /cormun/servlet/solicitudot?bb82ff31d02d3385a366b0c907b2569f,INS,0,0,false,,gx-no-cache=1680277655300 HTTP/1.1" 200 93
190.171.152.234 - - [31/Mar/2023:13:00:56 -0300] "GET /cormun/servlet/hpexe_return? HTTP/1.1" 200 1007
190.171.141.98 - - [31/Mar/2023:13:00:56 -0300] "POST /cormun/servlet/solicitudot?284ca19794ae8450802daa846ddf1ddd,INS,0,0,false,,gx-no-cache=1680281109885 HTTP/1.1" 200 12562
190.171.152.234 - - [31/Mar/2023:13:00:56 -0300] "GET /cormun/servlet/hhome HTTP/1.1" 200 4280
190.171.152.234 - - [31/Mar/2023:13:00:57 -0300] "GET /cormun/servlet/hhome HTTP/1.1" 200 4274
190.171.141.98 - - [31/Mar/2023:13:00:58 -0300] "GET /cormun/servlet/solicitudot?8588afb4863119d9ac191fcf311d6b00129a26837c4a464d063c73c5fd235d684c066143c8d8f3bb4b8a58818be17f1f,gx-no-cache=1680281112263 HTTP/1.1" 200 111
190.171.152.234 - - [31/Mar/2023:13:01:02 -0300] "GET /cormun/servlet/trsolicitudot? HTTP/1.1" 200 8905
190.171.152.234 - - [31/Mar/2023:13:01:02 -0300] "GET /cormun/servlet/trsolicitudot? HTTP/1.1" 200 8903
190.171.141.98 - - [31/Mar/2023:13:01:04 -0300] "GET /cormun/servlet/solicitudot?8588afb4863119d9ac191fcf311d6b00129a26837c4a464d063c73c5fd235d684c066143c8d8f3bb4b8a58818be17f1f,gx-no-cache=1680281118259 HTTP/1.1" 200 111
190.171.143.106 - - [31/Mar/2023:13:01:05 -0300] "POST /cormun/servlet/solicitudot?gx-no-cache=1680277718009 HTTP/1.1" 200 3953
190.171.143.106 - - [31/Mar/2023:13:01:05 -0300] "POST /cormun/servlet/solicitudot?abae231d74053107f075e9f91238ce59,INS,0,0,false,,gx-no-cache=1680277718150 HTTP/1.1" 200 12782
190.171.152.234 - - [31/Mar/2023:13:01:08 -0300] "POST /cormun/servlet/trsolicitudot?bb82ff31d02d3385a366b0c907b2569f,,gx-no-cache=1680277667764 HTTP/1.1" 200 107
190.171.152.234 - - [31/Mar/2023:13:01:08 -0300] "GET /cormun/servlet/trsolicitudadjuntos?2023,19894, HTTP/1.1" 200 6383
190.171.152.234 - - [31/Mar/2023:13:01:09 -0300] "GET /cormun/servlet/trsolicitudadjuntos?2023,19894, HTTP/1.1" 200 6382
190.171.152.234 - - [31/Mar/2023:13:01:11 -0300] "GET /cormun/servlet/solicitudotadjuntos?INS,2023,19894,,1, HTTP/1.1" 200 6328
190.171.152.234 - - [31/Mar/2023:13:01:11 -0300] "GET /cormun/static/about:blank HTTP/1.1" 404 1011
190.171.152.234 - - [31/Mar/2023:13:01:11 -0300] "GET /cormun/servlet/solicitudotadjuntos?INS,2023,19894,,1, HTTP/1.1" 200 6321
190.171.152.234 - - [31/Mar/2023:13:01:12 -0300] "GET /cormun/servlet/solicitudotadjuntos?3ed150f64011c1a4501e3f6537823800ec4159cf2b670f6aa5d73f405ad5fd3757a6b8e4a072075be488d9f3ee5309e7,gx-no-cache=1680277671491 HTTP/1.1" 200 30
190.171.152.234 - - [31/Mar/2023:13:01:12 -0300] "POST /cormun/servlet/solicitudotadjuntos?bb82ff31d02d3385a366b0c907b2569f,INS,2023,19894,,1,,gx-no-cache=1680277671509 HTTP/1.1" 200 4195
190.171.152.234 - - [31/Mar/2023:13:01:16 -0300] "POST /cormun/servlet/solicitudotadjuntos?gx-no-cache=1680277675754 HTTP/1.1" 200 26
190.171.143.106 - - [31/Mar/2023:13:01:19 -0300] "GET /cormun/servlet/solicitudot?848accc04c94c1b5e617995db68fa64f12d5e9f87c19f0917e49bccf1f33303b3844e7eb17eb488486156a68d66c2167,gx-no-cache=1680277731791 HTTP/1.1" 200 111
190.171.143.106 - - [31/Mar/2023:13:01:19 -0300] "GET /cormun/static/Shared/jqueryui/images/ui-bg_highlight-soft_100_c6c2c8_1x100.png HTTP/1.1" 404 1117
190.171.143.106 - - [31/Mar/2023:13:01:19 -0300] "GET /cormun/static/Shared/jqueryui/images/ui-icons_82798d_256x240.png HTTP/1.1" 404 1089
190.171.143.106 - - [31/Mar/2023:13:01:19 -0300] "GET /cormun/static/Shared/jqueryui/images/ui-bg_flat_55_994d53_40x100.png HTTP/1.1" 404 1097
190.171.143.106 - - [31/Mar/2023:13:01:19 -0300] "GET /cormun/static/Shared/jqueryui/images/ui-icons_ebccce_256x240.png HTTP/1.1" 404 1089
190.171.141.98 - - [31/Mar/2023:13:01:21 -0300] "GET /cormun/servlet/solicitudot?8588afb4863119d9ac191fcf311d6b00666b6cbb51e8809051e1132b97868e37cedae0ee670ee108325289ce77935a07,gx-no-cache=1680281134760 HTTP/1.1" 200 111
190.171.141.98 - - [31/Mar/2023:13:01:29 -0300] "GET /cormun/servlet/solicitudot?8588afb4863119d9ac191fcf311d6b00129a26837c4a464d063c73c5fd235d684c066143c8d8f3bb4b8a58818be17f1f,gx-no-cache=1680281142860 HTTP/1.1" 200 111
190.171.141.98 - - [31/Mar/2023:13:01:51 -0300] "GET /cormun/servlet/prfichaempleado?,MD,,gxPopupLevel%3D0%3B HTTP/1.1" 200 9179
190.171.152.234 - - [31/Mar/2023:13:01:58 -0300] "GET /cormun/servlet/solicitudotadjuntos?3ed150f64011c1a4501e3f6537823800a0b0439a04ac6bb29890652462c8bb15,gx-no-cache=1680277717667 HTTP/1.1" 200 30
190.171.152.234 - - [31/Mar/2023:13:01:58 -0300] "GET /cormun/servlet/solicitudotadjuntos?3ed150f64011c1a4501e3f6537823800a0b0439a04ac6bb29890652462c8bb15,gx-no-cache=1680277717685 HTTP/1.1" 200 30
190.171.152.234 - - [31/Mar/2023:13:01:59 -0300] "POST /cormun/servlet/solicitudotadjuntos?bb82ff31d02d3385a366b0c907b2569f,INS,2023,19894,,1, HTTP/1.1" 200 116
190.171.152.234 - - [31/Mar/2023:13:01:59 -0300] "GET /cormun/servlet/hpexe_return? HTTP/1.1" 200 1025
190.171.152.234 - - [31/Mar/2023:13:01:59 -0300] "GET /cormun/servlet/trsolicitudadjuntos?2023,19894, HTTP/1.1" 200 9279
190.171.152.234 - - [31/Mar/2023:13:01:59 -0300] "GET /cormun/servlet/trsolicitudadjuntos?2023,19894, HTTP/1.1" 200 9279
190.171.152.234 - - [31/Mar/2023:13:02:01 -0300] "GET /cormun/servlet/solicitudotadjuntos?INS,2023,19894,,1, HTTP/1.1" 200 6328
190.171.152.234 - - [31/Mar/2023:13:02:01 -0300] "GET /cormun/static/about:blank HTTP/1.1" 404 1011
190.171.152.234 - - [31/Mar/2023:13:02:01 -0300] "GET /cormun/servlet/solicitudotadjuntos?INS,2023,19894,,1, HTTP/1.1" 200 6322
190.171.152.234 - - [31/Mar/2023:13:02:02 -0300] "GET /cormun/servlet/solicitudotadjuntos?3ed150f64011c1a4501e3f6537823800ec4159cf2b670f6aa5d73f405ad5fd3757a6b8e4a072075be488d9f3ee5309e7,gx-no-cache=1680277721361 HTTP/1.1" 200 30
190.171.152.234 - - [31/Mar/2023:13:02:02 -0300] "POST /cormun/servlet/solicitudotadjuntos?bb82ff31d02d3385a366b0c907b2569f,INS,2023,19894,,1,,gx-no-cache=1680277721380 HTTP/1.1" 200 4195
190.171.152.234 - - [31/Mar/2023:13:02:07 -0300] "POST /cormun/servlet/solicitudotadjuntos?gx-no-cache=1680277726584 HTTP/1.1" 200 26
190.171.152.234 - - [31/Mar/2023:13:02:13 -0300] "GET /cormun/servlet/solicitudotadjuntos?3ed150f64011c1a4501e3f6537823800a0b0439a04ac6bb29890652462c8bb15,gx-no-cache=1680277732579 HTTP/1.1" 200 30
190.171.152.234 - - [31/Mar/2023:13:02:13 -0300] "GET /cormun/servlet/solicitudotadjuntos?3ed150f64011c1a4501e3f6537823800a0b0439a04ac6bb29890652462c8bb15,gx-no-cache=1680277732590 HTTP/1.1" 200 30
190.171.152.234 - - [31/Mar/2023:13:02:13 -0300] "POST /cormun/servlet/solicitudotadjuntos?bb82ff31d02d3385a366b0c907b2569f,INS,2023,19894,,1, HTTP/1.1" 200 116
190.171.152.234 - - [31/Mar/2023:13:02:13 -0300] "GET /cormun/servlet/hpexe_return? HTTP/1.1" 200 1025
190.171.152.234 - - [31/Mar/2023:13:02:13 -0300] "GET /cormun/servlet/trsolicitudadjuntos?2023,19894, HTTP/1.1" 200 9523
190.171.152.234 - - [31/Mar/2023:13:02:14 -0300] "GET /cormun/servlet/trsolicitudadjuntos?2023,19894, HTTP/1.1" 200 9522
190.171.152.234 - - [31/Mar/2023:13:02:16 -0300] "GET /cormun/servlet/solicitudotadjuntos?INS,2023,19894,,1, HTTP/1.1" 200 6328
190.171.152.234 - - [31/Mar/2023:13:02:16 -0300] "GET /cormun/static/about:blank HTTP/1.1" 404 1011
190.171.152.234 - - [31/Mar/2023:13:02:16 -0300] "GET /cormun/servlet/solicitudotadjuntos?INS,2023,19894,,1, HTTP/1.1" 200 6322
190.171.152.234 - - [31/Mar/2023:13:02:17 -0300] "GET /cormun/servlet/solicitudotadjuntos?3ed150f64011c1a4501e3f6537823800ec4159cf2b670f6aa5d73f405ad5fd3757a6b8e4a072075be488d9f3ee5309e7,gx-no-cache=1680277736248 HTTP/1.1" 200 30
190.171.152.234 - - [31/Mar/2023:13:02:17 -0300] "POST /cormun/servlet/solicitudotadjuntos?bb82ff31d02d3385a366b0c907b2569f,INS,2023,19894,,1,,gx-no-cache=1680277736265 HTTP/1.1" 200 4195
190.171.152.234 - - [31/Mar/2023:13:02:23 -0300] "POST /cormun/servlet/solicitudotadjuntos?gx-no-cache=1680277742166 HTTP/1.1" 200 26
190.171.143.106 - - [31/Mar/2023:13:02:23 -0300] "GET /cormun/servlet/solicitudot?848accc04c94c1b5e617995db68fa64f5f0fa4bac692cdecad2a8900d9df9263418adfb6e28d1d315b2647f4044bc6038df018d73d26ec8695d43d48e29dce65,gx-no-cache=1680277795568 HTTP/1.1" 200 30
190.171.143.106 - - [31/Mar/2023:13:02:24 -0300] "GET /cormun/servlet/solicitudot?848accc04c94c1b5e617995db68fa64f49031c1f6b4df64f56274dc94917b0d9,gx-no-cache=1680277796994 HTTP/1.1" 200 53
190.171.152.234 - - [31/Mar/2023:13:02:30 -0300] "GET /cormun/servlet/solicitudotadjuntos?3ed150f64011c1a4501e3f6537823800a0b0439a04ac6bb29890652462c8bb15,gx-no-cache=1680277749315 HTTP/1.1" 200 30
190.171.152.234 - - [31/Mar/2023:13:02:30 -0300] "GET /cormun/servlet/solicitudotadjuntos?3ed150f64011c1a4501e3f6537823800a0b0439a04ac6bb29890652462c8bb15,gx-no-cache=1680277749327 HTTP/1.1" 200 30
190.171.152.234 - - [31/Mar/2023:13:02:30 -0300] "POST /cormun/servlet/solicitudotadjuntos?bb82ff31d02d3385a366b0c907b2569f,INS,2023,19894,,1, HTTP/1.1" 200 116
190.171.152.234 - - [31/Mar/2023:13:02:30 -0300] "GET /cormun/servlet/hpexe_return? HTTP/1.1" 200 1025
190.171.152.234 - - [31/Mar/2023:13:02:30 -0300] "GET /cormun/servlet/trsolicitudadjuntos?2023,19894, HTTP/1.1" 200 9764
190.171.152.234 - - [31/Mar/2023:13:02:31 -0300] "GET /cormun/servlet/trsolicitudadjuntos?2023,19894, HTTP/1.1" 200 9762
190.171.152.234 - - [31/Mar/2023:13:02:34 -0300] "GET /cormun/servlet/solicitudotadjuntos?INS,2023,19894,,1, HTTP/1.1" 200 6328
190.171.152.234 - - [31/Mar/2023:13:02:34 -0300] "GET /cormun/static/about:blank HTTP/1.1" 404 1011
190.171.152.234 - - [31/Mar/2023:13:02:34 -0300] "GET /cormun/servlet/solicitudotadjuntos?INS,2023,19894,,1, HTTP/1.1" 200 6322
190.171.152.234 - - [31/Mar/2023:13:02:35 -0300] "GET /cormun/servlet/solicitudotadjuntos?3ed150f64011c1a4501e3f6537823800ec4159cf2b670f6aa5d73f405ad5fd3757a6b8e4a072075be488d9f3ee5309e7,gx-no-cache=1680277754575 HTTP/1.1" 200 30
190.171.152.234 - - [31/Mar/2023:13:02:35 -0300] "POST /cormun/servlet/solicitudotadjuntos?bb82ff31d02d3385a366b0c907b2569f,INS,2023,19894,,1,,gx-no-cache=1680277754594 HTTP/1.1" 200 4195
190.171.152.234 - - [31/Mar/2023:13:02:37 -0300] "POST /cormun/servlet/solicitudotadjuntos?gx-no-cache=1680277756971 HTTP/1.1" 200 26
190.171.143.106 - - [31/Mar/2023:13:02:45 -0300] "POST /cormun/servlet/solicitudot?gx-no-cache=1680277817613 HTTP/1.1" 200 4033
190.171.143.106 - - [31/Mar/2023:13:02:45 -0300] "POST /cormun/servlet/solicitudot?abae231d74053107f075e9f91238ce59,INS,0,0,false,,gx-no-cache=1680277817730 HTTP/1.1" 200 12936
190.171.143.106 - - [31/Mar/2023:13:02:45 -0300] "GET /cormun/servlet/solicitudot?848accc04c94c1b5e617995db68fa64f15a486a4d2d3b6821783fce17dfba9c73844e7eb17eb488486156a68d66c2167,gx-no-cache=1680277817908 HTTP/1.1" 200 30
190.171.143.106 - - [31/Mar/2023:13:02:45 -0300] "GET /cormun/servlet/solicitudot?848accc04c94c1b5e617995db68fa64f5f0fa4bac692cdecad2a8900d9df92636eb1e5825b4b5b9fe0cea94477f7faed8df018d73d26ec8695d43d48e29dce65,gx-no-cache=1680277817931 HTTP/1.1" 200 30
190.171.143.106 - - [31/Mar/2023:13:02:45 -0300] "GET /cormun/servlet/solicitudot?848accc04c94c1b5e617995db68fa64f2594c809a2929c5957616127df29d2258e57df277f81703f98329b7bc73e3a23a15b921bcf6865def523ac431d65c14b,gx-no-cache=1680277817948 HTTP/1.1" 200 53
190.171.152.234 - - [31/Mar/2023:13:02:47 -0300] "GET /cormun/servlet/solicitudotadjuntos?3ed150f64011c1a4501e3f6537823800a0b0439a04ac6bb29890652462c8bb15,gx-no-cache=1680277766987 HTTP/1.1" 200 30
190.171.152.234 - - [31/Mar/2023:13:02:47 -0300] "GET /cormun/servlet/solicitudotadjuntos?3ed150f64011c1a4501e3f6537823800a0b0439a04ac6bb29890652462c8bb15,gx-no-cache=1680277766998 HTTP/1.1" 200 30
190.171.152.234 - - [31/Mar/2023:13:02:48 -0300] "POST /cormun/servlet/solicitudotadjuntos?bb82ff31d02d3385a366b0c907b2569f,INS,2023,19894,,1, HTTP/1.1" 200 116
190.171.152.234 - - [31/Mar/2023:13:02:48 -0300] "GET /cormun/servlet/hpexe_return? HTTP/1.1" 200 1025
190.171.152.234 - - [31/Mar/2023:13:02:48 -0300] "GET /cormun/servlet/trsolicitudadjuntos?2023,19894, HTTP/1.1" 200 9987
190.171.152.234 - - [31/Mar/2023:13:02:49 -0300] "GET /cormun/servlet/trsolicitudadjuntos?2023,19894, HTTP/1.1" 200 9986
190.171.152.234 - - [31/Mar/2023:13:02:50 -0300] "GET /cormun/servlet/solicitudotadjuntos?INS,2023,19894,,1, HTTP/1.1" 200 6328
190.171.152.234 - - [31/Mar/2023:13:02:51 -0300] "GET /cormun/static/about:blank HTTP/1.1" 404 1011
190.171.152.234 - - [31/Mar/2023:13:02:51 -0300] "GET /cormun/servlet/solicitudotadjuntos?INS,2023,19894,,1, HTTP/1.1" 200 6322
190.171.152.234 - - [31/Mar/2023:13:02:51 -0300] "GET /cormun/servlet/solicitudotadjuntos?3ed150f64011c1a4501e3f6537823800ec4159cf2b670f6aa5d73f405ad5fd3757a6b8e4a072075be488d9f3ee5309e7,gx-no-cache=1680277770973 HTTP/1.1" 200 30
190.171.152.234 - - [31/Mar/2023:13:02:51 -0300] "POST /cormun/servlet/solicitudotadjuntos?bb82ff31d02d3385a366b0c907b2569f,INS,2023,19894,,1,,gx-no-cache=1680277770992 HTTP/1.1" 200 4195
190.171.141.98 - - [31/Mar/2023:13:02:52 -0300] "GET /cormun/servlet/solicitudot?8588afb4863119d9ac191fcf311d6b00129a26837c4a464d063c73c5fd235d684c066143c8d8f3bb4b8a58818be17f1f,gx-no-cache=1680281225902 HTTP/1.1" 200 111
190.171.152.234 - - [31/Mar/2023:13:02:54 -0300] "POST /cormun/servlet/solicitudotadjuntos?gx-no-cache=1680277773283 HTTP/1.1" 200 26
190.171.152.234 - - [31/Mar/2023:13:02:58 -0300] "GET /cormun/servlet/solicitudotadjuntos?3ed150f64011c1a4501e3f6537823800a0b0439a04ac6bb29890652462c8bb15,gx-no-cache=1680277778011 HTTP/1.1" 200 30
190.171.152.234 - - [31/Mar/2023:13:02:58 -0300] "GET /cormun/servlet/solicitudotadjuntos?3ed150f64011c1a4501e3f6537823800a0b0439a04ac6bb29890652462c8bb15,gx-no-cache=1680277778051 HTTP/1.1" 200 30
190.171.152.234 - - [31/Mar/2023:13:02:59 -0300] "POST /cormun/servlet/solicitudotadjuntos?bb82ff31d02d3385a366b0c907b2569f,INS,2023,19894,,1, HTTP/1.1" 200 116
190.171.152.234 - - [31/Mar/2023:13:02:59 -0300] "GET /cormun/servlet/hpexe_return? HTTP/1.1" 200 1025
190.171.152.234 - - [31/Mar/2023:13:03:00 -0300] "GET /cormun/servlet/trsolicitudadjuntos?2023,19894, HTTP/1.1" 200 10238
190.171.152.234 - - [31/Mar/2023:13:03:00 -0300] "GET /cormun/servlet/trsolicitudadjuntos?2023,19894, HTTP/1.1" 200 10238
190.171.152.234 - - [31/Mar/2023:13:03:02 -0300] "GET /cormun/servlet/solicitudotadjuntos?INS,2023,19894,,1, HTTP/1.1" 200 6328
190.171.152.234 - - [31/Mar/2023:13:03:02 -0300] "GET /cormun/static/about:blank HTTP/1.1" 404 1011
190.171.152.234 - - [31/Mar/2023:13:03:02 -0300] "GET /cormun/servlet/solicitudotadjuntos?INS,2023,19894,,1, HTTP/1.1" 200 6322
190.171.152.234 - - [31/Mar/2023:13:03:03 -0300] "GET /cormun/servlet/solicitudotadjuntos?3ed150f64011c1a4501e3f6537823800ec4159cf2b670f6aa5d73f405ad5fd3757a6b8e4a072075be488d9f3ee5309e7,gx-no-cache=1680277782489 HTTP/1.1" 200 30
190.171.152.234 - - [31/Mar/2023:13:03:03 -0300] "POST /cormun/servlet/solicitudotadjuntos?bb82ff31d02d3385a366b0c907b2569f,INS,2023,19894,,1,,gx-no-cache=1680277782507 HTTP/1.1" 200 4195
190.171.152.234 - - [31/Mar/2023:13:03:06 -0300] "POST /cormun/servlet/solicitudotadjuntos?gx-no-cache=1680277785612 HTTP/1.1" 200 26
190.171.152.234 - - [31/Mar/2023:13:03:11 -0300] "GET /cormun/servlet/solicitudotadjuntos?3ed150f64011c1a4501e3f6537823800a0b0439a04ac6bb29890652462c8bb15,gx-no-cache=1680277790581 HTTP/1.1" 200 30
190.171.152.234 - - [31/Mar/2023:13:03:11 -0300] "GET /cormun/servlet/solicitudotadjuntos?3ed150f64011c1a4501e3f6537823800a0b0439a04ac6bb29890652462c8bb15,gx-no-cache=1680277790593 HTTP/1.1" 200 30
190.171.152.234 - - [31/Mar/2023:13:03:12 -0300] "POST /cormun/servlet/solicitudotadjuntos?bb82ff31d02d3385a366b0c907b2569f,INS,2023,19894,,1, HTTP/1.1" 200 116
190.171.152.234 - - [31/Mar/2023:13:03:12 -0300] "GET /cormun/servlet/hpexe_return? HTTP/1.1" 200 1025
190.171.152.234 - - [31/Mar/2023:13:03:12 -0300] "GET /cormun/servlet/trsolicitudadjuntos?2023,19894, HTTP/1.1" 200 10384
190.171.152.234 - - [31/Mar/2023:13:03:13 -0300] "GET /cormun/servlet/trsolicitudadjuntos?2023,19894, HTTP/1.1" 200 10380
190.171.152.234 - - [31/Mar/2023:13:03:16 -0300] "GET /cormun/servlet/trsolicitudot? HTTP/1.1" 200 8913
190.171.152.234 - - [31/Mar/2023:13:03:16 -0300] "GET /cormun/servlet/trsolicitudot? HTTP/1.1" 200 8903
190.171.142.50 - - [31/Mar/2023:13:03:23 -0300] "GET /cormun/servlet/trsolicitudot? HTTP/1.1" 200 7164
190.171.142.50 - - [31/Mar/2023:13:03:23 -0300] "GET /cormun/servlet/trsolicitudot? HTTP/1.1" 200 7164
190.171.152.234 - - [31/Mar/2023:13:03:24 -0300] "POST /cormun/servlet/trsolicitudot?bb82ff31d02d3385a366b0c907b2569f,,gx-no-cache=1680277804067 HTTP/1.1" 200 4877
190.171.152.234 - - [31/Mar/2023:13:03:25 -0300] "GET /cormun/static/Shared/jqueryui/images/ui-bg_flat_55_fafafa_40x100.png HTTP/1.1" 404 1097
190.171.152.234 - - [31/Mar/2023:13:03:25 -0300] "GET /cormun/static/Shared/jqueryui/images/ui-icons_82798d_256x240.png HTTP/1.1" 404 1089
190.171.152.234 - - [31/Mar/2023:13:03:25 -0300] "GET /cormun/static/Shared/jqueryui/images/ui-icons_8d78a5_256x240.png HTTP/1.1" 404 1089
190.171.152.234 - - [31/Mar/2023:13:03:25 -0300] "GET /cormun/static/Shared/jqueryui/images/ui-bg_highlight-soft_100_c6c2c8_1x100.png HTTP/1.1" 404 1117
190.171.152.234 - - [31/Mar/2023:13:03:25 -0300] "POST /cormun/servlet/trsolicitudot?bb82ff31d02d3385a366b0c907b2569f,,gx-no-cache=1680277804255 HTTP/1.1" 200 4638
190.171.142.50 - - [31/Mar/2023:13:03:25 -0300] "GET /cormun/servlet/solicitudot?INS,0,0,false, HTTP/1.1" 200 15804
190.171.142.50 - - [31/Mar/2023:13:03:26 -0300] "GET /cormun/servlet/solicitudot?INS,0,0,false, HTTP/1.1" 200 15812
190.171.152.234 - - [31/Mar/2023:13:03:28 -0300] "GET /cormun/servlet/trautorizarsolicitud? HTTP/1.1" 200 8798
190.171.152.234 - - [31/Mar/2023:13:03:28 -0300] "GET /cormun/servlet/trautorizarsolicitud? HTTP/1.1" 200 8798
190.171.152.234 - - [31/Mar/2023:13:03:33 -0300] "POST /cormun/servlet/trautorizarsolicitud?bb82ff31d02d3385a366b0c907b2569f,,gx-no-cache=1680277812163 HTTP/1.1" 200 4793
190.171.152.234 - - [31/Mar/2023:13:03:33 -0300] "GET /cormun/static/Shared/jqueryui/images/ui-icons_82798d_256x240.png HTTP/1.1" 404 1089
190.171.152.234 - - [31/Mar/2023:13:03:33 -0300] "GET /cormun/static/Shared/jqueryui/images/ui-bg_highlight-soft_100_c6c2c8_1x100.png HTTP/1.1" 404 1117
190.171.152.234 - - [31/Mar/2023:13:03:33 -0300] "GET /cormun/static/Shared/jqueryui/images/ui-icons_8d78a5_256x240.png HTTP/1.1" 404 1089
190.171.152.234 - - [31/Mar/2023:13:03:33 -0300] "GET /cormun/static/Shared/jqueryui/images/ui-bg_flat_55_fafafa_40x100.png HTTP/1.1" 404 1097
190.171.152.234 - - [31/Mar/2023:13:03:33 -0300] "POST /cormun/servlet/trautorizarsolicitud?bb82ff31d02d3385a366b0c907b2569f,,gx-no-cache=1680277812326 HTTP/1.1" 200 4553
190.171.142.50 - - [31/Mar/2023:13:03:47 -0300] "POST /cormun/servlet/solicitudot?gx-no-cache=1680277702798 HTTP/1.1" 200 3961
190.171.142.50 - - [31/Mar/2023:13:03:47 -0300] "POST /cormun/servlet/solicitudot?4a6b7a6a4c7fc2e5ae6db85adc5d8cab,INS,0,0,false,,gx-no-cache=1680277702925 HTTP/1.1" 200 12514
190.171.143.106 - - [31/Mar/2023:13:03:59 -0300] "POST /cormun/servlet/solicitudot?gx-no-cache=1680277892186 HTTP/1.1" 200 297
190.171.143.106 - - [31/Mar/2023:13:03:59 -0300] "GET /cormun/servlet/solicitudot?848accc04c94c1b5e617995db68fa64f46d1fb0504fa8f14ee63a7a04fb3757bc8b0cb8cb7d453a4c00e36e11804a037787961e8bf86f489019b49ba77556f16eb690cb1f0a4b025840ca5d486bb6ab9306c5536541c48f48645a35ecb0dcf0f7c84cd28ba7694ea83a72a4b560b56ac15210cd07dff71bdbbc0507c47cd2e5b765eb4370b3813c068a1176ff8486cc5b51eba719baa613c5c1bbe384f39e93e302e110ec82e63556de025d778625d61f5cae43dc3a79cbf79f6603c0ec4825eb5d408bb873b94f9d228122f29a311fae06e24dac5f1603192f4ed9394ce97150af4e3e934e57c9cb6abd8ee43dbeeafc72032de81f04661281063354f46a424fae20acce49e43f4136dd0d17c4ef2f74d30de904e0839c0894e61c5227b483b1a9193f49f781ba0e47ec437e10bc7c66c488e1e68249e8be3156573085e435eeefdb6f0982d69a9462609f2a98de374fb22c400b7964247075c3cfd3acb709aa969cde66dacfaaf27964a096766d55eaa1887ec247367c7d6227ace45c325268df018d73d26ec8695d43d48e29dce65,gx-no-cache=1680277892214 HTTP/1.1" 200 30
190.171.143.106 - - [31/Mar/2023:13:04:04 -0300] "POST /cormun/servlet/solicitudot?gx-no-cache=1680277896580 HTTP/1.1" 200 30
190.171.152.234 - - [31/Mar/2023:13:04:08 -0300] "GET /cormun/servlet/trautorizarsolicitud? HTTP/1.1" 200 7392
190.171.152.234 - - [31/Mar/2023:13:04:09 -0300] "GET /cormun/servlet/trautorizarsolicitud? HTTP/1.1" 200 7392
190.171.143.106 - - [31/Mar/2023:13:04:23 -0300] "GET /cormun/servlet/prfichaempleado?,MD,,gxPopupLevel%3D0%3B HTTP/1.1" 200 9217
190.171.142.50 - - [31/Mar/2023:13:04:29 -0300] "GET /cormun/servlet/solicitudot?95255ab7088b6674781d0106b99eb0876631b3613818d4d8e2dff3544047e7f818b7215cb1fbe378e426247444252f66,gx-no-cache=1680277744945 HTTP/1.1" 200 30
190.171.143.106 - - [31/Mar/2023:13:04:30 -0300] "POST /cormun/servlet/solicitudot?gx-no-cache=1680277923256 HTTP/1.1" 200 1606
190.171.143.106 - - [31/Mar/2023:13:04:34 -0300] "GET /cormun/servlet/prlicenciaspermisos?183757024,L,,MD,,gxPopupLevel%3D0%3B HTTP/1.1" 200 5080
190.171.143.106 - - [31/Mar/2023:13:04:38 -0300] "GET /cormun/static/menuarrow.gif HTTP/1.1" 404 1015
190.171.141.98 - - [31/Mar/2023:13:04:39 -0300] "POST /cormun/servlet/solicitudot?gx-no-cache=1680281333172 HTTP/1.1" 200 3979
190.171.141.98 - - [31/Mar/2023:13:04:39 -0300] "POST /cormun/servlet/solicitudot?284ca19794ae8450802daa846ddf1ddd,INS,0,0,false,,gx-no-cache=1680281333302 HTTP/1.1" 200 12649
190.171.143.106 - - [31/Mar/2023:13:04:41 -0300] "GET /cormun/servlet/prfichaempleado?,MD,,gxPopupLevel%3D0%3B HTTP/1.1" 200 9217
190.171.141.98 - - [31/Mar/2023:13:04:42 -0300] "GET /cormun/servlet/solicitudot?8588afb4863119d9ac191fcf311d6b00106b1d61af676a3218c2ad47ed83091a4c066143c8d8f3bb4b8a58818be17f1f,gx-no-cache=1680281335534 HTTP/1.1" 200 30
190.171.143.106 - - [31/Mar/2023:13:05:03 -0300] "GET /cormun/servlet/prlicenciaspermisos?183757024,L,,MD,,gxPopupLevel%3D0%3B HTTP/1.1" 200 5080
190.171.143.106 - - [31/Mar/2023:13:05:11 -0300] "POST /cormun/servlet/solicitudot?gx-no-cache=1680277963650 HTTP/1.1" 200 1606
190.171.143.106 - - [31/Mar/2023:13:05:19 -0300] "POST /cormun/servlet/solicitudot?gx-no-cache=1680277971837 HTTP/1.1" 200 30
190.171.143.106 - - [31/Mar/2023:13:05:22 -0300] "POST /cormun/servlet/solicitudot?gx-no-cache=1680277974524 HTTP/1.1" 200 1562
190.171.143.106 - - [31/Mar/2023:13:05:22 -0300] "POST /cormun/servlet/solicitudot?gx-no-cache=1680277974620 HTTP/1.1" 200 38
190.171.143.106 - - [31/Mar/2023:13:05:22 -0300] "GET /cormun/servlet/solicitudot?848accc04c94c1b5e617995db68fa64fd25ee062ce84a89c2d5d42c1abe683d699145a451749eed20539f41948cd6908099bb01b4abbbbd6daed1cfd833c8cf75e390903b018816ca2b597dd7ad720d7f54def24bea7425c1d04ca0f6f16c293dc151512a5b6f080dd2cafb11457832d,gx-no-cache=1680277974659 HTTP/1.1" 200 110
190.171.141.98 - - [31/Mar/2023:13:05:23 -0300] "GET /cormun/servlet/solicitudot?8588afb4863119d9ac191fcf311d6b003d8ea650986e0180c497fc43524befc8,gx-no-cache=1680281376856 HTTP/1.1" 200 94
190.171.141.98 - - [31/Mar/2023:13:05:23 -0300] "GET /cormun/servlet/solicitudot?8588afb4863119d9ac191fcf311d6b007693e30a3c6f31318780e3e8ed9198b2,gx-no-cache=1680281376890 HTTP/1.1" 200 29
190.171.141.98 - - [31/Mar/2023:13:05:25 -0300] "POST /cormun/servlet/solicitudot?gx-no-cache=1680281378494 HTTP/1.1" 200 255
190.171.143.106 - - [31/Mar/2023:13:05:26 -0300] "POST /cormun/servlet/solicitudot?gx-no-cache=1680277978838 HTTP/1.1" 200 83
190.171.141.98 - - [31/Mar/2023:13:05:28 -0300] "GET /cormun/servlet/solicitudot?8588afb4863119d9ac191fcf311d6b000c37f54d0ebba52481ac67928a996c08fad416f2ae75e9cc298b8a9a743d7fe0722ec15220a6cbaf05272b7908afb25aa7bcfa4689ea07e4ab727bb4da645c5f94ceafaadb2d8c31574a33a78ba36ca99ee9548c1b73c85fe633cc7cf27b44a0d415bafaf3399692dc1795d1ee28c9c0a98e9617c6d88ea84b78a5c29f2ed8ca61c26c2c0cf555b410b1b92e5a188f341aabb267e9c5e5c6688f77019f9b4ee546a87389604ded57f38394656c14a8a504129400dc4113e9ee00839b7147a02269dbda0cedf214344cb0e2aae677ed414086eab01dfcca378e6fa8aec0be1dcbb0353f0b9cb8f1aaf07ad0d2a1900e2dc852c6a83dc8b7306ce739c1b834628b2a14dd3883c43ff0dacf4ae244b80ca29c12b4ac440d98c7597a69806936d7cef33521594c07cec3d4f0807e55faf7f8a661cf078176a77ebd518a090c309f32c8703dfebe14b5498d9cdbbd5273b8267c3c8d34b8dc85b43e3eb3e0579772a7dffd0d61c818b5e903eaf7ee18984c7e,gx-no-cache=1680281382209 HTTP/1.1" 200 30
190.171.143.106 - - [31/Mar/2023:13:05:29 -0300] "GET /cormun/servlet/solicitudot?848accc04c94c1b5e617995db68fa64fb9d06a1cba263b8d07fd2ccb136649eade7fac35ec609e7ea16a174e48b9513f1771898ecd1d27e8aa9dcdff1d75099064df06825b9db0bd558e4da2efd5ef46a7c0275b6e699a5de9fccc3d8225b640f73dc84123f4a813025a770f5ba3290f,gx-no-cache=1680277982088 HTTP/1.1" 200 29
190.171.141.98 - - [31/Mar/2023:13:05:36 -0300] "POST /cormun/servlet/solicitudot?gx-no-cache=1680281389836 HTTP/1.1" 200 30
190.171.141.98 - - [31/Mar/2023:13:06:03 -0300] "GET /cormun/servlet/prfichaempleado?,MD,,gxPopupLevel%3D0%3B HTTP/1.1" 200 9179
190.171.141.98 - - [31/Mar/2023:13:06:12 -0300] "POST /cormun/servlet/prfichaempleado?284ca19794ae8450802daa846ddf1ddd,,MD,,gxPopupLevel%3D0%3B,gx-no-cache=1680281426127 HTTP/1.1" 200 3404
190.171.141.98 - - [31/Mar/2023:13:06:22 -0300] "POST /cormun/servlet/solicitudot?gx-no-cache=1680281435592 HTTP/1.1" 200 1471
190.171.141.98 - - [31/Mar/2023:13:06:39 -0300] "GET /cormun/static/menuarrow.gif HTTP/1.1" 404 1015
190.171.143.106 - - [31/Mar/2023:13:06:43 -0300] "GET /cormun/servlet/solicitudot?848accc04c94c1b5e617995db68fa64f2d9fca57d6ae80fbe08586e0b61e1568a276971abfea60e328a29af4fb087783,gx-no-cache=1680278056189 HTTP/1.1" 200 30
190.171.143.106 - - [31/Mar/2023:13:06:52 -0300] "POST /cormun/servlet/solicitudot?gx-no-cache=1680278064878 HTTP/1.1" 200 30
190.171.141.98 - - [31/Mar/2023:13:07:15 -0300] "POST /cormun/servlet/solicitudot?gx-no-cache=1680281488919 HTTP/1.1" 200 118
190.171.143.106 - - [31/Mar/2023:13:07:31 -0300] "POST /cormun/servlet/solicitudot?abae231d74053107f075e9f91238ce59,INS,0,0,false,,gx-no-cache=1680278103625 HTTP/1.1" 200 13292
190.171.142.50 - - [31/Mar/2023:13:07:35 -0300] "GET /cormun/servlet/solicitudot?95255ab7088b6674781d0106b99eb08767af7fd1c76c59783280e76ee9e3f932aa2ddd95e11b7a7da643223b6e41594c268169249609429da4649d0a1fbf394f,gx-no-cache=1680277931104 HTTP/1.1" 200 30
190.171.142.50 - - [31/Mar/2023:13:07:35 -0300] "GET /cormun/servlet/solicitudot?95255ab7088b6674781d0106b99eb08761410a9fafd394e117552ac94582a403,gx-no-cache=1680277931223 HTTP/1.1" 200 29
190.171.142.50 - - [31/Mar/2023:13:07:36 -0300] "POST /cormun/servlet/solicitudot?gx-no-cache=1680277932157 HTTP/1.1" 200 256
190.171.142.50 - - [31/Mar/2023:13:07:38 -0300] "POST /cormun/servlet/solicitudot?gx-no-cache=1680277934678 HTTP/1.1" 200 243
190.171.142.50 - - [31/Mar/2023:13:07:40 -0300] "GET /cormun/servlet/solicitudot?95255ab7088b6674781d0106b99eb087834f166605765ec9ce99e71c33dd76fe84ba59a06ed09658525f51abd2ff9e765cd020c0064af9e6fc3fa8fe62f1a49c46f74588f00771bc01faff3fcd26395cf3dbb70da2423729e5b2daed9b03c61e309681c58e975479d99560c1729792709bd2f795f4bac19b2c16666de1f060e5130b3f88efe714e80c3443bc7695b37fe5ff02d27d0d53dbb66c889de01e553db2104f93384e859857bac58d69655ebf716ba82ebf71dc18127b65b15ca2ad254f29b1dc4c672dad88284db411db548e6bf5058a16a4c5c526e390f9f127841f6b22dab30c72a6d1cde5bdd150f009529563ec3af89a71bb820b35d63c24a0ff2e106ab1b214b366f784f6d7289999e9f9527415f9e479aa31c98d64dfe890fa59fe933c94b0022cc261e5815de3d3e97eddcc6848540b970556615e1d365b353958e22944884865131037f7f2cffe3c80f280cc7d2d2b1d25f64ff6a65ea221e2692df025825404e43706b735427d2efbb23b86add9b21e9dcebfc795aea2a3,gx-no-cache=1680277936316 HTTP/1.1" 200 30
190.171.142.50 - - [31/Mar/2023:13:07:45 -0300] "POST /cormun/servlet/solicitudot?gx-no-cache=1680277941117 HTTP/1.1" 200 30
190.171.142.50 - - [31/Mar/2023:13:07:48 -0300] "GET /cormun/servlet/prfichaempleado?,MD,,gxPopupLevel%3D0%3B HTTP/1.1" 200 9252
190.171.142.50 - - [31/Mar/2023:13:07:58 -0300] "POST /cormun/servlet/prfichaempleado?4a6b7a6a4c7fc2e5ae6db85adc5d8cab,,MD,,gxPopupLevel%3D0%3B,gx-no-cache=1680277954422 HTTP/1.1" 200 3404
190.171.142.50 - - [31/Mar/2023:13:08:02 -0300] "GET /cormun/servlet/prlicenciaspermisos?15106697,L,,MD,,gxPopupLevel%3D0%3B HTTP/1.1" 200 7619
190.171.142.50 - - [31/Mar/2023:13:08:07 -0300] "POST /cormun/servlet/solicitudot?gx-no-cache=1680277963097 HTTP/1.1" 200 1468
190.171.142.50 - - [31/Mar/2023:13:08:09 -0300] "POST /cormun/servlet/solicitudot?gx-no-cache=1680277965536 HTTP/1.1" 200 41
190.171.142.50 - - [31/Mar/2023:13:08:22 -0300] "GET /cormun/servlet/solicitudot?95255ab7088b6674781d0106b99eb0878527bc9d2cf9004a1b0ac5c9695e34fc54a879883cc4af6768295d47dbf1caf00937ecc08257225a580d8d80d68b05bc49d2c28c67a55a750e10a7d5995432f3b6a32e904a427e63b7bbfe04328a610c6e79dccbeb8bca232bafbc688081e087,gx-no-cache=1680277978469 HTTP/1.1" 200 110
190.171.142.50 - - [31/Mar/2023:13:08:22 -0300] "POST /cormun/servlet/solicitudot?gx-no-cache=1680277978513 HTTP/1.1" 200 97
190.171.142.50 - - [31/Mar/2023:13:08:28 -0300] "GET /cormun/servlet/solicitudot?95255ab7088b6674781d0106b99eb087a33155adc6ae035233636fb15f92cbe809ee2b98919ed1abb99f2497efe50113e8f0b141eebad25015eb74ca18e770a9798dfb7c94afcb7767e063db159bc5855344ea05adb4096d46ff50d37539ecf9442df5e9f77282e22def3cbfdbf66834,gx-no-cache=1680277984279 HTTP/1.1" 200 29
190.171.142.50 - - [31/Mar/2023:13:08:28 -0300] "GET /cormun/static/menuarrow.gif HTTP/1.1" 404 1015
190.171.142.50 - - [31/Mar/2023:13:08:37 -0300] "GET /cormun/servlet/solicitudot?95255ab7088b6674781d0106b99eb0873f21d4da337f1fc1591152a8eccf90b280680fc5159ec2a721ab3d1eb6960f0f,gx-no-cache=1680277993033 HTTP/1.1" 200 30
190.171.142.50 - - [31/Mar/2023:13:08:37 -0300] "POST /cormun/servlet/solicitudot?gx-no-cache=1680277993053 HTTP/1.1" 200 34
190.171.142.50 - - [31/Mar/2023:13:08:37 -0300] "POST /cormun/servlet/solicitudot?4a6b7a6a4c7fc2e5ae6db85adc5d8cab,INS,0,0,false,,gx-no-cache=1680277993076 HTTP/1.1" 200 93
190.171.142.50 - - [31/Mar/2023:13:08:37 -0300] "GET /cormun/servlet/hpexe_return? HTTP/1.1" 200 1012
190.171.142.50 - - [31/Mar/2023:13:08:37 -0300] "GET /cormun/servlet/trsolicitudot HTTP/1.1" 200 8614
190.171.142.50 - - [31/Mar/2023:13:08:37 -0300] "GET /cormun/servlet/trsolicitudot HTTP/1.1" 200 8610
190.171.142.50 - - [31/Mar/2023:13:08:44 -0300] "POST /cormun/servlet/trsolicitudot?4a6b7a6a4c7fc2e5ae6db85adc5d8cab,gx-no-cache=1680278000109 HTTP/1.1" 200 113
190.171.142.50 - - [31/Mar/2023:13:08:44 -0300] "GET /cormun/servlet/solicitudot?UPD,2023,19895,false, HTTP/1.1" 200 16315
190.171.142.50 - - [31/Mar/2023:13:08:44 -0300] "GET /cormun/servlet/solicitudot?UPD,2023,19895,false, HTTP/1.1" 200 16326
190.171.142.50 - - [31/Mar/2023:13:08:45 -0300] "POST /cormun/servlet/solicitudot?gx-no-cache=1680278000981 HTTP/1.1" 200 4028
190.171.142.50 - - [31/Mar/2023:13:08:45 -0300] "POST /cormun/servlet/solicitudot?4a6b7a6a4c7fc2e5ae6db85adc5d8cab,UPD,2023,19895,false,,gx-no-cache=1680278001092 HTTP/1.1" 200 12619
190.171.142.50 - - [31/Mar/2023:13:08:45 -0300] "GET /cormun/servlet/solicitudot?95255ab7088b6674781d0106b99eb0876631b3613818d4d8e2dff3544047e7f8cd80f8d438544b0e9c751f0995bea7e3,gx-no-cache=1680278001250 HTTP/1.1" 200 30
190.171.142.50 - - [31/Mar/2023:13:08:45 -0300] "GET /cormun/servlet/solicitudot?95255ab7088b6674781d0106b99eb08767af7fd1c76c59783280e76ee9e3f932aa2ddd95e11b7a7da643223b6e41594cf86314499866b0862d20edb5a55a0998,gx-no-cache=1680278001272 HTTP/1.1" 200 30
190.171.142.50 - - [31/Mar/2023:13:08:45 -0300] "GET /cormun/servlet/solicitudot?95255ab7088b6674781d0106b99eb08761410a9fafd394e117552ac94582a403,gx-no-cache=1680278001289 HTTP/1.1" 200 29
190.171.142.50 - - [31/Mar/2023:13:08:45 -0300] "POST /cormun/servlet/solicitudot?gx-no-cache=1680278001309 HTTP/1.1" 200 240
190.171.142.50 - - [31/Mar/2023:13:08:45 -0300] "GET /cormun/servlet/solicitudot?95255ab7088b6674781d0106b99eb087834f166605765ec9ce99e71c33dd76fe84ba59a06ed09658525f51abd2ff9e765cd020c0064af9e6fc3fa8fe62f1a49c46f74588f00771bc01faff3fcd26395cf3dbb70da2423729e5b2daed9b03c61e309681c58e975479d99560c1729792709bd2f795f4bac19b2c16666de1f060e5130b3f88efe714e80c3443bc7695b37fe5ff02d27d0d53dbb66c889de01e553db2104f93384e859857bac58d69655ebf716ba82ebf71dc18127b65b15ca2ad254f29b1dc4c672dad88284db411db548e6bf5058a16a4c5c526e390f9f127841f6b22dab30c72a6d1cde5bdd150f009529563ec3af89a71bb820b35d63c24a0ff2e106ab1b214b366f784f6d7289999e9f9527415f9e479aa31c98d64dfe890fa59fe933c94b0022cc261e5815de3d3e97eddcc6848540b970556615e1d365b353958e22944884865131037f7f2cffe3c80f280cc7d2d2b1d25f64ff6a65ea221e2692df025825404e43706b735427d2e717114fc44046957fd77eeb2509ef7eb,gx-no-cache=1680278001332 HTTP/1.1" 200 30
190.171.142.50 - - [31/Mar/2023:13:08:45 -0300] "POST /cormun/servlet/solicitudot?gx-no-cache=1680278001351 HTTP/1.1" 200 30
190.171.142.50 - - [31/Mar/2023:13:08:45 -0300] "POST /cormun/servlet/solicitudot?gx-no-cache=1680278001374 HTTP/1.1" 200 1469
