190.171.149.90 - - [31/Mar/2023:13:39:12 -0300] "GET /cormun/static/hpexe_return.js?20221129846037 HTTP/1.1" 200 1633
190.171.149.90 - - [31/Mar/2023:13:39:12 -0300] "GET /cormun/servlet/trpermisosingoce HTTP/1.1" 200 7758
190.171.149.90 - - [31/Mar/2023:13:39:12 -0300] "GET /cormun/servlet/trpermisosingoce HTTP/1.1" 200 7754
190.171.149.90 - - [31/Mar/2023:13:39:16 -0300] "GET /cormun/servlet/apermisosingoceprn?589,PU HTTP/1.1" 200 1659
191.126.19.40 - - [31/Mar/2023:13:39:57 -0300] "GET /cormun/servlet/trsolicitudot? HTTP/1.1" 200 7117
191.126.19.40 - - [31/Mar/2023:13:39:58 -0300] "GET /cormun/servlet/trsolicitudot? HTTP/1.1" 200 7117
200.54.237.82 - - [31/Mar/2023:13:40:29 -0300] "GET /cormun/servlet/hlogin HTTP/1.1" 200 1721
200.54.237.82 - - [31/Mar/2023:13:40:32 -0300] "POST /cormun/servlet/hlogin?7fffdde6f3ac2a1d3d7674a183d3cefd,gx-no-cache=1680279908037 HTTP/1.1" 200 90
200.54.237.82 - - [31/Mar/2023:13:40:32 -0300] "GET /cormun/servlet/hpexe_link HTTP/1.1" 200 952
200.54.237.82 - - [31/Mar/2023:13:40:32 -0300] "GET /cormun/servlet/hhome HTTP/1.1" 200 4333
200.54.237.82 - - [31/Mar/2023:13:40:32 -0300] "GET /cormun/servlet/hhome HTTP/1.1" 200 4329
200.54.237.82 - - [31/Mar/2023:13:40:39 -0300] "GET /cormun/servlet/trcontratounov2? HTTP/1.1" 200 17417
200.54.237.82 - - [31/Mar/2023:13:40:39 -0300] "GET /cormun/servlet/trcontratounov2? HTTP/1.1" 200 17417
200.54.237.82 - - [31/Mar/2023:13:40:58 -0300] "GET /cormun/servlet/trsolicitudot? HTTP/1.1" 200 7544
200.54.237.82 - - [31/Mar/2023:13:40:58 -0300] "GET /cormun/servlet/trsolicitudot? HTTP/1.1" 200 7543
200.54.237.82 - - [31/Mar/2023:13:41:08 -0300] "GET /cormun/servlet/trlicencias? HTTP/1.1" 200 9238
200.54.237.82 - - [31/Mar/2023:13:41:08 -0300] "GET /cormun/servlet/trlicencias? HTTP/1.1" 200 9237
191.126.19.40 - - [31/Mar/2023:13:41:28 -0300] "GET /cormun/servlet/solicitudot?INS,0,0,false, HTTP/1.1" 200 15759
191.126.19.40 - - [31/Mar/2023:13:41:28 -0300] "GET /cormun/static/gxcfg.js?20221129840861 HTTP/1.1" 200 953
200.54.237.82 - - [31/Mar/2023:13:41:28 -0300] "GET /cormun/servlet/trautorizarsolicitud? HTTP/1.1" 200 7440
191.126.19.40 - - [31/Mar/2023:13:41:28 -0300] "GET /cormun/static/solicitudot.js?20221129840983 HTTP/1.1" 200 74072
200.54.237.82 - - [31/Mar/2023:13:41:29 -0300] "GET /cormun/servlet/trautorizarsolicitud? HTTP/1.1" 200 7441
191.126.19.40 - - [31/Mar/2023:13:41:29 -0300] "GET /cormun/servlet/solicitudot?INS,0,0,false, HTTP/1.1" 200 15766
200.54.237.82 - - [31/Mar/2023:13:41:32 -0300] "GET /cormun/servlet/trsolicitudot? HTTP/1.1" 200 7544
200.54.237.82 - - [31/Mar/2023:13:41:32 -0300] "GET /cormun/servlet/trsolicitudot? HTTP/1.1" 200 7543
191.126.19.40 - - [31/Mar/2023:13:41:39 -0300] "POST /cormun/servlet/solicitudot?gx-no-cache=1680279975436 HTTP/1.1" 200 3953
191.126.19.40 - - [31/Mar/2023:13:41:40 -0300] "POST /cormun/servlet/solicitudot?fc17dfcb447a945fea207df4d2e29ea8,INS,0,0,false,,gx-no-cache=1680279976094 HTTP/1.1" 200 12506
191.126.19.40 - - [31/Mar/2023:13:41:51 -0300] "GET /cormun/servlet/solicitudot?cc85563ff694a2f8489ffc665799e3abbd3a08d561fdeb69971cbcd8f8e33fdfcd835222d792502f05cecb47fb7914de,gx-no-cache=1680279987290 HTTP/1.1" 200 111
191.126.19.40 - - [31/Mar/2023:13:41:51 -0300] "GET /cormun/static/Shared/jqueryui/images/ui-bg_highlight-soft_100_c6c2c8_1x100.png HTTP/1.1" 404 1117
191.126.19.40 - - [31/Mar/2023:13:41:51 -0300] "GET /cormun/static/Shared/jqueryui/images/ui-icons_82798d_256x240.png HTTP/1.1" 404 1089
191.126.19.40 - - [31/Mar/2023:13:41:51 -0300] "GET /cormun/static/Shared/jqueryui/images/ui-bg_flat_55_994d53_40x100.png HTTP/1.1" 404 1097
191.126.19.40 - - [31/Mar/2023:13:41:51 -0300] "GET /cormun/static/Shared/jqueryui/images/ui-icons_ebccce_256x240.png HTTP/1.1" 404 1089
200.54.237.82 - - [31/Mar/2023:13:42:01 -0300] "GET /cormun/servlet/solicitudot?INS,0,0,false, HTTP/1.1" 200 16184
200.54.237.82 - - [31/Mar/2023:13:42:01 -0300] "GET /cormun/servlet/solicitudot?INS,0,0,false, HTTP/1.1" 200 16192
191.126.19.40 - - [31/Mar/2023:13:42:03 -0300] "GET /cormun/servlet/solicitudot?cc85563ff694a2f8489ffc665799e3abbd3a08d561fdeb69971cbcd8f8e33fdfcd835222d792502f05cecb47fb7914de,gx-no-cache=1680279999825 HTTP/1.1" 200 111
191.126.19.40 - - [31/Mar/2023:13:42:23 -0300] "POST /cormun/servlet/solicitudot?gx-no-cache=1680280019190 HTTP/1.1" 200 3959
191.126.19.40 - - [31/Mar/2023:13:42:23 -0300] "POST /cormun/servlet/solicitudot?fc17dfcb447a945fea207df4d2e29ea8,INS,0,0,false,,gx-no-cache=1680280019515 HTTP/1.1" 200 12562
191.126.19.40 - - [31/Mar/2023:13:42:27 -0300] "GET /cormun/servlet/solicitudot?cc85563ff694a2f8489ffc665799e3abcd693b3d0e151d569722c2df1efc24d0cd835222d792502f05cecb47fb7914de,gx-no-cache=1680280023315 HTTP/1.1" 200 30
200.54.237.82 - - [31/Mar/2023:13:42:38 -0300] "POST /cormun/servlet/solicitudot?gx-no-cache=1680280034723 HTTP/1.1" 200 3961
200.54.237.82 - - [31/Mar/2023:13:42:39 -0300] "POST /cormun/servlet/solicitudot?7fffdde6f3ac2a1d3d7674a183d3cefd,INS,0,0,false,,gx-no-cache=1680280034844 HTTP/1.1" 200 12792
200.54.237.82 - - [31/Mar/2023:13:42:41 -0300] "GET /cormun/servlet/solicitudot?96a178bdc80e281c500b07520e9f2f3c7bb63497ba655cf65d631a1a8ba850ca76e9015f17d4ad8a2d81a90f50875f07,gx-no-cache=1680280037353 HTTP/1.1" 200 30
191.126.19.40 - - [31/Mar/2023:13:43:44 -0300] "GET /cormun/servlet/solicitudot?cc85563ff694a2f8489ffc665799e3ab359bad1cfbd76115bd29b8da5d9bb75f,gx-no-cache=1680280100765 HTTP/1.1" 200 94
191.126.19.40 - - [31/Mar/2023:13:43:46 -0300] "GET /cormun/servlet/solicitudot?cc85563ff694a2f8489ffc665799e3aba215ded1cca95e161ce5676e84f8ba08,gx-no-cache=1680280102865 HTTP/1.1" 200 53
66.249.85.125 - - [31/Mar/2023:13:43:50 -0300] "GET /cormun/static/Resources/Logo2019_Grande.png HTTP/1.1" 200 31733
200.54.237.82 - - [31/Mar/2023:13:44:00 -0300] "GET /cormun/servlet/solicitudot?96a178bdc80e281c500b07520e9f2f3c53b69f58a89f2f56a1559ff7aa5adc8cca7b9b1cbf116ce74de4a654332b5fe27b44c35f42a1e3fbb14142a1aab9c811,gx-no-cache=1680280116167 HTTP/1.1" 200 30
200.54.237.82 - - [31/Mar/2023:13:44:01 -0300] "GET /cormun/servlet/prbanco?,MD,,gxPopupLevel%3D0%3B HTTP/1.1" 200 6628
200.54.237.82 - - [31/Mar/2023:13:44:07 -0300] "GET /cormun/servlet/solicitudot?96a178bdc80e281c500b07520e9f2f3c81d169aca90ca2b4b71026aa115ad6a8,gx-no-cache=1680280122990 HTTP/1.1" 200 53
200.54.237.82 - - [31/Mar/2023:13:44:18 -0300] "POST /cormun/servlet/solicitudot?gx-no-cache=1680280134628 HTTP/1.1" 200 240
200.54.237.82 - - [31/Mar/2023:13:44:21 -0300] "GET /cormun/servlet/solicitudot?96a178bdc80e281c500b07520e9f2f3c4bb721360b8c5b625b27ad065348e9aa9b77d384805a039f7a2d22397720193423e8dd70a98d62c178042b9b56527e0b433a16439ac4d0fae127d3d06fa75f64244fc679e9d5d6cacd4ca9021ecf2334d479d51740c279c35c5966e602bf5c781f30e352ec361df9f8a08e9f3ff8b6aac9a9b777ae1c42357b590fd8fd03abe49f041750ab72a464ba59f213098536747202dcaf5fbc20bdab4b8eb9d0d23bb985f8d22fdc8298136dfe0fea7a368f4f585855ee497657b81947a87ceaee956112f22e9ba06c8c14782ee6e3a562aacc1df222f3a2b43c4588ae93b4ee119276de97a5d473b0d7398e4e1c2b662e1fc547c388de94c335b724d0b72971a6eed8c13316d45f26afbd54f29999420f4a405982106568e726e274f8a53eab4ffb51c9bbd806dde358d86543288e3f42d306f305c9749244e51630597921d9df7a2fcbabde44aef4d64d16f32c2c41c01a5c2a46e054ce5a6ce4adfff51c4a14448d3599297e23321e52c5c8914ad7388878,gx-no-cache=1680280137166 HTTP/1.1" 200 30
40.77.167.94 - - [31/Mar/2023:13:44:43 -0300] "GET /cormun/servlet/trsolicitudot HTTP/1.1" 200 6310
200.54.237.82 - - [31/Mar/2023:13:45:18 -0300] "POST /cormun/servlet/solicitudot?gx-no-cache=1680280194036 HTTP/1.1" 200 30
191.126.19.40 - - [31/Mar/2023:13:45:37 -0300] "GET /cormun/servlet/solicitudot?cc85563ff694a2f8489ffc665799e3aba1f356b4e4ee96854d38b281c7154b61543ea80b5098cd46e6a1724986a392aa,gx-no-cache=1680280213537 HTTP/1.1" 200 30
191.126.19.40 - - [31/Mar/2023:13:45:37 -0300] "POST /cormun/servlet/solicitudot?gx-no-cache=1680280213676 HTTP/1.1" 200 297
191.126.19.40 - - [31/Mar/2023:13:45:37 -0300] "GET /cormun/servlet/solicitudot?cc85563ff694a2f8489ffc665799e3abda160752b4276ed27e27b57f5b273b082cff950a539edf79eca6e6940427c1da0d429a4190f7074260c0a6c18528dad8aa2516e40ecc403d20c48401321050f91eeb97fd14eb77e509b4f084f7d6a712957de6abba62163590d0046f3354f31d105112f06b1ddc600f61da8fcb035aef8df9fc0a9b914f7e431255f7b20238562153fca51a120a6d95f044af42da0945c067d39274f60a28c7aad388e8439275c562dcdb3b01941f629a35821ac8a014b44e36a0481160cc249307efb0d954ead70d380ef98970c92fad051ee921c5302bfb3e2106bab00e9ab9fcf4da6a3a573220a9d7ff563d2c850b6da744f9fd4d2dd04118af3c51c4eef1f44cba149539f27eadd24ec577d04531ad0d915cb47ecac89d375223ba3d3122e39a556944e1541eb52c780b091e6aab04bda3d8316d4d48bf8659a484c875092acfcff80d4f5924fa0587415aa4cef3a76bd70f2e73ab95d5a45336e6b224444e0e2134a433e5c88afcb33266ba85959eca6a00f36f6da1df16bb349ebd96cecff55bf916e2,gx-no-cache=1680280213776 HTTP/1.1" 200 30
191.126.19.40 - - [31/Mar/2023:13:45:39 -0300] "POST /cormun/servlet/solicitudot?gx-no-cache=1680280215241 HTTP/1.1" 200 30
191.126.19.40 - - [31/Mar/2023:13:45:40 -0300] "POST /cormun/servlet/solicitudot?gx-no-cache=1680280216381 HTTP/1.1" 200 1466
191.126.19.40 - - [31/Mar/2023:13:45:40 -0300] "POST /cormun/servlet/solicitudot?gx-no-cache=1680280216537 HTTP/1.1" 200 38
191.126.19.40 - - [31/Mar/2023:13:45:48 -0300] "GET /cormun/servlet/solicitudot?cc85563ff694a2f8489ffc665799e3ab4f7c6953e98edf36e559fa1968a894fc58a2705a2dc6ffd240365440709cf5b720e5d191f6f03d920d96ce6348b7677a55919a511423748ec218e4ba48e24c816c8c0e23d42d42a85d4413e1d92b8c5502fcef24f33c9c875b1ca12c47a99392,gx-no-cache=1680280224351 HTTP/1.1" 200 110
200.54.237.82 - - [31/Mar/2023:13:45:49 -0300] "GET /cormun/servlet/prfichaempleado?,MD,,gxPopupLevel%3D0%3B HTTP/1.1" 200 9373
190.171.142.50 - - [31/Mar/2023:13:45:53 -0300] "GET /cormun/servlet/hlogin HTTP/1.1" 200 1747
191.126.19.40 - - [31/Mar/2023:13:45:54 -0300] "POST /cormun/servlet/solicitudot?gx-no-cache=1680280230666 HTTP/1.1" 200 110
200.54.237.82 - - [31/Mar/2023:13:45:59 -0300] "POST /cormun/servlet/prfichaempleado?7fffdde6f3ac2a1d3d7674a183d3cefd,,MD,,gxPopupLevel%3D0%3B,gx-no-cache=1680280234959 HTTP/1.1" 200 6282
200.54.237.82 - - [31/Mar/2023:13:45:59 -0300] "GET /cormun/static/Resources/PXToolsGridNext.gif HTTP/1.1" 200 369
200.54.237.82 - - [31/Mar/2023:13:45:59 -0300] "GET /cormun/static/Resources/PXToolsGridLast.gif HTTP/1.1" 200 370
191.126.19.40 - - [31/Mar/2023:13:46:00 -0300] "GET /cormun/servlet/solicitudot?cc85563ff694a2f8489ffc665799e3ab73d15f14e546b6b16c564b732780a5c22d7079b76479d396240d29d104f76e5b870ea90a99745c5be904688a65d3a27fb28c2282728a5e38d823e6192a131b120b64fc780b87e45047663884abe4788c0d78663616df04ad09cba8e084a138b3,gx-no-cache=1680280236840 HTTP/1.1" 200 29
191.126.19.40 - - [31/Mar/2023:13:46:00 -0300] "GET /cormun/static/menuarrow.gif HTTP/1.1" 404 1015
190.171.142.50 - - [31/Mar/2023:13:46:03 -0300] "POST /cormun/servlet/hlogin?4a6b7a6a4c7fc2e5ae6db85adc5d8cab,gx-no-cache=1680280239029 HTTP/1.1" 200 90
190.171.142.50 - - [31/Mar/2023:13:46:03 -0300] "GET /cormun/servlet/hpexe_link HTTP/1.1" 200 953
190.171.142.50 - - [31/Mar/2023:13:46:03 -0300] "GET /cormun/servlet/hhome HTTP/1.1" 200 3954
190.171.142.50 - - [31/Mar/2023:13:46:03 -0300] "GET /cormun/servlet/hhome HTTP/1.1" 200 3950
190.171.142.50 - - [31/Mar/2023:13:46:06 -0300] "GET /cormun/servlet/trsolicitudot? HTTP/1.1" 200 7168
190.171.142.50 - - [31/Mar/2023:13:46:07 -0300] "GET /cormun/servlet/trsolicitudot? HTTP/1.1" 200 7167
191.126.19.40 - - [31/Mar/2023:13:46:19 -0300] "GET /cormun/servlet/solicitudot?cc85563ff694a2f8489ffc665799e3ab8d88603fbebeb0ab2b5c4264867f223638c4d9c75bd4a45bb48e4ea628702e94,gx-no-cache=1680280255735 HTTP/1.1" 200 30
200.54.237.82 - - [31/Mar/2023:13:46:20 -0300] "POST /cormun/servlet/solicitudot?gx-no-cache=1680280256539 HTTP/1.1" 200 1468
200.54.237.82 - - [31/Mar/2023:13:46:23 -0300] "GET /cormun/static/menuarrow.gif HTTP/1.1" 404 1015
191.126.19.40 - - [31/Mar/2023:13:46:28 -0300] "POST /cormun/servlet/solicitudot?gx-no-cache=1680280264272 HTTP/1.1" 200 30
191.126.19.40 - - [31/Mar/2023:13:46:28 -0300] "POST /cormun/servlet/solicitudot?fc17dfcb447a945fea207df4d2e29ea8,INS,0,0,false,,gx-no-cache=1680280264362 HTTP/1.1" 200 93
191.126.19.40 - - [31/Mar/2023:13:46:28 -0300] "GET /cormun/servlet/hpexe_return? HTTP/1.1" 200 1009
191.126.19.40 - - [31/Mar/2023:13:46:28 -0300] "GET /cormun/servlet/trsolicitudot HTTP/1.1" 200 8501
191.126.19.40 - - [31/Mar/2023:13:46:29 -0300] "GET /cormun/servlet/trsolicitudot HTTP/1.1" 200 8497
191.126.19.40 - - [31/Mar/2023:13:46:31 -0300] "POST /cormun/servlet/trsolicitudot?fc17dfcb447a945fea207df4d2e29ea8,gx-no-cache=1680280267231 HTTP/1.1" 200 106
191.126.19.40 - - [31/Mar/2023:13:46:31 -0300] "GET /cormun/servlet/trsolicitudadjuntos?2023,19902, HTTP/1.1" 200 6013
191.126.19.40 - - [31/Mar/2023:13:46:31 -0300] "GET /cormun/servlet/trsolicitudadjuntos?2023,19902, HTTP/1.1" 200 6012
191.126.19.40 - - [31/Mar/2023:13:46:33 -0300] "GET /cormun/servlet/solicitudotadjuntos?INS,2023,19902,,1, HTTP/1.1" 200 5954
191.126.19.40 - - [31/Mar/2023:13:46:34 -0300] "GET /cormun/static/solicitudotadjuntos.js?202211298385196 HTTP/1.1" 200 11771
191.126.19.40 - - [31/Mar/2023:13:46:34 -0300] "GET /cormun/static/gxcfg.js?202211298385187 HTTP/1.1" 200 953
191.126.19.40 - - [31/Mar/2023:13:46:34 -0300] "GET /cormun/static/about:blank HTTP/1.1" 404 1011
191.126.19.40 - - [31/Mar/2023:13:46:34 -0300] "GET /cormun/servlet/solicitudotadjuntos?INS,2023,19902,,1, HTTP/1.1" 200 5948
191.126.19.40 - - [31/Mar/2023:13:46:34 -0300] "GET /cormun/servlet/solicitudotadjuntos?cc85563ff694a2f8489ffc665799e3ab1e3b1863890a0f433d959e709d772332c3bc1d15a3b8bab91d0fb2852554b06a,gx-no-cache=1680280270790 HTTP/1.1" 200 30
200.54.237.82 - - [31/Mar/2023:13:46:34 -0300] "POST /cormun/servlet/solicitudot?gx-no-cache=1680280270588 HTTP/1.1" 200 41
191.126.19.40 - - [31/Mar/2023:13:46:34 -0300] "POST /cormun/servlet/solicitudotadjuntos?fc17dfcb447a945fea207df4d2e29ea8,INS,2023,19902,,1,,gx-no-cache=1680280270853 HTTP/1.1" 200 3869
191.126.19.40 - - [31/Mar/2023:13:46:36 -0300] "POST /cormun/servlet/solicitudotadjuntos?gx-no-cache=1680280272462 HTTP/1.1" 200 26
191.126.19.40 - - [31/Mar/2023:13:46:45 -0300] "GET /cormun/servlet/solicitudotadjuntos?cc85563ff694a2f8489ffc665799e3abea1d603f6e177e9a69db8fbd144111ec,gx-no-cache=1680280281320 HTTP/1.1" 200 30
191.126.19.40 - - [31/Mar/2023:13:46:45 -0300] "GET /cormun/servlet/solicitudotadjuntos?cc85563ff694a2f8489ffc665799e3abea1d603f6e177e9a69db8fbd144111ec,gx-no-cache=1680280281428 HTTP/1.1" 200 30
191.126.19.40 - - [31/Mar/2023:13:46:46 -0300] "POST /cormun/servlet/solicitudotadjuntos?fc17dfcb447a945fea207df4d2e29ea8,INS,2023,19902,,1, HTTP/1.1" 200 116
191.126.19.40 - - [31/Mar/2023:13:46:46 -0300] "GET /cormun/servlet/hpexe_return? HTTP/1.1" 200 1027
191.126.19.40 - - [31/Mar/2023:13:46:47 -0300] "GET /cormun/servlet/trsolicitudadjuntos?2023,19902, HTTP/1.1" 200 8909
191.126.19.40 - - [31/Mar/2023:13:46:47 -0300] "GET /cormun/servlet/trsolicitudadjuntos?2023,19902, HTTP/1.1" 200 8905
191.126.19.40 - - [31/Mar/2023:13:47:01 -0300] "GET /cormun/servlet/solicitudotadjuntos?INS,2023,19902,,1, HTTP/1.1" 200 5954
191.126.19.40 - - [31/Mar/2023:13:47:02 -0300] "GET /cormun/static/about:blank HTTP/1.1" 404 1011
191.126.19.40 - - [31/Mar/2023:13:47:02 -0300] "GET /cormun/servlet/solicitudotadjuntos?INS,2023,19902,,1, HTTP/1.1" 200 5948
191.126.19.40 - - [31/Mar/2023:13:47:02 -0300] "GET /cormun/servlet/solicitudotadjuntos?cc85563ff694a2f8489ffc665799e3ab1e3b1863890a0f433d959e709d772332c3bc1d15a3b8bab91d0fb2852554b06a,gx-no-cache=1680280298761 HTTP/1.1" 200 30
191.126.19.40 - - [31/Mar/2023:13:47:02 -0300] "POST /cormun/servlet/solicitudotadjuntos?fc17dfcb447a945fea207df4d2e29ea8,INS,2023,19902,,1,,gx-no-cache=1680280298840 HTTP/1.1" 200 3869
191.126.19.40 - - [31/Mar/2023:13:47:04 -0300] "POST /cormun/servlet/solicitudotadjuntos?gx-no-cache=1680280300801 HTTP/1.1" 200 26
190.171.141.82 - - [31/Mar/2023:13:47:06 -0300] "POST /cormun/servlet/hlogin?1a72623d36efc47a0e96b647f06333e9,gx-no-cache=1680280303024 HTTP/1.1" 440 972
190.171.141.82 - - [31/Mar/2023:13:47:10 -0300] "GET /cormun/servlet/hlogin HTTP/1.1" 200 1733
191.126.19.40 - - [31/Mar/2023:13:47:10 -0300] "GET /cormun/servlet/solicitudotadjuntos?cc85563ff694a2f8489ffc665799e3abea1d603f6e177e9a69db8fbd144111ec,gx-no-cache=1680280306889 HTTP/1.1" 200 30
191.126.19.40 - - [31/Mar/2023:13:47:10 -0300] "GET /cormun/servlet/solicitudotadjuntos?cc85563ff694a2f8489ffc665799e3abea1d603f6e177e9a69db8fbd144111ec,gx-no-cache=1680280306944 HTTP/1.1" 200 30
191.126.19.40 - - [31/Mar/2023:13:47:11 -0300] "POST /cormun/servlet/solicitudotadjuntos?fc17dfcb447a945fea207df4d2e29ea8,INS,2023,19902,,1, HTTP/1.1" 200 116
191.126.19.40 - - [31/Mar/2023:13:47:11 -0300] "GET /cormun/servlet/hpexe_return? HTTP/1.1" 200 1027
191.126.19.40 - - [31/Mar/2023:13:47:11 -0300] "GET /cormun/servlet/trsolicitudadjuntos?2023,19902, HTTP/1.1" 200 9164
191.126.19.40 - - [31/Mar/2023:13:47:11 -0300] "GET /cormun/servlet/trsolicitudadjuntos?2023,19902, HTTP/1.1" 200 9162
191.126.19.40 - - [31/Mar/2023:13:47:13 -0300] "GET /cormun/servlet/solicitudotadjuntos?INS,2023,19902,,1, HTTP/1.1" 200 5954
191.126.19.40 - - [31/Mar/2023:13:47:14 -0300] "GET /cormun/static/about:blank HTTP/1.1" 404 1011
191.126.19.40 - - [31/Mar/2023:13:47:14 -0300] "GET /cormun/servlet/solicitudotadjuntos?INS,2023,19902,,1, HTTP/1.1" 200 5948
192.168.10.96 - - [31/Mar/2023:13:47:14 -0300] "GET /cormun/servlet/hlogin HTTP/1.1" 200 1726
192.168.10.96 - - [31/Mar/2023:13:47:14 -0300] "GET /cormun/static/gxtimezone.js?85251 HTTP/1.1" 200 5781
191.126.19.40 - - [31/Mar/2023:13:47:14 -0300] "GET /cormun/servlet/solicitudotadjuntos?cc85563ff694a2f8489ffc665799e3ab1e3b1863890a0f433d959e709d772332c3bc1d15a3b8bab91d0fb2852554b06a,gx-no-cache=1680280310646 HTTP/1.1" 200 30
192.168.10.96 - - [31/Mar/2023:13:47:14 -0300] "GET /cormun/static/messages.spa.js?85251 HTTP/1.1" 200 30736
192.168.10.96 - - [31/Mar/2023:13:47:14 -0300] "GET /cormun/static/gxgral.js?85251 HTTP/1.1" 200 384558
192.168.10.96 - - [31/Mar/2023:13:47:14 -0300] "GET /cormun/static/Resources/indicator.gif HTTP/1.1" 200 1553
192.168.10.96 - - [31/Mar/2023:13:47:14 -0300] "GET /cormun/servlet/hlogin HTTP/1.1" 200 1736
191.126.19.40 - - [31/Mar/2023:13:47:14 -0300] "POST /cormun/servlet/solicitudotadjuntos?fc17dfcb447a945fea207df4d2e29ea8,INS,2023,19902,,1,,gx-no-cache=1680280310711 HTTP/1.1" 200 3869
190.171.141.82 - - [31/Mar/2023:13:47:16 -0300] "POST /cormun/servlet/hlogin?07e2685e7fe1ff84f3ad54330c1e6914,gx-no-cache=1680280312998 HTTP/1.1" 200 90
192.168.10.96 - - [31/Mar/2023:13:47:16 -0300] "POST /cormun/servlet/hlogin?6de8fee57f7a0e2fb9b437c0dcbf13f2,gx-no-cache=1680280306518 HTTP/1.1" 200 90
192.168.10.96 - - [31/Mar/2023:13:47:16 -0300] "GET /cormun/servlet/hpexe_link HTTP/1.1" 200 955
190.171.141.82 - - [31/Mar/2023:13:47:16 -0300] "GET /cormun/servlet/hpexe_link HTTP/1.1" 200 953
192.168.10.96 - - [31/Mar/2023:13:47:16 -0300] "GET /cormun/servlet/hhome HTTP/1.1" 200 3800
192.168.10.96 - - [31/Mar/2023:13:47:16 -0300] "GET /cormun/static/Resources/PXToolsDataTitle.png HTTP/1.1" 200 1173
192.168.10.96 - - [31/Mar/2023:13:47:16 -0300] "GET /cormun/servlet/hhome HTTP/1.1" 200 3797
190.171.141.82 - - [31/Mar/2023:13:47:17 -0300] "GET /cormun/servlet/hhome HTTP/1.1" 200 3965
191.126.19.40 - - [31/Mar/2023:13:47:17 -0300] "POST /cormun/servlet/solicitudotadjuntos?gx-no-cache=1680280313168 HTTP/1.1" 200 26
190.171.141.82 - - [31/Mar/2023:13:47:17 -0300] "GET /cormun/servlet/hhome HTTP/1.1" 200 3962
192.168.10.96 - - [31/Mar/2023:13:47:19 -0300] "GET /cormun/servlet/trsolicitudgral? HTTP/1.1" 200 28081
192.168.10.96 - - [31/Mar/2023:13:47:19 -0300] "GET /cormun/static/gxcfg.js?20191021621534 HTTP/1.1" 200 953
192.168.10.96 - - [31/Mar/2023:13:47:19 -0300] "GET /cormun/static/calendar-es.js?85251 HTTP/1.1" 200 1901
192.168.10.96 - - [31/Mar/2023:13:47:19 -0300] "GET /cormun/static/calendar-system.css?75620 HTTP/1.1" 200 5572
192.168.10.96 - - [31/Mar/2023:13:47:19 -0300] "GET /cormun/static/calendar.js?85251 HTTP/1.1" 200 26246
192.168.10.96 - - [31/Mar/2023:13:47:19 -0300] "GET /cormun/static/Resources/Spanish/PXTools.css?2294816 HTTP/1.1" 200 100853
192.168.10.96 - - [31/Mar/2023:13:47:19 -0300] "GET /cormun/static/calendar-setup.js?85251 HTTP/1.1" 200 2588
192.168.10.96 - - [31/Mar/2023:13:47:19 -0300] "GET /cormun/static/trsolicitudgral.js?20191021621224 HTTP/1.1" 200 55166
192.168.10.96 - - [31/Mar/2023:13:47:19 -0300] "GET /cormun/static/gxdec.js?85251 HTTP/1.1" 200 19579
192.168.10.96 - - [31/Mar/2023:13:47:19 -0300] "GET /cormun/static/Resources/PXToolsAddAllStandardAction.png HTTP/1.1" 200 628
192.168.10.96 - - [31/Mar/2023:13:47:19 -0300] "GET /cormun/static/Resources/PXToolsRemoveAllStandardAction.png HTTP/1.1" 200 495
192.168.10.96 - - [31/Mar/2023:13:47:19 -0300] "GET /cormun/static/Resources/PXTools/calendar.png HTTP/1.1" 200 1306
192.168.10.96 - - [31/Mar/2023:13:47:20 -0300] "GET /cormun/servlet/trsolicitudgral? HTTP/1.1" 200 28079
192.168.10.96 - - [31/Mar/2023:13:47:23 -0300] "POST /cormun/servlet/trsolicitudgral?6de8fee57f7a0e2fb9b437c0dcbf13f2,,gx-no-cache=1680280313174 HTTP/1.1" 200 5252
191.126.19.40 - - [31/Mar/2023:13:47:23 -0300] "GET /cormun/servlet/solicitudotadjuntos?cc85563ff694a2f8489ffc665799e3abea1d603f6e177e9a69db8fbd144111ec,gx-no-cache=1680280320024 HTTP/1.1" 200 30
191.126.19.40 - - [31/Mar/2023:13:47:24 -0300] "GET /cormun/servlet/solicitudotadjuntos?cc85563ff694a2f8489ffc665799e3abea1d603f6e177e9a69db8fbd144111ec,gx-no-cache=1680280320087 HTTP/1.1" 200 30
191.126.19.40 - - [31/Mar/2023:13:47:24 -0300] "POST /cormun/servlet/solicitudotadjuntos?fc17dfcb447a945fea207df4d2e29ea8,INS,2023,19902,,1, HTTP/1.1" 200 116
191.126.19.40 - - [31/Mar/2023:13:47:24 -0300] "GET /cormun/servlet/hpexe_return? HTTP/1.1" 200 1027
191.126.19.40 - - [31/Mar/2023:13:47:24 -0300] "GET /cormun/servlet/trsolicitudadjuntos?2023,19902, HTTP/1.1" 200 9379
191.126.19.40 - - [31/Mar/2023:13:47:25 -0300] "GET /cormun/servlet/trsolicitudadjuntos?2023,19902, HTTP/1.1" 200 9374
192.168.10.96 - - [31/Mar/2023:13:47:27 -0300] "POST /cormun/servlet/trsolicitudgral?6de8fee57f7a0e2fb9b437c0dcbf13f2,,gx-no-cache=1680280316643 HTTP/1.1" 200 17556
191.126.19.40 - - [31/Mar/2023:13:47:27 -0300] "GET /cormun/servlet/solicitudotadjuntos?INS,2023,19902,,1, HTTP/1.1" 200 5954
191.126.19.40 - - [31/Mar/2023:13:47:27 -0300] "GET /cormun/static/about:blank HTTP/1.1" 404 1011
191.126.19.40 - - [31/Mar/2023:13:47:27 -0300] "GET /cormun/servlet/solicitudotadjuntos?INS,2023,19902,,1, HTTP/1.1" 200 5948
191.126.19.40 - - [31/Mar/2023:13:47:28 -0300] "GET /cormun/servlet/solicitudotadjuntos?cc85563ff694a2f8489ffc665799e3ab1e3b1863890a0f433d959e709d772332c3bc1d15a3b8bab91d0fb2852554b06a,gx-no-cache=1680280324170 HTTP/1.1" 200 30
191.126.19.40 - - [31/Mar/2023:13:47:28 -0300] "POST /cormun/servlet/solicitudotadjuntos?fc17dfcb447a945fea207df4d2e29ea8,INS,2023,19902,,1,,gx-no-cache=1680280324226 HTTP/1.1" 200 3869
191.126.19.40 - - [31/Mar/2023:13:47:30 -0300] "POST /cormun/servlet/solicitudotadjuntos?gx-no-cache=1680280326721 HTTP/1.1" 200 26
191.126.19.40 - - [31/Mar/2023:13:47:37 -0300] "GET /cormun/servlet/solicitudotadjuntos?cc85563ff694a2f8489ffc665799e3abea1d603f6e177e9a69db8fbd144111ec,gx-no-cache=1680280333657 HTTP/1.1" 200 30
191.126.19.40 - - [31/Mar/2023:13:47:37 -0300] "GET /cormun/servlet/solicitudotadjuntos?cc85563ff694a2f8489ffc665799e3abea1d603f6e177e9a69db8fbd144111ec,gx-no-cache=1680280333736 HTTP/1.1" 200 30
191.126.19.40 - - [31/Mar/2023:13:47:38 -0300] "POST /cormun/servlet/solicitudotadjuntos?fc17dfcb447a945fea207df4d2e29ea8,INS,2023,19902,,1, HTTP/1.1" 200 116
191.126.19.40 - - [31/Mar/2023:13:47:38 -0300] "GET /cormun/servlet/hpexe_return? HTTP/1.1" 200 1027
191.126.19.40 - - [31/Mar/2023:13:47:38 -0300] "GET /cormun/servlet/trsolicitudadjuntos?2023,19902, HTTP/1.1" 200 9690
192.168.10.96 - - [31/Mar/2023:13:47:38 -0300] "GET /cormun/servlet/vesolicitudgral?2023,19439,, HTTP/1.1" 200 8397
192.168.10.96 - - [31/Mar/2023:13:47:38 -0300] "GET /cormun/static/gxcfg.js?20201215594983 HTTP/1.1" 200 953
192.168.10.96 - - [31/Mar/2023:13:47:38 -0300] "GET /cormun/pexe_scrolldiv.js HTTP/1.1" 404 1009
192.168.10.96 - - [31/Mar/2023:13:47:38 -0300] "GET /cormun/static/hpexe_tabsview.js?2020121447381 HTTP/1.1" 200 1661
192.168.10.96 - - [31/Mar/2023:13:47:38 -0300] "GET /cormun/static/hwcviewtabs.js?201991422154026 HTTP/1.1" 200 1074
192.168.10.96 - - [31/Mar/2023:13:47:38 -0300] "GET /cormun/static/tbsolicitudgral01.js?20199142226376 HTTP/1.1" 200 31320
192.168.10.96 - - [31/Mar/2023:13:47:38 -0300] "GET /cormun/static/vesolicitudgral.js?20201215595069 HTTP/1.1" 200 6721
192.168.10.96 - - [31/Mar/2023:13:47:38 -0300] "GET /cormun/static/Resources/PXToolsTabFirstSelected.png HTTP/1.1" 200 1270
192.168.10.96 - - [31/Mar/2023:13:47:38 -0300] "GET /cormun/static/Resources/PXToolsTabLastUnselected.png HTTP/1.1" 200 1297
192.168.10.96 - - [31/Mar/2023:13:47:38 -0300] "GET /cormun/static/Resources/PXToolsTabPrevious.gif HTTP/1.1" 200 172
192.168.10.96 - - [31/Mar/2023:13:47:38 -0300] "GET /cormun/static/Resources/PXToolsTabNext.gif HTTP/1.1" 200 168
192.168.10.96 - - [31/Mar/2023:13:47:38 -0300] "GET /cormun/static/calendar-system.css HTTP/1.1" 200 5572
192.168.10.96 - - [31/Mar/2023:13:47:38 -0300] "GET /cormun/static/Resources/PXToolsTabBackSelected.png HTTP/1.1" 200 1157
192.168.10.96 - - [31/Mar/2023:13:47:38 -0300] "GET /cormun/static/Resources/PXToolsTabBackUnselected.png HTTP/1.1" 200 1175
192.168.10.96 - - [31/Mar/2023:13:47:38 -0300] "GET /cormun/static/Resources/PXToolsTabSelectedUnselected.png HTTP/1.1" 200 1451
192.168.10.96 - - [31/Mar/2023:13:47:38 -0300] "GET /cormun/static/Resources/PXToolsTabUnselectedUnselected.png HTTP/1.1" 200 1470
191.126.19.40 - - [31/Mar/2023:13:47:38 -0300] "GET /cormun/servlet/trsolicitudadjuntos?2023,19902, HTTP/1.1" 200 9689
192.168.10.96 - - [31/Mar/2023:13:47:38 -0300] "GET /cormun/servlet/vesolicitudgral?2023,19439,, HTTP/1.1" 200 8397
192.168.10.96 - - [31/Mar/2023:13:47:40 -0300] "GET /cormun/servlet/vesolicitudgral?2023,19439,,SolicitudOTLog HTTP/1.1" 200 10046
192.168.10.96 - - [31/Mar/2023:13:47:40 -0300] "GET /cormun/static/Resources/PXToolsTabLastSelected.png HTTP/1.1" 200 1274
192.168.10.96 - - [31/Mar/2023:13:47:40 -0300] "GET /cormun/static/tbsolicitudgral03.js?202211298372893 HTTP/1.1" 200 13342
192.168.10.96 - - [31/Mar/2023:13:47:40 -0300] "GET /cormun/pexe_scrolldiv.js HTTP/1.1" 404 1009
192.168.10.96 - - [31/Mar/2023:13:47:40 -0300] "GET /cormun/static/gxui/gxui-all.css HTTP/1.1" 200 2179
192.168.10.96 - - [31/Mar/2023:13:47:40 -0300] "GET /cormun/static/Resources/PXToolsTabFirstUnselected.png HTTP/1.1" 200 1278
192.168.10.96 - - [31/Mar/2023:13:47:40 -0300] "GET /cormun/static/Shared/ext/resources/css/ext-all.css HTTP/1.1" 200 416045
192.168.10.96 - - [31/Mar/2023:13:47:40 -0300] "GET /cormun/static/Resources/PXToolsTabUnselectedSelected.png HTTP/1.1" 200 1458
192.168.10.96 - - [31/Mar/2023:13:47:40 -0300] "GET /cormun/servlet/vesolicitudgral?2023,19439,,SolicitudOTLog HTTP/1.1" 200 10047
191.126.19.40 - - [31/Mar/2023:13:47:41 -0300] "GET /cormun/servlet/solicitudotadjuntos?INS,2023,19902,,1, HTTP/1.1" 200 5955
191.126.19.40 - - [31/Mar/2023:13:47:41 -0300] "GET /cormun/static/about:blank HTTP/1.1" 404 1011
192.168.10.96 - - [31/Mar/2023:13:47:41 -0300] "POST /cormun/servlet/acontrolpreferencessavestate?None,RRHH+DANIELA,true HTTP/1.1" 200 35
191.126.19.40 - - [31/Mar/2023:13:47:41 -0300] "GET /cormun/servlet/solicitudotadjuntos?INS,2023,19902,,1, HTTP/1.1" 200 5949
191.126.19.40 - - [31/Mar/2023:13:47:41 -0300] "GET /cormun/servlet/solicitudotadjuntos?cc85563ff694a2f8489ffc665799e3ab1e3b1863890a0f433d959e709d772332c3bc1d15a3b8bab91d0fb2852554b06a,gx-no-cache=1680280337902 HTTP/1.1" 200 30
191.126.19.40 - - [31/Mar/2023:13:47:42 -0300] "POST /cormun/servlet/solicitudotadjuntos?fc17dfcb447a945fea207df4d2e29ea8,INS,2023,19902,,1,,gx-no-cache=1680280338026 HTTP/1.1" 200 3869
191.126.19.40 - - [31/Mar/2023:13:47:44 -0300] "POST /cormun/servlet/solicitudotadjuntos?gx-no-cache=1680280340409 HTTP/1.1" 200 26
191.126.19.40 - - [31/Mar/2023:13:47:49 -0300] "GET /cormun/servlet/solicitudotadjuntos?cc85563ff694a2f8489ffc665799e3abea1d603f6e177e9a69db8fbd144111ec,gx-no-cache=1680280345656 HTTP/1.1" 200 30
191.126.19.40 - - [31/Mar/2023:13:47:49 -0300] "GET /cormun/servlet/solicitudotadjuntos?cc85563ff694a2f8489ffc665799e3abea1d603f6e177e9a69db8fbd144111ec,gx-no-cache=1680280345836 HTTP/1.1" 200 30
191.126.19.40 - - [31/Mar/2023:13:47:50 -0300] "POST /cormun/servlet/solicitudotadjuntos?fc17dfcb447a945fea207df4d2e29ea8,INS,2023,19902,,1, HTTP/1.1" 200 116
191.126.19.40 - - [31/Mar/2023:13:47:50 -0300] "GET /cormun/servlet/hpexe_return? HTTP/1.1" 200 1027
191.126.19.40 - - [31/Mar/2023:13:47:50 -0300] "GET /cormun/servlet/trsolicitudadjuntos?2023,19902, HTTP/1.1" 200 9945
191.126.19.40 - - [31/Mar/2023:13:47:51 -0300] "GET /cormun/servlet/trsolicitudadjuntos?2023,19902, HTTP/1.1" 200 9943
190.171.142.50 - - [31/Mar/2023:13:47:52 -0300] "GET /cormun/servlet/solicitudot?INS,0,0,false, HTTP/1.1" 200 15804
190.171.142.50 - - [31/Mar/2023:13:47:52 -0300] "GET /cormun/servlet/solicitudot?INS,0,0,false, HTTP/1.1" 200 15812
191.126.19.40 - - [31/Mar/2023:13:47:54 -0300] "GET /cormun/servlet/solicitudotadjuntos?INS,2023,19902,,1, HTTP/1.1" 200 5955
191.126.19.40 - - [31/Mar/2023:13:47:54 -0300] "GET /cormun/static/about:blank HTTP/1.1" 404 1011
191.126.19.40 - - [31/Mar/2023:13:47:54 -0300] "GET /cormun/servlet/solicitudotadjuntos?INS,2023,19902,,1, HTTP/1.1" 200 5949
191.126.19.40 - - [31/Mar/2023:13:47:54 -0300] "GET /cormun/servlet/solicitudotadjuntos?cc85563ff694a2f8489ffc665799e3ab1e3b1863890a0f433d959e709d772332c3bc1d15a3b8bab91d0fb2852554b06a,gx-no-cache=1680280350996 HTTP/1.1" 200 30
191.126.19.40 - - [31/Mar/2023:13:47:55 -0300] "POST /cormun/servlet/solicitudotadjuntos?fc17dfcb447a945fea207df4d2e29ea8,INS,2023,19902,,1,,gx-no-cache=1680280351065 HTTP/1.1" 200 3869
191.126.19.40 - - [31/Mar/2023:13:47:57 -0300] "POST /cormun/servlet/solicitudotadjuntos?gx-no-cache=1680280353384 HTTP/1.1" 200 26
200.54.237.82 - - [31/Mar/2023:13:47:59 -0300] "GET /cormun/servlet/solicitudot?96a178bdc80e281c500b07520e9f2f3c05619c180f158409dd06610310486c67a83af58febbd540e8644e17ee14128de961c8c1aa7fa4c89387f60af956bc98e86769ba99c6661a109c59c086287f98fdcae9840d6d030075298ccf39b2329241526e1a78b18628954ec28d507e98b1e,gx-no-cache=1680280355041 HTTP/1.1" 200 110
190.171.141.82 - - [31/Mar/2023:13:48:00 -0300] "GET /cormun/servlet/trpermisosgoce? HTTP/1.1" 200 9087
190.171.141.82 - - [31/Mar/2023:13:48:00 -0300] "GET /cormun/servlet/trpermisosgoce? HTTP/1.1" 200 9087
192.168.10.96 - - [31/Mar/2023:13:48:00 -0300] "GET /cormun/servlet/vesolicitudgral?2023,19439,,SolicitudOTAdjuntos HTTP/1.1" 200 11133
192.168.10.96 - - [31/Mar/2023:13:48:00 -0300] "GET /cormun/pexe_scrolldiv.js HTTP/1.1" 404 1009
192.168.10.96 - - [31/Mar/2023:13:48:00 -0300] "GET /cormun/static/tbsolicitudgral02.js?202211298373061 HTTP/1.1" 200 13312
192.168.10.96 - - [31/Mar/2023:13:48:01 -0300] "GET /cormun/servlet/vesolicitudgral?2023,19439,,SolicitudOTAdjuntos HTTP/1.1" 200 11130
192.168.10.96 - - [31/Mar/2023:13:48:01 -0300] "POST /cormun/servlet/acontrolpreferencessavestate?None,RRHH+DANIELA,true HTTP/1.1" 200 35
190.171.142.50 - - [31/Mar/2023:13:48:02 -0300] "POST /cormun/servlet/solicitudot?gx-no-cache=1680280357923 HTTP/1.1" 200 3961
190.171.142.50 - - [31/Mar/2023:13:48:02 -0300] "POST /cormun/servlet/solicitudot?4a6b7a6a4c7fc2e5ae6db85adc5d8cab,INS,0,0,false,,gx-no-cache=1680280358152 HTTP/1.1" 200 12512
190.171.141.82 - - [31/Mar/2023:13:48:03 -0300] "GET /cormun/servlet/permisogoce?INS,0,,, HTTP/1.1" 200 6831
191.126.19.40 - - [31/Mar/2023:13:48:03 -0300] "GET /cormun/servlet/solicitudotadjuntos?cc85563ff694a2f8489ffc665799e3abea1d603f6e177e9a69db8fbd144111ec,gx-no-cache=1680280359585 HTTP/1.1" 200 30
191.126.19.40 - - [31/Mar/2023:13:48:03 -0300] "GET /cormun/servlet/solicitudotadjuntos?cc85563ff694a2f8489ffc665799e3abea1d603f6e177e9a69db8fbd144111ec,gx-no-cache=1680280359663 HTTP/1.1" 200 30
190.171.141.82 - - [31/Mar/2023:13:48:03 -0300] "GET /cormun/servlet/permisogoce?INS,0,,, HTTP/1.1" 200 6830
191.126.19.40 - - [31/Mar/2023:13:48:04 -0300] "POST /cormun/servlet/solicitudotadjuntos?fc17dfcb447a945fea207df4d2e29ea8,INS,2023,19902,,1, HTTP/1.1" 200 116
191.126.19.40 - - [31/Mar/2023:13:48:04 -0300] "GET /cormun/servlet/hpexe_return? HTTP/1.1" 200 1027
191.126.19.40 - - [31/Mar/2023:13:48:04 -0300] "GET /cormun/servlet/trsolicitudadjuntos?2023,19902, HTTP/1.1" 200 10235
191.126.19.40 - - [31/Mar/2023:13:48:05 -0300] "GET /cormun/servlet/trsolicitudadjuntos?2023,19902, HTTP/1.1" 200 10232
192.168.10.96 - - [31/Mar/2023:13:48:06 -0300] "GET /cormun/servlet/vesolicitudgral?2023,19439,,General HTTP/1.1" 200 8401
192.168.10.96 - - [31/Mar/2023:13:48:06 -0300] "GET /cormun/pexe_scrolldiv.js HTTP/1.1" 404 1009
192.168.10.96 - - [31/Mar/2023:13:48:07 -0300] "GET /cormun/servlet/vesolicitudgral?2023,19439,,General HTTP/1.1" 200 8401
191.126.19.40 - - [31/Mar/2023:13:48:09 -0300] "GET /cormun/servlet/trsolicitudot? HTTP/1.1" 200 8503
191.126.19.40 - - [31/Mar/2023:13:48:09 -0300] "GET /cormun/servlet/trsolicitudot? HTTP/1.1" 200 8497
190.171.141.82 - - [31/Mar/2023:13:48:11 -0300] "GET /cormun/servlet/permisogoce?3c27906863086ca7843a1232ed3c0cb33d6da04ff229fc12cbc1824be9b165a3be23b2fe93a6c5ceda3a8d0b2f87fd2add8dcde3cefdb5d65c457be83a5e0d5f,gx-no-cache=1680280367887 HTTP/1.1" 200 77
191.126.19.40 - - [31/Mar/2023:13:48:15 -0300] "POST /cormun/servlet/trsolicitudot?fc17dfcb447a945fea207df4d2e29ea8,,gx-no-cache=1680280371228 HTTP/1.1" 200 4573
191.126.19.40 - - [31/Mar/2023:13:48:15 -0300] "GET /cormun/static/Shared/jqueryui/images/ui-bg_highlight-soft_100_c6c2c8_1x100.png HTTP/1.1" 404 1117
191.126.19.40 - - [31/Mar/2023:13:48:15 -0300] "GET /cormun/static/Shared/jqueryui/images/ui-icons_82798d_256x240.png HTTP/1.1" 404 1089
191.126.19.40 - - [31/Mar/2023:13:48:15 -0300] "GET /cormun/static/Shared/jqueryui/images/ui-bg_flat_55_fafafa_40x100.png HTTP/1.1" 404 1097
191.126.19.40 - - [31/Mar/2023:13:48:15 -0300] "GET /cormun/static/Shared/jqueryui/images/ui-icons_8d78a5_256x240.png HTTP/1.1" 404 1089
191.126.19.40 - - [31/Mar/2023:13:48:15 -0300] "POST /cormun/servlet/trsolicitudot?fc17dfcb447a945fea207df4d2e29ea8,,gx-no-cache=1680280371607 HTTP/1.1" 200 4345
190.171.141.82 - - [31/Mar/2023:13:48:20 -0300] "GET /cormun/servlet/permisogoce?3c27906863086ca7843a1232ed3c0cb3f7f189d765b6416792bd70dcdea420ba3baa552aaa7db7b1706550ec4331dab6bedfd37c9c39676ae3ab3e2928cee39b,gx-no-cache=1680280377377 HTTP/1.1" 200 47
200.54.237.82 - - [31/Mar/2023:13:48:23 -0300] "POST /cormun/servlet/solicitudot?gx-no-cache=1680280379117 HTTP/1.1" 200 97
192.168.10.96 - - [31/Mar/2023:13:48:25 -0300] "GET /cormun/servlet/vesolicitudgral?2023,19439,,SolicitudOTLog HTTP/1.1" 200 10048
192.168.10.96 - - [31/Mar/2023:13:48:25 -0300] "GET /cormun/pexe_scrolldiv.js HTTP/1.1" 404 1009
192.168.10.96 - - [31/Mar/2023:13:48:25 -0300] "GET /cormun/servlet/vesolicitudgral?2023,19439,,SolicitudOTLog HTTP/1.1" 200 10047
192.168.10.96 - - [31/Mar/2023:13:48:26 -0300] "POST /cormun/servlet/acontrolpreferencessavestate?None,RRHH+DANIELA,true HTTP/1.1" 200 35
191.126.19.40 - - [31/Mar/2023:13:48:28 -0300] "GET /cormun/servlet/hlogin HTTP/1.1" 200 1724
192.168.10.96 - - [31/Mar/2023:13:48:28 -0300] "GET /cormun/servlet/vesolicitudgral?2023,19439,,SolicitudOTAdjuntos HTTP/1.1" 200 11132
192.168.10.96 - - [31/Mar/2023:13:48:28 -0300] "GET /cormun/pexe_scrolldiv.js HTTP/1.1" 404 1009
192.168.10.96 - - [31/Mar/2023:13:48:29 -0300] "GET /cormun/servlet/vesolicitudgral?2023,19439,,SolicitudOTAdjuntos HTTP/1.1" 200 11128
192.168.10.96 - - [31/Mar/2023:13:48:30 -0300] "POST /cormun/servlet/acontrolpreferencessavestate?None,RRHH+DANIELA,true HTTP/1.1" 200 35
192.168.10.96 - - [31/Mar/2023:13:48:30 -0300] "GET /cormun/servlet/vesolicitudgral?2023,19439,,General HTTP/1.1" 200 8401
192.168.10.96 - - [31/Mar/2023:13:48:30 -0300] "GET /cormun/pexe_scrolldiv.js HTTP/1.1" 404 1009
192.168.10.96 - - [31/Mar/2023:13:48:30 -0300] "GET /cormun/servlet/vesolicitudgral?2023,19439,,General HTTP/1.1" 200 8401
200.54.237.82 - - [31/Mar/2023:13:48:31 -0300] "GET /cormun/servlet/solicitudot?96a178bdc80e281c500b07520e9f2f3cbedbfc109f99761b5c064f01fccb8c8f3e8a8e810fabb87a574def38c224fcfca7b75081d428188f9fe3f1446b374c5a5e22db6097a4818f71f4886439b975e47abf50f2eee5f5d02962b1aeba41db701ddd06dff35bda14c3384e73042d5f01,gx-no-cache=1680280387723 HTTP/1.1" 200 29
191.126.19.40 - - [31/Mar/2023:13:48:33 -0300] "POST /cormun/servlet/hlogin?fc17dfcb447a945fea207df4d2e29ea8,gx-no-cache=1680280389016 HTTP/1.1" 200 90
191.126.19.40 - - [31/Mar/2023:13:48:33 -0300] "GET /cormun/servlet/hpexe_link HTTP/1.1" 200 952
191.126.19.40 - - [31/Mar/2023:13:48:33 -0300] "GET /cormun/servlet/hhome HTTP/1.1" 200 4257
191.126.19.40 - - [31/Mar/2023:13:48:33 -0300] "GET /cormun/servlet/hhome HTTP/1.1" 200 4253
191.126.19.40 - - [31/Mar/2023:13:48:36 -0300] "GET /cormun/servlet/trsolicitudot? HTTP/1.1" 200 7480
191.126.19.40 - - [31/Mar/2023:13:48:36 -0300] "GET /cormun/servlet/trsolicitudot? HTTP/1.1" 200 7478
200.54.237.82 - - [31/Mar/2023:13:48:36 -0300] "GET /cormun/servlet/solicitudot?96a178bdc80e281c500b07520e9f2f3c527cf5299c42cf66644a0114fc0babaa2447009007ecd5281eb6df2ffa698463,gx-no-cache=1680280392482 HTTP/1.1" 200 30
190.171.141.82 - - [31/Mar/2023:13:48:46 -0300] "POST /cormun/servlet/permisogoce?07e2685e7fe1ff84f3ad54330c1e6914,INS,0,,,,gx-no-cache=1680280402881 HTTP/1.1" 200 93
190.171.141.82 - - [31/Mar/2023:13:48:46 -0300] "GET /cormun/servlet/hpexe_return? HTTP/1.1" 200 1012
190.171.141.82 - - [31/Mar/2023:13:48:47 -0300] "GET /cormun/servlet/trpermisosgoce HTTP/1.1" 200 9317
190.171.141.82 - - [31/Mar/2023:13:48:47 -0300] "GET /cormun/servlet/trpermisosgoce HTTP/1.1" 200 9314
190.171.141.82 - - [31/Mar/2023:13:48:54 -0300] "GET /cormun/servlet/apermisogoceprn?19592229,P,20230331133233,PU HTTP/1.1" 200 1650
200.54.237.82 - - [31/Mar/2023:13:49:31 -0300] "POST /cormun/servlet/solicitudot?gx-no-cache=1680280447410 HTTP/1.1" 200 146
200.54.237.82 - - [31/Mar/2023:13:49:31 -0300] "GET /cormun/static/Shared/jqueryui/images/ui-bg_highlight-soft_100_c6c2c8_1x100.png HTTP/1.1" 404 1117
200.54.237.82 - - [31/Mar/2023:13:49:31 -0300] "GET /cormun/static/Shared/jqueryui/images/ui-icons_82798d_256x240.png HTTP/1.1" 404 1089
200.54.237.82 - - [31/Mar/2023:13:49:31 -0300] "GET /cormun/static/Shared/jqueryui/images/ui-bg_flat_55_994d53_40x100.png HTTP/1.1" 404 1097
200.54.237.82 - - [31/Mar/2023:13:49:31 -0300] "GET /cormun/static/Shared/jqueryui/images/ui-icons_ebccce_256x240.png HTTP/1.1" 404 1089
181.161.26.237 - - [31/Mar/2023:13:51:55 -0300] "GET / HTTP/1.1" 200 11217
181.161.26.237 - - [31/Mar/2023:13:51:55 -0300] "GET /tomcat.css HTTP/1.1" 200 5576
181.161.26.237 - - [31/Mar/2023:13:51:55 -0300] "GET /tomcat.png HTTP/1.1" 200 5103
181.161.26.237 - - [31/Mar/2023:13:51:55 -0300] "GET /bg-nav.png HTTP/1.1" 200 1401
181.161.26.237 - - [31/Mar/2023:13:51:55 -0300] "GET /bg-button.png HTTP/1.1" 200 713
181.161.26.237 - - [31/Mar/2023:13:51:55 -0300] "GET /bg-middle.png HTTP/1.1" 200 1918
181.161.26.237 - - [31/Mar/2023:13:51:55 -0300] "GET /bg-upper.png HTTP/1.1" 200 3103
181.161.26.237 - - [31/Mar/2023:13:51:55 -0300] "GET /asf-logo.png HTTP/1.1" 200 17811
181.161.26.237 - - [31/Mar/2023:13:51:55 -0300] "GET /favicon.ico HTTP/1.1" 200 21630
181.161.26.237 - - [31/Mar/2023:13:51:55 -0300] "GET /cormun/servlet/hhome HTTP/1.1" 200 3322
181.161.26.237 - - [31/Mar/2023:13:51:55 -0300] "GET /cormun/static/gxtimezone.js?85251 HTTP/1.1" 200 5781
181.161.26.237 - - [31/Mar/2023:13:51:55 -0300] "GET /cormun/static/SmoothNavMenu/resources/ddsmoothmenu-v.css?1112540 HTTP/1.1" 200 1188
181.161.26.237 - - [31/Mar/2023:13:51:55 -0300] "GET /cormun/static/SmoothNavMenu/resources/ddsmoothmenu.css?1112540 HTTP/1.1" 200 2223
181.161.26.237 - - [31/Mar/2023:13:51:55 -0300] "GET /cormun/static/gxcfg.js?20201215495537 HTTP/1.1" 200 953
181.161.26.237 - - [31/Mar/2023:13:51:55 -0300] "GET /cormun/static/Resources/Spanish/PXTools.css?14345360 HTTP/1.1" 200 100853
181.161.26.237 - - [31/Mar/2023:13:51:55 -0300] "GET /cormun/static/PXToolsJavascripts/pexe_autoreload.js HTTP/1.1" 200 1762
181.161.26.237 - - [31/Mar/2023:13:51:55 -0300] "GET /cormun/static/PXToolsJavascripts/pexe_cookies.js HTTP/1.1" 200 792
181.161.26.237 - - [31/Mar/2023:13:51:55 -0300] "GET /cormun/static/PXToolsJavascripts/pexe_windows.js HTTP/1.1" 200 15249
181.161.26.237 - - [31/Mar/2023:13:51:55 -0300] "GET /cormun/static/scaMessage/css/jquery.pnotify.default.css?1816380 HTTP/1.1" 200 1707
181.161.26.237 - - [31/Mar/2023:13:51:55 -0300] "GET /cormun/static/PXToolsJavascripts/pexe_link.js HTTP/1.1" 200 5671
181.161.26.237 - - [31/Mar/2023:13:51:55 -0300] "GET /cormun/static/PXToolsJavascripts/pexe_griddivfix.js HTTP/1.1" 200 6946
181.161.26.237 - - [31/Mar/2023:13:51:55 -0300] "GET /cormun/static/PXToolsJavascripts/pexe_grid.js HTTP/1.1" 200 7559
181.161.26.237 - - [31/Mar/2023:13:51:55 -0300] "GET /cormun/static/PXToolsJavascripts/pexe_menus.js HTTP/1.1" 200 1286
181.161.26.237 - - [31/Mar/2023:13:51:55 -0300] "GET /cormun/static/PXToolsJavascripts/pexe_layers.js HTTP/1.1" 200 4114
181.161.26.237 - - [31/Mar/2023:13:51:55 -0300] "GET /cormun/static/PXToolsJavascripts/pexe_oav.js HTTP/1.1" 200 645
181.161.26.237 - - [31/Mar/2023:13:51:55 -0300] "GET /cormun/static/PXToolsJavascripts/pexe_oavdivfix.js HTTP/1.1" 200 639
181.161.26.237 - - [31/Mar/2023:13:51:55 -0300] "GET /cormun/static/gxgral.js?85251 HTTP/1.1" 200 384558
181.161.26.237 - - [31/Mar/2023:13:51:55 -0300] "GET /cormun/static/PXToolsJavascripts/pexe_picture.js HTTP/1.1" 200 689
181.161.26.237 - - [31/Mar/2023:13:51:55 -0300] "GET /cormun/static/PXToolsJavascripts/pexe_popup.js HTTP/1.1" 200 15149
181.161.26.237 - - [31/Mar/2023:13:51:55 -0300] "GET /cormun/static/PXToolsJavascripts/pexe_scrolldiv.js HTTP/1.1" 200 4138
181.161.26.237 - - [31/Mar/2023:13:51:55 -0300] "GET /cormun/static/Shared/jqueryui/jquery-ui.min.css?1345370 HTTP/1.1" 200 30288
181.161.26.237 - - [31/Mar/2023:13:51:55 -0300] "GET /cormun/static/PXToolsJavascripts/pexe_tabdivfix.js HTTP/1.1" 200 898
181.161.26.237 - - [31/Mar/2023:13:51:55 -0300] "GET /cormun/static/PXToolsJavascripts/PXToolsJavascriptsRender.js HTTP/1.1" 200 367
181.161.26.237 - - [31/Mar/2023:13:51:55 -0300] "GET /cormun/static/PXToolsJavascripts/pexe_upload.js HTTP/1.1" 200 1423
181.161.26.237 - - [31/Mar/2023:13:51:55 -0300] "GET /cormun/static/PXToolsJavascripts/pexe_tabs.js HTTP/1.1" 200 3748
181.161.26.237 - - [31/Mar/2023:13:51:55 -0300] "GET /cormun/static/PXToolsJavascripts/pexe_menudivfix.js HTTP/1.1" 200 333
181.161.26.237 - - [31/Mar/2023:13:51:55 -0300] "GET /cormun/static/RunJS/RunJS.js HTTP/1.1" 200 288
181.161.26.237 - - [31/Mar/2023:13:51:55 -0300] "GET /cormun/static/hhome.js?20201215495544 HTTP/1.1" 200 777
181.161.26.237 - - [31/Mar/2023:13:51:55 -0300] "GET /cormun/static/messages.spa.js?85251 HTTP/1.1" 200 30736
181.161.26.237 - - [31/Mar/2023:13:51:55 -0300] "GET /cormun/static/hwchdr01.js?2022112219251119 HTTP/1.1" 200 996
181.161.26.237 - - [31/Mar/2023:13:51:55 -0300] "GET /cormun/static/Shared/ext/locale/ext-lang-en.js HTTP/1.1" 200 10940
181.161.26.237 - - [31/Mar/2023:13:51:55 -0300] "GET /cormun/static/hpexe_recentlink.js?20201214471090 HTTP/1.1" 200 2144
181.161.26.237 - - [31/Mar/2023:13:51:55 -0300] "GET /cormun/static/hpexe_messagecontroller.js?202211298371222 HTTP/1.1" 200 870
181.161.26.237 - - [31/Mar/2023:13:51:55 -0300] "GET /cormun/static/hpexe_messagepopupcomponent.js?2020121447232 HTTP/1.1" 200 605
181.161.26.237 - - [31/Mar/2023:13:51:55 -0300] "GET /cormun/static/hpexe_messagegenexuscomponent.js?20221129836373 HTTP/1.1" 200 587
181.161.26.237 - - [31/Mar/2023:13:51:55 -0300] "GET /cormun/static/cmcontrolpreferences.js?20199141926336 HTTP/1.1" 200 1375
181.161.26.237 - - [31/Mar/2023:13:51:55 -0300] "GET /cormun/static/hpexe_scripts.js?20201214471411 HTTP/1.1" 200 1544
181.161.26.237 - - [31/Mar/2023:13:51:55 -0300] "GET /cormun/static/gxui/gxui-all.js HTTP/1.1" 200 107772
181.161.26.237 - - [31/Mar/2023:13:51:55 -0300] "GET /cormun/static/Shared/jqueryui/jquery-ui.min.js HTTP/1.1" 200 240427
181.161.26.237 - - [31/Mar/2023:13:51:55 -0300] "GET /cormun/static/SmoothNavMenu/resources/ddsmoothmenu.js HTTP/1.1" 200 12712
181.161.26.237 - - [31/Mar/2023:13:51:55 -0300] "GET /cormun/static/Shared/jquery/jquery-1.4.2.min.js HTTP/1.1" 200 72174
181.161.26.237 - - [31/Mar/2023:13:51:55 -0300] "GET /cormun/static/SmoothNavMenu/resources/SmoothNavMenuRender.js HTTP/1.1" 200 5951
181.161.26.237 - - [31/Mar/2023:13:51:55 -0300] "GET /cormun/static/scaMessage/js/jquery.pnotify.min.js HTTP/1.1" 200 13038
181.161.26.237 - - [31/Mar/2023:13:51:55 -0300] "GET /cormun/static/scaMessage/scaMessageRender.js HTTP/1.1" 200 11977
181.161.26.237 - - [31/Mar/2023:13:51:55 -0300] "GET /cormun/static/hmpwkw03.js?20221129844354 HTTP/1.1" 200 3971
181.161.26.237 - - [31/Mar/2023:13:51:55 -0300] "GET /cormun/static/Shared/jquery/jquery-1.10.2.min.js HTTP/1.1" 200 273199
181.161.26.237 - - [31/Mar/2023:13:51:55 -0300] "GET /cormun/static/Resources/CormunMP2.png HTTP/1.1" 200 6878
181.161.26.237 - - [31/Mar/2023:13:51:55 -0300] "GET /cormun/static/Resources/ImgHome.png HTTP/1.1" 200 1364
181.161.26.237 - - [31/Mar/2023:13:51:55 -0300] "GET /cormun/static/Resources/ImgLogin.png HTTP/1.1" 200 1432
181.161.26.237 - - [31/Mar/2023:13:51:55 -0300] "GET /cormun/static/Resources/Llave.png HTTP/1.1" 200 1395
181.161.26.237 - - [31/Mar/2023:13:51:55 -0300] "GET /cormun/static/Resources/PXToolsDataTitle.png HTTP/1.1" 200 1173
181.161.26.237 - - [31/Mar/2023:13:51:56 -0300] "GET /cormun/static/Shared/ext/ext-all.js HTTP/1.1" 200 1289687
181.161.26.237 - - [31/Mar/2023:13:51:56 -0300] "GET /cormun/static/Resources/indicator.gif HTTP/1.1" 200 1553
181.161.26.237 - - [31/Mar/2023:13:51:56 -0300] "GET /cormun/servlet/hlogin HTTP/1.1" 200 1734
181.161.26.237 - - [31/Mar/2023:13:51:56 -0300] "GET /cormun/static/Resources/Spanish/PXTools.css?1759030 HTTP/1.1" 200 100853
181.161.26.237 - - [31/Mar/2023:13:51:56 -0300] "GET /cormun/static/hlogin.js?2022112219184458 HTTP/1.1" 200 2156
181.161.26.237 - - [31/Mar/2023:13:51:56 -0300] "GET /cormun/static/gxcfg.js?2022112219184450 HTTP/1.1" 200 953
181.161.26.237 - - [31/Mar/2023:13:51:56 -0300] "GET /cormun/static/Resources/CormunLogin.png HTTP/1.1" 200 19132
181.161.26.237 - - [31/Mar/2023:13:51:56 -0300] "GET /cormun/static/Resources/PXToolsLoginTop.png HTTP/1.1" 200 1337
181.161.26.237 - - [31/Mar/2023:13:51:56 -0300] "GET /cormun/static/Resources/PXToolsButtonLeft.png HTTP/1.1" 200 1310
181.161.26.237 - - [31/Mar/2023:13:51:56 -0300] "GET /cormun/static/Resources/PXToolsButtonBackground.png HTTP/1.1" 200 1176
181.161.26.237 - - [31/Mar/2023:13:51:56 -0300] "GET /cormun/static/Resources/PXToolsLoginBackground.png HTTP/1.1" 200 1164
181.161.26.237 - - [31/Mar/2023:13:51:56 -0300] "GET /cormun/static/Resources/PXToolsLoginBottom.png HTTP/1.1" 200 1389
181.161.26.237 - - [31/Mar/2023:13:51:56 -0300] "GET /cormun/static/Resources/PXToolsButtonRight.png HTTP/1.1" 200 1294
181.161.26.237 - - [31/Mar/2023:13:52:01 -0300] "GET / HTTP/1.1" 200 11217
200.54.237.82 - - [31/Mar/2023:13:52:26 -0300] "POST /cormun/servlet/solicitudot?gx-no-cache=1680280622443 HTTP/1.1" 200 256
200.54.237.82 - - [31/Mar/2023:13:52:29 -0300] "GET /cormun/servlet/solicitudot?96a178bdc80e281c500b07520e9f2f3c4bb721360b8c5b625b27ad065348e9aaade5a36147f0cbfadd001c9feb04414223e8dd70a98d62c178042b9b56527e0b433a16439ac4d0fae127d3d06fa75f64244fc679e9d5d6cacd4ca9021ecf2334d479d51740c279c35c5966e602bf5c781f30e352ec361df9f8a08e9f3ff8b6aac9a9b777ae1c42357b590fd8fd03abe49f041750ab72a464ba59f213098536747202dcaf5fbc20bdab4b8eb9d0d23bb985f8d22fdc8298136dfe0fea7a368f4f585855ee497657b81947a87ceaee956112f22e9ba06c8c14782ee6e3a562aacc1df222f3a2b43c4588ae93b4ee119276de97a5d473b0d7398e4e1c2b662e1fc547c388de94c335b724d0b72971a6eed8465f99b567024dd7aa055d739deee733555c2b0b608d0dc2d552a8ea1f69f9a68e0d65143e3f16e7cf8fee9b43e978de69f6309f3dba12a13e0ee20149e6f271bbafd7371caa665bb2b8bd07dde997fc12c955d86b886ae646caaf08cf01a50d2904c60a28730de364601430dabbdcaa,gx-no-cache=1680280625179 HTTP/1.1" 200 30
190.171.143.106 - - [31/Mar/2023:13:52:32 -0300] "GET /cormun/servlet/hlogin HTTP/1.1" 200 1721
200.54.237.82 - - [31/Mar/2023:13:52:33 -0300] "POST /cormun/servlet/solicitudot?gx-no-cache=1680280629227 HTTP/1.1" 200 30
200.54.237.82 - - [31/Mar/2023:13:52:43 -0300] "POST /cormun/servlet/solicitudot?gx-no-cache=1680280639291 HTTP/1.1" 200 30
200.54.237.82 - - [31/Mar/2023:13:52:56 -0300] "POST /cormun/servlet/solicitudot?gx-no-cache=1680280652146 HTTP/1.1" 200 30
200.54.237.82 - - [31/Mar/2023:13:53:06 -0300] "POST /cormun/servlet/solicitudot?gx-no-cache=1680280661966 HTTP/1.1" 200 1468
200.54.237.82 - - [31/Mar/2023:13:53:06 -0300] "POST /cormun/servlet/solicitudot?gx-no-cache=1680280662065 HTTP/1.1" 200 41
200.54.237.82 - - [31/Mar/2023:13:53:06 -0300] "GET /cormun/servlet/solicitudot?96a178bdc80e281c500b07520e9f2f3c05619c180f158409dd06610310486c67a83af58febbd540e8644e17ee14128de961c8c1aa7fa4c89387f60af956bc98e86769ba99c6661a109c59c086287f98fdcae9840d6d030075298ccf39b2329241526e1a78b18628954ec28d507e98b1e,gx-no-cache=1680280662134 HTTP/1.1" 200 110
200.54.237.82 - - [31/Mar/2023:13:53:06 -0300] "POST /cormun/servlet/solicitudot?gx-no-cache=1680280662167 HTTP/1.1" 200 97
200.54.237.82 - - [31/Mar/2023:13:53:09 -0300] "POST /cormun/servlet/solicitudot?gx-no-cache=1680280664847 HTTP/1.1" 200 30
200.54.237.82 - - [31/Mar/2023:13:53:09 -0300] "POST /cormun/servlet/solicitudot?gx-no-cache=1680280664893 HTTP/1.1" 200 1468
200.54.237.82 - - [31/Mar/2023:13:53:09 -0300] "POST /cormun/servlet/solicitudot?gx-no-cache=1680280664975 HTTP/1.1" 200 41
