190.171.143.106 - - [31/Mar/2023:13:20:55 -0300] "POST /cormun/servlet/solicitudot?gx-no-cache=1680278907492 HTTP/1.1" 200 1470
190.171.143.106 - - [31/Mar/2023:13:20:55 -0300] "POST /cormun/servlet/solicitudot?gx-no-cache=1680278907568 HTTP/1.1" 200 40
190.171.143.106 - - [31/Mar/2023:13:20:55 -0300] "GET /cormun/servlet/solicitudot?848accc04c94c1b5e617995db68fa64fd25ee062ce84a89c2d5d42c1abe683d699145a451749eed20539f41948cd6908099bb01b4abbbbd6daed1cfd833c8cf75e390903b018816ca2b597dd7ad720d7f54def24bea7425c1d04ca0f6f16c293dc151512a5b6f080dd2cafb11457832d,gx-no-cache=1680278907592 HTTP/1.1" 200 110
190.171.143.106 - - [31/Mar/2023:13:20:55 -0300] "POST /cormun/servlet/solicitudot?gx-no-cache=1680278907615 HTTP/1.1" 200 64
190.171.143.106 - - [31/Mar/2023:13:20:56 -0300] "POST /cormun/servlet/solicitudot?gx-no-cache=1680278909135 HTTP/1.1" 200 4041
190.171.143.106 - - [31/Mar/2023:13:20:57 -0300] "POST /cormun/servlet/solicitudot?abae231d74053107f075e9f91238ce59,UPD,2023,19898,false,,gx-no-cache=1680278909253 HTTP/1.1" 200 13266
190.171.143.106 - - [31/Mar/2023:13:20:57 -0300] "GET /cormun/servlet/solicitudot?848accc04c94c1b5e617995db68fa64f15a486a4d2d3b6821783fce17dfba9c70693f1702c186cd1fa8f7739d3d1faa7,gx-no-cache=1680278909461 HTTP/1.1" 200 30
190.171.143.106 - - [31/Mar/2023:13:20:57 -0300] "GET /cormun/servlet/solicitudot?848accc04c94c1b5e617995db68fa64f5f0fa4bac692cdecad2a8900d9df92636eb1e5825b4b5b9fe0cea94477f7faed8df018d73d26ec8695d43d48e29dce65,gx-no-cache=1680278909482 HTTP/1.1" 200 30
190.171.143.106 - - [31/Mar/2023:13:20:57 -0300] "GET /cormun/servlet/solicitudot?848accc04c94c1b5e617995db68fa64f2594c809a2929c5957616127df29d2258e57df277f81703f98329b7bc73e3a23a15b921bcf6865def523ac431d65c14b,gx-no-cache=1680278909498 HTTP/1.1" 200 53
190.171.143.106 - - [31/Mar/2023:13:20:57 -0300] "POST /cormun/servlet/solicitudot?gx-no-cache=1680278909521 HTTP/1.1" 200 295
190.171.143.106 - - [31/Mar/2023:13:20:57 -0300] "GET /cormun/servlet/solicitudot?848accc04c94c1b5e617995db68fa64f46d1fb0504fa8f14ee63a7a04fb3757bc8b0cb8cb7d453a4c00e36e11804a037787961e8bf86f489019b49ba77556f16eb690cb1f0a4b025840ca5d486bb6ab9306c5536541c48f48645a35ecb0dcf0f7c84cd28ba7694ea83a72a4b560b56ac15210cd07dff71bdbbc0507c47cd2e5b765eb4370b3813c068a1176ff8486cc5b51eba719baa613c5c1bbe384f39e93e302e110ec82e63556de025d778625d61f5cae43dc3a79cbf79f6603c0ec4825eb5d408bb873b94f9d228122f29a311fae06e24dac5f1603192f4ed9394ce97150af4e3e934e57c9cb6abd8ee43dbeeafc72032de81f04661281063354f46a424fae20acce49e43f4136dd0d17c4ef2f74d30de904e0839c0894e61c5227b483b1a9193f49f781ba0e47ec437e10bc7c66c488e1e68249e8be3156573085e435eeefdb6f0982d69a9462609f2a98de374fb22c400b7964247075c3cfd3acb709aa969cde66dacfaaf27964a096766d55e9cb74685345bcbeef06bc510a8880d368df018d73d26ec8695d43d48e29dce65,gx-no-cache=1680278909555 HTTP/1.1" 200 30
190.171.143.106 - - [31/Mar/2023:13:20:57 -0300] "POST /cormun/servlet/solicitudot?gx-no-cache=1680278909583 HTTP/1.1" 200 30
190.171.143.106 - - [31/Mar/2023:13:20:57 -0300] "POST /cormun/servlet/solicitudot?gx-no-cache=1680278909631 HTTP/1.1" 200 1470
190.171.143.106 - - [31/Mar/2023:13:20:57 -0300] "POST /cormun/servlet/solicitudot?gx-no-cache=1680278909713 HTTP/1.1" 200 40
190.171.143.106 - - [31/Mar/2023:13:20:57 -0300] "GET /cormun/servlet/solicitudot?848accc04c94c1b5e617995db68fa64fd25ee062ce84a89c2d5d42c1abe683d699145a451749eed20539f41948cd6908099bb01b4abbbbd6daed1cfd833c8cf75e390903b018816ca2b597dd7ad720d7f54def24bea7425c1d04ca0f6f16c293dc151512a5b6f080dd2cafb11457832d,gx-no-cache=1680278909743 HTTP/1.1" 200 110
190.171.143.106 - - [31/Mar/2023:13:20:57 -0300] "POST /cormun/servlet/solicitudot?gx-no-cache=1680278909774 HTTP/1.1" 200 64
190.171.141.98 - - [31/Mar/2023:13:20:59 -0300] "POST /cormun/servlet/solicitudot?gx-no-cache=1680282312431 HTTP/1.1" 200 135
190.171.143.106 - - [31/Mar/2023:13:20:59 -0300] "POST /cormun/servlet/solicitudot?gx-no-cache=1680278911443 HTTP/1.1" 200 34
190.171.141.98 - - [31/Mar/2023:13:20:59 -0300] "POST /cormun/servlet/solicitudot?284ca19794ae8450802daa846ddf1ddd,INS,0,0,false,,gx-no-cache=1680282312491 HTTP/1.1" 200 13528
190.171.143.106 - - [31/Mar/2023:13:20:59 -0300] "POST /cormun/servlet/solicitudot?abae231d74053107f075e9f91238ce59,UPD,2023,19898,false,,gx-no-cache=1680278911468 HTTP/1.1" 200 93
190.171.143.106 - - [31/Mar/2023:13:20:59 -0300] "GET /cormun/servlet/hpexe_return? HTTP/1.1" 200 1011
190.171.143.106 - - [31/Mar/2023:13:20:59 -0300] "GET /cormun/servlet/trsolicitudot HTTP/1.1" 200 8840
190.171.143.106 - - [31/Mar/2023:13:20:59 -0300] "GET /cormun/servlet/trsolicitudot HTTP/1.1" 200 8836
190.171.142.50 - - [31/Mar/2023:13:21:02 -0300] "POST /cormun/servlet/hlogin?4a6b7a6a4c7fc2e5ae6db85adc5d8cab,gx-no-cache=1680278737944 HTTP/1.1" 200 90
190.171.142.50 - - [31/Mar/2023:13:21:02 -0300] "GET /cormun/servlet/hpexe_link HTTP/1.1" 200 953
190.171.142.50 - - [31/Mar/2023:13:21:02 -0300] "GET /cormun/servlet/hhome HTTP/1.1" 200 4217
190.171.142.50 - - [31/Mar/2023:13:21:02 -0300] "GET /cormun/servlet/hhome HTTP/1.1" 200 4213
190.171.143.106 - - [31/Mar/2023:13:21:03 -0300] "POST /cormun/servlet/trsolicitudot?abae231d74053107f075e9f91238ce59,gx-no-cache=1680278916065 HTTP/1.1" 200 107
190.171.143.106 - - [31/Mar/2023:13:21:03 -0300] "GET /cormun/servlet/trsolicitudadjuntos?2023,19898, HTTP/1.1" 200 6314
190.171.143.106 - - [31/Mar/2023:13:21:04 -0300] "GET /cormun/servlet/trsolicitudadjuntos?2023,19898, HTTP/1.1" 200 6314
190.171.142.50 - - [31/Mar/2023:13:21:05 -0300] "GET /cormun/servlet/trautorizarsolicitud? HTTP/1.1" 200 9866
190.171.142.50 - - [31/Mar/2023:13:21:05 -0300] "GET /cormun/servlet/trautorizarsolicitud? HTTP/1.1" 200 9864
190.171.142.50 - - [31/Mar/2023:13:21:07 -0300] "POST /cormun/servlet/trautorizarsolicitud?4a6b7a6a4c7fc2e5ae6db85adc5d8cab,,gx-no-cache=1680278743386 HTTP/1.1" 200 6646
190.171.142.50 - - [31/Mar/2023:13:21:07 -0300] "GET /cormun/static/Shared/jqueryui/images/ui-icons_82798d_256x240.png HTTP/1.1" 404 1089
190.171.142.50 - - [31/Mar/2023:13:21:07 -0300] "GET /cormun/static/Shared/jqueryui/images/ui-bg_highlight-soft_100_c6c2c8_1x100.png HTTP/1.1" 404 1117
190.171.142.50 - - [31/Mar/2023:13:21:07 -0300] "GET /cormun/static/Shared/jqueryui/images/ui-icons_8d78a5_256x240.png HTTP/1.1" 404 1089
190.171.142.50 - - [31/Mar/2023:13:21:07 -0300] "GET /cormun/static/Shared/jqueryui/images/ui-bg_flat_55_fafafa_40x100.png HTTP/1.1" 404 1097
190.171.142.50 - - [31/Mar/2023:13:21:07 -0300] "POST /cormun/servlet/trautorizarsolicitud?4a6b7a6a4c7fc2e5ae6db85adc5d8cab,,gx-no-cache=1680278743569 HTTP/1.1" 200 6592
190.171.142.50 - - [31/Mar/2023:13:21:08 -0300] "POST /cormun/servlet/trautorizarsolicitud?4a6b7a6a4c7fc2e5ae6db85adc5d8cab,,gx-no-cache=1680278744269 HTTP/1.1" 200 6364
190.171.142.50 - - [31/Mar/2023:13:21:08 -0300] "POST /cormun/servlet/trautorizarsolicitud?4a6b7a6a4c7fc2e5ae6db85adc5d8cab,,gx-no-cache=1680278744471 HTTP/1.1" 200 6307
190.171.142.50 - - [31/Mar/2023:13:21:09 -0300] "POST /cormun/servlet/trautorizarsolicitud?4a6b7a6a4c7fc2e5ae6db85adc5d8cab,,gx-no-cache=1680278745423 HTTP/1.1" 200 6034
190.171.142.50 - - [31/Mar/2023:13:21:09 -0300] "POST /cormun/servlet/trautorizarsolicitud?4a6b7a6a4c7fc2e5ae6db85adc5d8cab,,gx-no-cache=1680278745568 HTTP/1.1" 200 5980
190.171.143.106 - - [31/Mar/2023:13:21:10 -0300] "GET /cormun/servlet/solicitudotadjuntos?INS,2023,19898,,1, HTTP/1.1" 200 6259
190.171.143.106 - - [31/Mar/2023:13:21:10 -0300] "GET /cormun/static/about:blank HTTP/1.1" 404 1011
190.171.143.106 - - [31/Mar/2023:13:21:10 -0300] "GET /cormun/servlet/solicitudotadjuntos?INS,2023,19898,,1, HTTP/1.1" 200 6252
190.171.143.106 - - [31/Mar/2023:13:21:10 -0300] "GET /cormun/servlet/solicitudotadjuntos?848accc04c94c1b5e617995db68fa64fa0ddc4025476a8bb79cdba5323af85e8f1340f14b4910ebfa9dd88b6e10bf7f4,gx-no-cache=1680278923035 HTTP/1.1" 200 30
190.171.143.106 - - [31/Mar/2023:13:21:10 -0300] "POST /cormun/servlet/solicitudotadjuntos?abae231d74053107f075e9f91238ce59,INS,2023,19898,,1,,gx-no-cache=1680278923066 HTTP/1.1" 200 4149
190.171.142.50 - - [31/Mar/2023:13:21:10 -0300] "POST /cormun/servlet/trautorizarsolicitud?4a6b7a6a4c7fc2e5ae6db85adc5d8cab,,gx-no-cache=1680278746679 HTTP/1.1" 200 4785
190.171.142.50 - - [31/Mar/2023:13:21:11 -0300] "POST /cormun/servlet/trautorizarsolicitud?4a6b7a6a4c7fc2e5ae6db85adc5d8cab,,gx-no-cache=1680278746816 HTTP/1.1" 200 4535
190.171.143.106 - - [31/Mar/2023:13:21:16 -0300] "POST /cormun/servlet/solicitudotadjuntos?gx-no-cache=1680278929102 HTTP/1.1" 200 26
181.212.47.137 - - [31/Mar/2023:13:21:24 -0300] "GET /cormun/servlet/hlogin HTTP/1.1" 200 1728
181.212.47.137 - - [31/Mar/2023:13:21:24 -0300] "GET /cormun/static/gxcfg.js?2022112219184450 HTTP/1.1" 200 953
181.212.47.137 - - [31/Mar/2023:13:21:24 -0300] "GET /cormun/static/Resources/Spanish/PXTools.css?1759030 HTTP/1.1" 200 100853
181.212.47.137 - - [31/Mar/2023:13:21:24 -0300] "GET /cormun/static/hlogin.js?2022112219184458 HTTP/1.1" 200 2156
181.212.47.137 - - [31/Mar/2023:13:21:24 -0300] "GET /cormun/static/Resources/CormunLogin.png HTTP/1.1" 200 19132
181.212.47.137 - - [31/Mar/2023:13:21:26 -0300] "POST /cormun/servlet/hlogin?5e88313134d1a30235d846b1d2665cd7,gx-no-cache=1680278756572 HTTP/1.1" 200 90
181.212.47.137 - - [31/Mar/2023:13:21:26 -0300] "GET /cormun/servlet/hpexe_link HTTP/1.1" 200 957
181.212.47.137 - - [31/Mar/2023:13:21:26 -0300] "GET /cormun/static/gxcfg.js?20221129847421 HTTP/1.1" 200 953
181.212.47.137 - - [31/Mar/2023:13:21:26 -0300] "GET /cormun/static/hpexe_link.js?20221129847423 HTTP/1.1" 200 625
181.212.47.137 - - [31/Mar/2023:13:21:26 -0300] "GET /cormun/static/Resources/Spanish/PXTools.css?8354383 HTTP/1.1" 200 100853
181.212.47.137 - - [31/Mar/2023:13:21:26 -0300] "GET /cormun/servlet/hhome HTTP/1.1" 200 3800
181.212.47.137 - - [31/Mar/2023:13:21:26 -0300] "GET /cormun/static/hwchdr01.js?2022112219251119 HTTP/1.1" 200 996
181.212.47.137 - - [31/Mar/2023:13:21:26 -0300] "GET /cormun/static/hpexe_messagecontroller.js?202211298371222 HTTP/1.1" 200 870
181.212.47.137 - - [31/Mar/2023:13:21:26 -0300] "GET /cormun/static/hpexe_messagegenexuscomponent.js?20221129836373 HTTP/1.1" 200 587
181.212.47.137 - - [31/Mar/2023:13:21:26 -0300] "GET /cormun/static/Resources/CormunMP2.png HTTP/1.1" 200 6878
181.212.47.137 - - [31/Mar/2023:13:21:26 -0300] "GET /cormun/static/hmpwkw03.js?20221129844354 HTTP/1.1" 200 3971
181.212.47.137 - - [31/Mar/2023:13:21:27 -0300] "GET /cormun/servlet/hhome HTTP/1.1" 200 3797
181.212.47.137 - - [31/Mar/2023:13:21:29 -0300] "GET /cormun/servlet/trsolicitudgral? HTTP/1.1" 200 27835
181.212.47.137 - - [31/Mar/2023:13:21:31 -0300] "GET /cormun/servlet/trsolicitudgral? HTTP/1.1" 200 27833
190.171.141.98 - - [31/Mar/2023:13:21:33 -0300] "POST /cormun/servlet/solicitudot?gx-no-cache=1680282347031 HTTP/1.1" 200 146
190.171.141.98 - - [31/Mar/2023:13:21:33 -0300] "POST /cormun/servlet/solicitudot?284ca19794ae8450802daa846ddf1ddd,INS,0,0,false,,gx-no-cache=1680282347115 HTTP/1.1" 200 13575
181.212.47.137 - - [31/Mar/2023:13:21:44 -0300] "POST /cormun/servlet/trsolicitudgral?5e88313134d1a30235d846b1d2665cd7,,gx-no-cache=1680278774420 HTTP/1.1" 200 6680
190.171.143.106 - - [31/Mar/2023:13:21:49 -0300] "GET /cormun/servlet/solicitudotadjuntos?848accc04c94c1b5e617995db68fa64f79a590b6277f252b223de7d45ed7626f,gx-no-cache=1680278961717 HTTP/1.1" 200 30
190.171.143.106 - - [31/Mar/2023:13:21:49 -0300] "GET /cormun/servlet/solicitudotadjuntos?848accc04c94c1b5e617995db68fa64f79a590b6277f252b223de7d45ed7626f,gx-no-cache=1680278961741 HTTP/1.1" 200 30
190.171.143.106 - - [31/Mar/2023:13:21:51 -0300] "POST /cormun/servlet/solicitudotadjuntos?abae231d74053107f075e9f91238ce59,INS,2023,19898,,1, HTTP/1.1" 200 6704
190.171.143.106 - - [31/Mar/2023:13:21:52 -0300] "GET /cormun/static/Shared/jqueryui/images/ui-bg_highlight-soft_100_c6c2c8_1x100.png HTTP/1.1" 404 1117
190.171.143.106 - - [31/Mar/2023:13:21:52 -0300] "GET /cormun/static/Shared/jqueryui/images/ui-icons_82798d_256x240.png HTTP/1.1" 404 1089
190.171.143.106 - - [31/Mar/2023:13:21:52 -0300] "GET /cormun/static/Shared/jqueryui/images/ui-bg_flat_55_994d53_40x100.png HTTP/1.1" 404 1097
190.171.143.106 - - [31/Mar/2023:13:21:52 -0300] "GET /cormun/static/Shared/jqueryui/images/ui-icons_ebccce_256x240.png HTTP/1.1" 404 1089
190.171.143.106 - - [31/Mar/2023:13:21:52 -0300] "GET /cormun/PrivateTempStorage/upload_00001919.jpg HTTP/1.1" 200 3054011
190.171.143.106 - - [31/Mar/2023:13:22:08 -0300] "GET /cormun/servlet/trsolicitudadjuntos?2023,19898, HTTP/1.1" 200 6314
190.171.143.106 - - [31/Mar/2023:13:22:09 -0300] "GET /cormun/servlet/trsolicitudadjuntos?2023,19898, HTTP/1.1" 200 6314
190.171.143.106 - - [31/Mar/2023:13:22:13 -0300] "GET /cormun/servlet/solicitudotadjuntos?INS,2023,19898,,2, HTTP/1.1" 200 6258
190.171.143.106 - - [31/Mar/2023:13:22:13 -0300] "GET /cormun/static/about:blank HTTP/1.1" 404 1011
190.171.143.106 - - [31/Mar/2023:13:22:13 -0300] "GET /cormun/servlet/solicitudotadjuntos?INS,2023,19898,,2, HTTP/1.1" 200 6251
190.171.143.106 - - [31/Mar/2023:13:22:13 -0300] "GET /cormun/servlet/solicitudotadjuntos?848accc04c94c1b5e617995db68fa64fa0ddc4025476a8bb79cdba5323af85e8f1340f14b4910ebfa9dd88b6e10bf7f4,gx-no-cache=1680278986144 HTTP/1.1" 200 30
190.171.143.106 - - [31/Mar/2023:13:22:13 -0300] "POST /cormun/servlet/solicitudotadjuntos?abae231d74053107f075e9f91238ce59,INS,2023,19898,,2,,gx-no-cache=1680278986170 HTTP/1.1" 200 4364
181.42.37.189 - - [31/Mar/2023:13:22:17 -0300] "GET / HTTP/1.1" 200 11217
181.42.37.189 - - [31/Mar/2023:13:22:17 -0300] "GET /tomcat.png HTTP/1.1" 200 5103
181.42.37.189 - - [31/Mar/2023:13:22:17 -0300] "GET /tomcat.css HTTP/1.1" 200 5576
181.42.37.189 - - [31/Mar/2023:13:22:18 -0300] "GET /bg-nav.png HTTP/1.1" 200 1401
181.42.37.189 - - [31/Mar/2023:13:22:18 -0300] "GET /bg-middle.png HTTP/1.1" 200 1918
181.42.37.189 - - [31/Mar/2023:13:22:18 -0300] "GET /asf-logo.png HTTP/1.1" 200 17811
181.42.37.189 - - [31/Mar/2023:13:22:18 -0300] "GET /bg-upper.png HTTP/1.1" 200 3103
181.42.37.189 - - [31/Mar/2023:13:22:18 -0300] "GET /bg-button.png HTTP/1.1" 200 713
190.171.141.98 - - [31/Mar/2023:13:23:05 -0300] "POST /cormun/servlet/solicitudot?gx-no-cache=1680282439283 HTTP/1.1" 200 30
190.171.141.98 - - [31/Mar/2023:13:23:14 -0300] "POST /cormun/servlet/solicitudot?gx-no-cache=1680282447911 HTTP/1.1" 200 1471
190.171.141.98 - - [31/Mar/2023:13:23:14 -0300] "POST /cormun/servlet/solicitudot?gx-no-cache=1680282447999 HTTP/1.1" 200 41
190.171.141.98 - - [31/Mar/2023:13:23:14 -0300] "GET /cormun/servlet/solicitudot?8588afb4863119d9ac191fcf311d6b00b796fb7476c5b75a7727fd2f60bf58594fa327e1839373d59114388d38da3752f36c32005f1d7dc10069537afae6446c9fe44a235cdf64ae45993526f4e9f30df00a1a8e9f3f17448736e0a7c17f23a53a96756b8cf9c9d5a4a6ce72d06a3bf4,gx-no-cache=1680282448022 HTTP/1.1" 200 110
190.171.141.98 - - [31/Mar/2023:13:23:14 -0300] "POST /cormun/servlet/solicitudot?gx-no-cache=1680282448046 HTTP/1.1" 200 79
190.171.141.98 - - [31/Mar/2023:13:24:09 -0300] "GET /cormun/servlet/trsolicitudadjuntos?2021,17422, HTTP/1.1" 200 9304
190.171.141.98 - - [31/Mar/2023:13:24:09 -0300] "GET /cormun/servlet/hlogin HTTP/1.1" 200 1755
190.171.141.98 - - [31/Mar/2023:13:24:10 -0300] "GET /cormun/servlet/trsolicitudadjuntos?2021,17422, HTTP/1.1" 200 9326
190.171.141.98 - - [31/Mar/2023:13:24:12 -0300] "POST /cormun/servlet/hlogin?14fa9caeada75ff18035fd172f26e1a9,gx-no-cache=1680282506302 HTTP/1.1" 200 90
190.171.141.98 - - [31/Mar/2023:13:24:12 -0300] "GET /cormun/servlet/hpexe_link HTTP/1.1" 200 973
190.171.141.98 - - [31/Mar/2023:13:24:13 -0300] "GET /cormun/servlet/trsolicitudadjuntos?2021,17422, HTTP/1.1" 200 9902
181.212.47.137 - - [31/Mar/2023:13:24:14 -0300] "GET /cormun/servlet/hlogin HTTP/1.1" 200 1728
190.171.141.98 - - [31/Mar/2023:13:24:14 -0300] "GET /cormun/servlet/trsolicitudadjuntos?2021,17422, HTTP/1.1" 200 9907
181.212.47.137 - - [31/Mar/2023:13:24:16 -0300] "POST /cormun/servlet/hlogin?5e88313134d1a30235d846b1d2665cd7,gx-no-cache=1680278926572 HTTP/1.1" 200 90
181.212.47.137 - - [31/Mar/2023:13:24:16 -0300] "GET /cormun/servlet/hpexe_link HTTP/1.1" 200 965
181.212.47.137 - - [31/Mar/2023:13:24:16 -0300] "GET /cormun/servlet/trsolicitudgral? HTTP/1.1" 200 9733
181.212.47.137 - - [31/Mar/2023:13:24:17 -0300] "GET /cormun/servlet/trsolicitudgral? HTTP/1.1" 200 9732
181.212.47.137 - - [31/Mar/2023:13:24:18 -0300] "GET /cormun/servlet/vesolicitudgral?2022,19285,, HTTP/1.1" 200 8357
181.212.47.137 - - [31/Mar/2023:13:24:18 -0300] "GET /cormun/pexe_scrolldiv.js HTTP/1.1" 404 1009
181.212.47.137 - - [31/Mar/2023:13:24:19 -0300] "GET /cormun/servlet/vesolicitudgral?2022,19285,, HTTP/1.1" 200 8356
190.171.141.98 - - [31/Mar/2023:13:24:20 -0300] "GET /cormun/servlet/trsolicitudot? HTTP/1.1" 200 7121
190.171.141.98 - - [31/Mar/2023:13:24:20 -0300] "GET /cormun/servlet/trsolicitudot? HTTP/1.1" 200 7106
181.212.47.137 - - [31/Mar/2023:13:24:21 -0300] "GET /cormun/servlet/vesolicitudgral?2022,19285,,SolicitudOTAdjuntos HTTP/1.1" 200 11116
181.212.47.137 - - [31/Mar/2023:13:24:21 -0300] "GET /cormun/pexe_scrolldiv.js HTTP/1.1" 404 1009
181.212.47.137 - - [31/Mar/2023:13:24:21 -0300] "GET /cormun/static/tbsolicitudgral02.js?202211298373061 HTTP/1.1" 200 13312
181.212.47.137 - - [31/Mar/2023:13:24:21 -0300] "GET /cormun/servlet/vesolicitudgral?2022,19285,,SolicitudOTAdjuntos HTTP/1.1" 200 11119
181.212.47.137 - - [31/Mar/2023:13:24:22 -0300] "POST /cormun/servlet/acontrolpreferencessavestate?None,RRHH+DANIELA,true HTTP/1.1" 200 35
181.212.47.137 - - [31/Mar/2023:13:24:23 -0300] "GET /cormun/PublicTempStorage/cv_matias_valenzuela_efi716997.docx HTTP/1.1" 200 86183
190.171.141.98 - - [31/Mar/2023:13:24:23 -0300] "GET /cormun/servlet/solicitudot?INS,0,0,false, HTTP/1.1" 200 15758
190.171.141.98 - - [31/Mar/2023:13:24:24 -0300] "GET /cormun/servlet/solicitudot?INS,0,0,false, HTTP/1.1" 200 15765
190.171.141.98 - - [31/Mar/2023:13:24:31 -0300] "GET /cormun/servlet/prfichaempleado?,MD,,gxPopupLevel%3D0%3B HTTP/1.1" 200 9184
190.171.141.98 - - [31/Mar/2023:13:24:43 -0300] "POST /cormun/servlet/prfichaempleado?14fa9caeada75ff18035fd172f26e1a9,,MD,,gxPopupLevel%3D0%3B,gx-no-cache=1680282536528 HTTP/1.1" 200 6283
190.171.141.98 - - [31/Mar/2023:13:24:43 -0300] "GET /cormun/static/Resources/PXToolsGridNext.gif HTTP/1.1" 200 369
190.171.141.98 - - [31/Mar/2023:13:24:43 -0300] "GET /cormun/static/Resources/PXToolsGridLast.gif HTTP/1.1" 200 370
190.171.141.90 - - [31/Mar/2023:13:25:47 -0300] "GET /cormun/servlet/hlogin HTTP/1.1" 200 1719
190.171.141.90 - - [31/Mar/2023:13:25:47 -0300] "GET /cormun/servlet/hlogin HTTP/1.1" 200 1721
190.171.141.90 - - [31/Mar/2023:13:25:47 -0300] "GET /cormun/static/gxcfg.js?2022112219184450 HTTP/1.1" 200 953
190.171.141.90 - - [31/Mar/2023:13:25:47 -0300] "GET /cormun/static/hlogin.js?2022112219184458 HTTP/1.1" 200 2156
190.171.141.90 - - [31/Mar/2023:13:25:47 -0300] "GET /cormun/static/Resources/Spanish/PXTools.css?1759030 HTTP/1.1" 200 100853
190.171.141.90 - - [31/Mar/2023:13:25:47 -0300] "GET /cormun/static/Resources/CormunLogin.png HTTP/1.1" 200 19132
190.171.141.90 - - [31/Mar/2023:13:25:47 -0300] "GET /cormun/servlet/hlogin HTTP/1.1" 200 1732
190.171.141.90 - - [31/Mar/2023:13:25:47 -0300] "GET /favicon.ico HTTP/1.1" 200 21630
190.171.141.90 - - [31/Mar/2023:13:25:54 -0300] "POST /cormun/servlet/hlogin?64a1a8846499500312ba5f7efecb2922,gx-no-cache=1680279030647 HTTP/1.1" 200 90
190.171.141.90 - - [31/Mar/2023:13:25:54 -0300] "GET /cormun/servlet/hpexe_link HTTP/1.1" 200 953
190.171.141.90 - - [31/Mar/2023:13:25:54 -0300] "GET /cormun/static/gxcfg.js?20221129847421 HTTP/1.1" 200 953
190.171.141.90 - - [31/Mar/2023:13:25:54 -0300] "GET /cormun/static/hpexe_link.js?20221129847423 HTTP/1.1" 200 625
190.171.141.90 - - [31/Mar/2023:13:25:54 -0300] "GET /cormun/static/Resources/Spanish/PXTools.css?8354383 HTTP/1.1" 200 100853
190.171.141.90 - - [31/Mar/2023:13:25:54 -0300] "GET /cormun/servlet/hhome HTTP/1.1" 200 4076
190.171.141.90 - - [31/Mar/2023:13:25:54 -0300] "GET /cormun/static/hpexe_messagecontroller.js?202211298371222 HTTP/1.1" 200 870
190.171.141.90 - - [31/Mar/2023:13:25:54 -0300] "GET /cormun/static/hpexe_messagegenexuscomponent.js?20221129836373 HTTP/1.1" 200 587
190.171.141.90 - - [31/Mar/2023:13:25:54 -0300] "GET /cormun/static/Resources/CormunMP2.png HTTP/1.1" 200 6878
190.171.141.90 - - [31/Mar/2023:13:25:54 -0300] "GET /cormun/static/hmpwkw03.js?20221129844354 HTTP/1.1" 200 3971
190.171.141.90 - - [31/Mar/2023:13:25:54 -0300] "GET /cormun/static/hwchdr01.js?2022112219251119 HTTP/1.1" 200 996
190.171.141.90 - - [31/Mar/2023:13:25:54 -0300] "GET /cormun/servlet/hhome HTTP/1.1" 200 4072
190.171.141.90 - - [31/Mar/2023:13:25:59 -0300] "GET /cormun/servlet/trautorizarsolicitud? HTTP/1.1" 200 9545
190.171.141.90 - - [31/Mar/2023:13:25:59 -0300] "GET /cormun/static/gxcfg.js?202211298474254 HTTP/1.1" 200 953
190.171.141.90 - - [31/Mar/2023:13:25:59 -0300] "GET /cormun/static/gxui/gxui-all.css?120300 HTTP/1.1" 200 2179
190.171.141.90 - - [31/Mar/2023:13:25:59 -0300] "GET /cormun/static/calendar-system.css?85620 HTTP/1.1" 200 5572
190.171.141.90 - - [31/Mar/2023:13:26:00 -0300] "GET /cormun/static/Shared/ext/resources/css/ext-all.css?215870 HTTP/1.1" 200 416045
190.171.141.90 - - [31/Mar/2023:13:26:00 -0300] "GET /cormun/static/trautorizarsolicitud.js?202211298474588 HTTP/1.1" 200 53909
190.171.141.90 - - [31/Mar/2023:13:26:00 -0300] "GET /cormun/servlet/trautorizarsolicitud? HTTP/1.1" 200 9544
190.171.141.98 - - [31/Mar/2023:13:26:04 -0300] "POST /cormun/servlet/solicitudot?gx-no-cache=1680282618025 HTTP/1.1" 200 4079
190.171.141.98 - - [31/Mar/2023:13:26:04 -0300] "POST /cormun/servlet/solicitudot?14fa9caeada75ff18035fd172f26e1a9,INS,0,0,false,,gx-no-cache=1680282618175 HTTP/1.1" 200 12651
190.171.141.98 - - [31/Mar/2023:13:26:14 -0300] "GET /cormun/servlet/solicitudot?2123f883458f875108366f7fdfef993197c4e9d3d6f9b877ed8f7189fdb44bbaee451226abeb288c807cfde0c21fc558,gx-no-cache=1680282628028 HTTP/1.1" 200 30
190.171.141.98 - - [31/Mar/2023:13:26:14 -0300] "GET /cormun/servlet/solicitudot?2123f883458f875108366f7fdfef99315335eef4edda4f4d4b78e4eae422ff6d823ac5caec92a450380d5c23291ec6d75a2c83388eb6d89b825c8a8a33ac04cb,gx-no-cache=1680282628054 HTTP/1.1" 200 30
190.171.141.98 - - [31/Mar/2023:13:26:14 -0300] "GET /cormun/servlet/solicitudot?2123f883458f875108366f7fdfef9931790b2383f56c23e39ca5897a82149ad7,gx-no-cache=1680282628075 HTTP/1.1" 200 70
190.171.141.98 - - [31/Mar/2023:13:26:14 -0300] "POST /cormun/servlet/solicitudot?gx-no-cache=1680282628098 HTTP/1.1" 200 255
190.171.141.98 - - [31/Mar/2023:13:26:14 -0300] "GET /cormun/servlet/solicitudot?2123f883458f875108366f7fdfef9931b3d3433c98b5478a391efec533f94d64246277b1e5b438bd00d5205701bb62b4e8ac4e49fdaf4cc01ddaff67305b9449750da5e169a62d394d0a8a923436b7be059784a33135b2eefec1f51e1b53a319a1133df56a79b451a070cd2a828536335db52e8c4d3f1894555dccfe9ff6e7084127fd6d94bbc19b844b5b210c181417d12971d1ebc63af7dffd93826bc443bb2bf34b6f6473919f01d0adb03f8eaa7b32debadb12f12437b23b3dbceff898b104f8b209bdb5bfd26e3a5f4c27b9ccb9f343e009491aab1144bef2135b4d258de407f6f9552009704d623d0367a51d4a8f8d0852839e9e747b9f85c5acd0be185bce8ce3ff9c1ed38fd771718410ab516d3062bcdf48b9950b53976e3e30da8f6ab84b48a6f7d96f03f935b9c4a9e937d2c4986e37975fcb76a90f95131b5455954e28a8c2528e3187256e8944e2125b01adb6af812a16c11a07dbe2898d3f90c555ab42a70e3809f2c0874420897050678a9caaf86ef2a46c30445e5360e141,gx-no-cache=1680282628128 HTTP/1.1" 200 30
190.171.141.98 - - [31/Mar/2023:13:26:21 -0300] "POST /cormun/servlet/solicitudot?gx-no-cache=1680282634897 HTTP/1.1" 200 30
40.77.167.94 - - [31/Mar/2023:13:26:31 -0300] "GET /cormun/servlet/trsolicitudot HTTP/1.1" 200 6313
190.171.141.90 - - [31/Mar/2023:13:26:33 -0300] "POST /cormun/servlet/trautorizarsolicitud?64a1a8846499500312ba5f7efecb2922,,gx-no-cache=1680279069752 HTTP/1.1" 200 6587
190.171.141.98 - - [31/Mar/2023:13:26:33 -0300] "POST /cormun/servlet/solicitudot?gx-no-cache=1680282646804 HTTP/1.1" 200 1468
190.171.141.98 - - [31/Mar/2023:13:26:33 -0300] "POST /cormun/servlet/solicitudot?gx-no-cache=1680282646837 HTTP/1.1" 200 38
190.171.141.98 - - [31/Mar/2023:13:26:33 -0300] "GET /cormun/servlet/solicitudot?2123f883458f875108366f7fdfef993150ae10515c5233f796c51659c8e7ea323bdde261035b342abf9f65b6b40ccbeb7eed4b9b301fc434bc18dc95637be74574dc9cc3a4681e4236fc476c23945947f77ac66cb0b6ca53006dbf145a50876c72b20fb6029629b3588cec3eeb18a68a,gx-no-cache=1680282646858 HTTP/1.1" 200 110
190.171.141.90 - - [31/Mar/2023:13:26:33 -0300] "GET /cormun/static/Shared/jqueryui/images/ui-icons_82798d_256x240.png HTTP/1.1" 404 1089
190.171.141.90 - - [31/Mar/2023:13:26:33 -0300] "GET /cormun/static/Shared/jqueryui/images/ui-bg_highlight-soft_100_c6c2c8_1x100.png HTTP/1.1" 404 1117
190.171.141.90 - - [31/Mar/2023:13:26:33 -0300] "GET /cormun/static/Shared/jqueryui/images/ui-icons_8d78a5_256x240.png HTTP/1.1" 404 1089
190.171.141.90 - - [31/Mar/2023:13:26:33 -0300] "GET /cormun/static/Shared/jqueryui/images/ui-bg_flat_55_fafafa_40x100.png HTTP/1.1" 404 1097
190.171.141.90 - - [31/Mar/2023:13:26:33 -0300] "POST /cormun/servlet/trautorizarsolicitud?64a1a8846499500312ba5f7efecb2922,,gx-no-cache=1680279070460 HTTP/1.1" 200 6531
190.171.141.98 - - [31/Mar/2023:13:26:55 -0300] "POST /cormun/servlet/solicitudot?gx-no-cache=1680282668684 HTTP/1.1" 200 97
190.171.141.90 - - [31/Mar/2023:13:26:57 -0300] "POST /cormun/servlet/trautorizarsolicitud?64a1a8846499500312ba5f7efecb2922,,gx-no-cache=1680279093822 HTTP/1.1" 200 5973
190.171.141.90 - - [31/Mar/2023:13:26:57 -0300] "POST /cormun/servlet/trautorizarsolicitud?64a1a8846499500312ba5f7efecb2922,,gx-no-cache=1680279094188 HTTP/1.1" 200 5914
190.171.141.98 - - [31/Mar/2023:13:27:17 -0300] "GET /cormun/servlet/solicitudot?2123f883458f875108366f7fdfef993162f73c5b0cae77d306162350a5d0473e979ed54ef99a18b33729cd1292124958b9d9b36156fac5103aee1dd723dccadd43690906363eecae894cc23ea24eb90c275cea1bd7449b2c38ec7471cf73b868a633db898213d75b206e14aaa0ed7ccf1581b776a2da486551c3d40af84c89d63d6de3beb3f33cffb275ca46d6e63181114bf2bf76b0fc7724a122a7470100fd,gx-no-cache=1680282691042 HTTP/1.1" 200 29
190.171.141.98 - - [31/Mar/2023:13:27:17 -0300] "GET /cormun/static/menuarrow.gif HTTP/1.1" 404 1015
190.171.141.90 - - [31/Mar/2023:13:27:19 -0300] "POST /cormun/servlet/trautorizarsolicitud?64a1a8846499500312ba5f7efecb2922,,gx-no-cache=1680279116036 HTTP/1.1" 200 4780
190.171.141.90 - - [31/Mar/2023:13:27:19 -0300] "POST /cormun/servlet/trautorizarsolicitud?64a1a8846499500312ba5f7efecb2922,,gx-no-cache=1680279116402 HTTP/1.1" 200 4533
186.103.157.98 - - [31/Mar/2023:13:27:27 -0300] "GET /cormun/servlet/hlogin HTTP/1.1" 200 1715
186.103.157.98 - - [31/Mar/2023:13:27:30 -0300] "POST /cormun/servlet/hlogin?11ac0b4beda0276bfe040f859da76173,gx-no-cache=1680279126943 HTTP/1.1" 200 90
186.103.157.98 - - [31/Mar/2023:13:27:30 -0300] "GET /cormun/servlet/hpexe_link HTTP/1.1" 200 946
186.103.157.98 - - [31/Mar/2023:13:27:30 -0300] "GET /cormun/static/gxcfg.js?20221129847421 HTTP/1.1" 200 953
186.103.157.98 - - [31/Mar/2023:13:27:30 -0300] "GET /cormun/static/hpexe_link.js?20221129847423 HTTP/1.1" 200 625
186.103.157.98 - - [31/Mar/2023:13:27:30 -0300] "GET /cormun/servlet/hhome HTTP/1.1" 200 4265
186.103.157.98 - - [31/Mar/2023:13:27:30 -0300] "GET /cormun/static/gxcfg.js?20201215495537 HTTP/1.1" 200 953
186.103.157.98 - - [31/Mar/2023:13:27:30 -0300] "GET /cormun/static/hwchdr01.js?2022112219251119 HTTP/1.1" 200 996
186.103.157.98 - - [31/Mar/2023:13:27:30 -0300] "GET /cormun/static/hhome.js?20201215495544 HTTP/1.1" 200 777
186.103.157.98 - - [31/Mar/2023:13:27:30 -0300] "GET /cormun/static/hpexe_messagecontroller.js?202211298371222 HTTP/1.1" 200 870
186.103.157.98 - - [31/Mar/2023:13:27:30 -0300] "GET /cormun/static/hpexe_messagegenexuscomponent.js?20221129836373 HTTP/1.1" 200 587
186.103.157.98 - - [31/Mar/2023:13:27:30 -0300] "GET /cormun/static/hmpwkw03.js?20221129844354 HTTP/1.1" 200 3971
186.103.157.98 - - [31/Mar/2023:13:27:30 -0300] "GET /cormun/static/Resources/CormunMP2.png HTTP/1.1" 200 6878
186.103.157.98 - - [31/Mar/2023:13:27:30 -0300] "GET /cormun/servlet/hhome HTTP/1.1" 200 4261
186.103.157.98 - - [31/Mar/2023:13:27:30 -0300] "GET /cormun/static/SmoothNavMenu/resources/images/down.gif HTTP/1.1" 200 854
186.103.157.98 - - [31/Mar/2023:13:27:30 -0300] "GET /cormun/static/SmoothNavMenu/resources/images/right.gif HTTP/1.1" 200 860
190.171.141.98 - - [31/Mar/2023:13:27:32 -0300] "GET /cormun/servlet/solicitudot?2123f883458f875108366f7fdfef993161274c112384c6b8b3ada38c02891554eeaa158a48fa3bad73bd6ef59e43f740,gx-no-cache=1680282705979 HTTP/1.1" 200 30
181.212.42.153 - - [31/Mar/2023:13:27:58 -0300] "GET /cormun/servlet/trlicencias? HTTP/1.1" 200 8138
181.212.42.153 - - [31/Mar/2023:13:27:58 -0300] "GET /cormun/servlet/hlogin HTTP/1.1" 200 1740
181.212.42.153 - - [31/Mar/2023:13:27:58 -0300] "GET /cormun/servlet/trlicencias? HTTP/1.1" 200 8130
190.171.141.98 - - [31/Mar/2023:13:28:11 -0300] "POST /cormun/servlet/solicitudot?gx-no-cache=1680282744688 HTTP/1.1" 200 30
181.212.42.153 - - [31/Mar/2023:13:28:15 -0300] "POST /cormun/servlet/hlogin?4755d59d26f3f6572478ae4f339d64b9,gx-no-cache=1680279172288 HTTP/1.1" 200 90
181.212.42.153 - - [31/Mar/2023:13:28:15 -0300] "GET /cormun/servlet/hpexe_link HTTP/1.1" 200 956
181.212.42.153 - - [31/Mar/2023:13:28:15 -0300] "GET /cormun/servlet/trlicencias HTTP/1.1" 200 16574
181.212.42.153 - - [31/Mar/2023:13:28:15 -0300] "GET /cormun/servlet/trlicencias HTTP/1.1" 200 16572
190.171.141.98 - - [31/Mar/2023:13:28:40 -0300] "POST /cormun/servlet/solicitudot?14fa9caeada75ff18035fd172f26e1a9,INS,0,0,false,,gx-no-cache=1680282773409 HTTP/1.1" 200 93
190.171.141.98 - - [31/Mar/2023:13:28:40 -0300] "GET /cormun/servlet/hpexe_return? HTTP/1.1" 200 1012
190.171.141.98 - - [31/Mar/2023:13:28:40 -0300] "GET /cormun/static/gxcfg.js?20221129846035 HTTP/1.1" 200 953
190.171.141.98 - - [31/Mar/2023:13:28:40 -0300] "GET /cormun/static/hpexe_return.js?20221129846037 HTTP/1.1" 200 1633
190.171.141.98 - - [31/Mar/2023:13:28:40 -0300] "GET /cormun/servlet/trsolicitudot HTTP/1.1" 200 8554
190.171.141.98 - - [31/Mar/2023:13:28:41 -0300] "GET /cormun/servlet/trsolicitudot HTTP/1.1" 200 8550
190.171.141.98 - - [31/Mar/2023:13:28:49 -0300] "GET /cormun/servlet/trsolicitudot? HTTP/1.1" 200 8550
190.171.141.98 - - [31/Mar/2023:13:28:49 -0300] "GET /cormun/servlet/trsolicitudot? HTTP/1.1" 200 8550
190.171.141.98 - - [31/Mar/2023:13:28:53 -0300] "GET /cormun/servlet/solicitudot?INS,0,0,false, HTTP/1.1" 200 15757
190.171.141.98 - - [31/Mar/2023:13:28:53 -0300] "GET /cormun/servlet/solicitudot?INS,0,0,false, HTTP/1.1" 200 15764
190.171.141.98 - - [31/Mar/2023:13:29:05 -0300] "POST /cormun/servlet/solicitudot?gx-no-cache=1680282798313 HTTP/1.1" 200 3961
190.171.141.98 - - [31/Mar/2023:13:29:05 -0300] "POST /cormun/servlet/solicitudot?14fa9caeada75ff18035fd172f26e1a9,INS,0,0,false,,gx-no-cache=1680282798534 HTTP/1.1" 200 12519
190.171.141.98 - - [31/Mar/2023:13:29:07 -0300] "GET /cormun/servlet/solicitudot?2123f883458f875108366f7fdfef99315e59a28cc9df24c83c1e8a3edc3de113ee451226abeb288c807cfde0c21fc558,gx-no-cache=1680282800720 HTTP/1.1" 200 30
190.171.141.98 - - [31/Mar/2023:13:30:22 -0300] "GET /cormun/servlet/solicitudot?2123f883458f875108366f7fdfef9931e3679b2e8667961b42d15886c26ae7aa619fc9bcb33d92adcec56882b161319fe021cc363a8794724c653111c1b4320fda3958752c567b1edfcf94d05a401eb4,gx-no-cache=1680282876170 HTTP/1.1" 200 30
190.171.141.98 - - [31/Mar/2023:13:30:22 -0300] "GET /cormun/servlet/solicitudot?2123f883458f875108366f7fdfef9931416cd1ad9bf6bb8642921a317d5537b1,gx-no-cache=1680282876203 HTTP/1.1" 200 29
190.171.141.98 - - [31/Mar/2023:13:30:24 -0300] "POST /cormun/servlet/solicitudot?gx-no-cache=1680282877570 HTTP/1.1" 200 255
190.171.141.98 - - [31/Mar/2023:13:30:26 -0300] "GET /cormun/servlet/solicitudot?2123f883458f875108366f7fdfef9931b3d3433c98b5478a391efec533f94d64246277b1e5b438bd00d5205701bb62b4e8ac4e49fdaf4cc01ddaff67305b9449750da5e169a62d394d0a8a923436b7be059784a33135b2eefec1f51e1b53a319a1133df56a79b451a070cd2a828536335db52e8c4d3f1894555dccfe9ff6e7084127fd6d94bbc19b844b5b210c181417d12971d1ebc63af7dffd93826bc443bb2bf34b6f6473919f01d0adb03f8eaa7b32debadb12f12437b23b3dbceff898b104f8b209bdb5bfd26e3a5f4c27b9ccb9f343e009491aab1144bef2135b4d258de407f6f9552009704d623d0367a51d4a8f8d0852839e9e747b9f85c5acd0be185bce8ce3ff9c1ed38fd771718410ab516d3062bcdf48b9950b53976e3e30da8f6ab84b48a6f7d96f03f935b9c4a9e937d2c4986e37975fcb76a90f95131b5455954e28a8c2528e3187256e8944e2125b01adb6af812a16c11a07dbe2898d3f90c555ab42a70e3809f2c0874420897050678a9caaf86ef2a46c30445e5360e141,gx-no-cache=1680282880324 HTTP/1.1" 200 30
190.171.141.98 - - [31/Mar/2023:13:30:32 -0300] "POST /cormun/servlet/solicitudot?gx-no-cache=1680282885816 HTTP/1.1" 200 30
190.171.141.98 - - [31/Mar/2023:13:30:35 -0300] "POST /cormun/servlet/solicitudot?gx-no-cache=1680282888757 HTTP/1.1" 200 1469
190.171.141.98 - - [31/Mar/2023:13:30:35 -0300] "POST /cormun/servlet/solicitudot?gx-no-cache=1680282888791 HTTP/1.1" 200 38
190.171.141.98 - - [31/Mar/2023:13:30:51 -0300] "GET /cormun/servlet/solicitudot?2123f883458f875108366f7fdfef993150ae10515c5233f796c51659c8e7ea323bdde261035b342abf9f65b6b40ccbeb7eed4b9b301fc434bc18dc95637be74574dc9cc3a4681e4236fc476c23945947f77ac66cb0b6ca53006dbf145a50876c72b20fb6029629b3588cec3eeb18a68a,gx-no-cache=1680282905061 HTTP/1.1" 200 110
190.171.141.98 - - [31/Mar/2023:13:30:51 -0300] "POST /cormun/servlet/solicitudot?gx-no-cache=1680282905084 HTTP/1.1" 200 97
190.171.152.234 - - [31/Mar/2023:13:31:01 -0300] "GET /cormun/servlet/trsolicitudot? HTTP/1.1" 200 7490
190.171.152.234 - - [31/Mar/2023:13:31:02 -0300] "GET /cormun/servlet/trsolicitudot? HTTP/1.1" 200 7489
190.171.152.234 - - [31/Mar/2023:13:31:21 -0300] "POST /cormun/servlet/trsolicitudot?bb82ff31d02d3385a366b0c907b2569f,,gx-no-cache=1680279480263 HTTP/1.1" 200 6069
190.171.141.98 - - [31/Mar/2023:13:31:22 -0300] "GET /cormun/servlet/solicitudot?2123f883458f875108366f7fdfef993162f73c5b0cae77d306162350a5d0473e979ed54ef99a18b33729cd12921249585fdbf672a7d95eda8c360ac8808f40e2e8b00b968cfa8a76514a92ebdf6f36b6af1fb6d17154194f742059338fceaa17d5665d50c800054703957a1f17886fc9,gx-no-cache=1680282935519 HTTP/1.1" 200 29
190.171.141.98 - - [31/Mar/2023:13:31:30 -0300] "GET /cormun/servlet/solicitudot?2123f883458f875108366f7fdfef993161274c112384c6b8b3ada38c02891554cc25ce16e5dc14b0d888d19b10b27561,gx-no-cache=1680282943587 HTTP/1.1" 200 30
190.171.152.234 - - [31/Mar/2023:13:31:42 -0300] "POST /cormun/servlet/trsolicitudot?bb82ff31d02d3385a366b0c907b2569f,,gx-no-cache=1680279501732 HTTP/1.1" 200 6059
190.171.141.98 - - [31/Mar/2023:13:31:43 -0300] "POST /cormun/servlet/solicitudot?gx-no-cache=1680282956988 HTTP/1.1" 200 30
190.171.152.234 - - [31/Mar/2023:13:31:53 -0300] "GET /cormun/servlet/trsolicitudot? HTTP/1.1" 200 8915
190.171.152.234 - - [31/Mar/2023:13:31:53 -0300] "GET /cormun/servlet/trsolicitudot? HTTP/1.1" 200 8915
190.171.152.234 - - [31/Mar/2023:13:31:56 -0300] "GET /cormun/servlet/trsolicitudot? HTTP/1.1" 200 8915
190.171.152.234 - - [31/Mar/2023:13:31:56 -0300] "GET /cormun/servlet/trsolicitudot? HTTP/1.1" 200 8915
190.171.152.234 - - [31/Mar/2023:13:32:02 -0300] "GET /cormun/servlet/trsolicitudot? HTTP/1.1" 200 8915
190.171.152.234 - - [31/Mar/2023:13:32:03 -0300] "GET /cormun/servlet/trsolicitudot? HTTP/1.1" 200 8915
190.171.141.98 - - [31/Mar/2023:13:32:16 -0300] "POST /cormun/servlet/solicitudot?gx-no-cache=1680282989649 HTTP/1.1" 200 1469
190.171.141.98 - - [31/Mar/2023:13:32:16 -0300] "POST /cormun/servlet/solicitudot?gx-no-cache=1680282989704 HTTP/1.1" 200 41
190.171.141.98 - - [31/Mar/2023:13:32:16 -0300] "GET /cormun/servlet/solicitudot?2123f883458f875108366f7fdfef993150ae10515c5233f796c51659c8e7ea323bdde261035b342abf9f65b6b40ccbeb7eed4b9b301fc434bc18dc95637be74574dc9cc3a4681e4236fc476c23945947f77ac66cb0b6ca53006dbf145a50876c72b20fb6029629b3588cec3eeb18a68a,gx-no-cache=1680282989742 HTTP/1.1" 200 110
190.171.141.98 - - [31/Mar/2023:13:32:16 -0300] "POST /cormun/servlet/solicitudot?gx-no-cache=1680282989771 HTTP/1.1" 200 97
190.171.141.98 - - [31/Mar/2023:13:32:16 -0300] "GET /cormun/servlet/solicitudot?2123f883458f875108366f7fdfef993161274c112384c6b8b3ada38c02891554cc25ce16e5dc14b0d888d19b10b27561,gx-no-cache=1680282989796 HTTP/1.1" 200 30
190.171.141.98 - - [31/Mar/2023:13:32:16 -0300] "POST /cormun/servlet/solicitudot?gx-no-cache=1680282989817 HTTP/1.1" 200 30
190.171.141.98 - - [31/Mar/2023:13:32:16 -0300] "POST /cormun/servlet/solicitudot?14fa9caeada75ff18035fd172f26e1a9,INS,0,0,false,,gx-no-cache=1680282989870 HTTP/1.1" 200 93
190.171.141.98 - - [31/Mar/2023:13:32:16 -0300] "GET /cormun/servlet/hpexe_return? HTTP/1.1" 200 1012
190.171.141.98 - - [31/Mar/2023:13:32:16 -0300] "GET /cormun/servlet/trsolicitudot HTTP/1.1" 200 8979
190.171.141.98 - - [31/Mar/2023:13:32:17 -0300] "GET /cormun/servlet/trsolicitudot HTTP/1.1" 200 8975
190.171.141.98 - - [31/Mar/2023:13:32:27 -0300] "POST /cormun/servlet/trsolicitudot?14fa9caeada75ff18035fd172f26e1a9,gx-no-cache=1680283000410 HTTP/1.1" 200 5818
190.171.141.98 - - [31/Mar/2023:13:32:27 -0300] "GET /cormun/static/Shared/jqueryui/images/ui-bg_highlight-soft_100_c6c2c8_1x100.png HTTP/1.1" 404 1117
190.171.141.98 - - [31/Mar/2023:13:32:27 -0300] "GET /cormun/static/Shared/jqueryui/images/ui-bg_flat_55_fafafa_40x100.png HTTP/1.1" 404 1097
190.171.141.98 - - [31/Mar/2023:13:32:27 -0300] "GET /cormun/static/Shared/jqueryui/images/ui-icons_8d78a5_256x240.png HTTP/1.1" 404 1089
190.171.141.98 - - [31/Mar/2023:13:32:27 -0300] "GET /cormun/static/Shared/jqueryui/images/ui-icons_82798d_256x240.png HTTP/1.1" 404 1089
190.171.141.98 - - [31/Mar/2023:13:32:27 -0300] "POST /cormun/servlet/trsolicitudot?14fa9caeada75ff18035fd172f26e1a9,gx-no-cache=1680283000573 HTTP/1.1" 200 5763
190.171.141.98 - - [31/Mar/2023:13:32:28 -0300] "POST /cormun/servlet/trsolicitudot?14fa9caeada75ff18035fd172f26e1a9,gx-no-cache=1680283001616 HTTP/1.1" 200 4580
190.171.141.98 - - [31/Mar/2023:13:32:28 -0300] "POST /cormun/servlet/trsolicitudot?14fa9caeada75ff18035fd172f26e1a9,gx-no-cache=1680283001734 HTTP/1.1" 200 4331
190.95.15.9 - - [31/Mar/2023:13:33:14 -0300] "GET /cormun/servlet/hhome HTTP/1.1" 200 4203
190.95.15.9 - - [31/Mar/2023:13:33:14 -0300] "GET /cormun/servlet/hhome HTTP/1.1" 200 4199
190.95.15.9 - - [31/Mar/2023:13:33:21 -0300] "GET /cormun/servlet/trautorizarsolicitud? HTTP/1.1" 200 9165
190.95.15.9 - - [31/Mar/2023:13:33:21 -0300] "GET /cormun/static/gxcfg.js?202211298474254 HTTP/1.1" 200 953
190.95.15.9 - - [31/Mar/2023:13:33:21 -0300] "GET /cormun/static/trautorizarsolicitud.js?202211298474588 HTTP/1.1" 200 53909
190.95.15.9 - - [31/Mar/2023:13:33:21 -0300] "GET /cormun//static/Resources/PXToolsActionView.png HTTP/1.1" 200 398
190.95.15.9 - - [31/Mar/2023:13:33:21 -0300] "GET /cormun/servlet/trautorizarsolicitud? HTTP/1.1" 200 9162
190.95.15.9 - - [31/Mar/2023:13:33:21 -0300] "GET /cormun//static/Resources/PXToolsRemoveAllAction.png HTTP/1.1" 200 487
190.95.15.9 - - [31/Mar/2023:13:33:21 -0300] "GET /cormun//static/Resources/PXToolsGridUpdate.png HTTP/1.1" 200 470
190.95.15.9 - - [31/Mar/2023:13:33:21 -0300] "GET /cormun//static/Resources/PXToolsGridDelete.png HTTP/1.1" 200 538
190.95.15.9 - - [31/Mar/2023:13:33:31 -0300] "POST /cormun/servlet/trautorizarsolicitud?0d4504f1781b19aaa8a1cf610cf9fbda,,gx-no-cache=1680279486065 HTTP/1.1" 200 6011
190.95.15.9 - - [31/Mar/2023:13:33:31 -0300] "GET /cormun/static/Shared/jqueryui/images/ui-icons_82798d_256x240.png HTTP/1.1" 404 1089
190.95.15.9 - - [31/Mar/2023:13:33:31 -0300] "GET /cormun/static/Shared/jqueryui/images/ui-bg_highlight-soft_100_c6c2c8_1x100.png HTTP/1.1" 404 1117
190.95.15.9 - - [31/Mar/2023:13:33:31 -0300] "GET /cormun/static/Shared/jqueryui/images/ui-bg_flat_55_fafafa_40x100.png HTTP/1.1" 404 1097
190.95.15.9 - - [31/Mar/2023:13:33:31 -0300] "GET /cormun/static/Shared/jqueryui/images/ui-icons_8d78a5_256x240.png HTTP/1.1" 404 1089
190.95.15.9 - - [31/Mar/2023:13:33:31 -0300] "POST /cormun/servlet/trautorizarsolicitud?0d4504f1781b19aaa8a1cf610cf9fbda,,gx-no-cache=1680279486287 HTTP/1.1" 200 5957
190.95.15.9 - - [31/Mar/2023:13:33:33 -0300] "POST /cormun/servlet/trautorizarsolicitud?0d4504f1781b19aaa8a1cf610cf9fbda,,gx-no-cache=1680279487659 HTTP/1.1" 200 4776
190.95.15.9 - - [31/Mar/2023:13:33:33 -0300] "POST /cormun/servlet/trautorizarsolicitud?0d4504f1781b19aaa8a1cf610cf9fbda,,gx-no-cache=1680279487848 HTTP/1.1" 200 4527
186.67.172.234 - - [31/Mar/2023:13:33:48 -0300] "POST /cormun/servlet/hlogin?af4d9daf570a46af4e7a034e8ae4a121,gx-no-cache=1680279506271 HTTP/1.1" 440 972
186.67.172.234 - - [31/Mar/2023:13:33:50 -0300] "GET /cormun/servlet/hlogin HTTP/1.1" 200 1727
190.171.143.106 - - [31/Mar/2023:13:34:27 -0300] "GET /cormun/servlet/trsolicitudadjuntos?2023,19898, HTTP/1.1" 200 6314
190.171.143.106 - - [31/Mar/2023:13:34:28 -0300] "GET /cormun/servlet/trsolicitudadjuntos?2023,19898, HTTP/1.1" 200 6314
186.67.172.234 - - [31/Mar/2023:13:34:31 -0300] "POST /cormun/servlet/hlogin?537c4023237db15a2b2f19392a9cef01,gx-no-cache=1680279548368 HTTP/1.1" 200 90
186.67.172.234 - - [31/Mar/2023:13:34:31 -0300] "GET /cormun/servlet/hpexe_link HTTP/1.1" 200 948
186.67.172.234 - - [31/Mar/2023:13:34:32 -0300] "GET /cormun/servlet/hhome HTTP/1.1" 200 4139
186.67.172.234 - - [31/Mar/2023:13:34:32 -0300] "GET /cormun/servlet/hhome HTTP/1.1" 200 4136
190.171.143.106 - - [31/Mar/2023:13:34:33 -0300] "GET /cormun/servlet/solicitudotadjuntos?INS,2023,19898,,1, HTTP/1.1" 200 6259
190.171.143.106 - - [31/Mar/2023:13:34:33 -0300] "GET /cormun/static/about:blank HTTP/1.1" 404 1011
190.171.143.106 - - [31/Mar/2023:13:34:33 -0300] "GET /cormun/servlet/solicitudotadjuntos?INS,2023,19898,,1, HTTP/1.1" 200 6252
190.171.143.106 - - [31/Mar/2023:13:34:34 -0300] "GET /cormun/servlet/solicitudotadjuntos?848accc04c94c1b5e617995db68fa64fa0ddc4025476a8bb79cdba5323af85e8f1340f14b4910ebfa9dd88b6e10bf7f4,gx-no-cache=1680279726652 HTTP/1.1" 200 30
190.171.143.106 - - [31/Mar/2023:13:34:34 -0300] "POST /cormun/servlet/solicitudotadjuntos?abae231d74053107f075e9f91238ce59,INS,2023,19898,,1,,gx-no-cache=1680279726682 HTTP/1.1" 200 4149
191.126.0.62 - - [31/Mar/2023:13:34:35 -0300] "GET /cormun/servlet/hlogin HTTP/1.1" 200 1719
191.126.0.62 - - [31/Mar/2023:13:34:35 -0300] "GET /cormun/static/gxtimezone.js?85251 HTTP/1.1" 200 5781
191.126.0.62 - - [31/Mar/2023:13:34:35 -0300] "GET /cormun/static/Resources/Spanish/PXTools.css?2294816 HTTP/1.1" 200 100853
191.126.0.62 - - [31/Mar/2023:13:34:35 -0300] "GET /cormun/static/gxcfg.js?2022112219184450 HTTP/1.1" 200 953
191.126.0.62 - - [31/Mar/2023:13:34:35 -0300] "GET /cormun/static/Resources/Spanish/PXTools.css?1759030 HTTP/1.1" 200 100853
191.126.0.62 - - [31/Mar/2023:13:34:35 -0300] "GET /cormun/static/messages.spa.js?85251 HTTP/1.1" 200 30736
191.126.0.62 - - [31/Mar/2023:13:34:36 -0300] "GET /cormun/static/gxgral.js?85251 HTTP/1.1" 200 384558
191.126.0.62 - - [31/Mar/2023:13:34:36 -0300] "GET /cormun/static/hlogin.js?2022112219184458 HTTP/1.1" 200 2156
191.126.0.62 - - [31/Mar/2023:13:34:36 -0300] "GET /cormun/static/Resources/CormunLogin.png HTTP/1.1" 200 19132
191.126.0.62 - - [31/Mar/2023:13:34:36 -0300] "GET /cormun/static/Resources/PXToolsButtonBackground.png HTTP/1.1" 200 1176
191.126.0.62 - - [31/Mar/2023:13:34:36 -0300] "GET /cormun/static/Resources/PXToolsButtonRight.png HTTP/1.1" 200 1294
191.126.0.62 - - [31/Mar/2023:13:34:36 -0300] "GET /cormun/static/Resources/PXToolsLoginBackground.png HTTP/1.1" 200 1164
191.126.0.62 - - [31/Mar/2023:13:34:36 -0300] "GET /cormun/static/Resources/PXToolsButtonLeft.png HTTP/1.1" 200 1310
191.126.0.62 - - [31/Mar/2023:13:34:36 -0300] "GET /cormun/static/Resources/PXToolsLoginTop.png HTTP/1.1" 200 1337
191.126.0.62 - - [31/Mar/2023:13:34:37 -0300] "GET /cormun/static/Resources/PXToolsLoginBottom.png HTTP/1.1" 200 1389
191.126.0.62 - - [31/Mar/2023:13:34:37 -0300] "GET /cormun/servlet/hlogin HTTP/1.1" 200 1729
191.126.0.62 - - [31/Mar/2023:13:34:37 -0300] "GET /cormun/static/Resources/indicator.gif HTTP/1.1" 200 1553
191.126.0.62 - - [31/Mar/2023:13:34:37 -0300] "GET /favicon.ico HTTP/1.1" 200 21630
191.126.0.62 - - [31/Mar/2023:13:34:52 -0300] "POST /cormun/servlet/hlogin?b4bbf6f1037883c87ef7a57994b3ec14,gx-no-cache=1680279568697 HTTP/1.1" 200 446
186.67.172.234 - - [31/Mar/2023:13:34:56 -0300] "GET /cormun/servlet/trlicencias? HTTP/1.1" 200 16029
186.67.172.234 - - [31/Mar/2023:13:34:56 -0300] "GET /cormun/servlet/trlicencias? HTTP/1.1" 200 16026
191.126.0.62 - - [31/Mar/2023:13:35:02 -0300] "POST /cormun/servlet/hlogin?b4bbf6f1037883c87ef7a57994b3ec14,gx-no-cache=1680279578018 HTTP/1.1" 200 446
191.126.0.62 - - [31/Mar/2023:13:35:12 -0300] "POST /cormun/servlet/hlogin?b4bbf6f1037883c87ef7a57994b3ec14,gx-no-cache=1680279588680 HTTP/1.1" 200 444
191.126.0.62 - - [31/Mar/2023:13:35:20 -0300] "POST /cormun/servlet/hlogin?b4bbf6f1037883c87ef7a57994b3ec14,gx-no-cache=1680279596111 HTTP/1.1" 200 444
191.126.0.62 - - [31/Mar/2023:13:35:26 -0300] "POST /cormun/servlet/hlogin?b4bbf6f1037883c87ef7a57994b3ec14,gx-no-cache=1680279602370 HTTP/1.1" 200 444
191.126.0.62 - - [31/Mar/2023:13:35:34 -0300] "POST /cormun/servlet/hlogin?b4bbf6f1037883c87ef7a57994b3ec14,gx-no-cache=1680279610728 HTTP/1.1" 200 444
191.126.0.62 - - [31/Mar/2023:13:35:43 -0300] "POST /cormun/servlet/hlogin?b4bbf6f1037883c87ef7a57994b3ec14,gx-no-cache=1680279619376 HTTP/1.1" 200 444
191.126.0.62 - - [31/Mar/2023:13:35:58 -0300] "POST /cormun/servlet/hlogin?b4bbf6f1037883c87ef7a57994b3ec14,gx-no-cache=1680279634036 HTTP/1.1" 200 443
191.126.0.62 - - [31/Mar/2023:13:36:06 -0300] "POST /cormun/servlet/hlogin?b4bbf6f1037883c87ef7a57994b3ec14,gx-no-cache=1680279642072 HTTP/1.1" 200 443
191.126.0.62 - - [31/Mar/2023:13:36:25 -0300] "POST /cormun/servlet/hlogin?b4bbf6f1037883c87ef7a57994b3ec14,gx-no-cache=1680279660945 HTTP/1.1" 200 440
191.126.19.40 - - [31/Mar/2023:13:38:25 -0300] "GET /cormun/servlet/hlogin HTTP/1.1" 200 1724
190.171.149.90 - - [31/Mar/2023:13:38:26 -0300] "GET /cormun/servlet/hlogin HTTP/1.1" 200 1724
190.171.149.90 - - [31/Mar/2023:13:38:29 -0300] "POST /cormun/servlet/hlogin?e981d63036d89838da232bc45796ec0e,gx-no-cache=1680279826492 HTTP/1.1" 200 90
190.171.149.90 - - [31/Mar/2023:13:38:29 -0300] "GET /cormun/servlet/hpexe_link HTTP/1.1" 200 954
190.171.149.90 - - [31/Mar/2023:13:38:29 -0300] "GET /cormun/servlet/hhome HTTP/1.1" 200 3954
190.171.149.90 - - [31/Mar/2023:13:38:30 -0300] "GET /cormun/servlet/hhome HTTP/1.1" 200 3950
191.126.19.40 - - [31/Mar/2023:13:38:30 -0300] "POST /cormun/servlet/hlogin?fc17dfcb447a945fea207df4d2e29ea8,gx-no-cache=1680279786376 HTTP/1.1" 200 90
191.126.19.40 - - [31/Mar/2023:13:38:30 -0300] "GET /cormun/servlet/hpexe_link HTTP/1.1" 200 957
191.126.19.40 - - [31/Mar/2023:13:38:30 -0300] "GET /cormun/servlet/trpermisosgoce HTTP/1.1" 200 8000
191.126.19.40 - - [31/Mar/2023:13:38:31 -0300] "GET /cormun/servlet/trpermisosgoce HTTP/1.1" 200 7999
190.171.149.90 - - [31/Mar/2023:13:38:34 -0300] "GET /cormun/servlet/trpermisosingoce? HTTP/1.1" 200 6865
190.171.149.90 - - [31/Mar/2023:13:38:34 -0300] "GET /cormun/static/gxcfg.js?2020121653066 HTTP/1.1" 200 953
190.171.149.90 - - [31/Mar/2023:13:38:34 -0300] "GET /cormun/static/trpermisosingoce.js?2020121655097 HTTP/1.1" 200 34472
190.171.149.90 - - [31/Mar/2023:13:38:34 -0300] "GET /cormun/servlet/trpermisosingoce? HTTP/1.1" 200 6864
190.171.149.90 - - [31/Mar/2023:13:38:36 -0300] "GET /cormun/servlet/permisosingoce?INS,0, HTTP/1.1" 200 6763
190.171.149.90 - - [31/Mar/2023:13:38:36 -0300] "GET /cormun/static/gxcfg.js?20201215145691 HTTP/1.1" 200 953
190.171.149.90 - - [31/Mar/2023:13:38:36 -0300] "GET /cormun/static/permisosingoce.js?2020121515014 HTTP/1.1" 200 25779
190.171.149.90 - - [31/Mar/2023:13:38:36 -0300] "GET /cormun/servlet/permisosingoce?INS,0, HTTP/1.1" 200 6763
190.171.149.90 - - [31/Mar/2023:13:38:46 -0300] "GET /cormun/servlet/permisosingoce?51d00859126985baffb85ed70a8c77dfea8161ab9b3c9af9fd7a394515f8cdef99bd4b6aeefaf297b565900f107aedd87b6a280febb5143fa4b41826a59dcd31,gx-no-cache=1680279843310 HTTP/1.1" 200 79
190.171.149.90 - - [31/Mar/2023:13:38:49 -0300] "GET /cormun/static/menuarrow.gif HTTP/1.1" 404 1015
190.171.149.90 - - [31/Mar/2023:13:38:58 -0300] "GET /cormun/servlet/permisosingoce?51d00859126985baffb85ed70a8c77dfaeed88c24d9161d78d425cebc2338656b578ce9609eb35467619ea3ad9c1d9a8,gx-no-cache=1680279855466 HTTP/1.1" 200 33
190.171.149.90 - - [31/Mar/2023:13:39:03 -0300] "GET /cormun/servlet/permisosingoce?51d00859126985baffb85ed70a8c77df2df9c3b25906c31f4c96c277609aa9096796669f40c0c2b14523884b161ddfe9babbf1961ef43bb318162131fd1a8838e7c128e6b2f956e69ce9e468b5e5fb3b37847a0d691a9a1929b6fde2c74cc80f21bc67b644f2494d1907d21fb7282b8067e0c202a32f20dedec3a2645e8fa7c97b46726f7c5450ac261c846702dea4a1,gx-no-cache=1680279860316 HTTP/1.1" 200 41
190.171.149.90 - - [31/Mar/2023:13:39:05 -0300] "POST /cormun/servlet/permisosingoce?e981d63036d89838da232bc45796ec0e,INS,0,,gx-no-cache=1680279862410 HTTP/1.1" 200 4379
190.171.149.90 - - [31/Mar/2023:13:39:05 -0300] "GET /cormun/static/Shared/jqueryui/images/ui-bg_highlight-soft_100_c6c2c8_1x100.png HTTP/1.1" 404 1117
190.171.149.90 - - [31/Mar/2023:13:39:05 -0300] "GET /cormun/static/Shared/jqueryui/images/ui-icons_82798d_256x240.png HTTP/1.1" 404 1089
190.171.149.90 - - [31/Mar/2023:13:39:05 -0300] "GET /cormun/static/Shared/jqueryui/images/ui-icons_ebccce_256x240.png HTTP/1.1" 404 1089
190.171.149.90 - - [31/Mar/2023:13:39:05 -0300] "GET /cormun/static/Shared/jqueryui/images/ui-bg_flat_55_994d53_40x100.png HTTP/1.1" 404 1097
190.171.149.90 - - [31/Mar/2023:13:39:12 -0300] "POST /cormun/servlet/permisosingoce?e981d63036d89838da232bc45796ec0e,INS,0,,gx-no-cache=1680279868610 HTTP/1.1" 200 93
190.171.149.90 - - [31/Mar/2023:13:39:12 -0300] "GET /cormun/servlet/hpexe_return? HTTP/1.1" 200 1012
190.171.149.90 - - [31/Mar/2023:13:39:12 -0300] "GET /cormun/static/gxcfg.js?20221129846035 HTTP/1.1" 200 953
