190.171.149.82 - - [31/Mar/2023:08:42:20 -0300] "POST /cormun/servlet/trhorasextras?541c5c87fb17aefe36092f096acc26e9,,gx-no-cache=1680265716114 HTTP/1.1" 200 4580
190.171.149.82 - - [31/Mar/2023:08:42:22 -0300] "POST /cormun/servlet/trhorasextras?541c5c87fb17aefe36092f096acc26e9,,gx-no-cache=1680265718012 HTTP/1.1" 200 4529
190.171.149.82 - - [31/Mar/2023:08:42:24 -0300] "GET /cormun/servlet/horasextras?INS,0, HTTP/1.1" 200 6444
190.171.149.82 - - [31/Mar/2023:08:42:24 -0300] "GET /cormun/servlet/horasextras?INS,0, HTTP/1.1" 200 6445
190.171.149.82 - - [31/Mar/2023:08:42:27 -0300] "POST /cormun/servlet/horasextras?541c5c87fb17aefe36092f096acc26e9,INS,0,,gx-no-cache=1680265722564 HTTP/1.1" 200 93
190.171.149.82 - - [31/Mar/2023:08:42:27 -0300] "GET /cormun/servlet/hpexe_return? HTTP/1.1" 200 1001
190.171.149.82 - - [31/Mar/2023:08:42:27 -0300] "GET /cormun/servlet/trhorasextras? HTTP/1.1" 200 7652
190.171.149.82 - - [31/Mar/2023:08:42:27 -0300] "GET /cormun/servlet/trhorasextras? HTTP/1.1" 200 7648
190.171.149.82 - - [31/Mar/2023:08:42:29 -0300] "POST /cormun/servlet/trhorasextras?541c5c87fb17aefe36092f096acc26e9,,gx-no-cache=1680265725320 HTTP/1.1" 200 4512
190.171.149.82 - - [31/Mar/2023:08:42:36 -0300] "GET /cormun/servlet/trcontratosolicitud? HTTP/1.1" 200 12397
190.171.149.82 - - [31/Mar/2023:08:42:36 -0300] "GET /cormun/servlet/trcontratosolicitud? HTTP/1.1" 200 12397
190.171.154.42 - - [31/Mar/2023:08:42:49 -0300] "GET /cormun/servlet/hlogin HTTP/1.1" 200 1725
190.171.154.42 - - [31/Mar/2023:08:42:57 -0300] "POST /cormun/servlet/hlogin?0be20c7be116a1da93e2ac18d73522a0,gx-no-cache=1680262053812 HTTP/1.1" 200 90
190.171.154.42 - - [31/Mar/2023:08:42:57 -0300] "GET /cormun/servlet/hpexe_link HTTP/1.1" 200 954
190.171.154.42 - - [31/Mar/2023:08:42:57 -0300] "GET /cormun/servlet/hhome HTTP/1.1" 200 4247
190.171.154.42 - - [31/Mar/2023:08:42:57 -0300] "GET /cormun/servlet/hhome HTTP/1.1" 200 4243
190.171.154.42 - - [31/Mar/2023:08:43:00 -0300] "GET /cormun/servlet/trsolicitudot? HTTP/1.1" 200 9177
190.171.154.42 - - [31/Mar/2023:08:43:00 -0300] "GET /cormun/static/gxcfg.js?20221129846531 HTTP/1.1" 200 953
190.171.154.42 - - [31/Mar/2023:08:43:00 -0300] "GET /cormun/static/trsolicitudot.js?202211298465651 HTTP/1.1" 200 54040
190.171.154.42 - - [31/Mar/2023:08:43:00 -0300] "GET /cormun/servlet/trsolicitudot? HTTP/1.1" 200 9175
190.171.154.42 - - [31/Mar/2023:08:43:14 -0300] "POST /cormun/servlet/trsolicitudot?0be20c7be116a1da93e2ac18d73522a0,,gx-no-cache=1680262071047 HTTP/1.1" 200 18558
190.171.149.82 - - [31/Mar/2023:08:43:17 -0300] "GET /cormun/servlet/trautorizarhe? HTTP/1.1" 200 7440
190.171.149.82 - - [31/Mar/2023:08:43:18 -0300] "GET /cormun/servlet/trautorizarhe? HTTP/1.1" 200 7439
186.67.172.234 - - [31/Mar/2023:08:43:20 -0300] "GET /cormun/servlet/hlogin HTTP/1.1" 200 1723
186.67.172.234 - - [31/Mar/2023:08:43:20 -0300] "GET /cormun/static/gxtimezone.js?85251 HTTP/1.1" 200 5781
186.67.172.234 - - [31/Mar/2023:08:43:20 -0300] "GET /cormun/static/gxcfg.js?2022112219184450 HTTP/1.1" 200 953
186.67.172.234 - - [31/Mar/2023:08:43:20 -0300] "GET /cormun/static/Resources/Spanish/PXTools.css?1759030 HTTP/1.1" 200 100853
186.67.172.234 - - [31/Mar/2023:08:43:20 -0300] "GET /cormun/static/gxgral.js?85251 HTTP/1.1" 200 384558
186.67.172.234 - - [31/Mar/2023:08:43:20 -0300] "GET /cormun/static/messages.spa.js?85251 HTTP/1.1" 200 30736
186.67.172.234 - - [31/Mar/2023:08:43:20 -0300] "GET /cormun/static/hlogin.js?2022112219184458 HTTP/1.1" 200 2156
186.67.172.234 - - [31/Mar/2023:08:43:20 -0300] "GET /cormun/static/Resources/CormunLogin.png HTTP/1.1" 200 19132
186.67.172.234 - - [31/Mar/2023:08:43:20 -0300] "GET /cormun/static/Resources/PXToolsLoginBackground.png HTTP/1.1" 200 1164
186.67.172.234 - - [31/Mar/2023:08:43:20 -0300] "GET /cormun/static/Resources/PXToolsLoginTop.png HTTP/1.1" 200 1337
186.67.172.234 - - [31/Mar/2023:08:43:20 -0300] "GET /cormun/static/Resources/PXToolsButtonLeft.png HTTP/1.1" 200 1310
186.67.172.234 - - [31/Mar/2023:08:43:20 -0300] "GET /cormun/static/Resources/PXToolsButtonRight.png HTTP/1.1" 200 1294
186.67.172.234 - - [31/Mar/2023:08:43:20 -0300] "GET /cormun/static/Resources/PXToolsButtonBackground.png HTTP/1.1" 200 1176
186.67.172.234 - - [31/Mar/2023:08:43:20 -0300] "GET /cormun/static/Resources/PXToolsLoginBottom.png HTTP/1.1" 200 1389
186.67.172.234 - - [31/Mar/2023:08:43:20 -0300] "GET /cormun/servlet/hlogin HTTP/1.1" 200 1733
186.67.172.234 - - [31/Mar/2023:08:43:20 -0300] "GET /cormun/static/Resources/indicator.gif HTTP/1.1" 200 1553
190.171.149.82 - - [31/Mar/2023:08:43:20 -0300] "POST /cormun/servlet/trautorizarhe?541c5c87fb17aefe36092f096acc26e9,,gx-no-cache=1680265776141 HTTP/1.1" 200 4405
186.67.172.234 - - [31/Mar/2023:08:43:20 -0300] "GET /favicon.ico HTTP/1.1" 200 21630
190.171.149.82 - - [31/Mar/2023:08:43:21 -0300] "POST /cormun/servlet/trautorizarhe?541c5c87fb17aefe36092f096acc26e9,,gx-no-cache=1680265777586 HTTP/1.1" 200 4405
190.171.149.82 - - [31/Mar/2023:08:43:22 -0300] "POST /cormun/servlet/trautorizarhe?541c5c87fb17aefe36092f096acc26e9,,gx-no-cache=1680265778113 HTTP/1.1" 200 4405
190.171.149.82 - - [31/Mar/2023:08:43:22 -0300] "POST /cormun/servlet/trautorizarhe?541c5c87fb17aefe36092f096acc26e9,,gx-no-cache=1680265778323 HTTP/1.1" 200 4404
190.171.149.82 - - [31/Mar/2023:08:43:22 -0300] "POST /cormun/servlet/trautorizarhe?541c5c87fb17aefe36092f096acc26e9,,gx-no-cache=1680265778522 HTTP/1.1" 200 4407
190.171.149.82 - - [31/Mar/2023:08:43:23 -0300] "POST /cormun/servlet/trautorizarhe?541c5c87fb17aefe36092f096acc26e9,,gx-no-cache=1680265778721 HTTP/1.1" 200 4405
190.171.149.82 - - [31/Mar/2023:08:43:23 -0300] "POST /cormun/servlet/trautorizarhe?541c5c87fb17aefe36092f096acc26e9,,gx-no-cache=1680265779025 HTTP/1.1" 200 4405
190.171.149.82 - - [31/Mar/2023:08:43:23 -0300] "POST /cormun/servlet/trautorizarhe?541c5c87fb17aefe36092f096acc26e9,,gx-no-cache=1680265779176 HTTP/1.1" 200 4405
190.171.149.82 - - [31/Mar/2023:08:43:23 -0300] "POST /cormun/servlet/trautorizarhe?541c5c87fb17aefe36092f096acc26e9,,gx-no-cache=1680265779344 HTTP/1.1" 200 4405
190.171.149.82 - - [31/Mar/2023:08:43:23 -0300] "POST /cormun/servlet/trautorizarhe?541c5c87fb17aefe36092f096acc26e9,,gx-no-cache=1680265779513 HTTP/1.1" 200 4405
190.171.149.82 - - [31/Mar/2023:08:43:24 -0300] "POST /cormun/servlet/trautorizarhe?541c5c87fb17aefe36092f096acc26e9,,gx-no-cache=1680265779688 HTTP/1.1" 200 4405
190.171.149.82 - - [31/Mar/2023:08:43:25 -0300] "POST /cormun/servlet/trautorizarhe?541c5c87fb17aefe36092f096acc26e9,,gx-no-cache=1680265781201 HTTP/1.1" 200 4399
190.171.149.82 - - [31/Mar/2023:08:43:26 -0300] "POST /cormun/servlet/trautorizarhe?541c5c87fb17aefe36092f096acc26e9,,gx-no-cache=1680265782417 HTTP/1.1" 200 102
190.171.149.82 - - [31/Mar/2023:08:43:26 -0300] "GET /cormun/AutorizarHE-829.xls HTTP/1.1" 200 4096
190.171.143.82 - - [31/Mar/2023:08:43:33 -0300] "GET /cormun/servlet/trsolicitudot? HTTP/1.1" 200 7401
190.171.143.82 - - [31/Mar/2023:08:43:35 -0300] "GET /cormun/servlet/trsolicitudot? HTTP/1.1" 200 7401
190.171.143.82 - - [31/Mar/2023:08:43:43 -0300] "POST /cormun/servlet/trsolicitudot?e013c9489273aa4104db044a9e3586fa,,gx-no-cache=1680262099407 HTTP/1.1" 200 4364
190.171.143.82 - - [31/Mar/2023:08:43:44 -0300] "GET /cormun/servlet/solicitudot?INS,0,0,false, HTTP/1.1" 200 16212
190.171.143.82 - - [31/Mar/2023:08:43:44 -0300] "GET /cormun/static/gxcfg.js?20221129840861 HTTP/1.1" 200 953
190.171.143.82 - - [31/Mar/2023:08:43:45 -0300] "GET /cormun/static/solicitudot.js?20221129840983 HTTP/1.1" 200 74072
190.171.143.82 - - [31/Mar/2023:08:43:46 -0300] "GET /cormun/servlet/solicitudot?INS,0,0,false, HTTP/1.1" 200 16220
190.171.143.82 - - [31/Mar/2023:08:43:54 -0300] "POST /cormun/servlet/solicitudot?gx-no-cache=1680262109859 HTTP/1.1" 200 3961
190.171.143.82 - - [31/Mar/2023:08:43:54 -0300] "POST /cormun/servlet/solicitudot?e013c9489273aa4104db044a9e3586fa,INS,0,0,false,,gx-no-cache=1680262110283 HTTP/1.1" 200 12790
190.171.143.82 - - [31/Mar/2023:08:43:56 -0300] "GET /cormun/servlet/solicitudot?3c60d5aab319608a5bf4f5f6eae1030072a963ea1e7e861bc3573b5e58bf4f957f490704dac97d45ad940459b44563a8,gx-no-cache=1680262112652 HTTP/1.1" 200 30
192.168.10.17 - - [31/Mar/2023:08:45:36 -0300] "POST /cormun/servlet/trsolicitudgral?cdbff7a42eb863d02bc4f80a6fffb4d9,,gx-no-cache=1680262206770 HTTP/1.1" 200 5252
192.168.10.17 - - [31/Mar/2023:08:45:43 -0300] "POST /cormun/servlet/trsolicitudgral?cdbff7a42eb863d02bc4f80a6fffb4d9,,gx-no-cache=1680262213857 HTTP/1.1" 200 5253
192.168.10.17 - - [31/Mar/2023:08:45:47 -0300] "POST /cormun/servlet/trsolicitudgral?cdbff7a42eb863d02bc4f80a6fffb4d9,,gx-no-cache=1680262218026 HTTP/1.1" 200 5250
192.168.10.17 - - [31/Mar/2023:08:45:55 -0300] "POST /cormun/servlet/trsolicitudgral?cdbff7a42eb863d02bc4f80a6fffb4d9,,gx-no-cache=1680262225753 HTTP/1.1" 200 5259
192.168.10.17 - - [31/Mar/2023:08:45:56 -0300] "POST /cormun/servlet/trsolicitudgral?cdbff7a42eb863d02bc4f80a6fffb4d9,,gx-no-cache=1680262226165 HTTP/1.1" 200 5259
190.171.143.82 - - [31/Mar/2023:08:45:59 -0300] "GET /cormun/static/Resources/resize.gif HTTP/1.1" 200 77
190.171.143.82 - - [31/Mar/2023:08:45:59 -0300] "GET /cormun/static/Resources/PXTools/ClosePrompt.png HTTP/1.1" 200 1036
190.171.143.82 - - [31/Mar/2023:08:45:59 -0300] "GET /cormun/servlet/prbanco?,MD,,gxPopupLevel%3D0%3B HTTP/1.1" 200 6662
190.171.143.82 - - [31/Mar/2023:08:45:59 -0300] "GET /cormun/static/gxcfg.js?20201216131581 HTTP/1.1" 200 953
190.171.143.82 - - [31/Mar/2023:08:45:59 -0300] "GET /cormun/static/prbanco.js?20201216132311 HTTP/1.1" 200 10693
190.171.143.82 - - [31/Mar/2023:08:45:59 -0300] "GET /cormun/static/menusearch.js?20201214473581 HTTP/1.1" 200 1424
190.171.143.82 - - [31/Mar/2023:08:45:59 -0300] "GET /cormun/static/hmpwkw011.js?202211298443482 HTTP/1.1" 200 1968
190.171.143.82 - - [31/Mar/2023:08:45:59 -0300] "GET /cormun/static/Resources/PXToolsMenuSearch.png HTTP/1.1" 200 336
190.171.143.82 - - [31/Mar/2023:08:45:59 -0300] "GET /cormun/static/Resources/PXToolsMenuSearchCancel.png HTTP/1.1" 200 306
190.171.154.42 - - [31/Mar/2023:08:46:02 -0300] "POST /cormun/servlet/trsolicitudot?0be20c7be116a1da93e2ac18d73522a0,,gx-no-cache=1680262239249 HTTP/1.1" 200 103
190.171.154.42 - - [31/Mar/2023:08:46:02 -0300] "GET /cormun/SolicitudOT-9323.xls HTTP/1.1" 200 18944
192.168.10.17 - - [31/Mar/2023:08:46:03 -0300] "POST /cormun/servlet/trsolicitudgral?cdbff7a42eb863d02bc4f80a6fffb4d9,,gx-no-cache=1680262233249 HTTP/1.1" 200 5252
192.168.10.17 - - [31/Mar/2023:08:46:03 -0300] "POST /cormun/servlet/trsolicitudgral?cdbff7a42eb863d02bc4f80a6fffb4d9,,gx-no-cache=1680262233790 HTTP/1.1" 200 5252
192.168.10.17 - - [31/Mar/2023:08:46:03 -0300] "POST /cormun/servlet/trsolicitudgral?cdbff7a42eb863d02bc4f80a6fffb4d9,,gx-no-cache=1680262233973 HTTP/1.1" 200 5252
192.168.10.17 - - [31/Mar/2023:08:46:12 -0300] "POST /cormun/servlet/trsolicitudgral?cdbff7a42eb863d02bc4f80a6fffb4d9,,gx-no-cache=1680262242826 HTTP/1.1" 200 5252
190.171.143.82 - - [31/Mar/2023:08:46:14 -0300] "GET /cormun/servlet/solicitudot?3c60d5aab319608a5bf4f5f6eae10300c437ffde5e56eda0bd7daf40d7c2d1fc878a3dab6cac0c6642d1306634e61aa54f57cccfcc4c7bc09f951125e451dd06,gx-no-cache=1680262250800 HTTP/1.1" 200 30
192.168.10.17 - - [31/Mar/2023:08:46:18 -0300] "POST /cormun/servlet/trsolicitudgral?cdbff7a42eb863d02bc4f80a6fffb4d9,,gx-no-cache=1680262248289 HTTP/1.1" 200 5251
190.171.143.82 - - [31/Mar/2023:08:46:22 -0300] "GET /cormun/servlet/solicitudot?3c60d5aab319608a5bf4f5f6eae10300a2dbe495419753f29631988131cf8061,gx-no-cache=1680262258796 HTTP/1.1" 200 45
190.171.143.82 - - [31/Mar/2023:08:47:38 -0300] "POST /cormun/servlet/solicitudot?gx-no-cache=1680262334303 HTTP/1.1" 200 240
190.171.143.82 - - [31/Mar/2023:08:47:41 -0300] "GET /cormun/servlet/solicitudot?3c60d5aab319608a5bf4f5f6eae10300613622ae1e9f1ec69bf8026ebde53fec0879e36127dcafb845da092bb2c51ba53fd5c1916c0b114c09c396404642273b0a54df0a78b91f3801388239d8e044476c3fbfa0bf93a8476bfeb0d4873728c91d040dddcfe940a3ab88f1aee573fe4474d744662b5e746d78fa31001279001362a5d108c74c828bcba6e8d08b4a2e5d2db43bfbb35c82b4ede1f3ee262d509b0e2fdc9e1c9e7d5aeb6c2375eda415231a7183b5e9412b4681c9c4086d3303b2a9802605cbf564a7c694e0b229ed0174f61d587512305f4b9f795fcab2c8c45c7eaab41d26ba8fda11e5db9fa0b4352d2b4385254d3592872bf173c07356aa167db3f6233ba7184bb3ce65d0adae6bca4141032856aca47fccee80813921186cb83bcdc78646f6cb5ad737b61e2c44136c662802a9f1378847620a327124e2a2ddc2b6675424f996e3883be9a4b733916cdcf697abbc54d009964730ae24b5b58c6e2cee537ab563da7b56edcf630b8a6e72fe109dd526b6604fb8a903b0fcc2,gx-no-cache=1680262337797 HTTP/1.1" 200 30
190.171.143.82 - - [31/Mar/2023:08:47:44 -0300] "POST /cormun/servlet/solicitudot?gx-no-cache=1680262340435 HTTP/1.1" 200 30
190.171.143.82 - - [31/Mar/2023:08:47:44 -0300] "POST /cormun/servlet/solicitudot?gx-no-cache=1680262340532 HTTP/1.1" 200 1468
190.171.143.82 - - [31/Mar/2023:08:47:44 -0300] "POST /cormun/servlet/solicitudot?gx-no-cache=1680262340598 HTTP/1.1" 200 38
190.171.143.82 - - [31/Mar/2023:08:47:53 -0300] "POST /cormun/servlet/solicitudot?gx-no-cache=1680262349999 HTTP/1.1" 200 1468
190.171.143.82 - - [31/Mar/2023:08:47:53 -0300] "POST /cormun/servlet/solicitudot?gx-no-cache=1680262350066 HTTP/1.1" 200 38
192.168.10.17 - - [31/Mar/2023:08:48:21 -0300] "POST /cormun/servlet/trsolicitudgral?cdbff7a42eb863d02bc4f80a6fffb4d9,,gx-no-cache=1680262371113 HTTP/1.1" 200 5256
192.168.10.17 - - [31/Mar/2023:08:48:21 -0300] "POST /cormun/servlet/trsolicitudgral?cdbff7a42eb863d02bc4f80a6fffb4d9,,gx-no-cache=1680262371749 HTTP/1.1" 200 5256
192.168.10.17 - - [31/Mar/2023:08:48:21 -0300] "POST /cormun/servlet/trsolicitudgral?cdbff7a42eb863d02bc4f80a6fffb4d9,,gx-no-cache=1680262371957 HTTP/1.1" 200 5256
192.168.10.17 - - [31/Mar/2023:08:48:22 -0300] "POST /cormun/servlet/trsolicitudgral?cdbff7a42eb863d02bc4f80a6fffb4d9,,gx-no-cache=1680262372148 HTTP/1.1" 200 5256
192.168.10.17 - - [31/Mar/2023:08:48:32 -0300] "POST /cormun/servlet/trsolicitudgral?cdbff7a42eb863d02bc4f80a6fffb4d9,,gx-no-cache=1680262382831 HTTP/1.1" 200 5262
192.168.10.17 - - [31/Mar/2023:08:48:33 -0300] "POST /cormun/servlet/trsolicitudgral?cdbff7a42eb863d02bc4f80a6fffb4d9,,gx-no-cache=1680262383421 HTTP/1.1" 200 5263
192.168.10.17 - - [31/Mar/2023:08:48:33 -0300] "POST /cormun/servlet/trsolicitudgral?cdbff7a42eb863d02bc4f80a6fffb4d9,,gx-no-cache=1680262383596 HTTP/1.1" 200 5263
192.168.10.17 - - [31/Mar/2023:08:48:33 -0300] "POST /cormun/servlet/trsolicitudgral?cdbff7a42eb863d02bc4f80a6fffb4d9,,gx-no-cache=1680262383780 HTTP/1.1" 200 5263
190.171.143.82 - - [31/Mar/2023:08:48:33 -0300] "GET /cormun/servlet/solicitudot?3c60d5aab319608a5bf4f5f6eae1030059541f8c30f6c2f457cf68d7f1d00c43bc9113e701f07d18cc43cf02561f3862d46fd540f65eb89ca6ad2f7b78269eb9d46e7f0c1bd7b34059f0446ebc7a6485fca996f13c1d63efed3fb4d40f12577b6466f65a25749e9172d9343e3a972e55,gx-no-cache=1680262389964 HTTP/1.1" 200 110
190.171.143.82 - - [31/Mar/2023:08:48:33 -0300] "POST /cormun/servlet/solicitudot?gx-no-cache=1680262390039 HTTP/1.1" 200 64
192.168.10.17 - - [31/Mar/2023:08:48:33 -0300] "POST /cormun/servlet/trsolicitudgral?cdbff7a42eb863d02bc4f80a6fffb4d9,,gx-no-cache=1680262383990 HTTP/1.1" 200 5263
192.168.10.17 - - [31/Mar/2023:08:48:34 -0300] "POST /cormun/servlet/trsolicitudgral?cdbff7a42eb863d02bc4f80a6fffb4d9,,gx-no-cache=1680262384204 HTTP/1.1" 200 5263
192.168.10.17 - - [31/Mar/2023:08:48:34 -0300] "POST /cormun/servlet/trsolicitudgral?cdbff7a42eb863d02bc4f80a6fffb4d9,,gx-no-cache=1680262384428 HTTP/1.1" 200 5262
192.168.10.17 - - [31/Mar/2023:08:48:39 -0300] "POST /cormun/servlet/trsolicitudgral?cdbff7a42eb863d02bc4f80a6fffb4d9,,gx-no-cache=1680262389433 HTTP/1.1" 200 11164
192.168.10.17 - - [31/Mar/2023:08:48:39 -0300] "POST /cormun/servlet/trsolicitudgral?cdbff7a42eb863d02bc4f80a6fffb4d9,,gx-no-cache=1680262389891 HTTP/1.1" 200 11164
190.171.143.82 - - [31/Mar/2023:08:48:40 -0300] "GET /cormun/servlet/solicitudot?3c60d5aab319608a5bf4f5f6eae103005578a0f31c9b5729fe5bd35276353d69abce9753d2d46a3da282cb92129d7fdfb38dfabd429e265a5e0e4405faf8a9470c46f66739f15bc95ce51b31e5d14de0112dbe95c34a2236ed9ae320c3df2e470569be329acb19526991c3d68488c8df,gx-no-cache=1680262396126 HTTP/1.1" 200 29
190.171.143.82 - - [31/Mar/2023:08:48:40 -0300] "GET /cormun/static/menuarrow.gif HTTP/1.1" 404 1015
190.171.143.82 - - [31/Mar/2023:08:48:45 -0300] "GET /cormun/servlet/solicitudot?3c60d5aab319608a5bf4f5f6eae10300570e3b8fd36fad5ec889c434bcac8817e731b1e27a2eaad562e4a078d7ef0d27,gx-no-cache=1680262402096 HTTP/1.1" 200 30
190.171.143.82 - - [31/Mar/2023:08:48:52 -0300] "POST /cormun/servlet/solicitudot?gx-no-cache=1680262408706 HTTP/1.1" 200 30
190.171.143.82 - - [31/Mar/2023:08:49:21 -0300] "POST /cormun/servlet/solicitudot?gx-no-cache=1680262438067 HTTP/1.1" 200 30
190.171.143.82 - - [31/Mar/2023:08:49:34 -0300] "GET /cormun/servlet/prcontratosol?21474985,,,,,MD,,gxPopupLevel%3D0%3B HTTP/1.1" 200 7734
190.171.143.82 - - [31/Mar/2023:08:49:34 -0300] "GET /cormun/static/gxcfg.js?202211298464198 HTTP/1.1" 200 953
190.171.143.82 - - [31/Mar/2023:08:49:34 -0300] "GET /cormun/static/prcontratosol.js?202211298464288 HTTP/1.1" 200 15806
190.171.143.82 - - [31/Mar/2023:08:49:43 -0300] "POST /cormun/servlet/solicitudot?gx-no-cache=1680262459301 HTTP/1.1" 200 1550
190.171.143.82 - - [31/Mar/2023:08:49:43 -0300] "GET /cormun/static/Shared/jqueryui/images/ui-bg_highlight-soft_100_c6c2c8_1x100.png HTTP/1.1" 404 1117
190.171.143.82 - - [31/Mar/2023:08:49:43 -0300] "GET /cormun/static/Shared/jqueryui/images/ui-icons_82798d_256x240.png HTTP/1.1" 404 1089
190.171.143.82 - - [31/Mar/2023:08:49:43 -0300] "GET /cormun/static/Shared/jqueryui/images/ui-bg_flat_55_994d53_40x100.png HTTP/1.1" 404 1097
190.171.143.82 - - [31/Mar/2023:08:49:43 -0300] "GET /cormun/static/Shared/jqueryui/images/ui-icons_ebccce_256x240.png HTTP/1.1" 404 1089
190.171.143.82 - - [31/Mar/2023:08:49:43 -0300] "POST /cormun/servlet/solicitudot?gx-no-cache=1680262459524 HTTP/1.1" 200 117
190.171.143.82 - - [31/Mar/2023:08:49:43 -0300] "GET /cormun/servlet/solicitudot?3c60d5aab319608a5bf4f5f6eae1030059541f8c30f6c2f457cf68d7f1d00c43bc9113e701f07d18cc43cf02561f3862d46fd540f65eb89ca6ad2f7b78269eb9d46e7f0c1bd7b34059f0446ebc7a6485fca996f13c1d63efed3fb4d40f12577b6466f65a25749e9172d9343e3a972e55,gx-no-cache=1680262459577 HTTP/1.1" 200 110
190.171.143.82 - - [31/Mar/2023:08:49:43 -0300] "GET /cormun/servlet/solicitudot?3c60d5aab319608a5bf4f5f6eae103008ad5007fca8be2d0af91bdec91625ea3a6335e41467df82af5605fd8d85d8d07,gx-no-cache=1680262459633 HTTP/1.1" 200 134
190.171.143.82 - - [31/Mar/2023:08:49:55 -0300] "GET /cormun/servlet/prsolicitudot?21474985,,,,,MD,,gxPopupLevel%3D0%3B HTTP/1.1" 200 6028
190.171.143.82 - - [31/Mar/2023:08:49:55 -0300] "GET /cormun/static/gxcfg.js?20201215593468 HTTP/1.1" 200 953
190.171.143.82 - - [31/Mar/2023:08:49:55 -0300] "GET /cormun/static/prsolicitudot.js?20201215593721 HTTP/1.1" 200 13680
190.171.143.82 - - [31/Mar/2023:08:50:02 -0300] "GET /cormun/servlet/prpersonalsolicitud?21474985,,,,,MD,,gxPopupLevel%3D0%3B HTTP/1.1" 200 5745
190.171.143.82 - - [31/Mar/2023:08:50:02 -0300] "GET /cormun/static/gxcfg.js?20199142022523 HTTP/1.1" 200 953
190.171.143.82 - - [31/Mar/2023:08:50:02 -0300] "GET /cormun/static/Resources/Spanish/PXTools.css?19172979 HTTP/1.1" 200 100853
190.171.143.82 - - [31/Mar/2023:08:50:02 -0300] "GET /cormun/static/prpersonalsolicitud.js?20199142022764 HTTP/1.1" 200 13873
190.171.143.82 - - [31/Mar/2023:08:50:08 -0300] "POST /cormun/servlet/solicitudot?gx-no-cache=1680262484668 HTTP/1.1" 200 30
190.171.143.82 - - [31/Mar/2023:08:50:16 -0300] "POST /cormun/servlet/solicitudot?gx-no-cache=1680262492645 HTTP/1.1" 200 1468
190.171.143.82 - - [31/Mar/2023:08:50:16 -0300] "POST /cormun/servlet/solicitudot?gx-no-cache=1680262492736 HTTP/1.1" 200 41
190.171.143.82 - - [31/Mar/2023:08:50:16 -0300] "GET /cormun/servlet/solicitudot?3c60d5aab319608a5bf4f5f6eae1030059541f8c30f6c2f457cf68d7f1d00c43bc9113e701f07d18cc43cf02561f3862d46fd540f65eb89ca6ad2f7b78269eb9d46e7f0c1bd7b34059f0446ebc7a6485fca996f13c1d63efed3fb4d40f12577b6466f65a25749e9172d9343e3a972e55,gx-no-cache=1680262492773 HTTP/1.1" 200 110
190.171.143.82 - - [31/Mar/2023:08:50:16 -0300] "POST /cormun/servlet/solicitudot?gx-no-cache=1680262492827 HTTP/1.1" 200 64
190.171.143.82 - - [31/Mar/2023:08:50:20 -0300] "POST /cormun/servlet/solicitudot?gx-no-cache=1680262496263 HTTP/1.1" 200 30
190.171.143.82 - - [31/Mar/2023:08:50:20 -0300] "POST /cormun/servlet/solicitudot?gx-no-cache=1680262496359 HTTP/1.1" 200 1468
190.171.143.82 - - [31/Mar/2023:08:50:20 -0300] "POST /cormun/servlet/solicitudot?gx-no-cache=1680262496415 HTTP/1.1" 200 41
190.171.143.82 - - [31/Mar/2023:08:50:20 -0300] "GET /cormun/servlet/solicitudot?3c60d5aab319608a5bf4f5f6eae1030059541f8c30f6c2f457cf68d7f1d00c43bc9113e701f07d18cc43cf02561f3862d46fd540f65eb89ca6ad2f7b78269eb9d46e7f0c1bd7b34059f0446ebc7a6485fca996f13c1d63efed3fb4d40f12577b6466f65a25749e9172d9343e3a972e55,gx-no-cache=1680262496451 HTTP/1.1" 200 110
190.171.143.82 - - [31/Mar/2023:08:50:20 -0300] "POST /cormun/servlet/solicitudot?gx-no-cache=1680262496493 HTTP/1.1" 200 64
190.171.143.82 - - [31/Mar/2023:08:50:31 -0300] "GET /cormun/servlet/solicitudot?3c60d5aab319608a5bf4f5f6eae10300570e3b8fd36fad5ec889c434bcac8817e731b1e27a2eaad562e4a078d7ef0d27,gx-no-cache=1680262507901 HTTP/1.1" 200 30
190.171.143.82 - - [31/Mar/2023:08:51:08 -0300] "POST /cormun/servlet/solicitudot?gx-no-cache=1680262544371 HTTP/1.1" 200 298
190.171.143.82 - - [31/Mar/2023:08:51:12 -0300] "GET /cormun/servlet/solicitudot?3c60d5aab319608a5bf4f5f6eae10300613622ae1e9f1ec69bf8026ebde53fec6fabc755b4fd45bb87912e2f6671529d3fd5c1916c0b114c09c396404642273b0a54df0a78b91f3801388239d8e044476c3fbfa0bf93a8476bfeb0d4873728c91d040dddcfe940a3ab88f1aee573fe4474d744662b5e746d78fa31001279001362a5d108c74c828bcba6e8d08b4a2e5d2db43bfbb35c82b4ede1f3ee262d509b0e2fdc9e1c9e7d5aeb6c2375eda415231a7183b5e9412b4681c9c4086d3303b2a9802605cbf564a7c694e0b229ed0174f61d587512305f4b9f795fcab2c8c45c7eaab41d26ba8fda11e5db9fa0b4352d2b4385254d3592872bf173c07356aa167db3f6233ba7184bb3ce65d0adae6bca4141032856aca47fccee80813921186cb83bcdc78646f6cb5ad737b61e2c44136c662802a9f1378847620a327124e2a22cdb409652cf9766c25ebb4a534033435554fe7435b74b79f5388b5fa21e3417af668ad51779db7650074318d78bd6ef4fa338ff56dfacd777b9c820958c797dd1a3b7b77773e70a57460be89d089f68,gx-no-cache=1680262548896 HTTP/1.1" 200 30
192.168.10.17 - - [31/Mar/2023:08:51:52 -0300] "GET /cormun/servlet/vesolicitudgral?2023,19642,, HTTP/1.1" 200 8388
192.168.10.17 - - [31/Mar/2023:08:51:52 -0300] "GET /cormun/pexe_scrolldiv.js HTTP/1.1" 404 1009
192.168.10.17 - - [31/Mar/2023:08:51:52 -0300] "GET /cormun/servlet/vesolicitudgral?2023,19642,, HTTP/1.1" 200 8388
192.168.10.17 - - [31/Mar/2023:08:51:54 -0300] "POST /cormun/servlet/vesolicitudgral?cdbff7a42eb863d02bc4f80a6fffb4d9,2023,19642,,,gx-no-cache=1680262584148 HTTP/1.1" 200 12194
192.168.10.17 - - [31/Mar/2023:08:51:54 -0300] "GET /cormun/static/Shared/jqueryui/images/ui-bg_highlight-soft_100_c6c2c8_1x100.png HTTP/1.1" 404 1117
192.168.10.17 - - [31/Mar/2023:08:51:54 -0300] "GET /cormun/static/Shared/jqueryui/images/ui-icons_82798d_256x240.png HTTP/1.1" 404 1089
192.168.10.17 - - [31/Mar/2023:08:51:54 -0300] "GET /cormun/static/Shared/jqueryui/images/ui-icons_8d78a5_256x240.png HTTP/1.1" 404 1089
192.168.10.17 - - [31/Mar/2023:08:51:54 -0300] "GET /cormun/static/Shared/jqueryui/images/ui-bg_flat_55_fafafa_40x100.png HTTP/1.1" 404 1097
192.168.10.17 - - [31/Mar/2023:08:52:04 -0300] "GET /cormun/servlet/trsolicitudgral? HTTP/1.1" 200 14368
192.168.10.17 - - [31/Mar/2023:08:52:05 -0300] "GET /cormun/servlet/trsolicitudgral? HTTP/1.1" 200 14367
190.171.149.82 - - [31/Mar/2023:08:52:17 -0300] "GET /cormun/servlet/hlogin HTTP/1.1" 200 1716
190.171.149.82 - - [31/Mar/2023:08:52:19 -0300] "GET /cormun/servlet/hlogin HTTP/1.1" 200 1716
190.171.149.82 - - [31/Mar/2023:08:52:26 -0300] "POST /cormun/servlet/hlogin?541c5c87fb17aefe36092f096acc26e9,gx-no-cache=1680266322473 HTTP/1.1" 200 424
190.171.149.82 - - [31/Mar/2023:08:52:33 -0300] "POST /cormun/servlet/hlogin?541c5c87fb17aefe36092f096acc26e9,gx-no-cache=1680266329073 HTTP/1.1" 200 90
190.171.149.82 - - [31/Mar/2023:08:52:33 -0300] "GET /cormun/servlet/hpexe_link HTTP/1.1" 200 948
190.171.149.82 - - [31/Mar/2023:08:52:33 -0300] "GET /cormun/servlet/hhome HTTP/1.1" 200 3913
190.171.149.82 - - [31/Mar/2023:08:52:34 -0300] "GET /cormun/servlet/hhome HTTP/1.1" 200 3909
190.171.149.82 - - [31/Mar/2023:08:52:47 -0300] "GET /cormun/servlet/trsolicitudot? HTTP/1.1" 200 7128
190.171.149.82 - - [31/Mar/2023:08:52:47 -0300] "GET /cormun/servlet/trsolicitudot? HTTP/1.1" 200 7127
190.171.149.82 - - [31/Mar/2023:08:52:52 -0300] "GET /cormun/servlet/solicitudot?INS,0,0,false, HTTP/1.1" 200 15770
190.171.149.82 - - [31/Mar/2023:08:52:52 -0300] "GET /cormun/servlet/solicitudot?INS,0,0,false, HTTP/1.1" 200 15778
190.171.149.82 - - [31/Mar/2023:08:52:59 -0300] "POST /cormun/servlet/solicitudot?gx-no-cache=1680266354731 HTTP/1.1" 200 4012
190.171.149.82 - - [31/Mar/2023:08:52:59 -0300] "GET /cormun/static/Shared/jqueryui/images/ui-bg_flat_55_994d53_40x100.png HTTP/1.1" 404 1097
190.171.149.82 - - [31/Mar/2023:08:52:59 -0300] "GET /cormun/static/Shared/jqueryui/images/ui-icons_ebccce_256x240.png HTTP/1.1" 404 1089
190.171.149.82 - - [31/Mar/2023:08:52:59 -0300] "GET /cormun/static/Shared/jqueryui/images/ui-bg_highlight-soft_100_c6c2c8_1x100.png HTTP/1.1" 404 1117
190.171.149.82 - - [31/Mar/2023:08:52:59 -0300] "GET /cormun/servlet/solicitudot?09a09a2105218f22c9958f5825aa0f19a3260dbaaf5561b80b3a623dbcd076ba,gx-no-cache=1680266354837 HTTP/1.1" 200 111
190.171.149.82 - - [31/Mar/2023:08:52:59 -0300] "GET /cormun/static/Shared/jqueryui/images/ui-icons_82798d_256x240.png HTTP/1.1" 404 1089
190.171.149.82 - - [31/Mar/2023:08:52:59 -0300] "GET /cormun/servlet/solicitudot?09a09a2105218f22c9958f5825aa0f1996a7a67474460a3ecf1506c410d11808,gx-no-cache=1680266354865 HTTP/1.1" 200 94
190.171.149.82 - - [31/Mar/2023:08:52:59 -0300] "GET /cormun/servlet/solicitudot?09a09a2105218f22c9958f5825aa0f194185955e908ee7d2200ae1a839fa8e87,gx-no-cache=1680266354885 HTTP/1.1" 200 29
190.171.149.82 - - [31/Mar/2023:08:53:10 -0300] "GET /cormun/servlet/trhorasextras? HTTP/1.1" 200 7315
190.171.149.82 - - [31/Mar/2023:08:53:11 -0300] "GET /cormun/servlet/trhorasextras? HTTP/1.1" 200 7308
190.171.149.82 - - [31/Mar/2023:08:53:37 -0300] "POST /cormun/servlet/trhorasextras?541c5c87fb17aefe36092f096acc26e9,,gx-no-cache=1680266393074 HTTP/1.1" 200 4291
190.171.149.82 - - [31/Mar/2023:08:53:38 -0300] "POST /cormun/servlet/trhorasextras?541c5c87fb17aefe36092f096acc26e9,,gx-no-cache=1680266394008 HTTP/1.1" 200 4291
190.171.149.82 - - [31/Mar/2023:08:53:43 -0300] "POST /cormun/servlet/trhorasextras?541c5c87fb17aefe36092f096acc26e9,,gx-no-cache=1680266399483 HTTP/1.1" 200 4340
190.171.149.82 - - [31/Mar/2023:08:53:43 -0300] "GET /cormun/static/Shared/jqueryui/images/ui-icons_82798d_256x240.png HTTP/1.1" 404 1089
190.171.149.82 - - [31/Mar/2023:08:53:43 -0300] "GET /cormun/static/Shared/jqueryui/images/ui-bg_flat_55_fafafa_40x100.png HTTP/1.1" 404 1097
190.171.149.82 - - [31/Mar/2023:08:53:43 -0300] "GET /cormun/static/Shared/jqueryui/images/ui-icons_8d78a5_256x240.png HTTP/1.1" 404 1089
190.171.149.82 - - [31/Mar/2023:08:53:43 -0300] "GET /cormun/static/Shared/jqueryui/images/ui-bg_highlight-soft_100_c6c2c8_1x100.png HTTP/1.1" 404 1117
190.171.149.82 - - [31/Mar/2023:08:53:44 -0300] "POST /cormun/servlet/trhorasextras?541c5c87fb17aefe36092f096acc26e9,,gx-no-cache=1680266400536 HTTP/1.1" 200 4339
190.171.149.82 - - [31/Mar/2023:08:53:48 -0300] "POST /cormun/servlet/trhorasextras?541c5c87fb17aefe36092f096acc26e9,,gx-no-cache=1680266404298 HTTP/1.1" 200 4295
190.171.149.82 - - [31/Mar/2023:08:53:50 -0300] "GET /cormun/servlet/horasextras?INS,0, HTTP/1.1" 200 6100
190.171.149.82 - - [31/Mar/2023:08:53:50 -0300] "GET /cormun/servlet/horasextras?INS,0, HTTP/1.1" 200 6101
190.171.152.114 - - [31/Mar/2023:08:53:56 -0300] "GET /cormun/servlet/trautorizarsolicitud? HTTP/1.1" 200 6221
190.171.152.114 - - [31/Mar/2023:08:53:56 -0300] "GET /cormun/servlet/hlogin HTTP/1.1" 200 1743
190.171.152.114 - - [31/Mar/2023:08:53:56 -0300] "GET /cormun/servlet/trautorizarsolicitud? HTTP/1.1" 200 6218
190.171.149.82 - - [31/Mar/2023:08:54:02 -0300] "POST /cormun/servlet/horasextras?541c5c87fb17aefe36092f096acc26e9,INS,0,,gx-no-cache=1680266417618 HTTP/1.1" 500 10
190.171.149.82 - - [31/Mar/2023:08:54:10 -0300] "GET /cormun/servlet/trhorasextras? HTTP/1.1" 200 7347
190.171.149.82 - - [31/Mar/2023:08:54:11 -0300] "GET /cormun/servlet/trhorasextras? HTTP/1.1" 200 7340
190.171.149.82 - - [31/Mar/2023:08:54:14 -0300] "GET /cormun/servlet/horasextras?INS,0, HTTP/1.1" 200 6100
190.171.149.82 - - [31/Mar/2023:08:54:14 -0300] "GET /cormun/servlet/horasextras?INS,0, HTTP/1.1" 200 6101
190.171.149.82 - - [31/Mar/2023:08:54:19 -0300] "GET /cormun/servlet/prfichaempleadohoras?,MD,,gxPopupLevel%3D0%3B HTTP/1.1" 200 9456
190.171.149.82 - - [31/Mar/2023:08:54:19 -0300] "GET /cormun/static/gxcfg.js?20201216215965 HTTP/1.1" 200 953
190.171.149.82 - - [31/Mar/2023:08:54:19 -0300] "GET /cormun/static/prfichaempleadohoras.js?2020121622913 HTTP/1.1" 200 16970
190.171.149.82 - - [31/Mar/2023:08:54:20 -0300] "GET /cormun/static/hmpwkw011.js?202211298443482 HTTP/1.1" 200 1968
190.171.149.82 - - [31/Mar/2023:08:54:21 -0300] "POST /cormun/servlet/acontrolpreferencessavestate?None,CG-27,true HTTP/1.1" 200 35
190.171.149.82 - - [31/Mar/2023:08:54:30 -0300] "POST /cormun/servlet/prfichaempleadohoras?541c5c87fb17aefe36092f096acc26e9,,MD,,gxPopupLevel%3D0%3B,gx-no-cache=1680266446410 HTTP/1.1" 200 3675
190.171.149.82 - - [31/Mar/2023:08:54:43 -0300] "POST /cormun/servlet/horasextras?541c5c87fb17aefe36092f096acc26e9,INS,0,,gx-no-cache=1680266459377 HTTP/1.1" 200 93
190.171.149.82 - - [31/Mar/2023:08:54:43 -0300] "GET /cormun/servlet/hpexe_return? HTTP/1.1" 200 1001
190.171.149.82 - - [31/Mar/2023:08:54:44 -0300] "GET /cormun/servlet/trhorasextras HTTP/1.1" 200 7351
190.171.149.82 - - [31/Mar/2023:08:54:44 -0300] "GET /cormun/servlet/trhorasextras HTTP/1.1" 200 7347
190.171.152.114 - - [31/Mar/2023:08:54:46 -0300] "POST /cormun/servlet/hlogin?01cd6bea750cc9b052b6f76cf5f83074,gx-no-cache=1680262763074 HTTP/1.1" 200 90
190.171.152.114 - - [31/Mar/2023:08:54:46 -0300] "GET /cormun/servlet/hpexe_link HTTP/1.1" 200 962
190.171.152.114 - - [31/Mar/2023:08:54:46 -0300] "GET /cormun/servlet/trautorizarsolicitud HTTP/1.1" 200 7262
190.171.152.114 - - [31/Mar/2023:08:54:47 -0300] "GET /cormun/servlet/trautorizarsolicitud HTTP/1.1" 200 7261
190.171.149.82 - - [31/Mar/2023:08:54:47 -0300] "POST /cormun/servlet/trhorasextras?541c5c87fb17aefe36092f096acc26e9,gx-no-cache=1680266462938 HTTP/1.1" 200 90
190.171.149.82 - - [31/Mar/2023:08:54:47 -0300] "GET /cormun/servlet/hpexe_link HTTP/1.1" 200 964
190.171.149.82 - - [31/Mar/2023:08:54:47 -0300] "GET /cormun/servlet/solicitudot?INS,0,0,false, HTTP/1.1" 200 15776
190.171.149.82 - - [31/Mar/2023:08:54:47 -0300] "GET /cormun/servlet/solicitudot?INS,0,0,false, HTTP/1.1" 200 15782
190.171.149.82 - - [31/Mar/2023:08:54:47 -0300] "GET /cormun/servlet/hlogin HTTP/1.1" 200 1743
190.171.152.114 - - [31/Mar/2023:08:54:50 -0300] "GET /cormun/servlet/trautorizarsolicitud? HTTP/1.1" 200 7261
190.171.152.114 - - [31/Mar/2023:08:54:50 -0300] "GET /cormun/servlet/trautorizarsolicitud? HTTP/1.1" 200 7261
190.171.149.82 - - [31/Mar/2023:08:54:53 -0300] "POST /cormun/servlet/hlogin?541c5c87fb17aefe36092f096acc26e9,gx-no-cache=1680266468864 HTTP/1.1" 200 90
190.171.149.82 - - [31/Mar/2023:08:54:53 -0300] "GET /cormun/servlet/hpexe_link HTTP/1.1" 200 948
190.171.149.82 - - [31/Mar/2023:08:54:53 -0300] "GET /cormun/servlet/hhome HTTP/1.1" 200 4264
190.171.149.82 - - [31/Mar/2023:08:54:53 -0300] "GET /cormun/servlet/hhome HTTP/1.1" 200 4260
190.171.152.114 - - [31/Mar/2023:08:55:01 -0300] "GET /cormun/servlet/trvisualizadoreventos? HTTP/1.1" 200 7104
190.171.152.114 - - [31/Mar/2023:08:55:01 -0300] "GET /cormun/static/gxcfg.js?202211298474834 HTTP/1.1" 200 953
190.171.152.114 - - [31/Mar/2023:08:55:01 -0300] "GET /cormun/static/Resources/PXToolsActionPrint.png HTTP/1.1" 200 404
190.171.152.114 - - [31/Mar/2023:08:55:01 -0300] "GET /cormun/static/trvisualizadoreventos.js?202211298474971 HTTP/1.1" 200 19318
190.171.152.114 - - [31/Mar/2023:08:55:01 -0300] "GET /cormun/servlet/trvisualizadoreventos? HTTP/1.1" 200 7104
190.171.152.114 - - [31/Mar/2023:08:55:07 -0300] "GET /cormun/servlet/trautorizarsolicitud? HTTP/1.1" 200 7261
190.171.152.114 - - [31/Mar/2023:08:55:07 -0300] "GET /cormun/servlet/trautorizarsolicitud? HTTP/1.1" 200 7261
190.171.143.82 - - [31/Mar/2023:08:55:09 -0300] "POST /cormun/servlet/solicitudot?gx-no-cache=1680262785726 HTTP/1.1" 200 30
190.171.143.82 - - [31/Mar/2023:08:55:16 -0300] "POST /cormun/servlet/solicitudot?gx-no-cache=1680262792665 HTTP/1.1" 200 1468
190.171.143.82 - - [31/Mar/2023:08:55:16 -0300] "POST /cormun/servlet/solicitudot?gx-no-cache=1680262792730 HTTP/1.1" 200 41
190.171.143.82 - - [31/Mar/2023:08:55:16 -0300] "GET /cormun/servlet/solicitudot?3c60d5aab319608a5bf4f5f6eae1030059541f8c30f6c2f457cf68d7f1d00c43bc9113e701f07d18cc43cf02561f3862d46fd540f65eb89ca6ad2f7b78269eb9d46e7f0c1bd7b34059f0446ebc7a6485fca996f13c1d63efed3fb4d40f12577b6466f65a25749e9172d9343e3a972e55,gx-no-cache=1680262792766 HTTP/1.1" 200 110
190.171.143.82 - - [31/Mar/2023:08:55:16 -0300] "POST /cormun/servlet/solicitudot?gx-no-cache=1680262792808 HTTP/1.1" 200 64
190.171.143.82 - - [31/Mar/2023:08:55:16 -0300] "POST /cormun/servlet/solicitudot?gx-no-cache=1680262792861 HTTP/1.1" 200 30
190.171.143.82 - - [31/Mar/2023:08:55:17 -0300] "POST /cormun/servlet/solicitudot?e013c9489273aa4104db044a9e3586fa,INS,0,0,false,,gx-no-cache=1680262792936 HTTP/1.1" 200 13226
192.168.10.61 - - [31/Mar/2023:08:55:21 -0300] "GET /cormun/servlet/hlogin HTTP/1.1" 200 1727
192.168.10.61 - - [31/Mar/2023:08:55:21 -0300] "GET /cormun/servlet/hlogin HTTP/1.1" 200 1738
190.171.143.82 - - [31/Mar/2023:08:55:29 -0300] "POST /cormun/servlet/solicitudot?gx-no-cache=1680262805309 HTTP/1.1" 200 30
190.171.143.82 - - [31/Mar/2023:08:55:32 -0300] "POST /cormun/servlet/solicitudot?gx-no-cache=1680262808445 HTTP/1.1" 200 1468
190.171.143.82 - - [31/Mar/2023:08:55:32 -0300] "POST /cormun/servlet/solicitudot?gx-no-cache=1680262808512 HTTP/1.1" 200 41
190.171.143.82 - - [31/Mar/2023:08:55:32 -0300] "GET /cormun/servlet/solicitudot?3c60d5aab319608a5bf4f5f6eae1030059541f8c30f6c2f457cf68d7f1d00c43bc9113e701f07d18cc43cf02561f3862d46fd540f65eb89ca6ad2f7b78269eb9d46e7f0c1bd7b34059f0446ebc7a6485fca996f13c1d63efed3fb4d40f12577b6466f65a25749e9172d9343e3a972e55,gx-no-cache=1680262808555 HTTP/1.1" 200 110
190.171.143.82 - - [31/Mar/2023:08:55:32 -0300] "POST /cormun/servlet/solicitudot?gx-no-cache=1680262808605 HTTP/1.1" 200 64
190.171.143.82 - - [31/Mar/2023:08:55:32 -0300] "GET /cormun/servlet/solicitudot?3c60d5aab319608a5bf4f5f6eae10300570e3b8fd36fad5ec889c434bcac8817e731b1e27a2eaad562e4a078d7ef0d27,gx-no-cache=1680262808651 HTTP/1.1" 200 30
190.171.143.82 - - [31/Mar/2023:08:55:32 -0300] "POST /cormun/servlet/solicitudot?gx-no-cache=1680262808690 HTTP/1.1" 200 30
190.171.143.82 - - [31/Mar/2023:08:55:32 -0300] "POST /cormun/servlet/solicitudot?e013c9489273aa4104db044a9e3586fa,INS,0,0,false,,gx-no-cache=1680262808734 HTTP/1.1" 200 13302
190.171.154.42 - - [31/Mar/2023:08:55:33 -0300] "POST /cormun/servlet/trsolicitudot?0be20c7be116a1da93e2ac18d73522a0,,gx-no-cache=1680262810216 HTTP/1.1" 200 6094
190.171.152.114 - - [31/Mar/2023:08:55:33 -0300] "POST /cormun/servlet/trautorizarsolicitud?01cd6bea750cc9b052b6f76cf5f83074,,gx-no-cache=1680262810200 HTTP/1.1" 200 4291
190.171.152.114 - - [31/Mar/2023:08:55:34 -0300] "POST /cormun/servlet/trautorizarsolicitud?01cd6bea750cc9b052b6f76cf5f83074,,gx-no-cache=1680262811286 HTTP/1.1" 200 4292
190.171.143.82 - - [31/Mar/2023:08:55:35 -0300] "POST /cormun/servlet/solicitudot?gx-no-cache=1680262811794 HTTP/1.1" 200 30
190.171.149.82 - - [31/Mar/2023:08:55:40 -0300] "GET /cormun/servlet/trcargahoraria? HTTP/1.1" 200 6664
190.171.149.82 - - [31/Mar/2023:08:55:40 -0300] "GET /cormun/servlet/trcargahoraria? HTTP/1.1" 200 6663
190.171.152.114 - - [31/Mar/2023:08:55:42 -0300] "GET /cormun/servlet/trautorizarsolicitud? HTTP/1.1" 200 7261
190.171.152.114 - - [31/Mar/2023:08:55:42 -0300] "GET /cormun/servlet/trautorizarsolicitud? HTTP/1.1" 200 7261
190.171.143.82 - - [31/Mar/2023:08:55:43 -0300] "POST /cormun/servlet/solicitudot?gx-no-cache=1680262819794 HTTP/1.1" 200 30
190.171.143.82 - - [31/Mar/2023:08:55:59 -0300] "POST /cormun/servlet/solicitudot?gx-no-cache=1680262835973 HTTP/1.1" 200 30
190.171.143.82 - - [31/Mar/2023:08:56:03 -0300] "POST /cormun/servlet/solicitudot?gx-no-cache=1680262839829 HTTP/1.1" 200 30
190.171.149.82 - - [31/Mar/2023:08:56:05 -0300] "POST /cormun/servlet/trcargahoraria?541c5c87fb17aefe36092f096acc26e9,,gx-no-cache=1680266541186 HTTP/1.1" 200 4170
190.171.149.82 - - [31/Mar/2023:08:56:06 -0300] "POST /cormun/servlet/trcargahoraria?541c5c87fb17aefe36092f096acc26e9,,gx-no-cache=1680266542073 HTTP/1.1" 200 4170
190.171.149.82 - - [31/Mar/2023:08:56:06 -0300] "POST /cormun/servlet/trcargahoraria?541c5c87fb17aefe36092f096acc26e9,,gx-no-cache=1680266542281 HTTP/1.1" 200 4170
190.171.143.82 - - [31/Mar/2023:08:56:06 -0300] "GET /cormun/servlet/prlicenciaspermisos?0,L,,MD,,gxPopupLevel%3D0%3B HTTP/1.1" 200 5256
190.171.143.82 - - [31/Mar/2023:08:56:06 -0300] "GET /cormun/static/gxcfg.js?2020121559567 HTTP/1.1" 200 953
190.171.149.82 - - [31/Mar/2023:08:56:06 -0300] "POST /cormun/servlet/trcargahoraria?541c5c87fb17aefe36092f096acc26e9,,gx-no-cache=1680266542496 HTTP/1.1" 200 4170
190.171.143.82 - - [31/Mar/2023:08:56:06 -0300] "GET /cormun/static/prlicenciaspermisos.js?2020121559821 HTTP/1.1" 200 13379
190.171.149.82 - - [31/Mar/2023:08:56:07 -0300] "POST /cormun/servlet/trcargahoraria?541c5c87fb17aefe36092f096acc26e9,,gx-no-cache=1680266542712 HTTP/1.1" 200 4170
190.171.149.82 - - [31/Mar/2023:08:56:07 -0300] "POST /cormun/servlet/trcargahoraria?541c5c87fb17aefe36092f096acc26e9,,gx-no-cache=1680266543120 HTTP/1.1" 200 4170
190.171.149.82 - - [31/Mar/2023:08:56:07 -0300] "POST /cormun/servlet/trcargahoraria?541c5c87fb17aefe36092f096acc26e9,,gx-no-cache=1680266543352 HTTP/1.1" 200 4170
190.171.149.82 - - [31/Mar/2023:08:56:07 -0300] "POST /cormun/servlet/trcargahoraria?541c5c87fb17aefe36092f096acc26e9,,gx-no-cache=1680266543576 HTTP/1.1" 200 4170
190.171.149.82 - - [31/Mar/2023:08:56:08 -0300] "POST /cormun/servlet/trcargahoraria?541c5c87fb17aefe36092f096acc26e9,,gx-no-cache=1680266543784 HTTP/1.1" 200 4170
190.171.149.82 - - [31/Mar/2023:08:56:08 -0300] "POST /cormun/servlet/trcargahoraria?541c5c87fb17aefe36092f096acc26e9,,gx-no-cache=1680266544008 HTTP/1.1" 200 4170
192.168.10.17 - - [31/Mar/2023:08:56:10 -0300] "GET /cormun/servlet/vesolicitudgral?2023,19387,, HTTP/1.1" 200 8362
192.168.10.17 - - [31/Mar/2023:08:56:10 -0300] "GET /cormun/pexe_scrolldiv.js HTTP/1.1" 404 1009
192.168.10.17 - - [31/Mar/2023:08:56:10 -0300] "GET /cormun/servlet/vesolicitudgral?2023,19387,, HTTP/1.1" 200 8362
190.171.149.82 - - [31/Mar/2023:08:56:10 -0300] "POST /cormun/servlet/trcargahoraria?541c5c87fb17aefe36092f096acc26e9,,gx-no-cache=1680266546154 HTTP/1.1" 200 104
190.171.149.82 - - [31/Mar/2023:08:56:10 -0300] "POST /cormun/servlet/trcargahoraria?541c5c87fb17aefe36092f096acc26e9,,gx-no-cache=1680266546317 HTTP/1.1" 200 4152
190.171.149.82 - - [31/Mar/2023:08:56:10 -0300] "GET /cormun/CargaHoraria-9763.xls HTTP/1.1" 200 4096
192.168.10.17 - - [31/Mar/2023:08:56:12 -0300] "POST /cormun/servlet/vesolicitudgral?cdbff7a42eb863d02bc4f80a6fffb4d9,2023,19387,,,gx-no-cache=1680262842425 HTTP/1.1" 200 12179
192.168.10.17 - - [31/Mar/2023:08:56:12 -0300] "GET /cormun/static/Shared/jqueryui/images/ui-icons_82798d_256x240.png HTTP/1.1" 404 1089
192.168.10.17 - - [31/Mar/2023:08:56:12 -0300] "GET /cormun/static/Shared/jqueryui/images/ui-bg_highlight-soft_100_c6c2c8_1x100.png HTTP/1.1" 404 1117
192.168.10.17 - - [31/Mar/2023:08:56:12 -0300] "GET /cormun/static/Shared/jqueryui/images/ui-icons_8d78a5_256x240.png HTTP/1.1" 404 1089
192.168.10.17 - - [31/Mar/2023:08:56:12 -0300] "GET /cormun/static/Shared/jqueryui/images/ui-bg_flat_55_fafafa_40x100.png HTTP/1.1" 404 1097
190.171.149.82 - - [31/Mar/2023:08:56:13 -0300] "POST /cormun/servlet/trcargahoraria?541c5c87fb17aefe36092f096acc26e9,,gx-no-cache=1680266548777 HTTP/1.1" 200 4169
190.171.149.82 - - [31/Mar/2023:08:56:13 -0300] "POST /cormun/servlet/trcargahoraria?541c5c87fb17aefe36092f096acc26e9,,gx-no-cache=1680266549352 HTTP/1.1" 200 4169
190.171.149.82 - - [31/Mar/2023:08:56:13 -0300] "POST /cormun/servlet/trcargahoraria?541c5c87fb17aefe36092f096acc26e9,,gx-no-cache=1680266549600 HTTP/1.1" 200 4169
190.171.149.82 - - [31/Mar/2023:08:56:14 -0300] "POST /cormun/servlet/trcargahoraria?541c5c87fb17aefe36092f096acc26e9,,gx-no-cache=1680266549832 HTTP/1.1" 200 4169
190.171.149.82 - - [31/Mar/2023:08:56:14 -0300] "POST /cormun/servlet/trcargahoraria?541c5c87fb17aefe36092f096acc26e9,,gx-no-cache=1680266550071 HTTP/1.1" 200 4169
190.171.149.82 - - [31/Mar/2023:08:56:14 -0300] "POST /cormun/servlet/trcargahoraria?541c5c87fb17aefe36092f096acc26e9,,gx-no-cache=1680266550328 HTTP/1.1" 200 4169
190.171.149.82 - - [31/Mar/2023:08:56:14 -0300] "POST /cormun/servlet/trcargahoraria?541c5c87fb17aefe36092f096acc26e9,,gx-no-cache=1680266550538 HTTP/1.1" 200 4169
190.171.143.82 - - [31/Mar/2023:08:56:14 -0300] "POST /cormun/servlet/acontrolpreferencessavestate?None,GFAUNDEZ,true HTTP/1.1" 200 35
190.171.149.82 - - [31/Mar/2023:08:56:15 -0300] "POST /cormun/servlet/trcargahoraria?541c5c87fb17aefe36092f096acc26e9,,gx-no-cache=1680266550816 HTTP/1.1" 200 4169
190.171.149.82 - - [31/Mar/2023:08:56:15 -0300] "POST /cormun/servlet/trcargahoraria?541c5c87fb17aefe36092f096acc26e9,,gx-no-cache=1680266551104 HTTP/1.1" 200 4169
190.171.143.82 - - [31/Mar/2023:08:56:16 -0300] "POST /cormun/servlet/acontrolpreferencessavestate?None,GFAUNDEZ,true HTTP/1.1" 200 35
190.171.143.82 - - [31/Mar/2023:08:56:18 -0300] "POST /cormun/servlet/prlicenciaspermisos?e013c9489273aa4104db044a9e3586fa,0,L,,MD,,gxPopupLevel%3D0%3B,gx-no-cache=1680262854260 HTTP/1.1" 200 2596
190.171.149.82 - - [31/Mar/2023:08:56:19 -0300] "POST /cormun/servlet/trcargahoraria?541c5c87fb17aefe36092f096acc26e9,,gx-no-cache=1680266554665 HTTP/1.1" 200 4171
190.171.149.82 - - [31/Mar/2023:08:56:19 -0300] "POST /cormun/servlet/trcargahoraria?541c5c87fb17aefe36092f096acc26e9,,gx-no-cache=1680266555424 HTTP/1.1" 200 4171
190.171.149.82 - - [31/Mar/2023:08:56:20 -0300] "POST /cormun/servlet/trcargahoraria?541c5c87fb17aefe36092f096acc26e9,,gx-no-cache=1680266555983 HTTP/1.1" 200 4171
46.174.191.30 - - [31/Mar/2023:08:56:21 -0300] "GET / HTTP/1.0" 200 11197
190.171.143.82 - - [31/Mar/2023:08:56:21 -0300] "POST /cormun/servlet/solicitudot?gx-no-cache=1680262857650 HTTP/1.1" 200 1550
192.168.10.17 - - [31/Mar/2023:08:56:24 -0300] "GET /cormun/servlet/trsolicitudgral? HTTP/1.1" 200 14368
192.168.10.17 - - [31/Mar/2023:08:56:24 -0300] "GET /cormun/servlet/trsolicitudgral? HTTP/1.1" 200 14367
190.171.149.82 - - [31/Mar/2023:08:56:29 -0300] "GET /cormun/servlet/trsolicitudcuentarbd? HTTP/1.1" 200 7670
190.171.149.82 - - [31/Mar/2023:08:56:29 -0300] "GET /cormun/static/gxcfg.js?201991422574133 HTTP/1.1" 200 953
190.171.149.82 - - [31/Mar/2023:08:56:29 -0300] "GET /cormun/static/trsolicitudcuentarbd.js?201991422574613 HTTP/1.1" 200 29350
190.171.149.82 - - [31/Mar/2023:08:56:29 -0300] "GET /cormun/servlet/trsolicitudcuentarbd? HTTP/1.1" 200 7670
190.171.143.82 - - [31/Mar/2023:08:56:31 -0300] "GET /cormun/servlet/prfichaempleado?,MD,,gxPopupLevel%3D0%3B HTTP/1.1" 200 9406
190.171.143.82 - - [31/Mar/2023:08:56:32 -0300] "GET /cormun/static/gxcfg.js?20201215571085 HTTP/1.1" 200 953
190.171.143.82 - - [31/Mar/2023:08:56:32 -0300] "GET /cormun/static/prfichaempleado.js?20201215572193 HTTP/1.1" 200 16005
190.171.143.82 - - [31/Mar/2023:08:56:44 -0300] "POST /cormun/servlet/prfichaempleado?e013c9489273aa4104db044a9e3586fa,,MD,,gxPopupLevel%3D0%3B,gx-no-cache=1680262880401 HTTP/1.1" 200 4166
190.171.149.82 - - [31/Mar/2023:08:56:46 -0300] "GET /cormun/servlet/trsolicitudot? HTTP/1.1" 200 7477
190.171.149.82 - - [31/Mar/2023:08:56:47 -0300] "GET /cormun/servlet/trsolicitudot? HTTP/1.1" 200 7476
190.171.149.82 - - [31/Mar/2023:08:56:50 -0300] "GET /cormun/servlet/solicitudot?INS,0,0,false, HTTP/1.1" 200 16110
190.171.149.82 - - [31/Mar/2023:08:56:51 -0300] "GET /cormun/servlet/solicitudot?INS,0,0,false, HTTP/1.1" 200 16118
190.171.143.82 - - [31/Mar/2023:08:57:01 -0300] "POST /cormun/servlet/solicitudot?gx-no-cache=1680262897258 HTTP/1.1" 200 1470
190.171.143.82 - - [31/Mar/2023:08:57:04 -0300] "GET /cormun/servlet/prlicenciaspermisos?13720292,L,,MD,,gxPopupLevel%3D0%3B HTTP/1.1" 200 6539
192.168.10.17 - - [31/Mar/2023:08:57:15 -0300] "POST /cormun/servlet/trsolicitudgral?cdbff7a42eb863d02bc4f80a6fffb4d9,,gx-no-cache=1680262905088 HTTP/1.1" 200 5275
192.168.10.17 - - [31/Mar/2023:08:57:15 -0300] "POST /cormun/servlet/trsolicitudgral?cdbff7a42eb863d02bc4f80a6fffb4d9,,gx-no-cache=1680262905875 HTTP/1.1" 200 5275
190.171.149.82 - - [31/Mar/2023:08:57:22 -0300] "POST /cormun/servlet/solicitudot?541c5c87fb17aefe36092f096acc26e9,INS,0,0,false,,gx-no-cache=1680266617419 HTTP/1.1" 200 13135
190.171.149.82 - - [31/Mar/2023:08:57:22 -0300] "GET /cormun/static/Shared/jqueryui/images/ui-bg_highlight-soft_100_c6c2c8_1x100.png HTTP/1.1" 404 1117
190.171.149.82 - - [31/Mar/2023:08:57:22 -0300] "GET /cormun/static/Shared/jqueryui/images/ui-icons_82798d_256x240.png HTTP/1.1" 404 1089
190.171.149.82 - - [31/Mar/2023:08:57:22 -0300] "GET /cormun/static/Shared/jqueryui/images/ui-bg_flat_55_994d53_40x100.png HTTP/1.1" 404 1097
190.171.149.82 - - [31/Mar/2023:08:57:22 -0300] "GET /cormun/static/Shared/jqueryui/images/ui-icons_ebccce_256x240.png HTTP/1.1" 404 1089
45.238.21.59 - - [31/Mar/2023:08:57:22 -0300] "GET /cormun/servlet/hlogin HTTP/1.1" 200 1722
45.238.21.59 - - [31/Mar/2023:08:57:22 -0300] "GET /cormun/static/gxtimezone.js?85251 HTTP/1.1" 200 5781
45.238.21.59 - - [31/Mar/2023:08:57:22 -0300] "GET /cormun/static/gxcfg.js?2022112219184450 HTTP/1.1" 200 953
45.238.21.59 - - [31/Mar/2023:08:57:22 -0300] "GET /cormun/static/Resources/Spanish/PXTools.css?1759030 HTTP/1.1" 200 100853
45.238.21.59 - - [31/Mar/2023:08:57:23 -0300] "GET /cormun/static/messages.spa.js?85251 HTTP/1.1" 200 30736
45.238.21.59 - - [31/Mar/2023:08:57:23 -0300] "GET /cormun/static/gxgral.js?85251 HTTP/1.1" 200 384558
45.238.21.59 - - [31/Mar/2023:08:57:23 -0300] "GET /cormun/static/hlogin.js?2022112219184458 HTTP/1.1" 200 2156
45.238.21.59 - - [31/Mar/2023:08:57:23 -0300] "GET /cormun/static/Resources/CormunLogin.png HTTP/1.1" 200 19132
45.238.21.59 - - [31/Mar/2023:08:57:23 -0300] "GET /cormun/static/Resources/PXToolsLoginBackground.png HTTP/1.1" 200 1164
45.238.21.59 - - [31/Mar/2023:08:57:23 -0300] "GET /cormun/static/Resources/PXToolsButtonRight.png HTTP/1.1" 200 1294
45.238.21.59 - - [31/Mar/2023:08:57:23 -0300] "GET /cormun/static/Resources/PXToolsButtonLeft.png HTTP/1.1" 200 1310
45.238.21.59 - - [31/Mar/2023:08:57:23 -0300] "GET /cormun/static/Resources/PXToolsLoginTop.png HTTP/1.1" 200 1337
45.238.21.59 - - [31/Mar/2023:08:57:23 -0300] "GET /cormun/static/Resources/PXToolsButtonBackground.png HTTP/1.1" 200 1176
45.238.21.59 - - [31/Mar/2023:08:57:23 -0300] "GET /cormun/static/Resources/PXToolsLoginBottom.png HTTP/1.1" 200 1389
45.238.21.59 - - [31/Mar/2023:08:57:23 -0300] "GET /cormun/servlet/hlogin HTTP/1.1" 200 1731
45.238.21.59 - - [31/Mar/2023:08:57:23 -0300] "GET /cormun/static/Resources/indicator.gif HTTP/1.1" 200 1553
45.238.21.59 - - [31/Mar/2023:08:57:23 -0300] "GET /cormun/static/Resources/indicator.gif HTTP/1.1" 200 1553
45.238.21.59 - - [31/Mar/2023:08:57:23 -0300] "GET /favicon.ico HTTP/1.1" 200 21630
190.171.149.82 - - [31/Mar/2023:08:57:28 -0300] "POST /cormun/servlet/solicitudot?gx-no-cache=1680266624210 HTTP/1.1" 200 4031
190.171.149.82 - - [31/Mar/2023:08:57:28 -0300] "GET /cormun/servlet/solicitudot?09a09a2105218f22c9958f5825aa0f19aa399b1f3db97c604cf7944ac53c04d8309b27de9bc0a25b852bc4488e7afd2c,gx-no-cache=1680266624563 HTTP/1.1" 200 111
190.171.143.82 - - [31/Mar/2023:08:57:30 -0300] "POST /cormun/servlet/solicitudot?gx-no-cache=1680262927006 HTTP/1.1" 200 30
190.171.149.82 - - [31/Mar/2023:08:57:31 -0300] "POST /cormun/servlet/solicitudot?541c5c87fb17aefe36092f096acc26e9,INS,0,0,false,,gx-no-cache=1680266627114 HTTP/1.1" 200 93
190.171.149.82 - - [31/Mar/2023:08:57:31 -0300] "GET /cormun/servlet/hpexe_return? HTTP/1.1" 200 1005
190.171.149.82 - - [31/Mar/2023:08:57:31 -0300] "GET /cormun/servlet/trsolicitudot HTTP/1.1" 200 7480
190.171.149.82 - - [31/Mar/2023:08:57:31 -0300] "GET /cormun/servlet/trsolicitudot HTTP/1.1" 200 7477
190.171.149.82 - - [31/Mar/2023:08:57:33 -0300] "GET /cormun/servlet/solicitudot?INS,0,0,false, HTTP/1.1" 200 16110
190.171.149.82 - - [31/Mar/2023:08:57:34 -0300] "GET /cormun/servlet/solicitudot?INS,0,0,false, HTTP/1.1" 200 16118
190.171.143.82 - - [31/Mar/2023:08:57:34 -0300] "GET /cormun/servlet/prcontratosol?21474985,,,,,MD,,gxPopupLevel%3D0%3B HTTP/1.1" 200 7734
190.171.143.82 - - [31/Mar/2023:08:57:40 -0300] "POST /cormun/servlet/solicitudot?gx-no-cache=1680262936521 HTTP/1.1" 200 1470
190.171.143.82 - - [31/Mar/2023:08:57:40 -0300] "POST /cormun/servlet/solicitudot?gx-no-cache=1680262936872 HTTP/1.1" 200 41
190.171.143.82 - - [31/Mar/2023:08:57:40 -0300] "GET /cormun/servlet/solicitudot?3c60d5aab319608a5bf4f5f6eae1030059541f8c30f6c2f457cf68d7f1d00c43bc9113e701f07d18cc43cf02561f3862d46fd540f65eb89ca6ad2f7b78269eb9d46e7f0c1bd7b34059f0446ebc7a6485fca996f13c1d63efed3fb4d40f12577b6466f65a25749e9172d9343e3a972e55,gx-no-cache=1680262936926 HTTP/1.1" 200 110
