186.174.93.194 - - [31/Mar/2023:13:15:26 -0300] "GET /cormun/static/hpexe_return.js?20221129846037 HTTP/1.1" 200 1633
186.174.93.194 - - [31/Mar/2023:13:15:26 -0300] "GET /cormun/servlet/trpermisosgoce HTTP/1.1" 200 8003
186.174.93.194 - - [31/Mar/2023:13:15:28 -0300] "GET /cormun/servlet/trpermisosgoce HTTP/1.1" 200 7999
186.174.93.194 - - [31/Mar/2023:13:15:34 -0300] "GET /cormun/servlet/trsolicitudot? HTTP/1.1" 200 7117
186.174.93.194 - - [31/Mar/2023:13:15:35 -0300] "GET /cormun/static/gxcfg.js?20221129846531 HTTP/1.1" 200 953
186.174.93.194 - - [31/Mar/2023:13:15:35 -0300] "GET /cormun/static/trsolicitudot.js?202211298465651 HTTP/1.1" 200 54040
186.174.93.194 - - [31/Mar/2023:13:15:35 -0300] "GET /cormun/servlet/trsolicitudot? HTTP/1.1" 200 7117
190.171.143.106 - - [31/Mar/2023:13:15:37 -0300] "GET /cormun/servlet/trlicencias? HTTP/1.1" 200 10292
190.171.143.106 - - [31/Mar/2023:13:15:37 -0300] "GET /cormun/servlet/trlicencias? HTTP/1.1" 200 10283
186.174.93.194 - - [31/Mar/2023:13:15:44 -0300] "GET /cormun/servlet/trpermisosgoce? HTTP/1.1" 200 7999
186.174.93.194 - - [31/Mar/2023:13:15:45 -0300] "GET /cormun/servlet/trpermisosgoce? HTTP/1.1" 200 7999
186.174.93.194 - - [31/Mar/2023:13:15:47 -0300] "GET /cormun/servlet/apermisogoceprn?9434017,P,20230330000000,PU HTTP/1.1" 200 1627
190.171.141.98 - - [31/Mar/2023:13:15:54 -0300] "POST /cormun/servlet/solicitudot?gx-no-cache=1680282007383 HTTP/1.1" 200 135
190.171.141.98 - - [31/Mar/2023:13:15:54 -0300] "POST /cormun/servlet/solicitudot?284ca19794ae8450802daa846ddf1ddd,INS,0,0,false,,gx-no-cache=1680282007463 HTTP/1.1" 200 13118
190.171.143.106 - - [31/Mar/2023:13:15:56 -0300] "GET /cormun/servlet/solicitudot?INS,0,0,false, HTTP/1.1" 200 16050
186.174.93.194 - - [31/Mar/2023:13:15:56 -0300] "GET /cormun/servlet/apermisogoceprn?16179944,P,20230331125859,PU HTTP/1.1" 200 1660
190.171.143.106 - - [31/Mar/2023:13:15:56 -0300] "GET /cormun/servlet/solicitudot?INS,0,0,false, HTTP/1.1" 200 16057
190.171.143.106 - - [31/Mar/2023:13:16:03 -0300] "POST /cormun/servlet/solicitudot?gx-no-cache=1680278615812 HTTP/1.1" 200 4041
190.95.15.9 - - [31/Mar/2023:13:16:03 -0300] "GET /cormun/servlet/hlogin HTTP/1.1" 200 1718
190.95.15.9 - - [31/Mar/2023:13:16:03 -0300] "GET /cormun/static/gxcfg.js?2022112219184450 HTTP/1.1" 200 953
190.95.15.9 - - [31/Mar/2023:13:16:03 -0300] "GET /cormun/static/Resources/Spanish/PXTools.css?1759030 HTTP/1.1" 200 100853
190.95.15.9 - - [31/Mar/2023:13:16:03 -0300] "GET /cormun/static/hlogin.js?2022112219184458 HTTP/1.1" 200 2156
190.95.15.9 - - [31/Mar/2023:13:16:04 -0300] "GET /cormun/static/Resources/CormunLogin.png HTTP/1.1" 200 19132
190.95.15.9 - - [31/Mar/2023:13:16:04 -0300] "GET /cormun/servlet/hlogin HTTP/1.1" 200 1729
190.171.143.106 - - [31/Mar/2023:13:16:04 -0300] "POST /cormun/servlet/solicitudot?abae231d74053107f075e9f91238ce59,INS,0,0,false,,gx-no-cache=1680278615944 HTTP/1.1" 200 12896
190.171.143.106 - - [31/Mar/2023:13:16:04 -0300] "GET /cormun/servlet/solicitudot?848accc04c94c1b5e617995db68fa64f15a486a4d2d3b6821783fce17dfba9c73844e7eb17eb488486156a68d66c2167,gx-no-cache=1680278616508 HTTP/1.1" 200 30
190.171.143.106 - - [31/Mar/2023:13:16:04 -0300] "GET /cormun/servlet/solicitudot?848accc04c94c1b5e617995db68fa64f5f0fa4bac692cdecad2a8900d9df9263418adfb6e28d1d315b2647f4044bc6038df018d73d26ec8695d43d48e29dce65,gx-no-cache=1680278616553 HTTP/1.1" 200 30
190.171.143.106 - - [31/Mar/2023:13:16:04 -0300] "GET /cormun/servlet/solicitudot?848accc04c94c1b5e617995db68fa64f49031c1f6b4df64f56274dc94917b0d9,gx-no-cache=1680278616594 HTTP/1.1" 200 53
190.171.143.106 - - [31/Mar/2023:13:16:04 -0300] "POST /cormun/servlet/solicitudot?gx-no-cache=1680278616655 HTTP/1.1" 200 297
190.171.143.106 - - [31/Mar/2023:13:16:04 -0300] "GET /cormun/servlet/solicitudot?848accc04c94c1b5e617995db68fa64f46d1fb0504fa8f14ee63a7a04fb3757bc8b0cb8cb7d453a4c00e36e11804a037787961e8bf86f489019b49ba77556f16eb690cb1f0a4b025840ca5d486bb6ab9306c5536541c48f48645a35ecb0dcf0f7c84cd28ba7694ea83a72a4b560b56ac15210cd07dff71bdbbc0507c47cd2e5b765eb4370b3813c068a1176ff8486cc5b51eba719baa613c5c1bbe384f39e93e302e110ec82e63556de025d778625d61f5cae43dc3a79cbf79f6603c0ec4825eb5d408bb873b94f9d228122f29a311fae06e24dac5f1603192f4ed9394ce97150af4e3e934e57c9cb6abd8ee43dbeeafc72032de81f04661281063354f46a424fae20acce49e43f4136dd0d17c4ef2f74d30de904e0839c0894e61c5227b483b1a9193f49f781ba0e47ec437e10bc7c66c488e1e68249e8be3156573085e435eeefdb6f0982d69a9462609f2a98de374fb22c400b7964247075c3cfd3acb709aa969cde66dacfaaf27964a096766d55eaa1887ec247367c7d6227ace45c325268df018d73d26ec8695d43d48e29dce65,gx-no-cache=1680278616683 HTTP/1.1" 200 30
190.171.143.106 - - [31/Mar/2023:13:16:04 -0300] "POST /cormun/servlet/solicitudot?gx-no-cache=1680278616704 HTTP/1.1" 200 30
190.171.143.106 - - [31/Mar/2023:13:16:04 -0300] "POST /cormun/servlet/solicitudot?gx-no-cache=1680278616735 HTTP/1.1" 200 1562
190.171.143.106 - - [31/Mar/2023:13:16:04 -0300] "GET /cormun/static/Shared/jqueryui/images/ui-bg_highlight-soft_100_c6c2c8_1x100.png HTTP/1.1" 404 1117
190.171.143.106 - - [31/Mar/2023:13:16:04 -0300] "GET /cormun/static/Shared/jqueryui/images/ui-bg_flat_55_994d53_40x100.png HTTP/1.1" 404 1097
190.171.143.106 - - [31/Mar/2023:13:16:04 -0300] "GET /cormun/static/Shared/jqueryui/images/ui-icons_ebccce_256x240.png HTTP/1.1" 404 1089
190.171.143.106 - - [31/Mar/2023:13:16:04 -0300] "GET /cormun/static/Shared/jqueryui/images/ui-icons_82798d_256x240.png HTTP/1.1" 404 1089
190.171.143.106 - - [31/Mar/2023:13:16:04 -0300] "POST /cormun/servlet/solicitudot?gx-no-cache=1680278616838 HTTP/1.1" 200 41
190.171.143.106 - - [31/Mar/2023:13:16:04 -0300] "GET /cormun/servlet/solicitudot?848accc04c94c1b5e617995db68fa64fd25ee062ce84a89c2d5d42c1abe683d699145a451749eed20539f41948cd6908099bb01b4abbbbd6daed1cfd833c8cf75e390903b018816ca2b597dd7ad720d7f54def24bea7425c1d04ca0f6f16c293dc151512a5b6f080dd2cafb11457832d,gx-no-cache=1680278616871 HTTP/1.1" 200 110
190.171.143.106 - - [31/Mar/2023:13:16:04 -0300] "POST /cormun/servlet/solicitudot?gx-no-cache=1680278616901 HTTP/1.1" 200 64
190.171.143.106 - - [31/Mar/2023:13:16:04 -0300] "GET /cormun/servlet/solicitudot?848accc04c94c1b5e617995db68fa64fb9d06a1cba263b8d07fd2ccb136649eade7fac35ec609e7ea16a174e48b9513f1771898ecd1d27e8aa9dcdff1d75099064df06825b9db0bd558e4da2efd5ef46a7c0275b6e699a5de9fccc3d8225b640f73dc84123f4a813025a770f5ba3290f,gx-no-cache=1680278616924 HTTP/1.1" 200 29
190.95.15.9 - - [31/Mar/2023:13:16:11 -0300] "POST /cormun/servlet/hlogin?0d4504f1781b19aaa8a1cf610cf9fbda,gx-no-cache=1680278446104 HTTP/1.1" 200 90
190.95.15.9 - - [31/Mar/2023:13:16:11 -0300] "GET /cormun/servlet/hpexe_link HTTP/1.1" 200 947
190.95.15.9 - - [31/Mar/2023:13:16:11 -0300] "GET /cormun/static/gxcfg.js?20221129847421 HTTP/1.1" 200 953
190.95.15.9 - - [31/Mar/2023:13:16:11 -0300] "GET /cormun/static/hpexe_link.js?20221129847423 HTTP/1.1" 200 625
190.95.15.9 - - [31/Mar/2023:13:16:11 -0300] "GET /cormun/static/Resources/Spanish/PXTools.css?8354383 HTTP/1.1" 200 100853
190.95.15.9 - - [31/Mar/2023:13:16:11 -0300] "GET /cormun/servlet/hhome HTTP/1.1" 200 4203
190.95.15.9 - - [31/Mar/2023:13:16:11 -0300] "GET /cormun/static/hwchdr01.js?2022112219251119 HTTP/1.1" 200 996
190.95.15.9 - - [31/Mar/2023:13:16:11 -0300] "GET /cormun/static/hpexe_messagecontroller.js?202211298371222 HTTP/1.1" 200 870
190.95.15.9 - - [31/Mar/2023:13:16:11 -0300] "GET /cormun/static/hpexe_messagegenexuscomponent.js?20221129836373 HTTP/1.1" 200 587
190.95.15.9 - - [31/Mar/2023:13:16:11 -0300] "GET /cormun/static/Resources/CormunMP2.png HTTP/1.1" 200 6878
190.95.15.9 - - [31/Mar/2023:13:16:11 -0300] "GET /cormun/static/hmpwkw03.js?20221129844354 HTTP/1.1" 200 3971
190.95.15.9 - - [31/Mar/2023:13:16:12 -0300] "GET /cormun/servlet/hhome HTTP/1.1" 200 4199
190.171.143.106 - - [31/Mar/2023:13:16:16 -0300] "POST /cormun/servlet/solicitudot?gx-no-cache=1680278628325 HTTP/1.1" 200 30
190.95.15.9 - - [31/Mar/2023:13:16:17 -0300] "GET /cormun/servlet/trlicencias? HTTP/1.1" 200 12468
190.95.15.9 - - [31/Mar/2023:13:16:17 -0300] "GET /cormun/static/gxcfg.js?202211298463625 HTTP/1.1" 200 953
190.95.15.9 - - [31/Mar/2023:13:16:17 -0300] "GET /cormun/static/trlicencias.js?202211298463889 HTTP/1.1" 200 41883
190.95.15.9 - - [31/Mar/2023:13:16:17 -0300] "GET /cormun/servlet/trlicencias? HTTP/1.1" 200 12465
190.171.142.50 - - [31/Mar/2023:13:16:25 -0300] "GET /cormun/servlet/solicitudot?INS,0,0,false, HTTP/1.1" 200 15803
190.171.142.50 - - [31/Mar/2023:13:16:26 -0300] "GET /cormun/servlet/solicitudot?INS,0,0,false, HTTP/1.1" 200 15810
190.171.143.106 - - [31/Mar/2023:13:16:26 -0300] "GET /cormun/servlet/solicitudot?848accc04c94c1b5e617995db68fa64f46d1fb0504fa8f14ee63a7a04fb3757bc8b0cb8cb7d453a4c00e36e11804a037787961e8bf86f489019b49ba77556f16eb690cb1f0a4b025840ca5d486bb6ab9306c5536541c48f48645a35ecb0dcf0f7c84cd28ba7694ea83a72a4b560b56ac15210cd07dff71bdbbc0507c47cd2e5b765eb4370b3813c068a1176ff8486cc5b51eba719baa613c5c1bbe384f39e93e302e110ec82e63556de025d778625d61f5cae43dc3a79cbf79f6603c0ec4825eb5d408bb873b94f9d228122f29a311fae06e24dac5f1603192f4ed9394ce97150af4e3e934e57c9cb6abd8ee43dbeeafc72032de81f04661281063354f46a424fae20acce49e43f4136dd0d17c4ef2f74d30de904e0839c0894e61c5227b483b1a9193f49f781ba0e47ec437e10bc7c66c488e1e68249e8be3156573085e435eeefdb6f0982d69a9462609f2a98de374fb22c400b7964247075c3cfd3acb709aa969cde66dacfaaf27964a096766d55e9cb74685345bcbeef06bc510a8880d368df018d73d26ec8695d43d48e29dce65,gx-no-cache=1680278639167 HTTP/1.1" 200 30
190.171.141.98 - - [31/Mar/2023:13:16:33 -0300] "GET /cormun/servlet/solicitudot?8588afb4863119d9ac191fcf311d6b00b796fb7476c5b75a7727fd2f60bf58594fa327e1839373d59114388d38da3752f36c32005f1d7dc10069537afae6446c9fe44a235cdf64ae45993526f4e9f30df00a1a8e9f3f17448736e0a7c17f23a53a96756b8cf9c9d5a4a6ce72d06a3bf4,gx-no-cache=1680282047009 HTTP/1.1" 200 110
190.171.141.98 - - [31/Mar/2023:13:16:35 -0300] "GET /cormun/servlet/solicitudot?8588afb4863119d9ac191fcf311d6b00b796fb7476c5b75a7727fd2f60bf58594fa327e1839373d59114388d38da3752f36c32005f1d7dc10069537afae6446c9fe44a235cdf64ae45993526f4e9f30df00a1a8e9f3f17448736e0a7c17f23a53a96756b8cf9c9d5a4a6ce72d06a3bf4,gx-no-cache=1680282048541 HTTP/1.1" 200 110
190.171.143.106 - - [31/Mar/2023:13:16:36 -0300] "POST /cormun/servlet/solicitudot?gx-no-cache=1680278648676 HTTP/1.1" 200 1470
190.171.143.106 - - [31/Mar/2023:13:16:36 -0300] "GET /cormun/static/menuarrow.gif HTTP/1.1" 404 1015
190.171.141.98 - - [31/Mar/2023:13:16:36 -0300] "POST /cormun/servlet/solicitudot?gx-no-cache=1680282050343 HTTP/1.1" 200 135
190.171.142.50 - - [31/Mar/2023:13:16:37 -0300] "POST /cormun/servlet/solicitudot?gx-no-cache=1680278472936 HTTP/1.1" 200 3961
190.171.141.98 - - [31/Mar/2023:13:16:37 -0300] "POST /cormun/servlet/solicitudot?284ca19794ae8450802daa846ddf1ddd,INS,0,0,false,,gx-no-cache=1680282050402 HTTP/1.1" 200 13174
190.171.142.50 - - [31/Mar/2023:13:16:37 -0300] "POST /cormun/servlet/solicitudot?4a6b7a6a4c7fc2e5ae6db85adc5d8cab,INS,0,0,false,,gx-no-cache=1680278473073 HTTP/1.1" 200 12509
190.171.142.50 - - [31/Mar/2023:13:16:39 -0300] "GET /cormun/servlet/solicitudot?95255ab7088b6674781d0106b99eb0874a623d3299db885f4078232c375eafef0bc16cc7c8f41329dd832fae0cb7b737,gx-no-cache=1680278475096 HTTP/1.1" 200 30
190.171.143.106 - - [31/Mar/2023:13:17:09 -0300] "GET /cormun/servlet/prfichaempleado?,MD,,gxPopupLevel%3D0%3B HTTP/1.1" 200 9217
190.171.141.98 - - [31/Mar/2023:13:17:15 -0300] "GET /cormun/servlet/solicitudot?8588afb4863119d9ac191fcf311d6b00b796fb7476c5b75a7727fd2f60bf58594fa327e1839373d59114388d38da3752f36c32005f1d7dc10069537afae6446c9fe44a235cdf64ae45993526f4e9f30df00a1a8e9f3f17448736e0a7c17f23a53a96756b8cf9c9d5a4a6ce72d06a3bf4,gx-no-cache=1680282089358 HTTP/1.1" 200 110
190.171.141.98 - - [31/Mar/2023:13:17:19 -0300] "POST /cormun/servlet/solicitudot?gx-no-cache=1680282092836 HTTP/1.1" 200 135
190.171.141.98 - - [31/Mar/2023:13:17:19 -0300] "POST /cormun/servlet/solicitudot?284ca19794ae8450802daa846ddf1ddd,INS,0,0,false,,gx-no-cache=1680282092895 HTTP/1.1" 200 13214
190.171.143.106 - - [31/Mar/2023:13:17:25 -0300] "GET /cormun/servlet/prlicenciaspermisos?183757024,L,,MD,,gxPopupLevel%3D0%3B HTTP/1.1" 200 5080
190.171.143.106 - - [31/Mar/2023:13:17:27 -0300] "POST /cormun/servlet/solicitudot?gx-no-cache=1680278699752 HTTP/1.1" 200 1606
190.171.143.106 - - [31/Mar/2023:13:17:34 -0300] "GET /cormun/servlet/prlicenciaspermisos?183757024,L,,MD,,gxPopupLevel%3D0%3B HTTP/1.1" 200 5080
190.171.141.98 - - [31/Mar/2023:13:17:35 -0300] "POST /cormun/servlet/solicitudot?gx-no-cache=1680282108477 HTTP/1.1" 200 135
190.171.141.98 - - [31/Mar/2023:13:17:35 -0300] "POST /cormun/servlet/solicitudot?284ca19794ae8450802daa846ddf1ddd,INS,0,0,false,,gx-no-cache=1680282108536 HTTP/1.1" 200 13257
190.171.143.106 - - [31/Mar/2023:13:17:36 -0300] "POST /cormun/servlet/solicitudot?gx-no-cache=1680278708985 HTTP/1.1" 200 1606
190.171.143.106 - - [31/Mar/2023:13:17:51 -0300] "GET /cormun/servlet/prlicenciaspermisos?18375702,L,,MD,,gxPopupLevel%3D0%3B HTTP/1.1" 200 7616
190.171.143.106 - - [31/Mar/2023:13:18:01 -0300] "POST /cormun/servlet/solicitudot?gx-no-cache=1680278733416 HTTP/1.1" 200 1470
190.171.142.50 - - [31/Mar/2023:13:18:03 -0300] "GET /cormun/servlet/solicitudot?95255ab7088b6674781d0106b99eb087b26107020468d88e4c847e618e6e3e4a39884254a7cc03fc16353eac1108a06ac9fbcd3eae26c34ad71f2b1dd0f3afe9,gx-no-cache=1680278559675 HTTP/1.1" 200 30
190.171.142.50 - - [31/Mar/2023:13:18:03 -0300] "GET /cormun/servlet/solicitudot?95255ab7088b6674781d0106b99eb08761410a9fafd394e117552ac94582a403,gx-no-cache=1680278559704 HTTP/1.1" 200 29
190.171.142.50 - - [31/Mar/2023:13:18:03 -0300] "POST /cormun/servlet/solicitudot?gx-no-cache=1680278559726 HTTP/1.1" 200 297
190.171.142.50 - - [31/Mar/2023:13:18:03 -0300] "GET /cormun/servlet/solicitudot?95255ab7088b6674781d0106b99eb087834f166605765ec9ce99e71c33dd76fe9cd89cc2d780cfcaa07adda358a29c965cd020c0064af9e6fc3fa8fe62f1a49c46f74588f00771bc01faff3fcd26395cf3dbb70da2423729e5b2daed9b03c61e309681c58e975479d99560c1729792709bd2f795f4bac19b2c16666de1f060e5130b3f88efe714e80c3443bc7695b37fe5ff02d27d0d53dbb66c889de01e553db2104f93384e859857bac58d69655ebf716ba82ebf71dc18127b65b15ca2ad254f29b1dc4c672dad88284db411db548e6bf5058a16a4c5c526e390f9f127841f6b22dab30c72a6d1cde5bdd150f00952968f363c95049038ee4387f488759ff12e106ab1b214b366f784f6d7289999e9f9527415f9e479aa31c98d64dfe890fa59fe933c94b0022cc261e5815de3d3e97eddcc6848540b970556615e1d365b3580d5b87b2739d964b95b43ed23ca9784df3663239371864d88cf6a600b42484cca460b5bc9c9e0e9d3e550e8d657308424d4a996f9f2218afbc221532a34edeacb4016ec79077b8fdb3fc2e319895514,gx-no-cache=1680278559751 HTTP/1.1" 200 30
190.171.142.50 - - [31/Mar/2023:13:18:05 -0300] "POST /cormun/servlet/solicitudot?gx-no-cache=1680278561064 HTTP/1.1" 200 30
190.171.143.106 - - [31/Mar/2023:13:18:05 -0300] "POST /cormun/servlet/solicitudot?gx-no-cache=1680278737533 HTTP/1.1" 200 41
190.171.143.106 - - [31/Mar/2023:13:18:05 -0300] "GET /cormun/servlet/solicitudot?848accc04c94c1b5e617995db68fa64fd25ee062ce84a89c2d5d42c1abe683d699145a451749eed20539f41948cd6908099bb01b4abbbbd6daed1cfd833c8cf75e390903b018816ca2b597dd7ad720d7f54def24bea7425c1d04ca0f6f16c293dc151512a5b6f080dd2cafb11457832d,gx-no-cache=1680278737553 HTTP/1.1" 200 110
190.171.143.106 - - [31/Mar/2023:13:18:05 -0300] "POST /cormun/servlet/solicitudot?gx-no-cache=1680278737573 HTTP/1.1" 200 79
190.171.143.106 - - [31/Mar/2023:13:18:05 -0300] "GET /cormun/servlet/solicitudot?848accc04c94c1b5e617995db68fa64f2d9fca57d6ae80fbe08586e0b61e15688fc7909f3dfec8412bcfbc1f27757f59,gx-no-cache=1680278737598 HTTP/1.1" 200 30
190.171.143.106 - - [31/Mar/2023:13:18:05 -0300] "POST /cormun/servlet/solicitudot?gx-no-cache=1680278737617 HTTP/1.1" 200 120
190.171.143.106 - - [31/Mar/2023:13:18:05 -0300] "POST /cormun/servlet/solicitudot?abae231d74053107f075e9f91238ce59,INS,0,0,false,,gx-no-cache=1680278737643 HTTP/1.1" 200 13238
190.171.142.50 - - [31/Mar/2023:13:18:06 -0300] "POST /cormun/servlet/solicitudot?gx-no-cache=1680278562740 HTTP/1.1" 200 1468
190.171.142.50 - - [31/Mar/2023:13:18:06 -0300] "POST /cormun/servlet/solicitudot?gx-no-cache=1680278562788 HTTP/1.1" 200 38
190.171.142.50 - - [31/Mar/2023:13:18:16 -0300] "GET /cormun/servlet/solicitudot?95255ab7088b6674781d0106b99eb0878527bc9d2cf9004a1b0ac5c9695e34fc54a879883cc4af6768295d47dbf1caf00937ecc08257225a580d8d80d68b05bc49d2c28c67a55a750e10a7d5995432f3b6a32e904a427e63b7bbfe04328a610c6e79dccbeb8bca232bafbc688081e087,gx-no-cache=1680278572453 HTTP/1.1" 200 110
190.171.142.50 - - [31/Mar/2023:13:18:16 -0300] "POST /cormun/servlet/solicitudot?gx-no-cache=1680278572480 HTTP/1.1" 200 79
190.171.143.106 - - [31/Mar/2023:13:18:17 -0300] "GET /cormun/servlet/solicitudot?848accc04c94c1b5e617995db68fa64f9128088e313a800579efe4656a2d186a67736fe4c3dc1dc097e6c5d59733507f,gx-no-cache=1680278750226 HTTP/1.1" 200 30
190.171.141.98 - - [31/Mar/2023:13:18:21 -0300] "GET /cormun/servlet/solicitudot?8588afb4863119d9ac191fcf311d6b00b796fb7476c5b75a7727fd2f60bf58594fa327e1839373d59114388d38da3752f36c32005f1d7dc10069537afae6446c9fe44a235cdf64ae45993526f4e9f30df00a1a8e9f3f17448736e0a7c17f23a53a96756b8cf9c9d5a4a6ce72d06a3bf4,gx-no-cache=1680282154825 HTTP/1.1" 200 110
190.171.141.98 - - [31/Mar/2023:13:18:25 -0300] "POST /cormun/servlet/solicitudot?gx-no-cache=1680282158691 HTTP/1.1" 200 135
190.171.141.98 - - [31/Mar/2023:13:18:25 -0300] "POST /cormun/servlet/solicitudot?284ca19794ae8450802daa846ddf1ddd,INS,0,0,false,,gx-no-cache=1680282158752 HTTP/1.1" 200 13300
190.171.142.50 - - [31/Mar/2023:13:18:28 -0300] "GET /cormun/servlet/solicitudot?95255ab7088b6674781d0106b99eb087a33155adc6ae035233636fb15f92cbe809ee2b98919ed1abb99f2497efe50113e8f0b141eebad25015eb74ca18e770a9798dfb7c94afcb7767e063db159bc5855344ea05adb4096d46ff50d37539ecf9442df5e9f77282e22def3cbfdbf66834,gx-no-cache=1680278584158 HTTP/1.1" 200 29
190.171.142.50 - - [31/Mar/2023:13:18:28 -0300] "GET /cormun/static/menuarrow.gif HTTP/1.1" 404 1015
190.171.142.50 - - [31/Mar/2023:13:18:30 -0300] "GET /cormun/servlet/solicitudot?95255ab7088b6674781d0106b99eb0879b536800f4e43c9e824d06eba7b8e935dc56643ddabe5fc95c59e03f7eb868db,gx-no-cache=1680278586454 HTTP/1.1" 200 30
190.171.142.50 - - [31/Mar/2023:13:18:37 -0300] "POST /cormun/servlet/solicitudot?gx-no-cache=1680278593841 HTTP/1.1" 200 30
190.171.143.106 - - [31/Mar/2023:13:18:47 -0300] "POST /cormun/servlet/solicitudot?gx-no-cache=1680278779587 HTTP/1.1" 200 34
190.171.143.106 - - [31/Mar/2023:13:18:47 -0300] "POST /cormun/servlet/solicitudot?abae231d74053107f075e9f91238ce59,INS,0,0,false,,gx-no-cache=1680278779626 HTTP/1.1" 200 93
190.171.141.98 - - [31/Mar/2023:13:18:47 -0300] "POST /cormun/servlet/solicitudot?gx-no-cache=1680282181127 HTTP/1.1" 200 135
190.171.143.106 - - [31/Mar/2023:13:18:47 -0300] "GET /cormun/servlet/hpexe_return? HTTP/1.1" 200 1005
190.171.143.106 - - [31/Mar/2023:13:18:48 -0300] "GET /cormun/servlet/trsolicitudot HTTP/1.1" 200 8840
190.171.141.98 - - [31/Mar/2023:13:18:48 -0300] "POST /cormun/servlet/solicitudot?284ca19794ae8450802daa846ddf1ddd,INS,0,0,false,,gx-no-cache=1680282181196 HTTP/1.1" 200 13337
190.171.143.106 - - [31/Mar/2023:13:18:48 -0300] "GET /cormun//static/Resources/PXToolsActionView.png HTTP/1.1" 200 398
190.171.143.106 - - [31/Mar/2023:13:18:48 -0300] "GET /cormun//static/Resources/PXToolsGridDelete.png HTTP/1.1" 200 538
190.171.143.106 - - [31/Mar/2023:13:18:48 -0300] "GET /cormun//static/Resources/PXToolsGridUpdate.png HTTP/1.1" 200 470
190.171.143.106 - - [31/Mar/2023:13:18:48 -0300] "GET /cormun//static/Resources/PXToolsRemoveAllAction.png HTTP/1.1" 200 487
190.171.143.106 - - [31/Mar/2023:13:18:48 -0300] "GET /cormun/servlet/trsolicitudot HTTP/1.1" 200 8836
190.171.143.106 - - [31/Mar/2023:13:18:55 -0300] "POST /cormun/servlet/trsolicitudot?abae231d74053107f075e9f91238ce59,gx-no-cache=1680278787841 HTTP/1.1" 200 107
190.171.143.106 - - [31/Mar/2023:13:18:55 -0300] "GET /cormun/servlet/trsolicitudadjuntos?2023,19898, HTTP/1.1" 200 6314
190.171.143.106 - - [31/Mar/2023:13:18:55 -0300] "GET /cormun/static/gxcfg.js?20201215574222 HTTP/1.1" 200 953
190.171.143.106 - - [31/Mar/2023:13:18:55 -0300] "GET /cormun/static/Resources/PXToolsGridNew.png HTTP/1.1" 200 427
190.171.143.106 - - [31/Mar/2023:13:18:55 -0300] "GET /cormun/static/trsolicitudadjuntos.js?20201215574932 HTTP/1.1" 200 17921
190.171.143.106 - - [31/Mar/2023:13:18:55 -0300] "GET /cormun/servlet/trsolicitudadjuntos?2023,19898, HTTP/1.1" 200 6314
190.171.143.106 - - [31/Mar/2023:13:19:04 -0300] "GET /cormun/servlet/solicitudotadjuntos?INS,2023,19898,,1, HTTP/1.1" 200 6259
190.171.143.106 - - [31/Mar/2023:13:19:04 -0300] "GET /cormun/static/gxcfg.js?202211298385187 HTTP/1.1" 200 953
190.171.143.106 - - [31/Mar/2023:13:19:04 -0300] "GET /cormun/static/solicitudotadjuntos.js?202211298385196 HTTP/1.1" 200 11771
190.171.143.106 - - [31/Mar/2023:13:19:04 -0300] "GET /cormun/static/about:blank HTTP/1.1" 404 1011
190.171.143.106 - - [31/Mar/2023:13:19:04 -0300] "GET /cormun/servlet/solicitudotadjuntos?INS,2023,19898,,1, HTTP/1.1" 200 6252
190.171.143.106 - - [31/Mar/2023:13:19:05 -0300] "GET /cormun/servlet/solicitudotadjuntos?848accc04c94c1b5e617995db68fa64fa0ddc4025476a8bb79cdba5323af85e8f1340f14b4910ebfa9dd88b6e10bf7f4,gx-no-cache=1680278797386 HTTP/1.1" 200 30
190.171.143.106 - - [31/Mar/2023:13:19:05 -0300] "POST /cormun/servlet/solicitudotadjuntos?abae231d74053107f075e9f91238ce59,INS,2023,19898,,1,,gx-no-cache=1680278797417 HTTP/1.1" 200 4148
190.171.142.50 - - [31/Mar/2023:13:19:14 -0300] "POST /cormun/servlet/solicitudot?4a6b7a6a4c7fc2e5ae6db85adc5d8cab,INS,0,0,false,,gx-no-cache=1680278629899 HTTP/1.1" 200 93
190.171.142.50 - - [31/Mar/2023:13:19:14 -0300] "GET /cormun/servlet/hpexe_return? HTTP/1.1" 200 1012
190.171.142.50 - - [31/Mar/2023:13:19:14 -0300] "GET /cormun/servlet/trsolicitudot HTTP/1.1" 200 9720
190.171.142.50 - - [31/Mar/2023:13:19:14 -0300] "GET /cormun/servlet/trsolicitudot HTTP/1.1" 200 9716
190.171.142.50 - - [31/Mar/2023:13:19:16 -0300] "POST /cormun/servlet/trsolicitudot?4a6b7a6a4c7fc2e5ae6db85adc5d8cab,gx-no-cache=1680278632761 HTTP/1.1" 200 112
190.171.142.50 - - [31/Mar/2023:13:19:17 -0300] "GET /cormun/servlet/solicitudot?UPD,2023,19899,false, HTTP/1.1" 200 16432
190.171.142.50 - - [31/Mar/2023:13:19:17 -0300] "GET /cormun/servlet/solicitudot?UPD,2023,19899,false, HTTP/1.1" 200 16443
190.171.142.50 - - [31/Mar/2023:13:19:17 -0300] "POST /cormun/servlet/solicitudot?gx-no-cache=1680278633632 HTTP/1.1" 200 4038
190.171.142.50 - - [31/Mar/2023:13:19:18 -0300] "POST /cormun/servlet/solicitudot?4a6b7a6a4c7fc2e5ae6db85adc5d8cab,UPD,2023,19899,false,,gx-no-cache=1680278633815 HTTP/1.1" 200 12660
190.171.142.50 - - [31/Mar/2023:13:19:18 -0300] "GET /cormun/servlet/solicitudot?95255ab7088b6674781d0106b99eb0874a623d3299db885f4078232c375eafef120ee89a96823469490d8f70f00515ee,gx-no-cache=1680278633964 HTTP/1.1" 200 30
190.171.142.50 - - [31/Mar/2023:13:19:18 -0300] "GET /cormun/servlet/solicitudot?95255ab7088b6674781d0106b99eb087b26107020468d88e4c847e618e6e3e4a39884254a7cc03fc16353eac1108a06a20a8080bbe58e5d0d709ba294d4b0b89,gx-no-cache=1680278633988 HTTP/1.1" 200 30
190.171.142.50 - - [31/Mar/2023:13:19:18 -0300] "GET /cormun/servlet/solicitudot?95255ab7088b6674781d0106b99eb08761410a9fafd394e117552ac94582a403,gx-no-cache=1680278634005 HTTP/1.1" 200 29
190.171.142.50 - - [31/Mar/2023:13:19:18 -0300] "POST /cormun/servlet/solicitudot?gx-no-cache=1680278634024 HTTP/1.1" 200 297
190.171.142.50 - - [31/Mar/2023:13:19:18 -0300] "GET /cormun/servlet/solicitudot?95255ab7088b6674781d0106b99eb087834f166605765ec9ce99e71c33dd76fe9cd89cc2d780cfcaa07adda358a29c965cd020c0064af9e6fc3fa8fe62f1a49c46f74588f00771bc01faff3fcd26395cf3dbb70da2423729e5b2daed9b03c61e309681c58e975479d99560c1729792709bd2f795f4bac19b2c16666de1f060e5130b3f88efe714e80c3443bc7695b37fe5ff02d27d0d53dbb66c889de01e553db2104f93384e859857bac58d69655ebf716ba82ebf71dc18127b65b15ca2ad254f29b1dc4c672dad88284db411db548e6bf5058a16a4c5c526e390f9f127841f6b22dab30c72a6d1cde5bdd150f00952968f363c95049038ee4387f488759ff12e106ab1b214b366f784f6d7289999e9f9527415f9e479aa31c98d64dfe890fa59fe933c94b0022cc261e5815de3d3e97eddcc6848540b970556615e1d365b3580d5b87b2739d964b95b43ed23ca9784df3663239371864d88cf6a600b42484cca460b5bc9c9e0e9d3e550e8d65730843465a3dd62dc5a495a62022c906bb87acb4016ec79077b8fdb3fc2e319895514,gx-no-cache=1680278634047 HTTP/1.1" 200 30
190.171.142.50 - - [31/Mar/2023:13:19:18 -0300] "POST /cormun/servlet/solicitudot?gx-no-cache=1680278634066 HTTP/1.1" 200 30
190.171.142.50 - - [31/Mar/2023:13:19:18 -0300] "POST /cormun/servlet/solicitudot?gx-no-cache=1680278634088 HTTP/1.1" 200 1468
190.171.142.50 - - [31/Mar/2023:13:19:18 -0300] "POST /cormun/servlet/solicitudot?gx-no-cache=1680278634115 HTTP/1.1" 200 41
190.171.143.106 - - [31/Mar/2023:13:19:25 -0300] "GET /cormun/servlet/trsolicitudadjuntos?2023,19898, HTTP/1.1" 200 6314
190.171.143.106 - - [31/Mar/2023:13:19:25 -0300] "GET /cormun/servlet/trsolicitudadjuntos?2023,19898, HTTP/1.1" 200 6314
190.171.142.50 - - [31/Mar/2023:13:19:25 -0300] "GET /cormun/servlet/solicitudot?95255ab7088b6674781d0106b99eb0878527bc9d2cf9004a1b0ac5c9695e34fc54a879883cc4af6768295d47dbf1caf00937ecc08257225a580d8d80d68b05bc49d2c28c67a55a750e10a7d5995432f3b6a32e904a427e63b7bbfe04328a610c6e79dccbeb8bca232bafbc688081e087,gx-no-cache=1680278641675 HTTP/1.1" 200 110
190.171.142.50 - - [31/Mar/2023:13:19:25 -0300] "POST /cormun/servlet/solicitudot?gx-no-cache=1680278641694 HTTP/1.1" 200 79
190.171.142.50 - - [31/Mar/2023:13:19:25 -0300] "GET /cormun/servlet/solicitudot?95255ab7088b6674781d0106b99eb087cf20d8bea678ecada851dac84c755e09c847895dbd2f685c4fb06cff84bff7dbabd599634bc8a2344c73e99f8c294b1885187c51477d34f936669159fae5717a8b73b3575c65fe657faf0aaf587fbde338031676d54e4a7f574787f136636c93,gx-no-cache=1680278641715 HTTP/1.1" 200 29
190.171.142.50 - - [31/Mar/2023:13:19:25 -0300] "GET /cormun/servlet/solicitudot?95255ab7088b6674781d0106b99eb0879b536800f4e43c9e824d06eba7b8e935dc56643ddabe5fc95c59e03f7eb868db,gx-no-cache=1680278641732 HTTP/1.1" 200 30
190.171.142.50 - - [31/Mar/2023:13:19:25 -0300] "POST /cormun/servlet/solicitudot?gx-no-cache=1680278641750 HTTP/1.1" 200 30
190.171.143.106 - - [31/Mar/2023:13:19:27 -0300] "GET /cormun/servlet/trsolicitudot HTTP/1.1" 200 8840
190.171.143.106 - - [31/Mar/2023:13:19:28 -0300] "GET /cormun/servlet/trsolicitudot HTTP/1.1" 200 8836
190.171.142.50 - - [31/Mar/2023:13:19:41 -0300] "POST /cormun/servlet/solicitudot?4a6b7a6a4c7fc2e5ae6db85adc5d8cab,UPD,2023,19899,false,,gx-no-cache=1680278656840 HTTP/1.1" 200 93
190.171.142.50 - - [31/Mar/2023:13:19:41 -0300] "GET /cormun/servlet/hpexe_return? HTTP/1.1" 200 1018
190.171.142.50 - - [31/Mar/2023:13:19:41 -0300] "GET /cormun/servlet/trsolicitudot HTTP/1.1" 200 9720
190.171.142.50 - - [31/Mar/2023:13:19:41 -0300] "GET /cormun/servlet/trsolicitudot HTTP/1.1" 200 9716
181.212.42.153 - - [31/Mar/2023:13:19:44 -0300] "GET /cormun/servlet/hlogin HTTP/1.1" 200 1727
181.212.42.153 - - [31/Mar/2023:13:19:44 -0300] "GET /cormun/static/gxtimezone.js?85251 HTTP/1.1" 200 5781
181.212.42.153 - - [31/Mar/2023:13:19:44 -0300] "GET /cormun/static/gxcfg.js?2022112219184450 HTTP/1.1" 200 953
181.212.42.153 - - [31/Mar/2023:13:19:44 -0300] "GET /cormun/static/Resources/Spanish/PXTools.css?1759030 HTTP/1.1" 200 100853
181.212.42.153 - - [31/Mar/2023:13:19:44 -0300] "GET /cormun/static/messages.spa.js?85251 HTTP/1.1" 200 30736
181.212.42.153 - - [31/Mar/2023:13:19:44 -0300] "GET /cormun/static/hlogin.js?2022112219184458 HTTP/1.1" 200 2156
181.212.42.153 - - [31/Mar/2023:13:19:44 -0300] "GET /cormun/static/gxgral.js?85251 HTTP/1.1" 200 384558
181.212.42.153 - - [31/Mar/2023:13:19:44 -0300] "GET /cormun/static/Resources/CormunLogin.png HTTP/1.1" 200 19132
181.212.42.153 - - [31/Mar/2023:13:19:44 -0300] "GET /cormun/static/Resources/PXToolsLoginTop.png HTTP/1.1" 200 1337
181.212.42.153 - - [31/Mar/2023:13:19:44 -0300] "GET /cormun/static/Resources/PXToolsLoginBackground.png HTTP/1.1" 200 1164
181.212.42.153 - - [31/Mar/2023:13:19:44 -0300] "GET /cormun/static/Resources/PXToolsButtonLeft.png HTTP/1.1" 200 1310
181.212.42.153 - - [31/Mar/2023:13:19:44 -0300] "GET /cormun/static/Resources/PXToolsButtonRight.png HTTP/1.1" 200 1294
181.212.42.153 - - [31/Mar/2023:13:19:44 -0300] "GET /cormun/static/Resources/PXToolsLoginBottom.png HTTP/1.1" 200 1389
181.212.42.153 - - [31/Mar/2023:13:19:44 -0300] "GET /cormun/static/Resources/PXToolsButtonBackground.png HTTP/1.1" 200 1176
181.212.42.153 - - [31/Mar/2023:13:19:44 -0300] "GET /cormun/static/Resources/indicator.gif HTTP/1.1" 200 1553
181.212.42.153 - - [31/Mar/2023:13:19:44 -0300] "GET /cormun/servlet/hlogin HTTP/1.1" 200 1736
181.212.42.153 - - [31/Mar/2023:13:19:44 -0300] "GET /favicon.ico HTTP/1.1" 200 21630
190.171.143.106 - - [31/Mar/2023:13:19:45 -0300] "POST /cormun/servlet/trsolicitudot?abae231d74053107f075e9f91238ce59,gx-no-cache=1680278837960 HTTP/1.1" 200 112
190.171.143.106 - - [31/Mar/2023:13:19:45 -0300] "GET /cormun/servlet/solicitudot?UPD,2023,19898,false, HTTP/1.1" 200 16691
190.171.143.106 - - [31/Mar/2023:13:19:46 -0300] "GET /cormun/servlet/solicitudot?UPD,2023,19898,false, HTTP/1.1" 200 16702
190.171.143.106 - - [31/Mar/2023:13:19:46 -0300] "POST /cormun/servlet/solicitudot?gx-no-cache=1680278838900 HTTP/1.1" 200 4041
190.171.143.106 - - [31/Mar/2023:13:19:46 -0300] "POST /cormun/servlet/solicitudot?abae231d74053107f075e9f91238ce59,UPD,2023,19898,false,,gx-no-cache=1680278839050 HTTP/1.1" 200 12937
190.171.143.106 - - [31/Mar/2023:13:19:46 -0300] "GET /cormun/servlet/solicitudot?848accc04c94c1b5e617995db68fa64f15a486a4d2d3b6821783fce17dfba9c70693f1702c186cd1fa8f7739d3d1faa7,gx-no-cache=1680278839234 HTTP/1.1" 200 30
190.171.143.106 - - [31/Mar/2023:13:19:46 -0300] "GET /cormun/servlet/solicitudot?848accc04c94c1b5e617995db68fa64f5f0fa4bac692cdecad2a8900d9df92636eb1e5825b4b5b9fe0cea94477f7faed8df018d73d26ec8695d43d48e29dce65,gx-no-cache=1680278839256 HTTP/1.1" 200 30
190.171.143.106 - - [31/Mar/2023:13:19:46 -0300] "GET /cormun/servlet/solicitudot?848accc04c94c1b5e617995db68fa64f2594c809a2929c5957616127df29d2258e57df277f81703f98329b7bc73e3a23a15b921bcf6865def523ac431d65c14b,gx-no-cache=1680278839272 HTTP/1.1" 200 53
190.171.143.106 - - [31/Mar/2023:13:19:46 -0300] "POST /cormun/servlet/solicitudot?gx-no-cache=1680278839291 HTTP/1.1" 200 295
190.171.143.106 - - [31/Mar/2023:13:19:47 -0300] "GET /cormun/servlet/solicitudot?848accc04c94c1b5e617995db68fa64f46d1fb0504fa8f14ee63a7a04fb3757bc8b0cb8cb7d453a4c00e36e11804a037787961e8bf86f489019b49ba77556f16eb690cb1f0a4b025840ca5d486bb6ab9306c5536541c48f48645a35ecb0dcf0f7c84cd28ba7694ea83a72a4b560b56ac15210cd07dff71bdbbc0507c47cd2e5b765eb4370b3813c068a1176ff8486cc5b51eba719baa613c5c1bbe384f39e93e302e110ec82e63556de025d778625d61f5cae43dc3a79cbf79f6603c0ec4825eb5d408bb873b94f9d228122f29a311fae06e24dac5f1603192f4ed9394ce97150af4e3e934e57c9cb6abd8ee43dbeeafc72032de81f04661281063354f46a424fae20acce49e43f4136dd0d17c4ef2f74d30de904e0839c0894e61c5227b483b1a9193f49f781ba0e47ec437e10bc7c66c488e1e68249e8be3156573085e435eeefdb6f0982d69a9462609f2a98de374fb22c400b7964247075c3cfd3acb709aa969cde66dacfaaf27964a096766d55e9cb74685345bcbeef06bc510a8880d368df018d73d26ec8695d43d48e29dce65,gx-no-cache=1680278839312 HTTP/1.1" 200 30
190.171.143.106 - - [31/Mar/2023:13:19:47 -0300] "POST /cormun/servlet/solicitudot?gx-no-cache=1680278839329 HTTP/1.1" 200 30
190.171.143.106 - - [31/Mar/2023:13:19:47 -0300] "POST /cormun/servlet/solicitudot?gx-no-cache=1680278839351 HTTP/1.1" 200 1470
190.171.143.106 - - [31/Mar/2023:13:19:47 -0300] "POST /cormun/servlet/solicitudot?gx-no-cache=1680278839432 HTTP/1.1" 200 41
190.171.143.106 - - [31/Mar/2023:13:19:58 -0300] "GET /cormun/servlet/solicitudot?848accc04c94c1b5e617995db68fa64fd25ee062ce84a89c2d5d42c1abe683d699145a451749eed20539f41948cd6908099bb01b4abbbbd6daed1cfd833c8cf75e390903b018816ca2b597dd7ad720d7f54def24bea7425c1d04ca0f6f16c293dc151512a5b6f080dd2cafb11457832d,gx-no-cache=1680278851229 HTTP/1.1" 200 110
190.171.143.106 - - [31/Mar/2023:13:19:58 -0300] "POST /cormun/servlet/solicitudot?gx-no-cache=1680278851249 HTTP/1.1" 200 64
190.171.143.106 - - [31/Mar/2023:13:19:58 -0300] "GET /cormun/servlet/solicitudot?848accc04c94c1b5e617995db68fa64fd541140b71f01c57050812372406f760046366fde533ad4f414a8ce65503ee23f4675e1a3727937456995faadc2f7f37b60cd398b7d72f92115f2f7cd27a7db72d41334216413020d52f0e5d06735c34e863d8484b3bc15a5976ac16ff8b8b18,gx-no-cache=1680278851271 HTTP/1.1" 200 29
190.171.143.106 - - [31/Mar/2023:13:19:58 -0300] "GET /cormun/static/menuarrow.gif HTTP/1.1" 404 1015
190.171.143.106 - - [31/Mar/2023:13:20:00 -0300] "GET /cormun/servlet/solicitudot?848accc04c94c1b5e617995db68fa64fd25ee062ce84a89c2d5d42c1abe683d699145a451749eed20539f41948cd6908099bb01b4abbbbd6daed1cfd833c8cf75e390903b018816ca2b597dd7ad720d7f54def24bea7425c1d04ca0f6f16c293dc151512a5b6f080dd2cafb11457832d,gx-no-cache=1680278853207 HTTP/1.1" 200 110
190.171.142.50 - - [31/Mar/2023:13:20:05 -0300] "POST /cormun/servlet/trsolicitudot?4a6b7a6a4c7fc2e5ae6db85adc5d8cab,gx-no-cache=1680278680857 HTTP/1.1" 200 112
190.171.143.106 - - [31/Mar/2023:13:20:05 -0300] "GET /cormun/servlet/solicitudot?848accc04c94c1b5e617995db68fa64f2d9fca57d6ae80fbe08586e0b61e15688fc7909f3dfec8412bcfbc1f27757f59,gx-no-cache=1680278857354 HTTP/1.1" 200 30
190.171.142.50 - - [31/Mar/2023:13:20:05 -0300] "GET /cormun/servlet/solicitudot?UPD,2023,19899,false, HTTP/1.1" 200 16443
190.171.142.50 - - [31/Mar/2023:13:20:05 -0300] "GET /cormun/servlet/solicitudot?UPD,2023,19899,false, HTTP/1.1" 200 16454
190.171.142.50 - - [31/Mar/2023:13:20:05 -0300] "POST /cormun/servlet/solicitudot?gx-no-cache=1680278681742 HTTP/1.1" 200 4038
190.171.142.50 - - [31/Mar/2023:13:20:06 -0300] "POST /cormun/servlet/solicitudot?4a6b7a6a4c7fc2e5ae6db85adc5d8cab,UPD,2023,19899,false,,gx-no-cache=1680278681874 HTTP/1.1" 200 12662
190.171.142.50 - - [31/Mar/2023:13:20:06 -0300] "GET /cormun/servlet/solicitudot?95255ab7088b6674781d0106b99eb0874a623d3299db885f4078232c375eafef120ee89a96823469490d8f70f00515ee,gx-no-cache=1680278682435 HTTP/1.1" 200 30
190.171.142.50 - - [31/Mar/2023:13:20:06 -0300] "GET /cormun/servlet/solicitudot?95255ab7088b6674781d0106b99eb087b26107020468d88e4c847e618e6e3e4a39884254a7cc03fc16353eac1108a06a20a8080bbe58e5d0d709ba294d4b0b89,gx-no-cache=1680278682464 HTTP/1.1" 200 30
190.171.142.50 - - [31/Mar/2023:13:20:06 -0300] "GET /cormun/servlet/solicitudot?95255ab7088b6674781d0106b99eb08761410a9fafd394e117552ac94582a403,gx-no-cache=1680278682483 HTTP/1.1" 200 29
190.171.142.50 - - [31/Mar/2023:13:20:06 -0300] "POST /cormun/servlet/solicitudot?gx-no-cache=1680278682504 HTTP/1.1" 200 297
190.171.142.50 - - [31/Mar/2023:13:20:06 -0300] "GET /cormun/servlet/solicitudot?95255ab7088b6674781d0106b99eb087834f166605765ec9ce99e71c33dd76fe9cd89cc2d780cfcaa07adda358a29c965cd020c0064af9e6fc3fa8fe62f1a49c46f74588f00771bc01faff3fcd26395cf3dbb70da2423729e5b2daed9b03c61e309681c58e975479d99560c1729792709bd2f795f4bac19b2c16666de1f060e5130b3f88efe714e80c3443bc7695b37fe5ff02d27d0d53dbb66c889de01e553db2104f93384e859857bac58d69655ebf716ba82ebf71dc18127b65b15ca2ad254f29b1dc4c672dad88284db411db548e6bf5058a16a4c5c526e390f9f127841f6b22dab30c72a6d1cde5bdd150f00952968f363c95049038ee4387f488759ff12e106ab1b214b366f784f6d7289999e9f9527415f9e479aa31c98d64dfe890fa59fe933c94b0022cc261e5815de3d3e97eddcc6848540b970556615e1d365b3580d5b87b2739d964b95b43ed23ca9784df3663239371864d88cf6a600b42484cca460b5bc9c9e0e9d3e550e8d65730843465a3dd62dc5a495a62022c906bb87acb4016ec79077b8fdb3fc2e319895514,gx-no-cache=1680278682526 HTTP/1.1" 200 30
190.171.142.50 - - [31/Mar/2023:13:20:06 -0300] "POST /cormun/servlet/solicitudot?gx-no-cache=1680278682544 HTTP/1.1" 200 30
190.171.142.50 - - [31/Mar/2023:13:20:06 -0300] "POST /cormun/servlet/solicitudot?gx-no-cache=1680278682565 HTTP/1.1" 200 1468
190.171.142.50 - - [31/Mar/2023:13:20:06 -0300] "POST /cormun/servlet/solicitudot?gx-no-cache=1680278682593 HTTP/1.1" 200 41
190.171.143.106 - - [31/Mar/2023:13:20:12 -0300] "POST /cormun/servlet/solicitudot?gx-no-cache=1680278864996 HTTP/1.1" 200 120
190.171.143.106 - - [31/Mar/2023:13:20:12 -0300] "GET /cormun/static/Shared/jqueryui/images/ui-bg_highlight-soft_100_c6c2c8_1x100.png HTTP/1.1" 404 1117
190.171.143.106 - - [31/Mar/2023:13:20:12 -0300] "GET /cormun/static/Shared/jqueryui/images/ui-icons_82798d_256x240.png HTTP/1.1" 404 1089
190.171.143.106 - - [31/Mar/2023:13:20:12 -0300] "GET /cormun/static/Shared/jqueryui/images/ui-bg_flat_55_994d53_40x100.png HTTP/1.1" 404 1097
190.171.143.106 - - [31/Mar/2023:13:20:12 -0300] "GET /cormun/static/Shared/jqueryui/images/ui-icons_ebccce_256x240.png HTTP/1.1" 404 1089
190.171.143.106 - - [31/Mar/2023:13:20:12 -0300] "POST /cormun/servlet/solicitudot?abae231d74053107f075e9f91238ce59,UPD,2023,19898,false,,gx-no-cache=1680278865028 HTTP/1.1" 200 13164
190.171.143.106 - - [31/Mar/2023:13:20:28 -0300] "POST /cormun/servlet/solicitudot?gx-no-cache=1680278880743 HTTP/1.1" 200 4041
190.171.143.106 - - [31/Mar/2023:13:20:28 -0300] "POST /cormun/servlet/solicitudot?abae231d74053107f075e9f91238ce59,UPD,2023,19898,false,,gx-no-cache=1680278880901 HTTP/1.1" 200 13053
190.171.143.106 - - [31/Mar/2023:13:20:28 -0300] "GET /cormun/servlet/solicitudot?848accc04c94c1b5e617995db68fa64f15a486a4d2d3b6821783fce17dfba9c70693f1702c186cd1fa8f7739d3d1faa7,gx-no-cache=1680278881098 HTTP/1.1" 200 30
190.171.143.106 - - [31/Mar/2023:13:20:28 -0300] "GET /cormun/servlet/solicitudot?848accc04c94c1b5e617995db68fa64f5f0fa4bac692cdecad2a8900d9df92636eb1e5825b4b5b9fe0cea94477f7faed8df018d73d26ec8695d43d48e29dce65,gx-no-cache=1680278881122 HTTP/1.1" 200 30
190.171.143.106 - - [31/Mar/2023:13:20:28 -0300] "GET /cormun/servlet/solicitudot?848accc04c94c1b5e617995db68fa64f2594c809a2929c5957616127df29d2258e57df277f81703f98329b7bc73e3a238a30d021055623d0857a89215af40ef53f563c97a4f8b586705783dc88013900af0d2ccb99a28bf5d8fb020eb7336ea6367226aec661c99b5c505db8bf3cf2c9,gx-no-cache=1680278881143 HTTP/1.1" 200 53
190.171.143.106 - - [31/Mar/2023:13:20:28 -0300] "POST /cormun/servlet/solicitudot?gx-no-cache=1680278881177 HTTP/1.1" 200 295
190.171.143.106 - - [31/Mar/2023:13:20:28 -0300] "GET /cormun/servlet/solicitudot?848accc04c94c1b5e617995db68fa64f46d1fb0504fa8f14ee63a7a04fb3757bc8b0cb8cb7d453a4c00e36e11804a037787961e8bf86f489019b49ba77556f16eb690cb1f0a4b025840ca5d486bb6ab9306c5536541c48f48645a35ecb0dcf0f7c84cd28ba7694ea83a72a4b560b56ac15210cd07dff71bdbbc0507c47cd2e5b765eb4370b3813c068a1176ff8486cc5b51eba719baa613c5c1bbe384f39e93e302e110ec82e63556de025d778625d61f5cae43dc3a79cbf79f6603c0ec4825eb5d408bb873b94f9d228122f29a311fae06e24dac5f1603192f4ed9394ce97150af4e3e934e57c9cb6abd8ee43dbeeafc72032de81f04661281063354f46a424fae20acce49e43f4136dd0d17c4ef2f74d30de904e0839c0894e61c5227b483b1a9193f49f781ba0e47ec437e10bc7c66c488e1e68249e8be3156573085e435eeefdb6f0982d69a9462609f2a98de374fb22c400b7964247075c3cfd3acb709aa969cde66dacfaaf27964a096766d55e9cb74685345bcbeef06bc510a8880d368df018d73d26ec8695d43d48e29dce65,gx-no-cache=1680278881212 HTTP/1.1" 200 30
190.171.143.106 - - [31/Mar/2023:13:20:28 -0300] "POST /cormun/servlet/solicitudot?gx-no-cache=1680278881239 HTTP/1.1" 200 30
190.171.143.106 - - [31/Mar/2023:13:20:29 -0300] "POST /cormun/servlet/solicitudot?gx-no-cache=1680278881283 HTTP/1.1" 200 1470
190.171.143.106 - - [31/Mar/2023:13:20:29 -0300] "POST /cormun/servlet/solicitudot?gx-no-cache=1680278881367 HTTP/1.1" 200 41
190.171.143.106 - - [31/Mar/2023:13:20:29 -0300] "GET /cormun/servlet/solicitudot?848accc04c94c1b5e617995db68fa64fd25ee062ce84a89c2d5d42c1abe683d699145a451749eed20539f41948cd6908099bb01b4abbbbd6daed1cfd833c8cf75e390903b018816ca2b597dd7ad720d7f54def24bea7425c1d04ca0f6f16c293dc151512a5b6f080dd2cafb11457832d,gx-no-cache=1680278881397 HTTP/1.1" 200 110
190.171.143.106 - - [31/Mar/2023:13:20:29 -0300] "POST /cormun/servlet/solicitudot?gx-no-cache=1680278881429 HTTP/1.1" 200 64
190.171.143.106 - - [31/Mar/2023:13:20:31 -0300] "POST /cormun/servlet/solicitudot?gx-no-cache=1680278883785 HTTP/1.1" 200 4041
190.171.143.106 - - [31/Mar/2023:13:20:31 -0300] "POST /cormun/servlet/solicitudot?abae231d74053107f075e9f91238ce59,UPD,2023,19898,false,,gx-no-cache=1680278883903 HTTP/1.1" 200 13119
190.171.143.106 - - [31/Mar/2023:13:20:31 -0300] "GET /cormun/servlet/solicitudot?848accc04c94c1b5e617995db68fa64f15a486a4d2d3b6821783fce17dfba9c70693f1702c186cd1fa8f7739d3d1faa7,gx-no-cache=1680278884102 HTTP/1.1" 200 30
190.171.143.106 - - [31/Mar/2023:13:20:31 -0300] "GET /cormun/servlet/solicitudot?848accc04c94c1b5e617995db68fa64f5f0fa4bac692cdecad2a8900d9df92636eb1e5825b4b5b9fe0cea94477f7faed8df018d73d26ec8695d43d48e29dce65,gx-no-cache=1680278884127 HTTP/1.1" 200 30
190.171.143.106 - - [31/Mar/2023:13:20:31 -0300] "GET /cormun/servlet/solicitudot?848accc04c94c1b5e617995db68fa64f2594c809a2929c5957616127df29d2258e57df277f81703f98329b7bc73e3a23a15b921bcf6865def523ac431d65c14b,gx-no-cache=1680278884144 HTTP/1.1" 200 53
190.171.143.106 - - [31/Mar/2023:13:20:31 -0300] "POST /cormun/servlet/solicitudot?gx-no-cache=1680278884165 HTTP/1.1" 200 295
190.171.143.106 - - [31/Mar/2023:13:20:31 -0300] "GET /cormun/servlet/solicitudot?848accc04c94c1b5e617995db68fa64f46d1fb0504fa8f14ee63a7a04fb3757bc8b0cb8cb7d453a4c00e36e11804a037787961e8bf86f489019b49ba77556f16eb690cb1f0a4b025840ca5d486bb6ab9306c5536541c48f48645a35ecb0dcf0f7c84cd28ba7694ea83a72a4b560b56ac15210cd07dff71bdbbc0507c47cd2e5b765eb4370b3813c068a1176ff8486cc5b51eba719baa613c5c1bbe384f39e93e302e110ec82e63556de025d778625d61f5cae43dc3a79cbf79f6603c0ec4825eb5d408bb873b94f9d228122f29a311fae06e24dac5f1603192f4ed9394ce97150af4e3e934e57c9cb6abd8ee43dbeeafc72032de81f04661281063354f46a424fae20acce49e43f4136dd0d17c4ef2f74d30de904e0839c0894e61c5227b483b1a9193f49f781ba0e47ec437e10bc7c66c488e1e68249e8be3156573085e435eeefdb6f0982d69a9462609f2a98de374fb22c400b7964247075c3cfd3acb709aa969cde66dacfaaf27964a096766d55e9cb74685345bcbeef06bc510a8880d368df018d73d26ec8695d43d48e29dce65,gx-no-cache=1680278884191 HTTP/1.1" 200 30
190.171.143.106 - - [31/Mar/2023:13:20:31 -0300] "POST /cormun/servlet/solicitudot?gx-no-cache=1680278884212 HTTP/1.1" 200 30
190.171.143.106 - - [31/Mar/2023:13:20:31 -0300] "POST /cormun/servlet/solicitudot?gx-no-cache=1680278884238 HTTP/1.1" 200 1470
190.171.143.106 - - [31/Mar/2023:13:20:32 -0300] "POST /cormun/servlet/solicitudot?gx-no-cache=1680278884321 HTTP/1.1" 200 41
190.171.143.106 - - [31/Mar/2023:13:20:32 -0300] "GET /cormun/servlet/solicitudot?848accc04c94c1b5e617995db68fa64fd25ee062ce84a89c2d5d42c1abe683d699145a451749eed20539f41948cd6908099bb01b4abbbbd6daed1cfd833c8cf75e390903b018816ca2b597dd7ad720d7f54def24bea7425c1d04ca0f6f16c293dc151512a5b6f080dd2cafb11457832d,gx-no-cache=1680278884350 HTTP/1.1" 200 110
190.171.143.106 - - [31/Mar/2023:13:20:32 -0300] "POST /cormun/servlet/solicitudot?gx-no-cache=1680278884380 HTTP/1.1" 200 64
190.171.143.106 - - [31/Mar/2023:13:20:34 -0300] "GET /cormun/servlet/solicitudot?848accc04c94c1b5e617995db68fa64f9128088e313a800579efe4656a2d186a67736fe4c3dc1dc097e6c5d59733507f,gx-no-cache=1680278886394 HTTP/1.1" 200 30
190.171.142.50 - - [31/Mar/2023:13:20:37 -0300] "POST /cormun/servlet/solicitudot?gx-no-cache=1680278712863 HTTP/1.1" 200 30
190.171.142.50 - - [31/Mar/2023:13:20:37 -0300] "POST /cormun/servlet/solicitudot?gx-no-cache=1680278712895 HTTP/1.1" 200 1468
190.171.142.50 - - [31/Mar/2023:13:20:37 -0300] "POST /cormun/servlet/solicitudot?gx-no-cache=1680278712926 HTTP/1.1" 200 41
190.171.142.50 - - [31/Mar/2023:13:20:37 -0300] "GET /cormun/servlet/solicitudot?95255ab7088b6674781d0106b99eb0878527bc9d2cf9004a1b0ac5c9695e34fc54a879883cc4af6768295d47dbf1caf00937ecc08257225a580d8d80d68b05bc49d2c28c67a55a750e10a7d5995432f3b6a32e904a427e63b7bbfe04328a610c6e79dccbeb8bca232bafbc688081e087,gx-no-cache=1680278712944 HTTP/1.1" 200 110
190.171.142.50 - - [31/Mar/2023:13:20:37 -0300] "POST /cormun/servlet/solicitudot?gx-no-cache=1680278712964 HTTP/1.1" 200 79
190.171.142.50 - - [31/Mar/2023:13:20:37 -0300] "GET /cormun/servlet/solicitudot?95255ab7088b6674781d0106b99eb087cf20d8bea678ecada851dac84c755e09c847895dbd2f685c4fb06cff84bff7dbabd599634bc8a2344c73e99f8c294b1885187c51477d34f936669159fae5717a8b73b3575c65fe657faf0aaf587fbde338031676d54e4a7f574787f136636c93,gx-no-cache=1680278712987 HTTP/1.1" 200 29
190.171.142.50 - - [31/Mar/2023:13:20:37 -0300] "GET /cormun/servlet/solicitudot?95255ab7088b6674781d0106b99eb0879b536800f4e43c9e824d06eba7b8e935dc56643ddabe5fc95c59e03f7eb868db,gx-no-cache=1680278713004 HTTP/1.1" 200 30
190.171.142.50 - - [31/Mar/2023:13:20:37 -0300] "POST /cormun/servlet/solicitudot?gx-no-cache=1680278713023 HTTP/1.1" 200 30
190.171.142.50 - - [31/Mar/2023:13:20:37 -0300] "POST /cormun/servlet/solicitudot?4a6b7a6a4c7fc2e5ae6db85adc5d8cab,UPD,2023,19899,false,,gx-no-cache=1680278713043 HTTP/1.1" 200 93
190.171.142.50 - - [31/Mar/2023:13:20:37 -0300] "GET /cormun/servlet/hpexe_return? HTTP/1.1" 200 1018
190.171.142.50 - - [31/Mar/2023:13:20:37 -0300] "GET /cormun/servlet/trsolicitudot HTTP/1.1" 200 9720
190.171.142.50 - - [31/Mar/2023:13:20:37 -0300] "GET /cormun/servlet/trsolicitudot HTTP/1.1" 200 9715
190.171.141.98 - - [31/Mar/2023:13:20:40 -0300] "POST /cormun/servlet/solicitudot?gx-no-cache=1680282294057 HTTP/1.1" 200 135
190.171.141.98 - - [31/Mar/2023:13:20:40 -0300] "POST /cormun/servlet/solicitudot?284ca19794ae8450802daa846ddf1ddd,INS,0,0,false,,gx-no-cache=1680282294146 HTTP/1.1" 200 13368
190.171.142.50 - - [31/Mar/2023:13:20:41 -0300] "POST /cormun/servlet/trsolicitudot?4a6b7a6a4c7fc2e5ae6db85adc5d8cab,gx-no-cache=1680278717407 HTTP/1.1" 200 6447
190.171.142.50 - - [31/Mar/2023:13:20:41 -0300] "GET /cormun/static/Shared/jqueryui/images/ui-icons_82798d_256x240.png HTTP/1.1" 404 1089
190.171.142.50 - - [31/Mar/2023:13:20:41 -0300] "GET /cormun/static/Shared/jqueryui/images/ui-bg_flat_55_fafafa_40x100.png HTTP/1.1" 404 1097
190.171.142.50 - - [31/Mar/2023:13:20:41 -0300] "GET /cormun/static/Shared/jqueryui/images/ui-bg_highlight-soft_100_c6c2c8_1x100.png HTTP/1.1" 404 1117
190.171.142.50 - - [31/Mar/2023:13:20:41 -0300] "GET /cormun/static/Shared/jqueryui/images/ui-icons_8d78a5_256x240.png HTTP/1.1" 404 1089
190.171.142.50 - - [31/Mar/2023:13:20:42 -0300] "POST /cormun/servlet/trsolicitudot?4a6b7a6a4c7fc2e5ae6db85adc5d8cab,gx-no-cache=1680278717598 HTTP/1.1" 200 6389
190.171.142.50 - - [31/Mar/2023:13:20:42 -0300] "POST /cormun/servlet/trsolicitudot?4a6b7a6a4c7fc2e5ae6db85adc5d8cab,gx-no-cache=1680278718584 HTTP/1.1" 200 6158
190.171.143.106 - - [31/Mar/2023:13:20:42 -0300] "POST /cormun/servlet/solicitudot?gx-no-cache=1680278895227 HTTP/1.1" 200 120
190.171.142.50 - - [31/Mar/2023:13:20:42 -0300] "POST /cormun/servlet/trsolicitudot?4a6b7a6a4c7fc2e5ae6db85adc5d8cab,gx-no-cache=1680278718746 HTTP/1.1" 200 6102
190.171.143.106 - - [31/Mar/2023:13:20:43 -0300] "POST /cormun/servlet/solicitudot?abae231d74053107f075e9f91238ce59,UPD,2023,19898,false,,gx-no-cache=1680278895255 HTTP/1.1" 200 13372
190.171.142.50 - - [31/Mar/2023:13:20:43 -0300] "POST /cormun/servlet/trsolicitudot?4a6b7a6a4c7fc2e5ae6db85adc5d8cab,gx-no-cache=1680278719615 HTTP/1.1" 200 5838
190.171.142.50 - - [31/Mar/2023:13:20:43 -0300] "POST /cormun/servlet/trsolicitudot?4a6b7a6a4c7fc2e5ae6db85adc5d8cab,gx-no-cache=1680278719759 HTTP/1.1" 200 5782
190.171.142.50 - - [31/Mar/2023:13:20:44 -0300] "POST /cormun/servlet/trsolicitudot?4a6b7a6a4c7fc2e5ae6db85adc5d8cab,gx-no-cache=1680278720572 HTTP/1.1" 200 4581
190.171.142.50 - - [31/Mar/2023:13:20:44 -0300] "POST /cormun/servlet/trsolicitudot?4a6b7a6a4c7fc2e5ae6db85adc5d8cab,gx-no-cache=1680278720706 HTTP/1.1" 200 4332
190.171.143.106 - - [31/Mar/2023:13:20:54 -0300] "POST /cormun/servlet/solicitudot?gx-no-cache=1680278907014 HTTP/1.1" 200 4041
190.171.143.106 - - [31/Mar/2023:13:20:54 -0300] "POST /cormun/servlet/solicitudot?abae231d74053107f075e9f91238ce59,UPD,2023,19898,false,,gx-no-cache=1680278907129 HTTP/1.1" 200 13231
190.171.143.106 - - [31/Mar/2023:13:20:55 -0300] "GET /cormun/servlet/solicitudot?848accc04c94c1b5e617995db68fa64f15a486a4d2d3b6821783fce17dfba9c70693f1702c186cd1fa8f7739d3d1faa7,gx-no-cache=1680278907328 HTTP/1.1" 200 30
190.171.143.106 - - [31/Mar/2023:13:20:55 -0300] "GET /cormun/servlet/solicitudot?848accc04c94c1b5e617995db68fa64f5f0fa4bac692cdecad2a8900d9df92636eb1e5825b4b5b9fe0cea94477f7faed8df018d73d26ec8695d43d48e29dce65,gx-no-cache=1680278907350 HTTP/1.1" 200 30
190.171.142.50 - - [31/Mar/2023:13:20:55 -0300] "GET /cormun/servlet/hlogin HTTP/1.1" 200 1740
190.171.143.106 - - [31/Mar/2023:13:20:55 -0300] "GET /cormun/servlet/solicitudot?848accc04c94c1b5e617995db68fa64f2594c809a2929c5957616127df29d2258e57df277f81703f98329b7bc73e3a238a30d021055623d0857a89215af40ef53f563c97a4f8b586705783dc88013900af0d2ccb99a28bf5d8fb020eb7336ea6367226aec661c99b5c505db8bf3cf2c9,gx-no-cache=1680278907374 HTTP/1.1" 200 53
190.171.143.106 - - [31/Mar/2023:13:20:55 -0300] "POST /cormun/servlet/solicitudot?gx-no-cache=1680278907410 HTTP/1.1" 200 295
190.171.143.106 - - [31/Mar/2023:13:20:55 -0300] "GET /cormun/servlet/solicitudot?848accc04c94c1b5e617995db68fa64f46d1fb0504fa8f14ee63a7a04fb3757bc8b0cb8cb7d453a4c00e36e11804a037787961e8bf86f489019b49ba77556f16eb690cb1f0a4b025840ca5d486bb6ab9306c5536541c48f48645a35ecb0dcf0f7c84cd28ba7694ea83a72a4b560b56ac15210cd07dff71bdbbc0507c47cd2e5b765eb4370b3813c068a1176ff8486cc5b51eba719baa613c5c1bbe384f39e93e302e110ec82e63556de025d778625d61f5cae43dc3a79cbf79f6603c0ec4825eb5d408bb873b94f9d228122f29a311fae06e24dac5f1603192f4ed9394ce97150af4e3e934e57c9cb6abd8ee43dbeeafc72032de81f04661281063354f46a424fae20acce49e43f4136dd0d17c4ef2f74d30de904e0839c0894e61c5227b483b1a9193f49f781ba0e47ec437e10bc7c66c488e1e68249e8be3156573085e435eeefdb6f0982d69a9462609f2a98de374fb22c400b7964247075c3cfd3acb709aa969cde66dacfaaf27964a096766d55e9cb74685345bcbeef06bc510a8880d368df018d73d26ec8695d43d48e29dce65,gx-no-cache=1680278907437 HTTP/1.1" 200 30
190.171.143.106 - - [31/Mar/2023:13:20:55 -0300] "POST /cormun/servlet/solicitudot?gx-no-cache=1680278907459 HTTP/1.1" 200 30
