190.171.142.50 - - [31/Mar/2023:13:08:45 -0300] "POST /cormun/servlet/solicitudot?gx-no-cache=1680278001449 HTTP/1.1" 200 41
190.171.142.50 - - [31/Mar/2023:13:08:46 -0300] "GET /cormun/servlet/solicitudot?95255ab7088b6674781d0106b99eb0878527bc9d2cf9004a1b0ac5c9695e34fc54a879883cc4af6768295d47dbf1caf00937ecc08257225a580d8d80d68b05bc49d2c28c67a55a750e10a7d5995432f3b6a32e904a427e63b7bbfe04328a610c6e79dccbeb8bca232bafbc688081e087,gx-no-cache=1680278002474 HTTP/1.1" 200 110
190.171.142.50 - - [31/Mar/2023:13:08:46 -0300] "POST /cormun/servlet/solicitudot?gx-no-cache=1680278002501 HTTP/1.1" 200 97
190.171.142.50 - - [31/Mar/2023:13:08:47 -0300] "GET /cormun/servlet/solicitudot?95255ab7088b6674781d0106b99eb087cf20d8bea678ecada851dac84c755e09c847895dbd2f685c4fb06cff84bff7dbbc4f48a3f5d7dbf22a740e02ca11d397ccaa0cfa811c04f355637f51cabe65f9b4516cefba9bc20779d03f26f096c04e91c03040a8bbbf81e69c4ec68d050b1d7c21808b8cc79ea0a29b4fd70b60aeb57b5c36e2f765c1c44d23248b778739928f4d88e7d528e1d102e7f92f059a64bdaf9cafc0f6427aa254b4c36ce9df1de859195f84bf31b46021cba8a9b4c0f443b6cee163fb8554f3b715c92f07f7515f,gx-no-cache=1680278003458 HTTP/1.1" 200 30
190.171.142.50 - - [31/Mar/2023:13:08:48 -0300] "GET /cormun/servlet/solicitudot?95255ab7088b6674781d0106b99eb0873f21d4da337f1fc1591152a8eccf90b280680fc5159ec2a721ab3d1eb6960f0f,gx-no-cache=1680278004813 HTTP/1.1" 200 30
190.171.142.50 - - [31/Mar/2023:13:08:48 -0300] "POST /cormun/servlet/solicitudot?gx-no-cache=1680278004841 HTTP/1.1" 200 34
192.168.10.17 - - [31/Mar/2023:13:08:51 -0300] "GET /cormun/servlet/trsolicitudgral? HTTP/1.1" 500 10
192.168.10.17 - - [31/Mar/2023:13:08:53 -0300] "GET /cormun/servlet/hlogin HTTP/1.1" 200 1720
192.168.10.17 - - [31/Mar/2023:13:08:53 -0300] "GET /cormun/servlet/hlogin HTTP/1.1" 200 1730
190.171.143.106 - - [31/Mar/2023:13:09:02 -0300] "GET /cormun/servlet/solicitudot?848accc04c94c1b5e617995db68fa64fd25ee062ce84a89c2d5d42c1abe683d699145a451749eed20539f41948cd6908099bb01b4abbbbd6daed1cfd833c8cf75e390903b018816ca2b597dd7ad720d7f54def24bea7425c1d04ca0f6f16c293dc151512a5b6f080dd2cafb11457832d,gx-no-cache=1680278194628 HTTP/1.1" 200 110
190.171.143.106 - - [31/Mar/2023:13:09:02 -0300] "GET /cormun/servlet/solicitudot?848accc04c94c1b5e617995db68fa64f2d9fca57d6ae80fbe08586e0b61e1568a276971abfea60e328a29af4fb087783,gx-no-cache=1680278194653 HTTP/1.1" 200 30
190.171.143.106 - - [31/Mar/2023:13:09:02 -0300] "POST /cormun/servlet/solicitudot?gx-no-cache=1680278194676 HTTP/1.1" 200 30
190.171.143.106 - - [31/Mar/2023:13:09:02 -0300] "POST /cormun/servlet/solicitudot?abae231d74053107f075e9f91238ce59,INS,0,0,false,,gx-no-cache=1680278194697 HTTP/1.1" 200 13359
192.168.10.17 - - [31/Mar/2023:13:09:04 -0300] "POST /cormun/servlet/hlogin?d4c45678857e4c4baa09dc4523bfff9a,gx-no-cache=1680278014020 HTTP/1.1" 200 451
190.171.142.50 - - [31/Mar/2023:13:09:09 -0300] "POST /cormun/servlet/solicitudot?4a6b7a6a4c7fc2e5ae6db85adc5d8cab,UPD,2023,19895,false,,gx-no-cache=1680278025265 HTTP/1.1" 200 93
190.171.142.50 - - [31/Mar/2023:13:09:09 -0300] "GET /cormun/servlet/hpexe_return? HTTP/1.1" 200 1018
190.171.142.50 - - [31/Mar/2023:13:09:09 -0300] "GET /cormun/servlet/trsolicitudot HTTP/1.1" 200 8613
192.168.10.17 - - [31/Mar/2023:13:09:09 -0300] "POST /cormun/servlet/hlogin?d4c45678857e4c4baa09dc4523bfff9a,gx-no-cache=1680278019722 HTTP/1.1" 200 90
192.168.10.17 - - [31/Mar/2023:13:09:09 -0300] "GET /cormun/servlet/hpexe_link HTTP/1.1" 200 951
192.168.10.17 - - [31/Mar/2023:13:09:09 -0300] "GET /cormun/servlet/hhome HTTP/1.1" 200 3797
190.171.142.50 - - [31/Mar/2023:13:09:09 -0300] "GET /cormun/servlet/trsolicitudot HTTP/1.1" 200 8609
192.168.10.17 - - [31/Mar/2023:13:09:10 -0300] "GET /cormun/servlet/hhome HTTP/1.1" 200 3794
192.168.10.17 - - [31/Mar/2023:13:09:13 -0300] "GET /cormun/servlet/trsolicitudgral? HTTP/1.1" 200 28337
192.168.10.17 - - [31/Mar/2023:13:09:14 -0300] "GET /cormun/servlet/trsolicitudgral? HTTP/1.1" 200 28334
190.171.142.50 - - [31/Mar/2023:13:09:22 -0300] "GET /cormun/servlet/solicitudot?INS,0,0,false, HTTP/1.1" 200 15803
190.171.142.50 - - [31/Mar/2023:13:09:22 -0300] "GET /cormun/servlet/solicitudot?INS,0,0,false, HTTP/1.1" 200 15810
190.171.141.98 - - [31/Mar/2023:13:09:27 -0300] "GET /cormun/servlet/solicitudot?8588afb4863119d9ac191fcf311d6b00b796fb7476c5b75a7727fd2f60bf58594fa327e1839373d59114388d38da3752f36c32005f1d7dc10069537afae6446c9fe44a235cdf64ae45993526f4e9f30df00a1a8e9f3f17448736e0a7c17f23a53a96756b8cf9c9d5a4a6ce72d06a3bf4,gx-no-cache=1680281620827 HTTP/1.1" 200 110
190.171.141.98 - - [31/Mar/2023:13:09:34 -0300] "POST /cormun/servlet/solicitudot?gx-no-cache=1680281628212 HTTP/1.1" 200 97
192.168.10.17 - - [31/Mar/2023:13:09:40 -0300] "POST /cormun/servlet/trsolicitudgral?d4c45678857e4c4baa09dc4523bfff9a,,gx-no-cache=1680278050341 HTTP/1.1" 200 6673
192.168.10.17 - - [31/Mar/2023:13:09:46 -0300] "GET /cormun/servlet/vesolicitudgral?2023,19567,, HTTP/1.1" 200 8385
192.168.10.17 - - [31/Mar/2023:13:09:46 -0300] "GET /cormun/pexe_scrolldiv.js HTTP/1.1" 404 1009
190.171.142.50 - - [31/Mar/2023:13:09:46 -0300] "POST /cormun/servlet/solicitudot?gx-no-cache=1680278062420 HTTP/1.1" 200 3961
192.168.10.17 - - [31/Mar/2023:13:09:46 -0300] "GET /cormun/servlet/vesolicitudgral?2023,19567,, HTTP/1.1" 200 8385
190.171.142.50 - - [31/Mar/2023:13:09:46 -0300] "POST /cormun/servlet/solicitudot?4a6b7a6a4c7fc2e5ae6db85adc5d8cab,INS,0,0,false,,gx-no-cache=1680278062592 HTTP/1.1" 200 12511
190.171.142.50 - - [31/Mar/2023:13:09:49 -0300] "GET /cormun/servlet/solicitudot?95255ab7088b6674781d0106b99eb0876631b3613818d4d8e2dff3544047e7f818b7215cb1fbe378e426247444252f66,gx-no-cache=1680278065229 HTTP/1.1" 200 30
192.168.10.17 - - [31/Mar/2023:13:09:50 -0300] "POST /cormun/servlet/vesolicitudgral?d4c45678857e4c4baa09dc4523bfff9a,2023,19567,,,gx-no-cache=1680278060206 HTTP/1.1" 200 12176
192.168.10.17 - - [31/Mar/2023:13:09:50 -0300] "GET /cormun/static/Shared/jqueryui/images/ui-bg_highlight-soft_100_c6c2c8_1x100.png HTTP/1.1" 404 1117
192.168.10.17 - - [31/Mar/2023:13:09:50 -0300] "GET /cormun/static/Shared/jqueryui/images/ui-icons_82798d_256x240.png HTTP/1.1" 404 1089
192.168.10.17 - - [31/Mar/2023:13:09:50 -0300] "GET /cormun/static/Shared/jqueryui/images/ui-bg_flat_55_fafafa_40x100.png HTTP/1.1" 404 1097
192.168.10.17 - - [31/Mar/2023:13:09:50 -0300] "GET /cormun/static/Shared/jqueryui/images/ui-icons_8d78a5_256x240.png HTTP/1.1" 404 1089
192.168.10.17 - - [31/Mar/2023:13:09:50 -0300] "POST /cormun/servlet/vesolicitudgral?d4c45678857e4c4baa09dc4523bfff9a,2023,19567,,,gx-no-cache=1680278060447 HTTP/1.1" 200 12109
190.171.143.106 - - [31/Mar/2023:13:10:00 -0300] "POST /cormun/servlet/solicitudot?gx-no-cache=1680278252628 HTTP/1.1" 200 30
190.171.143.106 - - [31/Mar/2023:13:10:07 -0300] "GET /cormun/servlet/prfichaempleado?,MD,,gxPopupLevel%3D0%3B HTTP/1.1" 200 9217
190.171.141.98 - - [31/Mar/2023:13:10:10 -0300] "POST /cormun/servlet/solicitudot?gx-no-cache=1680281664110 HTTP/1.1" 200 118
190.171.141.98 - - [31/Mar/2023:13:10:10 -0300] "GET /cormun/servlet/solicitudot?8588afb4863119d9ac191fcf311d6b00b796fb7476c5b75a7727fd2f60bf58594fa327e1839373d59114388d38da3752f36c32005f1d7dc10069537afae6446c9fe44a235cdf64ae45993526f4e9f30df00a1a8e9f3f17448736e0a7c17f23a53a96756b8cf9c9d5a4a6ce72d06a3bf4,gx-no-cache=1680281664160 HTTP/1.1" 200 110
190.171.141.98 - - [31/Mar/2023:13:10:10 -0300] "GET /cormun/servlet/solicitudot?8588afb4863119d9ac191fcf311d6b0036473802c3e9813e099b01032cda892ad12be739cb1faecafe1021265d9e02cde9c93252c6c86c1e4c7eca0854535ca9d9e5bbb65787882bbc0cd203aa67d7d24df45df7128eb5a87011b7943ca43e8ade210203dce33e0c6698f434b4a8d850,gx-no-cache=1680281664183 HTTP/1.1" 200 29
190.171.143.106 - - [31/Mar/2023:13:10:15 -0300] "GET /cormun/servlet/prlicenciaspermisos?183757024,L,,MD,,gxPopupLevel%3D0%3B HTTP/1.1" 200 5080
190.171.141.98 - - [31/Mar/2023:13:10:17 -0300] "GET /cormun/servlet/prlicenciaspermisos?15993546,L,,MD,,gxPopupLevel%3D0%3B HTTP/1.1" 200 5751
190.171.141.98 - - [31/Mar/2023:13:10:17 -0300] "GET /cormun/static/gxcfg.js?2020121559567 HTTP/1.1" 200 953
190.171.141.98 - - [31/Mar/2023:13:10:17 -0300] "GET /cormun/static/prlicenciaspermisos.js?2020121559821 HTTP/1.1" 200 13379
190.171.143.106 - - [31/Mar/2023:13:10:17 -0300] "POST /cormun/servlet/solicitudot?gx-no-cache=1680278270174 HTTP/1.1" 200 1606
190.171.142.50 - - [31/Mar/2023:13:10:21 -0300] "GET /cormun/servlet/solicitudot?95255ab7088b6674781d0106b99eb08767af7fd1c76c59783280e76ee9e3f932aa2ddd95e11b7a7da643223b6e41594c268169249609429da4649d0a1fbf394f,gx-no-cache=1680278097860 HTTP/1.1" 200 30
190.171.142.50 - - [31/Mar/2023:13:10:22 -0300] "GET /cormun/servlet/solicitudot?95255ab7088b6674781d0106b99eb08761410a9fafd394e117552ac94582a403,gx-no-cache=1680278097887 HTTP/1.1" 200 29
190.171.142.50 - - [31/Mar/2023:13:10:23 -0300] "POST /cormun/servlet/solicitudot?gx-no-cache=1680278099302 HTTP/1.1" 200 240
190.171.142.50 - - [31/Mar/2023:13:10:24 -0300] "GET /cormun/servlet/solicitudot?95255ab7088b6674781d0106b99eb087834f166605765ec9ce99e71c33dd76fe84ba59a06ed09658525f51abd2ff9e765cd020c0064af9e6fc3fa8fe62f1a49c46f74588f00771bc01faff3fcd26395cf3dbb70da2423729e5b2daed9b03c61e309681c58e975479d99560c1729792709bd2f795f4bac19b2c16666de1f060e5130b3f88efe714e80c3443bc7695b37fe5ff02d27d0d53dbb66c889de01e553db2104f93384e859857bac58d69655ebf716ba82ebf71dc18127b65b15ca2ad254f29b1dc4c672dad88284db411db548e6bf5058a16a4c5c526e390f9f127841f6b22dab30c72a6d1cde5bdd150f009529563ec3af89a71bb820b35d63c24a0ff2e106ab1b214b366f784f6d7289999e9f9527415f9e479aa31c98d64dfe890fa59fe933c94b0022cc261e5815de3d3e97eddcc6848540b970556615e1d365b353958e22944884865131037f7f2cffe3c80f280cc7d2d2b1d25f64ff6a65ea221e2692df025825404e43706b735427d2efbb23b86add9b21e9dcebfc795aea2a3,gx-no-cache=1680278100809 HTTP/1.1" 200 30
190.171.142.50 - - [31/Mar/2023:13:10:28 -0300] "POST /cormun/servlet/solicitudot?gx-no-cache=1680278104099 HTTP/1.1" 200 30
190.171.142.50 - - [31/Mar/2023:13:10:30 -0300] "GET /cormun/servlet/prsolicitudot?15123135,,,,,MD,,gxPopupLevel%3D0%3B HTTP/1.1" 200 6354
190.171.142.50 - - [31/Mar/2023:13:10:33 -0300] "POST /cormun/servlet/solicitudot?gx-no-cache=1680278109014 HTTP/1.1" 200 1551
190.171.142.50 - - [31/Mar/2023:13:10:33 -0300] "GET /cormun/static/Shared/jqueryui/images/ui-bg_highlight-soft_100_c6c2c8_1x100.png HTTP/1.1" 404 1117
190.171.142.50 - - [31/Mar/2023:13:10:33 -0300] "GET /cormun/static/Shared/jqueryui/images/ui-icons_82798d_256x240.png HTTP/1.1" 404 1089
190.171.142.50 - - [31/Mar/2023:13:10:33 -0300] "GET /cormun/static/Shared/jqueryui/images/ui-icons_ebccce_256x240.png HTTP/1.1" 404 1089
190.171.142.50 - - [31/Mar/2023:13:10:33 -0300] "GET /cormun/static/Shared/jqueryui/images/ui-bg_flat_55_994d53_40x100.png HTTP/1.1" 404 1097
190.171.142.50 - - [31/Mar/2023:13:10:33 -0300] "POST /cormun/servlet/solicitudot?gx-no-cache=1680278109049 HTTP/1.1" 200 117
190.171.142.50 - - [31/Mar/2023:13:10:33 -0300] "GET /cormun/servlet/solicitudot?95255ab7088b6674781d0106b99eb0878527bc9d2cf9004a1b0ac5c9695e34fc54a879883cc4af6768295d47dbf1caf00937ecc08257225a580d8d80d68b05bc49d2c28c67a55a750e10a7d5995432f3b6a32e904a427e63b7bbfe04328a610c6e79dccbeb8bca232bafbc688081e087,gx-no-cache=1680278109072 HTTP/1.1" 200 110
190.171.142.50 - - [31/Mar/2023:13:10:33 -0300] "POST /cormun/servlet/solicitudot?gx-no-cache=1680278109093 HTTP/1.1" 200 64
190.171.142.50 - - [31/Mar/2023:13:10:33 -0300] "GET /cormun/servlet/solicitudot?95255ab7088b6674781d0106b99eb087a33155adc6ae035233636fb15f92cbe809ee2b98919ed1abb99f2497efe50113e8f0b141eebad25015eb74ca18e770a9798dfb7c94afcb7767e063db159bc5855344ea05adb4096d46ff50d37539ecf9442df5e9f77282e22def3cbfdbf66834,gx-no-cache=1680278109116 HTTP/1.1" 200 29
190.171.142.50 - - [31/Mar/2023:13:10:33 -0300] "GET /cormun/servlet/solicitudot?95255ab7088b6674781d0106b99eb0873f21d4da337f1fc1591152a8eccf90b261773abe37f56bcff8ee51516d7067b5,gx-no-cache=1680278109135 HTTP/1.1" 200 30
190.171.142.50 - - [31/Mar/2023:13:10:36 -0300] "GET /cormun/servlet/prfichaempleado?,MD,,gxPopupLevel%3D0%3B HTTP/1.1" 200 9252
190.171.142.50 - - [31/Mar/2023:13:10:43 -0300] "POST /cormun/servlet/prfichaempleado?4a6b7a6a4c7fc2e5ae6db85adc5d8cab,,MD,,gxPopupLevel%3D0%3B,gx-no-cache=1680278118998 HTTP/1.1" 200 3404
190.171.143.106 - - [31/Mar/2023:13:10:46 -0300] "GET /cormun/servlet/prfichaempleado?,MD,,gxPopupLevel%3D0%3B HTTP/1.1" 200 9217
190.171.142.50 - - [31/Mar/2023:13:10:47 -0300] "GET /cormun/servlet/prlicenciaspermisos?15106697,L,,MD,,gxPopupLevel%3D0%3B HTTP/1.1" 200 7619
190.171.142.50 - - [31/Mar/2023:13:10:49 -0300] "POST /cormun/servlet/solicitudot?gx-no-cache=1680278125162 HTTP/1.1" 200 1468
190.171.142.50 - - [31/Mar/2023:13:10:51 -0300] "POST /cormun/servlet/solicitudot?gx-no-cache=1680278127576 HTTP/1.1" 200 41
190.171.142.50 - - [31/Mar/2023:13:11:06 -0300] "GET /cormun/servlet/solicitudot?95255ab7088b6674781d0106b99eb0878527bc9d2cf9004a1b0ac5c9695e34fc54a879883cc4af6768295d47dbf1caf00937ecc08257225a580d8d80d68b05bc49d2c28c67a55a750e10a7d5995432f3b6a32e904a427e63b7bbfe04328a610c6e79dccbeb8bca232bafbc688081e087,gx-no-cache=1680278142819 HTTP/1.1" 200 110
190.171.142.50 - - [31/Mar/2023:13:11:09 -0300] "POST /cormun/servlet/solicitudot?gx-no-cache=1680278145486 HTTP/1.1" 200 97
190.171.143.106 - - [31/Mar/2023:13:11:14 -0300] "POST /cormun/servlet/solicitudot?gx-no-cache=1680278326565 HTTP/1.1" 200 1606
190.171.143.106 - - [31/Mar/2023:13:11:14 -0300] "POST /cormun/servlet/solicitudot?gx-no-cache=1680278326663 HTTP/1.1" 200 121
190.171.143.106 - - [31/Mar/2023:13:11:14 -0300] "GET /cormun/servlet/solicitudot?848accc04c94c1b5e617995db68fa64fd25ee062ce84a89c2d5d42c1abe683d699145a451749eed20539f41948cd6908099bb01b4abbbbd6daed1cfd833c8cf75e390903b018816ca2b597dd7ad720d7f54def24bea7425c1d04ca0f6f16c293dc151512a5b6f080dd2cafb11457832d,gx-no-cache=1680278326683 HTTP/1.1" 200 110
190.171.143.106 - - [31/Mar/2023:13:11:14 -0300] "GET /cormun/servlet/solicitudot?848accc04c94c1b5e617995db68fa64f2d9fca57d6ae80fbe08586e0b61e1568a276971abfea60e328a29af4fb087783,gx-no-cache=1680278326705 HTTP/1.1" 200 30
190.171.143.106 - - [31/Mar/2023:13:11:14 -0300] "POST /cormun/servlet/solicitudot?gx-no-cache=1680278326723 HTTP/1.1" 200 120
190.171.143.106 - - [31/Mar/2023:13:11:14 -0300] "POST /cormun/servlet/solicitudot?abae231d74053107f075e9f91238ce59,INS,0,0,false,,gx-no-cache=1680278326747 HTTP/1.1" 200 13515
190.171.141.98 - - [31/Mar/2023:13:11:18 -0300] "POST /cormun/servlet/solicitudot?gx-no-cache=1680281731892 HTTP/1.1" 200 41
190.171.141.98 - - [31/Mar/2023:13:11:18 -0300] "GET /cormun/servlet/solicitudot?8588afb4863119d9ac191fcf311d6b00b796fb7476c5b75a7727fd2f60bf58594fa327e1839373d59114388d38da3752f36c32005f1d7dc10069537afae6446c9fe44a235cdf64ae45993526f4e9f30df00a1a8e9f3f17448736e0a7c17f23a53a96756b8cf9c9d5a4a6ce72d06a3bf4,gx-no-cache=1680281731951 HTTP/1.1" 200 110
190.171.142.50 - - [31/Mar/2023:13:11:19 -0300] "POST /cormun/servlet/solicitudot?gx-no-cache=1680278155812 HTTP/1.1" 200 32
190.171.142.50 - - [31/Mar/2023:13:11:20 -0300] "POST /cormun/servlet/solicitudot?4a6b7a6a4c7fc2e5ae6db85adc5d8cab,INS,0,0,false,,gx-no-cache=1680278155873 HTTP/1.1" 200 93
190.171.142.50 - - [31/Mar/2023:13:11:20 -0300] "GET /cormun/servlet/hpexe_return? HTTP/1.1" 200 1012
190.171.142.50 - - [31/Mar/2023:13:11:20 -0300] "GET /cormun/servlet/trsolicitudot HTTP/1.1" 200 8942
190.171.142.50 - - [31/Mar/2023:13:11:20 -0300] "GET /cormun/servlet/trsolicitudot HTTP/1.1" 200 8938
190.171.141.138 - - [31/Mar/2023:13:11:23 -0300] "GET /cormun/servlet/trpermisosgoce? HTTP/1.1" 200 6032
190.171.141.138 - - [31/Mar/2023:13:11:23 -0300] "GET /cormun/servlet/hlogin HTTP/1.1" 200 1742
190.171.141.138 - - [31/Mar/2023:13:11:23 -0300] "GET /cormun/servlet/trpermisosgoce? HTTP/1.1" 200 6029
190.171.141.138 - - [31/Mar/2023:13:11:23 -0300] "GET /cormun/servlet/trpermisosgoce? HTTP/1.1" 200 6029
190.171.142.50 - - [31/Mar/2023:13:11:23 -0300] "POST /cormun/servlet/trsolicitudot?4a6b7a6a4c7fc2e5ae6db85adc5d8cab,gx-no-cache=1680278159836 HTTP/1.1" 200 113
190.171.142.50 - - [31/Mar/2023:13:11:24 -0300] "GET /cormun/servlet/solicitudot?UPD,2023,19896,false, HTTP/1.1" 200 16321
190.171.141.98 - - [31/Mar/2023:13:11:24 -0300] "GET /cormun/servlet/solicitudot?8588afb4863119d9ac191fcf311d6b00b796fb7476c5b75a7727fd2f60bf58594fa327e1839373d59114388d38da3752f36c32005f1d7dc10069537afae6446c9fe44a235cdf64ae45993526f4e9f30df00a1a8e9f3f17448736e0a7c17f23a53a96756b8cf9c9d5a4a6ce72d06a3bf4,gx-no-cache=1680281737866 HTTP/1.1" 200 110
190.171.142.50 - - [31/Mar/2023:13:11:24 -0300] "GET /cormun/servlet/solicitudot?UPD,2023,19896,false, HTTP/1.1" 200 16332
190.171.142.50 - - [31/Mar/2023:13:11:24 -0300] "POST /cormun/servlet/solicitudot?gx-no-cache=1680278160726 HTTP/1.1" 200 4028
190.171.142.50 - - [31/Mar/2023:13:11:25 -0300] "POST /cormun/servlet/solicitudot?4a6b7a6a4c7fc2e5ae6db85adc5d8cab,UPD,2023,19896,false,,gx-no-cache=1680278160834 HTTP/1.1" 200 12622
190.171.142.50 - - [31/Mar/2023:13:11:25 -0300] "GET /cormun/servlet/solicitudot?95255ab7088b6674781d0106b99eb0876631b3613818d4d8e2dff3544047e7f8cd80f8d438544b0e9c751f0995bea7e3,gx-no-cache=1680278161308 HTTP/1.1" 200 30
190.171.142.50 - - [31/Mar/2023:13:11:25 -0300] "GET /cormun/servlet/solicitudot?95255ab7088b6674781d0106b99eb08767af7fd1c76c59783280e76ee9e3f932aa2ddd95e11b7a7da643223b6e41594cf86314499866b0862d20edb5a55a0998,gx-no-cache=1680278161330 HTTP/1.1" 200 30
190.171.142.50 - - [31/Mar/2023:13:11:25 -0300] "GET /cormun/servlet/solicitudot?95255ab7088b6674781d0106b99eb08761410a9fafd394e117552ac94582a403,gx-no-cache=1680278161347 HTTP/1.1" 200 29
190.171.142.50 - - [31/Mar/2023:13:11:25 -0300] "POST /cormun/servlet/solicitudot?gx-no-cache=1680278161366 HTTP/1.1" 200 239
190.171.142.50 - - [31/Mar/2023:13:11:25 -0300] "GET /cormun/servlet/solicitudot?95255ab7088b6674781d0106b99eb087834f166605765ec9ce99e71c33dd76fe84ba59a06ed09658525f51abd2ff9e765cd020c0064af9e6fc3fa8fe62f1a49c46f74588f00771bc01faff3fcd26395cf3dbb70da2423729e5b2daed9b03c61e309681c58e975479d99560c1729792709bd2f795f4bac19b2c16666de1f060e5130b3f88efe714e80c3443bc7695b37fe5ff02d27d0d53dbb66c889de01e553db2104f93384e859857bac58d69655ebf716ba82ebf71dc18127b65b15ca2ad254f29b1dc4c672dad88284db411db548e6bf5058a16a4c5c526e390f9f127841f6b22dab30c72a6d1cde5bdd150f009529563ec3af89a71bb820b35d63c24a0ff2e106ab1b214b366f784f6d7289999e9f9527415f9e479aa31c98d64dfe890fa59fe933c94b0022cc261e5815de3d3e97eddcc6848540b970556615e1d365b353958e22944884865131037f7f2cffe3c80f280cc7d2d2b1d25f64ff6a65ea221e2692df025825404e43706b735427d2e717114fc44046957fd77eeb2509ef7eb,gx-no-cache=1680278161390 HTTP/1.1" 200 30
190.171.142.50 - - [31/Mar/2023:13:11:25 -0300] "POST /cormun/servlet/solicitudot?gx-no-cache=1680278161408 HTTP/1.1" 200 30
190.171.142.50 - - [31/Mar/2023:13:11:25 -0300] "POST /cormun/servlet/solicitudot?gx-no-cache=1680278161428 HTTP/1.1" 200 1469
190.171.142.50 - - [31/Mar/2023:13:11:25 -0300] "POST /cormun/servlet/solicitudot?gx-no-cache=1680278161502 HTTP/1.1" 200 41
190.171.141.138 - - [31/Mar/2023:13:11:26 -0300] "POST /cormun/servlet/hlogin?af3b38d58b263dafd6071ce3c5619ae6,gx-no-cache=1680278163132 HTTP/1.1" 200 90
190.171.141.138 - - [31/Mar/2023:13:11:26 -0300] "GET /cormun/servlet/hpexe_link HTTP/1.1" 200 958
190.171.141.138 - - [31/Mar/2023:13:11:26 -0300] "GET /cormun/servlet/trpermisosgoce HTTP/1.1" 200 10304
190.171.142.50 - - [31/Mar/2023:13:11:26 -0300] "GET /cormun/servlet/solicitudot?95255ab7088b6674781d0106b99eb0878527bc9d2cf9004a1b0ac5c9695e34fc54a879883cc4af6768295d47dbf1caf00937ecc08257225a580d8d80d68b05bc49d2c28c67a55a750e10a7d5995432f3b6a32e904a427e63b7bbfe04328a610c6e79dccbeb8bca232bafbc688081e087,gx-no-cache=1680278162514 HTTP/1.1" 200 110
190.171.142.50 - - [31/Mar/2023:13:11:26 -0300] "POST /cormun/servlet/solicitudot?gx-no-cache=1680278162536 HTTP/1.1" 200 97
190.171.141.138 - - [31/Mar/2023:13:11:26 -0300] "GET /cormun/servlet/trpermisosgoce HTTP/1.1" 200 10302
190.171.142.50 - - [31/Mar/2023:13:11:27 -0300] "GET /cormun/servlet/solicitudot?95255ab7088b6674781d0106b99eb087cf20d8bea678ecada851dac84c755e09c847895dbd2f685c4fb06cff84bff7dbbc4f48a3f5d7dbf22a740e02ca11d397ccaa0cfa811c04f355637f51cabe65f9b4516cefba9bc20779d03f26f096c04e91c03040a8bbbf81e69c4ec68d050b1d7c21808b8cc79ea0a29b4fd70b60aeb57b5c36e2f765c1c44d23248b778739928f4d88e7d528e1d102e7f92f059a64bdaf9cafc0f6427aa254b4c36ce9df1de859195f84bf31b46021cba8a9b4c0f443b6cee163fb8554f3b715c92f07f7515f,gx-no-cache=1680278163445 HTTP/1.1" 200 30
190.171.141.138 - - [31/Mar/2023:13:11:29 -0300] "GET /cormun/servlet/trpermisosgoce? HTTP/1.1" 200 10302
190.171.142.50 - - [31/Mar/2023:13:11:29 -0300] "GET /cormun/servlet/solicitudot?95255ab7088b6674781d0106b99eb0873f21d4da337f1fc1591152a8eccf90b280680fc5159ec2a721ab3d1eb6960f0f,gx-no-cache=1680278165586 HTTP/1.1" 200 30
190.171.142.50 - - [31/Mar/2023:13:11:29 -0300] "POST /cormun/servlet/solicitudot?gx-no-cache=1680278165605 HTTP/1.1" 200 32
190.171.141.138 - - [31/Mar/2023:13:11:29 -0300] "GET /cormun/servlet/trpermisosgoce? HTTP/1.1" 200 10302
190.171.142.50 - - [31/Mar/2023:13:11:30 -0300] "POST /cormun/servlet/solicitudot?4a6b7a6a4c7fc2e5ae6db85adc5d8cab,UPD,2023,19896,false,,gx-no-cache=1680278165658 HTTP/1.1" 200 93
190.171.142.50 - - [31/Mar/2023:13:11:30 -0300] "GET /cormun/servlet/hpexe_return? HTTP/1.1" 200 1018
190.171.142.50 - - [31/Mar/2023:13:11:30 -0300] "GET /cormun/servlet/trsolicitudot HTTP/1.1" 200 8930
190.171.142.50 - - [31/Mar/2023:13:11:30 -0300] "GET /cormun/servlet/trsolicitudot HTTP/1.1" 200 8926
190.171.141.138 - - [31/Mar/2023:13:11:31 -0300] "GET /cormun/servlet/permisogoce?INS,0,,, HTTP/1.1" 200 7379
190.171.141.138 - - [31/Mar/2023:13:11:31 -0300] "GET /cormun/servlet/permisogoce?INS,0,,, HTTP/1.1" 200 7379
190.171.142.50 - - [31/Mar/2023:13:11:33 -0300] "GET /cormun/servlet/solicitudot?INS,0,0,false, HTTP/1.1" 200 15804
190.171.142.50 - - [31/Mar/2023:13:11:34 -0300] "GET /cormun/servlet/solicitudot?INS,0,0,false, HTTP/1.1" 200 15812
190.171.143.106 - - [31/Mar/2023:13:11:35 -0300] "GET /cormun/servlet/prlicenciaspermisos?183757024,L,,MD,,gxPopupLevel%3D0%3B HTTP/1.1" 200 5080
190.171.141.138 - - [31/Mar/2023:13:11:39 -0300] "GET /cormun/servlet/permisogoce?8c93f0bb6c073261667ce9fee38ed241e0ca4ec0adff44b6de980668995b2b765f0dcb07594814424c4e432023a5eb6fe69036bfc852299a51e70e0c7570597e,gx-no-cache=1680278176812 HTTP/1.1" 200 81
190.171.141.138 - - [31/Mar/2023:13:11:42 -0300] "GET /cormun/static/menuarrow.gif HTTP/1.1" 404 1015
190.171.141.138 - - [31/Mar/2023:13:11:47 -0300] "GET /cormun/servlet/permisogoce?8c93f0bb6c073261667ce9fee38ed241db1c237a8cfde445aee7cc3f4835ba006c58c6a7f4c3634b8176ebd7806d5781bec6b9a9b4cba57ea92b0b6bd95d9842,gx-no-cache=1680278184729 HTTP/1.1" 200 46
190.171.141.98 - - [31/Mar/2023:13:11:48 -0300] "GET /cormun/servlet/solicitudot?8588afb4863119d9ac191fcf311d6b00b21c9307c090b0a026311b023988ebc39a29250e5d8f2cfc282d7239456bd93a,gx-no-cache=1680281762252 HTTP/1.1" 200 30
190.171.141.98 - - [31/Mar/2023:13:11:48 -0300] "POST /cormun/servlet/solicitudot?gx-no-cache=1680281762283 HTTP/1.1" 200 135
190.171.142.50 - - [31/Mar/2023:13:11:50 -0300] "POST /cormun/servlet/solicitudot?gx-no-cache=1680278186078 HTTP/1.1" 200 3961
190.171.142.50 - - [31/Mar/2023:13:11:50 -0300] "POST /cormun/servlet/solicitudot?4a6b7a6a4c7fc2e5ae6db85adc5d8cab,INS,0,0,false,,gx-no-cache=1680278186288 HTTP/1.1" 200 12512
190.171.141.138 - - [31/Mar/2023:13:11:51 -0300] "POST /cormun/servlet/permisogoce?af3b38d58b263dafd6071ce3c5619ae6,INS,0,,,,gx-no-cache=1680278187261 HTTP/1.1" 200 93
190.171.141.138 - - [31/Mar/2023:13:11:51 -0300] "GET /cormun/servlet/hpexe_return? HTTP/1.1" 200 1011
190.171.141.138 - - [31/Mar/2023:13:11:51 -0300] "GET /cormun/servlet/trpermisosgoce HTTP/1.1" 200 10605
190.171.141.138 - - [31/Mar/2023:13:11:51 -0300] "GET /cormun/servlet/trpermisosgoce HTTP/1.1" 200 10600
190.171.141.138 - - [31/Mar/2023:13:11:54 -0300] "GET /cormun/servlet/apermisogoceprn?19592330,P,20230331125601,PU HTTP/1.1" 200 1666
190.171.142.50 - - [31/Mar/2023:13:11:55 -0300] "GET /cormun/servlet/solicitudot?95255ab7088b6674781d0106b99eb0876631b3613818d4d8e2dff3544047e7f818b7215cb1fbe378e426247444252f66,gx-no-cache=1680278191074 HTTP/1.1" 200 30
192.168.10.17 - - [31/Mar/2023:13:12:08 -0300] "GET /cormun/servlet/trautorizarot? HTTP/1.1" 200 9575
192.168.10.17 - - [31/Mar/2023:13:12:08 -0300] "GET /cormun/servlet/trautorizarot? HTTP/1.1" 200 9570
192.168.10.17 - - [31/Mar/2023:13:12:11 -0300] "POST /cormun/servlet/trautorizarot?d4c45678857e4c4baa09dc4523bfff9a,,gx-no-cache=1680278200994 HTTP/1.1" 200 5370
190.171.142.50 - - [31/Mar/2023:13:12:25 -0300] "GET /cormun/servlet/solicitudot?95255ab7088b6674781d0106b99eb08767af7fd1c76c59783280e76ee9e3f932aa2ddd95e11b7a7da643223b6e41594c268169249609429da4649d0a1fbf394f,gx-no-cache=1680278221325 HTTP/1.1" 200 30
190.171.142.50 - - [31/Mar/2023:13:12:25 -0300] "GET /cormun/servlet/solicitudot?95255ab7088b6674781d0106b99eb08761410a9fafd394e117552ac94582a403,gx-no-cache=1680278221355 HTTP/1.1" 200 29
190.171.142.50 - - [31/Mar/2023:13:12:26 -0300] "POST /cormun/servlet/solicitudot?gx-no-cache=1680278222754 HTTP/1.1" 200 240
190.171.142.50 - - [31/Mar/2023:13:12:28 -0300] "GET /cormun/servlet/solicitudot?95255ab7088b6674781d0106b99eb087834f166605765ec9ce99e71c33dd76fe84ba59a06ed09658525f51abd2ff9e765cd020c0064af9e6fc3fa8fe62f1a49c46f74588f00771bc01faff3fcd26395cf3dbb70da2423729e5b2daed9b03c61e309681c58e975479d99560c1729792709bd2f795f4bac19b2c16666de1f060e5130b3f88efe714e80c3443bc7695b37fe5ff02d27d0d53dbb66c889de01e553db2104f93384e859857bac58d69655ebf716ba82ebf71dc18127b65b15ca2ad254f29b1dc4c672dad88284db411db548e6bf5058a16a4c5c526e390f9f127841f6b22dab30c72a6d1cde5bdd150f009529563ec3af89a71bb820b35d63c24a0ff2e106ab1b214b366f784f6d7289999e9f9527415f9e479aa31c98d64dfe890fa59fe933c94b0022cc261e5815de3d3e97eddcc6848540b970556615e1d365b353958e22944884865131037f7f2cffe3c80f280cc7d2d2b1d25f64ff6a65ea221e2692df025825404e43706b735427d2efbb23b86add9b21e9dcebfc795aea2a3,gx-no-cache=1680278224185 HTTP/1.1" 200 30
190.171.142.50 - - [31/Mar/2023:13:12:30 -0300] "POST /cormun/servlet/solicitudot?gx-no-cache=1680278226211 HTTP/1.1" 200 30
190.171.142.50 - - [31/Mar/2023:13:12:32 -0300] "GET /cormun/servlet/prsolicitudot?15123135,,,,,MD,,gxPopupLevel%3D0%3B HTTP/1.1" 200 6390
190.171.142.50 - - [31/Mar/2023:13:12:34 -0300] "POST /cormun/servlet/solicitudot?gx-no-cache=1680278230224 HTTP/1.1" 200 1551
190.171.142.50 - - [31/Mar/2023:13:12:34 -0300] "GET /cormun/static/Shared/jqueryui/images/ui-bg_highlight-soft_100_c6c2c8_1x100.png HTTP/1.1" 404 1117
190.171.142.50 - - [31/Mar/2023:13:12:34 -0300] "GET /cormun/static/Shared/jqueryui/images/ui-icons_82798d_256x240.png HTTP/1.1" 404 1089
190.171.142.50 - - [31/Mar/2023:13:12:34 -0300] "GET /cormun/static/Shared/jqueryui/images/ui-bg_flat_55_994d53_40x100.png HTTP/1.1" 404 1097
190.171.142.50 - - [31/Mar/2023:13:12:34 -0300] "GET /cormun/static/Shared/jqueryui/images/ui-icons_ebccce_256x240.png HTTP/1.1" 404 1089
190.171.142.50 - - [31/Mar/2023:13:12:34 -0300] "POST /cormun/servlet/solicitudot?gx-no-cache=1680278230260 HTTP/1.1" 200 117
190.171.142.50 - - [31/Mar/2023:13:12:34 -0300] "GET /cormun/servlet/solicitudot?95255ab7088b6674781d0106b99eb0878527bc9d2cf9004a1b0ac5c9695e34fc54a879883cc4af6768295d47dbf1caf00937ecc08257225a580d8d80d68b05bc49d2c28c67a55a750e10a7d5995432f3b6a32e904a427e63b7bbfe04328a610c6e79dccbeb8bca232bafbc688081e087,gx-no-cache=1680278230286 HTTP/1.1" 200 110
190.171.142.50 - - [31/Mar/2023:13:12:34 -0300] "POST /cormun/servlet/solicitudot?gx-no-cache=1680278230309 HTTP/1.1" 200 64
190.171.142.50 - - [31/Mar/2023:13:12:34 -0300] "GET /cormun/servlet/solicitudot?95255ab7088b6674781d0106b99eb087a33155adc6ae035233636fb15f92cbe809ee2b98919ed1abb99f2497efe50113e8f0b141eebad25015eb74ca18e770a9798dfb7c94afcb7767e063db159bc5855344ea05adb4096d46ff50d37539ecf9442df5e9f77282e22def3cbfdbf66834,gx-no-cache=1680278230333 HTTP/1.1" 200 29
190.171.142.50 - - [31/Mar/2023:13:12:34 -0300] "GET /cormun/servlet/solicitudot?95255ab7088b6674781d0106b99eb0873f21d4da337f1fc1591152a8eccf90b261773abe37f56bcff8ee51516d7067b5,gx-no-cache=1680278230356 HTTP/1.1" 200 30
190.171.142.50 - - [31/Mar/2023:13:12:36 -0300] "GET /cormun/servlet/prfichaempleado?,MD,,gxPopupLevel%3D0%3B HTTP/1.1" 200 9252
190.171.142.50 - - [31/Mar/2023:13:12:42 -0300] "POST /cormun/servlet/prfichaempleado?4a6b7a6a4c7fc2e5ae6db85adc5d8cab,,MD,,gxPopupLevel%3D0%3B,gx-no-cache=1680278238034 HTTP/1.1" 200 3404
190.171.142.50 - - [31/Mar/2023:13:12:46 -0300] "GET /cormun/servlet/prlicenciaspermisos?15106697,L,,MD,,gxPopupLevel%3D0%3B HTTP/1.1" 200 7619
190.171.142.50 - - [31/Mar/2023:13:12:47 -0300] "POST /cormun/servlet/solicitudot?gx-no-cache=1680278243687 HTTP/1.1" 200 1468
190.171.142.50 - - [31/Mar/2023:13:12:49 -0300] "POST /cormun/servlet/solicitudot?gx-no-cache=1680278245775 HTTP/1.1" 200 41
190.171.143.106 - - [31/Mar/2023:13:12:57 -0300] "POST /cormun/servlet/solicitudot?gx-no-cache=1680278430084 HTTP/1.1" 200 1606
190.171.143.106 - - [31/Mar/2023:13:12:59 -0300] "GET /cormun/servlet/prlicenciaspermisos?183757024,L,,MD,,gxPopupLevel%3D0%3B HTTP/1.1" 200 5080
190.171.143.106 - - [31/Mar/2023:13:13:06 -0300] "POST /cormun/servlet/solicitudot?gx-no-cache=1680278438401 HTTP/1.1" 200 1606
190.171.142.50 - - [31/Mar/2023:13:13:08 -0300] "GET /cormun/servlet/solicitudot?95255ab7088b6674781d0106b99eb0878527bc9d2cf9004a1b0ac5c9695e34fc54a879883cc4af6768295d47dbf1caf00937ecc08257225a580d8d80d68b05bc49d2c28c67a55a750e10a7d5995432f3b6a32e904a427e63b7bbfe04328a610c6e79dccbeb8bca232bafbc688081e087,gx-no-cache=1680278264140 HTTP/1.1" 200 110
190.171.142.50 - - [31/Mar/2023:13:13:08 -0300] "POST /cormun/servlet/solicitudot?gx-no-cache=1680278264161 HTTP/1.1" 200 97
190.171.142.50 - - [31/Mar/2023:13:13:19 -0300] "POST /cormun/servlet/solicitudot?gx-no-cache=1680278275239 HTTP/1.1" 200 72
190.171.143.106 - - [31/Mar/2023:13:13:23 -0300] "GET /cormun/servlet/trlicencias? HTTP/1.1" 200 10292
190.171.143.106 - - [31/Mar/2023:13:13:24 -0300] "GET /cormun/servlet/trlicencias? HTTP/1.1" 200 10283
190.171.142.50 - - [31/Mar/2023:13:13:26 -0300] "POST /cormun/servlet/solicitudot?gx-no-cache=1680278282008 HTTP/1.1" 200 32
186.174.93.194 - - [31/Mar/2023:13:13:42 -0300] "GET /cormun/servlet/hlogin HTTP/1.1" 200 1724
186.174.93.194 - - [31/Mar/2023:13:13:42 -0300] "GET /cormun/static/gxcfg.js?2022112219184450 HTTP/1.1" 200 953
186.174.93.194 - - [31/Mar/2023:13:13:42 -0300] "GET /cormun/static/hlogin.js?2022112219184458 HTTP/1.1" 200 2156
186.174.93.194 - - [31/Mar/2023:13:13:42 -0300] "GET /cormun/static/Resources/Spanish/PXTools.css?1759030 HTTP/1.1" 200 100853
186.174.93.194 - - [31/Mar/2023:13:13:42 -0300] "GET /cormun/static/Resources/CormunLogin.png HTTP/1.1" 200 19132
186.174.93.194 - - [31/Mar/2023:13:13:42 -0300] "GET /cormun/servlet/hlogin HTTP/1.1" 200 1733
186.174.93.194 - - [31/Mar/2023:13:13:42 -0300] "GET /favicon.ico HTTP/1.1" 200 21630
186.174.93.194 - - [31/Mar/2023:13:13:46 -0300] "POST /cormun/servlet/hlogin?fc17dfcb447a945fea207df4d2e29ea8,gx-no-cache=1680278302432 HTTP/1.1" 200 90
186.174.93.194 - - [31/Mar/2023:13:13:46 -0300] "GET /cormun/servlet/hpexe_link HTTP/1.1" 200 952
186.174.93.194 - - [31/Mar/2023:13:13:46 -0300] "GET /cormun/static/gxcfg.js?20221129847421 HTTP/1.1" 200 953
186.174.93.194 - - [31/Mar/2023:13:13:46 -0300] "GET /cormun/static/Resources/Spanish/PXTools.css?8354383 HTTP/1.1" 200 100853
186.174.93.194 - - [31/Mar/2023:13:13:46 -0300] "GET /cormun/static/hpexe_link.js?20221129847423 HTTP/1.1" 200 625
186.174.93.194 - - [31/Mar/2023:13:13:47 -0300] "GET /cormun/servlet/hhome HTTP/1.1" 200 3899
186.174.93.194 - - [31/Mar/2023:13:13:47 -0300] "GET /cormun/static/hwchdr01.js?2022112219251119 HTTP/1.1" 200 996
186.174.93.194 - - [31/Mar/2023:13:13:47 -0300] "GET /cormun/static/hpexe_messagecontroller.js?202211298371222 HTTP/1.1" 200 870
186.174.93.194 - - [31/Mar/2023:13:13:47 -0300] "GET /cormun/static/hpexe_messagegenexuscomponent.js?20221129836373 HTTP/1.1" 200 587
186.174.93.194 - - [31/Mar/2023:13:13:47 -0300] "GET /cormun/static/Resources/CormunMP2.png HTTP/1.1" 200 6878
186.174.93.194 - - [31/Mar/2023:13:13:47 -0300] "GET /cormun/static/hmpwkw03.js?20221129844354 HTTP/1.1" 200 3971
186.174.93.194 - - [31/Mar/2023:13:13:47 -0300] "GET /cormun/servlet/hhome HTTP/1.1" 200 3896
186.174.93.194 - - [31/Mar/2023:13:13:52 -0300] "GET /cormun/servlet/trpermisosgoce? HTTP/1.1" 200 7639
186.174.93.194 - - [31/Mar/2023:13:13:52 -0300] "GET /cormun//static/Resources/PXToolsActionDisabled.gif HTTP/1.1" 200 53
186.174.93.194 - - [31/Mar/2023:13:13:52 -0300] "GET /cormun//static/Resources/PXToolsGridDisplay.png HTTP/1.1" 200 525
186.174.93.194 - - [31/Mar/2023:13:13:52 -0300] "GET /cormun//static/Resources/PXToolsHeaderFavorites.png HTTP/1.1" 200 1414
186.174.93.194 - - [31/Mar/2023:13:13:52 -0300] "GET /cormun//static/Resources/PXToolsActionPrint.png HTTP/1.1" 200 404
186.174.93.194 - - [31/Mar/2023:13:13:52 -0300] "GET /cormun//static/Resources/PXToolsHeaderHelp.png HTTP/1.1" 200 1333
186.174.93.194 - - [31/Mar/2023:13:13:53 -0300] "GET /cormun/servlet/trpermisosgoce? HTTP/1.1" 200 7639
190.171.142.50 - - [31/Mar/2023:13:14:13 -0300] "POST /cormun/servlet/solicitudot?4a6b7a6a4c7fc2e5ae6db85adc5d8cab,INS,0,0,false,,gx-no-cache=1680278328631 HTTP/1.1" 200 93
190.171.142.50 - - [31/Mar/2023:13:14:13 -0300] "GET /cormun/servlet/hpexe_return? HTTP/1.1" 200 1012
190.171.142.50 - - [31/Mar/2023:13:14:13 -0300] "GET /cormun/servlet/trsolicitudot HTTP/1.1" 200 9233
190.171.142.50 - - [31/Mar/2023:13:14:13 -0300] "GET /cormun/servlet/trsolicitudot HTTP/1.1" 200 9229
190.171.143.106 - - [31/Mar/2023:13:14:15 -0300] "GET /cormun/servlet/solicitudot?INS,0,0,false, HTTP/1.1" 200 16051
190.171.143.106 - - [31/Mar/2023:13:14:15 -0300] "GET /cormun/servlet/solicitudot?INS,0,0,false, HTTP/1.1" 200 16058
190.171.142.50 - - [31/Mar/2023:13:14:23 -0300] "POST /cormun/servlet/trsolicitudot?4a6b7a6a4c7fc2e5ae6db85adc5d8cab,gx-no-cache=1680278339036 HTTP/1.1" 200 113
190.171.142.50 - - [31/Mar/2023:13:14:23 -0300] "GET /cormun/servlet/solicitudot?UPD,2023,19897,false, HTTP/1.1" 200 16342
190.171.142.50 - - [31/Mar/2023:13:14:23 -0300] "GET /cormun/servlet/solicitudot?UPD,2023,19897,false, HTTP/1.1" 200 16353
190.171.142.50 - - [31/Mar/2023:13:14:24 -0300] "POST /cormun/servlet/solicitudot?gx-no-cache=1680278339940 HTTP/1.1" 200 4028
190.171.142.50 - - [31/Mar/2023:13:14:24 -0300] "POST /cormun/servlet/solicitudot?4a6b7a6a4c7fc2e5ae6db85adc5d8cab,UPD,2023,19897,false,,gx-no-cache=1680278340096 HTTP/1.1" 200 12641
190.171.142.50 - - [31/Mar/2023:13:14:24 -0300] "GET /cormun/servlet/solicitudot?95255ab7088b6674781d0106b99eb0876631b3613818d4d8e2dff3544047e7f8cd80f8d438544b0e9c751f0995bea7e3,gx-no-cache=1680278340250 HTTP/1.1" 200 30
190.171.142.50 - - [31/Mar/2023:13:14:24 -0300] "GET /cormun/servlet/solicitudot?95255ab7088b6674781d0106b99eb08767af7fd1c76c59783280e76ee9e3f932aa2ddd95e11b7a7da643223b6e41594cf86314499866b0862d20edb5a55a0998,gx-no-cache=1680278340272 HTTP/1.1" 200 30
190.171.142.50 - - [31/Mar/2023:13:14:24 -0300] "GET /cormun/servlet/solicitudot?95255ab7088b6674781d0106b99eb08761410a9fafd394e117552ac94582a403,gx-no-cache=1680278340289 HTTP/1.1" 200 29
190.171.142.50 - - [31/Mar/2023:13:14:24 -0300] "POST /cormun/servlet/solicitudot?gx-no-cache=1680278340310 HTTP/1.1" 200 239
190.171.142.50 - - [31/Mar/2023:13:14:24 -0300] "GET /cormun/servlet/solicitudot?95255ab7088b6674781d0106b99eb087834f166605765ec9ce99e71c33dd76fe84ba59a06ed09658525f51abd2ff9e765cd020c0064af9e6fc3fa8fe62f1a49c46f74588f00771bc01faff3fcd26395cf3dbb70da2423729e5b2daed9b03c61e309681c58e975479d99560c1729792709bd2f795f4bac19b2c16666de1f060e5130b3f88efe714e80c3443bc7695b37fe5ff02d27d0d53dbb66c889de01e553db2104f93384e859857bac58d69655ebf716ba82ebf71dc18127b65b15ca2ad254f29b1dc4c672dad88284db411db548e6bf5058a16a4c5c526e390f9f127841f6b22dab30c72a6d1cde5bdd150f009529563ec3af89a71bb820b35d63c24a0ff2e106ab1b214b366f784f6d7289999e9f9527415f9e479aa31c98d64dfe890fa59fe933c94b0022cc261e5815de3d3e97eddcc6848540b970556615e1d365b353958e22944884865131037f7f2cffe3c80f280cc7d2d2b1d25f64ff6a65ea221e2692df025825404e43706b735427d2e717114fc44046957fd77eeb2509ef7eb,gx-no-cache=1680278340333 HTTP/1.1" 200 30
190.171.142.50 - - [31/Mar/2023:13:14:24 -0300] "POST /cormun/servlet/solicitudot?gx-no-cache=1680278340357 HTTP/1.1" 200 30
190.171.142.50 - - [31/Mar/2023:13:14:24 -0300] "POST /cormun/servlet/solicitudot?gx-no-cache=1680278340390 HTTP/1.1" 200 1469
190.171.142.50 - - [31/Mar/2023:13:14:24 -0300] "POST /cormun/servlet/solicitudot?gx-no-cache=1680278340476 HTTP/1.1" 200 41
190.171.143.106 - - [31/Mar/2023:13:14:25 -0300] "POST /cormun/servlet/solicitudot?gx-no-cache=1680278517868 HTTP/1.1" 200 4041
190.171.143.106 - - [31/Mar/2023:13:14:26 -0300] "POST /cormun/servlet/solicitudot?abae231d74053107f075e9f91238ce59,INS,0,0,false,,gx-no-cache=1680278517986 HTTP/1.1" 200 12898
190.171.142.50 - - [31/Mar/2023:13:14:26 -0300] "GET /cormun/servlet/solicitudot?95255ab7088b6674781d0106b99eb0878527bc9d2cf9004a1b0ac5c9695e34fc54a879883cc4af6768295d47dbf1caf00937ecc08257225a580d8d80d68b05bc49d2c28c67a55a750e10a7d5995432f3b6a32e904a427e63b7bbfe04328a610c6e79dccbeb8bca232bafbc688081e087,gx-no-cache=1680278342185 HTTP/1.1" 200 110
190.171.142.50 - - [31/Mar/2023:13:14:26 -0300] "POST /cormun/servlet/solicitudot?gx-no-cache=1680278342205 HTTP/1.1" 200 97
190.171.143.106 - - [31/Mar/2023:13:14:26 -0300] "GET /cormun/servlet/solicitudot?848accc04c94c1b5e617995db68fa64f15a486a4d2d3b6821783fce17dfba9c73844e7eb17eb488486156a68d66c2167,gx-no-cache=1680278518703 HTTP/1.1" 200 30
190.171.143.106 - - [31/Mar/2023:13:14:26 -0300] "GET /cormun/servlet/solicitudot?848accc04c94c1b5e617995db68fa64f5f0fa4bac692cdecad2a8900d9df9263418adfb6e28d1d315b2647f4044bc6038df018d73d26ec8695d43d48e29dce65,gx-no-cache=1680278518727 HTTP/1.1" 200 30
190.171.143.106 - - [31/Mar/2023:13:14:26 -0300] "GET /cormun/servlet/solicitudot?848accc04c94c1b5e617995db68fa64f49031c1f6b4df64f56274dc94917b0d9,gx-no-cache=1680278518750 HTTP/1.1" 200 53
190.171.143.106 - - [31/Mar/2023:13:14:26 -0300] "POST /cormun/servlet/solicitudot?gx-no-cache=1680278518786 HTTP/1.1" 200 297
190.171.143.106 - - [31/Mar/2023:13:14:26 -0300] "GET /cormun/servlet/solicitudot?848accc04c94c1b5e617995db68fa64f46d1fb0504fa8f14ee63a7a04fb3757bc8b0cb8cb7d453a4c00e36e11804a037787961e8bf86f489019b49ba77556f16eb690cb1f0a4b025840ca5d486bb6ab9306c5536541c48f48645a35ecb0dcf0f7c84cd28ba7694ea83a72a4b560b56ac15210cd07dff71bdbbc0507c47cd2e5b765eb4370b3813c068a1176ff8486cc5b51eba719baa613c5c1bbe384f39e93e302e110ec82e63556de025d778625d61f5cae43dc3a79cbf79f6603c0ec4825eb5d408bb873b94f9d228122f29a311fae06e24dac5f1603192f4ed9394ce97150af4e3e934e57c9cb6abd8ee43dbeeafc72032de81f04661281063354f46a424fae20acce49e43f4136dd0d17c4ef2f74d30de904e0839c0894e61c5227b483b1a9193f49f781ba0e47ec437e10bc7c66c488e1e68249e8be3156573085e435eeefdb6f0982d69a9462609f2a98de374fb22c400b7964247075c3cfd3acb709aa969cde66dacfaaf27964a096766d55eaa1887ec247367c7d6227ace45c325268df018d73d26ec8695d43d48e29dce65,gx-no-cache=1680278518826 HTTP/1.1" 200 30
190.171.143.106 - - [31/Mar/2023:13:14:26 -0300] "POST /cormun/servlet/solicitudot?gx-no-cache=1680278518863 HTTP/1.1" 200 30
190.171.143.106 - - [31/Mar/2023:13:14:26 -0300] "POST /cormun/servlet/solicitudot?gx-no-cache=1680278518900 HTTP/1.1" 200 1562
190.171.143.106 - - [31/Mar/2023:13:14:26 -0300] "GET /cormun/static/Shared/jqueryui/images/ui-bg_highlight-soft_100_c6c2c8_1x100.png HTTP/1.1" 404 1117
190.171.143.106 - - [31/Mar/2023:13:14:26 -0300] "GET /cormun/static/Shared/jqueryui/images/ui-icons_82798d_256x240.png HTTP/1.1" 404 1089
190.171.143.106 - - [31/Mar/2023:13:14:26 -0300] "GET /cormun/static/Shared/jqueryui/images/ui-icons_ebccce_256x240.png HTTP/1.1" 404 1089
190.171.143.106 - - [31/Mar/2023:13:14:26 -0300] "GET /cormun/static/Shared/jqueryui/images/ui-bg_flat_55_994d53_40x100.png HTTP/1.1" 404 1097
190.171.143.106 - - [31/Mar/2023:13:14:26 -0300] "POST /cormun/servlet/solicitudot?gx-no-cache=1680278519005 HTTP/1.1" 200 41
190.171.143.106 - - [31/Mar/2023:13:14:26 -0300] "GET /cormun/servlet/solicitudot?848accc04c94c1b5e617995db68fa64fd25ee062ce84a89c2d5d42c1abe683d699145a451749eed20539f41948cd6908099bb01b4abbbbd6daed1cfd833c8cf75e390903b018816ca2b597dd7ad720d7f54def24bea7425c1d04ca0f6f16c293dc151512a5b6f080dd2cafb11457832d,gx-no-cache=1680278519027 HTTP/1.1" 200 110
190.171.143.106 - - [31/Mar/2023:13:14:26 -0300] "POST /cormun/servlet/solicitudot?gx-no-cache=1680278519049 HTTP/1.1" 200 64
190.171.142.50 - - [31/Mar/2023:13:14:27 -0300] "GET /cormun/servlet/solicitudot?95255ab7088b6674781d0106b99eb087cf20d8bea678ecada851dac84c755e09c847895dbd2f685c4fb06cff84bff7dbbc4f48a3f5d7dbf22a740e02ca11d397ccaa0cfa811c04f355637f51cabe65f9b4516cefba9bc20779d03f26f096c04e91c03040a8bbbf81e69c4ec68d050b1d7c21808b8cc79ea0a29b4fd70b60aeb57b5c36e2f765c1c44d23248b778739928f4d88e7d528e1d102e7f92f059a64bdaf9cafc0f6427aa254b4c36ce9df1de859195f84bf31b46021cba8a9b4c0f443b6cee163fb8554f3b715c92f07f7515f,gx-no-cache=1680278343391 HTTP/1.1" 200 30
186.174.93.194 - - [31/Mar/2023:13:14:29 -0300] "GET /cormun/servlet/permisogoce?INS,0,,, HTTP/1.1" 200 6762
186.174.93.194 - - [31/Mar/2023:13:14:30 -0300] "GET /cormun/static/gxcfg.js?20201215124560 HTTP/1.1" 200 953
186.174.93.194 - - [31/Mar/2023:13:14:30 -0300] "GET /cormun/static/permisogoce.js?20201215124939 HTTP/1.1" 200 27790
186.174.93.194 - - [31/Mar/2023:13:14:30 -0300] "GET /cormun/servlet/permisogoce?INS,0,,, HTTP/1.1" 200 6762
190.171.142.50 - - [31/Mar/2023:13:14:31 -0300] "GET /cormun/servlet/solicitudot?95255ab7088b6674781d0106b99eb0873f21d4da337f1fc1591152a8eccf90b280680fc5159ec2a721ab3d1eb6960f0f,gx-no-cache=1680278347074 HTTP/1.1" 200 30
190.171.142.50 - - [31/Mar/2023:13:14:31 -0300] "POST /cormun/servlet/solicitudot?gx-no-cache=1680278347095 HTTP/1.1" 200 32
190.171.142.50 - - [31/Mar/2023:13:14:31 -0300] "POST /cormun/servlet/solicitudot?4a6b7a6a4c7fc2e5ae6db85adc5d8cab,UPD,2023,19897,false,,gx-no-cache=1680278347151 HTTP/1.1" 200 93
190.171.142.50 - - [31/Mar/2023:13:14:31 -0300] "GET /cormun/servlet/hpexe_return? HTTP/1.1" 200 1018
190.171.142.50 - - [31/Mar/2023:13:14:31 -0300] "GET /cormun/servlet/trsolicitudot HTTP/1.1" 200 9209
190.171.142.50 - - [31/Mar/2023:13:14:31 -0300] "GET /cormun/servlet/trsolicitudot HTTP/1.1" 200 9205
190.171.143.106 - - [31/Mar/2023:13:14:33 -0300] "GET /cormun/servlet/solicitudot?848accc04c94c1b5e617995db68fa64fb9d06a1cba263b8d07fd2ccb136649eade7fac35ec609e7ea16a174e48b9513f1771898ecd1d27e8aa9dcdff1d75099064df06825b9db0bd558e4da2efd5ef46a7c0275b6e699a5de9fccc3d8225b640f73dc84123f4a813025a770f5ba3290f,gx-no-cache=1680278525893 HTTP/1.1" 200 29
190.171.143.106 - - [31/Mar/2023:13:14:33 -0300] "GET /cormun/servlet/solicitudot?848accc04c94c1b5e617995db68fa64f2d9fca57d6ae80fbe08586e0b61e1568a276971abfea60e328a29af4fb087783,gx-no-cache=1680278525912 HTTP/1.1" 200 30
190.171.143.106 - - [31/Mar/2023:13:14:33 -0300] "POST /cormun/servlet/solicitudot?gx-no-cache=1680278525951 HTTP/1.1" 200 30
190.171.143.106 - - [31/Mar/2023:13:14:33 -0300] "POST /cormun/servlet/solicitudot?abae231d74053107f075e9f91238ce59,INS,0,0,false,,gx-no-cache=1680278525973 HTTP/1.1" 200 13223
186.174.93.194 - - [31/Mar/2023:13:14:42 -0300] "GET /cormun/servlet/permisogoce?e3b05b6f70bd61f095bd330e04300c0624a50f13d9922af47cde4c2f824c5dbea6672c40aea99cd01fdee910ffa4e1303cb2178460921127dd5311d9fd99f7ab,gx-no-cache=1680278358745 HTTP/1.1" 200 226
186.174.93.194 - - [31/Mar/2023:13:14:42 -0300] "GET /cormun/static/Shared/jqueryui/images/ui-bg_highlight-soft_100_c6c2c8_1x100.png HTTP/1.1" 404 1117
186.174.93.194 - - [31/Mar/2023:13:14:42 -0300] "GET /cormun/static/Shared/jqueryui/images/ui-icons_82798d_256x240.png HTTP/1.1" 404 1089
186.174.93.194 - - [31/Mar/2023:13:14:42 -0300] "GET /cormun/static/Shared/jqueryui/images/ui-bg_flat_55_994d53_40x100.png HTTP/1.1" 404 1097
186.174.93.194 - - [31/Mar/2023:13:14:42 -0300] "GET /cormun/static/Shared/jqueryui/images/ui-icons_ebccce_256x240.png HTTP/1.1" 404 1089
190.171.143.106 - - [31/Mar/2023:13:14:46 -0300] "GET /cormun/servlet/prrenuncias?,MD,,gxPopupLevel%3D0%3B HTTP/1.1" 200 5897
190.171.143.106 - - [31/Mar/2023:13:14:46 -0300] "GET /cormun/static/gxcfg.js?201992416202991 HTTP/1.1" 200 953
190.171.143.106 - - [31/Mar/2023:13:14:46 -0300] "GET /cormun/static/prrenuncias.js?201992416203493 HTTP/1.1" 200 22278
190.171.141.98 - - [31/Mar/2023:13:14:50 -0300] "GET /cormun/servlet/solicitudot?8588afb4863119d9ac191fcf311d6b000520aa4cf024281df7f4fd95f857c975619584d68592dc4df58a429e3965424bf3ae0ebb0814fe42cf4fd1c64ddf61cd1fa020b7f43ee8c87f2dc8aa873b3aa7,gx-no-cache=1680281943664 HTTP/1.1" 200 30
190.171.141.98 - - [31/Mar/2023:13:14:50 -0300] "GET /cormun/servlet/solicitudot?8588afb4863119d9ac191fcf311d6b000c37f54d0ebba52481ac67928a996c08fad416f2ae75e9cc298b8a9a743d7fe0722ec15220a6cbaf05272b7908afb25aa7bcfa4689ea07e4ab727bb4da645c5f94ceafaadb2d8c31574a33a78ba36ca99ee9548c1b73c85fe633cc7cf27b44a0d415bafaf3399692dc1795d1ee28c9c0a98e9617c6d88ea84b78a5c29f2ed8ca61c26c2c0cf555b410b1b92e5a188f341aabb267e9c5e5c6688f77019f9b4ee546a87389604ded57f38394656c14a8a504129400dc4113e9ee00839b7147a02269dbda0cedf214344cb0e2aae677ed414086eab01dfcca378e6fa8aec0be1dcbb0353f0b9cb8f1aaf07ad0d2a1900e2dc852c6a83dc8b7306ce739c1b834628b2a14dd3883c43ff0dacf4ae244b80ca29c12b4ac440d98c7597a69806936d7cef33521594c07cec3d4f0807e55faf7f8a661cf078176a77ebd518a090c309f32c8703dfebe14b5498d9cdbbd5273b8267c3c8d34b8dc85b43e3eb3e0579772a7496a2a43e086243973ad2be1ba25d1c6,gx-no-cache=1680281943696 HTTP/1.1" 200 30
190.171.141.98 - - [31/Mar/2023:13:14:50 -0300] "POST /cormun/servlet/solicitudot?gx-no-cache=1680281943719 HTTP/1.1" 200 30
190.171.141.98 - - [31/Mar/2023:13:14:50 -0300] "POST /cormun/servlet/solicitudot?gx-no-cache=1680281943745 HTTP/1.1" 200 1471
190.171.141.98 - - [31/Mar/2023:13:14:50 -0300] "POST /cormun/servlet/solicitudot?gx-no-cache=1680281943818 HTTP/1.1" 200 41
190.171.141.98 - - [31/Mar/2023:13:14:50 -0300] "GET /cormun/servlet/solicitudot?8588afb4863119d9ac191fcf311d6b00b796fb7476c5b75a7727fd2f60bf58594fa327e1839373d59114388d38da3752f36c32005f1d7dc10069537afae6446c9fe44a235cdf64ae45993526f4e9f30df00a1a8e9f3f17448736e0a7c17f23a53a96756b8cf9c9d5a4a6ce72d06a3bf4,gx-no-cache=1680281943841 HTTP/1.1" 200 110
190.171.141.98 - - [31/Mar/2023:13:14:50 -0300] "POST /cormun/servlet/solicitudot?gx-no-cache=1680281943867 HTTP/1.1" 200 79
186.174.93.194 - - [31/Mar/2023:13:14:53 -0300] "GET /cormun/servlet/permisogoce?e3b05b6f70bd61f095bd330e04300c06ea51a2b942274c13f28c7983a36d81a0a6672c40aea99cd01fdee910ffa4e1303cb2178460921127dd5311d9fd99f7ab,gx-no-cache=1680278369151 HTTP/1.1" 200 80
186.174.93.194 - - [31/Mar/2023:13:14:53 -0300] "GET /cormun/static/menuarrow.gif HTTP/1.1" 404 1015
190.171.141.98 - - [31/Mar/2023:13:15:02 -0300] "POST /cormun/servlet/solicitudot?gx-no-cache=1680281955524 HTTP/1.1" 200 135
190.171.141.98 - - [31/Mar/2023:13:15:02 -0300] "POST /cormun/servlet/solicitudot?284ca19794ae8450802daa846ddf1ddd,INS,0,0,false,,gx-no-cache=1680281955584 HTTP/1.1" 200 13071
186.174.93.194 - - [31/Mar/2023:13:15:03 -0300] "GET /cormun/servlet/permisogoce?e3b05b6f70bd61f095bd330e04300c066e02a75cfcea8b8ba8347a1f7a420f599745f0d6b347a4e71f3d575ff09211ca547bd0d2a8b3a7997ad02f2eefa7afd8,gx-no-cache=1680278379304 HTTP/1.1" 200 46
186.174.93.194 - - [31/Mar/2023:13:15:07 -0300] "POST /cormun/servlet/permisogoce?fc17dfcb447a945fea207df4d2e29ea8,INS,0,,,,gx-no-cache=1680278382827 HTTP/1.1" 200 93
186.174.93.194 - - [31/Mar/2023:13:15:07 -0300] "GET /cormun/servlet/hpexe_return? HTTP/1.1" 200 1010
186.174.93.194 - - [31/Mar/2023:13:15:07 -0300] "GET /cormun/static/gxcfg.js?20221129846035 HTTP/1.1" 200 953
190.171.143.106 - - [31/Mar/2023:13:15:19 -0300] "GET /cormun/servlet/solicitudot?848accc04c94c1b5e617995db68fa64f46d1fb0504fa8f14ee63a7a04fb3757bc8b0cb8cb7d453a4c00e36e11804a037787961e8bf86f489019b49ba77556f16eb690cb1f0a4b025840ca5d486bb6ab9306c5536541c48f48645a35ecb0dcf0f7c84cd28ba7694ea83a72a4b560b56ac15210cd07dff71bdbbc0507c47cd2e5b765eb4370b3813c068a1176ff8486cc5b51eba719baa613c5c1bbe384f39e93e302e110ec82e63556de025d778625d61f5cae43dc3a79cbf79f6603c0ec4825eb5d408bb873b94f9d228122f29a311fae06e24dac5f1603192f4ed9394ce97150af4e3e934e57c9cb6abd8ee43dbeeafc72032de81f04661281063354f46a424fae20acce49e43f4136dd0d17c4ef2f74d30de904e0839c0894e61c5227b483b1a9193f49f781ba0e47ec437e10bc7c66c488e1e68249e8be3156573085e435eeefdb6f0982d69a9462609f2a98de374fb22c400b7964247075c3cfd3acb709aa969cde66dacfaaf27964a096766d55e9cb74685345bcbeef06bc510a8880d368df018d73d26ec8695d43d48e29dce65,gx-no-cache=1680278572180 HTTP/1.1" 200 30
190.171.143.106 - - [31/Mar/2023:13:15:19 -0300] "POST /cormun/servlet/solicitudot?gx-no-cache=1680278572201 HTTP/1.1" 200 30
190.171.143.106 - - [31/Mar/2023:13:15:19 -0300] "POST /cormun/servlet/solicitudot?gx-no-cache=1680278572226 HTTP/1.1" 200 1562
190.171.143.106 - - [31/Mar/2023:13:15:19 -0300] "POST /cormun/servlet/solicitudot?gx-no-cache=1680278572305 HTTP/1.1" 200 41
190.171.143.106 - - [31/Mar/2023:13:15:20 -0300] "GET /cormun/servlet/solicitudot?848accc04c94c1b5e617995db68fa64fd25ee062ce84a89c2d5d42c1abe683d699145a451749eed20539f41948cd6908099bb01b4abbbbd6daed1cfd833c8cf75e390903b018816ca2b597dd7ad720d7f54def24bea7425c1d04ca0f6f16c293dc151512a5b6f080dd2cafb11457832d,gx-no-cache=1680278572329 HTTP/1.1" 200 110
190.171.143.106 - - [31/Mar/2023:13:15:20 -0300] "GET /cormun/servlet/solicitudot?848accc04c94c1b5e617995db68fa64f2d9fca57d6ae80fbe08586e0b61e1568a276971abfea60e328a29af4fb087783,gx-no-cache=1680278572357 HTTP/1.1" 200 30
190.171.143.106 - - [31/Mar/2023:13:15:20 -0300] "POST /cormun/servlet/solicitudot?gx-no-cache=1680278572395 HTTP/1.1" 200 30
190.171.143.106 - - [31/Mar/2023:13:15:20 -0300] "POST /cormun/servlet/solicitudot?abae231d74053107f075e9f91238ce59,INS,0,0,false,,gx-no-cache=1680278572443 HTTP/1.1" 200 13296
