181.212.42.153 - - [30/Mar/2023:16:27:06 -0300] "GET /cormun/servlet/hpexe_return? HTTP/1.1" 200 1005
181.212.42.153 - - [30/Mar/2023:16:27:06 -0300] "GET /cormun/servlet/trpermisosgoce HTTP/1.1" 200 12371
181.212.42.153 - - [30/Mar/2023:16:27:06 -0300] "GET /cormun/servlet/trpermisosgoce HTTP/1.1" 200 12357
181.212.42.153 - - [30/Mar/2023:16:27:10 -0300] "GET /cormun/servlet/apermisogoceprn?16879891,P,20230330161020,PU HTTP/1.1" 200 1647
190.171.152.234 - - [30/Mar/2023:16:31:30 -0300] "GET /cormun/servlet/hlogin HTTP/1.1" 200 1725
190.171.152.234 - - [30/Mar/2023:16:31:42 -0300] "POST /cormun/servlet/hlogin?13d98f2b3c2c309d69168b5a4139d3b3,gx-no-cache=1680203901606 HTTP/1.1" 200 90
190.171.152.234 - - [30/Mar/2023:16:31:42 -0300] "GET /cormun/servlet/hpexe_link HTTP/1.1" 200 954
190.171.152.234 - - [30/Mar/2023:16:31:42 -0300] "GET /cormun/servlet/hhome HTTP/1.1" 200 4279
190.171.152.234 - - [30/Mar/2023:16:31:43 -0300] "GET /cormun/servlet/hhome HTTP/1.1" 200 4275
190.171.152.234 - - [30/Mar/2023:16:31:48 -0300] "GET /cormun/servlet/trlicencias? HTTP/1.1" 200 10756
190.171.152.234 - - [30/Mar/2023:16:31:48 -0300] "GET /cormun/static/gxcfg.js?202211298463625 HTTP/1.1" 200 953
190.171.152.234 - - [30/Mar/2023:16:31:48 -0300] "GET /cormun/static/trlicencias.js?202211298463889 HTTP/1.1" 200 41883
190.171.152.234 - - [30/Mar/2023:16:31:48 -0300] "GET /cormun/servlet/trlicencias? HTTP/1.1" 200 10754
190.171.152.234 - - [30/Mar/2023:16:35:24 -0300] "GET /cormun/servlet/trsolicitudot? HTTP/1.1" 200 7495
190.171.152.234 - - [30/Mar/2023:16:35:25 -0300] "GET /cormun/servlet/trsolicitudot? HTTP/1.1" 200 7495
190.171.152.234 - - [30/Mar/2023:16:35:29 -0300] "GET /cormun/servlet/solicitudot?INS,0,0,false, HTTP/1.1" 200 16134
190.171.152.234 - - [30/Mar/2023:16:35:29 -0300] "GET /cormun/servlet/solicitudot?INS,0,0,false, HTTP/1.1" 200 16140
190.171.152.234 - - [30/Mar/2023:16:35:39 -0300] "POST /cormun/servlet/solicitudot?gx-no-cache=1680204138624 HTTP/1.1" 200 3953
190.171.152.234 - - [30/Mar/2023:16:35:39 -0300] "POST /cormun/servlet/solicitudot?13d98f2b3c2c309d69168b5a4139d3b3,INS,0,0,false,,gx-no-cache=1680204139078 HTTP/1.1" 200 12793
190.171.152.234 - - [30/Mar/2023:16:35:39 -0300] "GET /cormun/servlet/solicitudot?e60105f797a00a84066ef22ba9d67cb446b0e26d8a06a9b55ba42cf5f6888356ab5172c966b6455916ce7e4079188e24,gx-no-cache=1680204139453 HTTP/1.1" 200 111
190.171.152.234 - - [30/Mar/2023:16:35:39 -0300] "GET /cormun/static/Shared/jqueryui/images/ui-bg_flat_55_994d53_40x100.png HTTP/1.1" 404 1097
190.171.152.234 - - [30/Mar/2023:16:35:39 -0300] "GET /cormun/static/Shared/jqueryui/images/ui-icons_82798d_256x240.png HTTP/1.1" 404 1089
190.171.152.234 - - [30/Mar/2023:16:35:39 -0300] "GET /cormun/static/Shared/jqueryui/images/ui-bg_highlight-soft_100_c6c2c8_1x100.png HTTP/1.1" 404 1117
190.171.152.234 - - [30/Mar/2023:16:35:39 -0300] "GET /cormun/static/Shared/jqueryui/images/ui-icons_ebccce_256x240.png HTTP/1.1" 404 1089
190.171.152.234 - - [30/Mar/2023:16:35:43 -0300] "GET /cormun/servlet/solicitudot?e60105f797a00a84066ef22ba9d67cb4190d0e0cf74dbeefd7196a510927aecfdae58527ded3f7347e0cd75caddc7b63,gx-no-cache=1680204142952 HTTP/1.1" 200 30
181.81.246.7 - - [30/Mar/2023:16:37:12 -0300] "GET / HTTP/1.1" 200 11217
190.171.152.234 - - [30/Mar/2023:16:37:29 -0300] "GET /cormun/static/Resources/PXTools/ClosePrompt.png HTTP/1.1" 200 1036
190.171.152.234 - - [30/Mar/2023:16:37:29 -0300] "GET /cormun/static/Resources/resize.gif HTTP/1.1" 200 77
190.171.152.234 - - [30/Mar/2023:16:37:29 -0300] "GET /cormun/servlet/prbanco?,MD,,gxPopupLevel%3D0%3B HTTP/1.1" 200 6569
190.171.152.234 - - [30/Mar/2023:16:37:29 -0300] "GET /cormun/static/gxcfg.js?20201216131581 HTTP/1.1" 200 953
190.171.152.234 - - [30/Mar/2023:16:37:29 -0300] "GET /cormun/static/prbanco.js?20201216132311 HTTP/1.1" 200 10693
190.171.152.234 - - [30/Mar/2023:16:37:29 -0300] "GET /cormun/static/menusearch.js?20201214473581 HTTP/1.1" 200 1424
190.171.152.234 - - [30/Mar/2023:16:37:29 -0300] "GET /cormun/static/hmpwkw011.js?202211298443482 HTTP/1.1" 200 1968
190.171.152.234 - - [30/Mar/2023:16:37:32 -0300] "GET /cormun/servlet/solicitudot?e60105f797a00a84066ef22ba9d67cb450ae0cf3e9cedbf91c08730f9879579a1e543b71936f367455096629b87660ca80bed8e9a13b355a5b67c4ce49f06d67,gx-no-cache=1680204252110 HTTP/1.1" 200 30
190.171.152.234 - - [30/Mar/2023:16:37:33 -0300] "GET /cormun/servlet/solicitudot?e60105f797a00a84066ef22ba9d67cb45c7d6e4c63acb0085f3ab0e0eb1c9596,gx-no-cache=1680204253069 HTTP/1.1" 200 53
190.171.152.234 - - [30/Mar/2023:16:38:03 -0300] "POST /cormun/servlet/solicitudot?13d98f2b3c2c309d69168b5a4139d3b3,INS,0,0,false,,gx-no-cache=1680204282614 HTTP/1.1" 200 12997
190.171.152.234 - - [30/Mar/2023:16:38:03 -0300] "GET /cormun/static/Shared/jqueryui/images/ui-bg_flat_55_fafafa_40x100.png HTTP/1.1" 404 1097
190.171.152.234 - - [30/Mar/2023:16:38:03 -0300] "GET /cormun/static/Shared/jqueryui/images/ui-icons_8d78a5_256x240.png HTTP/1.1" 404 1089
190.171.152.234 - - [30/Mar/2023:16:38:11 -0300] "GET /cormun/servlet/solicitudot?e60105f797a00a84066ef22ba9d67cb40daa100aecaab08f9800a6730fceaec76ef6143600e48495aece378ac1e5b78550e514ef2fba6264c8b8872d0ff3f1d2,gx-no-cache=1680204291259 HTTP/1.1" 200 53
190.171.152.234 - - [30/Mar/2023:16:38:18 -0300] "POST /cormun/servlet/solicitudot?gx-no-cache=1680204298134 HTTP/1.1" 200 256
190.171.152.234 - - [30/Mar/2023:16:38:24 -0300] "GET /cormun/servlet/solicitudot?e60105f797a00a84066ef22ba9d67cb4fc23c2c7c146207a09141dab6de38c4c209675cc3a971ca34671c8bbbb742f413eb4bcadb272281c72dcc96a5026bc2da09b302fba8b65ea4aaae44f642b26a2d6a9fffee5d87bdf22a9747897c3a72f38eee48264a05b5a9619802a370b4c321a2178512225dcd766e73d84a29ab3f077d192b3767ec1438fff5a9d939678d45bcea0f2ccff4fecdfde3b5294778567f7b1c92e69abd361d2d1b00c62f8be54c58b25a1838ca8806eb98450a47c986857efd46aaadb35e867e84d8d6458f77a16706eead3276f33ebb73fa3048be44bc77324bbeb95c34b0cf28ee70ef1bfa66246eb466c8fe1a2da0a75651856dae5eecd2bc4937471a24fbe6252b0110eebcb956f58bbc1adedb8fd2b06657b43cfeb64588ea99b17741b1d55491017581ad2fa7c38b274d0168d881fd66711037604bf431ceb28233ba18f77744074a51a1201b0781b565076605dce14a3895eddb79f056b44001ba658622924e58d71b771bc6f0489d383a71859118d270ec1ed,gx-no-cache=1680204303740 HTTP/1.1" 200 30
190.171.152.234 - - [30/Mar/2023:16:38:26 -0300] "POST /cormun/servlet/solicitudot?gx-no-cache=1680204306219 HTTP/1.1" 200 30
190.171.152.234 - - [30/Mar/2023:16:38:52 -0300] "POST /cormun/servlet/solicitudot?gx-no-cache=1680204331650 HTTP/1.1" 200 1466
190.171.152.234 - - [30/Mar/2023:16:38:52 -0300] "POST /cormun/servlet/solicitudot?gx-no-cache=1680204331748 HTTP/1.1" 200 38
190.171.152.234 - - [30/Mar/2023:16:39:04 -0300] "GET /cormun/servlet/solicitudot?e60105f797a00a84066ef22ba9d67cb4d872fa02f12e9908def40758caf8fb006df15a036ecf31030b6d28253d770b0d3555a59b9462b7f9a636de1b9c68baad5abf5272ae1f336fe638bd29bf5b3e0306260328dd17c524bd4605eeb2060394e2cbfc94c040d38c95c31402aaaf45e6,gx-no-cache=1680204344428 HTTP/1.1" 200 110
200.54.107.2 - - [30/Mar/2023:16:39:46 -0300] "GET /cormun/servlet/hlogin HTTP/1.1" 200 1722
200.54.107.2 - - [30/Mar/2023:16:39:51 -0300] "POST /cormun/servlet/hlogin?ac5610fe78d859f3d0fa9f64388e48f1,gx-no-cache=1680204267104 HTTP/1.1" 200 90
200.54.107.2 - - [30/Mar/2023:16:39:51 -0300] "GET /cormun/servlet/hpexe_link HTTP/1.1" 200 948
200.54.107.2 - - [30/Mar/2023:16:39:51 -0300] "GET /cormun/servlet/hhome HTTP/1.1" 200 4357
200.54.107.2 - - [30/Mar/2023:16:39:52 -0300] "GET /cormun/servlet/hhome HTTP/1.1" 200 4353
200.54.107.2 - - [30/Mar/2023:16:39:55 -0300] "GET /cormun/servlet/trpermisosgoce? HTTP/1.1" 200 9436
200.54.107.2 - - [30/Mar/2023:16:39:56 -0300] "GET /cormun/servlet/trpermisosgoce? HTTP/1.1" 200 9434
200.54.107.2 - - [30/Mar/2023:16:39:59 -0300] "GET /cormun/servlet/permisogoce?INS,0,,, HTTP/1.1" 200 7253
200.54.107.2 - - [30/Mar/2023:16:40:00 -0300] "GET /cormun/servlet/permisogoce?INS,0,,, HTTP/1.1" 200 7253
190.171.141.106 - - [30/Mar/2023:16:40:09 -0300] "GET /cormun/servlet/hlogin HTTP/1.1" 200 1723
190.171.141.106 - - [30/Mar/2023:16:40:14 -0300] "POST /cormun/servlet/hlogin?a828ad250ea3014a8a67ab7ce556b894,gx-no-cache=1680204290232 HTTP/1.1" 200 90
190.171.141.106 - - [30/Mar/2023:16:40:14 -0300] "GET /cormun/servlet/hpexe_link HTTP/1.1" 200 954
190.171.141.106 - - [30/Mar/2023:16:40:14 -0300] "GET /cormun/servlet/hhome HTTP/1.1" 200 4139
200.54.107.2 - - [30/Mar/2023:16:40:14 -0300] "GET /cormun/servlet/permisogoce?f74bb25bdcc58f0d045abcd73ddd9adc33ad1ff411c5103dc2f1f76987e485cdc4ac2da0fe3e980f9b1274eb244f74fe57251032af06b82a90a1a94522308ac8,gx-no-cache=1680204290746 HTTP/1.1" 200 79
200.54.107.2 - - [30/Mar/2023:16:40:15 -0300] "GET /cormun/static/menuarrow.gif HTTP/1.1" 404 1015
190.171.141.106 - - [30/Mar/2023:16:40:15 -0300] "GET /cormun/servlet/hhome HTTP/1.1" 200 4135
190.171.141.106 - - [30/Mar/2023:16:40:19 -0300] "GET /cormun/servlet/trsolicitudot? HTTP/1.1" 200 7357
190.171.141.106 - - [30/Mar/2023:16:40:19 -0300] "GET /cormun/static/gxcfg.js?20221129846531 HTTP/1.1" 200 953
190.171.141.106 - - [30/Mar/2023:16:40:19 -0300] "GET /cormun/static/trsolicitudot.js?202211298465651 HTTP/1.1" 200 54040
190.171.141.106 - - [30/Mar/2023:16:40:19 -0300] "GET /cormun/servlet/trsolicitudot? HTTP/1.1" 200 7356
190.171.152.234 - - [30/Mar/2023:16:40:22 -0300] "POST /cormun/servlet/solicitudot?gx-no-cache=1680204421926 HTTP/1.1" 200 83
190.171.141.106 - - [30/Mar/2023:16:40:25 -0300] "GET /cormun/servlet/solicitudot?INS,0,0,false, HTTP/1.1" 200 15988
190.171.141.106 - - [30/Mar/2023:16:40:25 -0300] "GET /cormun/static/gxcfg.js?20221129840861 HTTP/1.1" 200 953
190.171.141.106 - - [30/Mar/2023:16:40:25 -0300] "GET /cormun/static/solicitudot.js?20221129840983 HTTP/1.1" 200 74072
200.54.107.2 - - [30/Mar/2023:16:40:25 -0300] "GET /cormun/servlet/permisogoce?f74bb25bdcc58f0d045abcd73ddd9adcab722d082f7c8f66e320490adda6f3ee912a4ec4d3985c8a6902aae21a9f75f956d2738a3b615abb95e4f06acbd80136,gx-no-cache=1680204301608 HTTP/1.1" 200 44
190.171.141.106 - - [30/Mar/2023:16:40:25 -0300] "GET /cormun/servlet/solicitudot?INS,0,0,false, HTTP/1.1" 200 15995
200.54.107.2 - - [30/Mar/2023:16:40:29 -0300] "POST /cormun/servlet/permisogoce?ac5610fe78d859f3d0fa9f64388e48f1,INS,0,,,,gx-no-cache=1680204304490 HTTP/1.1" 200 93
200.54.107.2 - - [30/Mar/2023:16:40:29 -0300] "GET /cormun/servlet/hpexe_return? HTTP/1.1" 200 1007
200.54.107.2 - - [30/Mar/2023:16:40:29 -0300] "GET /cormun/servlet/trpermisosgoce HTTP/1.1" 200 9665
200.54.107.2 - - [30/Mar/2023:16:40:30 -0300] "GET /cormun/servlet/trpermisosgoce HTTP/1.1" 200 9660
200.54.107.2 - - [30/Mar/2023:16:40:33 -0300] "GET /cormun/servlet/apermisogoceprn?15524660,P,20230330162429,PU HTTP/1.1" 200 1653
190.171.141.106 - - [30/Mar/2023:16:40:53 -0300] "POST /cormun/servlet/solicitudot?gx-no-cache=1680204328883 HTTP/1.1" 200 3953
190.171.141.106 - - [30/Mar/2023:16:40:53 -0300] "POST /cormun/servlet/solicitudot?a828ad250ea3014a8a67ab7ce556b894,INS,0,0,false,,gx-no-cache=1680204329215 HTTP/1.1" 200 12794
190.171.141.106 - - [30/Mar/2023:16:40:57 -0300] "GET /cormun/servlet/solicitudot?ad3b8fc5161e2ce6c5cf8e791ad9948113b45e54ad454ab69c1a5c6481c730c7820938c7135878089359eaedee2bc231,gx-no-cache=1680204333344 HTTP/1.1" 200 30
191.114.108.119 - - [30/Mar/2023:16:41:00 -0300] "GET /cormun/servlet/hlogin HTTP/1.1" 200 1716
191.114.108.119 - - [30/Mar/2023:16:41:00 -0300] "GET /cormun/static/gxtimezone.js?85251 HTTP/1.1" 200 5781
191.114.108.119 - - [30/Mar/2023:16:41:00 -0300] "GET /cormun/static/gxcfg.js?2022112219184450 HTTP/1.1" 200 953
191.114.108.119 - - [30/Mar/2023:16:41:00 -0300] "GET /cormun/static/Resources/Spanish/PXTools.css?1759030 HTTP/1.1" 200 100853
191.114.108.119 - - [30/Mar/2023:16:41:00 -0300] "GET /cormun/static/messages.spa.js?85251 HTTP/1.1" 200 30736
191.114.108.119 - - [30/Mar/2023:16:41:01 -0300] "GET /cormun/static/hlogin.js?2022112219184458 HTTP/1.1" 200 2156
191.114.108.119 - - [30/Mar/2023:16:41:01 -0300] "GET /cormun/static/Resources/CormunLogin.png HTTP/1.1" 200 19132
191.114.108.119 - - [30/Mar/2023:16:41:01 -0300] "GET /cormun/static/gxgral.js?85251 HTTP/1.1" 200 384558
191.114.108.119 - - [30/Mar/2023:16:41:01 -0300] "GET /cormun/static/Resources/PXToolsLoginBackground.png HTTP/1.1" 200 1164
191.114.108.119 - - [30/Mar/2023:16:41:01 -0300] "GET /cormun/static/Resources/PXToolsLoginTop.png HTTP/1.1" 200 1337
191.114.108.119 - - [30/Mar/2023:16:41:01 -0300] "GET /cormun/static/Resources/PXToolsButtonLeft.png HTTP/1.1" 200 1310
191.114.108.119 - - [30/Mar/2023:16:41:01 -0300] "GET /cormun/static/Resources/PXToolsButtonRight.png HTTP/1.1" 200 1294
191.114.108.119 - - [30/Mar/2023:16:41:01 -0300] "GET /cormun/static/Resources/PXToolsLoginBottom.png HTTP/1.1" 200 1389
191.114.108.119 - - [30/Mar/2023:16:41:01 -0300] "GET /cormun/static/Resources/PXToolsButtonBackground.png HTTP/1.1" 200 1176
191.114.108.119 - - [30/Mar/2023:16:41:01 -0300] "GET /cormun/servlet/hlogin HTTP/1.1" 200 1726
191.114.108.119 - - [30/Mar/2023:16:41:01 -0300] "GET /cormun/static/Resources/indicator.gif HTTP/1.1" 200 1553
191.114.108.119 - - [30/Mar/2023:16:41:02 -0300] "GET /favicon.ico HTTP/1.1" 200 21630
190.171.152.234 - - [30/Mar/2023:16:41:59 -0300] "POST /cormun/servlet/solicitudot?gx-no-cache=1680204519430 HTTP/1.1" 200 30
190.171.152.234 - - [30/Mar/2023:16:41:59 -0300] "POST /cormun/servlet/solicitudot?gx-no-cache=1680204519468 HTTP/1.1" 200 1469
190.171.152.234 - - [30/Mar/2023:16:41:59 -0300] "POST /cormun/servlet/solicitudot?gx-no-cache=1680204519506 HTTP/1.1" 200 38
190.171.152.234 - - [30/Mar/2023:16:41:59 -0300] "GET /cormun/servlet/solicitudot?e60105f797a00a84066ef22ba9d67cb4d872fa02f12e9908def40758caf8fb006df15a036ecf31030b6d28253d770b0d3555a59b9462b7f9a636de1b9c68baad5abf5272ae1f336fe638bd29bf5b3e0306260328dd17c524bd4605eeb2060394e2cbfc94c040d38c95c31402aaaf45e6,gx-no-cache=1680204519527 HTTP/1.1" 200 110
190.171.152.234 - - [30/Mar/2023:16:41:59 -0300] "POST /cormun/servlet/solicitudot?gx-no-cache=1680204519550 HTTP/1.1" 200 83
190.171.152.234 - - [30/Mar/2023:16:42:12 -0300] "GET /cormun/servlet/solicitudot?e60105f797a00a84066ef22ba9d67cb411d1d428819e33b9d585b60f9480c88c4da77900f1b57a0538b1d8ccc59ff25ccdc74223553fad8d46ce057085a9c34af59ecf1086a702b66db862a78ace2508bb84cdc29cda6c0a38751deed4bc475dfe176a80110c0fae82342b5498a363c1,gx-no-cache=1680204531708 HTTP/1.1" 200 29
190.171.152.234 - - [30/Mar/2023:16:42:12 -0300] "GET /cormun/static/menuarrow.gif HTTP/1.1" 404 1015
190.171.152.234 - - [30/Mar/2023:16:42:19 -0300] "GET /cormun/servlet/solicitudot?e60105f797a00a84066ef22ba9d67cb407ef794fe87fdaf57353ca4e89422bfe4d4450cedfff5eb29802aec2fd4dd317,gx-no-cache=1680204539049 HTTP/1.1" 200 30
190.171.141.106 - - [30/Mar/2023:16:43:41 -0300] "GET /cormun/servlet/solicitudot?ad3b8fc5161e2ce6c5cf8e791ad994813f6dc7b6c5c696a90f00e567623697df9763846d88d588ddc0c70944a43b9d3bba442fe0ca4eb8ae906809d1d9585418,gx-no-cache=1680204496918 HTTP/1.1" 200 30
190.171.141.106 - - [30/Mar/2023:16:43:44 -0300] "GET /cormun/servlet/solicitudot?ad3b8fc5161e2ce6c5cf8e791ad99481a26006c4277cc99f2754288dd035eef6,gx-no-cache=1680204499997 HTTP/1.1" 200 53
190.171.141.106 - - [30/Mar/2023:16:44:22 -0300] "POST /cormun/servlet/solicitudot?gx-no-cache=1680204538288 HTTP/1.1" 200 255
200.83.31.156 - - [30/Mar/2023:16:44:26 -0300] "GET /cormun/servlet/hlogin HTTP/1.1" 200 1771
200.83.31.156 - - [30/Mar/2023:16:44:26 -0300] "GET /cormun/static/gxtimezone.js?85251 HTTP/1.1" 200 5781
200.83.31.156 - - [30/Mar/2023:16:44:26 -0300] "GET /cormun/static/gxpopupSD.js?85251 HTTP/1.1" 200 22377
200.83.31.156 - - [30/Mar/2023:16:44:26 -0300] "GET /cormun/static/gxfxSD.js?85251 HTTP/1.1" 200 15384
200.83.31.156 - - [30/Mar/2023:16:44:26 -0300] "GET /cormun/static/gxtypesSD.js?85251 HTTP/1.1" 200 24551
200.83.31.156 - - [30/Mar/2023:16:44:26 -0300] "GET /cormun/static/gxhtmlSD.js?85251 HTTP/1.1" 200 50424
200.83.31.156 - - [30/Mar/2023:16:44:26 -0300] "GET /cormun/static/Resources/Spanish/PXTools.css?1759030 HTTP/1.1" 200 100853
200.83.31.156 - - [30/Mar/2023:16:44:26 -0300] "GET /cormun/static/gxapiSD.js?85251 HTTP/1.1" 200 78773
200.83.31.156 - - [30/Mar/2023:16:44:26 -0300] "GET /cormun/static/JavaScripTableSD.js?85251 HTTP/1.1" 200 25100
200.83.31.156 - - [30/Mar/2023:16:44:26 -0300] "GET /cormun/static/gxgridSD.js?85251 HTTP/1.1" 200 50735
200.83.31.156 - - [30/Mar/2023:16:44:26 -0300] "GET /cormun/static/rijndaelSD.js?85251 HTTP/1.1" 200 6763
200.83.31.156 - - [30/Mar/2023:16:44:26 -0300] "GET /cormun/static/gxgralSD.js?85251 HTTP/1.1" 200 20927
200.83.31.156 - - [30/Mar/2023:16:44:26 -0300] "GET /cormun/static/gxfrmutlSD.js?85251 HTTP/1.1" 200 89044
200.83.31.156 - - [30/Mar/2023:16:44:26 -0300] "GET /cormun/static/gxcfg.js?85251 HTTP/1.1" 200 953
200.83.31.156 - - [30/Mar/2023:16:44:26 -0300] "GET /cormun/static/messages.spa.js?85251 HTTP/1.1" 200 30736
200.83.31.156 - - [30/Mar/2023:16:44:26 -0300] "GET /cormun/static/hlogin.js?2022112219184458 HTTP/1.1" 200 2156
200.83.31.156 - - [30/Mar/2023:16:44:26 -0300] "GET /cormun/static/Resources/CormunLogin.png HTTP/1.1" 200 19132
200.83.31.156 - - [30/Mar/2023:16:44:26 -0300] "GET /cormun/static/Resources/indicator.gif HTTP/1.1" 200 1553
200.83.31.156 - - [30/Mar/2023:16:44:26 -0300] "GET /cormun/static/Resources/PXToolsLoginTop.png HTTP/1.1" 200 1337
200.83.31.156 - - [30/Mar/2023:16:44:26 -0300] "GET /cormun/static/Resources/PXToolsLoginBackground.png HTTP/1.1" 200 1164
200.83.31.156 - - [30/Mar/2023:16:44:26 -0300] "GET /cormun/static/Resources/PXToolsLoginBottom.png HTTP/1.1" 200 1389
200.83.31.156 - - [30/Mar/2023:16:44:26 -0300] "GET /cormun/static/Resources/PXToolsButtonBackground.png HTTP/1.1" 200 1176
200.83.31.156 - - [30/Mar/2023:16:44:26 -0300] "GET /cormun/static/Resources/PXToolsButtonLeft.png HTTP/1.1" 200 1310
200.83.31.156 - - [30/Mar/2023:16:44:26 -0300] "GET /cormun/static/Resources/PXToolsButtonRight.png HTTP/1.1" 200 1294
200.83.31.156 - - [30/Mar/2023:16:44:26 -0300] "GET /cormun/servlet/hlogin HTTP/1.1" 200 1782
200.83.31.156 - - [30/Mar/2023:16:44:26 -0300] "GET /favicon.ico HTTP/1.1" 200 21630
190.171.141.106 - - [30/Mar/2023:16:44:27 -0300] "GET /cormun/servlet/solicitudot?ad3b8fc5161e2ce6c5cf8e791ad99481505cc22ac9a2f5a1a5ccae470ca9e9a1e09fd5433aa3763746a5a16fbd926f840c84f2047f1d4e8a8cf60ed14febf56f721227cf8c41305d55e71682d07af7f1a59123a9e266c1ec8b8beac455d3f2eb3f44b514c2cff08ea141495417d6ce23e5d0475c8f94d8ecbd034e3ba0b264c297fc46a22ca089a5b8249eeb55cc8e373abfbdb65d0c0f9234acc9a03c1291a76b80b7163aff19c55eba244c279f0ed5a07e2f524d3330a8705ef2f8e1310d7e0be913ec2f52505b7d10f6de4dbd6c3ab4b485f6f8becf46593e3842f91080937933a4b24815b21987a1367529246f88fc789063c359b68bc7c0f4b8cfd4a346925700e2de099cc00ba93aa36661c1e865f7fb3b1b6bd721783a79377dab772f403c2e9933ff2d7808d3b9f9be5315b2e830bb490c9e674ffe25841eed10cdbdbf6da7e1a001bbe17ad2457aa4a644f8beb3ae36ce86c51d51c3693ecb856f6c7cdfdc8d5041f990067afd775e6c672645d3bd1356fb832352517f48eee32d74,gx-no-cache=1680204543683 HTTP/1.1" 200 30
190.171.141.106 - - [30/Mar/2023:16:44:32 -0300] "POST /cormun/servlet/solicitudot?gx-no-cache=1680204548607 HTTP/1.1" 200 30
190.171.141.106 - - [30/Mar/2023:16:44:35 -0300] "POST /cormun/servlet/solicitudot?gx-no-cache=1680204551172 HTTP/1.1" 200 1466
190.171.141.106 - - [30/Mar/2023:16:44:35 -0300] "POST /cormun/servlet/solicitudot?gx-no-cache=1680204551215 HTTP/1.1" 200 38
190.171.141.106 - - [30/Mar/2023:16:45:13 -0300] "GET /cormun/servlet/solicitudot?ad3b8fc5161e2ce6c5cf8e791ad99481eb3f996a686be8d79b37f216f24e1bafd8b41bb3f5e78899cc5f65e113908b56e37694766d1900974997b3a52bc5e5455166ced0512561627bf92b9e9578042a13b65fd99e426229832b37662fd034dfb42687b6a93148872ca1cc60d6cbdb58,gx-no-cache=1680204589757 HTTP/1.1" 200 110
190.171.141.106 - - [30/Mar/2023:16:45:38 -0300] "POST /cormun/servlet/solicitudot?gx-no-cache=1680204614154 HTTP/1.1" 200 97
190.171.141.106 - - [30/Mar/2023:16:47:30 -0300] "GET /cormun/servlet/solicitudot?ad3b8fc5161e2ce6c5cf8e791ad994818d1182b717043c3914fef8cb2b8c6458f0eaf1145b6cbdfe6af37f36a37a8cad0a032451a7b377310b78667f24c9f27343be6601c9ab2a791fdcaa8507448bc7e6ad535d0f8406f5d4ad2c08a1cce6380779d28498f38434f078b4da3da904f6,gx-no-cache=1680204726904 HTTP/1.1" 200 29
190.171.152.234 - - [30/Mar/2023:16:47:46 -0300] "POST /cormun/servlet/solicitudot?gx-no-cache=1680204866405 HTTP/1.1" 200 30
190.171.152.234 - - [30/Mar/2023:16:47:47 -0300] "POST /cormun/servlet/solicitudot?13d98f2b3c2c309d69168b5a4139d3b3,INS,0,0,false,,gx-no-cache=1680204866449 HTTP/1.1" 200 93
190.171.152.234 - - [30/Mar/2023:16:47:47 -0300] "GET /cormun/servlet/hpexe_return? HTTP/1.1" 200 1012
190.171.152.234 - - [30/Mar/2023:16:47:47 -0300] "GET /cormun/static/hpexe_return.js?20221129846037 HTTP/1.1" 200 1633
190.171.152.234 - - [30/Mar/2023:16:47:47 -0300] "GET /cormun/static/gxcfg.js?20221129846035 HTTP/1.1" 200 953
190.171.152.234 - - [30/Mar/2023:16:47:47 -0300] "GET /cormun/servlet/trsolicitudot HTTP/1.1" 200 8900
190.171.152.234 - - [30/Mar/2023:16:47:48 -0300] "GET /cormun/servlet/trsolicitudot HTTP/1.1" 200 8896
190.171.141.106 - - [30/Mar/2023:16:47:52 -0300] "GET /cormun/servlet/solicitudot?ad3b8fc5161e2ce6c5cf8e791ad99481a2c9db27f6c0898c3a7c99731157a106691c8b83d545474dc600dd413f92f669,gx-no-cache=1680204748190 HTTP/1.1" 200 30
190.171.152.234 - - [30/Mar/2023:16:47:56 -0300] "POST /cormun/servlet/trsolicitudot?13d98f2b3c2c309d69168b5a4139d3b3,gx-no-cache=1680204875889 HTTP/1.1" 200 107
190.171.152.234 - - [30/Mar/2023:16:47:56 -0300] "GET /cormun/servlet/trsolicitudadjuntos?2023,19873, HTTP/1.1" 200 6385
190.171.152.234 - - [30/Mar/2023:16:47:56 -0300] "GET /cormun/servlet/trsolicitudadjuntos?2023,19873, HTTP/1.1" 200 6385
190.171.152.234 - - [30/Mar/2023:16:48:02 -0300] "GET /cormun/servlet/solicitudotadjuntos?INS,2023,19873,,1, HTTP/1.1" 200 6334
190.171.152.234 - - [30/Mar/2023:16:48:02 -0300] "GET /cormun/static/gxcfg.js?202211298385187 HTTP/1.1" 200 953
190.171.152.234 - - [30/Mar/2023:16:48:02 -0300] "GET /cormun/static/solicitudotadjuntos.js?202211298385196 HTTP/1.1" 200 11771
190.171.152.234 - - [30/Mar/2023:16:48:02 -0300] "GET /cormun/static/about:blank HTTP/1.1" 404 1011
190.171.152.234 - - [30/Mar/2023:16:48:02 -0300] "GET /cormun/servlet/solicitudotadjuntos?INS,2023,19873,,1, HTTP/1.1" 200 6328
190.171.152.234 - - [30/Mar/2023:16:48:03 -0300] "GET /cormun/servlet/solicitudotadjuntos?e60105f797a00a84066ef22ba9d67cb497bd0c76568b32adb2c8a95f8e8368ac413f5e4a260f4158b3a4e7527a155a4f,gx-no-cache=1680204882834 HTTP/1.1" 200 30
190.171.152.234 - - [30/Mar/2023:16:48:03 -0300] "POST /cormun/servlet/solicitudotadjuntos?13d98f2b3c2c309d69168b5a4139d3b3,INS,2023,19873,,1,,gx-no-cache=1680204882851 HTTP/1.1" 200 4162
190.171.141.106 - - [30/Mar/2023:16:48:04 -0300] "POST /cormun/servlet/solicitudot?gx-no-cache=1680204760640 HTTP/1.1" 200 30
190.171.152.234 - - [30/Mar/2023:16:48:07 -0300] "POST /cormun/servlet/solicitudotadjuntos?gx-no-cache=1680204886866 HTTP/1.1" 200 26
190.171.152.234 - - [30/Mar/2023:16:48:15 -0300] "GET /cormun/servlet/solicitudotadjuntos?e60105f797a00a84066ef22ba9d67cb41c6863c7d45a208b823c722ab893c963,gx-no-cache=1680204895386 HTTP/1.1" 200 30
190.171.152.234 - - [30/Mar/2023:16:48:15 -0300] "GET /cormun/servlet/solicitudotadjuntos?e60105f797a00a84066ef22ba9d67cb41c6863c7d45a208b823c722ab893c963,gx-no-cache=1680204895397 HTTP/1.1" 200 30
190.171.152.234 - - [30/Mar/2023:16:48:16 -0300] "POST /cormun/servlet/solicitudotadjuntos?13d98f2b3c2c309d69168b5a4139d3b3,INS,2023,19873,,1, HTTP/1.1" 200 116
190.171.152.234 - - [30/Mar/2023:16:48:16 -0300] "GET /cormun/servlet/hpexe_return? HTTP/1.1" 200 1029
190.171.152.234 - - [30/Mar/2023:16:48:16 -0300] "GET /cormun/servlet/trsolicitudadjuntos?2023,19873, HTTP/1.1" 200 9283
190.171.152.234 - - [30/Mar/2023:16:48:16 -0300] "GET /cormun/servlet/trsolicitudadjuntos?2023,19873, HTTP/1.1" 200 9280
190.171.152.234 - - [30/Mar/2023:16:48:18 -0300] "GET /cormun/servlet/solicitudotadjuntos?INS,2023,19873,,1, HTTP/1.1" 200 6334
190.171.152.234 - - [30/Mar/2023:16:48:18 -0300] "GET /cormun/static/about:blank HTTP/1.1" 404 1011
190.171.152.234 - - [30/Mar/2023:16:48:18 -0300] "GET /cormun/servlet/solicitudotadjuntos?INS,2023,19873,,1, HTTP/1.1" 200 6328
190.171.152.234 - - [30/Mar/2023:16:48:19 -0300] "GET /cormun/servlet/solicitudotadjuntos?e60105f797a00a84066ef22ba9d67cb497bd0c76568b32adb2c8a95f8e8368ac413f5e4a260f4158b3a4e7527a155a4f,gx-no-cache=1680204898747 HTTP/1.1" 200 30
190.171.152.234 - - [30/Mar/2023:16:48:19 -0300] "POST /cormun/servlet/solicitudotadjuntos?13d98f2b3c2c309d69168b5a4139d3b3,INS,2023,19873,,1,,gx-no-cache=1680204898768 HTTP/1.1" 200 4162
190.171.141.106 - - [30/Mar/2023:16:48:31 -0300] "POST /cormun/servlet/solicitudot?a828ad250ea3014a8a67ab7ce556b894,INS,0,0,false,,gx-no-cache=1680204786777 HTTP/1.1" 200 93
190.171.141.106 - - [30/Mar/2023:16:48:31 -0300] "GET /cormun/servlet/hpexe_return? HTTP/1.1" 200 1011
190.171.141.106 - - [30/Mar/2023:16:48:31 -0300] "GET /cormun/static/gxcfg.js?20221129846035 HTTP/1.1" 200 953
190.171.141.106 - - [30/Mar/2023:16:48:31 -0300] "GET /cormun/static/hpexe_return.js?20221129846037 HTTP/1.1" 200 1633
190.171.141.106 - - [30/Mar/2023:16:48:31 -0300] "GET /cormun/servlet/trsolicitudot HTTP/1.1" 200 8774
190.171.141.106 - - [30/Mar/2023:16:48:32 -0300] "GET /cormun/servlet/trsolicitudot HTTP/1.1" 200 8773
190.171.141.106 - - [30/Mar/2023:16:48:38 -0300] "POST /cormun/servlet/trsolicitudot?a828ad250ea3014a8a67ab7ce556b894,gx-no-cache=1680204794252 HTTP/1.1" 200 6315
190.171.141.106 - - [30/Mar/2023:16:48:38 -0300] "GET /cormun/static/Shared/jqueryui/images/ui-bg_highlight-soft_100_c6c2c8_1x100.png HTTP/1.1" 404 1117
190.171.141.106 - - [30/Mar/2023:16:48:38 -0300] "GET /cormun/static/Shared/jqueryui/images/ui-icons_82798d_256x240.png HTTP/1.1" 404 1089
190.171.141.106 - - [30/Mar/2023:16:48:38 -0300] "GET /cormun/static/Shared/jqueryui/images/ui-icons_8d78a5_256x240.png HTTP/1.1" 404 1089
190.171.141.106 - - [30/Mar/2023:16:48:38 -0300] "GET /cormun/static/Shared/jqueryui/images/ui-bg_flat_55_fafafa_40x100.png HTTP/1.1" 404 1097
190.171.141.106 - - [30/Mar/2023:16:48:42 -0300] "POST /cormun/servlet/trsolicitudot?a828ad250ea3014a8a67ab7ce556b894,gx-no-cache=1680204798074 HTTP/1.1" 200 107
190.171.141.106 - - [30/Mar/2023:16:48:42 -0300] "GET /cormun/servlet/trsolicitudadjuntos?2023,19874, HTTP/1.1" 200 6242
190.171.141.106 - - [30/Mar/2023:16:48:42 -0300] "GET /cormun/static/gxcfg.js?20201215574222 HTTP/1.1" 200 953
190.171.141.106 - - [30/Mar/2023:16:48:42 -0300] "GET /cormun/static/Resources/PXToolsGridNew.png HTTP/1.1" 200 427
190.171.141.106 - - [30/Mar/2023:16:48:42 -0300] "GET /cormun/static/trsolicitudadjuntos.js?20201215574932 HTTP/1.1" 200 17921
190.171.141.106 - - [30/Mar/2023:16:48:42 -0300] "GET /cormun/servlet/trsolicitudadjuntos?2023,19874, HTTP/1.1" 200 6242
190.171.152.234 - - [30/Mar/2023:16:48:45 -0300] "POST /cormun/servlet/solicitudotadjuntos?gx-no-cache=1680204925563 HTTP/1.1" 200 26
190.171.141.106 - - [30/Mar/2023:16:48:46 -0300] "GET /cormun/servlet/solicitudotadjuntos?INS,2023,19874,,2, HTTP/1.1" 200 6188
190.171.141.106 - - [30/Mar/2023:16:48:46 -0300] "GET /cormun/static/gxcfg.js?202211298385187 HTTP/1.1" 200 953
190.171.141.106 - - [30/Mar/2023:16:48:46 -0300] "GET /cormun/static/solicitudotadjuntos.js?202211298385196 HTTP/1.1" 200 11771
190.171.141.106 - - [30/Mar/2023:16:48:46 -0300] "GET /cormun/static/about:blank HTTP/1.1" 404 1011
190.171.141.106 - - [30/Mar/2023:16:48:46 -0300] "GET /cormun/servlet/solicitudotadjuntos?INS,2023,19874,,2, HTTP/1.1" 200 6181
190.171.141.106 - - [30/Mar/2023:16:48:46 -0300] "GET /cormun/servlet/solicitudotadjuntos?ad3b8fc5161e2ce6c5cf8e791ad994810d7891b95ea64d1a4467b92ab8a0e495b23df2b2ab79f05eda2390e4ec7a1eb0,gx-no-cache=1680204802934 HTTP/1.1" 200 30
190.171.141.106 - - [30/Mar/2023:16:48:47 -0300] "POST /cormun/servlet/solicitudotadjuntos?a828ad250ea3014a8a67ab7ce556b894,INS,2023,19874,,2,,gx-no-cache=1680204802949 HTTP/1.1" 200 4335
190.171.152.234 - - [30/Mar/2023:16:48:53 -0300] "GET /cormun/servlet/solicitudotadjuntos?e60105f797a00a84066ef22ba9d67cb41c6863c7d45a208b823c722ab893c963,gx-no-cache=1680204933058 HTTP/1.1" 200 30
190.171.152.234 - - [30/Mar/2023:16:48:53 -0300] "GET /cormun/servlet/solicitudotadjuntos?e60105f797a00a84066ef22ba9d67cb41c6863c7d45a208b823c722ab893c963,gx-no-cache=1680204933081 HTTP/1.1" 200 30
190.171.152.234 - - [30/Mar/2023:16:48:53 -0300] "POST /cormun/servlet/solicitudotadjuntos?13d98f2b3c2c309d69168b5a4139d3b3,INS,2023,19873,,1, HTTP/1.1" 200 116
190.171.152.234 - - [30/Mar/2023:16:48:53 -0300] "GET /cormun/servlet/hpexe_return? HTTP/1.1" 200 1029
190.171.152.234 - - [30/Mar/2023:16:48:54 -0300] "GET /cormun/servlet/trsolicitudadjuntos?2023,19873, HTTP/1.1" 200 9524
190.171.152.234 - - [30/Mar/2023:16:48:54 -0300] "GET /cormun/servlet/trsolicitudadjuntos?2023,19873, HTTP/1.1" 200 9522
190.171.152.234 - - [30/Mar/2023:16:48:56 -0300] "GET /cormun/servlet/solicitudotadjuntos?INS,2023,19873,,1, HTTP/1.1" 200 6334
190.171.152.234 - - [30/Mar/2023:16:48:56 -0300] "GET /cormun/static/about:blank HTTP/1.1" 404 1011
190.171.152.234 - - [30/Mar/2023:16:48:56 -0300] "GET /cormun/servlet/solicitudotadjuntos?INS,2023,19873,,1, HTTP/1.1" 200 6328
190.171.152.234 - - [30/Mar/2023:16:48:56 -0300] "GET /cormun/servlet/solicitudotadjuntos?e60105f797a00a84066ef22ba9d67cb497bd0c76568b32adb2c8a95f8e8368ac413f5e4a260f4158b3a4e7527a155a4f,gx-no-cache=1680204936430 HTTP/1.1" 200 30
190.171.152.234 - - [30/Mar/2023:16:48:56 -0300] "POST /cormun/servlet/solicitudotadjuntos?13d98f2b3c2c309d69168b5a4139d3b3,INS,2023,19873,,1,,gx-no-cache=1680204936447 HTTP/1.1" 200 4161
190.171.152.234 - - [30/Mar/2023:16:49:00 -0300] "POST /cormun/servlet/solicitudotadjuntos?gx-no-cache=1680204939610 HTTP/1.1" 200 26
190.171.141.106 - - [30/Mar/2023:16:49:06 -0300] "POST /cormun/servlet/solicitudotadjuntos?a828ad250ea3014a8a67ab7ce556b894,INS,2023,19874,,2,,gx-no-cache=1680204822152 HTTP/1.1" 200 93
190.171.141.106 - - [30/Mar/2023:16:49:06 -0300] "GET /cormun/servlet/hpexe_return? HTTP/1.1" 200 1029
190.171.141.106 - - [30/Mar/2023:16:49:06 -0300] "GET /cormun/servlet/trsolicitudadjuntos?2023,19874, HTTP/1.1" 200 6245
190.171.141.106 - - [30/Mar/2023:16:49:06 -0300] "GET /cormun/servlet/trsolicitudadjuntos?2023,19874, HTTP/1.1" 200 6242
190.171.152.234 - - [30/Mar/2023:16:49:07 -0300] "GET /cormun/servlet/solicitudotadjuntos?e60105f797a00a84066ef22ba9d67cb41c6863c7d45a208b823c722ab893c963,gx-no-cache=1680204946594 HTTP/1.1" 200 30
190.171.152.234 - - [30/Mar/2023:16:49:07 -0300] "GET /cormun/servlet/solicitudotadjuntos?e60105f797a00a84066ef22ba9d67cb41c6863c7d45a208b823c722ab893c963,gx-no-cache=1680204946605 HTTP/1.1" 200 30
190.171.152.234 - - [30/Mar/2023:16:49:07 -0300] "POST /cormun/servlet/solicitudotadjuntos?13d98f2b3c2c309d69168b5a4139d3b3,INS,2023,19873,,1, HTTP/1.1" 200 116
190.171.152.234 - - [30/Mar/2023:16:49:07 -0300] "GET /cormun/servlet/hpexe_return? HTTP/1.1" 200 1029
190.171.152.234 - - [30/Mar/2023:16:49:07 -0300] "GET /cormun/servlet/trsolicitudadjuntos?2023,19873, HTTP/1.1" 200 9747
190.171.152.234 - - [30/Mar/2023:16:49:07 -0300] "GET /cormun/servlet/trsolicitudadjuntos?2023,19873, HTTP/1.1" 200 9746
190.171.141.106 - - [30/Mar/2023:16:49:10 -0300] "GET /cormun/servlet/solicitudotadjuntos?INS,2023,19874,,1, HTTP/1.1" 200 6190
190.171.141.106 - - [30/Mar/2023:16:49:10 -0300] "GET /cormun/static/about:blank HTTP/1.1" 404 1011
190.171.141.106 - - [30/Mar/2023:16:49:10 -0300] "GET /cormun/servlet/solicitudotadjuntos?INS,2023,19874,,1, HTTP/1.1" 200 6184
190.171.141.106 - - [30/Mar/2023:16:49:11 -0300] "GET /cormun/servlet/solicitudotadjuntos?ad3b8fc5161e2ce6c5cf8e791ad994810d7891b95ea64d1a4467b92ab8a0e495b23df2b2ab79f05eda2390e4ec7a1eb0,gx-no-cache=1680204827087 HTTP/1.1" 200 30
190.171.141.106 - - [30/Mar/2023:16:49:11 -0300] "POST /cormun/servlet/solicitudotadjuntos?a828ad250ea3014a8a67ab7ce556b894,INS,2023,19874,,1,,gx-no-cache=1680204827103 HTTP/1.1" 200 4195
190.171.152.234 - - [30/Mar/2023:16:49:11 -0300] "GET /cormun/servlet/solicitudotadjuntos?INS,2023,19873,,1, HTTP/1.1" 200 6334
190.171.152.234 - - [30/Mar/2023:16:49:12 -0300] "GET /cormun/static/about:blank HTTP/1.1" 404 1011
190.171.152.234 - - [30/Mar/2023:16:49:12 -0300] "GET /cormun/servlet/solicitudotadjuntos?INS,2023,19873,,1, HTTP/1.1" 200 6328
190.171.152.234 - - [30/Mar/2023:16:49:12 -0300] "GET /cormun/servlet/solicitudotadjuntos?e60105f797a00a84066ef22ba9d67cb497bd0c76568b32adb2c8a95f8e8368ac413f5e4a260f4158b3a4e7527a155a4f,gx-no-cache=1680204952219 HTTP/1.1" 200 30
190.171.152.234 - - [30/Mar/2023:16:49:12 -0300] "POST /cormun/servlet/solicitudotadjuntos?13d98f2b3c2c309d69168b5a4139d3b3,INS,2023,19873,,1,,gx-no-cache=1680204952234 HTTP/1.1" 200 4161
190.171.152.234 - - [30/Mar/2023:16:49:17 -0300] "POST /cormun/servlet/solicitudotadjuntos?gx-no-cache=1680204956810 HTTP/1.1" 200 26
190.171.152.234 - - [30/Mar/2023:16:49:27 -0300] "GET /cormun/servlet/solicitudotadjuntos?e60105f797a00a84066ef22ba9d67cb41c6863c7d45a208b823c722ab893c963,gx-no-cache=1680204966649 HTTP/1.1" 200 30
190.171.152.234 - - [30/Mar/2023:16:49:27 -0300] "GET /cormun/servlet/solicitudotadjuntos?e60105f797a00a84066ef22ba9d67cb41c6863c7d45a208b823c722ab893c963,gx-no-cache=1680204966661 HTTP/1.1" 200 30
190.171.152.234 - - [30/Mar/2023:16:49:27 -0300] "POST /cormun/servlet/solicitudotadjuntos?13d98f2b3c2c309d69168b5a4139d3b3,INS,2023,19873,,1, HTTP/1.1" 200 116
190.171.152.234 - - [30/Mar/2023:16:49:27 -0300] "GET /cormun/servlet/hpexe_return? HTTP/1.1" 200 1029
190.171.152.234 - - [30/Mar/2023:16:49:27 -0300] "GET /cormun/servlet/trsolicitudadjuntos?2023,19873, HTTP/1.1" 200 9978
190.171.152.234 - - [30/Mar/2023:16:49:28 -0300] "GET /cormun/servlet/trsolicitudadjuntos?2023,19873, HTTP/1.1" 200 9974
190.171.141.106 - - [30/Mar/2023:16:49:31 -0300] "POST /cormun/servlet/solicitudotadjuntos?gx-no-cache=1680204847188 HTTP/1.1" 200 26
190.171.141.106 - - [30/Mar/2023:16:49:45 -0300] "GET /cormun/servlet/solicitudotadjuntos?ad3b8fc5161e2ce6c5cf8e791ad99481687f5cdb0dcb0bc391b0f832b519849e,gx-no-cache=1680204861511 HTTP/1.1" 200 30
190.171.141.106 - - [30/Mar/2023:16:49:45 -0300] "GET /cormun/servlet/solicitudotadjuntos?ad3b8fc5161e2ce6c5cf8e791ad99481687f5cdb0dcb0bc391b0f832b519849e,gx-no-cache=1680204861524 HTTP/1.1" 200 30
190.171.141.106 - - [30/Mar/2023:16:49:45 -0300] "POST /cormun/servlet/solicitudotadjuntos?a828ad250ea3014a8a67ab7ce556b894,INS,2023,19874,,1, HTTP/1.1" 200 116
190.171.141.106 - - [30/Mar/2023:16:49:45 -0300] "GET /cormun/servlet/hpexe_return? HTTP/1.1" 200 1029
190.171.141.106 - - [30/Mar/2023:16:49:45 -0300] "GET /cormun/servlet/trsolicitudadjuntos?2023,19874, HTTP/1.1" 200 9157
190.171.141.106 - - [30/Mar/2023:16:49:46 -0300] "GET /cormun/servlet/trsolicitudadjuntos?2023,19874, HTTP/1.1" 200 9155
190.171.141.106 - - [30/Mar/2023:16:49:50 -0300] "GET /cormun/servlet/solicitudotadjuntos?INS,2023,19874,,1, HTTP/1.1" 200 6190
190.171.141.106 - - [30/Mar/2023:16:49:51 -0300] "GET /cormun/static/about:blank HTTP/1.1" 404 1011
190.171.141.106 - - [30/Mar/2023:16:49:51 -0300] "GET /cormun/servlet/solicitudotadjuntos?INS,2023,19874,,1, HTTP/1.1" 200 6183
190.171.141.106 - - [30/Mar/2023:16:49:51 -0300] "GET /cormun/servlet/solicitudotadjuntos?ad3b8fc5161e2ce6c5cf8e791ad994810d7891b95ea64d1a4467b92ab8a0e495b23df2b2ab79f05eda2390e4ec7a1eb0,gx-no-cache=1680204867540 HTTP/1.1" 200 30
190.171.141.106 - - [30/Mar/2023:16:49:51 -0300] "POST /cormun/servlet/solicitudotadjuntos?a828ad250ea3014a8a67ab7ce556b894,INS,2023,19874,,1,,gx-no-cache=1680204867555 HTTP/1.1" 200 4195
190.171.152.234 - - [30/Mar/2023:16:49:52 -0300] "GET /cormun/servlet/solicitudotadjuntos?INS,2023,19873,,1, HTTP/1.1" 200 6334
190.171.152.234 - - [30/Mar/2023:16:49:52 -0300] "GET /cormun/static/about:blank HTTP/1.1" 404 1011
190.171.152.234 - - [30/Mar/2023:16:49:52 -0300] "GET /cormun/servlet/solicitudotadjuntos?INS,2023,19873,,1, HTTP/1.1" 200 6328
190.171.152.234 - - [30/Mar/2023:16:49:53 -0300] "GET /cormun/servlet/solicitudotadjuntos?e60105f797a00a84066ef22ba9d67cb497bd0c76568b32adb2c8a95f8e8368ac413f5e4a260f4158b3a4e7527a155a4f,gx-no-cache=1680204992964 HTTP/1.1" 200 30
190.171.152.234 - - [30/Mar/2023:16:49:53 -0300] "POST /cormun/servlet/solicitudotadjuntos?13d98f2b3c2c309d69168b5a4139d3b3,INS,2023,19873,,1,,gx-no-cache=1680204992980 HTTP/1.1" 200 4161
190.171.152.234 - - [30/Mar/2023:16:49:56 -0300] "POST /cormun/servlet/solicitudotadjuntos?gx-no-cache=1680204995674 HTTP/1.1" 200 26
190.171.152.234 - - [30/Mar/2023:16:50:01 -0300] "GET /cormun/servlet/solicitudotadjuntos?e60105f797a00a84066ef22ba9d67cb41c6863c7d45a208b823c722ab893c963,gx-no-cache=1680205000681 HTTP/1.1" 200 30
190.171.152.234 - - [30/Mar/2023:16:50:01 -0300] "GET /cormun/servlet/solicitudotadjuntos?e60105f797a00a84066ef22ba9d67cb41c6863c7d45a208b823c722ab893c963,gx-no-cache=1680205000693 HTTP/1.1" 200 30
190.171.152.234 - - [30/Mar/2023:16:50:01 -0300] "POST /cormun/servlet/solicitudotadjuntos?13d98f2b3c2c309d69168b5a4139d3b3,INS,2023,19873,,1, HTTP/1.1" 200 116
190.171.152.234 - - [30/Mar/2023:16:50:01 -0300] "GET /cormun/servlet/hpexe_return? HTTP/1.1" 200 1029
190.171.152.234 - - [30/Mar/2023:16:50:01 -0300] "GET /cormun/servlet/trsolicitudadjuntos?2023,19873, HTTP/1.1" 200 10237
190.171.152.234 - - [30/Mar/2023:16:50:02 -0300] "GET /cormun/servlet/trsolicitudadjuntos?2023,19873, HTTP/1.1" 200 10234
190.171.152.234 - - [30/Mar/2023:16:50:04 -0300] "GET /cormun/servlet/solicitudotadjuntos?INS,2023,19873,,1, HTTP/1.1" 200 6334
190.171.152.234 - - [30/Mar/2023:16:50:04 -0300] "GET /cormun/static/about:blank HTTP/1.1" 404 1011
190.171.152.234 - - [30/Mar/2023:16:50:04 -0300] "GET /cormun/servlet/solicitudotadjuntos?INS,2023,19873,,1, HTTP/1.1" 200 6328
190.171.152.234 - - [30/Mar/2023:16:50:05 -0300] "GET /cormun/servlet/solicitudotadjuntos?e60105f797a00a84066ef22ba9d67cb497bd0c76568b32adb2c8a95f8e8368ac413f5e4a260f4158b3a4e7527a155a4f,gx-no-cache=1680205004808 HTTP/1.1" 200 30
190.171.152.234 - - [30/Mar/2023:16:50:05 -0300] "POST /cormun/servlet/solicitudotadjuntos?13d98f2b3c2c309d69168b5a4139d3b3,INS,2023,19873,,1,,gx-no-cache=1680205004858 HTTP/1.1" 200 4161
190.171.141.106 - - [30/Mar/2023:16:50:05 -0300] "POST /cormun/servlet/solicitudotadjuntos?gx-no-cache=1680204881339 HTTP/1.1" 200 26
10.40.40.2 - - [30/Mar/2023:16:50:06 -0300] "GET /cormun/servlet/trsolicitudgral? HTTP/1.1" 500 10
10.40.40.2 - - [30/Mar/2023:16:50:07 -0300] "GET /cormun/servlet/trsolicitudgral? HTTP/1.1" 500 10
190.171.152.234 - - [30/Mar/2023:16:50:07 -0300] "POST /cormun/servlet/solicitudotadjuntos?gx-no-cache=1680205007235 HTTP/1.1" 200 26
10.40.40.2 - - [30/Mar/2023:16:50:09 -0300] "GET /cormun/servlet/trsolicitudgral? HTTP/1.1" 500 10
190.171.152.234 - - [30/Mar/2023:16:50:12 -0300] "GET /cormun/servlet/solicitudotadjuntos?e60105f797a00a84066ef22ba9d67cb41c6863c7d45a208b823c722ab893c963,gx-no-cache=1680205012426 HTTP/1.1" 200 30
190.171.152.234 - - [30/Mar/2023:16:50:12 -0300] "GET /cormun/servlet/solicitudotadjuntos?e60105f797a00a84066ef22ba9d67cb41c6863c7d45a208b823c722ab893c963,gx-no-cache=1680205012438 HTTP/1.1" 200 30
190.171.152.234 - - [30/Mar/2023:16:50:12 -0300] "POST /cormun/servlet/solicitudotadjuntos?13d98f2b3c2c309d69168b5a4139d3b3,INS,2023,19873,,1, HTTP/1.1" 200 116
190.171.152.234 - - [30/Mar/2023:16:50:13 -0300] "GET /cormun/servlet/hpexe_return? HTTP/1.1" 200 1029
190.171.152.234 - - [30/Mar/2023:16:50:13 -0300] "GET /cormun/servlet/trsolicitudadjuntos?2023,19873, HTTP/1.1" 200 10382
190.171.152.234 - - [30/Mar/2023:16:50:13 -0300] "GET /cormun/servlet/trsolicitudadjuntos?2023,19873, HTTP/1.1" 200 10381
190.171.141.106 - - [30/Mar/2023:16:50:16 -0300] "GET /cormun/servlet/solicitudotadjuntos?ad3b8fc5161e2ce6c5cf8e791ad99481687f5cdb0dcb0bc391b0f832b519849e,gx-no-cache=1680204892359 HTTP/1.1" 200 30
190.171.141.106 - - [30/Mar/2023:16:50:16 -0300] "GET /cormun/servlet/solicitudotadjuntos?ad3b8fc5161e2ce6c5cf8e791ad99481687f5cdb0dcb0bc391b0f832b519849e,gx-no-cache=1680204892395 HTTP/1.1" 200 30
190.171.141.106 - - [30/Mar/2023:16:50:16 -0300] "POST /cormun/servlet/solicitudotadjuntos?a828ad250ea3014a8a67ab7ce556b894,INS,2023,19874,,1, HTTP/1.1" 200 116
190.171.141.106 - - [30/Mar/2023:16:50:16 -0300] "GET /cormun/servlet/hpexe_return? HTTP/1.1" 200 1029
190.171.141.106 - - [30/Mar/2023:16:50:16 -0300] "GET /cormun/servlet/trsolicitudadjuntos?2023,19874, HTTP/1.1" 200 9382
190.171.141.106 - - [30/Mar/2023:16:50:17 -0300] "GET /cormun/servlet/trsolicitudadjuntos?2023,19874, HTTP/1.1" 200 9382
10.40.40.2 - - [30/Mar/2023:16:50:17 -0300] "GET /cormun/servlet/hlogin HTTP/1.1" 200 1717
10.40.40.2 - - [30/Mar/2023:16:50:17 -0300] "GET /cormun/static/gxtimezone.js?85251 HTTP/1.1" 200 5781
10.40.40.2 - - [30/Mar/2023:16:50:17 -0300] "GET /cormun/static/messages.spa.js?85251 HTTP/1.1" 200 30736
10.40.40.2 - - [30/Mar/2023:16:50:17 -0300] "GET /cormun/static/gxgral.js?85251 HTTP/1.1" 200 384558
10.40.40.2 - - [30/Mar/2023:16:50:17 -0300] "GET /cormun/static/Resources/indicator.gif HTTP/1.1" 200 1553
10.40.40.2 - - [30/Mar/2023:16:50:17 -0300] "GET /favicon.ico HTTP/1.1" 200 21630
190.171.141.106 - - [30/Mar/2023:16:50:20 -0300] "GET /cormun/servlet/solicitudotadjuntos?INS,2023,19874,,1, HTTP/1.1" 200 6190
190.171.141.106 - - [30/Mar/2023:16:50:20 -0300] "GET /cormun/static/about:blank HTTP/1.1" 404 1011
190.171.152.234 - - [30/Mar/2023:16:50:20 -0300] "GET /cormun/servlet/trsolicitudot? HTTP/1.1" 200 8903
190.171.141.106 - - [30/Mar/2023:16:50:20 -0300] "GET /cormun/servlet/solicitudotadjuntos?INS,2023,19874,,1, HTTP/1.1" 200 6183
190.171.152.234 - - [30/Mar/2023:16:50:21 -0300] "GET /cormun/servlet/trsolicitudot? HTTP/1.1" 200 8896
190.171.141.106 - - [30/Mar/2023:16:50:21 -0300] "GET /cormun/servlet/solicitudotadjuntos?ad3b8fc5161e2ce6c5cf8e791ad994810d7891b95ea64d1a4467b92ab8a0e495b23df2b2ab79f05eda2390e4ec7a1eb0,gx-no-cache=1680204897212 HTTP/1.1" 200 30
190.171.141.106 - - [30/Mar/2023:16:50:21 -0300] "POST /cormun/servlet/solicitudotadjuntos?a828ad250ea3014a8a67ab7ce556b894,INS,2023,19874,,1,,gx-no-cache=1680204897229 HTTP/1.1" 200 4195
190.171.152.234 - - [30/Mar/2023:16:50:25 -0300] "POST /cormun/servlet/trsolicitudot?13d98f2b3c2c309d69168b5a4139d3b3,,gx-no-cache=1680205024879 HTTP/1.1" 200 4884
190.171.152.234 - - [30/Mar/2023:16:50:25 -0300] "GET /cormun/static/Shared/jqueryui/images/ui-bg_highlight-soft_100_c6c2c8_1x100.png HTTP/1.1" 404 1117
190.171.152.234 - - [30/Mar/2023:16:50:25 -0300] "GET /cormun/static/Shared/jqueryui/images/ui-icons_82798d_256x240.png HTTP/1.1" 404 1089
190.171.152.234 - - [30/Mar/2023:16:50:25 -0300] "GET /cormun/static/Shared/jqueryui/images/ui-bg_flat_55_fafafa_40x100.png HTTP/1.1" 404 1097
190.171.152.234 - - [30/Mar/2023:16:50:25 -0300] "GET /cormun/static/Shared/jqueryui/images/ui-icons_8d78a5_256x240.png HTTP/1.1" 404 1089
190.171.152.234 - - [30/Mar/2023:16:50:25 -0300] "POST /cormun/servlet/trsolicitudot?13d98f2b3c2c309d69168b5a4139d3b3,,gx-no-cache=1680205025195 HTTP/1.1" 200 4641
190.171.152.234 - - [30/Mar/2023:16:50:28 -0300] "GET /cormun/servlet/trautorizarsolicitud? HTTP/1.1" 200 8794
190.171.152.234 - - [30/Mar/2023:16:50:29 -0300] "GET /cormun/static/gxcfg.js?202211298474254 HTTP/1.1" 200 953
190.171.152.234 - - [30/Mar/2023:16:50:29 -0300] "GET /cormun/static/trautorizarsolicitud.js?202211298474588 HTTP/1.1" 200 53909
10.40.40.2 - - [30/Mar/2023:16:50:29 -0300] "POST /cormun/servlet/hlogin?85de05247c0fbbf2af9251f484d781d9,gx-no-cache=1680204900046 HTTP/1.1" 200 426
190.171.152.234 - - [30/Mar/2023:16:50:29 -0300] "GET /cormun/servlet/trautorizarsolicitud? HTTP/1.1" 200 8793
190.171.141.106 - - [30/Mar/2023:16:50:32 -0300] "POST /cormun/servlet/solicitudotadjuntos?gx-no-cache=1680204908634 HTTP/1.1" 200 26
10.40.40.2 - - [30/Mar/2023:16:50:32 -0300] "POST /cormun/servlet/hlogin?85de05247c0fbbf2af9251f484d781d9,gx-no-cache=1680204903606 HTTP/1.1" 200 426
190.171.152.234 - - [30/Mar/2023:16:50:34 -0300] "POST /cormun/servlet/trautorizarsolicitud?13d98f2b3c2c309d69168b5a4139d3b3,,gx-no-cache=1680205034302 HTTP/1.1" 200 4803
190.171.152.234 - - [30/Mar/2023:16:50:34 -0300] "GET /cormun/static/Shared/jqueryui/images/ui-icons_82798d_256x240.png HTTP/1.1" 404 1089
190.171.152.234 - - [30/Mar/2023:16:50:34 -0300] "GET /cormun/static/Shared/jqueryui/images/ui-bg_highlight-soft_100_c6c2c8_1x100.png HTTP/1.1" 404 1117
190.171.152.234 - - [30/Mar/2023:16:50:34 -0300] "GET /cormun/static/Shared/jqueryui/images/ui-bg_flat_55_fafafa_40x100.png HTTP/1.1" 404 1097
190.171.152.234 - - [30/Mar/2023:16:50:34 -0300] "GET /cormun/static/Shared/jqueryui/images/ui-icons_8d78a5_256x240.png HTTP/1.1" 404 1089
190.171.152.234 - - [30/Mar/2023:16:50:34 -0300] "POST /cormun/servlet/trautorizarsolicitud?13d98f2b3c2c309d69168b5a4139d3b3,,gx-no-cache=1680205034450 HTTP/1.1" 200 4559
10.40.40.2 - - [30/Mar/2023:16:50:37 -0300] "POST /cormun/servlet/hlogin?85de05247c0fbbf2af9251f484d781d9,gx-no-cache=1680204908388 HTTP/1.1" 200 90
10.40.40.2 - - [30/Mar/2023:16:50:37 -0300] "GET /cormun/servlet/hpexe_link HTTP/1.1" 200 948
10.40.40.2 - - [30/Mar/2023:16:50:37 -0300] "GET /cormun/servlet/hhome HTTP/1.1" 200 4822
10.40.40.2 - - [30/Mar/2023:16:50:37 -0300] "GET /cormun/static/gxcfg.js?20201215495537 HTTP/1.1" 200 953
10.40.40.2 - - [30/Mar/2023:16:50:37 -0300] "GET /cormun/static/PXToolsJavascripts/pexe_autoreload.js HTTP/1.1" 200 1762
10.40.40.2 - - [30/Mar/2023:16:50:37 -0300] "GET /cormun/static/PXToolsJavascripts/pexe_cookies.js HTTP/1.1" 200 792
10.40.40.2 - - [30/Mar/2023:16:50:37 -0300] "GET /cormun/static/PXToolsJavascripts/pexe_windows.js HTTP/1.1" 200 15249
10.40.40.2 - - [30/Mar/2023:16:50:37 -0300] "GET /cormun/static/PXToolsJavascripts/pexe_grid.js HTTP/1.1" 200 7559
10.40.40.2 - - [30/Mar/2023:16:50:37 -0300] "GET /cormun/static/PXToolsJavascripts/pexe_griddivfix.js HTTP/1.1" 200 6946
10.40.40.2 - - [30/Mar/2023:16:50:37 -0300] "GET /cormun/static/PXToolsJavascripts/pexe_link.js HTTP/1.1" 200 5671
10.40.40.2 - - [30/Mar/2023:16:50:37 -0300] "GET /cormun/static/PXToolsJavascripts/pexe_menus.js HTTP/1.1" 200 1286
10.40.40.2 - - [30/Mar/2023:16:50:37 -0300] "GET /cormun/static/PXToolsJavascripts/pexe_menudivfix.js HTTP/1.1" 200 333
10.40.40.2 - - [30/Mar/2023:16:50:37 -0300] "GET /cormun/static/PXToolsJavascripts/pexe_popup.js HTTP/1.1" 200 15149
10.40.40.2 - - [30/Mar/2023:16:50:37 -0300] "GET /cormun/static/PXToolsJavascripts/pexe_scrolldiv.js HTTP/1.1" 200 4138
10.40.40.2 - - [30/Mar/2023:16:50:37 -0300] "GET /cormun/static/PXToolsJavascripts/pexe_tabdivfix.js HTTP/1.1" 200 898
10.40.40.2 - - [30/Mar/2023:16:50:37 -0300] "GET /cormun/static/PXToolsJavascripts/pexe_tabs.js HTTP/1.1" 200 3748
10.40.40.2 - - [30/Mar/2023:16:50:37 -0300] "GET /cormun/static/PXToolsJavascripts/pexe_upload.js HTTP/1.1" 200 1423
10.40.40.2 - - [30/Mar/2023:16:50:37 -0300] "GET /cormun/static/PXToolsJavascripts/PXToolsJavascriptsRender.js HTTP/1.1" 200 367
10.40.40.2 - - [30/Mar/2023:16:50:37 -0300] "GET /cormun/static/PXToolsJavascripts/pexe_oavdivfix.js HTTP/1.1" 200 639
10.40.40.2 - - [30/Mar/2023:16:50:37 -0300] "GET /cormun/static/PXToolsJavascripts/pexe_picture.js HTTP/1.1" 200 689
10.40.40.2 - - [30/Mar/2023:16:50:37 -0300] "GET /cormun/static/PXToolsJavascripts/pexe_layers.js HTTP/1.1" 200 4114
10.40.40.2 - - [30/Mar/2023:16:50:37 -0300] "GET /cormun/static/PXToolsJavascripts/pexe_oav.js HTTP/1.1" 200 645
10.40.40.2 - - [30/Mar/2023:16:50:37 -0300] "GET /cormun/static/hhome.js?20201215495544 HTTP/1.1" 200 777
10.40.40.2 - - [30/Mar/2023:16:50:37 -0300] "GET /cormun/static/hwchdr01.js?2022112219251119 HTTP/1.1" 200 996
10.40.40.2 - - [30/Mar/2023:16:50:37 -0300] "GET /cormun/static/RunJS/RunJS.js HTTP/1.1" 200 288
10.40.40.2 - - [30/Mar/2023:16:50:37 -0300] "GET /cormun/static/hpexe_recentlink.js?20201214471090 HTTP/1.1" 200 2144
10.40.40.2 - - [30/Mar/2023:16:50:37 -0300] "GET /cormun/static/Resources/PXToolsDataTitle.png HTTP/1.1" 200 1173
10.40.40.2 - - [30/Mar/2023:16:50:37 -0300] "GET /cormun/static/Shared/ext/locale/ext-lang-en.js HTTP/1.1" 200 10940
10.40.40.2 - - [30/Mar/2023:16:50:37 -0300] "GET /cormun/static/Resources/Llave.png HTTP/1.1" 200 1395
10.40.40.2 - - [30/Mar/2023:16:50:37 -0300] "GET /cormun/static/Resources/ImgLogin.png HTTP/1.1" 200 1432
10.40.40.2 - - [30/Mar/2023:16:50:37 -0300] "GET /cormun/static/Resources/CormunMP2.png HTTP/1.1" 200 6878
10.40.40.2 - - [30/Mar/2023:16:50:37 -0300] "GET /cormun/static/gxui/gxui-all.js HTTP/1.1" 200 107772
10.40.40.2 - - [30/Mar/2023:16:50:37 -0300] "GET /cormun/static/Resources/ImgHome.png HTTP/1.1" 200 1364
10.40.40.2 - - [30/Mar/2023:16:50:38 -0300] "GET /cormun/static/hpexe_scripts.js?20201214471411 HTTP/1.1" 200 1544
10.40.40.2 - - [30/Mar/2023:16:50:38 -0300] "GET /cormun/static/hpexe_messagecontroller.js?202211298371222 HTTP/1.1" 200 870
10.40.40.2 - - [30/Mar/2023:16:50:38 -0300] "GET /cormun/static/hpexe_messagepopupcomponent.js?2020121447232 HTTP/1.1" 200 605
10.40.40.2 - - [30/Mar/2023:16:50:38 -0300] "GET /cormun/static/hpexe_messagegenexuscomponent.js?20221129836373 HTTP/1.1" 200 587
10.40.40.2 - - [30/Mar/2023:16:50:38 -0300] "GET /cormun/static/cmcontrolpreferences.js?20199141926336 HTTP/1.1" 200 1375
10.40.40.2 - - [30/Mar/2023:16:50:38 -0300] "GET /cormun/static/SmoothNavMenu/resources/ddsmoothmenu.js HTTP/1.1" 200 12712
10.40.40.2 - - [30/Mar/2023:16:50:38 -0300] "GET /cormun/static/SmoothNavMenu/resources/SmoothNavMenuRender.js HTTP/1.1" 200 5951
10.40.40.2 - - [30/Mar/2023:16:50:38 -0300] "GET /cormun/static/scaMessage/js/jquery.pnotify.min.js HTTP/1.1" 200 13038
10.40.40.2 - - [30/Mar/2023:16:50:38 -0300] "GET /cormun/static/scaMessage/scaMessageRender.js HTTP/1.1" 200 11977
10.40.40.2 - - [30/Mar/2023:16:50:38 -0300] "GET /cormun/static/Shared/jquery/jquery-1.4.2.min.js HTTP/1.1" 200 72174
10.40.40.2 - - [30/Mar/2023:16:50:38 -0300] "GET /cormun/static/hmpwkw03.js?20221129844354 HTTP/1.1" 200 3971
