190.171.149.74 - - [29/Mar/2023:13:11:32 -0300] "POST /cormun/servlet/solicitudotadjuntos?c0a237bd4b1a3249d1cc67eb68cd4762,INS,2023,19857,,1,,gx-no-cache=1680109090044 HTTP/1.1" 200 3867
192.168.10.17 - - [29/Mar/2023:13:11:33 -0300] "GET /cormun/servlet/vesolicitudgral?2023,19847,, HTTP/1.1" 200 8372
192.168.10.17 - - [29/Mar/2023:13:11:33 -0300] "GET /cormun/pexe_scrolldiv.js HTTP/1.1" 404 1009
192.168.10.17 - - [29/Mar/2023:13:11:33 -0300] "GET /cormun/servlet/vesolicitudgral?2023,19847,, HTTP/1.1" 200 8371
190.171.152.138 - - [29/Mar/2023:13:11:34 -0300] "POST /cormun/servlet/trsolicitudot?bf45ac098082bdd2a9b7bcc053bba588,,gx-no-cache=1680108993998 HTTP/1.1" 200 103
190.171.152.138 - - [29/Mar/2023:13:11:34 -0300] "GET /cormun/SolicitudOT-9986.xls HTTP/1.1" 200 4608
190.171.149.74 - - [29/Mar/2023:13:11:35 -0300] "POST /cormun/servlet/solicitudotadjuntos?gx-no-cache=1680109093401 HTTP/1.1" 200 26
190.171.152.138 - - [29/Mar/2023:13:11:36 -0300] "GET /cormun/servlet/solicitudot?INS,0,0,false, HTTP/1.1" 200 16061
190.171.152.138 - - [29/Mar/2023:13:11:36 -0300] "GET /cormun/static/gxcfg.js?20221129840861 HTTP/1.1" 200 953
190.171.152.138 - - [29/Mar/2023:13:11:36 -0300] "GET /cormun/static/solicitudot.js?20221129840983 HTTP/1.1" 200 74072
190.171.152.138 - - [29/Mar/2023:13:11:36 -0300] "GET /cormun/servlet/solicitudot?INS,0,0,false, HTTP/1.1" 200 16069
190.171.149.74 - - [29/Mar/2023:13:11:43 -0300] "GET /cormun/servlet/solicitudotadjuntos?523dc7be7243333ab9b4a4bc1a300451aef6468643d84ffe3dcf1a9ed792826a,gx-no-cache=1680109100673 HTTP/1.1" 200 30
190.171.149.74 - - [29/Mar/2023:13:11:43 -0300] "GET /cormun/servlet/solicitudotadjuntos?523dc7be7243333ab9b4a4bc1a300451aef6468643d84ffe3dcf1a9ed792826a,gx-no-cache=1680109100686 HTTP/1.1" 200 30
190.171.149.74 - - [29/Mar/2023:13:11:43 -0300] "POST /cormun/servlet/solicitudotadjuntos?c0a237bd4b1a3249d1cc67eb68cd4762,INS,2023,19857,,1, HTTP/1.1" 200 116
190.171.149.74 - - [29/Mar/2023:13:11:43 -0300] "GET /cormun/servlet/hpexe_return? HTTP/1.1" 200 1021
190.171.149.74 - - [29/Mar/2023:13:11:43 -0300] "GET /cormun/servlet/trsolicitudadjuntos?2023,19857, HTTP/1.1" 200 9460
190.171.149.74 - - [29/Mar/2023:13:11:43 -0300] "GET /cormun/servlet/trsolicitudadjuntos?2023,19857, HTTP/1.1" 200 9460
190.171.149.74 - - [29/Mar/2023:13:11:45 -0300] "GET /cormun/servlet/solicitudotadjuntos?INS,2023,19857,,1, HTTP/1.1" 200 6029
190.171.149.74 - - [29/Mar/2023:13:11:45 -0300] "GET /cormun/static/about:blank HTTP/1.1" 404 1011
190.171.149.74 - - [29/Mar/2023:13:11:45 -0300] "GET /cormun/servlet/solicitudotadjuntos?INS,2023,19857,,1, HTTP/1.1" 200 6023
190.171.149.74 - - [29/Mar/2023:13:11:46 -0300] "GET /cormun/servlet/solicitudotadjuntos?523dc7be7243333ab9b4a4bc1a3004518c1d1322dbc66b2871ad07a4f8cc49555b1f453860cd6e199002ab270c98384d,gx-no-cache=1680109103531 HTTP/1.1" 200 30
190.171.149.74 - - [29/Mar/2023:13:11:46 -0300] "POST /cormun/servlet/solicitudotadjuntos?c0a237bd4b1a3249d1cc67eb68cd4762,INS,2023,19857,,1,,gx-no-cache=1680109103549 HTTP/1.1" 200 3867
190.171.152.138 - - [29/Mar/2023:13:11:47 -0300] "POST /cormun/servlet/solicitudot?gx-no-cache=1680109007262 HTTP/1.1" 200 3953
190.171.152.138 - - [29/Mar/2023:13:11:47 -0300] "POST /cormun/servlet/solicitudot?bf45ac098082bdd2a9b7bcc053bba588,INS,0,0,false,,gx-no-cache=1680109007403 HTTP/1.1" 200 12777
190.171.152.138 - - [29/Mar/2023:13:11:49 -0300] "GET /cormun/servlet/solicitudot?7383b40e8fc6223836d0c7f7155f4ba389f35ab66bfda70d53b551a4c63d77b3dbc2b5b1a2a6994304738001595e7a28,gx-no-cache=1680109009816 HTTP/1.1" 200 30
190.171.149.74 - - [29/Mar/2023:13:11:50 -0300] "POST /cormun/servlet/solicitudotadjuntos?gx-no-cache=1680109107765 HTTP/1.1" 200 26
190.171.149.74 - - [29/Mar/2023:13:11:56 -0300] "GET /cormun/servlet/solicitudotadjuntos?523dc7be7243333ab9b4a4bc1a300451aef6468643d84ffe3dcf1a9ed792826a,gx-no-cache=1680109113454 HTTP/1.1" 200 30
190.171.149.74 - - [29/Mar/2023:13:11:56 -0300] "GET /cormun/servlet/solicitudotadjuntos?523dc7be7243333ab9b4a4bc1a300451aef6468643d84ffe3dcf1a9ed792826a,gx-no-cache=1680109113467 HTTP/1.1" 200 30
190.171.149.74 - - [29/Mar/2023:13:11:56 -0300] "POST /cormun/servlet/solicitudotadjuntos?c0a237bd4b1a3249d1cc67eb68cd4762,INS,2023,19857,,1, HTTP/1.1" 200 116
190.171.149.74 - - [29/Mar/2023:13:11:56 -0300] "GET /cormun/servlet/hpexe_return? HTTP/1.1" 200 1021
190.171.149.74 - - [29/Mar/2023:13:11:56 -0300] "GET /cormun/servlet/trsolicitudadjuntos?2023,19857, HTTP/1.1" 200 9721
190.171.149.74 - - [29/Mar/2023:13:11:56 -0300] "GET /cormun/servlet/trsolicitudadjuntos?2023,19857, HTTP/1.1" 200 9721
190.171.149.74 - - [29/Mar/2023:13:11:58 -0300] "GET /cormun/servlet/solicitudotadjuntos?INS,2023,19857,,1, HTTP/1.1" 200 6029
190.171.149.74 - - [29/Mar/2023:13:11:58 -0300] "GET /cormun/static/about:blank HTTP/1.1" 404 1011
190.171.149.74 - - [29/Mar/2023:13:11:58 -0300] "GET /cormun/servlet/solicitudotadjuntos?INS,2023,19857,,1, HTTP/1.1" 200 6023
190.171.149.74 - - [29/Mar/2023:13:11:59 -0300] "GET /cormun/servlet/solicitudotadjuntos?523dc7be7243333ab9b4a4bc1a3004518c1d1322dbc66b2871ad07a4f8cc49555b1f453860cd6e199002ab270c98384d,gx-no-cache=1680109116516 HTTP/1.1" 200 30
190.171.149.74 - - [29/Mar/2023:13:11:59 -0300] "POST /cormun/servlet/solicitudotadjuntos?c0a237bd4b1a3249d1cc67eb68cd4762,INS,2023,19857,,1,,gx-no-cache=1680109116536 HTTP/1.1" 200 3867
190.171.149.74 - - [29/Mar/2023:13:12:01 -0300] "POST /cormun/servlet/solicitudotadjuntos?gx-no-cache=1680109118723 HTTP/1.1" 200 26
190.171.149.74 - - [29/Mar/2023:13:12:05 -0300] "GET /cormun/servlet/solicitudotadjuntos?523dc7be7243333ab9b4a4bc1a300451aef6468643d84ffe3dcf1a9ed792826a,gx-no-cache=1680109123422 HTTP/1.1" 200 30
190.171.149.74 - - [29/Mar/2023:13:12:06 -0300] "GET /cormun/servlet/solicitudotadjuntos?523dc7be7243333ab9b4a4bc1a300451aef6468643d84ffe3dcf1a9ed792826a,gx-no-cache=1680109123452 HTTP/1.1" 200 30
190.171.149.74 - - [29/Mar/2023:13:12:06 -0300] "POST /cormun/servlet/solicitudotadjuntos?c0a237bd4b1a3249d1cc67eb68cd4762,INS,2023,19857,,1, HTTP/1.1" 200 116
190.171.149.74 - - [29/Mar/2023:13:12:06 -0300] "GET /cormun/servlet/hpexe_return? HTTP/1.1" 200 1021
190.171.149.74 - - [29/Mar/2023:13:12:06 -0300] "GET /cormun/servlet/trsolicitudadjuntos?2023,19857, HTTP/1.1" 200 9993
190.171.149.74 - - [29/Mar/2023:13:12:07 -0300] "GET /cormun/servlet/trsolicitudadjuntos?2023,19857, HTTP/1.1" 200 9992
190.171.149.74 - - [29/Mar/2023:13:12:08 -0300] "GET /cormun/servlet/solicitudotadjuntos?INS,2023,19857,,1, HTTP/1.1" 200 6029
190.171.149.74 - - [29/Mar/2023:13:12:08 -0300] "GET /cormun/static/about:blank HTTP/1.1" 404 1011
190.171.149.74 - - [29/Mar/2023:13:12:08 -0300] "GET /cormun/servlet/solicitudotadjuntos?INS,2023,19857,,1, HTTP/1.1" 200 6023
190.171.149.74 - - [29/Mar/2023:13:12:09 -0300] "GET /cormun/servlet/solicitudotadjuntos?523dc7be7243333ab9b4a4bc1a3004518c1d1322dbc66b2871ad07a4f8cc49555b1f453860cd6e199002ab270c98384d,gx-no-cache=1680109126467 HTTP/1.1" 200 30
190.171.149.74 - - [29/Mar/2023:13:12:09 -0300] "POST /cormun/servlet/solicitudotadjuntos?c0a237bd4b1a3249d1cc67eb68cd4762,INS,2023,19857,,1,,gx-no-cache=1680109126484 HTTP/1.1" 200 3867
190.171.149.74 - - [29/Mar/2023:13:12:11 -0300] "POST /cormun/servlet/solicitudotadjuntos?gx-no-cache=1680109128719 HTTP/1.1" 200 26
190.171.149.74 - - [29/Mar/2023:13:12:16 -0300] "GET /cormun/servlet/solicitudotadjuntos?523dc7be7243333ab9b4a4bc1a300451aef6468643d84ffe3dcf1a9ed792826a,gx-no-cache=1680109134418 HTTP/1.1" 200 30
190.171.149.74 - - [29/Mar/2023:13:12:16 -0300] "GET /cormun/servlet/solicitudotadjuntos?523dc7be7243333ab9b4a4bc1a300451aef6468643d84ffe3dcf1a9ed792826a,gx-no-cache=1680109134431 HTTP/1.1" 200 30
190.171.149.74 - - [29/Mar/2023:13:12:17 -0300] "POST /cormun/servlet/solicitudotadjuntos?c0a237bd4b1a3249d1cc67eb68cd4762,INS,2023,19857,,1, HTTP/1.1" 200 116
190.171.149.74 - - [29/Mar/2023:13:12:17 -0300] "GET /cormun/servlet/hpexe_return? HTTP/1.1" 200 1021
190.171.149.74 - - [29/Mar/2023:13:12:17 -0300] "GET /cormun/servlet/trsolicitudadjuntos?2023,19857, HTTP/1.1" 200 10154
190.171.149.74 - - [29/Mar/2023:13:12:17 -0300] "GET /cormun/servlet/trsolicitudadjuntos?2023,19857, HTTP/1.1" 200 10147
190.171.149.74 - - [29/Mar/2023:13:12:30 -0300] "GET /cormun/servlet/trsolicitudot? HTTP/1.1" 200 8610
190.171.149.74 - - [29/Mar/2023:13:12:30 -0300] "GET /cormun/servlet/trsolicitudot? HTTP/1.1" 200 8603
190.171.149.74 - - [29/Mar/2023:13:13:01 -0300] "POST /cormun/servlet/trsolicitudot?c0a237bd4b1a3249d1cc67eb68cd4762,,gx-no-cache=1680109178777 HTTP/1.1" 200 4586
190.171.149.74 - - [29/Mar/2023:13:13:01 -0300] "GET /cormun/static/Shared/jqueryui/images/ui-icons_82798d_256x240.png HTTP/1.1" 404 1089
190.171.149.74 - - [29/Mar/2023:13:13:01 -0300] "GET /cormun/static/Shared/jqueryui/images/ui-bg_highlight-soft_100_c6c2c8_1x100.png HTTP/1.1" 404 1117
190.171.149.74 - - [29/Mar/2023:13:13:01 -0300] "GET /cormun/static/Shared/jqueryui/images/ui-icons_8d78a5_256x240.png HTTP/1.1" 404 1089
190.171.149.74 - - [29/Mar/2023:13:13:01 -0300] "GET /cormun/static/Shared/jqueryui/images/ui-bg_flat_55_fafafa_40x100.png HTTP/1.1" 404 1097
190.171.149.74 - - [29/Mar/2023:13:13:01 -0300] "POST /cormun/servlet/trsolicitudot?c0a237bd4b1a3249d1cc67eb68cd4762,,gx-no-cache=1680109179063 HTTP/1.1" 200 4341
190.171.149.74 - - [29/Mar/2023:13:13:11 -0300] "GET /cormun/servlet/hlogin HTTP/1.1" 200 1733
190.171.149.74 - - [29/Mar/2023:13:13:18 -0300] "POST /cormun/servlet/hlogin?c0a237bd4b1a3249d1cc67eb68cd4762,gx-no-cache=1680109196245 HTTP/1.1" 200 90
190.171.149.74 - - [29/Mar/2023:13:13:18 -0300] "GET /cormun/servlet/hpexe_link HTTP/1.1" 200 946
190.171.149.74 - - [29/Mar/2023:13:13:18 -0300] "GET /cormun/servlet/hhome HTTP/1.1" 200 4225
190.171.149.74 - - [29/Mar/2023:13:13:19 -0300] "GET /cormun/servlet/hhome HTTP/1.1" 200 4221
190.171.149.74 - - [29/Mar/2023:13:13:22 -0300] "GET /cormun/servlet/trautorizarsolicitud? HTTP/1.1" 200 8744
190.171.149.74 - - [29/Mar/2023:13:13:22 -0300] "GET /cormun/servlet/trautorizarsolicitud? HTTP/1.1" 200 8740
190.171.149.74 - - [29/Mar/2023:13:13:35 -0300] "POST /cormun/servlet/trautorizarsolicitud?c0a237bd4b1a3249d1cc67eb68cd4762,,gx-no-cache=1680109212977 HTTP/1.1" 200 4776
190.171.149.74 - - [29/Mar/2023:13:13:35 -0300] "GET /cormun/static/Shared/jqueryui/images/ui-icons_82798d_256x240.png HTTP/1.1" 404 1089
190.171.149.74 - - [29/Mar/2023:13:13:35 -0300] "GET /cormun/static/Shared/jqueryui/images/ui-bg_highlight-soft_100_c6c2c8_1x100.png HTTP/1.1" 404 1117
190.171.149.74 - - [29/Mar/2023:13:13:35 -0300] "GET /cormun/static/Shared/jqueryui/images/ui-bg_flat_55_fafafa_40x100.png HTTP/1.1" 404 1097
190.171.149.74 - - [29/Mar/2023:13:13:35 -0300] "GET /cormun/static/Shared/jqueryui/images/ui-icons_8d78a5_256x240.png HTTP/1.1" 404 1089
190.171.149.74 - - [29/Mar/2023:13:13:35 -0300] "POST /cormun/servlet/trautorizarsolicitud?c0a237bd4b1a3249d1cc67eb68cd4762,,gx-no-cache=1680109213219 HTTP/1.1" 200 4527
190.171.149.74 - - [29/Mar/2023:13:14:34 -0300] "GET /cormun/servlet/hlogin HTTP/1.1" 200 1738
186.103.157.98 - - [29/Mar/2023:13:14:55 -0300] "GET /cormun/servlet/hlogin HTTP/1.1" 200 1719
186.103.157.98 - - [29/Mar/2023:13:14:55 -0300] "GET /cormun/servlet/hlogin HTTP/1.1" 200 1729
186.103.157.98 - - [29/Mar/2023:13:15:02 -0300] "POST /cormun/servlet/hlogin?91083e37abcd8a284387e1dd23103541,gx-no-cache=1680105579894 HTTP/1.1" 200 90
186.103.157.98 - - [29/Mar/2023:13:15:02 -0300] "GET /cormun/servlet/hpexe_link HTTP/1.1" 200 947
186.103.157.98 - - [29/Mar/2023:13:15:02 -0300] "GET /cormun/servlet/hhome HTTP/1.1" 200 4267
186.103.157.98 - - [29/Mar/2023:13:15:02 -0300] "GET /cormun/servlet/hhome HTTP/1.1" 200 4263
186.103.157.98 - - [29/Mar/2023:13:15:05 -0300] "GET /cormun/servlet/trlicencias? HTTP/1.1" 200 9695
186.103.157.98 - - [29/Mar/2023:13:15:05 -0300] "GET /cormun/servlet/trlicencias? HTTP/1.1" 200 9693
192.168.10.17 - - [29/Mar/2023:13:15:33 -0300] "GET /cormun/servlet/vesolicitudgral?2023,19847,,SolicitudOTAdjuntos HTTP/1.1" 200 11091
192.168.10.17 - - [29/Mar/2023:13:15:33 -0300] "GET /cormun/pexe_scrolldiv.js HTTP/1.1" 404 1009
192.168.10.17 - - [29/Mar/2023:13:15:34 -0300] "GET /cormun/servlet/vesolicitudgral?2023,19847,,SolicitudOTAdjuntos HTTP/1.1" 200 11096
192.168.10.17 - - [29/Mar/2023:13:15:34 -0300] "POST /cormun/servlet/acontrolpreferencessavestate?None,RRHH+DANIELA,true HTTP/1.1" 200 35
192.168.10.17 - - [29/Mar/2023:13:15:43 -0300] "GET /cormun/PublicTempStorage/cedula_de_identidad5380699.pdf HTTP/1.1" 200 103058
192.168.10.17 - - [29/Mar/2023:13:16:03 -0300] "GET /cormun/servlet/vesolicitudgral?2023,19847,,SolicitudOTAdjuntos HTTP/1.1" 200 11095
192.168.10.17 - - [29/Mar/2023:13:16:04 -0300] "GET /cormun/servlet/vesolicitudgral?2023,19847,,SolicitudOTAdjuntos HTTP/1.1" 200 11096
192.168.10.17 - - [29/Mar/2023:13:16:05 -0300] "POST /cormun/servlet/acontrolpreferencessavestate?None,RRHH+DANIELA,true HTTP/1.1" 200 35
192.168.10.17 - - [29/Mar/2023:13:16:07 -0300] "GET /cormun/PublicTempStorage/certificado_afp5397528.pdf HTTP/1.1" 200 122572
190.171.143.82 - - [29/Mar/2023:13:16:34 -0300] "POST /cormun/servlet/trlicencias?923bcff29fbcbf55c291a4fb6f15d4a1,gx-no-cache=1680105670520 HTTP/1.1" 440 972
192.168.10.17 - - [29/Mar/2023:13:16:39 -0300] "GET /cormun/servlet/vesolicitudgral?2023,19847,,SolicitudOTAdjuntos HTTP/1.1" 200 11096
192.168.10.17 - - [29/Mar/2023:13:16:40 -0300] "GET /cormun/servlet/vesolicitudgral?2023,19847,,SolicitudOTAdjuntos HTTP/1.1" 200 11098
192.168.10.17 - - [29/Mar/2023:13:16:40 -0300] "POST /cormun/servlet/acontrolpreferencessavestate?None,RRHH+DANIELA,true HTTP/1.1" 200 35
192.168.10.17 - - [29/Mar/2023:13:16:41 -0300] "GET /cormun/PublicTempStorage/certificado_de_fonasa9679271.pdf HTTP/1.1" 200 124849
192.168.10.17 - - [29/Mar/2023:13:16:53 -0300] "GET /cormun/servlet/vesolicitudgral?2023,19847,,SolicitudOTAdjuntos HTTP/1.1" 200 11096
192.168.10.17 - - [29/Mar/2023:13:16:53 -0300] "GET /cormun/servlet/vesolicitudgral?2023,19847,,SolicitudOTAdjuntos HTTP/1.1" 200 11098
192.168.10.17 - - [29/Mar/2023:13:16:54 -0300] "POST /cormun/servlet/acontrolpreferencessavestate?None,RRHH+DANIELA,true HTTP/1.1" 200 35
192.168.10.17 - - [29/Mar/2023:13:16:56 -0300] "GET /cormun/PublicTempStorage/curriculum_vitae_trini2183513.pdf HTTP/1.1" 200 133060
190.171.152.138 - - [29/Mar/2023:13:17:20 -0300] "GET /cormun/servlet/solicitudot?7383b40e8fc6223836d0c7f7155f4ba38b1374f6e96bcf648b25b89c3ca2702f449424c73f835e74ce2a06a0ed65d7d59c59f379e894a6986873cd3758f9e613,gx-no-cache=1680109340230 HTTP/1.1" 200 30
192.168.10.17 - - [29/Mar/2023:13:17:28 -0300] "GET /cormun/servlet/vesolicitudgral?2023,19847,,SolicitudOTAdjuntos HTTP/1.1" 200 11095
192.168.10.17 - - [29/Mar/2023:13:17:28 -0300] "GET /cormun/servlet/vesolicitudgral?2023,19847,,SolicitudOTAdjuntos HTTP/1.1" 200 11096
192.168.10.17 - - [29/Mar/2023:13:17:29 -0300] "POST /cormun/servlet/acontrolpreferencessavestate?None,RRHH+DANIELA,true HTTP/1.1" 200 35
192.168.10.17 - - [29/Mar/2023:13:17:30 -0300] "GET /cormun/servlet/vesolicitudgral?2023,19847,,General HTTP/1.1" 200 8377
192.168.10.17 - - [29/Mar/2023:13:17:30 -0300] "GET /cormun/pexe_scrolldiv.js HTTP/1.1" 404 1009
192.168.10.17 - - [29/Mar/2023:13:17:30 -0300] "GET /cormun/servlet/vesolicitudgral?2023,19847,,General HTTP/1.1" 200 8377
186.103.157.98 - - [29/Mar/2023:13:18:42 -0300] "GET /cormun/servlet/hlogin HTTP/1.1" 200 1733
192.168.10.17 - - [29/Mar/2023:13:19:38 -0300] "GET /cormun/servlet/trsolicitudgral? HTTP/1.1" 200 19404
192.168.10.17 - - [29/Mar/2023:13:19:38 -0300] "GET /cormun/servlet/trsolicitudgral? HTTP/1.1" 200 19397
192.168.10.17 - - [29/Mar/2023:13:19:58 -0300] "GET /cormun/servlet/vesolicitudgral?2023,19844,, HTTP/1.1" 200 8347
192.168.10.17 - - [29/Mar/2023:13:19:58 -0300] "GET /cormun/pexe_scrolldiv.js HTTP/1.1" 404 1009
192.168.10.17 - - [29/Mar/2023:13:19:58 -0300] "GET /cormun/servlet/vesolicitudgral?2023,19844,, HTTP/1.1" 200 8346
190.171.143.82 - - [29/Mar/2023:13:20:26 -0300] "GET /cormun/servlet/trlicencias HTTP/1.1" 200 8133
190.171.143.82 - - [29/Mar/2023:13:20:29 -0300] "GET /cormun/servlet/hlogin HTTP/1.1" 200 1734
190.171.143.82 - - [29/Mar/2023:13:20:29 -0300] "GET /cormun/servlet/trlicencias HTTP/1.1" 200 8133
190.171.143.82 - - [29/Mar/2023:13:20:32 -0300] "POST /cormun/servlet/hlogin?fbbe1c1ce6717d23d78b1ccd1cf15573,gx-no-cache=1680105909569 HTTP/1.1" 200 90
190.171.143.82 - - [29/Mar/2023:13:20:32 -0300] "GET /cormun/servlet/hpexe_link HTTP/1.1" 200 955
190.171.143.82 - - [29/Mar/2023:13:20:33 -0300] "GET /cormun/servlet/trlicencias HTTP/1.1" 200 10086
190.171.143.82 - - [29/Mar/2023:13:20:34 -0300] "GET /cormun/servlet/trlicencias HTTP/1.1" 200 10085
190.171.149.74 - - [29/Mar/2023:13:20:51 -0300] "GET /cormun/servlet/hlogin HTTP/1.1" 200 1719
190.171.149.74 - - [29/Mar/2023:13:20:56 -0300] "POST /cormun/servlet/hlogin?c0a237bd4b1a3249d1cc67eb68cd4762,gx-no-cache=1680109654321 HTTP/1.1" 200 90
190.171.149.74 - - [29/Mar/2023:13:20:56 -0300] "GET /cormun/servlet/hpexe_link HTTP/1.1" 200 946
190.171.149.74 - - [29/Mar/2023:13:20:57 -0300] "GET /cormun/servlet/hhome HTTP/1.1" 200 3974
190.171.149.74 - - [29/Mar/2023:13:20:57 -0300] "GET /cormun/servlet/hhome HTTP/1.1" 200 3970
190.171.149.74 - - [29/Mar/2023:13:21:00 -0300] "GET /cormun/servlet/trsolicitudot? HTTP/1.1" 200 7195
190.171.149.74 - - [29/Mar/2023:13:21:00 -0300] "GET /cormun/servlet/trsolicitudot? HTTP/1.1" 200 7196
190.171.149.74 - - [29/Mar/2023:13:21:02 -0300] "GET /cormun/servlet/solicitudot?INS,0,0,false, HTTP/1.1" 200 15829
190.171.149.74 - - [29/Mar/2023:13:21:03 -0300] "GET /cormun/servlet/solicitudot?INS,0,0,false, HTTP/1.1" 200 15836
190.171.149.74 - - [29/Mar/2023:13:21:12 -0300] "POST /cormun/servlet/solicitudot?gx-no-cache=1680109670007 HTTP/1.1" 200 3953
190.171.149.74 - - [29/Mar/2023:13:21:13 -0300] "POST /cormun/servlet/solicitudot?c0a237bd4b1a3249d1cc67eb68cd4762,INS,0,0,false,,gx-no-cache=1680109670481 HTTP/1.1" 200 12498
190.171.149.74 - - [29/Mar/2023:13:21:15 -0300] "GET /cormun/servlet/solicitudot?523dc7be7243333ab9b4a4bc1a300451b02798214bdbe12dfe9111ae07b1c7c65b8e67536e8c9233ebe2df081fc432ab,gx-no-cache=1680109672709 HTTP/1.1" 200 30
190.171.152.138 - - [29/Mar/2023:13:22:03 -0300] "GET /cormun/servlet/solicitudot?7383b40e8fc6223836d0c7f7155f4ba389542f3d8499efe82bbb72aee3d782f0,gx-no-cache=1680109622947 HTTP/1.1" 200 53
190.171.152.138 - - [29/Mar/2023:13:22:17 -0300] "POST /cormun/servlet/solicitudot?gx-no-cache=1680109637433 HTTP/1.1" 200 297
190.171.152.138 - - [29/Mar/2023:13:22:21 -0300] "GET /cormun/servlet/solicitudot?7383b40e8fc6223836d0c7f7155f4ba3352aad0b18eac243a934f97fb32c094f3cdd6e53d80c4d04a095420ce4ac3963c1477fc6b3ef3c0d9a01a5141628668879c2360e3b09c774c166970edecd2666345c523118e9e87563d7564219bd784de5800b29c2b9142bf4190b5fdfdc62f21546cc30a4e615e3ae6b448512d7a518719da25b4b6d20b5e2375f3b6dacca6e99d476218103adcfec662d30725d6653dd119d1f9043cf7d3479822a8c134c12365babbc6e7110376be95b37abc0260a7a1d4cd739516436147a0d93dd262f015e2f19d504fcee302f517187d9b9416b9680ba3b51c162e46a2e6b523c4c1227a0be2b023e08578d5b8458b2d371cc8b17d0e7025f67f518316ed2a6c0f1483a038c73c1e68e887a168d2798c51798254f208d4510079e434fa44a1a25577cfff70763f65d348e9df23532d35d5f095877201610100d382b7a795fb88f559f415aea3067f00c608b4c7b865aa6b9e0201b0988d307a2e54f580faf7285c6e98d99c0963706082b5f6a04dff2efc357ba9c59f379e894a6986873cd3758f9e613,gx-no-cache=1680109641256 HTTP/1.1" 200 30
190.171.152.138 - - [29/Mar/2023:13:22:23 -0300] "POST /cormun/servlet/solicitudot?gx-no-cache=1680109643449 HTTP/1.1" 200 30
190.171.152.138 - - [29/Mar/2023:13:22:24 -0300] "POST /cormun/servlet/solicitudot?gx-no-cache=1680109644576 HTTP/1.1" 200 1466
190.171.152.138 - - [29/Mar/2023:13:22:24 -0300] "POST /cormun/servlet/solicitudot?gx-no-cache=1680109644621 HTTP/1.1" 200 38
192.168.10.17 - - [29/Mar/2023:13:22:28 -0300] "GET /cormun/servlet/vesolicitudgral?2023,19844,,SolicitudOTAdjuntos HTTP/1.1" 200 11184
192.168.10.17 - - [29/Mar/2023:13:22:28 -0300] "GET /cormun/pexe_scrolldiv.js HTTP/1.1" 404 1009
192.168.10.17 - - [29/Mar/2023:13:22:29 -0300] "GET /cormun/servlet/vesolicitudgral?2023,19844,,SolicitudOTAdjuntos HTTP/1.1" 200 11188
192.168.10.17 - - [29/Mar/2023:13:22:30 -0300] "POST /cormun/servlet/acontrolpreferencessavestate?None,RRHH+DANIELA,true HTTP/1.1" 200 35
192.168.10.17 - - [29/Mar/2023:13:22:31 -0300] "GET /cormun/PublicTempStorage/cedula_de_identidad69647.pdf HTTP/1.1" 200 465308
192.168.10.17 - - [29/Mar/2023:13:22:45 -0300] "GET /cormun/servlet/vesolicitudgral?2023,19844,,SolicitudOTAdjuntos HTTP/1.1" 200 11186
192.168.10.17 - - [29/Mar/2023:13:22:46 -0300] "GET /cormun/servlet/vesolicitudgral?2023,19844,,SolicitudOTAdjuntos HTTP/1.1" 200 11189
190.171.152.138 - - [29/Mar/2023:13:22:46 -0300] "GET /cormun/servlet/solicitudot?7383b40e8fc6223836d0c7f7155f4ba3f33fefda268e0eaf6559669e12677264bcc0337438374f122043e281b5261eb86b113b133a4ac8af1457775072d7fe5d6af0937658332cdd0ed45119bc9721b66437f0021351f7a2bb7ee257645a5a28f0950979159e6a530cc2f9488cb7aa75,gx-no-cache=1680109666802 HTTP/1.1" 200 110
192.168.10.17 - - [29/Mar/2023:13:22:47 -0300] "POST /cormun/servlet/acontrolpreferencessavestate?None,RRHH+DANIELA,true HTTP/1.1" 200 35
192.168.10.17 - - [29/Mar/2023:13:22:48 -0300] "GET /cormun/PublicTempStorage/hugo_salinas_pavez_-_cv_profesor_de_educacion_fisica_%282%293637645.pdf HTTP/1.1" 200 57182
190.171.152.138 - - [29/Mar/2023:13:22:50 -0300] "POST /cormun/servlet/solicitudot?gx-no-cache=1680109670377 HTTP/1.1" 200 110
190.171.152.138 - - [29/Mar/2023:13:22:56 -0300] "GET /cormun/servlet/solicitudot?7383b40e8fc6223836d0c7f7155f4ba3817dc5d292ede3e4ada5589d9587e09e9f1f14736338254751b222b6a8ec9d04f7af3fa349c65484c89b6d4c970b96b8a0dbc3520d3907e26be84b9a5552e84799a929346915d891c09070a2352195b8cc2cd81a33d20ac3d462291ebb76b604,gx-no-cache=1680109676467 HTTP/1.1" 200 29
190.171.152.138 - - [29/Mar/2023:13:22:56 -0300] "GET /cormun/static/menuarrow.gif HTTP/1.1" 404 1015
190.171.152.138 - - [29/Mar/2023:13:23:01 -0300] "GET /cormun/servlet/solicitudot?7383b40e8fc6223836d0c7f7155f4ba3602bd2dd570c6ba8efc0ca9e8c8c2b04182e8e54ab4aff6b816a4a17560bccfa,gx-no-cache=1680109681193 HTTP/1.1" 200 30
190.171.149.74 - - [29/Mar/2023:13:23:11 -0300] "GET /cormun/servlet/solicitudot?523dc7be7243333ab9b4a4bc1a3004518081f7cbaa19a9c40ee49e335c6a937302be79656c9216760324f9e748c1f5be7d77499b10a75c71f697c497804d7a5d,gx-no-cache=1680109789109 HTTP/1.1" 200 30
190.171.149.74 - - [29/Mar/2023:13:23:11 -0300] "GET /cormun/servlet/solicitudot?523dc7be7243333ab9b4a4bc1a3004512b24a012bc7bba9e8ee3cf899fd163fd,gx-no-cache=1680109789228 HTTP/1.1" 200 29
190.171.152.138 - - [29/Mar/2023:13:23:12 -0300] "POST /cormun/servlet/solicitudot?gx-no-cache=1680109692441 HTTP/1.1" 200 30
192.168.10.17 - - [29/Mar/2023:13:23:12 -0300] "GET /cormun/servlet/vesolicitudgral?2023,19844,,SolicitudOTAdjuntos HTTP/1.1" 200 11183
190.171.152.138 - - [29/Mar/2023:13:23:12 -0300] "POST /cormun/servlet/solicitudot?bf45ac098082bdd2a9b7bcc053bba588,INS,0,0,false,,gx-no-cache=1680109692493 HTTP/1.1" 200 93
192.168.10.17 - - [29/Mar/2023:13:23:12 -0300] "GET /cormun/servlet/vesolicitudgral?2023,19844,,SolicitudOTAdjuntos HTTP/1.1" 200 11189
190.171.152.138 - - [29/Mar/2023:13:23:12 -0300] "GET /cormun/servlet/hpexe_return? HTTP/1.1" 200 1003
190.171.152.138 - - [29/Mar/2023:13:23:13 -0300] "GET /cormun/static/gxcfg.js?20221129846035 HTTP/1.1" 200 953
190.171.152.138 - - [29/Mar/2023:13:23:13 -0300] "GET /cormun/static/hpexe_return.js?20221129846037 HTTP/1.1" 200 1633
190.171.152.138 - - [29/Mar/2023:13:23:13 -0300] "GET /cormun/servlet/trsolicitudot HTTP/1.1" 200 8837
190.171.149.74 - - [29/Mar/2023:13:23:13 -0300] "POST /cormun/servlet/solicitudot?gx-no-cache=1680109790621 HTTP/1.1" 200 255
190.171.152.138 - - [29/Mar/2023:13:23:13 -0300] "GET /cormun/servlet/trsolicitudot HTTP/1.1" 200 8833
192.168.10.17 - - [29/Mar/2023:13:23:13 -0300] "POST /cormun/servlet/acontrolpreferencessavestate?None,RRHH+DANIELA,true HTTP/1.1" 200 35
190.171.149.74 - - [29/Mar/2023:13:23:15 -0300] "GET /cormun/servlet/solicitudot?523dc7be7243333ab9b4a4bc1a3004510d5b88844ca569398a7a0343bea5fc52a3de08311f722f5d1c854a668d3c609aaeb145d4d77b5e5bbdfe7de2845345431c1e2d5a9b12c04298ca9fd1261ab7b10e13f655241804c8b455499fc42ad7bc1b725e441a1f6bb00fa37d29c4b8b6cec0d076a2612e9f1ecffb9db55a36dfbf94ccbdd1dd743694aa4286ee7aa20bcc57d93cafce8195c89514e942079885ebab67f4137f36fd0d4930cad14ed485cbd22ceeefa289483135a1bff48bfae4341e1e359f6c1a9d275aaa172cbf66112a251bec3fce4957ce5ce675d788a113f67a437ca39719c396a396e58a343ebcf0408ff7c01050179baf0bc167b2aa764f60bb1f6bd46337a16e554c9f187cb3d8128ca33ee491afcbe7a42bc9dff409a35c0ed9030310e89548dd4d9b7df73ce2ed759b9c1064fb5b98a451cf954b5b2e9d89f13a48620f97ca7f5aac09d1be085f972045ab7805973006b1382146bc6d631c254d271e634eb65e655a3cb0fb63d98db49a379f78b14c25ab216808d262,gx-no-cache=1680109792196 HTTP/1.1" 200 30
190.171.149.74 - - [29/Mar/2023:13:23:18 -0300] "POST /cormun/servlet/solicitudot?gx-no-cache=1680109795434 HTTP/1.1" 200 30
190.171.149.74 - - [29/Mar/2023:13:23:20 -0300] "POST /cormun/servlet/solicitudot?gx-no-cache=1680109797808 HTTP/1.1" 200 30
190.171.149.74 - - [29/Mar/2023:13:23:21 -0300] "POST /cormun/servlet/solicitudot?gx-no-cache=1680109798869 HTTP/1.1" 200 1466
190.171.149.74 - - [29/Mar/2023:13:23:21 -0300] "POST /cormun/servlet/solicitudot?gx-no-cache=1680109798958 HTTP/1.1" 200 38
190.171.149.74 - - [29/Mar/2023:13:23:56 -0300] "GET /cormun/servlet/solicitudot?523dc7be7243333ab9b4a4bc1a30045160878c1a4a99a153841e680ed48515c566ed4b8a7e52888c26771e982b9eb0a7f627caecb7010dd2fdd542d23f82d43a6e1aa6f8cab1f45361dc4a44ebc0f0bbcd592e8a920880d3ab7ff86c4f561976861a3ffa812e6ec0d1ac401dfca156fa,gx-no-cache=1680109834194 HTTP/1.1" 200 110
192.168.10.17 - - [29/Mar/2023:13:24:12 -0300] "GET /cormun/PublicTempStorage/certificado_uno_%282%297663309.pdf HTTP/1.1" 200 58636
190.171.149.74 - - [29/Mar/2023:13:24:25 -0300] "POST /cormun/servlet/solicitudot?gx-no-cache=1680109862645 HTTP/1.1" 200 97
192.168.10.17 - - [29/Mar/2023:13:24:30 -0300] "GET /cormun/servlet/vesolicitudgral?2023,19844,,SolicitudOTAdjuntos HTTP/1.1" 200 11188
192.168.10.17 - - [29/Mar/2023:13:24:30 -0300] "GET /cormun/servlet/vesolicitudgral?2023,19844,,SolicitudOTAdjuntos HTTP/1.1" 200 11187
192.168.10.17 - - [29/Mar/2023:13:24:31 -0300] "POST /cormun/servlet/acontrolpreferencessavestate?None,RRHH+DANIELA,true HTTP/1.1" 200 35
192.168.10.17 - - [29/Mar/2023:13:24:32 -0300] "GET /cormun/PublicTempStorage/certificado_fonasa_%285%294922164.pdf HTTP/1.1" 200 71792
192.168.10.17 - - [29/Mar/2023:13:24:47 -0300] "GET /cormun/servlet/vesolicitudgral?2023,19844,,SolicitudOTAdjuntos HTTP/1.1" 200 11186
192.168.10.17 - - [29/Mar/2023:13:24:47 -0300] "GET /cormun/servlet/vesolicitudgral?2023,19844,,SolicitudOTAdjuntos HTTP/1.1" 200 11188
192.168.10.17 - - [29/Mar/2023:13:24:48 -0300] "POST /cormun/servlet/acontrolpreferencessavestate?None,RRHH+DANIELA,true HTTP/1.1" 200 35
192.168.10.17 - - [29/Mar/2023:13:24:48 -0300] "GET /cormun/servlet/vesolicitudgral?2023,19844,,General HTTP/1.1" 200 8350
192.168.10.17 - - [29/Mar/2023:13:24:49 -0300] "GET /cormun/pexe_scrolldiv.js HTTP/1.1" 404 1009
192.168.10.17 - - [29/Mar/2023:13:24:49 -0300] "GET /cormun/servlet/vesolicitudgral?2023,19844,,General HTTP/1.1" 200 8350
190.171.149.74 - - [29/Mar/2023:13:24:52 -0300] "POST /cormun/servlet/solicitudot?gx-no-cache=1680109890304 HTTP/1.1" 200 97
190.171.149.74 - - [29/Mar/2023:13:25:01 -0300] "GET /cormun/servlet/solicitudot?523dc7be7243333ab9b4a4bc1a300451fb5d479d24ef2c63b6b988a800538e4dd42c43b2e54d8dbaac2e7d41eea8a8eb68e2d226e67240e39bae0bb66e6f5c48ee1c23ca140667c56b2ae61f2e17b678a8bc500b0bc18803a17ef5419d57bd0120ce73918bed4a77540a0e8dfc6a81ae,gx-no-cache=1680109898976 HTTP/1.1" 200 29
190.171.149.74 - - [29/Mar/2023:13:25:01 -0300] "GET /cormun/static/menuarrow.gif HTTP/1.1" 404 1015
190.171.149.74 - - [29/Mar/2023:13:25:19 -0300] "GET /cormun/servlet/solicitudot?523dc7be7243333ab9b4a4bc1a300451f13ee2b2c7a9cbbf146f2b9e76d3ad0a238cf8542cf74cd24384df96be41e82d,gx-no-cache=1680109916675 HTTP/1.1" 200 30
190.171.149.74 - - [29/Mar/2023:13:25:27 -0300] "POST /cormun/servlet/solicitudot?gx-no-cache=1680109925073 HTTP/1.1" 200 30
190.171.149.74 - - [29/Mar/2023:13:25:31 -0300] "POST /cormun/servlet/solicitudot?c0a237bd4b1a3249d1cc67eb68cd4762,INS,0,0,false,,gx-no-cache=1680109928379 HTTP/1.1" 200 93
190.171.149.74 - - [29/Mar/2023:13:25:31 -0300] "GET /cormun/servlet/hpexe_return? HTTP/1.1" 200 1004
190.171.149.74 - - [29/Mar/2023:13:25:31 -0300] "GET /cormun/servlet/trsolicitudot HTTP/1.1" 200 8606
190.171.149.74 - - [29/Mar/2023:13:25:31 -0300] "GET /cormun/servlet/trsolicitudot HTTP/1.1" 200 8602
190.171.152.138 - - [29/Mar/2023:13:25:31 -0300] "POST /cormun/servlet/trsolicitudot?bf45ac098082bdd2a9b7bcc053bba588,gx-no-cache=1680109831546 HTTP/1.1" 200 107
190.171.152.138 - - [29/Mar/2023:13:25:32 -0300] "GET /cormun/servlet/trsolicitudadjuntos?2023,19858, HTTP/1.1" 200 6328
190.171.152.138 - - [29/Mar/2023:13:25:32 -0300] "GET /cormun/servlet/trsolicitudadjuntos?2023,19858, HTTP/1.1" 200 6328
192.168.10.17 - - [29/Mar/2023:13:26:08 -0300] "GET /cormun/servlet/trsolicitudgral? HTTP/1.1" 200 19051
192.168.10.17 - - [29/Mar/2023:13:26:08 -0300] "GET /cormun/servlet/trsolicitudgral? HTTP/1.1" 200 19044
192.168.10.17 - - [29/Mar/2023:13:26:11 -0300] "GET /cormun/servlet/vesolicitudgral?2023,19829,, HTTP/1.1" 200 8364
192.168.10.17 - - [29/Mar/2023:13:26:11 -0300] "GET /cormun/pexe_scrolldiv.js HTTP/1.1" 404 1009
192.168.10.17 - - [29/Mar/2023:13:26:12 -0300] "GET /cormun/servlet/vesolicitudgral?2023,19829,, HTTP/1.1" 200 8364
190.171.149.74 - - [29/Mar/2023:13:26:16 -0300] "POST /cormun/servlet/trsolicitudot?c0a237bd4b1a3249d1cc67eb68cd4762,gx-no-cache=1680109974230 HTTP/1.1" 200 108
190.171.149.74 - - [29/Mar/2023:13:26:17 -0300] "GET /cormun/servlet/trsolicitudadjuntos?2023,19859, HTTP/1.1" 200 6083
190.171.149.74 - - [29/Mar/2023:13:26:17 -0300] "GET /cormun/servlet/trsolicitudadjuntos?2023,19859, HTTP/1.1" 200 6083
190.171.152.138 - - [29/Mar/2023:13:26:17 -0300] "GET /cormun/servlet/solicitudotadjuntos?INS,2023,19858,,1, HTTP/1.1" 200 6274
190.171.152.138 - - [29/Mar/2023:13:26:17 -0300] "GET /cormun/static/gxcfg.js?202211298385187 HTTP/1.1" 200 953
190.171.152.138 - - [29/Mar/2023:13:26:17 -0300] "GET /cormun/static/solicitudotadjuntos.js?202211298385196 HTTP/1.1" 200 11771
190.171.152.138 - - [29/Mar/2023:13:26:17 -0300] "GET /cormun/static/about:blank HTTP/1.1" 404 1011
190.171.152.138 - - [29/Mar/2023:13:26:17 -0300] "GET /cormun/servlet/solicitudotadjuntos?INS,2023,19858,,1, HTTP/1.1" 200 6267
190.171.152.138 - - [29/Mar/2023:13:26:18 -0300] "GET /cormun/servlet/solicitudotadjuntos?7383b40e8fc6223836d0c7f7155f4ba3c518c9f7b0f4f5c1738df9dd47bbaa81c52e279b31a063d0b73e17e83a4223ba,gx-no-cache=1680109878163 HTTP/1.1" 200 30
190.171.152.138 - - [29/Mar/2023:13:26:18 -0300] "POST /cormun/servlet/solicitudotadjuntos?bf45ac098082bdd2a9b7bcc053bba588,INS,2023,19858,,1,,gx-no-cache=1680109878196 HTTP/1.1" 200 4139
190.171.149.74 - - [29/Mar/2023:13:26:19 -0300] "GET /cormun/servlet/solicitudotadjuntos?INS,2023,19859,,1, HTTP/1.1" 200 6030
190.171.149.74 - - [29/Mar/2023:13:26:20 -0300] "GET /cormun/static/about:blank HTTP/1.1" 404 1011
190.171.149.74 - - [29/Mar/2023:13:26:20 -0300] "GET /cormun/servlet/solicitudotadjuntos?INS,2023,19859,,1, HTTP/1.1" 200 6024
190.171.149.74 - - [29/Mar/2023:13:26:20 -0300] "GET /cormun/servlet/solicitudotadjuntos?523dc7be7243333ab9b4a4bc1a3004515d11e653df2a3fc9a936506b5bf3f61d6f58a5b74974d4818a04a21a7f304f58,gx-no-cache=1680109978088 HTTP/1.1" 200 30
190.171.149.74 - - [29/Mar/2023:13:26:20 -0300] "POST /cormun/servlet/solicitudotadjuntos?c0a237bd4b1a3249d1cc67eb68cd4762,INS,2023,19859,,1,,gx-no-cache=1680109978121 HTTP/1.1" 200 3897
190.171.152.138 - - [29/Mar/2023:13:26:20 -0300] "POST /cormun/servlet/solicitudotadjuntos?gx-no-cache=1680109880953 HTTP/1.1" 200 26
190.171.149.74 - - [29/Mar/2023:13:26:22 -0300] "POST /cormun/servlet/solicitudotadjuntos?gx-no-cache=1680109980035 HTTP/1.1" 200 26
190.171.149.74 - - [29/Mar/2023:13:26:34 -0300] "GET /cormun/servlet/solicitudotadjuntos?523dc7be7243333ab9b4a4bc1a300451aef6468643d84ffe3dcf1a9ed792826a,gx-no-cache=1680109991845 HTTP/1.1" 200 30
190.171.149.74 - - [29/Mar/2023:13:26:34 -0300] "GET /cormun/servlet/solicitudotadjuntos?523dc7be7243333ab9b4a4bc1a300451aef6468643d84ffe3dcf1a9ed792826a,gx-no-cache=1680109991860 HTTP/1.1" 200 30
190.171.149.74 - - [29/Mar/2023:13:26:34 -0300] "POST /cormun/servlet/solicitudotadjuntos?c0a237bd4b1a3249d1cc67eb68cd4762,INS,2023,19859,,1, HTTP/1.1" 200 116
190.171.149.74 - - [29/Mar/2023:13:26:34 -0300] "GET /cormun/servlet/hpexe_return? HTTP/1.1" 200 1021
190.171.149.74 - - [29/Mar/2023:13:26:34 -0300] "GET /cormun/servlet/trsolicitudadjuntos?2023,19859, HTTP/1.1" 200 8982
190.171.149.74 - - [29/Mar/2023:13:26:35 -0300] "GET /cormun/servlet/trsolicitudadjuntos?2023,19859, HTTP/1.1" 200 8979
190.171.149.74 - - [29/Mar/2023:13:26:37 -0300] "GET /cormun/servlet/solicitudotadjuntos?INS,2023,19859,,1, HTTP/1.1" 200 6031
190.171.149.74 - - [29/Mar/2023:13:26:37 -0300] "GET /cormun/static/about:blank HTTP/1.1" 404 1011
190.171.149.74 - - [29/Mar/2023:13:26:37 -0300] "GET /cormun/servlet/solicitudotadjuntos?INS,2023,19859,,1, HTTP/1.1" 200 6025
190.171.149.74 - - [29/Mar/2023:13:26:37 -0300] "GET /cormun/servlet/solicitudotadjuntos?523dc7be7243333ab9b4a4bc1a3004515d11e653df2a3fc9a936506b5bf3f61d6f58a5b74974d4818a04a21a7f304f58,gx-no-cache=1680109995426 HTTP/1.1" 200 30
190.171.149.74 - - [29/Mar/2023:13:26:38 -0300] "POST /cormun/servlet/solicitudotadjuntos?c0a237bd4b1a3249d1cc67eb68cd4762,INS,2023,19859,,1,,gx-no-cache=1680109995453 HTTP/1.1" 200 3897
190.171.149.74 - - [29/Mar/2023:13:26:40 -0300] "POST /cormun/servlet/solicitudotadjuntos?gx-no-cache=1680109998145 HTTP/1.1" 200 26
190.171.152.138 - - [29/Mar/2023:13:26:42 -0300] "GET /cormun/servlet/solicitudotadjuntos?7383b40e8fc6223836d0c7f7155f4ba343f2e53e245f9bfe27e33db89010b247,gx-no-cache=1680109902956 HTTP/1.1" 200 30
190.171.152.138 - - [29/Mar/2023:13:26:42 -0300] "GET /cormun/servlet/solicitudotadjuntos?7383b40e8fc6223836d0c7f7155f4ba343f2e53e245f9bfe27e33db89010b247,gx-no-cache=1680109902994 HTTP/1.1" 200 30
190.171.152.138 - - [29/Mar/2023:13:26:43 -0300] "POST /cormun/servlet/solicitudotadjuntos?bf45ac098082bdd2a9b7bcc053bba588,INS,2023,19858,,1, HTTP/1.1" 200 116
190.171.152.138 - - [29/Mar/2023:13:26:43 -0300] "GET /cormun/servlet/hpexe_return? HTTP/1.1" 200 1021
190.171.152.138 - - [29/Mar/2023:13:26:43 -0300] "GET /cormun/servlet/trsolicitudadjuntos?2023,19858, HTTP/1.1" 200 9273
190.171.152.138 - - [29/Mar/2023:13:26:43 -0300] "GET /cormun/servlet/trsolicitudadjuntos?2023,19858, HTTP/1.1" 200 9271
190.171.152.138 - - [29/Mar/2023:13:26:46 -0300] "GET /cormun/servlet/solicitudotadjuntos?INS,2023,19858,,1, HTTP/1.1" 200 6275
190.171.152.138 - - [29/Mar/2023:13:26:46 -0300] "GET /cormun/static/about:blank HTTP/1.1" 404 1011
190.171.152.138 - - [29/Mar/2023:13:26:46 -0300] "GET /cormun/servlet/solicitudotadjuntos?INS,2023,19858,,1, HTTP/1.1" 200 6268
190.171.149.74 - - [29/Mar/2023:13:26:46 -0300] "GET /cormun/servlet/solicitudotadjuntos?523dc7be7243333ab9b4a4bc1a300451aef6468643d84ffe3dcf1a9ed792826a,gx-no-cache=1680110004348 HTTP/1.1" 200 30
190.171.149.74 - - [29/Mar/2023:13:26:46 -0300] "GET /cormun/servlet/solicitudotadjuntos?523dc7be7243333ab9b4a4bc1a300451aef6468643d84ffe3dcf1a9ed792826a,gx-no-cache=1680110004375 HTTP/1.1" 200 30
190.171.152.138 - - [29/Mar/2023:13:26:47 -0300] "GET /cormun/servlet/solicitudotadjuntos?7383b40e8fc6223836d0c7f7155f4ba3c518c9f7b0f4f5c1738df9dd47bbaa81c52e279b31a063d0b73e17e83a4223ba,gx-no-cache=1680109907143 HTTP/1.1" 200 30
190.171.149.74 - - [29/Mar/2023:13:26:47 -0300] "POST /cormun/servlet/solicitudotadjuntos?c0a237bd4b1a3249d1cc67eb68cd4762,INS,2023,19859,,1, HTTP/1.1" 200 116
190.171.152.138 - - [29/Mar/2023:13:26:47 -0300] "POST /cormun/servlet/solicitudotadjuntos?bf45ac098082bdd2a9b7bcc053bba588,INS,2023,19858,,1,,gx-no-cache=1680109907173 HTTP/1.1" 200 4138
190.171.149.74 - - [29/Mar/2023:13:26:47 -0300] "GET /cormun/servlet/hpexe_return? HTTP/1.1" 200 1021
190.171.149.74 - - [29/Mar/2023:13:26:47 -0300] "GET /cormun/servlet/trsolicitudadjuntos?2023,19859, HTTP/1.1" 200 9317
190.171.149.74 - - [29/Mar/2023:13:26:47 -0300] "GET /cormun/servlet/trsolicitudadjuntos?2023,19859, HTTP/1.1" 200 9316
190.171.152.138 - - [29/Mar/2023:13:26:49 -0300] "POST /cormun/servlet/solicitudotadjuntos?gx-no-cache=1680109909555 HTTP/1.1" 200 26
190.171.149.74 - - [29/Mar/2023:13:26:50 -0300] "GET /cormun/servlet/solicitudotadjuntos?INS,2023,19859,,1, HTTP/1.1" 200 6031
190.171.149.74 - - [29/Mar/2023:13:26:50 -0300] "GET /cormun/static/about:blank HTTP/1.1" 404 1011
190.171.149.74 - - [29/Mar/2023:13:26:50 -0300] "GET /cormun/servlet/solicitudotadjuntos?INS,2023,19859,,1, HTTP/1.1" 200 6025
190.171.149.74 - - [29/Mar/2023:13:26:51 -0300] "GET /cormun/servlet/solicitudotadjuntos?523dc7be7243333ab9b4a4bc1a3004515d11e653df2a3fc9a936506b5bf3f61d6f58a5b74974d4818a04a21a7f304f58,gx-no-cache=1680110008857 HTTP/1.1" 200 30
190.171.149.74 - - [29/Mar/2023:13:26:51 -0300] "POST /cormun/servlet/solicitudotadjuntos?c0a237bd4b1a3249d1cc67eb68cd4762,INS,2023,19859,,1,,gx-no-cache=1680110008877 HTTP/1.1" 200 3897
190.171.149.74 - - [29/Mar/2023:13:26:54 -0300] "POST /cormun/servlet/solicitudotadjuntos?gx-no-cache=1680110011856 HTTP/1.1" 200 26
190.171.152.138 - - [29/Mar/2023:13:26:58 -0300] "GET /cormun/servlet/solicitudotadjuntos?7383b40e8fc6223836d0c7f7155f4ba343f2e53e245f9bfe27e33db89010b247,gx-no-cache=1680109918203 HTTP/1.1" 200 30
190.171.152.138 - - [29/Mar/2023:13:26:58 -0300] "GET /cormun/servlet/solicitudotadjuntos?7383b40e8fc6223836d0c7f7155f4ba343f2e53e245f9bfe27e33db89010b247,gx-no-cache=1680109918228 HTTP/1.1" 200 30
190.171.152.138 - - [29/Mar/2023:13:26:58 -0300] "POST /cormun/servlet/solicitudotadjuntos?bf45ac098082bdd2a9b7bcc053bba588,INS,2023,19858,,1, HTTP/1.1" 200 116
190.171.152.138 - - [29/Mar/2023:13:26:58 -0300] "GET /cormun/servlet/hpexe_return? HTTP/1.1" 200 1021
190.171.152.138 - - [29/Mar/2023:13:26:58 -0300] "GET /cormun/servlet/trsolicitudadjuntos?2023,19858, HTTP/1.1" 200 9518
190.171.152.138 - - [29/Mar/2023:13:26:58 -0300] "GET /cormun/servlet/trsolicitudadjuntos?2023,19858, HTTP/1.1" 200 9516
190.171.152.138 - - [29/Mar/2023:13:27:00 -0300] "GET /cormun/servlet/solicitudotadjuntos?INS,2023,19858,,1, HTTP/1.1" 200 6275
190.171.152.138 - - [29/Mar/2023:13:27:00 -0300] "GET /cormun/static/about:blank HTTP/1.1" 404 1011
190.171.152.138 - - [29/Mar/2023:13:27:00 -0300] "GET /cormun/servlet/solicitudotadjuntos?INS,2023,19858,,1, HTTP/1.1" 200 6268
190.171.152.138 - - [29/Mar/2023:13:27:01 -0300] "GET /cormun/servlet/solicitudotadjuntos?7383b40e8fc6223836d0c7f7155f4ba3c518c9f7b0f4f5c1738df9dd47bbaa81c52e279b31a063d0b73e17e83a4223ba,gx-no-cache=1680109921447 HTTP/1.1" 200 30
190.171.152.138 - - [29/Mar/2023:13:27:01 -0300] "POST /cormun/servlet/solicitudotadjuntos?bf45ac098082bdd2a9b7bcc053bba588,INS,2023,19858,,1,,gx-no-cache=1680109921464 HTTP/1.1" 200 4138
190.171.152.138 - - [29/Mar/2023:13:27:04 -0300] "POST /cormun/servlet/solicitudotadjuntos?gx-no-cache=1680109924184 HTTP/1.1" 200 26
190.171.149.74 - - [29/Mar/2023:13:27:04 -0300] "GET /cormun/servlet/solicitudotadjuntos?523dc7be7243333ab9b4a4bc1a300451aef6468643d84ffe3dcf1a9ed792826a,gx-no-cache=1680110022200 HTTP/1.1" 200 30
190.171.149.74 - - [29/Mar/2023:13:27:04 -0300] "GET /cormun/servlet/solicitudotadjuntos?523dc7be7243333ab9b4a4bc1a300451aef6468643d84ffe3dcf1a9ed792826a,gx-no-cache=1680110022233 HTTP/1.1" 200 30
190.171.149.74 - - [29/Mar/2023:13:27:05 -0300] "POST /cormun/servlet/solicitudotadjuntos?c0a237bd4b1a3249d1cc67eb68cd4762,INS,2023,19859,,1, HTTP/1.1" 200 116
190.171.149.74 - - [29/Mar/2023:13:27:05 -0300] "GET /cormun/servlet/hpexe_return? HTTP/1.1" 200 1021
190.171.149.74 - - [29/Mar/2023:13:27:05 -0300] "GET /cormun/servlet/trsolicitudadjuntos?2023,19859, HTTP/1.1" 200 9532
190.171.149.74 - - [29/Mar/2023:13:27:05 -0300] "GET /cormun/servlet/trsolicitudadjuntos?2023,19859, HTTP/1.1" 200 9528
190.171.152.138 - - [29/Mar/2023:13:27:22 -0300] "GET /cormun/servlet/solicitudotadjuntos?7383b40e8fc6223836d0c7f7155f4ba343f2e53e245f9bfe27e33db89010b247,gx-no-cache=1680109942905 HTTP/1.1" 200 30
190.171.152.138 - - [29/Mar/2023:13:27:22 -0300] "GET /cormun/servlet/solicitudotadjuntos?7383b40e8fc6223836d0c7f7155f4ba343f2e53e245f9bfe27e33db89010b247,gx-no-cache=1680109942923 HTTP/1.1" 200 30
190.171.152.138 - - [29/Mar/2023:13:27:23 -0300] "POST /cormun/servlet/solicitudotadjuntos?bf45ac098082bdd2a9b7bcc053bba588,INS,2023,19858,,1, HTTP/1.1" 200 116
190.171.152.138 - - [29/Mar/2023:13:27:23 -0300] "GET /cormun/servlet/hpexe_return? HTTP/1.1" 200 1021
190.171.152.138 - - [29/Mar/2023:13:27:23 -0300] "GET /cormun/servlet/trsolicitudadjuntos?2023,19858, HTTP/1.1" 200 9767
190.171.152.138 - - [29/Mar/2023:13:27:23 -0300] "GET /cormun/servlet/trsolicitudadjuntos?2023,19858, HTTP/1.1" 200 9766
190.171.152.138 - - [29/Mar/2023:13:27:26 -0300] "GET /cormun/servlet/solicitudotadjuntos?INS,2023,19858,,1, HTTP/1.1" 200 6275
190.171.152.138 - - [29/Mar/2023:13:27:26 -0300] "GET /cormun/static/about:blank HTTP/1.1" 404 1011
190.171.152.138 - - [29/Mar/2023:13:27:26 -0300] "GET /cormun/servlet/solicitudotadjuntos?INS,2023,19858,,1, HTTP/1.1" 200 6268
190.171.152.138 - - [29/Mar/2023:13:27:27 -0300] "GET /cormun/servlet/solicitudotadjuntos?7383b40e8fc6223836d0c7f7155f4ba3c518c9f7b0f4f5c1738df9dd47bbaa81c52e279b31a063d0b73e17e83a4223ba,gx-no-cache=1680109946901 HTTP/1.1" 200 30
190.171.152.138 - - [29/Mar/2023:13:27:27 -0300] "POST /cormun/servlet/solicitudotadjuntos?bf45ac098082bdd2a9b7bcc053bba588,INS,2023,19858,,1,,gx-no-cache=1680109947233 HTTP/1.1" 200 4138
190.171.152.138 - - [29/Mar/2023:13:27:29 -0300] "POST /cormun/servlet/solicitudotadjuntos?gx-no-cache=1680109949961 HTTP/1.1" 200 26
190.171.152.138 - - [29/Mar/2023:13:27:36 -0300] "GET /cormun/servlet/solicitudotadjuntos?7383b40e8fc6223836d0c7f7155f4ba343f2e53e245f9bfe27e33db89010b247,gx-no-cache=1680109956187 HTTP/1.1" 200 30
190.171.152.138 - - [29/Mar/2023:13:27:36 -0300] "GET /cormun/servlet/solicitudotadjuntos?7383b40e8fc6223836d0c7f7155f4ba343f2e53e245f9bfe27e33db89010b247,gx-no-cache=1680109956202 HTTP/1.1" 200 30
190.171.152.138 - - [29/Mar/2023:13:27:36 -0300] "POST /cormun/servlet/solicitudotadjuntos?bf45ac098082bdd2a9b7bcc053bba588,INS,2023,19858,,1, HTTP/1.1" 200 116
190.171.152.138 - - [29/Mar/2023:13:27:36 -0300] "GET /cormun/servlet/hpexe_return? HTTP/1.1" 200 1021
190.171.152.138 - - [29/Mar/2023:13:27:36 -0300] "GET /cormun/servlet/trsolicitudadjuntos?2023,19858, HTTP/1.1" 200 10024
190.171.152.138 - - [29/Mar/2023:13:27:36 -0300] "GET /cormun/servlet/trsolicitudadjuntos?2023,19858, HTTP/1.1" 200 10023
190.171.152.138 - - [29/Mar/2023:13:27:39 -0300] "GET /cormun/servlet/solicitudotadjuntos?INS,2023,19858,,1, HTTP/1.1" 200 6274
190.171.152.138 - - [29/Mar/2023:13:27:39 -0300] "GET /cormun/static/about:blank HTTP/1.1" 404 1011
190.171.152.138 - - [29/Mar/2023:13:27:39 -0300] "GET /cormun/servlet/solicitudotadjuntos?INS,2023,19858,,1, HTTP/1.1" 200 6267
190.171.152.138 - - [29/Mar/2023:13:27:39 -0300] "GET /cormun/servlet/solicitudotadjuntos?7383b40e8fc6223836d0c7f7155f4ba3c518c9f7b0f4f5c1738df9dd47bbaa81c52e279b31a063d0b73e17e83a4223ba,gx-no-cache=1680109959748 HTTP/1.1" 200 30
190.171.152.138 - - [29/Mar/2023:13:27:39 -0300] "POST /cormun/servlet/solicitudotadjuntos?bf45ac098082bdd2a9b7bcc053bba588,INS,2023,19858,,1,,gx-no-cache=1680109959770 HTTP/1.1" 200 4138
190.171.152.138 - - [29/Mar/2023:13:27:44 -0300] "POST /cormun/servlet/solicitudotadjuntos?gx-no-cache=1680109964319 HTTP/1.1" 200 26
190.171.152.138 - - [29/Mar/2023:13:27:55 -0300] "GET /cormun/servlet/solicitudotadjuntos?7383b40e8fc6223836d0c7f7155f4ba343f2e53e245f9bfe27e33db89010b247,gx-no-cache=1680109975455 HTTP/1.1" 200 30
190.171.152.138 - - [29/Mar/2023:13:27:55 -0300] "GET /cormun/servlet/solicitudotadjuntos?7383b40e8fc6223836d0c7f7155f4ba343f2e53e245f9bfe27e33db89010b247,gx-no-cache=1680109975470 HTTP/1.1" 200 30
190.171.152.138 - - [29/Mar/2023:13:27:55 -0300] "POST /cormun/servlet/solicitudotadjuntos?bf45ac098082bdd2a9b7bcc053bba588,INS,2023,19858,,1, HTTP/1.1" 200 116
190.171.152.138 - - [29/Mar/2023:13:27:55 -0300] "GET /cormun/servlet/hpexe_return? HTTP/1.1" 200 1021
190.171.152.138 - - [29/Mar/2023:13:27:55 -0300] "GET /cormun/servlet/trsolicitudadjuntos?2023,19858, HTTP/1.1" 200 10341
190.171.152.138 - - [29/Mar/2023:13:27:56 -0300] "GET /cormun/servlet/trsolicitudadjuntos?2023,19858, HTTP/1.1" 200 10344
190.171.152.138 - - [29/Mar/2023:13:27:58 -0300] "GET /cormun/servlet/solicitudotadjuntos?INS,2023,19858,,1, HTTP/1.1" 200 6274
190.171.152.138 - - [29/Mar/2023:13:27:58 -0300] "GET /cormun/static/about:blank HTTP/1.1" 404 1011
190.171.152.138 - - [29/Mar/2023:13:27:58 -0300] "GET /cormun/servlet/solicitudotadjuntos?INS,2023,19858,,1, HTTP/1.1" 200 6267
190.171.152.138 - - [29/Mar/2023:13:27:58 -0300] "GET /cormun/servlet/solicitudotadjuntos?7383b40e8fc6223836d0c7f7155f4ba3c518c9f7b0f4f5c1738df9dd47bbaa81c52e279b31a063d0b73e17e83a4223ba,gx-no-cache=1680109978916 HTTP/1.1" 200 30
190.171.152.138 - - [29/Mar/2023:13:27:58 -0300] "POST /cormun/servlet/solicitudotadjuntos?bf45ac098082bdd2a9b7bcc053bba588,INS,2023,19858,,1,,gx-no-cache=1680109978933 HTTP/1.1" 200 4138
190.171.152.138 - - [29/Mar/2023:13:28:01 -0300] "POST /cormun/servlet/solicitudotadjuntos?gx-no-cache=1680109981109 HTTP/1.1" 200 26
190.171.152.138 - - [29/Mar/2023:13:28:09 -0300] "GET /cormun/servlet/solicitudotadjuntos?7383b40e8fc6223836d0c7f7155f4ba343f2e53e245f9bfe27e33db89010b247,gx-no-cache=1680109989339 HTTP/1.1" 200 30
190.171.152.138 - - [29/Mar/2023:13:28:09 -0300] "GET /cormun/servlet/solicitudotadjuntos?7383b40e8fc6223836d0c7f7155f4ba343f2e53e245f9bfe27e33db89010b247,gx-no-cache=1680109989592 HTTP/1.1" 200 30
190.171.152.138 - - [29/Mar/2023:13:28:10 -0300] "POST /cormun/servlet/solicitudotadjuntos?bf45ac098082bdd2a9b7bcc053bba588,INS,2023,19858,,1, HTTP/1.1" 200 116
190.171.152.138 - - [29/Mar/2023:13:28:10 -0300] "GET /cormun/servlet/hpexe_return? HTTP/1.1" 200 1021
190.171.152.138 - - [29/Mar/2023:13:28:10 -0300] "GET /cormun/servlet/trsolicitudadjuntos?2023,19858, HTTP/1.1" 200 10525
190.171.152.138 - - [29/Mar/2023:13:28:11 -0300] "GET /cormun/servlet/trsolicitudadjuntos?2023,19858, HTTP/1.1" 200 10523
190.171.152.138 - - [29/Mar/2023:13:28:14 -0300] "GET /cormun/servlet/trsolicitudot? HTTP/1.1" 200 8840
190.171.152.138 - - [29/Mar/2023:13:28:15 -0300] "GET /cormun/servlet/trsolicitudot? HTTP/1.1" 200 8833
190.171.152.138 - - [29/Mar/2023:13:28:17 -0300] "POST /cormun/servlet/trsolicitudot?bf45ac098082bdd2a9b7bcc053bba588,,gx-no-cache=1680109997158 HTTP/1.1" 200 4857
190.171.152.138 - - [29/Mar/2023:13:28:17 -0300] "GET /cormun/static/Shared/jqueryui/images/ui-bg_highlight-soft_100_c6c2c8_1x100.png HTTP/1.1" 404 1117
190.171.152.138 - - [29/Mar/2023:13:28:17 -0300] "GET /cormun/static/Shared/jqueryui/images/ui-icons_82798d_256x240.png HTTP/1.1" 404 1089
190.171.152.138 - - [29/Mar/2023:13:28:17 -0300] "GET /cormun/static/Shared/jqueryui/images/ui-bg_flat_55_fafafa_40x100.png HTTP/1.1" 404 1097
190.171.152.138 - - [29/Mar/2023:13:28:17 -0300] "GET /cormun/static/Shared/jqueryui/images/ui-icons_8d78a5_256x240.png HTTP/1.1" 404 1089
190.171.152.138 - - [29/Mar/2023:13:28:17 -0300] "POST /cormun/servlet/trsolicitudot?bf45ac098082bdd2a9b7bcc053bba588,,gx-no-cache=1680109997393 HTTP/1.1" 200 4613
190.171.152.138 - - [29/Mar/2023:13:28:19 -0300] "GET /cormun/servlet/trautorizarsolicitud? HTTP/1.1" 200 8728
190.171.152.138 - - [29/Mar/2023:13:28:20 -0300] "GET /cormun/servlet/trautorizarsolicitud? HTTP/1.1" 200 8728
190.171.152.138 - - [29/Mar/2023:13:28:22 -0300] "POST /cormun/servlet/trautorizarsolicitud?bf45ac098082bdd2a9b7bcc053bba588,,gx-no-cache=1680110002326 HTTP/1.1" 200 4777
190.171.152.138 - - [29/Mar/2023:13:28:22 -0300] "GET /cormun/static/Shared/jqueryui/images/ui-bg_highlight-soft_100_c6c2c8_1x100.png HTTP/1.1" 404 1117
190.171.152.138 - - [29/Mar/2023:13:28:22 -0300] "GET /cormun/static/Shared/jqueryui/images/ui-icons_82798d_256x240.png HTTP/1.1" 404 1089
190.171.152.138 - - [29/Mar/2023:13:28:22 -0300] "GET /cormun/static/Shared/jqueryui/images/ui-bg_flat_55_fafafa_40x100.png HTTP/1.1" 404 1097
190.171.152.138 - - [29/Mar/2023:13:28:22 -0300] "GET /cormun/static/Shared/jqueryui/images/ui-icons_8d78a5_256x240.png HTTP/1.1" 404 1089
190.171.152.138 - - [29/Mar/2023:13:28:22 -0300] "POST /cormun/servlet/trautorizarsolicitud?bf45ac098082bdd2a9b7bcc053bba588,,gx-no-cache=1680110002511 HTTP/1.1" 200 4533
190.171.152.138 - - [29/Mar/2023:13:28:25 -0300] "GET /cormun/servlet/trautorizarsolicitud? HTTP/1.1" 200 7339
190.171.152.138 - - [29/Mar/2023:13:28:25 -0300] "GET /cormun/servlet/trautorizarsolicitud? HTTP/1.1" 200 7339
190.171.152.138 - - [29/Mar/2023:13:28:31 -0300] "GET /cormun/servlet/trvisualizadoreventos? HTTP/1.1" 200 6981
190.171.152.138 - - [29/Mar/2023:13:28:31 -0300] "GET /cormun/static/gxcfg.js?202211298474834 HTTP/1.1" 200 953
190.171.152.138 - - [29/Mar/2023:13:28:31 -0300] "GET /cormun/static/Resources/PXToolsActionPrint.png HTTP/1.1" 200 404
190.171.152.138 - - [29/Mar/2023:13:28:31 -0300] "GET /cormun/static/trvisualizadoreventos.js?202211298474971 HTTP/1.1" 200 19318
190.171.152.138 - - [29/Mar/2023:13:28:31 -0300] "GET /cormun/servlet/trvisualizadoreventos? HTTP/1.1" 200 6980
190.171.152.138 - - [29/Mar/2023:13:28:34 -0300] "GET /cormun/servlet/trautorizarsolicitud? HTTP/1.1" 200 7339
190.171.152.138 - - [29/Mar/2023:13:28:35 -0300] "GET /cormun/servlet/trautorizarsolicitud? HTTP/1.1" 200 7339
190.171.152.138 - - [29/Mar/2023:13:28:39 -0300] "POST /cormun/servlet/trautorizarsolicitud?bf45ac098082bdd2a9b7bcc053bba588,,gx-no-cache=1680110019617 HTTP/1.1" 200 6453
