200.54.103.162 - - [29/Mar/2023:13:29:11 -0300] "GET /cormun/servlet/hlogin HTTP/1.1" 200 1739
190.171.153.34 - - [29/Mar/2023:13:29:17 -0300] "GET /cormun/servlet/hlogin HTTP/1.1" 200 1716
190.171.153.34 - - [29/Mar/2023:13:29:18 -0300] "GET /cormun/static/gxtimezone.js?85251 HTTP/1.1" 200 5781
190.171.153.34 - - [29/Mar/2023:13:29:18 -0300] "GET /cormun/static/gxcfg.js?2022112219184450 HTTP/1.1" 200 953
190.171.153.34 - - [29/Mar/2023:13:29:18 -0300] "GET /cormun/static/Resources/Spanish/PXTools.css?1759030 HTTP/1.1" 200 100853
190.171.153.34 - - [29/Mar/2023:13:29:18 -0300] "GET /cormun/static/gxgral.js?85251 HTTP/1.1" 200 384558
190.171.153.34 - - [29/Mar/2023:13:29:18 -0300] "GET /cormun/static/messages.spa.js?85251 HTTP/1.1" 200 30736
190.171.153.34 - - [29/Mar/2023:13:29:18 -0300] "GET /cormun/static/hlogin.js?2022112219184458 HTTP/1.1" 200 2156
190.171.153.34 - - [29/Mar/2023:13:29:18 -0300] "GET /cormun/static/Resources/PXToolsLoginTop.png HTTP/1.1" 200 1337
190.171.153.34 - - [29/Mar/2023:13:29:18 -0300] "GET /cormun/static/Resources/CormunLogin.png HTTP/1.1" 200 19132
190.171.153.34 - - [29/Mar/2023:13:29:18 -0300] "GET /cormun/static/Resources/PXToolsLoginBackground.png HTTP/1.1" 200 1164
190.171.153.34 - - [29/Mar/2023:13:29:18 -0300] "GET /cormun/static/Resources/PXToolsButtonLeft.png HTTP/1.1" 200 1310
190.171.153.34 - - [29/Mar/2023:13:29:18 -0300] "GET /cormun/static/Resources/PXToolsButtonRight.png HTTP/1.1" 200 1294
190.171.153.34 - - [29/Mar/2023:13:29:18 -0300] "GET /cormun/static/Resources/PXToolsButtonBackground.png HTTP/1.1" 200 1176
190.171.153.34 - - [29/Mar/2023:13:29:18 -0300] "GET /cormun/static/Resources/PXToolsLoginBottom.png HTTP/1.1" 200 1389
190.171.153.34 - - [29/Mar/2023:13:29:18 -0300] "GET /cormun/servlet/hlogin HTTP/1.1" 200 1725
190.171.153.34 - - [29/Mar/2023:13:29:18 -0300] "GET /cormun/static/Resources/indicator.gif HTTP/1.1" 200 1553
190.171.153.34 - - [29/Mar/2023:13:29:18 -0300] "GET /favicon.ico HTTP/1.1" 200 21630
192.168.10.17 - - [29/Mar/2023:13:30:15 -0300] "GET /cormun/servlet/trsolicitudgral? HTTP/1.1" 200 18681
192.168.10.17 - - [29/Mar/2023:13:30:15 -0300] "GET /cormun/servlet/trsolicitudgral? HTTP/1.1" 200 18678
192.168.10.17 - - [29/Mar/2023:13:30:24 -0300] "POST /cormun/servlet/trsolicitudgral?e600e716f16f40991fe84a7cd732b351,,gx-no-cache=1680106495788 HTTP/1.1" 200 5271
192.168.10.17 - - [29/Mar/2023:13:30:27 -0300] "POST /cormun/servlet/trsolicitudgral?e600e716f16f40991fe84a7cd732b351,,gx-no-cache=1680106499254 HTTP/1.1" 200 5272
190.171.152.138 - - [29/Mar/2023:13:32:01 -0300] "POST /cormun/servlet/trautorizarsolicitud?bf45ac098082bdd2a9b7bcc053bba588,,gx-no-cache=1680110221204 HTTP/1.1" 200 4556
190.171.152.138 - - [29/Mar/2023:13:32:04 -0300] "POST /cormun/servlet/trautorizarsolicitud?bf45ac098082bdd2a9b7bcc053bba588,,gx-no-cache=1680110224205 HTTP/1.1" 200 109
190.171.152.138 - - [29/Mar/2023:13:32:04 -0300] "GET /cormun/AutorizarSolicitud-961.xls HTTP/1.1" 200 4608
190.171.152.138 - - [29/Mar/2023:13:32:08 -0300] "POST /cormun/servlet/trautorizarsolicitud?bf45ac098082bdd2a9b7bcc053bba588,,gx-no-cache=1680110228925 HTTP/1.1" 200 4555
190.171.152.138 - - [29/Mar/2023:13:32:10 -0300] "POST /cormun/servlet/trautorizarsolicitud?bf45ac098082bdd2a9b7bcc053bba588,,gx-no-cache=1680110230665 HTTP/1.1" 200 4555
190.171.152.138 - - [29/Mar/2023:13:32:12 -0300] "GET /cormun/servlet/trsolicitudot? HTTP/1.1" 200 7435
190.171.152.138 - - [29/Mar/2023:13:32:12 -0300] "GET /cormun/servlet/trsolicitudot? HTTP/1.1" 200 7435
190.171.152.138 - - [29/Mar/2023:13:32:14 -0300] "GET /cormun/servlet/solicitudot?INS,0,0,false, HTTP/1.1" 200 16061
190.171.152.138 - - [29/Mar/2023:13:32:14 -0300] "GET /cormun/servlet/solicitudot?INS,0,0,false, HTTP/1.1" 200 16069
190.171.152.138 - - [29/Mar/2023:13:32:27 -0300] "POST /cormun/servlet/solicitudot?gx-no-cache=1680110247801 HTTP/1.1" 200 3953
190.171.152.138 - - [29/Mar/2023:13:32:28 -0300] "POST /cormun/servlet/solicitudot?bf45ac098082bdd2a9b7bcc053bba588,INS,0,0,false,,gx-no-cache=1680110247971 HTTP/1.1" 200 12778
190.171.152.138 - - [29/Mar/2023:13:32:31 -0300] "GET /cormun/servlet/solicitudot?7383b40e8fc6223836d0c7f7155f4ba3f6019f4e319dd12663d1f013a50ed631dbc2b5b1a2a6994304738001595e7a28,gx-no-cache=1680110251461 HTTP/1.1" 200 30
66.249.70.177 - - [29/Mar/2023:13:32:52 -0300] "GET /cormun/servlet/hlogin HTTP/1.1" 200 1717
190.171.152.138 - - [29/Mar/2023:13:32:59 -0300] "GET /cormun/servlet/trsolicitudot? HTTP/1.1" 200 7436
190.171.152.138 - - [29/Mar/2023:13:32:59 -0300] "GET /cormun/servlet/trsolicitudot? HTTP/1.1" 200 7435
190.171.149.74 - - [29/Mar/2023:13:34:14 -0300] "GET /cormun/servlet/solicitudotadjuntos?INS,2023,19859,,1, HTTP/1.1" 200 6031
190.171.149.74 - - [29/Mar/2023:13:34:14 -0300] "GET /cormun/static/about:blank HTTP/1.1" 404 1011
190.171.149.74 - - [29/Mar/2023:13:34:14 -0300] "GET /cormun/servlet/solicitudotadjuntos?INS,2023,19859,,1, HTTP/1.1" 200 6024
190.171.149.74 - - [29/Mar/2023:13:34:15 -0300] "GET /cormun/servlet/solicitudotadjuntos?523dc7be7243333ab9b4a4bc1a3004515d11e653df2a3fc9a936506b5bf3f61d6f58a5b74974d4818a04a21a7f304f58,gx-no-cache=1680110452767 HTTP/1.1" 200 30
190.171.149.74 - - [29/Mar/2023:13:34:15 -0300] "POST /cormun/servlet/solicitudotadjuntos?c0a237bd4b1a3249d1cc67eb68cd4762,INS,2023,19859,,1,,gx-no-cache=1680110453067 HTTP/1.1" 200 3897
66.249.70.179 - - [29/Mar/2023:13:34:16 -0300] "GET /cormun/static/Resources/Spanish/PXTools.css?1759030 HTTP/1.1" 200 100853
66.249.70.181 - - [29/Mar/2023:13:34:17 -0300] "GET /cormun/static/gxcfg.js?2022112219184450 HTTP/1.1" 200 953
66.249.70.179 - - [29/Mar/2023:13:34:17 -0300] "GET /cormun/static/hlogin.js?2022112219184458 HTTP/1.1" 200 2156
190.171.149.74 - - [29/Mar/2023:13:34:18 -0300] "POST /cormun/servlet/solicitudotadjuntos?gx-no-cache=1680110455965 HTTP/1.1" 200 26
190.171.149.74 - - [29/Mar/2023:13:34:26 -0300] "GET /cormun/servlet/solicitudotadjuntos?523dc7be7243333ab9b4a4bc1a300451aef6468643d84ffe3dcf1a9ed792826a,gx-no-cache=1680110464106 HTTP/1.1" 200 30
190.171.149.74 - - [29/Mar/2023:13:34:26 -0300] "GET /cormun/servlet/solicitudotadjuntos?523dc7be7243333ab9b4a4bc1a300451aef6468643d84ffe3dcf1a9ed792826a,gx-no-cache=1680110464122 HTTP/1.1" 200 30
190.171.149.74 - - [29/Mar/2023:13:34:26 -0300] "POST /cormun/servlet/solicitudotadjuntos?c0a237bd4b1a3249d1cc67eb68cd4762,INS,2023,19859,,1, HTTP/1.1" 200 116
190.171.149.74 - - [29/Mar/2023:13:34:26 -0300] "GET /cormun/servlet/hpexe_return? HTTP/1.1" 200 1021
190.171.149.74 - - [29/Mar/2023:13:34:27 -0300] "GET /cormun/servlet/trsolicitudadjuntos?2023,19859, HTTP/1.1" 200 9807
190.171.149.74 - - [29/Mar/2023:13:34:27 -0300] "GET /cormun/servlet/trsolicitudadjuntos?2023,19859, HTTP/1.1" 200 9806
190.171.152.138 - - [29/Mar/2023:13:34:27 -0300] "GET /cormun/servlet/solicitudot?INS,0,0,false, HTTP/1.1" 200 16062
190.171.152.138 - - [29/Mar/2023:13:34:27 -0300] "GET /cormun/servlet/solicitudot?INS,0,0,false, HTTP/1.1" 200 16070
190.171.152.138 - - [29/Mar/2023:13:34:39 -0300] "POST /cormun/servlet/solicitudot?gx-no-cache=1680110379317 HTTP/1.1" 200 4074
190.171.152.138 - - [29/Mar/2023:13:34:39 -0300] "POST /cormun/servlet/solicitudot?bf45ac098082bdd2a9b7bcc053bba588,INS,0,0,false,,gx-no-cache=1680110379540 HTTP/1.1" 200 12899
192.168.10.17 - - [29/Mar/2023:13:34:42 -0300] "POST /cormun/servlet/trsolicitudgral?e600e716f16f40991fe84a7cd732b351,,gx-no-cache=1680106753897 HTTP/1.1" 200 15634
190.171.152.138 - - [29/Mar/2023:13:34:45 -0300] "GET /cormun/servlet/solicitudot?7383b40e8fc6223836d0c7f7155f4ba3fcec94d54d123ab26353d4d8a1cff892dbc2b5b1a2a6994304738001595e7a28,gx-no-cache=1680110385075 HTTP/1.1" 200 30
192.168.10.17 - - [29/Mar/2023:13:34:51 -0300] "GET /cormun/servlet/vesolicitudgral?2023,19827,, HTTP/1.1" 200 8339
192.168.10.17 - - [29/Mar/2023:13:34:51 -0300] "GET /cormun/pexe_scrolldiv.js HTTP/1.1" 404 1009
192.168.10.17 - - [29/Mar/2023:13:34:51 -0300] "GET /cormun/servlet/vesolicitudgral?2023,19827,, HTTP/1.1" 200 8338
190.171.149.74 - - [29/Mar/2023:13:36:24 -0300] "GET /cormun/servlet/solicitudotadjuntos?INS,2023,19859,,1, HTTP/1.1" 200 6031
190.171.149.74 - - [29/Mar/2023:13:36:24 -0300] "GET /cormun/static/about:blank HTTP/1.1" 404 1011
190.171.149.74 - - [29/Mar/2023:13:36:24 -0300] "GET /cormun/servlet/solicitudotadjuntos?INS,2023,19859,,1, HTTP/1.1" 200 6025
190.171.149.74 - - [29/Mar/2023:13:36:24 -0300] "GET /cormun/servlet/solicitudotadjuntos?523dc7be7243333ab9b4a4bc1a3004515d11e653df2a3fc9a936506b5bf3f61d6f58a5b74974d4818a04a21a7f304f58,gx-no-cache=1680110582168 HTTP/1.1" 200 30
190.171.149.74 - - [29/Mar/2023:13:36:24 -0300] "POST /cormun/servlet/solicitudotadjuntos?c0a237bd4b1a3249d1cc67eb68cd4762,INS,2023,19859,,1,,gx-no-cache=1680110582182 HTTP/1.1" 200 3898
190.171.149.74 - - [29/Mar/2023:13:36:28 -0300] "POST /cormun/servlet/solicitudotadjuntos?gx-no-cache=1680110585589 HTTP/1.1" 200 26
190.171.149.74 - - [29/Mar/2023:13:36:35 -0300] "GET /cormun/servlet/solicitudotadjuntos?523dc7be7243333ab9b4a4bc1a300451aef6468643d84ffe3dcf1a9ed792826a,gx-no-cache=1680110593166 HTTP/1.1" 200 30
190.171.149.74 - - [29/Mar/2023:13:36:35 -0300] "GET /cormun/servlet/solicitudotadjuntos?523dc7be7243333ab9b4a4bc1a300451aef6468643d84ffe3dcf1a9ed792826a,gx-no-cache=1680110593178 HTTP/1.1" 200 30
190.171.149.74 - - [29/Mar/2023:13:36:35 -0300] "POST /cormun/servlet/solicitudotadjuntos?c0a237bd4b1a3249d1cc67eb68cd4762,INS,2023,19859,,1, HTTP/1.1" 200 116
190.171.149.74 - - [29/Mar/2023:13:36:35 -0300] "GET /cormun/servlet/hpexe_return? HTTP/1.1" 200 1021
190.171.149.74 - - [29/Mar/2023:13:36:36 -0300] "GET /cormun/servlet/trsolicitudadjuntos?2023,19859, HTTP/1.1" 200 10115
190.171.149.74 - - [29/Mar/2023:13:36:36 -0300] "GET /cormun/servlet/trsolicitudadjuntos?2023,19859, HTTP/1.1" 200 10112
190.171.149.74 - - [29/Mar/2023:13:36:39 -0300] "GET /cormun/servlet/solicitudotadjuntos?INS,2023,19859,,1, HTTP/1.1" 200 6031
190.171.149.74 - - [29/Mar/2023:13:36:39 -0300] "GET /cormun/static/about:blank HTTP/1.1" 404 1011
190.171.149.74 - - [29/Mar/2023:13:36:39 -0300] "GET /cormun/servlet/solicitudotadjuntos?INS,2023,19859,,1, HTTP/1.1" 200 6025
190.171.149.74 - - [29/Mar/2023:13:36:39 -0300] "GET /cormun/servlet/solicitudotadjuntos?523dc7be7243333ab9b4a4bc1a3004515d11e653df2a3fc9a936506b5bf3f61d6f58a5b74974d4818a04a21a7f304f58,gx-no-cache=1680110597233 HTTP/1.1" 200 30
190.171.149.74 - - [29/Mar/2023:13:36:39 -0300] "POST /cormun/servlet/solicitudotadjuntos?c0a237bd4b1a3249d1cc67eb68cd4762,INS,2023,19859,,1,,gx-no-cache=1680110597247 HTTP/1.1" 200 3897
190.171.149.74 - - [29/Mar/2023:13:36:41 -0300] "POST /cormun/servlet/solicitudotadjuntos?gx-no-cache=1680110599067 HTTP/1.1" 200 26
190.171.149.74 - - [29/Mar/2023:13:36:50 -0300] "GET /cormun/servlet/solicitudotadjuntos?523dc7be7243333ab9b4a4bc1a300451aef6468643d84ffe3dcf1a9ed792826a,gx-no-cache=1680110607696 HTTP/1.1" 200 30
190.171.149.74 - - [29/Mar/2023:13:36:50 -0300] "GET /cormun/servlet/solicitudotadjuntos?523dc7be7243333ab9b4a4bc1a300451aef6468643d84ffe3dcf1a9ed792826a,gx-no-cache=1680110607709 HTTP/1.1" 200 30
190.171.149.74 - - [29/Mar/2023:13:36:50 -0300] "POST /cormun/servlet/solicitudotadjuntos?c0a237bd4b1a3249d1cc67eb68cd4762,INS,2023,19859,,1, HTTP/1.1" 200 116
190.171.149.74 - - [29/Mar/2023:13:36:50 -0300] "GET /cormun/servlet/hpexe_return? HTTP/1.1" 200 1021
190.171.149.74 - - [29/Mar/2023:13:36:50 -0300] "GET /cormun/servlet/trsolicitudadjuntos?2023,19859, HTTP/1.1" 200 10301
190.171.149.74 - - [29/Mar/2023:13:36:51 -0300] "GET /cormun/servlet/trsolicitudadjuntos?2023,19859, HTTP/1.1" 200 10302
190.171.149.74 - - [29/Mar/2023:13:36:56 -0300] "GET /cormun/servlet/trsolicitudot? HTTP/1.1" 200 8609
190.171.149.74 - - [29/Mar/2023:13:36:56 -0300] "GET /cormun/servlet/trsolicitudot? HTTP/1.1" 200 8602
190.171.152.138 - - [29/Mar/2023:13:36:58 -0300] "GET /cormun/servlet/solicitudot?7383b40e8fc6223836d0c7f7155f4ba3ff9f932c90895d547076899374aefc46f2865d61dfdc0e7eb41158a2c80b6fe9cd09def14325d7807b6a88c8b6814644,gx-no-cache=1680110518871 HTTP/1.1" 200 30
190.171.152.138 - - [29/Mar/2023:13:36:59 -0300] "GET /cormun/servlet/solicitudot?7383b40e8fc6223836d0c7f7155f4ba389542f3d8499efe82bbb72aee3d782f0,gx-no-cache=1680110519086 HTTP/1.1" 200 53
190.171.152.138 - - [29/Mar/2023:13:37:03 -0300] "GET /cormun/servlet/solicitudot?7383b40e8fc6223836d0c7f7155f4ba3679ed2d61e9d7d36fe009e9010d5099b9d09bba0d379a33d8c01ff0bced51ec1112fd7a9d34893953b97f2d05001b02c,gx-no-cache=1680110523263 HTTP/1.1" 200 29
190.171.149.74 - - [29/Mar/2023:13:37:13 -0300] "GET /cormun/servlet/solicitudot?INS,0,0,false, HTTP/1.1" 200 15828
190.171.149.74 - - [29/Mar/2023:13:37:13 -0300] "GET /cormun/servlet/solicitudot?INS,0,0,false, HTTP/1.1" 200 15835
190.171.149.74 - - [29/Mar/2023:13:37:24 -0300] "POST /cormun/servlet/solicitudot?gx-no-cache=1680110641524 HTTP/1.1" 200 3953
190.171.149.74 - - [29/Mar/2023:13:37:24 -0300] "POST /cormun/servlet/solicitudot?c0a237bd4b1a3249d1cc67eb68cd4762,INS,0,0,false,,gx-no-cache=1680110641691 HTTP/1.1" 200 12499
190.171.152.138 - - [29/Mar/2023:13:37:27 -0300] "POST /cormun/servlet/solicitudot?gx-no-cache=1680110547535 HTTP/1.1" 200 255
190.171.152.138 - - [29/Mar/2023:13:37:27 -0300] "GET /cormun/servlet/solicitudot?7383b40e8fc6223836d0c7f7155f4ba3352aad0b18eac243a934f97fb32c094fc2caf050873db8a6e47baa7343ad818ac1477fc6b3ef3c0d9a01a5141628668879c2360e3b09c774c166970edecd2666345c523118e9e87563d7564219bd784de5800b29c2b9142bf4190b5fdfdc62f21546cc30a4e615e3ae6b448512d7a518719da25b4b6d20b5e2375f3b6dacca6e99d476218103adcfec662d30725d6653dd119d1f9043cf7d3479822a8c134c12365babbc6e7110376be95b37abc0260a7a1d4cd739516436147a0d93dd262f015e2f19d504fcee302f517187d9b9416b9680ba3b51c162e46a2e6b523c4c1227bae33bb6c6a59cc82a33a8f1c0c327cb17d0e7025f67f518316ed2a6c0f1483a1f7917361fb23116de2174702849349b8439b593e4a56b4581c6ada04ded0004bfc3f7ee910c448b3dff117fe5fbe56ab98a69a576a89829126e9e53bd0a4a717b72c77273e160a7abecbae5ff1d1528bc30543f49884e7f69b7fd71bcc72f3594d4382f90e7a7f45af2671fe2b1c4d6,gx-no-cache=1680110547837 HTTP/1.1" 200 30
190.171.152.138 - - [29/Mar/2023:13:37:29 -0300] "POST /cormun/servlet/solicitudot?gx-no-cache=1680110549049 HTTP/1.1" 200 30
190.171.152.138 - - [29/Mar/2023:13:37:30 -0300] "POST /cormun/servlet/solicitudot?gx-no-cache=1680110550002 HTTP/1.1" 200 1467
190.171.152.138 - - [29/Mar/2023:13:37:30 -0300] "POST /cormun/servlet/solicitudot?gx-no-cache=1680110550064 HTTP/1.1" 200 38
190.171.152.138 - - [29/Mar/2023:13:37:30 -0300] "GET /cormun/servlet/solicitudot?7383b40e8fc6223836d0c7f7155f4ba3f33fefda268e0eaf6559669e12677264bcc0337438374f122043e281b5261eb86b113b133a4ac8af1457775072d7fe5d6af0937658332cdd0ed45119bc9721b66437f0021351f7a2bb7ee257645a5a28f0950979159e6a530cc2f9488cb7aa75,gx-no-cache=1680110550098 HTTP/1.1" 200 110
190.171.149.74 - - [29/Mar/2023:13:37:34 -0300] "GET /cormun/servlet/solicitudot?523dc7be7243333ab9b4a4bc1a300451b02798214bdbe12dfe9111ae07b1c7c65b8e67536e8c9233ebe2df081fc432ab,gx-no-cache=1680110651819 HTTP/1.1" 200 30
190.171.152.138 - - [29/Mar/2023:13:37:54 -0300] "POST /cormun/servlet/solicitudot?gx-no-cache=1680110574824 HTTP/1.1" 200 97
192.168.10.17 - - [29/Mar/2023:13:37:54 -0300] "GET /cormun/servlet/vesolicitudgral?2023,19827,,SolicitudOTAdjuntos HTTP/1.1" 200 11076
192.168.10.17 - - [29/Mar/2023:13:37:54 -0300] "GET /cormun/pexe_scrolldiv.js HTTP/1.1" 404 1009
192.168.10.17 - - [29/Mar/2023:13:37:55 -0300] "GET /cormun/servlet/vesolicitudgral?2023,19827,,SolicitudOTAdjuntos HTTP/1.1" 200 11074
192.168.10.17 - - [29/Mar/2023:13:37:56 -0300] "POST /cormun/servlet/acontrolpreferencessavestate?None,RRHH+DANIELA,true HTTP/1.1" 200 35
192.168.10.17 - - [29/Mar/2023:13:37:57 -0300] "GET /cormun/PublicTempStorage/carnet_%283%299989583.pdf HTTP/1.1" 200 99874
190.171.152.138 - - [29/Mar/2023:13:38:05 -0300] "GET /cormun/servlet/solicitudot?7383b40e8fc6223836d0c7f7155f4ba3817dc5d292ede3e4ada5589d9587e09e9f1f14736338254751b222b6a8ec9d04ad3bd5e36116ca531bec845fbfd079bda0dbc3520d3907e26be84b9a5552e847eeabc2646256a85f0ac015b95a5829bf38dfeb65250d7ef83361918a8e36d55df10d76b5d0fe9c67ca252cc1622bcc20a33f42eae8814147b680a9dae1443cf7787fb20c63ac6725aff61d0aa9574a3f,gx-no-cache=1680110585636 HTTP/1.1" 200 29
190.171.152.138 - - [29/Mar/2023:13:38:07 -0300] "GET /cormun/static/menuarrow.gif HTTP/1.1" 404 1015
192.168.10.17 - - [29/Mar/2023:13:38:12 -0300] "GET /cormun/servlet/vesolicitudgral?2023,19827,,SolicitudOTAdjuntos HTTP/1.1" 200 11074
192.168.10.17 - - [29/Mar/2023:13:38:12 -0300] "GET /cormun/servlet/vesolicitudgral?2023,19827,,SolicitudOTAdjuntos HTTP/1.1" 200 11076
192.168.10.17 - - [29/Mar/2023:13:38:13 -0300] "POST /cormun/servlet/acontrolpreferencessavestate?None,RRHH+DANIELA,true HTTP/1.1" 200 35
192.168.10.17 - - [29/Mar/2023:13:38:14 -0300] "GET /cormun/servlet/vesolicitudgral?2023,19827,,General HTTP/1.1" 200 8342
192.168.10.17 - - [29/Mar/2023:13:38:14 -0300] "GET /cormun/pexe_scrolldiv.js HTTP/1.1" 404 1009
192.168.10.17 - - [29/Mar/2023:13:38:14 -0300] "GET /cormun/servlet/vesolicitudgral?2023,19827,,General HTTP/1.1" 200 8342
192.168.10.17 - - [29/Mar/2023:13:38:23 -0300] "GET /cormun/servlet/vesolicitudgral?2023,19827,,SolicitudOTAdjuntos HTTP/1.1" 200 11078
192.168.10.17 - - [29/Mar/2023:13:38:23 -0300] "GET /cormun/pexe_scrolldiv.js HTTP/1.1" 404 1009
192.168.10.17 - - [29/Mar/2023:13:38:23 -0300] "GET /cormun/servlet/vesolicitudgral?2023,19827,,SolicitudOTAdjuntos HTTP/1.1" 200 11078
192.168.10.17 - - [29/Mar/2023:13:38:24 -0300] "POST /cormun/servlet/acontrolpreferencessavestate?None,RRHH+DANIELA,true HTTP/1.1" 200 35
192.168.10.17 - - [29/Mar/2023:13:38:25 -0300] "GET /cormun/PublicTempStorage/certifico_de_titulo2346123.pdf HTTP/1.1" 200 673013
192.168.10.17 - - [29/Mar/2023:13:38:31 -0300] "GET /cormun/servlet/vesolicitudgral?2023,19827,,SolicitudOTAdjuntos HTTP/1.1" 200 11074
192.168.10.17 - - [29/Mar/2023:13:38:31 -0300] "GET /cormun/servlet/vesolicitudgral?2023,19827,,SolicitudOTAdjuntos HTTP/1.1" 200 11076
192.168.10.17 - - [29/Mar/2023:13:38:32 -0300] "POST /cormun/servlet/acontrolpreferencessavestate?None,RRHH+DANIELA,true HTTP/1.1" 200 35
192.168.10.17 - - [29/Mar/2023:13:38:40 -0300] "GET /cormun/PublicTempStorage/certifico_de_titulo1810534.pdf HTTP/1.1" 200 673013
192.168.10.17 - - [29/Mar/2023:13:38:46 -0300] "GET /cormun/servlet/vesolicitudgral?2023,19827,,SolicitudOTAdjuntos HTTP/1.1" 200 11078
192.168.10.17 - - [29/Mar/2023:13:38:47 -0300] "GET /cormun/servlet/vesolicitudgral?2023,19827,,SolicitudOTAdjuntos HTTP/1.1" 200 11074
192.168.10.17 - - [29/Mar/2023:13:38:48 -0300] "POST /cormun/servlet/acontrolpreferencessavestate?None,RRHH+DANIELA,true HTTP/1.1" 200 35
190.171.152.138 - - [29/Mar/2023:13:38:50 -0300] "GET /cormun/servlet/solicitudot?7383b40e8fc6223836d0c7f7155f4ba32bb63d664cf7e843ea9bb14d2840cc2a7b91fd8c5043fd01d93fef4b299cf412,gx-no-cache=1680110630727 HTTP/1.1" 200 30
192.168.10.17 - - [29/Mar/2023:13:38:51 -0300] "GET /cormun/PublicTempStorage/certifico_de_titulo7460494.pdf HTTP/1.1" 200 673013
192.168.10.17 - - [29/Mar/2023:13:38:58 -0300] "GET /cormun/servlet/vesolicitudgral?2023,19827,,SolicitudOTAdjuntos HTTP/1.1" 200 11079
192.168.10.17 - - [29/Mar/2023:13:38:58 -0300] "GET /cormun/servlet/vesolicitudgral?2023,19827,,SolicitudOTAdjuntos HTTP/1.1" 200 11078
192.168.10.17 - - [29/Mar/2023:13:38:59 -0300] "POST /cormun/servlet/acontrolpreferencessavestate?None,RRHH+DANIELA,true HTTP/1.1" 200 35
190.171.152.138 - - [29/Mar/2023:13:39:12 -0300] "POST /cormun/servlet/solicitudot?gx-no-cache=1680110652694 HTTP/1.1" 200 30
190.171.152.138 - - [29/Mar/2023:13:39:13 -0300] "POST /cormun/servlet/solicitudot?bf45ac098082bdd2a9b7bcc053bba588,INS,0,0,false,,gx-no-cache=1680110652767 HTTP/1.1" 200 93
190.171.152.138 - - [29/Mar/2023:13:39:13 -0300] "GET /cormun/servlet/hpexe_return? HTTP/1.1" 200 1003
190.171.152.138 - - [29/Mar/2023:13:39:13 -0300] "GET /cormun/servlet/trsolicitudot HTTP/1.1" 200 8840
190.171.152.138 - - [29/Mar/2023:13:39:13 -0300] "GET /cormun/servlet/trsolicitudot HTTP/1.1" 200 8836
190.171.149.74 - - [29/Mar/2023:13:39:19 -0300] "GET /cormun/servlet/solicitudot?523dc7be7243333ab9b4a4bc1a3004518081f7cbaa19a9c40ee49e335c6a937302be79656c9216760324f9e748c1f5be7d77499b10a75c71f697c497804d7a5d,gx-no-cache=1680110756463 HTTP/1.1" 200 30
190.171.149.74 - - [29/Mar/2023:13:39:19 -0300] "GET /cormun/servlet/solicitudot?523dc7be7243333ab9b4a4bc1a3004512b24a012bc7bba9e8ee3cf899fd163fd,gx-no-cache=1680110756517 HTTP/1.1" 200 29
190.171.149.74 - - [29/Mar/2023:13:39:20 -0300] "POST /cormun/servlet/solicitudot?gx-no-cache=1680110757483 HTTP/1.1" 200 255
190.171.149.74 - - [29/Mar/2023:13:39:21 -0300] "GET /cormun/servlet/solicitudot?523dc7be7243333ab9b4a4bc1a3004510d5b88844ca569398a7a0343bea5fc52a3de08311f722f5d1c854a668d3c609aaeb145d4d77b5e5bbdfe7de2845345431c1e2d5a9b12c04298ca9fd1261ab7b10e13f655241804c8b455499fc42ad7bc1b725e441a1f6bb00fa37d29c4b8b6cec0d076a2612e9f1ecffb9db55a36dfbf94ccbdd1dd743694aa4286ee7aa20bcc57d93cafce8195c89514e942079885ebab67f4137f36fd0d4930cad14ed485cbd22ceeefa289483135a1bff48bfae4341e1e359f6c1a9d275aaa172cbf66112a251bec3fce4957ce5ce675d788a113f67a437ca39719c396a396e58a343ebcf0408ff7c01050179baf0bc167b2aa764f60bb1f6bd46337a16e554c9f187cb3d8128ca33ee491afcbe7a42bc9dff409a35c0ed9030310e89548dd4d9b7df73ce2ed759b9c1064fb5b98a451cf954b5b2e9d89f13a48620f97ca7f5aac09d1be085f972045ab7805973006b1382146bc6d631c254d271e634eb65e655a3cb0fb63d98db49a379f78b14c25ab216808d262,gx-no-cache=1680110759158 HTTP/1.1" 200 30
190.171.149.74 - - [29/Mar/2023:13:39:24 -0300] "POST /cormun/servlet/solicitudot?gx-no-cache=1680110761848 HTTP/1.1" 200 30
192.168.10.17 - - [29/Mar/2023:13:39:24 -0300] "GET /cormun/PublicTempStorage/certificado_afp_%282%295715837.pdf HTTP/1.1" 200 389182
190.171.152.138 - - [29/Mar/2023:13:39:27 -0300] "POST /cormun/servlet/trsolicitudot?bf45ac098082bdd2a9b7bcc053bba588,gx-no-cache=1680110667480 HTTP/1.1" 200 4830
190.171.152.138 - - [29/Mar/2023:13:39:27 -0300] "GET /cormun/static/Shared/jqueryui/images/ui-bg_highlight-soft_100_c6c2c8_1x100.png HTTP/1.1" 404 1117
190.171.152.138 - - [29/Mar/2023:13:39:27 -0300] "GET /cormun/static/Shared/jqueryui/images/ui-icons_8d78a5_256x240.png HTTP/1.1" 404 1089
190.171.152.138 - - [29/Mar/2023:13:39:27 -0300] "GET /cormun/static/Shared/jqueryui/images/ui-bg_flat_55_fafafa_40x100.png HTTP/1.1" 404 1097
190.171.152.138 - - [29/Mar/2023:13:39:27 -0300] "GET /cormun/static/Shared/jqueryui/images/ui-icons_82798d_256x240.png HTTP/1.1" 404 1089
190.171.152.138 - - [29/Mar/2023:13:39:27 -0300] "POST /cormun/servlet/trsolicitudot?bf45ac098082bdd2a9b7bcc053bba588,gx-no-cache=1680110667699 HTTP/1.1" 200 4599
190.171.149.74 - - [29/Mar/2023:13:39:28 -0300] "POST /cormun/servlet/solicitudot?gx-no-cache=1680110766319 HTTP/1.1" 200 30
190.171.152.138 - - [29/Mar/2023:13:39:34 -0300] "POST /cormun/servlet/trsolicitudot?bf45ac098082bdd2a9b7bcc053bba588,gx-no-cache=1680110674566 HTTP/1.1" 200 6523
190.171.149.74 - - [29/Mar/2023:13:39:35 -0300] "POST /cormun/servlet/solicitudot?gx-no-cache=1680110772594 HTTP/1.1" 200 255
190.171.149.74 - - [29/Mar/2023:13:39:37 -0300] "GET /cormun/servlet/solicitudot?523dc7be7243333ab9b4a4bc1a3004510d5b88844ca569398a7a0343bea5fc52f374d03a02a65a1ccfe1791c63be5d7aaeb145d4d77b5e5bbdfe7de2845345431c1e2d5a9b12c04298ca9fd1261ab7b10e13f655241804c8b455499fc42ad7bc1b725e441a1f6bb00fa37d29c4b8b6cec0d076a2612e9f1ecffb9db55a36dfbf94ccbdd1dd743694aa4286ee7aa20bcc57d93cafce8195c89514e942079885ebab67f4137f36fd0d4930cad14ed485cbd22ceeefa289483135a1bff48bfae4341e1e359f6c1a9d275aaa172cbf66112a251bec3fce4957ce5ce675d788a113f67a437ca39719c396a396e58a343ebcf0408ff7c01050179baf0bc167b2aa764f60bb1f6bd46337a16e554c9f187cb3d8d04125e40f19baa20d8dc99066e38a46e2736a3256dab3adeae3aa67803af114a658ef28a1ae718603c8332080b530e82a984b97807ee9188e368dcfd6fae256099ae25b45e0710e87bce4b2473802b37d6b01dcdf9fbd8846930a85b08722c704974a7d9d283bd2089d7506446150d0,gx-no-cache=1680110775113 HTTP/1.1" 200 30
190.171.152.138 - - [29/Mar/2023:13:39:38 -0300] "POST /cormun/servlet/trsolicitudot?bf45ac098082bdd2a9b7bcc053bba588,gx-no-cache=1680110678364 HTTP/1.1" 200 6031
190.171.152.138 - - [29/Mar/2023:13:39:41 -0300] "POST /cormun/servlet/trsolicitudot?bf45ac098082bdd2a9b7bcc053bba588,gx-no-cache=1680110681264 HTTP/1.1" 200 6008
190.171.149.74 - - [29/Mar/2023:13:39:41 -0300] "POST /cormun/servlet/solicitudot?gx-no-cache=1680110778849 HTTP/1.1" 200 30
190.171.149.74 - - [29/Mar/2023:13:39:41 -0300] "POST /cormun/servlet/solicitudot?gx-no-cache=1680110778917 HTTP/1.1" 200 1466
190.171.149.74 - - [29/Mar/2023:13:39:41 -0300] "POST /cormun/servlet/solicitudot?gx-no-cache=1680110778986 HTTP/1.1" 200 38
190.171.152.138 - - [29/Mar/2023:13:39:43 -0300] "GET /cormun/servlet/trautorizarsolicitud? HTTP/1.1" 200 7339
190.171.152.138 - - [29/Mar/2023:13:39:43 -0300] "GET /cormun/servlet/trautorizarsolicitud? HTTP/1.1" 200 7339
190.171.152.138 - - [29/Mar/2023:13:39:48 -0300] "POST /cormun/servlet/trautorizarsolicitud?bf45ac098082bdd2a9b7bcc053bba588,,gx-no-cache=1680110688711 HTTP/1.1" 200 5956
190.171.152.138 - - [29/Mar/2023:13:39:50 -0300] "POST /cormun/servlet/trautorizarsolicitud?bf45ac098082bdd2a9b7bcc053bba588,,gx-no-cache=1680110690701 HTTP/1.1" 200 4760
190.171.152.138 - - [29/Mar/2023:13:39:50 -0300] "GET /cormun/static/Shared/jqueryui/images/ui-bg_highlight-soft_100_c6c2c8_1x100.png HTTP/1.1" 404 1117
190.171.152.138 - - [29/Mar/2023:13:39:50 -0300] "GET /cormun/static/Shared/jqueryui/images/ui-bg_flat_55_fafafa_40x100.png HTTP/1.1" 404 1097
190.171.152.138 - - [29/Mar/2023:13:39:50 -0300] "GET /cormun/static/Shared/jqueryui/images/ui-icons_8d78a5_256x240.png HTTP/1.1" 404 1089
190.171.152.138 - - [29/Mar/2023:13:39:50 -0300] "GET /cormun/static/Shared/jqueryui/images/ui-icons_82798d_256x240.png HTTP/1.1" 404 1089
190.171.152.138 - - [29/Mar/2023:13:39:51 -0300] "POST /cormun/servlet/trautorizarsolicitud?bf45ac098082bdd2a9b7bcc053bba588,,gx-no-cache=1680110690928 HTTP/1.1" 200 4531
88.99.136.18 - - [29/Mar/2023:13:39:51 -0300] "GET /cormun/servlet/hlogin HTTP/1.1" 200 1722
190.171.152.138 - - [29/Mar/2023:13:39:56 -0300] "POST /cormun/servlet/trautorizarsolicitud?bf45ac098082bdd2a9b7bcc053bba588,,gx-no-cache=1680110696821 HTTP/1.1" 200 6847
192.168.10.17 - - [29/Mar/2023:13:39:57 -0300] "GET /cormun/servlet/vesolicitudgral?2023,19827,,SolicitudOTAdjuntos HTTP/1.1" 200 11079
192.168.10.17 - - [29/Mar/2023:13:39:58 -0300] "GET /cormun/servlet/vesolicitudgral?2023,19827,,SolicitudOTAdjuntos HTTP/1.1" 200 11076
192.168.10.17 - - [29/Mar/2023:13:39:58 -0300] "POST /cormun/servlet/acontrolpreferencessavestate?None,RRHH+DANIELA,true HTTP/1.1" 200 35
192.168.10.17 - - [29/Mar/2023:13:39:59 -0300] "GET /cormun/PublicTempStorage/certificado_fonasa_%284%297502465.pdf HTTP/1.1" 200 71817
192.168.10.17 - - [29/Mar/2023:13:40:04 -0300] "GET /cormun/servlet/vesolicitudgral?2023,19827,,SolicitudOTAdjuntos HTTP/1.1" 200 11078
192.168.10.17 - - [29/Mar/2023:13:40:04 -0300] "GET /cormun/servlet/vesolicitudgral?2023,19827,,SolicitudOTAdjuntos HTTP/1.1" 200 11079
190.171.149.74 - - [29/Mar/2023:13:40:05 -0300] "GET /cormun/servlet/solicitudot?523dc7be7243333ab9b4a4bc1a30045160878c1a4a99a153841e680ed48515c566ed4b8a7e52888c26771e982b9eb0a7f627caecb7010dd2fdd542d23f82d43a6e1aa6f8cab1f45361dc4a44ebc0f0bbcd592e8a920880d3ab7ff86c4f561976861a3ffa812e6ec0d1ac401dfca156fa,gx-no-cache=1680110802747 HTTP/1.1" 200 110
192.168.10.17 - - [29/Mar/2023:13:40:05 -0300] "POST /cormun/servlet/acontrolpreferencessavestate?None,RRHH+DANIELA,true HTTP/1.1" 200 35
190.171.152.138 - - [29/Mar/2023:13:40:05 -0300] "POST /cormun/servlet/trautorizarsolicitud?bf45ac098082bdd2a9b7bcc053bba588,,gx-no-cache=1680110705654 HTTP/1.1" 200 109
190.171.152.138 - - [29/Mar/2023:13:40:05 -0300] "POST /cormun/servlet/trautorizarsolicitud?bf45ac098082bdd2a9b7bcc053bba588,,gx-no-cache=1680110705822 HTTP/1.1" 200 6825
190.171.152.138 - - [29/Mar/2023:13:40:06 -0300] "GET /cormun/AutorizarSolicitud-1013.xls HTTP/1.1" 200 6144
190.171.149.74 - - [29/Mar/2023:13:40:06 -0300] "POST /cormun/servlet/solicitudot?gx-no-cache=1680110804244 HTTP/1.1" 200 64
186.189.91.118 - - [29/Mar/2023:13:40:15 -0300] "GET /cormun/servlet/hlogin HTTP/1.1" 200 1722
190.171.149.74 - - [29/Mar/2023:13:40:15 -0300] "POST /cormun/servlet/solicitudot?gx-no-cache=1680110813203 HTTP/1.1" 200 72
186.189.91.118 - - [29/Mar/2023:13:40:16 -0300] "GET /cormun/static/gxtimezone.js?85251 HTTP/1.1" 200 5781
186.189.91.118 - - [29/Mar/2023:13:40:16 -0300] "GET /cormun/static/gxcfg.js?2022112219184450 HTTP/1.1" 200 953
186.189.91.118 - - [29/Mar/2023:13:40:16 -0300] "GET /cormun/static/Resources/Spanish/PXTools.css?1759030 HTTP/1.1" 200 100853
186.189.91.118 - - [29/Mar/2023:13:40:16 -0300] "GET /cormun/static/messages.spa.js?85251 HTTP/1.1" 200 30736
186.189.91.118 - - [29/Mar/2023:13:40:17 -0300] "GET /cormun/static/hlogin.js?2022112219184458 HTTP/1.1" 200 2156
186.189.91.118 - - [29/Mar/2023:13:40:17 -0300] "GET /cormun/static/Resources/CormunLogin.png HTTP/1.1" 200 19132
190.171.149.74 - - [29/Mar/2023:13:40:23 -0300] "GET /cormun/servlet/solicitudot?523dc7be7243333ab9b4a4bc1a300451fb5d479d24ef2c63b6b988a800538e4dd42c43b2e54d8dbaac2e7d41eea8a8eb68e2d226e67240e39bae0bb66e6f5c48ee1c23ca140667c56b2ae61f2e17b678a8bc500b0bc18803a17ef5419d57bd0120ce73918bed4a77540a0e8dfc6a81ae,gx-no-cache=1680110821084 HTTP/1.1" 200 29
190.171.149.74 - - [29/Mar/2023:13:40:23 -0300] "GET /cormun/static/menuarrow.gif HTTP/1.1" 404 1015
190.171.149.74 - - [29/Mar/2023:13:40:28 -0300] "GET /cormun/servlet/solicitudot?523dc7be7243333ab9b4a4bc1a300451f13ee2b2c7a9cbbf146f2b9e76d3ad0a238cf8542cf74cd24384df96be41e82d,gx-no-cache=1680110825610 HTTP/1.1" 200 30
192.168.10.17 - - [29/Mar/2023:13:40:31 -0300] "GET /cormun/servlet/vesolicitudgral?2023,19827,,General HTTP/1.1" 200 8342
192.168.10.17 - - [29/Mar/2023:13:40:31 -0300] "GET /cormun/pexe_scrolldiv.js HTTP/1.1" 404 1009
192.168.10.17 - - [29/Mar/2023:13:40:32 -0300] "GET /cormun/servlet/vesolicitudgral?2023,19827,,General HTTP/1.1" 200 8342
190.171.149.74 - - [29/Mar/2023:13:40:35 -0300] "POST /cormun/servlet/solicitudot?gx-no-cache=1680110833114 HTTP/1.1" 200 30
190.171.149.74 - - [29/Mar/2023:13:40:38 -0300] "POST /cormun/servlet/solicitudot?c0a237bd4b1a3249d1cc67eb68cd4762,INS,0,0,false,,gx-no-cache=1680110835626 HTTP/1.1" 200 93
190.171.149.74 - - [29/Mar/2023:13:40:38 -0300] "GET /cormun/servlet/hpexe_return? HTTP/1.1" 200 1004
190.171.149.74 - - [29/Mar/2023:13:40:38 -0300] "GET /cormun/servlet/trsolicitudot HTTP/1.1" 200 8926
190.171.149.74 - - [29/Mar/2023:13:40:39 -0300] "GET /cormun/servlet/trsolicitudot HTTP/1.1" 200 8922
186.189.91.118 - - [29/Mar/2023:13:40:39 -0300] "GET /cormun/static/gxgral.js?85251 HTTP/1.1" 200 384558
186.189.91.118 - - [29/Mar/2023:13:40:40 -0300] "GET /cormun/static/Resources/PXToolsLoginTop.png HTTP/1.1" 200 1337
186.189.91.118 - - [29/Mar/2023:13:40:40 -0300] "GET /cormun/static/Resources/PXToolsLoginBackground.png HTTP/1.1" 200 1164
186.189.91.118 - - [29/Mar/2023:13:40:40 -0300] "GET /cormun/static/Resources/PXToolsButtonLeft.png HTTP/1.1" 200 1310
186.189.91.118 - - [29/Mar/2023:13:40:40 -0300] "GET /cormun/servlet/hlogin HTTP/1.1" 200 1732
186.189.91.118 - - [29/Mar/2023:13:40:40 -0300] "GET /cormun/static/Resources/PXToolsButtonRight.png HTTP/1.1" 200 1294
186.189.91.118 - - [29/Mar/2023:13:40:40 -0300] "GET /cormun/static/Resources/PXToolsButtonBackground.png HTTP/1.1" 200 1176
186.189.91.118 - - [29/Mar/2023:13:40:40 -0300] "GET /cormun/static/Resources/PXToolsLoginBottom.png HTTP/1.1" 200 1389
186.189.91.118 - - [29/Mar/2023:13:40:40 -0300] "GET /cormun/static/Resources/indicator.gif HTTP/1.1" 200 1553
186.189.91.118 - - [29/Mar/2023:13:40:40 -0300] "GET /cormun/static/Resources/PXToolsLoginBottom.png HTTP/1.1" 200 1389
186.189.91.118 - - [29/Mar/2023:13:40:40 -0300] "GET /cormun/static/Resources/indicator.gif HTTP/1.1" 200 1553
186.189.91.118 - - [29/Mar/2023:13:40:40 -0300] "GET /favicon.ico HTTP/1.1" 200 21630
190.171.149.74 - - [29/Mar/2023:13:41:08 -0300] "POST /cormun/servlet/trsolicitudot?c0a237bd4b1a3249d1cc67eb68cd4762,gx-no-cache=1680110866070 HTTP/1.1" 200 107
190.171.149.74 - - [29/Mar/2023:13:41:08 -0300] "GET /cormun/servlet/trsolicitudadjuntos?2023,19861, HTTP/1.1" 200 6084
190.171.149.74 - - [29/Mar/2023:13:41:09 -0300] "GET /cormun/servlet/trsolicitudadjuntos?2023,19861, HTTP/1.1" 200 6084
190.171.149.74 - - [29/Mar/2023:13:41:11 -0300] "GET /cormun/servlet/solicitudotadjuntos?INS,2023,19861,,1, HTTP/1.1" 200 6031
190.171.149.74 - - [29/Mar/2023:13:41:11 -0300] "GET /cormun/static/about:blank HTTP/1.1" 404 1011
190.171.149.74 - - [29/Mar/2023:13:41:11 -0300] "GET /cormun/servlet/solicitudotadjuntos?INS,2023,19861,,1, HTTP/1.1" 200 6025
190.171.149.74 - - [29/Mar/2023:13:41:11 -0300] "GET /cormun/servlet/solicitudotadjuntos?523dc7be7243333ab9b4a4bc1a300451d24209157e159865dfb839a0d14016fe6f58a5b74974d4818a04a21a7f304f58,gx-no-cache=1680110869378 HTTP/1.1" 200 30
190.171.149.74 - - [29/Mar/2023:13:41:12 -0300] "POST /cormun/servlet/solicitudotadjuntos?c0a237bd4b1a3249d1cc67eb68cd4762,INS,2023,19861,,1,,gx-no-cache=1680110869418 HTTP/1.1" 200 3898
190.171.149.74 - - [29/Mar/2023:13:41:14 -0300] "POST /cormun/servlet/solicitudotadjuntos?gx-no-cache=1680110871709 HTTP/1.1" 200 26
190.171.149.74 - - [29/Mar/2023:13:41:21 -0300] "GET /cormun/servlet/solicitudotadjuntos?523dc7be7243333ab9b4a4bc1a300451aef6468643d84ffe3dcf1a9ed792826a,gx-no-cache=1680110878671 HTTP/1.1" 200 30
190.171.149.74 - - [29/Mar/2023:13:41:21 -0300] "GET /cormun/servlet/solicitudotadjuntos?523dc7be7243333ab9b4a4bc1a300451aef6468643d84ffe3dcf1a9ed792826a,gx-no-cache=1680110878703 HTTP/1.1" 200 30
190.171.149.74 - - [29/Mar/2023:13:41:22 -0300] "POST /cormun/servlet/solicitudotadjuntos?c0a237bd4b1a3249d1cc67eb68cd4762,INS,2023,19861,,1, HTTP/1.1" 200 116
190.171.149.74 - - [29/Mar/2023:13:41:22 -0300] "GET /cormun/servlet/hpexe_return? HTTP/1.1" 200 1021
190.171.149.74 - - [29/Mar/2023:13:41:22 -0300] "GET /cormun/servlet/trsolicitudadjuntos?2023,19861, HTTP/1.1" 200 8981
190.171.149.74 - - [29/Mar/2023:13:41:22 -0300] "GET /cormun/servlet/trsolicitudadjuntos?2023,19861, HTTP/1.1" 200 8978
190.171.149.74 - - [29/Mar/2023:13:41:30 -0300] "GET /cormun/servlet/solicitudotadjuntos?INS,2023,19861,,1, HTTP/1.1" 200 6032
190.171.149.74 - - [29/Mar/2023:13:41:31 -0300] "GET /cormun/static/about:blank HTTP/1.1" 404 1011
190.171.149.74 - - [29/Mar/2023:13:41:31 -0300] "GET /cormun/servlet/solicitudotadjuntos?INS,2023,19861,,1, HTTP/1.1" 200 6025
190.171.149.74 - - [29/Mar/2023:13:41:31 -0300] "GET /cormun/servlet/solicitudotadjuntos?523dc7be7243333ab9b4a4bc1a300451d24209157e159865dfb839a0d14016fe6f58a5b74974d4818a04a21a7f304f58,gx-no-cache=1680110889081 HTTP/1.1" 200 30
190.171.149.74 - - [29/Mar/2023:13:41:31 -0300] "POST /cormun/servlet/solicitudotadjuntos?c0a237bd4b1a3249d1cc67eb68cd4762,INS,2023,19861,,1,,gx-no-cache=1680110889114 HTTP/1.1" 200 3898
190.171.149.74 - - [29/Mar/2023:13:41:33 -0300] "POST /cormun/servlet/solicitudotadjuntos?gx-no-cache=1680110891186 HTTP/1.1" 200 26
190.171.149.74 - - [29/Mar/2023:13:41:40 -0300] "GET /cormun/servlet/solicitudotadjuntos?523dc7be7243333ab9b4a4bc1a300451aef6468643d84ffe3dcf1a9ed792826a,gx-no-cache=1680110898067 HTTP/1.1" 200 30
190.171.149.74 - - [29/Mar/2023:13:41:40 -0300] "GET /cormun/servlet/solicitudotadjuntos?523dc7be7243333ab9b4a4bc1a300451aef6468643d84ffe3dcf1a9ed792826a,gx-no-cache=1680110898109 HTTP/1.1" 200 30
190.171.149.74 - - [29/Mar/2023:13:41:41 -0300] "POST /cormun/servlet/solicitudotadjuntos?c0a237bd4b1a3249d1cc67eb68cd4762,INS,2023,19861,,1, HTTP/1.1" 200 116
190.171.149.74 - - [29/Mar/2023:13:41:41 -0300] "GET /cormun/servlet/hpexe_return? HTTP/1.1" 200 1021
190.171.149.74 - - [29/Mar/2023:13:41:41 -0300] "GET /cormun/servlet/trsolicitudadjuntos?2023,19861, HTTP/1.1" 200 9323
190.171.149.74 - - [29/Mar/2023:13:41:41 -0300] "GET /cormun/servlet/trsolicitudadjuntos?2023,19861, HTTP/1.1" 200 9321
190.171.149.74 - - [29/Mar/2023:13:41:44 -0300] "GET /cormun/servlet/solicitudotadjuntos?INS,2023,19861,,1, HTTP/1.1" 200 6032
190.171.149.74 - - [29/Mar/2023:13:41:44 -0300] "GET /cormun/static/about:blank HTTP/1.1" 404 1011
190.171.149.74 - - [29/Mar/2023:13:41:44 -0300] "GET /cormun/servlet/solicitudotadjuntos?INS,2023,19861,,1, HTTP/1.1" 200 6025
190.171.149.74 - - [29/Mar/2023:13:41:44 -0300] "GET /cormun/servlet/solicitudotadjuntos?523dc7be7243333ab9b4a4bc1a300451d24209157e159865dfb839a0d14016fe6f58a5b74974d4818a04a21a7f304f58,gx-no-cache=1680110902351 HTTP/1.1" 200 30
190.171.149.74 - - [29/Mar/2023:13:41:44 -0300] "POST /cormun/servlet/solicitudotadjuntos?c0a237bd4b1a3249d1cc67eb68cd4762,INS,2023,19861,,1,,gx-no-cache=1680110902373 HTTP/1.1" 200 3898
190.171.149.74 - - [29/Mar/2023:13:41:47 -0300] "POST /cormun/servlet/solicitudotadjuntos?gx-no-cache=1680110904585 HTTP/1.1" 200 26
190.171.149.74 - - [29/Mar/2023:13:41:55 -0300] "GET /cormun/servlet/solicitudotadjuntos?523dc7be7243333ab9b4a4bc1a300451aef6468643d84ffe3dcf1a9ed792826a,gx-no-cache=1680110912900 HTTP/1.1" 200 30
190.171.149.74 - - [29/Mar/2023:13:41:55 -0300] "GET /cormun/servlet/solicitudotadjuntos?523dc7be7243333ab9b4a4bc1a300451aef6468643d84ffe3dcf1a9ed792826a,gx-no-cache=1680110912921 HTTP/1.1" 200 30
190.171.149.74 - - [29/Mar/2023:13:41:55 -0300] "POST /cormun/servlet/solicitudotadjuntos?c0a237bd4b1a3249d1cc67eb68cd4762,INS,2023,19861,,1, HTTP/1.1" 200 116
190.171.149.74 - - [29/Mar/2023:13:41:55 -0300] "GET /cormun/servlet/hpexe_return? HTTP/1.1" 200 1021
190.171.149.74 - - [29/Mar/2023:13:41:55 -0300] "GET /cormun/servlet/trsolicitudadjuntos?2023,19861, HTTP/1.1" 200 9540
190.171.149.74 - - [29/Mar/2023:13:41:56 -0300] "GET /cormun/servlet/trsolicitudadjuntos?2023,19861, HTTP/1.1" 200 9538
190.171.149.74 - - [29/Mar/2023:13:41:59 -0300] "GET /cormun/servlet/solicitudotadjuntos?INS,2023,19861,,1, HTTP/1.1" 200 6032
190.171.149.74 - - [29/Mar/2023:13:41:59 -0300] "GET /cormun/static/about:blank HTTP/1.1" 404 1011
190.171.149.74 - - [29/Mar/2023:13:41:59 -0300] "GET /cormun/servlet/solicitudotadjuntos?INS,2023,19861,,1, HTTP/1.1" 200 6025
190.171.149.74 - - [29/Mar/2023:13:42:00 -0300] "GET /cormun/servlet/solicitudotadjuntos?523dc7be7243333ab9b4a4bc1a300451d24209157e159865dfb839a0d14016fe6f58a5b74974d4818a04a21a7f304f58,gx-no-cache=1680110917535 HTTP/1.1" 200 30
190.171.149.74 - - [29/Mar/2023:13:42:00 -0300] "POST /cormun/servlet/solicitudotadjuntos?c0a237bd4b1a3249d1cc67eb68cd4762,INS,2023,19861,,1,,gx-no-cache=1680110917554 HTTP/1.1" 200 3898
190.171.149.74 - - [29/Mar/2023:13:42:03 -0300] "POST /cormun/servlet/solicitudotadjuntos?gx-no-cache=1680110921044 HTTP/1.1" 200 26
190.171.149.74 - - [29/Mar/2023:13:42:11 -0300] "GET /cormun/servlet/solicitudotadjuntos?523dc7be7243333ab9b4a4bc1a300451aef6468643d84ffe3dcf1a9ed792826a,gx-no-cache=1680110928613 HTTP/1.1" 200 30
190.171.149.74 - - [29/Mar/2023:13:42:11 -0300] "GET /cormun/servlet/solicitudotadjuntos?523dc7be7243333ab9b4a4bc1a300451aef6468643d84ffe3dcf1a9ed792826a,gx-no-cache=1680110928633 HTTP/1.1" 200 30
190.171.149.74 - - [29/Mar/2023:13:42:11 -0300] "POST /cormun/servlet/solicitudotadjuntos?c0a237bd4b1a3249d1cc67eb68cd4762,INS,2023,19861,,1, HTTP/1.1" 200 116
190.171.149.74 - - [29/Mar/2023:13:42:11 -0300] "GET /cormun/servlet/hpexe_return? HTTP/1.1" 200 1021
190.171.149.74 - - [29/Mar/2023:13:42:11 -0300] "GET /cormun/servlet/trsolicitudadjuntos?2023,19861, HTTP/1.1" 200 9807
190.171.149.74 - - [29/Mar/2023:13:42:11 -0300] "GET /cormun/servlet/trsolicitudadjuntos?2023,19861, HTTP/1.1" 200 9805
190.171.149.74 - - [29/Mar/2023:13:42:14 -0300] "GET /cormun/servlet/solicitudotadjuntos?INS,2023,19861,,1, HTTP/1.1" 200 6032
190.171.149.74 - - [29/Mar/2023:13:42:14 -0300] "GET /cormun/static/about:blank HTTP/1.1" 404 1011
190.171.149.74 - - [29/Mar/2023:13:42:14 -0300] "GET /cormun/servlet/solicitudotadjuntos?INS,2023,19861,,1, HTTP/1.1" 200 6025
190.171.149.74 - - [29/Mar/2023:13:42:15 -0300] "GET /cormun/servlet/solicitudotadjuntos?523dc7be7243333ab9b4a4bc1a300451d24209157e159865dfb839a0d14016fe6f58a5b74974d4818a04a21a7f304f58,gx-no-cache=1680110932498 HTTP/1.1" 200 30
190.171.149.74 - - [29/Mar/2023:13:42:15 -0300] "POST /cormun/servlet/solicitudotadjuntos?c0a237bd4b1a3249d1cc67eb68cd4762,INS,2023,19861,,1,,gx-no-cache=1680110932516 HTTP/1.1" 200 3898
190.171.149.74 - - [29/Mar/2023:13:42:20 -0300] "POST /cormun/servlet/solicitudotadjuntos?gx-no-cache=1680110938270 HTTP/1.1" 200 26
190.171.149.74 - - [29/Mar/2023:13:42:27 -0300] "GET /cormun/servlet/solicitudotadjuntos?523dc7be7243333ab9b4a4bc1a300451aef6468643d84ffe3dcf1a9ed792826a,gx-no-cache=1680110945045 HTTP/1.1" 200 30
190.171.149.74 - - [29/Mar/2023:13:42:27 -0300] "GET /cormun/servlet/solicitudotadjuntos?523dc7be7243333ab9b4a4bc1a300451aef6468643d84ffe3dcf1a9ed792826a,gx-no-cache=1680110945063 HTTP/1.1" 200 30
190.171.149.74 - - [29/Mar/2023:13:42:27 -0300] "POST /cormun/servlet/solicitudotadjuntos?c0a237bd4b1a3249d1cc67eb68cd4762,INS,2023,19861,,1, HTTP/1.1" 200 116
190.171.149.74 - - [29/Mar/2023:13:42:27 -0300] "GET /cormun/servlet/hpexe_return? HTTP/1.1" 200 1021
190.171.149.74 - - [29/Mar/2023:13:42:28 -0300] "GET /cormun/servlet/trsolicitudadjuntos?2023,19861, HTTP/1.1" 200 10104
190.171.149.74 - - [29/Mar/2023:13:42:28 -0300] "GET /cormun/servlet/trsolicitudadjuntos?2023,19861, HTTP/1.1" 200 10103
190.171.149.74 - - [29/Mar/2023:13:42:30 -0300] "GET /cormun/servlet/solicitudotadjuntos?INS,2023,19861,,1, HTTP/1.1" 200 6031
190.171.149.74 - - [29/Mar/2023:13:42:31 -0300] "GET /cormun/static/about:blank HTTP/1.1" 404 1011
190.171.149.74 - - [29/Mar/2023:13:42:31 -0300] "GET /cormun/servlet/solicitudotadjuntos?INS,2023,19861,,1, HTTP/1.1" 200 6024
190.171.149.74 - - [29/Mar/2023:13:42:31 -0300] "GET /cormun/servlet/solicitudotadjuntos?523dc7be7243333ab9b4a4bc1a300451d24209157e159865dfb839a0d14016fe6f58a5b74974d4818a04a21a7f304f58,gx-no-cache=1680110949010 HTTP/1.1" 200 30
190.171.149.74 - - [29/Mar/2023:13:42:31 -0300] "POST /cormun/servlet/solicitudotadjuntos?c0a237bd4b1a3249d1cc67eb68cd4762,INS,2023,19861,,1,,gx-no-cache=1680110949033 HTTP/1.1" 200 3897
190.171.149.74 - - [29/Mar/2023:13:42:34 -0300] "POST /cormun/servlet/solicitudotadjuntos?gx-no-cache=1680110952346 HTTP/1.1" 200 26
190.171.149.74 - - [29/Mar/2023:13:42:44 -0300] "GET /cormun/servlet/solicitudotadjuntos?523dc7be7243333ab9b4a4bc1a300451aef6468643d84ffe3dcf1a9ed792826a,gx-no-cache=1680110962039 HTTP/1.1" 200 30
190.171.149.74 - - [29/Mar/2023:13:42:44 -0300] "GET /cormun/servlet/solicitudotadjuntos?523dc7be7243333ab9b4a4bc1a300451aef6468643d84ffe3dcf1a9ed792826a,gx-no-cache=1680110962057 HTTP/1.1" 200 30
190.171.149.74 - - [29/Mar/2023:13:42:45 -0300] "POST /cormun/servlet/solicitudotadjuntos?c0a237bd4b1a3249d1cc67eb68cd4762,INS,2023,19861,,1, HTTP/1.1" 200 116
190.171.149.74 - - [29/Mar/2023:13:42:45 -0300] "GET /cormun/servlet/hpexe_return? HTTP/1.1" 200 1021
190.171.149.74 - - [29/Mar/2023:13:42:45 -0300] "GET /cormun/servlet/trsolicitudadjuntos?2023,19861, HTTP/1.1" 200 10301
190.171.149.74 - - [29/Mar/2023:13:42:45 -0300] "GET /cormun/servlet/trsolicitudadjuntos?2023,19861, HTTP/1.1" 200 10299
190.171.152.114 - - [29/Mar/2023:13:42:58 -0300] "GET /cormun/servlet/trsolicitudot? HTTP/1.1" 200 6333
190.171.152.114 - - [29/Mar/2023:13:42:58 -0300] "GET /cormun/servlet/hlogin HTTP/1.1" 200 1742
190.171.152.114 - - [29/Mar/2023:13:42:58 -0300] "GET /cormun/servlet/trsolicitudot? HTTP/1.1" 200 6327
190.171.149.74 - - [29/Mar/2023:13:43:07 -0300] "GET /cormun/servlet/trsolicitudot? HTTP/1.1" 200 8929
192.168.10.17 - - [29/Mar/2023:13:43:07 -0300] "GET /cormun/servlet/trsolicitudgral? HTTP/1.1" 200 18303
190.171.149.74 - - [29/Mar/2023:13:43:07 -0300] "GET /cormun/servlet/trsolicitudot? HTTP/1.1" 200 8922
192.168.10.17 - - [29/Mar/2023:13:43:07 -0300] "GET /cormun/servlet/trsolicitudgral? HTTP/1.1" 200 18296
190.171.152.114 - - [29/Mar/2023:13:43:12 -0300] "POST /cormun/servlet/hlogin?65ce279787df5846ca14fdf2878b1b08,gx-no-cache=1680107270034 HTTP/1.1" 200 90
190.171.152.114 - - [29/Mar/2023:13:43:13 -0300] "GET /cormun/servlet/hpexe_link HTTP/1.1" 200 959
190.171.152.114 - - [29/Mar/2023:13:43:13 -0300] "GET /cormun/servlet/trsolicitudot HTTP/1.1" 200 7370
190.171.152.114 - - [29/Mar/2023:13:43:13 -0300] "GET /cormun/servlet/trsolicitudot HTTP/1.1" 200 7369
192.168.10.17 - - [29/Mar/2023:13:43:15 -0300] "GET /cormun/servlet/vesolicitudgral?2023,19821,, HTTP/1.1" 200 8416
192.168.10.17 - - [29/Mar/2023:13:43:15 -0300] "GET /cormun/pexe_scrolldiv.js HTTP/1.1" 404 1009
192.168.10.17 - - [29/Mar/2023:13:43:15 -0300] "GET /cormun/servlet/vesolicitudgral?2023,19821,, HTTP/1.1" 200 8416
190.171.152.114 - - [29/Mar/2023:13:43:17 -0300] "GET /cormun/servlet/trautorizarsolicitud? HTTP/1.1" 200 7449
190.171.152.114 - - [29/Mar/2023:13:43:17 -0300] "GET /cormun/servlet/trautorizarsolicitud? HTTP/1.1" 200 7449
190.171.152.114 - - [29/Mar/2023:13:43:20 -0300] "GET /cormun/servlet/trcargahoraria? HTTP/1.1" 200 6732
190.171.152.114 - - [29/Mar/2023:13:43:20 -0300] "GET /cormun/static/gxcfg.js?202012113392337 HTTP/1.1" 200 953
190.171.152.114 - - [29/Mar/2023:13:43:20 -0300] "GET /cormun/static/trcargahoraria.js?202012113392783 HTTP/1.1" 200 28768
190.171.152.114 - - [29/Mar/2023:13:43:21 -0300] "GET /cormun/servlet/trcargahoraria? HTTP/1.1" 200 6731
190.171.152.114 - - [29/Mar/2023:13:43:27 -0300] "GET /cormun/servlet/trcontratounov2? HTTP/1.1" 200 17825
190.171.152.114 - - [29/Mar/2023:13:43:27 -0300] "GET /cormun/static/gxcfg.js?2020121614367 HTTP/1.1" 200 953
190.171.152.114 - - [29/Mar/2023:13:43:27 -0300] "GET /cormun/static/trcontratounov2.js?20201216143065 HTTP/1.1" 200 38486
190.171.152.114 - - [29/Mar/2023:13:43:27 -0300] "GET /cormun/static/Resources/PXToolsAddSelectedAction.png HTTP/1.1" 200 523
190.171.152.114 - - [29/Mar/2023:13:43:27 -0300] "GET /cormun/servlet/trcontratounov2? HTTP/1.1" 200 17834
190.171.149.74 - - [29/Mar/2023:13:43:43 -0300] "POST /cormun/servlet/trsolicitudot?c0a237bd4b1a3249d1cc67eb68cd4762,,gx-no-cache=1680111020663 HTTP/1.1" 200 5799
190.171.149.74 - - [29/Mar/2023:13:43:43 -0300] "GET /cormun/static/Shared/jqueryui/images/ui-bg_highlight-soft_100_c6c2c8_1x100.png HTTP/1.1" 404 1117
190.171.149.74 - - [29/Mar/2023:13:43:43 -0300] "GET /cormun/static/Shared/jqueryui/images/ui-icons_82798d_256x240.png HTTP/1.1" 404 1089
190.171.149.74 - - [29/Mar/2023:13:43:43 -0300] "GET /cormun/static/Shared/jqueryui/images/ui-icons_8d78a5_256x240.png HTTP/1.1" 404 1089
190.171.149.74 - - [29/Mar/2023:13:43:43 -0300] "GET /cormun/static/Shared/jqueryui/images/ui-bg_flat_55_fafafa_40x100.png HTTP/1.1" 404 1097
190.171.149.74 - - [29/Mar/2023:13:43:43 -0300] "POST /cormun/servlet/trsolicitudot?c0a237bd4b1a3249d1cc67eb68cd4762,,gx-no-cache=1680111021052 HTTP/1.1" 200 5745
190.171.149.74 - - [29/Mar/2023:13:43:45 -0300] "POST /cormun/servlet/trsolicitudot?c0a237bd4b1a3249d1cc67eb68cd4762,,gx-no-cache=1680111022708 HTTP/1.1" 200 4583
190.171.149.74 - - [29/Mar/2023:13:43:45 -0300] "POST /cormun/servlet/trsolicitudot?c0a237bd4b1a3249d1cc67eb68cd4762,,gx-no-cache=1680111022962 HTTP/1.1" 200 4339
190.171.152.114 - - [29/Mar/2023:13:43:48 -0300] "POST /cormun/servlet/trcontratounov2?65ce279787df5846ca14fdf2878b1b08,,gx-no-cache=1680107305712 HTTP/1.1" 200 17372
190.171.152.114 - - [29/Mar/2023:13:43:49 -0300] "GET /cormun/static/Resources/PXToolsGridNext.gif HTTP/1.1" 200 369
190.171.152.114 - - [29/Mar/2023:13:43:49 -0300] "GET /cormun/static/Resources/PXToolsGridLast.gif HTTP/1.1" 200 370
190.171.152.114 - - [29/Mar/2023:13:43:54 -0300] "POST /cormun/servlet/trcontratounov2?65ce279787df5846ca14fdf2878b1b08,,gx-no-cache=1680107311422 HTTP/1.1" 200 17339
190.171.152.114 - - [29/Mar/2023:13:43:59 -0300] "POST /cormun/servlet/trcontratounov2?65ce279787df5846ca14fdf2878b1b08,,gx-no-cache=1680107316069 HTTP/1.1" 200 17335
190.171.149.74 - - [29/Mar/2023:13:43:59 -0300] "GET /cormun/servlet/hlogin HTTP/1.1" 200 1733
190.171.152.114 - - [29/Mar/2023:13:44:01 -0300] "POST /cormun/servlet/trcontratounov2?65ce279787df5846ca14fdf2878b1b08,,gx-no-cache=1680107317909 HTTP/1.1" 200 17348
190.171.149.74 - - [29/Mar/2023:13:44:06 -0300] "POST /cormun/servlet/hlogin?c0a237bd4b1a3249d1cc67eb68cd4762,gx-no-cache=1680111043423 HTTP/1.1" 200 90
190.171.149.74 - - [29/Mar/2023:13:44:06 -0300] "GET /cormun/servlet/hpexe_link HTTP/1.1" 200 946
190.171.149.74 - - [29/Mar/2023:13:44:06 -0300] "GET /cormun/servlet/hhome HTTP/1.1" 200 4225
190.171.149.74 - - [29/Mar/2023:13:44:06 -0300] "GET /cormun/servlet/hhome HTTP/1.1" 200 4221
190.171.152.114 - - [29/Mar/2023:13:44:11 -0300] "POST /cormun/servlet/trcontratounov2?65ce279787df5846ca14fdf2878b1b08,,gx-no-cache=1680107328646 HTTP/1.1" 200 17365
190.171.149.74 - - [29/Mar/2023:13:44:12 -0300] "GET /cormun/servlet/trautorizarsolicitud? HTTP/1.1" 200 9062
190.171.149.74 - - [29/Mar/2023:13:44:12 -0300] "GET /cormun/servlet/trautorizarsolicitud? HTTP/1.1" 200 9060
190.171.152.114 - - [29/Mar/2023:13:44:15 -0300] "POST /cormun/servlet/trcontratounov2?65ce279787df5846ca14fdf2878b1b08,,gx-no-cache=1680107332326 HTTP/1.1" 200 17342
190.171.152.114 - - [29/Mar/2023:13:44:23 -0300] "POST /cormun/servlet/trcontratounov2?65ce279787df5846ca14fdf2878b1b08,,gx-no-cache=1680107340390 HTTP/1.1" 200 17336
190.171.152.114 - - [29/Mar/2023:13:44:30 -0300] "POST /cormun/servlet/trcontratounov2?65ce279787df5846ca14fdf2878b1b08,,gx-no-cache=1680107347525 HTTP/1.1" 200 17338
190.171.149.74 - - [29/Mar/2023:13:44:31 -0300] "POST /cormun/servlet/trautorizarsolicitud?c0a237bd4b1a3249d1cc67eb68cd4762,,gx-no-cache=1680111069171 HTTP/1.1" 200 5986
190.171.149.74 - - [29/Mar/2023:13:44:31 -0300] "GET /cormun/static/Shared/jqueryui/images/ui-bg_highlight-soft_100_c6c2c8_1x100.png HTTP/1.1" 404 1117
190.171.149.74 - - [29/Mar/2023:13:44:32 -0300] "GET /cormun/static/Shared/jqueryui/images/ui-bg_flat_55_fafafa_40x100.png HTTP/1.1" 404 1097
