190.171.142.18 - - [28/Mar/2023:11:37:36 -0300] "GET /cormun/servlet/solicitudotadjuntos?eeaf7b605a9b32203a16f76aa31a95a52fd5ca0e61d3495256c1734874018d97,gx-no-cache=1680013540359 HTTP/1.1" 200 30
190.171.142.18 - - [28/Mar/2023:11:37:36 -0300] "POST /cormun/servlet/solicitudotadjuntos?3c04d577971470c48c0f1598b138ab43,INS,2023,19835,,1, HTTP/1.1" 200 116
190.171.142.18 - - [28/Mar/2023:11:37:36 -0300] "GET /cormun/servlet/hpexe_return? HTTP/1.1" 200 1029
190.171.142.18 - - [28/Mar/2023:11:37:37 -0300] "GET /cormun/servlet/trsolicitudadjuntos?2023,19835, HTTP/1.1" 200 10516
190.171.142.18 - - [28/Mar/2023:11:37:37 -0300] "GET /cormun/servlet/trsolicitudadjuntos?2023,19835, HTTP/1.1" 200 10517
190.171.142.18 - - [28/Mar/2023:11:37:40 -0300] "GET /cormun/servlet/trsolicitudot? HTTP/1.1" 200 9443
190.171.142.18 - - [28/Mar/2023:11:37:40 -0300] "GET /cormun/servlet/trsolicitudot? HTTP/1.1" 200 9436
190.171.142.18 - - [28/Mar/2023:11:37:46 -0300] "POST /cormun/servlet/trsolicitudot?3c04d577971470c48c0f1598b138ab43,,gx-no-cache=1680013550064 HTTP/1.1" 200 6102
190.171.142.18 - - [28/Mar/2023:11:37:46 -0300] "GET /cormun/static/Shared/jqueryui/images/ui-icons_82798d_256x240.png HTTP/1.1" 404 1089
190.171.142.18 - - [28/Mar/2023:11:37:46 -0300] "GET /cormun/static/Shared/jqueryui/images/ui-bg_flat_55_fafafa_40x100.png HTTP/1.1" 404 1097
190.171.142.18 - - [28/Mar/2023:11:37:46 -0300] "GET /cormun/static/Shared/jqueryui/images/ui-icons_8d78a5_256x240.png HTTP/1.1" 404 1089
190.171.142.18 - - [28/Mar/2023:11:37:46 -0300] "GET /cormun/static/Shared/jqueryui/images/ui-bg_highlight-soft_100_c6c2c8_1x100.png HTTP/1.1" 404 1117
190.171.142.18 - - [28/Mar/2023:11:37:46 -0300] "POST /cormun/servlet/trsolicitudot?3c04d577971470c48c0f1598b138ab43,,gx-no-cache=1680013550278 HTTP/1.1" 200 6044
190.171.142.18 - - [28/Mar/2023:11:37:50 -0300] "POST /cormun/servlet/trsolicitudot?3c04d577971470c48c0f1598b138ab43,,gx-no-cache=1680013554918 HTTP/1.1" 200 107
190.171.142.18 - - [28/Mar/2023:11:37:51 -0300] "GET /cormun/servlet/trsolicitudadjuntos?2023,19818, HTTP/1.1" 200 6487
190.171.142.18 - - [28/Mar/2023:11:37:51 -0300] "GET /cormun/servlet/trsolicitudadjuntos?2023,19818, HTTP/1.1" 200 6487
190.171.142.18 - - [28/Mar/2023:11:37:53 -0300] "GET /cormun/servlet/solicitudotadjuntos?INS,2023,19818,,1, HTTP/1.1" 200 6429
190.171.142.18 - - [28/Mar/2023:11:37:53 -0300] "GET /cormun/static/about:blank HTTP/1.1" 404 1011
190.171.142.18 - - [28/Mar/2023:11:37:53 -0300] "GET /cormun/servlet/solicitudotadjuntos?INS,2023,19818,,1, HTTP/1.1" 200 6422
190.171.142.18 - - [28/Mar/2023:11:37:53 -0300] "GET /cormun/servlet/solicitudotadjuntos?eeaf7b605a9b32203a16f76aa31a95a5d579153963eb7b7d737b25d3afe4cb5f9b1cc099bb1f36eed64988b33031db74,gx-no-cache=1680013557874 HTTP/1.1" 200 30
190.171.142.18 - - [28/Mar/2023:11:37:53 -0300] "POST /cormun/servlet/solicitudotadjuntos?3c04d577971470c48c0f1598b138ab43,INS,2023,19818,,1,,gx-no-cache=1680013557895 HTTP/1.1" 200 4157
190.171.142.18 - - [28/Mar/2023:11:37:55 -0300] "POST /cormun/servlet/solicitudotadjuntos?gx-no-cache=1680013559284 HTTP/1.1" 200 26
200.54.107.2 - - [28/Mar/2023:11:38:53 -0300] "GET /cormun/servlet/trsolicitudot? HTTP/1.1" 200 6334
190.171.141.106 - - [28/Mar/2023:11:38:54 -0300] "GET /cormun/servlet/hlogin HTTP/1.1" 200 1727
200.54.107.2 - - [28/Mar/2023:11:38:55 -0300] "GET /cormun/servlet/trsolicitudot? HTTP/1.1" 200 6329
200.54.107.2 - - [28/Mar/2023:11:38:55 -0300] "GET /cormun/servlet/hlogin HTTP/1.1" 200 1747
200.54.107.2 - - [28/Mar/2023:11:39:00 -0300] "POST /cormun/servlet/hlogin?8ecc19128e72bdca51b31996cb357f3c,gx-no-cache=1680013415946 HTTP/1.1" 200 90
200.54.107.2 - - [28/Mar/2023:11:39:00 -0300] "GET /cormun/servlet/hpexe_link HTTP/1.1" 200 959
200.54.107.2 - - [28/Mar/2023:11:39:00 -0300] "GET /cormun/servlet/trsolicitudot HTTP/1.1" 200 7404
200.54.107.2 - - [28/Mar/2023:11:39:00 -0300] "GET /cormun/servlet/trsolicitudot HTTP/1.1" 200 7402
190.171.142.18 - - [28/Mar/2023:11:39:02 -0300] "GET /cormun/servlet/solicitudotadjuntos?eeaf7b605a9b32203a16f76aa31a95a52fd5ca0e61d3495256c1734874018d97,gx-no-cache=1680013626530 HTTP/1.1" 200 30
190.171.142.18 - - [28/Mar/2023:11:39:02 -0300] "GET /cormun/servlet/solicitudotadjuntos?eeaf7b605a9b32203a16f76aa31a95a52fd5ca0e61d3495256c1734874018d97,gx-no-cache=1680013626550 HTTP/1.1" 200 30
190.171.142.18 - - [28/Mar/2023:11:39:02 -0300] "POST /cormun/servlet/solicitudotadjuntos?3c04d577971470c48c0f1598b138ab43,INS,2023,19818,,1, HTTP/1.1" 200 116
190.171.142.18 - - [28/Mar/2023:11:39:02 -0300] "GET /cormun/servlet/hpexe_return? HTTP/1.1" 200 1029
190.171.142.18 - - [28/Mar/2023:11:39:02 -0300] "GET /cormun/servlet/trsolicitudadjuntos?2023,19818, HTTP/1.1" 200 9397
190.171.142.18 - - [28/Mar/2023:11:39:03 -0300] "GET /cormun/servlet/trsolicitudadjuntos?2023,19818, HTTP/1.1" 200 9396
190.171.141.106 - - [28/Mar/2023:11:39:04 -0300] "POST /cormun/servlet/hlogin?35e04a3ddff4b04d71e7e70992e3b405,gx-no-cache=1680013421542 HTTP/1.1" 200 90
190.171.141.106 - - [28/Mar/2023:11:39:04 -0300] "GET /cormun/servlet/hpexe_link HTTP/1.1" 200 953
190.171.141.106 - - [28/Mar/2023:11:39:04 -0300] "GET /cormun/servlet/hhome HTTP/1.1" 200 4105
190.171.141.106 - - [28/Mar/2023:11:39:04 -0300] "GET /cormun/servlet/hhome HTTP/1.1" 200 4101
190.171.142.18 - - [28/Mar/2023:11:39:05 -0300] "GET /cormun/servlet/trsolicitudot? HTTP/1.1" 200 9035
190.171.152.138 - - [28/Mar/2023:11:39:05 -0300] "POST /cormun/servlet/solicitudotadjuntos?gx-no-cache=1680017045932 HTTP/1.1" 200 26
190.171.142.18 - - [28/Mar/2023:11:39:06 -0300] "GET /cormun/servlet/trsolicitudot? HTTP/1.1" 200 9028
200.54.107.2 - - [28/Mar/2023:11:39:06 -0300] "GET /cormun/servlet/solicitudot?INS,0,0,false, HTTP/1.1" 200 16246
200.54.107.2 - - [28/Mar/2023:11:39:07 -0300] "GET /cormun/servlet/solicitudot?INS,0,0,false, HTTP/1.1" 200 16254
190.171.141.106 - - [28/Mar/2023:11:39:08 -0300] "GET /cormun/servlet/trautorizarsolicitud? HTTP/1.1" 200 7213
190.171.141.106 - - [28/Mar/2023:11:39:09 -0300] "GET /cormun/servlet/trautorizarsolicitud? HTTP/1.1" 200 7213
190.171.142.18 - - [28/Mar/2023:11:39:09 -0300] "POST /cormun/servlet/trsolicitudot?3c04d577971470c48c0f1598b138ab43,,gx-no-cache=1680013633216 HTTP/1.1" 200 107
190.171.142.18 - - [28/Mar/2023:11:39:09 -0300] "GET /cormun/servlet/trsolicitudadjuntos?2023,19818, HTTP/1.1" 200 9392
190.171.142.18 - - [28/Mar/2023:11:39:09 -0300] "GET /cormun/servlet/trsolicitudadjuntos?2023,19818, HTTP/1.1" 200 9395
190.171.142.18 - - [28/Mar/2023:11:39:11 -0300] "GET /cormun/servlet/solicitudotadjuntos?INS,2023,19818,,1, HTTP/1.1" 200 6427
190.171.142.18 - - [28/Mar/2023:11:39:11 -0300] "GET /cormun/static/about:blank HTTP/1.1" 404 1011
190.171.152.138 - - [28/Mar/2023:11:39:11 -0300] "GET /cormun/servlet/trsolicitudot? HTTP/1.1" 200 8871
190.171.142.18 - - [28/Mar/2023:11:39:11 -0300] "GET /cormun/servlet/solicitudotadjuntos?INS,2023,19818,,1, HTTP/1.1" 200 6421
190.171.152.138 - - [28/Mar/2023:11:39:11 -0300] "GET /cormun/servlet/trsolicitudot? HTTP/1.1" 200 8859
190.171.142.18 - - [28/Mar/2023:11:39:11 -0300] "GET /cormun/servlet/solicitudotadjuntos?eeaf7b605a9b32203a16f76aa31a95a5d579153963eb7b7d737b25d3afe4cb5f9b1cc099bb1f36eed64988b33031db74,gx-no-cache=1680013636004 HTTP/1.1" 200 30
190.171.142.18 - - [28/Mar/2023:11:39:12 -0300] "POST /cormun/servlet/solicitudotadjuntos?3c04d577971470c48c0f1598b138ab43,INS,2023,19818,,1,,gx-no-cache=1680013636024 HTTP/1.1" 200 4155
190.171.142.18 - - [28/Mar/2023:11:39:13 -0300] "POST /cormun/servlet/solicitudotadjuntos?gx-no-cache=1680013637266 HTTP/1.1" 200 26
190.171.152.138 - - [28/Mar/2023:11:39:13 -0300] "POST /cormun/servlet/trsolicitudot?f508ede4346417fcb7bfa42d0fe5ebf9,,gx-no-cache=1680017053731 HTTP/1.1" 200 107
190.171.152.138 - - [28/Mar/2023:11:39:13 -0300] "GET /cormun/servlet/trsolicitudadjuntos?2023,19845, HTTP/1.1" 200 10276
190.171.152.138 - - [28/Mar/2023:11:39:14 -0300] "GET /cormun/servlet/trsolicitudadjuntos?2023,19845, HTTP/1.1" 200 10271
190.171.152.138 - - [28/Mar/2023:11:39:17 -0300] "GET /cormun/servlet/solicitudotadjuntos?INS,2023,19845,,1, HTTP/1.1" 200 6279
190.171.152.138 - - [28/Mar/2023:11:39:17 -0300] "GET /cormun/static/about:blank HTTP/1.1" 404 1011
190.171.152.138 - - [28/Mar/2023:11:39:17 -0300] "GET /cormun/servlet/solicitudotadjuntos?INS,2023,19845,,1, HTTP/1.1" 200 6273
190.171.142.18 - - [28/Mar/2023:11:39:18 -0300] "GET /cormun/servlet/solicitudotadjuntos?eeaf7b605a9b32203a16f76aa31a95a52fd5ca0e61d3495256c1734874018d97,gx-no-cache=1680013642162 HTTP/1.1" 200 30
190.171.142.18 - - [28/Mar/2023:11:39:18 -0300] "GET /cormun/servlet/solicitudotadjuntos?eeaf7b605a9b32203a16f76aa31a95a52fd5ca0e61d3495256c1734874018d97,gx-no-cache=1680013642175 HTTP/1.1" 200 30
190.171.152.138 - - [28/Mar/2023:11:39:18 -0300] "GET /cormun/servlet/solicitudotadjuntos?af74240937ef2e96f8cfa98feec02fc0601b2755c337d725a940cc65444093ae8d455fc682048d56ad04c5bbf750f50f,gx-no-cache=1680017058745 HTTP/1.1" 200 30
190.171.152.138 - - [28/Mar/2023:11:39:18 -0300] "POST /cormun/servlet/solicitudotadjuntos?f508ede4346417fcb7bfa42d0fe5ebf9,INS,2023,19845,,1,,gx-no-cache=1680017058767 HTTP/1.1" 200 4180
190.171.142.18 - - [28/Mar/2023:11:39:19 -0300] "POST /cormun/servlet/solicitudotadjuntos?3c04d577971470c48c0f1598b138ab43,INS,2023,19818,,1, HTTP/1.1" 200 116
190.171.142.18 - - [28/Mar/2023:11:39:19 -0300] "GET /cormun/servlet/hpexe_return? HTTP/1.1" 200 1029
190.171.142.18 - - [28/Mar/2023:11:39:19 -0300] "GET /cormun/servlet/trsolicitudadjuntos?2023,19818, HTTP/1.1" 200 9628
190.171.142.18 - - [28/Mar/2023:11:39:20 -0300] "GET /cormun/servlet/trsolicitudadjuntos?2023,19818, HTTP/1.1" 200 9626
190.171.152.138 - - [28/Mar/2023:11:39:20 -0300] "POST /cormun/servlet/solicitudotadjuntos?gx-no-cache=1680017060970 HTTP/1.1" 200 26
190.171.142.18 - - [28/Mar/2023:11:39:21 -0300] "GET /cormun/servlet/solicitudotadjuntos?INS,2023,19818,,1, HTTP/1.1" 200 6427
190.171.142.18 - - [28/Mar/2023:11:39:21 -0300] "GET /cormun/static/about:blank HTTP/1.1" 404 1011
190.171.142.18 - - [28/Mar/2023:11:39:21 -0300] "GET /cormun/servlet/solicitudotadjuntos?INS,2023,19818,,1, HTTP/1.1" 200 6421
190.171.142.18 - - [28/Mar/2023:11:39:22 -0300] "GET /cormun/servlet/solicitudotadjuntos?eeaf7b605a9b32203a16f76aa31a95a5d579153963eb7b7d737b25d3afe4cb5f9b1cc099bb1f36eed64988b33031db74,gx-no-cache=1680013646219 HTTP/1.1" 200 30
190.171.142.18 - - [28/Mar/2023:11:39:22 -0300] "POST /cormun/servlet/solicitudotadjuntos?3c04d577971470c48c0f1598b138ab43,INS,2023,19818,,1,,gx-no-cache=1680013646233 HTTP/1.1" 200 4155
190.171.142.18 - - [28/Mar/2023:11:39:23 -0300] "POST /cormun/servlet/solicitudotadjuntos?gx-no-cache=1680013647962 HTTP/1.1" 200 26
190.171.141.106 - - [28/Mar/2023:11:39:24 -0300] "GET /cormun/servlet/trsolicitudot? HTTP/1.1" 200 8708
190.171.141.106 - - [28/Mar/2023:11:39:25 -0300] "GET /cormun/servlet/trsolicitudot? HTTP/1.1" 200 8707
190.171.142.18 - - [28/Mar/2023:11:39:28 -0300] "GET /cormun/servlet/solicitudotadjuntos?eeaf7b605a9b32203a16f76aa31a95a52fd5ca0e61d3495256c1734874018d97,gx-no-cache=1680013652674 HTTP/1.1" 200 30
190.171.142.18 - - [28/Mar/2023:11:39:28 -0300] "GET /cormun/servlet/solicitudotadjuntos?eeaf7b605a9b32203a16f76aa31a95a52fd5ca0e61d3495256c1734874018d97,gx-no-cache=1680013652687 HTTP/1.1" 200 30
190.171.142.18 - - [28/Mar/2023:11:39:28 -0300] "POST /cormun/servlet/solicitudotadjuntos?3c04d577971470c48c0f1598b138ab43,INS,2023,19818,,1, HTTP/1.1" 200 116
190.171.142.18 - - [28/Mar/2023:11:39:28 -0300] "GET /cormun/servlet/hpexe_return? HTTP/1.1" 200 1029
190.171.152.138 - - [28/Mar/2023:11:39:29 -0300] "GET /cormun/servlet/solicitudotadjuntos?af74240937ef2e96f8cfa98feec02fc0b7a9696d203fcbdd466f16c5438ce033,gx-no-cache=1680017069418 HTTP/1.1" 200 30
190.171.152.138 - - [28/Mar/2023:11:39:29 -0300] "GET /cormun/servlet/solicitudotadjuntos?af74240937ef2e96f8cfa98feec02fc0b7a9696d203fcbdd466f16c5438ce033,gx-no-cache=1680017069439 HTTP/1.1" 200 30
190.171.142.18 - - [28/Mar/2023:11:39:29 -0300] "GET /cormun/servlet/trsolicitudadjuntos?2023,19818, HTTP/1.1" 200 9877
190.171.152.138 - - [28/Mar/2023:11:39:29 -0300] "POST /cormun/servlet/solicitudotadjuntos?f508ede4346417fcb7bfa42d0fe5ebf9,INS,2023,19845,,1, HTTP/1.1" 200 116
190.171.152.138 - - [28/Mar/2023:11:39:29 -0300] "GET /cormun/servlet/hpexe_return? HTTP/1.1" 200 1027
190.171.142.18 - - [28/Mar/2023:11:39:29 -0300] "GET /cormun/servlet/trsolicitudadjuntos?2023,19818, HTTP/1.1" 200 9876
190.171.152.138 - - [28/Mar/2023:11:39:29 -0300] "GET /cormun/servlet/trsolicitudadjuntos?2023,19845, HTTP/1.1" 200 10434
190.171.152.138 - - [28/Mar/2023:11:39:30 -0300] "GET /cormun/servlet/trsolicitudadjuntos?2023,19845, HTTP/1.1" 200 10432
190.171.142.18 - - [28/Mar/2023:11:39:31 -0300] "GET /cormun/servlet/solicitudotadjuntos?INS,2023,19818,,1, HTTP/1.1" 200 6427
190.171.154.42 - - [28/Mar/2023:11:39:31 -0300] "GET /cormun/servlet/trsolicitudot? HTTP/1.1" 200 6332
190.171.142.18 - - [28/Mar/2023:11:39:31 -0300] "GET /cormun/static/about:blank HTTP/1.1" 404 1011
190.171.142.18 - - [28/Mar/2023:11:39:31 -0300] "GET /cormun/servlet/solicitudotadjuntos?INS,2023,19818,,1, HTTP/1.1" 200 6420
190.171.154.42 - - [28/Mar/2023:11:39:31 -0300] "GET /cormun/servlet/hlogin HTTP/1.1" 200 1742
190.171.154.42 - - [28/Mar/2023:11:39:32 -0300] "GET /cormun/servlet/trsolicitudot? HTTP/1.1" 200 6325
190.171.142.18 - - [28/Mar/2023:11:39:32 -0300] "GET /cormun/servlet/solicitudotadjuntos?eeaf7b605a9b32203a16f76aa31a95a5d579153963eb7b7d737b25d3afe4cb5f9b1cc099bb1f36eed64988b33031db74,gx-no-cache=1680013656162 HTTP/1.1" 200 30
190.171.142.18 - - [28/Mar/2023:11:39:32 -0300] "POST /cormun/servlet/solicitudotadjuntos?3c04d577971470c48c0f1598b138ab43,INS,2023,19818,,1,,gx-no-cache=1680013656267 HTTP/1.1" 200 4156
190.171.142.18 - - [28/Mar/2023:11:39:33 -0300] "POST /cormun/servlet/solicitudotadjuntos?gx-no-cache=1680013657714 HTTP/1.1" 200 26
190.171.152.138 - - [28/Mar/2023:11:39:36 -0300] "POST /cormun/servlet/acontrolpreferencessavestate?None,MJRAMOS,true HTTP/1.1" 200 35
190.171.141.106 - - [28/Mar/2023:11:39:36 -0300] "POST /cormun/servlet/trsolicitudot?35e04a3ddff4b04d71e7e70992e3b405,,gx-no-cache=1680013454134 HTTP/1.1" 200 4866
190.171.141.106 - - [28/Mar/2023:11:39:36 -0300] "GET /cormun/static/Shared/jqueryui/images/ui-bg_highlight-soft_100_c6c2c8_1x100.png HTTP/1.1" 404 1117
190.171.141.106 - - [28/Mar/2023:11:39:36 -0300] "GET /cormun/static/Shared/jqueryui/images/ui-icons_8d78a5_256x240.png HTTP/1.1" 404 1089
190.171.141.106 - - [28/Mar/2023:11:39:36 -0300] "GET /cormun/static/Shared/jqueryui/images/ui-bg_flat_55_fafafa_40x100.png HTTP/1.1" 404 1097
190.171.141.106 - - [28/Mar/2023:11:39:36 -0300] "GET /cormun/static/Shared/jqueryui/images/ui-icons_82798d_256x240.png HTTP/1.1" 404 1089
190.171.141.106 - - [28/Mar/2023:11:39:37 -0300] "POST /cormun/servlet/trsolicitudot?35e04a3ddff4b04d71e7e70992e3b405,,gx-no-cache=1680013454346 HTTP/1.1" 200 4623
190.171.152.138 - - [28/Mar/2023:11:39:37 -0300] "GET /cormun/servlet/trsolicitudot? HTTP/1.1" 200 8864
190.171.152.138 - - [28/Mar/2023:11:39:37 -0300] "GET /cormun/servlet/trsolicitudot? HTTP/1.1" 200 8857
190.171.152.138 - - [28/Mar/2023:11:39:39 -0300] "POST /cormun/servlet/trsolicitudot?f508ede4346417fcb7bfa42d0fe5ebf9,,gx-no-cache=1680017079837 HTTP/1.1" 200 4857
190.171.152.138 - - [28/Mar/2023:11:39:39 -0300] "POST /cormun/servlet/trsolicitudot?f508ede4346417fcb7bfa42d0fe5ebf9,,gx-no-cache=1680017080045 HTTP/1.1" 200 4621
190.171.152.138 - - [28/Mar/2023:11:39:43 -0300] "GET /cormun/servlet/trautorizarsolicitud? HTTP/1.1" 200 8744
190.171.152.138 - - [28/Mar/2023:11:39:43 -0300] "GET /cormun/servlet/trautorizarsolicitud? HTTP/1.1" 200 8744
190.171.154.42 - - [28/Mar/2023:11:39:43 -0300] "POST /cormun/servlet/hlogin?f33cfaf42e59d64089a92d69c1c51f57,gx-no-cache=1680013460230 HTTP/1.1" 200 90
190.171.154.42 - - [28/Mar/2023:11:39:43 -0300] "GET /cormun/servlet/hpexe_link HTTP/1.1" 200 958
190.171.142.18 - - [28/Mar/2023:11:39:43 -0300] "GET /cormun/servlet/solicitudotadjuntos?eeaf7b605a9b32203a16f76aa31a95a52fd5ca0e61d3495256c1734874018d97,gx-no-cache=1680013667842 HTTP/1.1" 200 30
190.171.142.18 - - [28/Mar/2023:11:39:43 -0300] "GET /cormun/servlet/solicitudotadjuntos?eeaf7b605a9b32203a16f76aa31a95a52fd5ca0e61d3495256c1734874018d97,gx-no-cache=1680013667855 HTTP/1.1" 200 30
190.171.154.42 - - [28/Mar/2023:11:39:43 -0300] "GET /cormun/servlet/trsolicitudot HTTP/1.1" 200 9047
190.171.142.18 - - [28/Mar/2023:11:39:44 -0300] "POST /cormun/servlet/solicitudotadjuntos?3c04d577971470c48c0f1598b138ab43,INS,2023,19818,,1, HTTP/1.1" 200 116
190.171.142.18 - - [28/Mar/2023:11:39:44 -0300] "GET /cormun/servlet/hpexe_return? HTTP/1.1" 200 1029
190.171.154.42 - - [28/Mar/2023:11:39:44 -0300] "GET /cormun/servlet/trsolicitudot HTTP/1.1" 200 9046
190.171.142.18 - - [28/Mar/2023:11:39:44 -0300] "GET /cormun/servlet/trsolicitudadjuntos?2023,19818, HTTP/1.1" 200 10084
190.171.142.18 - - [28/Mar/2023:11:39:45 -0300] "GET /cormun/servlet/trsolicitudadjuntos?2023,19818, HTTP/1.1" 200 10085
190.171.154.42 - - [28/Mar/2023:11:39:46 -0300] "GET /cormun/servlet/trsolicitudot? HTTP/1.1" 200 9046
190.171.154.42 - - [28/Mar/2023:11:39:47 -0300] "GET /cormun/servlet/trsolicitudot? HTTP/1.1" 200 9046
190.171.142.18 - - [28/Mar/2023:11:39:47 -0300] "GET /cormun/servlet/solicitudotadjuntos?INS,2023,19818,,1, HTTP/1.1" 200 6427
190.171.142.18 - - [28/Mar/2023:11:39:47 -0300] "GET /cormun/static/about:blank HTTP/1.1" 404 1011
190.171.142.18 - - [28/Mar/2023:11:39:47 -0300] "GET /cormun/servlet/solicitudotadjuntos?INS,2023,19818,,1, HTTP/1.1" 200 6420
190.171.142.18 - - [28/Mar/2023:11:39:48 -0300] "GET /cormun/servlet/solicitudotadjuntos?eeaf7b605a9b32203a16f76aa31a95a5d579153963eb7b7d737b25d3afe4cb5f9b1cc099bb1f36eed64988b33031db74,gx-no-cache=1680013672133 HTTP/1.1" 200 30
190.171.142.18 - - [28/Mar/2023:11:39:48 -0300] "POST /cormun/servlet/solicitudotadjuntos?3c04d577971470c48c0f1598b138ab43,INS,2023,19818,,1,,gx-no-cache=1680013672148 HTTP/1.1" 200 4156
190.171.152.138 - - [28/Mar/2023:11:39:48 -0300] "POST /cormun/servlet/trautorizarsolicitud?f508ede4346417fcb7bfa42d0fe5ebf9,,gx-no-cache=1680017088545 HTTP/1.1" 200 4771
190.171.152.138 - - [28/Mar/2023:11:39:48 -0300] "POST /cormun/servlet/trautorizarsolicitud?f508ede4346417fcb7bfa42d0fe5ebf9,,gx-no-cache=1680017088743 HTTP/1.1" 200 4535
190.171.142.18 - - [28/Mar/2023:11:39:49 -0300] "POST /cormun/servlet/solicitudotadjuntos?gx-no-cache=1680013673658 HTTP/1.1" 200 26
190.171.154.42 - - [28/Mar/2023:11:39:53 -0300] "POST /cormun/servlet/trsolicitudot?f33cfaf42e59d64089a92d69c1c51f57,,gx-no-cache=1680013469478 HTTP/1.1" 200 18225
190.171.142.18 - - [28/Mar/2023:11:39:53 -0300] "GET /cormun/servlet/solicitudotadjuntos?eeaf7b605a9b32203a16f76aa31a95a52fd5ca0e61d3495256c1734874018d97,gx-no-cache=1680013677938 HTTP/1.1" 200 30
190.171.142.18 - - [28/Mar/2023:11:39:53 -0300] "GET /cormun/servlet/solicitudotadjuntos?eeaf7b605a9b32203a16f76aa31a95a52fd5ca0e61d3495256c1734874018d97,gx-no-cache=1680013677951 HTTP/1.1" 200 30
190.171.142.18 - - [28/Mar/2023:11:39:54 -0300] "POST /cormun/servlet/solicitudotadjuntos?3c04d577971470c48c0f1598b138ab43,INS,2023,19818,,1, HTTP/1.1" 200 116
190.171.142.18 - - [28/Mar/2023:11:39:54 -0300] "GET /cormun/servlet/hpexe_return? HTTP/1.1" 200 1029
190.171.142.18 - - [28/Mar/2023:11:39:54 -0300] "GET /cormun/servlet/trsolicitudadjuntos?2023,19818, HTTP/1.1" 200 10364
190.171.142.18 - - [28/Mar/2023:11:39:55 -0300] "GET /cormun/servlet/trsolicitudadjuntos?2023,19818, HTTP/1.1" 200 10361
190.171.142.18 - - [28/Mar/2023:11:39:57 -0300] "GET /cormun/servlet/solicitudotadjuntos?INS,2023,19818,,1, HTTP/1.1" 200 6427
190.171.142.18 - - [28/Mar/2023:11:39:57 -0300] "GET /cormun/static/about:blank HTTP/1.1" 404 1011
190.171.142.18 - - [28/Mar/2023:11:39:57 -0300] "GET /cormun/servlet/solicitudotadjuntos?INS,2023,19818,,1, HTTP/1.1" 200 6420
190.171.142.18 - - [28/Mar/2023:11:39:57 -0300] "GET /cormun/servlet/solicitudotadjuntos?eeaf7b605a9b32203a16f76aa31a95a5d579153963eb7b7d737b25d3afe4cb5f9b1cc099bb1f36eed64988b33031db74,gx-no-cache=1680013681715 HTTP/1.1" 200 30
190.171.142.18 - - [28/Mar/2023:11:39:57 -0300] "POST /cormun/servlet/solicitudotadjuntos?3c04d577971470c48c0f1598b138ab43,INS,2023,19818,,1,,gx-no-cache=1680013681729 HTTP/1.1" 200 4156
190.171.142.18 - - [28/Mar/2023:11:39:59 -0300] "POST /cormun/servlet/solicitudotadjuntos?gx-no-cache=1680013683594 HTTP/1.1" 200 26
190.171.142.18 - - [28/Mar/2023:11:40:08 -0300] "GET /cormun/servlet/solicitudotadjuntos?eeaf7b605a9b32203a16f76aa31a95a52fd5ca0e61d3495256c1734874018d97,gx-no-cache=1680013692154 HTTP/1.1" 200 30
190.171.142.18 - - [28/Mar/2023:11:40:08 -0300] "GET /cormun/servlet/solicitudotadjuntos?eeaf7b605a9b32203a16f76aa31a95a52fd5ca0e61d3495256c1734874018d97,gx-no-cache=1680013692167 HTTP/1.1" 200 30
190.171.142.18 - - [28/Mar/2023:11:40:08 -0300] "POST /cormun/servlet/solicitudotadjuntos?3c04d577971470c48c0f1598b138ab43,INS,2023,19818,,1, HTTP/1.1" 200 116
190.171.142.18 - - [28/Mar/2023:11:40:08 -0300] "GET /cormun/servlet/hpexe_return? HTTP/1.1" 200 1029
190.171.142.18 - - [28/Mar/2023:11:40:09 -0300] "GET /cormun/servlet/trsolicitudadjuntos?2023,19818, HTTP/1.1" 200 10519
190.171.142.18 - - [28/Mar/2023:11:40:10 -0300] "GET /cormun/servlet/trsolicitudadjuntos?2023,19818, HTTP/1.1" 200 10521
190.171.142.18 - - [28/Mar/2023:11:40:12 -0300] "GET /cormun/servlet/trsolicitudot? HTTP/1.1" 200 9035
190.171.142.18 - - [28/Mar/2023:11:40:12 -0300] "GET /cormun/servlet/trsolicitudot? HTTP/1.1" 200 9028
190.171.142.18 - - [28/Mar/2023:11:40:16 -0300] "POST /cormun/servlet/trsolicitudot?3c04d577971470c48c0f1598b138ab43,,gx-no-cache=1680013700943 HTTP/1.1" 200 4891
190.171.142.18 - - [28/Mar/2023:11:40:17 -0300] "POST /cormun/servlet/trsolicitudot?3c04d577971470c48c0f1598b138ab43,,gx-no-cache=1680013701129 HTTP/1.1" 200 4634
190.171.142.18 - - [28/Mar/2023:11:40:21 -0300] "GET /cormun/servlet/trsolicitudot? HTTP/1.1" 200 7611
190.171.142.18 - - [28/Mar/2023:11:40:21 -0300] "GET /cormun/servlet/trsolicitudot? HTTP/1.1" 200 7611
190.171.142.18 - - [28/Mar/2023:11:40:26 -0300] "GET /cormun/servlet/trautorizarsolicitud? HTTP/1.1" 200 9326
190.171.142.18 - - [28/Mar/2023:11:40:26 -0300] "GET /cormun/servlet/trautorizarsolicitud? HTTP/1.1" 200 9325
190.171.142.18 - - [28/Mar/2023:11:40:31 -0300] "POST /cormun/servlet/trautorizarsolicitud?3c04d577971470c48c0f1598b138ab43,,gx-no-cache=1680013715911 HTTP/1.1" 200 6017
190.171.142.18 - - [28/Mar/2023:11:40:32 -0300] "POST /cormun/servlet/trautorizarsolicitud?3c04d577971470c48c0f1598b138ab43,,gx-no-cache=1680013716097 HTTP/1.1" 200 5960
190.171.142.18 - - [28/Mar/2023:11:40:33 -0300] "POST /cormun/servlet/trautorizarsolicitud?3c04d577971470c48c0f1598b138ab43,,gx-no-cache=1680013716970 HTTP/1.1" 200 4809
190.171.142.18 - - [28/Mar/2023:11:40:33 -0300] "POST /cormun/servlet/trautorizarsolicitud?3c04d577971470c48c0f1598b138ab43,,gx-no-cache=1680013717133 HTTP/1.1" 200 4550
190.171.142.18 - - [28/Mar/2023:11:40:37 -0300] "GET /cormun/servlet/trsolicitudot? HTTP/1.1" 200 7612
190.171.142.18 - - [28/Mar/2023:11:40:38 -0300] "GET /cormun/servlet/trsolicitudot? HTTP/1.1" 200 7611
190.171.142.18 - - [28/Mar/2023:11:40:42 -0300] "POST /cormun/servlet/trsolicitudot?3c04d577971470c48c0f1598b138ab43,,gx-no-cache=1680013726414 HTTP/1.1" 200 9490
200.54.107.2 - - [28/Mar/2023:11:40:43 -0300] "POST /cormun/servlet/solicitudot?gx-no-cache=1680013518799 HTTP/1.1" 200 3953
200.54.107.2 - - [28/Mar/2023:11:40:43 -0300] "POST /cormun/servlet/solicitudot?8ecc19128e72bdca51b31996cb357f3c,INS,0,0,false,,gx-no-cache=1680013519090 HTTP/1.1" 200 12785
200.54.107.2 - - [28/Mar/2023:11:40:46 -0300] "GET /cormun/servlet/solicitudot?754e960dc7801a6db2c5bc151f71088232b0dbe1f745ce4c5d60d374e090097fa3ecdab03c106659b70cb963f0cd6009,gx-no-cache=1680013522574 HTTP/1.1" 200 30
186.67.172.234 - - [28/Mar/2023:11:41:13 -0300] "GET /cormun/servlet/trsolicitudot? HTTP/1.1" 200 6326
186.67.172.234 - - [28/Mar/2023:11:41:13 -0300] "GET /cormun/servlet/trsolicitudot? HTTP/1.1" 200 6324
186.67.172.234 - - [28/Mar/2023:11:41:13 -0300] "GET /cormun/servlet/hlogin HTTP/1.1" 200 1741
186.67.172.234 - - [28/Mar/2023:11:42:04 -0300] "POST /cormun/servlet/hlogin?03ae8e6a17d321f97a167651c0b2f2ff,gx-no-cache=1680013601470 HTTP/1.1" 200 90
186.67.172.234 - - [28/Mar/2023:11:42:05 -0300] "GET /cormun/servlet/hpexe_link HTTP/1.1" 200 956
186.67.172.234 - - [28/Mar/2023:11:42:05 -0300] "GET /cormun/servlet/trsolicitudot HTTP/1.1" 200 8680
186.67.172.234 - - [28/Mar/2023:11:42:05 -0300] "GET /cormun/servlet/trsolicitudot HTTP/1.1" 200 8681
190.171.142.42 - - [28/Mar/2023:11:42:07 -0300] "GET /cormun/servlet/hlogin HTTP/1.1" 200 1747
190.171.152.234 - - [28/Mar/2023:11:42:43 -0300] "POST /cormun/servlet/trcontratosolicitud?b63626bad6e8308bdedb2e5541629252,,gx-no-cache=1680013762796 HTTP/1.1" 200 6715
190.171.142.18 - - [28/Mar/2023:11:43:06 -0300] "GET /cormun/static/menuarrow.gif HTTP/1.1" 404 1015
190.171.152.234 - - [28/Mar/2023:11:43:37 -0300] "POST /cormun/servlet/trcontratosolicitud?b63626bad6e8308bdedb2e5541629252,,gx-no-cache=1680013816180 HTTP/1.1" 200 12619
200.54.107.2 - - [28/Mar/2023:11:43:41 -0300] "GET /cormun/servlet/solicitudot?754e960dc7801a6db2c5bc151f7108825151a04382fd72f936ee27a3aac15252e4260b18b9d2ca5b63001ef762110e1fcbe4e97e910889ec4b4224bf9171da78,gx-no-cache=1680013697182 HTTP/1.1" 200 30
200.54.107.2 - - [28/Mar/2023:11:43:44 -0300] "GET /cormun/servlet/solicitudot?754e960dc7801a6db2c5bc151f710882fd0c108f14955daa8316e182e74d871c,gx-no-cache=1680013699970 HTTP/1.1" 200 53
200.54.107.2 - - [28/Mar/2023:11:43:57 -0300] "POST /cormun/servlet/solicitudot?8ecc19128e72bdca51b31996cb357f3c,INS,0,0,false,,gx-no-cache=1680013712811 HTTP/1.1" 200 12991
200.54.107.2 - - [28/Mar/2023:11:43:57 -0300] "GET /cormun/static/Shared/jqueryui/images/ui-bg_highlight-soft_100_c6c2c8_1x100.png HTTP/1.1" 404 1117
200.54.107.2 - - [28/Mar/2023:11:43:57 -0300] "GET /cormun/static/Shared/jqueryui/images/ui-bg_flat_55_fafafa_40x100.png HTTP/1.1" 404 1097
200.54.107.2 - - [28/Mar/2023:11:43:57 -0300] "GET /cormun/static/Shared/jqueryui/images/ui-icons_8d78a5_256x240.png HTTP/1.1" 404 1089
200.54.107.2 - - [28/Mar/2023:11:43:57 -0300] "GET /cormun/static/Shared/jqueryui/images/ui-icons_82798d_256x240.png HTTP/1.1" 404 1089
200.54.107.2 - - [28/Mar/2023:11:44:03 -0300] "GET /cormun/servlet/solicitudot?754e960dc7801a6db2c5bc151f7108825151a04382fd72f936ee27a3aac15252a3a1bfbfff99adde5982b529d2611894cbe4e97e910889ec4b4224bf9171da78,gx-no-cache=1680013719348 HTTP/1.1" 200 30
200.54.107.2 - - [28/Mar/2023:11:44:03 -0300] "POST /cormun/servlet/solicitudot?gx-no-cache=1680013719391 HTTP/1.1" 200 297
200.54.107.2 - - [28/Mar/2023:11:44:03 -0300] "GET /cormun/servlet/solicitudot?754e960dc7801a6db2c5bc151f710882aa9d00e1d72e0ae12c7d7cceec5f810491a9a4b0565b69a3e521f1a4f4534874fabc219ee56c1014db39f22fe0c49e20857db7cfbb8feda95802428a20d0864a598ada045dc02b0715f0da5f83384472db652986c63cd5db992d754f6a7e7b152f60c83d68ff291ee66e7f380aea8b0f6b741c9668c91cc6d426408e7c0b120c9864ee18a88bb5a165d19f5d1663f303f514c88ddb3ff8e55c7e1fbe512e25bb736fa8b83c37df2e8267086cc4e4493bb6ce4ce80474460ecd3412bebb4dd532cb36f0de9058cc764c24d1728778304a8e28bbf6dff6c96f64f6d20f7d250818e42dbc2e0dedd877cbc55c0504630d99d3c4145dbbe30b6eea024f87a679854bcdd797c8a48b9d3e4818311033cf42172a1e1877e00d8b4ff74af442ef5627c3878ec330c121d4356470f0809f30d2b947d9c118be030db212500333d988e5473b12c63efc5daa6966bc68d97de270645505380fb9d147db565f6f6332b2d53f2105533f29fb717f76604ebe9b0e2de8cbe4e97e910889ec4b4224bf9171da78,gx-no-cache=1680013719427 HTTP/1.1" 200 30
200.54.107.2 - - [28/Mar/2023:11:44:06 -0300] "POST /cormun/servlet/solicitudot?gx-no-cache=1680013721964 HTTP/1.1" 200 30
200.54.107.2 - - [28/Mar/2023:11:44:08 -0300] "POST /cormun/servlet/solicitudot?gx-no-cache=1680013723990 HTTP/1.1" 200 1466
200.54.107.2 - - [28/Mar/2023:11:44:08 -0300] "POST /cormun/servlet/solicitudot?gx-no-cache=1680013724035 HTTP/1.1" 200 38
190.171.152.114 - - [28/Mar/2023:11:45:36 -0300] "GET /cormun/servlet/trpermisosgoce? HTTP/1.1" 200 9232
190.171.152.114 - - [28/Mar/2023:11:45:36 -0300] "GET /cormun/servlet/trpermisosgoce? HTTP/1.1" 200 9231
190.171.152.114 - - [28/Mar/2023:11:45:38 -0300] "GET /cormun/servlet/permisogoce?INS,0,,, HTTP/1.1" 200 7218
190.171.152.114 - - [28/Mar/2023:11:45:39 -0300] "GET /cormun/servlet/permisogoce?INS,0,,, HTTP/1.1" 200 7218
190.171.152.114 - - [28/Mar/2023:11:45:49 -0300] "GET /cormun/servlet/permisogoce?ee418e00b70f9e38b3e4c68aa81e339754cc7e35fd69c8142e10e56c4a27b899ae81e3623856a61252451299b0a8966c14b18988e8f42bdcb036da4f7e1bc19f,gx-no-cache=1680013825895 HTTP/1.1" 200 77
190.171.152.114 - - [28/Mar/2023:11:45:52 -0300] "GET /cormun/static/menuarrow.gif HTTP/1.1" 404 1015
190.171.152.114 - - [28/Mar/2023:11:46:33 -0300] "GET /cormun/servlet/permisogoce?ee418e00b70f9e38b3e4c68aa81e339794741de6fe85f123e667cbbf7ee36eacd82d783b9c886da2fec16389de79b8c1219937a9b581a98982941d433968b2a3,gx-no-cache=1680013870287 HTTP/1.1" 200 44
200.54.107.2 - - [28/Mar/2023:11:46:45 -0300] "GET /cormun/servlet/solicitudot?754e960dc7801a6db2c5bc151f710882e211c0298759726a041331784f7c46276624a0e09b58bf84ad193cf48c33c49604d6029fa0b1cd40045e6f78f41bc26347ec34f65458e5af1e8a672525107d33426a09ed09fc700c2872be6a5a463125fd3169ab17c9d8475c379eb0d47749e4,gx-no-cache=1680013880769 HTTP/1.1" 200 110
190.171.152.114 - - [28/Mar/2023:11:47:13 -0300] "POST /cormun/servlet/permisogoce?baa04ce12b0400e3877e463c94217f77,INS,0,,,,gx-no-cache=1680013909944 HTTP/1.1" 200 93
190.171.152.114 - - [28/Mar/2023:11:47:13 -0300] "GET /cormun/servlet/hpexe_return? HTTP/1.1" 200 1011
190.171.152.114 - - [28/Mar/2023:11:47:13 -0300] "GET /cormun/servlet/trpermisosgoce HTTP/1.1" 200 9479
190.171.152.114 - - [28/Mar/2023:11:47:14 -0300] "GET /cormun/servlet/trpermisosgoce HTTP/1.1" 200 9484
190.171.152.114 - - [28/Mar/2023:11:47:17 -0300] "GET /cormun/servlet/apermisogoceprn?16816694,P,20230328113011,PU HTTP/1.1" 200 1678
181.212.47.137 - - [28/Mar/2023:11:48:17 -0300] "GET /cormun/servlet/hlogin HTTP/1.1" 200 1721
181.212.47.137 - - [28/Mar/2023:11:48:20 -0300] "POST /cormun/servlet/hlogin?a00d62beaba67c4c4aea6d229a8921c8,gx-no-cache=1680013972820 HTTP/1.1" 200 90
181.212.47.137 - - [28/Mar/2023:11:48:20 -0300] "GET /cormun/servlet/hpexe_link HTTP/1.1" 200 947
181.212.47.137 - - [28/Mar/2023:11:48:20 -0300] "GET /cormun/servlet/hhome HTTP/1.1" 200 3792
181.212.47.137 - - [28/Mar/2023:11:48:20 -0300] "GET /cormun/servlet/hhome HTTP/1.1" 200 3788
181.212.47.137 - - [28/Mar/2023:11:48:23 -0300] "GET /cormun/servlet/trsolicitudgral? HTTP/1.1" 200 28022
181.212.47.137 - - [28/Mar/2023:11:48:25 -0300] "GET /cormun/servlet/trsolicitudgral? HTTP/1.1" 200 28020
181.212.47.137 - - [28/Mar/2023:11:48:28 -0300] "POST /cormun/servlet/trsolicitudgral?a00d62beaba67c4c4aea6d229a8921c8,,gx-no-cache=1680013981285 HTTP/1.1" 200 5252
168.196.203.236 - - [28/Mar/2023:11:48:35 -0300] "GET /cormun/servlet/hlogin HTTP/1.1" 200 1728
168.196.203.236 - - [28/Mar/2023:11:48:35 -0300] "GET /cormun/static/gxtimezone.js?85251 HTTP/1.1" 200 5781
168.196.203.236 - - [28/Mar/2023:11:48:35 -0300] "GET /cormun/static/gxcfg.js?201910216285969 HTTP/1.1" 200 953
168.196.203.236 - - [28/Mar/2023:11:48:35 -0300] "GET /cormun/static/Resources/Spanish/PXTools.css?2294816 HTTP/1.1" 200 100853
168.196.203.236 - - [28/Mar/2023:11:48:35 -0300] "GET /cormun/static/messages.spa.js?85251 HTTP/1.1" 200 30736
168.196.203.236 - - [28/Mar/2023:11:48:35 -0300] "GET /cormun/static/gxgral.js?85251 HTTP/1.1" 200 384558
168.196.203.236 - - [28/Mar/2023:11:48:35 -0300] "GET /cormun/static/hlogin.js?201910216285995 HTTP/1.1" 200 2136
168.196.203.236 - - [28/Mar/2023:11:48:35 -0300] "GET /cormun/static/Resources/Logo2019_Grande.png HTTP/1.1" 200 31733
168.196.203.236 - - [28/Mar/2023:11:48:35 -0300] "GET /cormun/static/Resources/PXToolsLoginTop.png HTTP/1.1" 200 1337
168.196.203.236 - - [28/Mar/2023:11:48:35 -0300] "GET /cormun/static/Resources/PXToolsLoginBackground.png HTTP/1.1" 200 1164
168.196.203.236 - - [28/Mar/2023:11:48:35 -0300] "GET /cormun/static/Resources/PXToolsButtonLeft.png HTTP/1.1" 200 1310
168.196.203.236 - - [28/Mar/2023:11:48:35 -0300] "GET /cormun/static/Resources/PXToolsButtonRight.png HTTP/1.1" 200 1294
168.196.203.236 - - [28/Mar/2023:11:48:35 -0300] "GET /cormun/static/Resources/PXToolsButtonBackground.png HTTP/1.1" 200 1176
168.196.203.236 - - [28/Mar/2023:11:48:35 -0300] "GET /cormun/static/Resources/indicator.gif HTTP/1.1" 200 1553
168.196.203.236 - - [28/Mar/2023:11:48:35 -0300] "GET /cormun/static/Resources/PXToolsLoginBottom.png HTTP/1.1" 200 1389
168.196.203.236 - - [28/Mar/2023:11:48:35 -0300] "GET /cormun/servlet/hlogin HTTP/1.1" 200 1738
181.212.47.137 - - [28/Mar/2023:11:48:36 -0300] "POST /cormun/servlet/trsolicitudgral?a00d62beaba67c4c4aea6d229a8921c8,,gx-no-cache=1680013988878 HTTP/1.1" 200 6664
168.196.203.236 - - [28/Mar/2023:11:48:36 -0300] "GET /favicon.ico HTTP/1.1" 200 21630
181.212.47.137 - - [28/Mar/2023:11:48:38 -0300] "GET /cormun/servlet/vesolicitudgral?2023,19570,, HTTP/1.1" 200 8382
181.212.47.137 - - [28/Mar/2023:11:48:38 -0300] "GET /cormun/pexe_scrolldiv.js HTTP/1.1" 404 1009
181.212.47.137 - - [28/Mar/2023:11:48:39 -0300] "GET /cormun/servlet/vesolicitudgral?2023,19570,, HTTP/1.1" 200 8381
181.212.47.137 - - [28/Mar/2023:11:48:41 -0300] "GET /cormun/servlet/vesolicitudgral?2023,19570,,SolicitudOTAdjuntos HTTP/1.1" 200 11184
181.212.47.137 - - [28/Mar/2023:11:48:41 -0300] "GET /cormun/pexe_scrolldiv.js HTTP/1.1" 404 1009
181.212.47.137 - - [28/Mar/2023:11:48:41 -0300] "GET /cormun/servlet/vesolicitudgral?2023,19570,,SolicitudOTAdjuntos HTTP/1.1" 200 11185
181.212.47.137 - - [28/Mar/2023:11:48:42 -0300] "POST /cormun/servlet/acontrolpreferencessavestate?None,RRHH+DANIELA,true HTTP/1.1" 200 35
181.212.47.137 - - [28/Mar/2023:11:48:43 -0300] "GET /cormun/PublicTempStorage/curriculum_javiera_toledo5173574.pdf HTTP/1.1" 200 238619
181.212.47.137 - - [28/Mar/2023:11:49:01 -0300] "GET /cormun/servlet/vesolicitudgral?2023,19570,,SolicitudOTAdjuntos HTTP/1.1" 200 11184
181.212.47.137 - - [28/Mar/2023:11:49:02 -0300] "GET /cormun/servlet/vesolicitudgral?2023,19570,,SolicitudOTAdjuntos HTTP/1.1" 200 11187
181.212.47.137 - - [28/Mar/2023:11:49:02 -0300] "POST /cormun/servlet/acontrolpreferencessavestate?None,RRHH+DANIELA,true HTTP/1.1" 200 35
181.212.47.137 - - [28/Mar/2023:11:49:04 -0300] "GET /cormun/PublicTempStorage/certif.titulo_javiera_toledo6662172.pdf HTTP/1.1" 200 100306
181.212.47.137 - - [28/Mar/2023:11:49:09 -0300] "GET /cormun/servlet/vesolicitudgral?2023,19570,,SolicitudOTAdjuntos HTTP/1.1" 200 11185
181.212.47.137 - - [28/Mar/2023:11:49:09 -0300] "GET /cormun/servlet/vesolicitudgral?2023,19570,,SolicitudOTAdjuntos HTTP/1.1" 200 11188
181.212.47.137 - - [28/Mar/2023:11:49:10 -0300] "POST /cormun/servlet/acontrolpreferencessavestate?None,RRHH+DANIELA,true HTTP/1.1" 200 35
200.54.107.2 - - [28/Mar/2023:11:53:11 -0300] "GET /cormun/servlet/solicitudot?754e960dc7801a6db2c5bc151f710882e211c0298759726a041331784f7c46276624a0e09b58bf84ad193cf48c33c49604d6029fa0b1cd40045e6f78f41bc26347ec34f65458e5af1e8a672525107d33426a09ed09fc700c2872be6a5a463125fd3169ab17c9d8475c379eb0d47749e4,gx-no-cache=1680014267663 HTTP/1.1" 200 110
200.54.107.2 - - [28/Mar/2023:11:53:22 -0300] "POST /cormun/servlet/solicitudot?gx-no-cache=1680014278429 HTTP/1.1" 200 83
200.54.107.2 - - [28/Mar/2023:11:53:28 -0300] "GET /cormun/servlet/solicitudot?754e960dc7801a6db2c5bc151f71088235d314a55055c2fffb2fbee4f9d0b0f0435a3ce2ec2d7d4e5d01640c13f905ccd33fe06a7c98ebfde2b26252fb5602e4b3a5d8a9bdc7b3c7f54897348d6e1e8dbbf84ab6aff5d0451782375f17574dba66420aa5fa06ba92da6fc63d0750588a,gx-no-cache=1680014284184 HTTP/1.1" 200 29
200.54.107.2 - - [28/Mar/2023:11:53:28 -0300] "GET /cormun/static/menuarrow.gif HTTP/1.1" 404 1015
186.67.172.234 - - [28/Mar/2023:11:53:31 -0300] "GET /cormun/servlet/trsolicitudot? HTTP/1.1" 200 8681
186.67.172.234 - - [28/Mar/2023:11:53:32 -0300] "GET /cormun/servlet/trsolicitudot? HTTP/1.1" 200 8681
200.54.107.2 - - [28/Mar/2023:11:53:35 -0300] "GET /cormun/servlet/solicitudot?754e960dc7801a6db2c5bc151f710882d73e251a84ce6f13eb76e39a15396172ed3253f90d47b5d9e2e98f4eb487cbb7,gx-no-cache=1680014291303 HTTP/1.1" 200 30
186.67.172.234 - - [28/Mar/2023:11:53:35 -0300] "GET /cormun/servlet/solicitudot?INS,0,0,false, HTTP/1.1" 200 16006
186.67.172.234 - - [28/Mar/2023:11:53:36 -0300] "GET /cormun/servlet/solicitudot?INS,0,0,false, HTTP/1.1" 200 16014
200.54.107.2 - - [28/Mar/2023:11:53:50 -0300] "POST /cormun/servlet/solicitudot?gx-no-cache=1680014306130 HTTP/1.1" 200 30
200.54.107.2 - - [28/Mar/2023:11:53:50 -0300] "POST /cormun/servlet/solicitudot?8ecc19128e72bdca51b31996cb357f3c,INS,0,0,false,,gx-no-cache=1680014306169 HTTP/1.1" 200 93
200.54.107.2 - - [28/Mar/2023:11:53:51 -0300] "GET /cormun/servlet/hpexe_return? HTTP/1.1" 200 1011
200.54.107.2 - - [28/Mar/2023:11:53:51 -0300] "GET /cormun/servlet/trsolicitudot HTTP/1.1" 200 8857
200.54.107.2 - - [28/Mar/2023:11:53:51 -0300] "GET /cormun/servlet/trsolicitudot HTTP/1.1" 200 8853
190.171.141.106 - - [28/Mar/2023:11:54:30 -0300] "GET /cormun/servlet/trlicencias HTTP/1.1" 200 9461
190.171.141.106 - - [28/Mar/2023:11:54:32 -0300] "GET /cormun/servlet/hlogin HTTP/1.1" 200 1741
190.171.141.106 - - [28/Mar/2023:11:54:32 -0300] "GET /cormun/servlet/trlicencias HTTP/1.1" 200 9459
190.171.141.106 - - [28/Mar/2023:11:54:32 -0300] "GET /cormun/static/gxcfg.js?201910216285969 HTTP/1.1" 200 953
190.171.141.106 - - [28/Mar/2023:11:54:32 -0300] "GET /cormun/static/hlogin.js?201910216285995 HTTP/1.1" 200 2136
190.171.141.106 - - [28/Mar/2023:11:54:32 -0300] "GET /cormun/static/Resources/Spanish/PXTools.css?2294816 HTTP/1.1" 200 100853
190.171.141.106 - - [28/Mar/2023:11:54:32 -0300] "GET /cormun/servlet/trlicencias HTTP/1.1" 200 9459
190.171.141.106 - - [28/Mar/2023:11:54:32 -0300] "GET /cormun/static/Resources/Logo2019_Grande.png HTTP/1.1" 200 31733
190.171.141.106 - - [28/Mar/2023:11:54:32 -0300] "GET /cormun/static/Resources/PXToolsLoginTop.png HTTP/1.1" 200 1337
190.171.141.106 - - [28/Mar/2023:11:54:32 -0300] "GET /cormun/static/Resources/PXToolsLoginBackground.png HTTP/1.1" 200 1164
190.171.141.106 - - [28/Mar/2023:11:54:32 -0300] "GET /cormun/static/Resources/PXToolsButtonLeft.png HTTP/1.1" 200 1310
190.171.141.106 - - [28/Mar/2023:11:54:32 -0300] "GET /cormun/static/Resources/PXToolsButtonBackground.png HTTP/1.1" 200 1176
190.171.141.106 - - [28/Mar/2023:11:54:32 -0300] "GET /cormun/static/Resources/PXToolsLoginBottom.png HTTP/1.1" 200 1389
190.171.141.106 - - [28/Mar/2023:11:54:32 -0300] "GET /cormun/static/Resources/PXToolsButtonRight.png HTTP/1.1" 200 1294
186.67.172.234 - - [28/Mar/2023:11:54:53 -0300] "POST /cormun/servlet/solicitudot?gx-no-cache=1680014369312 HTTP/1.1" 200 4039
186.67.172.234 - - [28/Mar/2023:11:54:53 -0300] "GET /cormun/static/Shared/jqueryui/images/ui-bg_highlight-soft_100_c6c2c8_1x100.png HTTP/1.1" 404 1117
186.67.172.234 - - [28/Mar/2023:11:54:53 -0300] "GET /cormun/static/Shared/jqueryui/images/ui-icons_82798d_256x240.png HTTP/1.1" 404 1089
186.67.172.234 - - [28/Mar/2023:11:54:53 -0300] "GET /cormun/static/Shared/jqueryui/images/ui-bg_flat_55_994d53_40x100.png HTTP/1.1" 404 1097
186.67.172.234 - - [28/Mar/2023:11:54:53 -0300] "GET /cormun/static/Shared/jqueryui/images/ui-icons_ebccce_256x240.png HTTP/1.1" 404 1089
190.171.152.138 - - [28/Mar/2023:11:55:00 -0300] "GET /cormun/servlet/trsolicitudot? HTTP/1.1" 200 7448
190.171.152.138 - - [28/Mar/2023:11:55:00 -0300] "GET /cormun/servlet/trsolicitudot? HTTP/1.1" 200 7448
190.171.152.138 - - [28/Mar/2023:11:55:02 -0300] "POST /cormun/servlet/trsolicitudot?f508ede4346417fcb7bfa42d0fe5ebf9,,gx-no-cache=1680018002695 HTTP/1.1" 200 103
190.171.152.138 - - [28/Mar/2023:11:55:02 -0300] "GET /cormun/SolicitudOT-1546.xls HTTP/1.1" 200 4608
190.171.152.138 - - [28/Mar/2023:11:55:05 -0300] "GET /cormun/servlet/solicitudot?INS,0,0,false, HTTP/1.1" 200 16095
190.171.152.138 - - [28/Mar/2023:11:55:05 -0300] "GET /cormun/servlet/solicitudot?INS,0,0,false, HTTP/1.1" 200 16103
186.67.172.234 - - [28/Mar/2023:11:55:18 -0300] "POST /cormun/servlet/solicitudot?03ae8e6a17d321f97a167651c0b2f2ff,INS,0,0,false,,gx-no-cache=1680014395313 HTTP/1.1" 200 93
186.67.172.234 - - [28/Mar/2023:11:55:19 -0300] "GET /cormun/servlet/hpexe_return? HTTP/1.1" 200 1007
186.67.172.234 - - [28/Mar/2023:11:55:19 -0300] "GET /cormun/servlet/trsolicitudot HTTP/1.1" 200 8680
186.67.172.234 - - [28/Mar/2023:11:55:19 -0300] "GET /cormun/servlet/trsolicitudot HTTP/1.1" 200 8681
190.171.152.138 - - [28/Mar/2023:11:55:20 -0300] "POST /cormun/servlet/solicitudot?gx-no-cache=1680018020537 HTTP/1.1" 200 4174
190.171.152.138 - - [28/Mar/2023:11:55:33 -0300] "POST /cormun/servlet/solicitudot?gx-no-cache=1680018033041 HTTP/1.1" 200 4174
190.171.152.138 - - [28/Mar/2023:11:55:35 -0300] "GET /cormun/servlet/prfichaempleado?,MD,,gxPopupLevel%3D0%3B HTTP/1.1" 200 9243
190.171.152.138 - - [28/Mar/2023:11:55:35 -0300] "GET /cormun/static/gxcfg.js?20201215571085 HTTP/1.1" 200 953
190.171.152.138 - - [28/Mar/2023:11:55:36 -0300] "GET /cormun/static/prfichaempleado.js?20201215572193 HTTP/1.1" 200 16006
190.171.152.138 - - [28/Mar/2023:11:55:50 -0300] "POST /cormun/servlet/prfichaempleado?f508ede4346417fcb7bfa42d0fe5ebf9,,MD,,gxPopupLevel%3D0%3B,gx-no-cache=1680018050945 HTTP/1.1" 200 3467
190.171.152.138 - - [28/Mar/2023:11:55:56 -0300] "POST /cormun/servlet/solicitudot?gx-no-cache=1680018056632 HTTP/1.1" 200 4174
190.171.143.98 - - [28/Mar/2023:11:58:31 -0300] "GET /cormun/servlet/hlogin HTTP/1.1" 200 1731
190.171.143.98 - - [28/Mar/2023:11:58:31 -0300] "GET /cormun/static/gxtimezone.js?85251 HTTP/1.1" 200 5781
190.171.143.98 - - [28/Mar/2023:11:58:31 -0300] "GET /cormun/static/gxcfg.js?201910216285969 HTTP/1.1" 200 953
190.171.143.98 - - [28/Mar/2023:11:58:31 -0300] "GET /cormun/static/Resources/Spanish/PXTools.css?2294816 HTTP/1.1" 200 100853
190.171.143.98 - - [28/Mar/2023:11:58:31 -0300] "GET /cormun/static/messages.spa.js?85251 HTTP/1.1" 200 30736
190.171.143.98 - - [28/Mar/2023:11:58:31 -0300] "GET /cormun/static/gxgral.js?85251 HTTP/1.1" 200 384558
190.171.143.98 - - [28/Mar/2023:11:58:31 -0300] "GET /cormun/static/hlogin.js?201910216285995 HTTP/1.1" 200 2136
190.171.143.98 - - [28/Mar/2023:11:58:31 -0300] "GET /cormun/static/Resources/Logo2019_Grande.png HTTP/1.1" 200 31733
190.171.143.98 - - [28/Mar/2023:11:58:31 -0300] "GET /cormun/static/Resources/PXToolsLoginTop.png HTTP/1.1" 200 1337
190.171.143.98 - - [28/Mar/2023:11:58:31 -0300] "GET /cormun/static/Resources/PXToolsLoginBackground.png HTTP/1.1" 200 1164
190.171.143.98 - - [28/Mar/2023:11:58:31 -0300] "GET /cormun/static/Resources/PXToolsButtonLeft.png HTTP/1.1" 200 1310
190.171.143.98 - - [28/Mar/2023:11:58:31 -0300] "GET /cormun/static/Resources/PXToolsButtonRight.png HTTP/1.1" 200 1294
190.171.143.98 - - [28/Mar/2023:11:58:31 -0300] "GET /cormun/static/Resources/PXToolsButtonBackground.png HTTP/1.1" 200 1176
190.171.143.98 - - [28/Mar/2023:11:58:31 -0300] "GET /cormun/static/Resources/PXToolsLoginBottom.png HTTP/1.1" 200 1389
190.171.143.98 - - [28/Mar/2023:11:58:31 -0300] "GET /cormun/static/Resources/indicator.gif HTTP/1.1" 200 1553
190.171.143.98 - - [28/Mar/2023:11:58:31 -0300] "GET /favicon.ico HTTP/1.1" 200 21630
190.171.143.98 - - [28/Mar/2023:11:58:45 -0300] "POST /cormun/servlet/hlogin?2edc20c73fb29ad4990e8a5d8354135a,gx-no-cache=1680014901444 HTTP/1.1" 200 90
190.171.143.98 - - [28/Mar/2023:11:58:45 -0300] "GET /cormun/servlet/hpexe_link HTTP/1.1" 200 955
190.171.143.98 - - [28/Mar/2023:11:58:45 -0300] "GET /cormun/static/hpexe_link.js?201991422392963 HTTP/1.1" 200 625
190.171.143.98 - - [28/Mar/2023:11:58:45 -0300] "GET /cormun/static/gxcfg.js?201991422392958 HTTP/1.1" 200 953
190.171.143.98 - - [28/Mar/2023:11:58:45 -0300] "GET /cormun/servlet/hhome HTTP/1.1" 200 4312
190.171.143.98 - - [28/Mar/2023:11:58:45 -0300] "GET /cormun/static/gxcfg.js?20201215495537 HTTP/1.1" 200 953
190.171.143.98 - - [28/Mar/2023:11:58:45 -0300] "GET /cormun/static/Resources/Spanish/PXTools.css?14345360 HTTP/1.1" 200 100853
190.171.143.98 - - [28/Mar/2023:11:58:45 -0300] "GET /cormun/static/SmoothNavMenu/resources/ddsmoothmenu-v.css?1112540 HTTP/1.1" 200 1188
190.171.143.98 - - [28/Mar/2023:11:58:45 -0300] "GET /cormun/static/SmoothNavMenu/resources/ddsmoothmenu.css?1112540 HTTP/1.1" 200 2223
190.171.143.98 - - [28/Mar/2023:11:58:45 -0300] "GET /cormun/static/PXToolsJavascripts/pexe_autoreload.js HTTP/1.1" 200 1762
190.171.143.98 - - [28/Mar/2023:11:58:45 -0300] "GET /cormun/static/scaMessage/css/jquery.pnotify.default.css?1816380 HTTP/1.1" 200 1707
190.171.143.98 - - [28/Mar/2023:11:58:45 -0300] "GET /cormun/static/PXToolsJavascripts/pexe_cookies.js HTTP/1.1" 200 792
190.171.143.98 - - [28/Mar/2023:11:58:45 -0300] "GET /cormun/static/PXToolsJavascripts/pexe_griddivfix.js HTTP/1.1" 200 6644
190.171.143.98 - - [28/Mar/2023:11:58:45 -0300] "GET /cormun/static/PXToolsJavascripts/pexe_windows.js HTTP/1.1" 200 15207
190.171.143.98 - - [28/Mar/2023:11:58:45 -0300] "GET /cormun/static/PXToolsJavascripts/pexe_link.js HTTP/1.1" 200 5671
190.171.143.98 - - [28/Mar/2023:11:58:45 -0300] "GET /cormun/static/PXToolsJavascripts/pexe_menudivfix.js HTTP/1.1" 200 333
190.171.143.98 - - [28/Mar/2023:11:58:45 -0300] "GET /cormun/static/Shared/jqueryui/jquery-ui.min.css?1345370 HTTP/1.1" 200 30288
190.171.143.98 - - [28/Mar/2023:11:58:45 -0300] "GET /cormun/static/PXToolsJavascripts/pexe_grid.js HTTP/1.1" 200 7559
190.171.143.98 - - [28/Mar/2023:11:58:45 -0300] "GET /cormun/static/PXToolsJavascripts/pexe_menus.js HTTP/1.1" 200 1286
190.171.143.98 - - [28/Mar/2023:11:58:45 -0300] "GET /cormun/static/PXToolsJavascripts/pexe_layers.js HTTP/1.1" 200 4114
190.171.143.98 - - [28/Mar/2023:11:58:45 -0300] "GET /cormun/static/PXToolsJavascripts/pexe_oav.js HTTP/1.1" 200 645
190.171.143.98 - - [28/Mar/2023:11:58:45 -0300] "GET /cormun/static/PXToolsJavascripts/pexe_oavdivfix.js HTTP/1.1" 200 639
190.171.143.98 - - [28/Mar/2023:11:58:45 -0300] "GET /cormun/static/PXToolsJavascripts/pexe_picture.js HTTP/1.1" 200 689
190.171.143.98 - - [28/Mar/2023:11:58:45 -0300] "GET /cormun/static/PXToolsJavascripts/pexe_popup.js HTTP/1.1" 200 13458
190.171.143.98 - - [28/Mar/2023:11:58:45 -0300] "GET /cormun/static/PXToolsJavascripts/pexe_scrolldiv.js HTTP/1.1" 200 4138
190.171.143.98 - - [28/Mar/2023:11:58:45 -0300] "GET /cormun/static/PXToolsJavascripts/pexe_tabdivfix.js HTTP/1.1" 200 876
190.171.143.98 - - [28/Mar/2023:11:58:45 -0300] "GET /cormun/static/PXToolsJavascripts/PXToolsJavascriptsRender.js HTTP/1.1" 200 367
190.171.143.98 - - [28/Mar/2023:11:58:45 -0300] "GET /cormun/static/PXToolsJavascripts/pexe_tabs.js HTTP/1.1" 200 3748
190.171.143.98 - - [28/Mar/2023:11:58:45 -0300] "GET /cormun/static/PXToolsJavascripts/pexe_upload.js HTTP/1.1" 200 1423
190.171.143.98 - - [28/Mar/2023:11:58:45 -0300] "GET /cormun/static/RunJS/RunJS.js HTTP/1.1" 200 288
190.171.143.98 - - [28/Mar/2023:11:58:45 -0300] "GET /cormun/static/hwchdr01.js?20201214473739 HTTP/1.1" 200 996
190.171.143.98 - - [28/Mar/2023:11:58:45 -0300] "GET /cormun/static/hpexe_recentlink.js?20201214471090 HTTP/1.1" 200 2144
190.171.143.98 - - [28/Mar/2023:11:58:46 -0300] "GET /cormun/static/hpexe_scripts.js?20201214471411 HTTP/1.1" 200 1544
190.171.143.98 - - [28/Mar/2023:11:58:46 -0300] "GET /cormun/static/Shared/ext/locale/ext-lang-en.js HTTP/1.1" 200 10940
190.171.143.98 - - [28/Mar/2023:11:58:46 -0300] "GET /cormun/static/hhome.js?20201215495544 HTTP/1.1" 200 777
190.171.143.98 - - [28/Mar/2023:11:58:46 -0300] "GET /cormun/static/gxui/gxui-all.js HTTP/1.1" 200 107772
190.171.143.98 - - [28/Mar/2023:11:58:46 -0300] "GET /cormun/static/hpexe_messagecontroller.js?201991422154126 HTTP/1.1" 200 870
190.171.143.98 - - [28/Mar/2023:11:58:46 -0300] "GET /cormun/static/hpexe_messagepopupcomponent.js?2020121447232 HTTP/1.1" 200 605
190.171.143.98 - - [28/Mar/2023:11:58:46 -0300] "GET /cormun/static/hpexe_messagegenexuscomponent.js?2020121447173 HTTP/1.1" 200 587
190.171.143.98 - - [28/Mar/2023:11:58:46 -0300] "GET /cormun/static/cmcontrolpreferences.js?20199141926336 HTTP/1.1" 200 1375
190.171.143.98 - - [28/Mar/2023:11:58:46 -0300] "GET /cormun/static/Resources/ImgHome.png HTTP/1.1" 200 1364
190.171.143.98 - - [28/Mar/2023:11:58:46 -0300] "GET /cormun/static/Resources/Llave.png HTTP/1.1" 200 1395
190.171.143.98 - - [28/Mar/2023:11:58:46 -0300] "GET /cormun/static/Resources/PXToolsDataTitle.png HTTP/1.1" 200 1173
190.171.143.98 - - [28/Mar/2023:11:58:46 -0300] "GET /cormun/static/Resources/ImgLogin.png HTTP/1.1" 200 1432
190.171.143.98 - - [28/Mar/2023:11:58:46 -0300] "GET /cormun/static/Resources/Logo2019_Small.png HTTP/1.1" 200 10855
190.171.143.98 - - [28/Mar/2023:11:58:46 -0300] "GET /cormun/static/Shared/ext/ext-all.js HTTP/1.1" 200 1289687
190.171.143.98 - - [28/Mar/2023:11:58:46 -0300] "GET /cormun/static/SmoothNavMenu/resources/ddsmoothmenu.js HTTP/1.1" 200 12712
190.171.143.98 - - [28/Mar/2023:11:58:46 -0300] "GET /cormun/static/Shared/jquery/jquery-1.4.2.min.js HTTP/1.1" 200 72174
190.171.143.98 - - [28/Mar/2023:11:58:46 -0300] "GET /cormun/static/SmoothNavMenu/resources/SmoothNavMenuRender.js HTTP/1.1" 200 5951
190.171.143.98 - - [28/Mar/2023:11:58:46 -0300] "GET /cormun/static/scaMessage/js/jquery.pnotify.min.js HTTP/1.1" 200 13038
190.171.143.98 - - [28/Mar/2023:11:58:46 -0300] "GET /cormun/static/scaMessage/scaMessageRender.js HTTP/1.1" 200 11977
190.171.143.98 - - [28/Mar/2023:11:58:46 -0300] "GET /cormun/static/Shared/jquery/jquery-1.10.2.min.js HTTP/1.1" 200 273199
190.171.143.98 - - [28/Mar/2023:11:58:46 -0300] "GET /cormun/static/hmpwkw03.js?20201215501896 HTTP/1.1" 200 3973
190.171.143.98 - - [28/Mar/2023:11:58:46 -0300] "GET /cormun/static/Shared/jqueryui/jquery-ui.min.js HTTP/1.1" 200 240427
