190.171.149.82 - - [28/Mar/2023:10:53:02 -0300] "GET /cormun/static/about:blank HTTP/1.1" 404 1011
190.171.149.82 - - [28/Mar/2023:10:53:02 -0300] "GET /cormun/servlet/permisosadjuntos?INS,17523102,P,20230327151028,, HTTP/1.1" 200 5542
190.171.149.82 - - [28/Mar/2023:10:53:10 -0300] "POST /cormun/servlet/permisosadjuntos?2af2f7cfa8c08010fd46ec1ca48c9ff3,INS,17523102,P,20230327151028,, HTTP/1.1" 200 116
190.171.149.82 - - [28/Mar/2023:10:53:11 -0300] "GET /cormun/servlet/hpexe_return? HTTP/1.1" 200 1036
190.171.149.82 - - [28/Mar/2023:10:53:11 -0300] "GET /cormun/servlet/trpermisosadjuntos?17523102,20230327151028,P, HTTP/1.1" 200 6696
190.171.149.82 - - [28/Mar/2023:10:53:11 -0300] "GET /cormun/servlet/trpermisosadjuntos?17523102,20230327151028,P, HTTP/1.1" 200 6694
192.168.10.17 - - [28/Mar/2023:10:53:13 -0300] "GET /cormun/servlet/trsolicitudgral? HTTP/1.1" 200 8309
192.168.10.17 - - [28/Mar/2023:10:53:13 -0300] "GET /cormun/servlet/trsolicitudgral? HTTP/1.1" 200 8297
190.171.149.82 - - [28/Mar/2023:10:53:14 -0300] "POST /cormun/servlet/trpermisosadjuntos?2af2f7cfa8c08010fd46ec1ca48c9ff3,17523102,20230327151028,P,,gx-no-cache=1680014369022 HTTP/1.1" 200 90
190.171.149.82 - - [28/Mar/2023:10:53:14 -0300] "GET /cormun/servlet/hpexe_link HTTP/1.1" 200 984
190.171.149.82 - - [28/Mar/2023:10:53:14 -0300] "GET /cormun/servlet/trpermisosgoce HTTP/1.1" 200 8459
190.171.149.82 - - [28/Mar/2023:10:53:14 -0300] "GET /cormun/servlet/trpermisosgoce HTTP/1.1" 200 8459
190.171.154.42 - - [28/Mar/2023:10:53:15 -0300] "GET /cormun/servlet/solicitudot?9428c051ff858f91240eed1d0923c9a2aadc6c6be99ac2170eea6600316780e4cc297eda434a3a1bcf80884307ba3ec27b28e12c362a70930941cc71297970f8,gx-no-cache=1680010671737 HTTP/1.1" 200 30
186.173.226.20 - - [28/Mar/2023:10:53:15 -0300] "GET /cormun/servlet/hlogin HTTP/1.1" 200 1727
190.171.154.42 - - [28/Mar/2023:10:53:16 -0300] "GET /cormun/servlet/prbanco?,MD,,gxPopupLevel%3D0%3B HTTP/1.1" 200 6523
190.171.149.82 - - [28/Mar/2023:10:53:16 -0300] "POST /cormun/servlet/trpermisosgoce?2af2f7cfa8c08010fd46ec1ca48c9ff3,gx-no-cache=1680014371423 HTTP/1.1" 200 5764
190.171.149.82 - - [28/Mar/2023:10:53:16 -0300] "GET /cormun/static/Shared/jqueryui/images/ui-icons_82798d_256x240.png HTTP/1.1" 404 1089
190.171.149.82 - - [28/Mar/2023:10:53:16 -0300] "GET /cormun/static/Shared/jqueryui/images/ui-bg_flat_55_fafafa_40x100.png HTTP/1.1" 404 1097
190.171.149.82 - - [28/Mar/2023:10:53:16 -0300] "GET /cormun/static/Shared/jqueryui/images/ui-icons_8d78a5_256x240.png HTTP/1.1" 404 1089
190.171.149.82 - - [28/Mar/2023:10:53:16 -0300] "GET /cormun/static/Shared/jqueryui/images/ui-bg_highlight-soft_100_c6c2c8_1x100.png HTTP/1.1" 404 1117
192.168.10.17 - - [28/Mar/2023:10:53:17 -0300] "POST /cormun/servlet/trsolicitudgral?c0f08d2db8981553f4988dd3f57925a4,,gx-no-cache=1680010670744 HTTP/1.1" 200 7070
186.173.226.20 - - [28/Mar/2023:10:53:18 -0300] "POST /cormun/servlet/hlogin?8fbb4198197c0343b05291c85bb18831,gx-no-cache=1680010674392 HTTP/1.1" 200 90
186.173.226.20 - - [28/Mar/2023:10:53:18 -0300] "GET /cormun/servlet/hpexe_link HTTP/1.1" 200 951
186.173.226.20 - - [28/Mar/2023:10:53:18 -0300] "GET /cormun/servlet/hhome HTTP/1.1" 200 3898
190.171.149.82 - - [28/Mar/2023:10:53:18 -0300] "POST /cormun/servlet/trpermisosgoce?2af2f7cfa8c08010fd46ec1ca48c9ff3,gx-no-cache=1680014373741 HTTP/1.1" 200 90
190.171.149.82 - - [28/Mar/2023:10:53:18 -0300] "GET /cormun/servlet/hpexe_link HTTP/1.1" 200 958
190.171.149.82 - - [28/Mar/2023:10:53:19 -0300] "GET /cormun/servlet/hhome HTTP/1.1" 200 3916
190.171.149.82 - - [28/Mar/2023:10:53:19 -0300] "GET /cormun/servlet/hhome HTTP/1.1" 200 3912
186.173.226.20 - - [28/Mar/2023:10:53:19 -0300] "GET /cormun/servlet/hhome HTTP/1.1" 200 3895
190.171.149.82 - - [28/Mar/2023:10:53:20 -0300] "GET /cormun/servlet/hlogin HTTP/1.1" 200 1740
186.173.226.20 - - [28/Mar/2023:10:53:22 -0300] "GET /cormun/servlet/trsolicitudot? HTTP/1.1" 200 7122
186.173.226.20 - - [28/Mar/2023:10:53:23 -0300] "GET /cormun/servlet/trsolicitudot? HTTP/1.1" 200 7123
190.171.149.82 - - [28/Mar/2023:10:53:27 -0300] "POST /cormun/servlet/hlogin?2af2f7cfa8c08010fd46ec1ca48c9ff3,gx-no-cache=1680014382444 HTTP/1.1" 200 90
190.171.149.82 - - [28/Mar/2023:10:53:27 -0300] "GET /cormun/servlet/hpexe_link HTTP/1.1" 200 952
190.171.149.82 - - [28/Mar/2023:10:53:27 -0300] "GET /cormun/servlet/hhome HTTP/1.1" 200 4244
190.171.149.82 - - [28/Mar/2023:10:53:27 -0300] "GET /cormun/servlet/hhome HTTP/1.1" 200 4240
190.171.154.42 - - [28/Mar/2023:10:53:28 -0300] "GET /cormun/servlet/solicitudot?9428c051ff858f91240eed1d0923c9a2d124f2f2f6d7d3731bc7f08033645e73,gx-no-cache=1680010685315 HTTP/1.1" 200 53
190.171.149.82 - - [28/Mar/2023:10:53:34 -0300] "GET /cormun/servlet/trpermisosingoceautorizar? HTTP/1.1" 200 7033
190.171.149.82 - - [28/Mar/2023:10:53:34 -0300] "GET /cormun/static/gxcfg.js?20199142052090 HTTP/1.1" 200 953
190.171.149.82 - - [28/Mar/2023:10:53:34 -0300] "GET /cormun/static/Resources/Spanish/PXTools.css?19172979 HTTP/1.1" 200 100853
190.171.149.82 - - [28/Mar/2023:10:53:34 -0300] "GET /cormun/static/trpermisosingoceautorizar.js?20199142052670 HTTP/1.1" 200 32551
190.171.149.82 - - [28/Mar/2023:10:53:34 -0300] "GET /cormun/servlet/trpermisosingoceautorizar? HTTP/1.1" 200 7033
192.168.10.17 - - [28/Mar/2023:10:53:36 -0300] "GET /cormun/servlet/vesolicitudgral?2023,19652,, HTTP/1.1" 200 8376
192.168.10.17 - - [28/Mar/2023:10:53:36 -0300] "GET /cormun/pexe_scrolldiv.js HTTP/1.1" 404 1009
192.168.10.17 - - [28/Mar/2023:10:53:37 -0300] "GET /cormun/servlet/vesolicitudgral?2023,19652,, HTTP/1.1" 200 8375
192.168.10.17 - - [28/Mar/2023:10:53:38 -0300] "POST /cormun/servlet/vesolicitudgral?c0f08d2db8981553f4988dd3f57925a4,2023,19652,,,gx-no-cache=1680010691167 HTTP/1.1" 200 12207
192.168.10.17 - - [28/Mar/2023:10:53:38 -0300] "GET /cormun/static/Shared/jqueryui/images/ui-icons_82798d_256x240.png HTTP/1.1" 404 1089
192.168.10.17 - - [28/Mar/2023:10:53:38 -0300] "GET /cormun/static/Shared/jqueryui/images/ui-bg_highlight-soft_100_c6c2c8_1x100.png HTTP/1.1" 404 1117
192.168.10.17 - - [28/Mar/2023:10:53:38 -0300] "GET /cormun/static/Shared/jqueryui/images/ui-icons_8d78a5_256x240.png HTTP/1.1" 404 1089
192.168.10.17 - - [28/Mar/2023:10:53:38 -0300] "GET /cormun/static/Shared/jqueryui/images/ui-bg_flat_55_fafafa_40x100.png HTTP/1.1" 404 1097
192.168.10.17 - - [28/Mar/2023:10:53:38 -0300] "POST /cormun/servlet/vesolicitudgral?c0f08d2db8981553f4988dd3f57925a4,2023,19652,,,gx-no-cache=1680010691434 HTTP/1.1" 200 12140
190.171.149.82 - - [28/Mar/2023:10:53:39 -0300] "POST /cormun/servlet/trpermisosingoceautorizar?2af2f7cfa8c08010fd46ec1ca48c9ff3,,gx-no-cache=1680014394238 HTTP/1.1" 200 4344
190.171.149.82 - - [28/Mar/2023:10:53:40 -0300] "POST /cormun/servlet/trpermisosingoceautorizar?2af2f7cfa8c08010fd46ec1ca48c9ff3,,gx-no-cache=1680014395300 HTTP/1.1" 200 4344
190.171.149.82 - - [28/Mar/2023:10:53:40 -0300] "POST /cormun/servlet/trpermisosingoceautorizar?2af2f7cfa8c08010fd46ec1ca48c9ff3,,gx-no-cache=1680014395492 HTTP/1.1" 200 4344
190.171.149.82 - - [28/Mar/2023:10:53:40 -0300] "POST /cormun/servlet/trpermisosingoceautorizar?2af2f7cfa8c08010fd46ec1ca48c9ff3,,gx-no-cache=1680014395740 HTTP/1.1" 200 4344
192.168.10.17 - - [28/Mar/2023:10:53:41 -0300] "GET /cormun/servlet/trsolicitudgral? HTTP/1.1" 200 9721
190.171.149.82 - - [28/Mar/2023:10:53:41 -0300] "POST /cormun/servlet/trpermisosingoceautorizar?2af2f7cfa8c08010fd46ec1ca48c9ff3,,gx-no-cache=1680014395956 HTTP/1.1" 200 4344
192.168.10.17 - - [28/Mar/2023:10:53:41 -0300] "GET /cormun/servlet/trsolicitudgral? HTTP/1.1" 200 9717
190.171.149.82 - - [28/Mar/2023:10:53:41 -0300] "POST /cormun/servlet/trpermisosingoceautorizar?2af2f7cfa8c08010fd46ec1ca48c9ff3,,gx-no-cache=1680014396187 HTTP/1.1" 200 4344
190.171.149.82 - - [28/Mar/2023:10:53:41 -0300] "POST /cormun/servlet/trpermisosingoceautorizar?2af2f7cfa8c08010fd46ec1ca48c9ff3,,gx-no-cache=1680014396419 HTTP/1.1" 200 4344
190.171.149.82 - - [28/Mar/2023:10:53:41 -0300] "POST /cormun/servlet/trpermisosingoceautorizar?2af2f7cfa8c08010fd46ec1ca48c9ff3,,gx-no-cache=1680014396643 HTTP/1.1" 200 4344
190.171.149.82 - - [28/Mar/2023:10:53:45 -0300] "GET /cormun/servlet/trautorizarpermisogoce? HTTP/1.1" 200 7905
190.171.149.82 - - [28/Mar/2023:10:53:45 -0300] "GET /cormun/servlet/trautorizarpermisogoce? HTTP/1.1" 200 7904
190.171.154.42 - - [28/Mar/2023:10:53:46 -0300] "POST /cormun/servlet/solicitudot?gx-no-cache=1680010703212 HTTP/1.1" 200 297
190.171.154.42 - - [28/Mar/2023:10:53:46 -0300] "GET /cormun/servlet/solicitudot?9428c051ff858f91240eed1d0923c9a2e046ff7a7434be951f80fd90b29cd47593306e1f4cdb66c89fcd673cbfe2da551ca2a671ed1a7effc4ad797fc27a99b47b67821d2496ad142449dfc98a911a0c2412f4f673cb0f05e99c78a1699daaeaf95aa735485bd5cdfd1d52c57537d9724cfae50e3bfbeff1757d0af809ec541f15f24164d15140ac872b2f18d07404301359e62ce317951257e494f3247ec73813ef9e8a560545dd484edfeccc08a1f360af630a6fa2b5d26f49b7eeb519ae0b27791a0f1b578a47cd8e9331c0c3e789808311246ffed0cced2bbb1f12a2432dc0dbd7359a70db03dadbca54c00e029f3cca5b690a6c2cbf3c56f37d67f7b0f6ba6f178aa2439a225ba5f6a1ea741b3f05672db8a65e0f106553fc4286a07e542250b11898d2dd75b4a9a38888e7ce964c4e75c8cafc51439b0c930f0d2b34b47aae8b114d1ceb2604023516b8f0736fcf31c3d5a517a580055c67de27104a27352aec789e5e2b5af8e9d4c1cd720e44e1ec41f3dc4b042b79c024ea9e6c27b7c8c9cbd8129cd8e9d51cc11c73cbfdea,gx-no-cache=1680010703269 HTTP/1.1" 200 30
190.171.149.82 - - [28/Mar/2023:10:53:49 -0300] "POST /cormun/servlet/trautorizarpermisogoce?2af2f7cfa8c08010fd46ec1ca48c9ff3,,gx-no-cache=1680014404248 HTTP/1.1" 200 4520
190.171.149.82 - - [28/Mar/2023:10:53:49 -0300] "GET /cormun/static/Shared/jqueryui/images/ui-bg_highlight-soft_100_c6c2c8_1x100.png HTTP/1.1" 404 1117
190.171.149.82 - - [28/Mar/2023:10:53:49 -0300] "GET /cormun/static/Shared/jqueryui/images/ui-icons_82798d_256x240.png HTTP/1.1" 404 1089
190.171.149.82 - - [28/Mar/2023:10:53:49 -0300] "GET /cormun/static/Shared/jqueryui/images/ui-bg_flat_55_fafafa_40x100.png HTTP/1.1" 404 1097
190.171.149.82 - - [28/Mar/2023:10:53:49 -0300] "GET /cormun/static/Shared/jqueryui/images/ui-icons_8d78a5_256x240.png HTTP/1.1" 404 1089
190.171.154.42 - - [28/Mar/2023:10:53:49 -0300] "POST /cormun/servlet/solicitudot?gx-no-cache=1680010706347 HTTP/1.1" 200 30
190.171.149.82 - - [28/Mar/2023:10:53:52 -0300] "GET /cormun/servlet/trautorizarsolicitud? HTTP/1.1" 200 7366
190.171.154.42 - - [28/Mar/2023:10:53:52 -0300] "POST /cormun/servlet/solicitudot?gx-no-cache=1680010709063 HTTP/1.1" 200 1469
190.171.154.42 - - [28/Mar/2023:10:53:52 -0300] "POST /cormun/servlet/solicitudot?gx-no-cache=1680010709119 HTTP/1.1" 200 38
190.171.149.82 - - [28/Mar/2023:10:53:52 -0300] "GET /cormun/servlet/trautorizarsolicitud? HTTP/1.1" 200 7365
190.171.149.82 - - [28/Mar/2023:10:53:57 -0300] "POST /cormun/servlet/trautorizarsolicitud?2af2f7cfa8c08010fd46ec1ca48c9ff3,,gx-no-cache=1680014412144 HTTP/1.1" 200 6433
190.171.149.82 - - [28/Mar/2023:10:54:00 -0300] "POST /cormun/servlet/trautorizarsolicitud?2af2f7cfa8c08010fd46ec1ca48c9ff3,,gx-no-cache=1680014414994 HTTP/1.1" 200 107
190.171.149.82 - - [28/Mar/2023:10:54:00 -0300] "GET /cormun/servlet/trsolicitudadjuntos?2023,19824, HTTP/1.1" 200 10498
190.171.149.82 - - [28/Mar/2023:10:54:01 -0300] "GET /cormun/servlet/trsolicitudadjuntos?2023,19824, HTTP/1.1" 200 10504
190.171.149.82 - - [28/Mar/2023:10:54:02 -0300] "POST /cormun/servlet/trsolicitudadjuntos?2af2f7cfa8c08010fd46ec1ca48c9ff3,2023,19824,,gx-no-cache=1680014417670 HTTP/1.1" 200 90
190.171.149.82 - - [28/Mar/2023:10:54:02 -0300] "GET /cormun/servlet/hpexe_link HTTP/1.1" 200 978
190.171.149.82 - - [28/Mar/2023:10:54:03 -0300] "GET /cormun/servlet/trautorizarsolicitud? HTTP/1.1" 200 9227
190.171.149.82 - - [28/Mar/2023:10:54:03 -0300] "GET /cormun/servlet/trautorizarsolicitud? HTTP/1.1" 200 9225
190.171.149.82 - - [28/Mar/2023:10:54:05 -0300] "POST /cormun/servlet/trautorizarsolicitud?2af2f7cfa8c08010fd46ec1ca48c9ff3,,gx-no-cache=1680014420729 HTTP/1.1" 200 6443
190.171.149.82 - - [28/Mar/2023:10:54:06 -0300] "GET /cormun/static/Shared/jqueryui/images/ui-icons_82798d_256x240.png HTTP/1.1" 404 1089
190.171.149.82 - - [28/Mar/2023:10:54:06 -0300] "GET /cormun/static/Shared/jqueryui/images/ui-bg_flat_55_fafafa_40x100.png HTTP/1.1" 404 1097
190.171.149.82 - - [28/Mar/2023:10:54:06 -0300] "GET /cormun/static/Shared/jqueryui/images/ui-icons_8d78a5_256x240.png HTTP/1.1" 404 1089
190.171.149.82 - - [28/Mar/2023:10:54:06 -0300] "GET /cormun/static/Shared/jqueryui/images/ui-bg_highlight-soft_100_c6c2c8_1x100.png HTTP/1.1" 404 1117
190.171.149.82 - - [28/Mar/2023:10:54:08 -0300] "POST /cormun/servlet/trautorizarsolicitud?2af2f7cfa8c08010fd46ec1ca48c9ff3,,gx-no-cache=1680014423584 HTTP/1.1" 200 6443
190.171.154.42 - - [28/Mar/2023:10:54:15 -0300] "GET /cormun/servlet/solicitudot?9428c051ff858f91240eed1d0923c9a213264b20ff03313e3d15b961b1c5f737483c2bb65ae6c70a05313a88a55d10a6d8336596c978b5fb9e5ec9ff824e959f5cfaf93da9fc4d71adaf85f4f4691f189140c4aa20b39b9fd70fca256e7ccc7b7e59419e066c8a014625f11946938651,gx-no-cache=1680010731977 HTTP/1.1" 200 110
190.171.154.42 - - [28/Mar/2023:10:54:23 -0300] "POST /cormun/servlet/solicitudot?gx-no-cache=1680010740229 HTTP/1.1" 200 83
190.171.154.42 - - [28/Mar/2023:10:54:45 -0300] "GET /cormun/servlet/solicitudot?9428c051ff858f91240eed1d0923c9a24b60e45212b3d5a35b47b3c680bb5ca1948721e8e25499ce6f24d85630ebcaa6a641167e75ef71e71899ace35a648fa5df4253bd82dd371206055c105325b9f7e3ea7a2bea32edb183fe0ab6596839e1b1a5fd498ccc2ca5a023a63458db1a5e,gx-no-cache=1680010761785 HTTP/1.1" 200 29
190.171.154.42 - - [28/Mar/2023:10:54:45 -0300] "GET /cormun/static/menuarrow.gif HTTP/1.1" 404 1015
190.171.154.42 - - [28/Mar/2023:10:54:48 -0300] "GET /cormun/servlet/solicitudot?9428c051ff858f91240eed1d0923c9a211a2e83be46aa73532a3f02008a85a332c277df440059522bca083c9c4463e6b,gx-no-cache=1680010764839 HTTP/1.1" 200 30
190.171.154.42 - - [28/Mar/2023:10:54:58 -0300] "POST /cormun/servlet/solicitudot?gx-no-cache=1680010774678 HTTP/1.1" 200 30
190.171.154.42 - - [28/Mar/2023:10:54:58 -0300] "POST /cormun/servlet/solicitudot?b44779799c807e7e07d1a34315d3834d,INS,0,0,false,,gx-no-cache=1680010774717 HTTP/1.1" 200 93
190.171.154.42 - - [28/Mar/2023:10:54:58 -0300] "GET /cormun/servlet/hpexe_return? HTTP/1.1" 200 1013
190.171.154.42 - - [28/Mar/2023:10:54:58 -0300] "GET /cormun/servlet/trsolicitudot HTTP/1.1" 200 21250
190.171.154.42 - - [28/Mar/2023:10:54:59 -0300] "GET /cormun/servlet/trsolicitudot HTTP/1.1" 200 21244
192.168.10.17 - - [28/Mar/2023:10:55:14 -0300] "POST /cormun/servlet/trsolicitudgral?c0f08d2db8981553f4988dd3f57925a4,,gx-no-cache=1680010786782 HTTP/1.1" 200 7212
192.168.10.17 - - [28/Mar/2023:10:55:19 -0300] "GET /cormun/servlet/vesolicitudgral?2023,19631,, HTTP/1.1" 200 8340
192.168.10.17 - - [28/Mar/2023:10:55:19 -0300] "GET /cormun/pexe_scrolldiv.js HTTP/1.1" 404 1009
192.168.10.17 - - [28/Mar/2023:10:55:19 -0300] "GET /cormun/servlet/vesolicitudgral?2023,19631,, HTTP/1.1" 200 8339
192.168.10.17 - - [28/Mar/2023:10:55:20 -0300] "POST /cormun/servlet/vesolicitudgral?c0f08d2db8981553f4988dd3f57925a4,2023,19631,,,gx-no-cache=1680010793532 HTTP/1.1" 200 12197
192.168.10.17 - - [28/Mar/2023:10:55:20 -0300] "GET /cormun/static/Shared/jqueryui/images/ui-icons_82798d_256x240.png HTTP/1.1" 404 1089
192.168.10.17 - - [28/Mar/2023:10:55:20 -0300] "GET /cormun/static/Shared/jqueryui/images/ui-bg_highlight-soft_100_c6c2c8_1x100.png HTTP/1.1" 404 1117
192.168.10.17 - - [28/Mar/2023:10:55:20 -0300] "GET /cormun/static/Shared/jqueryui/images/ui-icons_8d78a5_256x240.png HTTP/1.1" 404 1089
192.168.10.17 - - [28/Mar/2023:10:55:20 -0300] "GET /cormun/static/Shared/jqueryui/images/ui-bg_flat_55_fafafa_40x100.png HTTP/1.1" 404 1097
192.168.10.17 - - [28/Mar/2023:10:55:21 -0300] "POST /cormun/servlet/vesolicitudgral?c0f08d2db8981553f4988dd3f57925a4,2023,19631,,,gx-no-cache=1680010793751 HTTP/1.1" 200 12130
186.173.226.20 - - [28/Mar/2023:10:55:30 -0300] "GET /cormun/servlet/solicitudot?INS,0,0,false, HTTP/1.1" 200 15793
186.173.226.20 - - [28/Mar/2023:10:55:30 -0300] "GET /cormun/servlet/solicitudot?INS,0,0,false, HTTP/1.1" 200 15801
186.173.226.20 - - [28/Mar/2023:10:55:45 -0300] "POST /cormun/servlet/solicitudot?gx-no-cache=1680010821599 HTTP/1.1" 200 4064
186.173.226.20 - - [28/Mar/2023:10:55:46 -0300] "POST /cormun/servlet/solicitudot?8fbb4198197c0343b05291c85bb18831,INS,0,0,false,,gx-no-cache=1680010821850 HTTP/1.1" 200 12616
186.173.226.20 - - [28/Mar/2023:10:55:50 -0300] "GET /cormun/servlet/solicitudot?d50293e3de19977d06f746f63b2f08f9a1937d352d65b655b25cbccf5faebf2848b52f447ca827358c4936ec62856afa,gx-no-cache=1680010826610 HTTP/1.1" 200 111
186.173.226.20 - - [28/Mar/2023:10:55:50 -0300] "GET /cormun/static/Shared/jqueryui/images/ui-bg_highlight-soft_100_c6c2c8_1x100.png HTTP/1.1" 404 1117
186.173.226.20 - - [28/Mar/2023:10:55:50 -0300] "GET /cormun/static/Shared/jqueryui/images/ui-icons_82798d_256x240.png HTTP/1.1" 404 1089
186.173.226.20 - - [28/Mar/2023:10:55:50 -0300] "GET /cormun/static/Shared/jqueryui/images/ui-bg_flat_55_994d53_40x100.png HTTP/1.1" 404 1097
186.173.226.20 - - [28/Mar/2023:10:55:50 -0300] "GET /cormun/static/Shared/jqueryui/images/ui-icons_ebccce_256x240.png HTTP/1.1" 404 1089
190.171.154.42 - - [28/Mar/2023:10:55:57 -0300] "POST /cormun/servlet/trsolicitudot?b44779799c807e7e07d1a34315d3834d,gx-no-cache=1680010833726 HTTP/1.1" 200 18568
190.171.154.42 - - [28/Mar/2023:10:55:57 -0300] "GET /cormun/static/Shared/jqueryui/images/ui-bg_highlight-soft_100_c6c2c8_1x100.png HTTP/1.1" 404 1117
190.171.154.42 - - [28/Mar/2023:10:55:57 -0300] "GET /cormun/static/Shared/jqueryui/images/ui-icons_82798d_256x240.png HTTP/1.1" 404 1089
190.171.154.42 - - [28/Mar/2023:10:55:57 -0300] "GET /cormun/static/Shared/jqueryui/images/ui-bg_flat_55_fafafa_40x100.png HTTP/1.1" 404 1097
190.171.154.42 - - [28/Mar/2023:10:55:57 -0300] "GET /cormun/static/Shared/jqueryui/images/ui-icons_8d78a5_256x240.png HTTP/1.1" 404 1089
190.171.154.42 - - [28/Mar/2023:10:55:58 -0300] "POST /cormun/servlet/trsolicitudot?b44779799c807e7e07d1a34315d3834d,gx-no-cache=1680010834445 HTTP/1.1" 200 18508
190.171.154.42 - - [28/Mar/2023:10:56:01 -0300] "GET /cormun/servlet/trautorizarsolicitud? HTTP/1.1" 200 8780
190.171.154.42 - - [28/Mar/2023:10:56:01 -0300] "GET /cormun/servlet/trautorizarsolicitud? HTTP/1.1" 200 8780
186.173.226.20 - - [28/Mar/2023:10:56:07 -0300] "GET /cormun/servlet/solicitudot?d50293e3de19977d06f746f63b2f08f94cfaf4a6e33626c25764489d0ebc6f7648b52f447ca827358c4936ec62856afa,gx-no-cache=1680010843710 HTTP/1.1" 200 30
186.173.226.20 - - [28/Mar/2023:10:56:07 -0300] "GET /cormun/servlet/solicitudot?d50293e3de19977d06f746f63b2f08f9a139efa33cb071fdee00471c338aeb61d2c26349fbdd7cf005d3bcc4457ebafd290688e9f7f66a3910ea687daa0dbde7,gx-no-cache=1680010843800 HTTP/1.1" 200 30
186.173.226.20 - - [28/Mar/2023:10:56:07 -0300] "GET /cormun/servlet/solicitudot?d50293e3de19977d06f746f63b2f08f983018f2ccf06eaaa3191fcf2465ff847,gx-no-cache=1680010843847 HTTP/1.1" 200 51
186.173.226.20 - - [28/Mar/2023:10:56:07 -0300] "POST /cormun/servlet/solicitudot?gx-no-cache=1680010843909 HTTP/1.1" 200 255
186.173.226.20 - - [28/Mar/2023:10:56:08 -0300] "GET /cormun/servlet/solicitudot?d50293e3de19977d06f746f63b2f08f940ccdb129b809e43817fb5ef268bcf7f90e91ef7fbd6a1abeedc44975bf141624fb1cb94eda76df5c4dde81bad944966612480c90c155dcc78fb3ec74fd6e14b9805fbd0a240bcfd17f22ba3461a8643650c3afa4c24fee6aa740babec270ca350ae498806f7501af50f12ff391030eacf3b492cb906992d9b64be05a65a97d983db5c6ee256258382a45120bccc74867439711cee3dcbf73ce0ffd5f57e074c87eeb654ea3b9ab47ca00485b9f16b81ab4c0935ddfadbeb85ff4e6379c418bd5ec2192aad412cf6dab1cd33376dac952ebb6cd4e68232d754c34870b3af2bf4df76488ecaaca9cfc46b7ed77f44aa97c537ebf5cbdb28f59f9b8af9e085f656057131cbcd809644cff5f9a6d2aec361ff897f2752bdf733b3e788341c9d0d2afc3ac74bde2abab6f83ddc02bd474a8bc9a61a5ee0b446a47d1e0d08b7d96c4e4c9b4a34cae7cabe31333bc8a2c35a9f85f177a0e593fc0e6e8f06032a043ec75317bc8d43a56f8be0bbaef8da93599d,gx-no-cache=1680010843979 HTTP/1.1" 200 30
186.173.226.20 - - [28/Mar/2023:10:56:08 -0300] "POST /cormun/servlet/solicitudot?gx-no-cache=1680010844048 HTTP/1.1" 200 30
186.173.226.20 - - [28/Mar/2023:10:56:08 -0300] "POST /cormun/servlet/solicitudot?gx-no-cache=1680010844132 HTTP/1.1" 200 1467
186.173.226.20 - - [28/Mar/2023:10:56:08 -0300] "POST /cormun/servlet/solicitudot?gx-no-cache=1680010844213 HTTP/1.1" 200 38
186.173.226.20 - - [28/Mar/2023:10:56:08 -0300] "GET /cormun/servlet/solicitudot?d50293e3de19977d06f746f63b2f08f92149020bb070f3ac9cbc8afa2d88b57711ff80b7e758bd4fd08eac0f12351c03504d85b620ec4031e7408984bebdf4554753c40b920945804d1b44bdba166b0ebd84c2d5b0fa17e6732d3c7126031e3fcd0103c478be668f19dd1fef32131ebd,gx-no-cache=1680010844273 HTTP/1.1" 200 110
190.171.154.42 - - [28/Mar/2023:10:56:08 -0300] "POST /cormun/servlet/trautorizarsolicitud?b44779799c807e7e07d1a34315d3834d,,gx-no-cache=1680010844884 HTTP/1.1" 200 4808
190.171.154.42 - - [28/Mar/2023:10:56:08 -0300] "GET /cormun/static/Shared/jqueryui/images/ui-bg_highlight-soft_100_c6c2c8_1x100.png HTTP/1.1" 404 1117
190.171.154.42 - - [28/Mar/2023:10:56:08 -0300] "GET /cormun/static/Shared/jqueryui/images/ui-bg_flat_55_fafafa_40x100.png HTTP/1.1" 404 1097
190.171.154.42 - - [28/Mar/2023:10:56:08 -0300] "GET /cormun/static/Shared/jqueryui/images/ui-icons_82798d_256x240.png HTTP/1.1" 404 1089
190.171.154.42 - - [28/Mar/2023:10:56:08 -0300] "GET /cormun/static/Shared/jqueryui/images/ui-icons_8d78a5_256x240.png HTTP/1.1" 404 1089
190.171.154.42 - - [28/Mar/2023:10:56:08 -0300] "POST /cormun/servlet/trautorizarsolicitud?b44779799c807e7e07d1a34315d3834d,,gx-no-cache=1680010845290 HTTP/1.1" 200 4551
192.168.10.17 - - [28/Mar/2023:10:56:45 -0300] "GET /cormun/servlet/trsolicitudgral? HTTP/1.1" 200 9731
192.168.10.17 - - [28/Mar/2023:10:56:46 -0300] "GET /cormun/servlet/trsolicitudgral? HTTP/1.1" 200 9726
40.77.202.150 - - [28/Mar/2023:10:58:37 -0300] "GET /cormun/static/gxcfg.js?2020121613995 HTTP/1.1" 200 953
40.77.202.150 - - [28/Mar/2023:10:58:40 -0300] "GET /cormun/static/hpexe_messagepopupcomponent.js?2020121447232 HTTP/1.1" 200 605
40.77.202.150 - - [28/Mar/2023:10:58:42 -0300] "GET /cormun/static/hpexe_messagegenexuscomponent.js?2020121447173 HTTP/1.1" 200 587
40.77.202.150 - - [28/Mar/2023:10:58:47 -0300] "GET /cormun/servlet/trlicencias HTTP/1.1" 200 9438
40.77.202.150 - - [28/Mar/2023:10:58:50 -0300] "GET /cormun/static/gxcfg.js?201910216285969 HTTP/1.1" 200 953
40.77.202.150 - - [28/Mar/2023:10:58:50 -0300] "GET /cormun/static/hlogin.js?201910216285995 HTTP/1.1" 200 2136
186.173.226.20 - - [28/Mar/2023:10:59:06 -0300] "POST /cormun/servlet/solicitudot?gx-no-cache=1680011022626 HTTP/1.1" 200 30
186.173.226.20 - - [28/Mar/2023:10:59:09 -0300] "POST /cormun/servlet/solicitudot?gx-no-cache=1680011025883 HTTP/1.1" 200 1467
186.173.226.20 - - [28/Mar/2023:10:59:10 -0300] "POST /cormun/servlet/solicitudot?gx-no-cache=1680011025991 HTTP/1.1" 200 38
186.173.226.20 - - [28/Mar/2023:10:59:10 -0300] "GET /cormun/servlet/solicitudot?d50293e3de19977d06f746f63b2f08f92149020bb070f3ac9cbc8afa2d88b57711ff80b7e758bd4fd08eac0f12351c03504d85b620ec4031e7408984bebdf4554753c40b920945804d1b44bdba166b0ebd84c2d5b0fa17e6732d3c7126031e3fcd0103c478be668f19dd1fef32131ebd,gx-no-cache=1680011026066 HTTP/1.1" 200 110
186.173.226.20 - - [28/Mar/2023:10:59:10 -0300] "POST /cormun/servlet/solicitudot?gx-no-cache=1680011026251 HTTP/1.1" 200 97
186.173.226.20 - - [28/Mar/2023:10:59:14 -0300] "GET /cormun/servlet/solicitudot?d50293e3de19977d06f746f63b2f08f9d4938eba33c6376d6b8707433bf06fec37e2738621d9c53bf67b2505070ac4225767bfb806fd75c3fbb0f65b5e6a1a32445630a8dd3dacba5691b217ee58f5775cc4e6b30e2881f0c00364e1a317e8bde6bf86166c218e63445227749d61eb214bf1ace0a491e1102de7888dcd60f8f45917ee0556104979c911cc655bccda7c44c0c305c7ae12de7481cbff7b95a0a5,gx-no-cache=1680011030730 HTTP/1.1" 200 29
186.173.226.20 - - [28/Mar/2023:10:59:14 -0300] "GET /cormun/static/menuarrow.gif HTTP/1.1" 404 1015
186.173.226.20 - - [28/Mar/2023:10:59:19 -0300] "GET /cormun/servlet/solicitudot?d50293e3de19977d06f746f63b2f08f934deffa439ba1a986429e446c65c22f1eaff6bf5010c85eec633df38326a05c3,gx-no-cache=1680011035039 HTTP/1.1" 200 30
186.173.226.20 - - [28/Mar/2023:10:59:27 -0300] "POST /cormun/servlet/solicitudot?gx-no-cache=1680011043785 HTTP/1.1" 200 30
186.173.226.20 - - [28/Mar/2023:10:59:28 -0300] "POST /cormun/servlet/solicitudot?8fbb4198197c0343b05291c85bb18831,INS,0,0,false,,gx-no-cache=1680011043833 HTTP/1.1" 200 93
186.173.226.20 - - [28/Mar/2023:10:59:28 -0300] "GET /cormun/servlet/hpexe_return? HTTP/1.1" 200 1008
186.173.226.20 - - [28/Mar/2023:10:59:28 -0300] "GET /cormun/servlet/trsolicitudot HTTP/1.1" 200 8547
186.173.226.20 - - [28/Mar/2023:10:59:28 -0300] "GET /cormun/servlet/trsolicitudot HTTP/1.1" 200 8543
186.173.226.20 - - [28/Mar/2023:10:59:34 -0300] "POST /cormun/servlet/trsolicitudot?8fbb4198197c0343b05291c85bb18831,gx-no-cache=1680011050732 HTTP/1.1" 200 4571
186.173.226.20 - - [28/Mar/2023:10:59:34 -0300] "GET /cormun/static/Shared/jqueryui/images/ui-icons_82798d_256x240.png HTTP/1.1" 404 1089
186.173.226.20 - - [28/Mar/2023:10:59:34 -0300] "GET /cormun/static/Shared/jqueryui/images/ui-bg_highlight-soft_100_c6c2c8_1x100.png HTTP/1.1" 404 1117
186.173.226.20 - - [28/Mar/2023:10:59:35 -0300] "GET /cormun/static/Shared/jqueryui/images/ui-bg_flat_55_fafafa_40x100.png HTTP/1.1" 404 1097
186.173.226.20 - - [28/Mar/2023:10:59:35 -0300] "GET /cormun/static/Shared/jqueryui/images/ui-icons_8d78a5_256x240.png HTTP/1.1" 404 1089
186.173.226.20 - - [28/Mar/2023:10:59:35 -0300] "POST /cormun/servlet/trsolicitudot?8fbb4198197c0343b05291c85bb18831,gx-no-cache=1680011051005 HTTP/1.1" 200 4328
190.171.144.234 - - [28/Mar/2023:10:59:39 -0300] "GET /cormun/servlet/hlogin HTTP/1.1" 200 1725
186.173.226.20 - - [28/Mar/2023:11:00:28 -0300] "GET /cormun/servlet/solicitudot?INS,0,0,false, HTTP/1.1" 200 15795
186.173.226.20 - - [28/Mar/2023:11:00:29 -0300] "GET /cormun/servlet/solicitudot?INS,0,0,false, HTTP/1.1" 200 15802
186.173.226.20 - - [28/Mar/2023:11:00:48 -0300] "POST /cormun/servlet/solicitudot?gx-no-cache=1680011124105 HTTP/1.1" 200 3953
186.173.226.20 - - [28/Mar/2023:11:00:48 -0300] "POST /cormun/servlet/solicitudot?8fbb4198197c0343b05291c85bb18831,INS,0,0,false,,gx-no-cache=1680011124341 HTTP/1.1" 200 12505
186.173.226.20 - - [28/Mar/2023:11:00:50 -0300] "GET /cormun/servlet/solicitudot?d50293e3de19977d06f746f63b2f08f933961f16adaba8e65f8368b245ad6bf148b52f447ca827358c4936ec62856afa,gx-no-cache=1680011126501 HTTP/1.1" 200 30
186.11.99.53 - - [28/Mar/2023:11:01:19 -0300] "GET /cormun/servlet/trsolicitudot? HTTP/1.1" 200 6327
186.11.99.53 - - [28/Mar/2023:11:01:20 -0300] "GET /cormun/servlet/hlogin HTTP/1.1" 200 1744
186.11.99.53 - - [28/Mar/2023:11:01:20 -0300] "GET /cormun/servlet/trsolicitudot? HTTP/1.1" 200 6327
186.11.99.53 - - [28/Mar/2023:11:01:24 -0300] "POST /cormun/servlet/hlogin?843938a385ad5cd8a131bbbfdfb7f6c7,gx-no-cache=1680011161397 HTTP/1.1" 200 90
186.11.99.53 - - [28/Mar/2023:11:01:24 -0300] "GET /cormun/servlet/hpexe_link HTTP/1.1" 200 956
186.11.99.53 - - [28/Mar/2023:11:01:24 -0300] "GET /cormun/servlet/trsolicitudot HTTP/1.1" 200 8863
186.11.99.53 - - [28/Mar/2023:11:01:25 -0300] "GET /cormun//static/Resources/PXToolsActionView.png HTTP/1.1" 200 398
186.11.99.53 - - [28/Mar/2023:11:01:25 -0300] "GET /cormun//static/Resources/PXTools/ActionInsert.png HTTP/1.1" 200 1482
186.11.99.53 - - [28/Mar/2023:11:01:25 -0300] "GET /cormun//static/Resources/PXToolsRemoveAllAction.png HTTP/1.1" 200 487
186.11.99.53 - - [28/Mar/2023:11:01:25 -0300] "GET /cormun//static/Resources/PXToolsGridUpdate.png HTTP/1.1" 200 470
186.11.99.53 - - [28/Mar/2023:11:01:25 -0300] "GET /cormun//static/Resources/PXToolsGridDelete.png HTTP/1.1" 200 538
186.11.99.53 - - [28/Mar/2023:11:01:25 -0300] "GET /cormun/servlet/trsolicitudot HTTP/1.1" 200 8862
186.11.99.53 - - [28/Mar/2023:11:01:34 -0300] "POST /cormun/servlet/trsolicitudot?843938a385ad5cd8a131bbbfdfb7f6c7,gx-no-cache=1680011171496 HTTP/1.1" 200 4577
186.11.99.53 - - [28/Mar/2023:11:01:34 -0300] "GET /cormun/static/Shared/jqueryui/images/ui-icons_82798d_256x240.png HTTP/1.1" 404 1089
186.11.99.53 - - [28/Mar/2023:11:01:34 -0300] "GET /cormun/static/Shared/jqueryui/images/ui-icons_8d78a5_256x240.png HTTP/1.1" 404 1089
186.11.99.53 - - [28/Mar/2023:11:01:34 -0300] "GET /cormun/static/Shared/jqueryui/images/ui-bg_flat_55_fafafa_40x100.png HTTP/1.1" 404 1097
186.11.99.53 - - [28/Mar/2023:11:01:34 -0300] "GET /cormun/static/Shared/jqueryui/images/ui-bg_highlight-soft_100_c6c2c8_1x100.png HTTP/1.1" 404 1117
186.11.99.53 - - [28/Mar/2023:11:01:34 -0300] "POST /cormun/servlet/trsolicitudot?843938a385ad5cd8a131bbbfdfb7f6c7,gx-no-cache=1680011171789 HTTP/1.1" 200 4346
186.11.99.53 - - [28/Mar/2023:11:01:40 -0300] "GET /cormun/servlet/trautorizarsolicitud? HTTP/1.1" 200 8880
186.11.99.53 - - [28/Mar/2023:11:01:40 -0300] "GET /cormun/static/gxcfg.js?201991422414522 HTTP/1.1" 200 953
186.11.99.53 - - [28/Mar/2023:11:01:41 -0300] "GET /cormun/static/trautorizarsolicitud.js?201991422415463 HTTP/1.1" 200 53910
186.11.99.53 - - [28/Mar/2023:11:01:41 -0300] "GET /cormun/servlet/trautorizarsolicitud? HTTP/1.1" 200 8880
186.11.99.53 - - [28/Mar/2023:11:01:49 -0300] "POST /cormun/servlet/trautorizarsolicitud?843938a385ad5cd8a131bbbfdfb7f6c7,,gx-no-cache=1680011186702 HTTP/1.1" 200 4772
186.11.99.53 - - [28/Mar/2023:11:01:49 -0300] "GET /cormun/static/Shared/jqueryui/images/ui-bg_highlight-soft_100_c6c2c8_1x100.png HTTP/1.1" 404 1117
186.11.99.53 - - [28/Mar/2023:11:01:49 -0300] "GET /cormun/static/Shared/jqueryui/images/ui-icons_82798d_256x240.png HTTP/1.1" 404 1089
186.11.99.53 - - [28/Mar/2023:11:01:49 -0300] "GET /cormun/static/Shared/jqueryui/images/ui-bg_flat_55_fafafa_40x100.png HTTP/1.1" 404 1097
186.11.99.53 - - [28/Mar/2023:11:01:49 -0300] "GET /cormun/static/Shared/jqueryui/images/ui-icons_8d78a5_256x240.png HTTP/1.1" 404 1089
186.11.99.53 - - [28/Mar/2023:11:01:50 -0300] "POST /cormun/servlet/trautorizarsolicitud?843938a385ad5cd8a131bbbfdfb7f6c7,,gx-no-cache=1680011186957 HTTP/1.1" 200 4541
192.168.10.17 - - [28/Mar/2023:11:01:54 -0300] "POST /cormun/servlet/trsolicitudgral?c0f08d2db8981553f4988dd3f57925a4,,gx-no-cache=1680011186978 HTTP/1.1" 200 6637
192.168.10.17 - - [28/Mar/2023:11:01:56 -0300] "GET /cormun/servlet/vesolicitudgral?2023,19580,, HTTP/1.1" 200 8347
192.168.10.17 - - [28/Mar/2023:11:01:56 -0300] "GET /cormun/pexe_scrolldiv.js HTTP/1.1" 404 1009
192.168.10.17 - - [28/Mar/2023:11:01:56 -0300] "GET /cormun/servlet/vesolicitudgral?2023,19580,, HTTP/1.1" 200 8346
192.168.10.17 - - [28/Mar/2023:11:01:57 -0300] "POST /cormun/servlet/vesolicitudgral?c0f08d2db8981553f4988dd3f57925a4,2023,19580,,,gx-no-cache=1680011190304 HTTP/1.1" 200 12177
192.168.10.17 - - [28/Mar/2023:11:01:57 -0300] "GET /cormun/static/Shared/jqueryui/images/ui-icons_82798d_256x240.png HTTP/1.1" 404 1089
192.168.10.17 - - [28/Mar/2023:11:01:57 -0300] "GET /cormun/static/Shared/jqueryui/images/ui-bg_highlight-soft_100_c6c2c8_1x100.png HTTP/1.1" 404 1117
192.168.10.17 - - [28/Mar/2023:11:01:57 -0300] "GET /cormun/static/Shared/jqueryui/images/ui-bg_flat_55_fafafa_40x100.png HTTP/1.1" 404 1097
192.168.10.17 - - [28/Mar/2023:11:01:57 -0300] "GET /cormun/static/Shared/jqueryui/images/ui-icons_8d78a5_256x240.png HTTP/1.1" 404 1089
192.168.10.17 - - [28/Mar/2023:11:01:57 -0300] "POST /cormun/servlet/vesolicitudgral?c0f08d2db8981553f4988dd3f57925a4,2023,19580,,,gx-no-cache=1680011190517 HTTP/1.1" 200 12109
52.167.144.88 - - [28/Mar/2023:11:02:16 -0300] "GET /cormun/servlet/trlicenciaspermisoslog?15830518,L,20230323000000,_escaped_fragment_%3D HTTP/1.1" 200 5246
40.77.167.188 - - [28/Mar/2023:11:02:18 -0300] "GET /cormun/servlet/trlicenciaspermisosadjuntos?7992920,20230322000000,L,_escaped_fragment_%3D HTTP/1.1" 200 5348
52.167.144.113 - - [28/Mar/2023:11:02:18 -0300] "GET /cormun/servlet/trlicenciaspermisoslog?7992920,L,20230322000000,_escaped_fragment_%3D HTTP/1.1" 200 5261
52.167.144.64 - - [28/Mar/2023:11:02:21 -0300] "GET /cormun/servlet/licenciaspermisos?DSP,7992920,L,20230322000000,_escaped_fragment_%3D HTTP/1.1" 200 6070
207.46.13.219 - - [28/Mar/2023:11:02:27 -0300] "GET /cormun/servlet/licenciaspermisos?DSP,15830518,L,20230323000000,_escaped_fragment_%3D HTTP/1.1" 200 6089
52.167.144.113 - - [28/Mar/2023:11:02:32 -0300] "GET /cormun/servlet/trlicenciaspermisosadjuntos?15830518,20230323000000,L,_escaped_fragment_%3D HTTP/1.1" 200 5337
190.171.152.234 - - [28/Mar/2023:11:02:56 -0300] "GET /cormun/servlet/hlogin HTTP/1.1" 200 1728
190.171.152.234 - - [28/Mar/2023:11:03:05 -0300] "POST /cormun/servlet/hlogin?b63626bad6e8308bdedb2e5541629252,gx-no-cache=1680011384415 HTTP/1.1" 200 90
190.171.152.234 - - [28/Mar/2023:11:03:05 -0300] "GET /cormun/servlet/hpexe_link HTTP/1.1" 200 953
190.171.152.234 - - [28/Mar/2023:11:03:05 -0300] "GET /cormun/servlet/hhome HTTP/1.1" 200 4279
190.171.152.234 - - [28/Mar/2023:11:03:06 -0300] "GET /cormun/servlet/hhome HTTP/1.1" 200 4275
186.11.99.53 - - [28/Mar/2023:11:03:06 -0300] "GET /cormun/servlet/trsolicitudot? HTTP/1.1" 200 7408
186.11.99.53 - - [28/Mar/2023:11:03:07 -0300] "GET /cormun/servlet/trsolicitudot? HTTP/1.1" 200 7407
186.11.99.53 - - [28/Mar/2023:11:03:13 -0300] "POST /cormun/servlet/trsolicitudot?843938a385ad5cd8a131bbbfdfb7f6c7,,gx-no-cache=1680011270558 HTTP/1.1" 200 5828
190.171.152.234 - - [28/Mar/2023:11:03:16 -0300] "GET /cormun/servlet/trsolicitudot? HTTP/1.1" 200 7502
190.171.152.234 - - [28/Mar/2023:11:03:16 -0300] "GET /cormun/servlet/trsolicitudot? HTTP/1.1" 200 7501
190.171.152.234 - - [28/Mar/2023:11:03:20 -0300] "GET /cormun/servlet/solicitudot?INS,0,0,false, HTTP/1.1" 200 16172
190.171.152.234 - - [28/Mar/2023:11:03:20 -0300] "GET /cormun/servlet/solicitudot?INS,0,0,false, HTTP/1.1" 200 16180
186.11.99.53 - - [28/Mar/2023:11:03:22 -0300] "POST /cormun/servlet/trsolicitudot?843938a385ad5cd8a131bbbfdfb7f6c7,,gx-no-cache=1680011279411 HTTP/1.1" 200 5805
186.11.99.53 - - [28/Mar/2023:11:03:31 -0300] "POST /cormun/servlet/trsolicitudot?843938a385ad5cd8a131bbbfdfb7f6c7,,gx-no-cache=1680011288103 HTTP/1.1" 200 107
186.11.99.53 - - [28/Mar/2023:11:03:31 -0300] "GET /cormun/servlet/trsolicitudadjuntos?2023,19839, HTTP/1.1" 200 10320
186.11.99.53 - - [28/Mar/2023:11:03:31 -0300] "GET /cormun/static/gxcfg.js?20201215574222 HTTP/1.1" 200 953
186.11.99.53 - - [28/Mar/2023:11:03:31 -0300] "GET /cormun/static/Resources/PXToolsGridNew.png HTTP/1.1" 200 427
186.11.99.53 - - [28/Mar/2023:11:03:32 -0300] "GET /cormun/static/trsolicitudadjuntos.js?20201215574932 HTTP/1.1" 200 17922
186.11.99.53 - - [28/Mar/2023:11:03:32 -0300] "GET /cormun//static/Resources/PXToolsActionDisabled.gif HTTP/1.1" 200 53
186.11.99.53 - - [28/Mar/2023:11:03:32 -0300] "GET /cormun/servlet/trsolicitudadjuntos?2023,19839, HTTP/1.1" 200 10325
190.171.152.234 - - [28/Mar/2023:11:03:59 -0300] "POST /cormun/servlet/solicitudot?gx-no-cache=1680011438954 HTTP/1.1" 200 4080
190.171.152.234 - - [28/Mar/2023:11:04:00 -0300] "POST /cormun/servlet/solicitudot?b63626bad6e8308bdedb2e5541629252,INS,0,0,false,,gx-no-cache=1680011439272 HTTP/1.1" 200 12909
190.171.152.234 - - [28/Mar/2023:11:04:00 -0300] "GET /cormun/servlet/solicitudot?78d0c6d81e4494270fbf98e2ba5b2ed68b2518d3848313089e84a6bc50efb8ad5275479b7331b5f7f045efee9dcbfac1,gx-no-cache=1680011439457 HTTP/1.1" 200 30
190.171.142.42 - - [28/Mar/2023:11:04:00 -0300] "GET /cormun/servlet/hlogin HTTP/1.1" 200 1722
190.171.142.42 - - [28/Mar/2023:11:04:09 -0300] "POST /cormun/servlet/hlogin?2af74510340baf4760b1f572091e169d,gx-no-cache=1680011323909 HTTP/1.1" 200 90
190.171.142.42 - - [28/Mar/2023:11:04:09 -0300] "GET /cormun/servlet/hpexe_link HTTP/1.1" 200 948
190.171.142.42 - - [28/Mar/2023:11:04:09 -0300] "GET /cormun/servlet/hhome HTTP/1.1" 200 4231
190.171.142.42 - - [28/Mar/2023:11:04:09 -0300] "GET /cormun/servlet/hhome HTTP/1.1" 200 4227
190.171.142.42 - - [28/Mar/2023:11:04:12 -0300] "GET /cormun/servlet/trlicencias? HTTP/1.1" 200 12818
190.171.142.42 - - [28/Mar/2023:11:04:12 -0300] "GET /cormun/servlet/trlicencias? HTTP/1.1" 200 12816
190.171.152.234 - - [28/Mar/2023:11:04:32 -0300] "GET /cormun/servlet/solicitudot?78d0c6d81e4494270fbf98e2ba5b2ed6e9bb3c0d7aebf4dcad0dc8b42307696adf425a5abb39c80a2cdcb2b1971d305c,gx-no-cache=1680011472168 HTTP/1.1" 200 30
190.171.152.234 - - [28/Mar/2023:11:04:32 -0300] "GET /cormun/servlet/solicitudot?78d0c6d81e4494270fbf98e2ba5b2ed67540bc19ec3c0cf79da4a2884e15ee7a,gx-no-cache=1680011472197 HTTP/1.1" 200 51
190.171.152.234 - - [28/Mar/2023:11:04:32 -0300] "POST /cormun/servlet/solicitudot?gx-no-cache=1680011472225 HTTP/1.1" 200 256
190.171.152.234 - - [28/Mar/2023:11:04:32 -0300] "GET /cormun/servlet/solicitudot?78d0c6d81e4494270fbf98e2ba5b2ed692b56026f910f2ffb41e6924ff439acc567756e8ae1c515b5f4dfab3cd62cd1a5e6737ee2bda038405fb428356125875890a72622ada7dbecd47bca3ee4f68819e6e0edef10a8f55592e282a122146b989c4fd118050b38605cffa9f90179ba250b60240aed74c3a3fea1df000869dab6b405a232dce0104d9a4424512ac8b23e129abc63ba9903c884fca238cf5e1aa5541a48bb1652baae6cefb70c7434f86d770b74b6a3dee2d4558e808d3ff9bb317c2e930692037819f769bc677f7b450425d8a27472e6483e91346d7f561626c7a792ce59706cee272125e576fbe1287ecd5868d064716c4d4d5cc9594cde5a0342ba9d6905bc74ff1e0b30020198a14e2b208740f210729d7ee627e031181e69af95d6740dee68fd1dbd170a63ffa2dd78aa6c9b99ecaf9553ad94a560d2ec1ded29394c7cdaae563a5925059bee38afec54b9b4009ee9cb713f3d01bf53924bf0af4132c52c16b7d87fdd740aa964e8bcf6a4ee947cff5e8f4da989ea0b9f4,gx-no-cache=1680011472256 HTTP/1.1" 200 30
190.171.152.234 - - [28/Mar/2023:11:04:36 -0300] "POST /cormun/servlet/solicitudot?gx-no-cache=1680011475952 HTTP/1.1" 200 30
186.11.99.53 - - [28/Mar/2023:11:04:55 -0300] "POST /cormun/servlet/trsolicitudadjuntos?843938a385ad5cd8a131bbbfdfb7f6c7,2023,19839,,gx-no-cache=1680011372028 HTTP/1.1" 200 9657
186.11.99.53 - - [28/Mar/2023:11:05:05 -0300] "POST /cormun/servlet/trsolicitudadjuntos?843938a385ad5cd8a131bbbfdfb7f6c7,2023,19839,,gx-no-cache=1680011382054 HTTP/1.1" 200 9656
190.171.142.42 - - [28/Mar/2023:11:05:06 -0300] "POST /cormun/servlet/trlicencias?2af74510340baf4760b1f572091e169d,,gx-no-cache=1680011380719 HTTP/1.1" 200 10571
186.11.99.53 - - [28/Mar/2023:11:05:12 -0300] "GET /cormun/servlet/trsolicitudot? HTTP/1.1" 200 8870
186.11.99.53 - - [28/Mar/2023:11:05:12 -0300] "GET /cormun/servlet/trsolicitudot? HTTP/1.1" 200 8863
186.11.99.53 - - [28/Mar/2023:11:05:17 -0300] "GET /cormun/servlet/solicitudot?INS,0,0,false, HTTP/1.1" 200 16246
186.11.99.53 - - [28/Mar/2023:11:05:17 -0300] "GET /cormun/servlet/solicitudot?INS,0,0,false, HTTP/1.1" 200 16253
186.11.99.53 - - [28/Mar/2023:11:05:23 -0300] "GET /cormun/servlet/trsolicitudot? HTTP/1.1" 200 8870
186.11.99.53 - - [28/Mar/2023:11:05:23 -0300] "GET /cormun/servlet/trsolicitudot? HTTP/1.1" 200 8863
186.11.99.53 - - [28/Mar/2023:11:05:28 -0300] "POST /cormun/servlet/trsolicitudot?843938a385ad5cd8a131bbbfdfb7f6c7,,gx-no-cache=1680011405571 HTTP/1.1" 200 5810
186.11.99.53 - - [28/Mar/2023:11:05:33 -0300] "POST /cormun/servlet/trsolicitudot?843938a385ad5cd8a131bbbfdfb7f6c7,,gx-no-cache=1680011409319 HTTP/1.1" 200 5809
186.11.99.53 - - [28/Mar/2023:11:05:46 -0300] "POST /cormun/servlet/trsolicitudot?843938a385ad5cd8a131bbbfdfb7f6c7,,gx-no-cache=1680011423057 HTTP/1.1" 200 5810
186.11.99.53 - - [28/Mar/2023:11:05:53 -0300] "POST /cormun/servlet/trsolicitudot?843938a385ad5cd8a131bbbfdfb7f6c7,,gx-no-cache=1680011429949 HTTP/1.1" 200 5810
186.11.99.53 - - [28/Mar/2023:11:05:58 -0300] "GET /cormun/servlet/trsolicitudot? HTTP/1.1" 200 8863
186.11.99.53 - - [28/Mar/2023:11:05:59 -0300] "GET /cormun/servlet/trsolicitudot? HTTP/1.1" 200 8863
186.11.99.53 - - [28/Mar/2023:11:06:06 -0300] "POST /cormun/servlet/trsolicitudot?843938a385ad5cd8a131bbbfdfb7f6c7,,gx-no-cache=1680011442929 HTTP/1.1" 200 5801
186.11.99.53 - - [28/Mar/2023:11:06:19 -0300] "GET /cormun/servlet/hlogin HTTP/1.1" 200 1726
186.11.99.53 - - [28/Mar/2023:11:06:24 -0300] "POST /cormun/servlet/hlogin?843938a385ad5cd8a131bbbfdfb7f6c7,gx-no-cache=1680011461741 HTTP/1.1" 200 90
186.11.99.53 - - [28/Mar/2023:11:06:24 -0300] "GET /cormun/servlet/hpexe_link HTTP/1.1" 200 958
186.11.99.53 - - [28/Mar/2023:11:06:25 -0300] "GET /cormun/servlet/trsolicitudot? HTTP/1.1" 200 8865
186.11.99.53 - - [28/Mar/2023:11:06:25 -0300] "GET /cormun/servlet/trsolicitudot? HTTP/1.1" 200 8863
186.11.99.53 - - [28/Mar/2023:11:06:52 -0300] "GET /cormun/servlet/hlogin HTTP/1.1" 200 1726
186.11.99.53 - - [28/Mar/2023:11:06:56 -0300] "POST /cormun/servlet/hlogin?843938a385ad5cd8a131bbbfdfb7f6c7,gx-no-cache=1680011493660 HTTP/1.1" 200 90
186.11.99.53 - - [28/Mar/2023:11:06:56 -0300] "GET /cormun/servlet/hpexe_link HTTP/1.1" 200 956
186.11.99.53 - - [28/Mar/2023:11:06:57 -0300] "GET /cormun/servlet/trsolicitudot HTTP/1.1" 200 8865
186.11.99.53 - - [28/Mar/2023:11:06:57 -0300] "GET /cormun/servlet/trsolicitudot HTTP/1.1" 200 8863
186.11.99.53 - - [28/Mar/2023:11:07:04 -0300] "GET /cormun/servlet/trsolicitudot? HTTP/1.1" 200 8863
186.11.99.53 - - [28/Mar/2023:11:07:05 -0300] "GET /cormun/servlet/trsolicitudot? HTTP/1.1" 200 8863
186.11.99.53 - - [28/Mar/2023:11:07:10 -0300] "GET /cormun/servlet/solicitudot?INS,0,0,false, HTTP/1.1" 200 16245
186.11.99.53 - - [28/Mar/2023:11:07:10 -0300] "GET /cormun/servlet/solicitudot?INS,0,0,false, HTTP/1.1" 200 16253
186.11.99.53 - - [28/Mar/2023:11:07:13 -0300] "GET /cormun/servlet/prfichaempleado?,MD,,gxPopupLevel%3D0%3B HTTP/1.1" 200 9397
186.11.99.53 - - [28/Mar/2023:11:07:14 -0300] "GET /cormun/static/gxcfg.js?20201215571085 HTTP/1.1" 200 953
186.11.99.53 - - [28/Mar/2023:11:07:14 -0300] "GET /cormun/static/prfichaempleado.js?20201215572193 HTTP/1.1" 200 16006
186.11.99.53 - - [28/Mar/2023:11:07:19 -0300] "POST /cormun/servlet/prfichaempleado?843938a385ad5cd8a131bbbfdfb7f6c7,,MD,,gxPopupLevel%3D0%3B,gx-no-cache=1680011516523 HTTP/1.1" 200 3399
186.11.99.53 - - [28/Mar/2023:11:07:27 -0300] "POST /cormun/servlet/solicitudot?gx-no-cache=1680011524447 HTTP/1.1" 200 4065
186.11.99.53 - - [28/Mar/2023:11:07:27 -0300] "POST /cormun/servlet/solicitudot?843938a385ad5cd8a131bbbfdfb7f6c7,INS,0,0,false,,gx-no-cache=1680011524708 HTTP/1.1" 200 12911
186.11.99.53 - - [28/Mar/2023:11:07:32 -0300] "GET /cormun/servlet/prbanco?,MD,,gxPopupLevel%3D0%3B HTTP/1.1" 200 6660
186.11.99.53 - - [28/Mar/2023:11:07:34 -0300] "GET /cormun/servlet/solicitudot?6519cd7560ee25818ffdbd84f25b2196ec0ef52a9cc19721414af5e389ff8af2984bf5cd73d46949c54d658e7fd36239,gx-no-cache=1680011531836 HTTP/1.1" 200 30
186.11.99.53 - - [28/Mar/2023:11:07:34 -0300] "GET /cormun/servlet/solicitudot?6519cd7560ee25818ffdbd84f25b21967e838b399211049e76219e5ae3fef3b064034d9eac417f48cacc7a01d657aa20a05b912dde6668f6b70a11d56ddc9341,gx-no-cache=1680011531943 HTTP/1.1" 200 30
186.11.99.53 - - [28/Mar/2023:11:07:43 -0300] "GET /cormun/servlet/solicitudot?6519cd7560ee25818ffdbd84f25b219660a959957c2863a420e13bd9d4b6237c,gx-no-cache=1680011540546 HTTP/1.1" 200 53
186.11.99.53 - - [28/Mar/2023:11:08:00 -0300] "POST /cormun/servlet/solicitudot?gx-no-cache=1680011557546 HTTP/1.1" 200 255
186.11.99.53 - - [28/Mar/2023:11:08:00 -0300] "GET /cormun/servlet/solicitudot?6519cd7560ee25818ffdbd84f25b2196eb074d001072ea6cd45138df25d1c023786bbb09c856148790010d9cc45ee910501f304da994408118235cfbb5c78a9ad6615ee61228fbcb6efef3e8fadefcd20b921b3c23d88ed850b798f299f7917e7cda6d7a682377ca04984539a52c8a7e2bbbf01e45134d1e14ab7136c8d9205f8c293bc582076f0e48836ded93eef63006f4706037b0614637527b07776684a6bb9b3dd16b2c5e4f64caad494ce5d8b0bc8f8925a9622528866baa99171b24deee905fae7c65be0c4663ec3655c885c04a3c101b0d16bfcd074d2dc62385100ccd459374a085465ab5fff2bef858dc15448e7c17fed77479a6495e45f034ccb1f79ef11264acfb7c68a06aaa75131a8e5948199a111005e9d3a8bb22f90b7dfbb24156af080e7e741d96588429f3de1abb3883929728880ab1a22b2aa12b03633d5f71fdd854dfb876a262d960e4080f0021ec1903a3e4058d31d045cf7ab176f7ed1f82ea5e73481f3c3f2ed37de07317fa987f40456d0fbd2828fe1f723988,gx-no-cache=1680011557664 HTTP/1.1" 200 30
186.11.99.53 - - [28/Mar/2023:11:08:04 -0300] "POST /cormun/servlet/solicitudot?gx-no-cache=1680011561511 HTTP/1.1" 200 30
186.11.99.53 - - [28/Mar/2023:11:08:07 -0300] "POST /cormun/servlet/solicitudot?gx-no-cache=1680011564561 HTTP/1.1" 200 1468
186.11.99.53 - - [28/Mar/2023:11:08:07 -0300] "POST /cormun/servlet/solicitudot?gx-no-cache=1680011564701 HTTP/1.1" 200 38
186.11.99.53 - - [28/Mar/2023:11:08:07 -0300] "GET /cormun/servlet/solicitudot?6519cd7560ee25818ffdbd84f25b2196f8948be8f30880cfdf9318600833fe1df25d9a61a09e57e04ffcb509f310bedcdbc8273ef23a8cd953f343dc863c04598b7efba29d3319a267fb29c50b9e19dcaf27636d4c5cc95536cc37560ed4713029275babf9c58683cfaf769be6c42e6b,gx-no-cache=1680011564785 HTTP/1.1" 200 110
186.11.99.53 - - [28/Mar/2023:11:08:14 -0300] "POST /cormun/servlet/solicitudot?gx-no-cache=1680011571850 HTTP/1.1" 200 97
186.11.99.53 - - [28/Mar/2023:11:08:26 -0300] "GET /cormun/servlet/solicitudot?6519cd7560ee25818ffdbd84f25b219627f32de2a066813cf8ec66516d9086c1919bd212cb6c910324995b220280b5a3a90102736428dafd8634b540991735555ea6209eb8c6b1418d19fc2fdf96faba42ae59726440a696a00d9c1e81af981c5acd7d81b656f7d3bdbfb7369c725076a6b4bb5c6019881ba589e75d62f9042c4476e7b1a67c68c8f628758cee9fa3d234969a4efb8deb666027b8491c110d5d,gx-no-cache=1680011583333 HTTP/1.1" 200 29
186.11.99.53 - - [28/Mar/2023:11:08:26 -0300] "GET /cormun/static/menuarrow.gif HTTP/1.1" 404 1015
186.11.99.53 - - [28/Mar/2023:11:08:57 -0300] "GET /cormun/servlet/solicitudot?6519cd7560ee25818ffdbd84f25b2196bd8877bb00d4d1427e872209a8ef59246590906daddace0d6c390f1707c7564f,gx-no-cache=1680011614124 HTTP/1.1" 200 30
186.173.226.20 - - [28/Mar/2023:11:09:22 -0300] "GET /cormun/servlet/solicitudot?d50293e3de19977d06f746f63b2f08f98518a62cf568a70fa61896c6d4ddfb9238afe1a33d397f422d55c7509323a628,gx-no-cache=1680011638044 HTTP/1.1" 200 30
186.173.226.20 - - [28/Mar/2023:11:09:24 -0300] "GET /cormun/servlet/solicitudot?d50293e3de19977d06f746f63b2f08f99f86bb134ab8421dc1ac8519cc20ce9b,gx-no-cache=1680011640281 HTTP/1.1" 200 53
186.11.99.53 - - [28/Mar/2023:11:09:29 -0300] "POST /cormun/servlet/solicitudot?gx-no-cache=1680011646430 HTTP/1.1" 200 30
186.11.99.53 - - [28/Mar/2023:11:09:29 -0300] "POST /cormun/servlet/solicitudot?843938a385ad5cd8a131bbbfdfb7f6c7,INS,0,0,false,,gx-no-cache=1680011646607 HTTP/1.1" 200 93
186.11.99.53 - - [28/Mar/2023:11:09:30 -0300] "GET /cormun/servlet/hpexe_return? HTTP/1.1" 200 1008
186.11.99.53 - - [28/Mar/2023:11:09:30 -0300] "GET /cormun/servlet/trsolicitudot HTTP/1.1" 200 8867
186.11.99.53 - - [28/Mar/2023:11:09:30 -0300] "GET /cormun/servlet/trsolicitudot HTTP/1.1" 200 8863
186.173.226.20 - - [28/Mar/2023:11:09:41 -0300] "POST /cormun/servlet/solicitudot?gx-no-cache=1680011657057 HTTP/1.1" 200 255
186.173.226.20 - - [28/Mar/2023:11:09:43 -0300] "GET /cormun/servlet/solicitudot?d50293e3de19977d06f746f63b2f08f940ccdb129b809e43817fb5ef268bcf7f90e91ef7fbd6a1abeedc44975bf141624fb1cb94eda76df5c4dde81bad944966612480c90c155dcc78fb3ec74fd6e14b9805fbd0a240bcfd17f22ba3461a8643650c3afa4c24fee6aa740babec270ca350ae498806f7501af50f12ff391030eacf3b492cb906992d9b64be05a65a97d983db5c6ee256258382a45120bccc74867439711cee3dcbf73ce0ffd5f57e074c87eeb654ea3b9ab47ca00485b9f16b81ab4c0935ddfadbeb85ff4e6379c418bd5ec2192aad412cf6dab1cd33376dac952ebb6cd4e68232d754c34870b3af2bf4df76488ecaaca9cfc46b7ed77f44aa97c537ebf5cbdb28f59f9b8af9e085f656057131cbcd809644cff5f9a6d2aec361ff897f2752bdf733b3e788341c9d0d2afc3ac74bde2abab6f83ddc02bd474a8bc9a61a5ee0b446a47d1e0d08b7d96c4e4c9b4a34cae7cabe31333bc8a2c35a9f85f177a0e593fc0e6e8f06032a043ec75317bc8d43a56f8be0bbaef8da93599d,gx-no-cache=1680011659045 HTTP/1.1" 200 30
186.173.226.20 - - [28/Mar/2023:11:09:45 -0300] "POST /cormun/servlet/solicitudot?gx-no-cache=1680011661681 HTTP/1.1" 200 30
186.173.226.20 - - [28/Mar/2023:11:09:46 -0300] "POST /cormun/servlet/solicitudot?gx-no-cache=1680011662785 HTTP/1.1" 200 1466
186.173.226.20 - - [28/Mar/2023:11:09:47 -0300] "POST /cormun/servlet/solicitudot?gx-no-cache=1680011663025 HTTP/1.1" 200 38
186.11.99.53 - - [28/Mar/2023:11:09:51 -0300] "GET /cormun/servlet/trsolicitudot? HTTP/1.1" 200 8863
186.11.99.53 - - [28/Mar/2023:11:09:52 -0300] "GET /cormun/servlet/trsolicitudot? HTTP/1.1" 200 8863
186.173.226.20 - - [28/Mar/2023:11:09:56 -0300] "GET /cormun/servlet/solicitudot?d50293e3de19977d06f746f63b2f08f92149020bb070f3ac9cbc8afa2d88b57711ff80b7e758bd4fd08eac0f12351c03504d85b620ec4031e7408984bebdf4554753c40b920945804d1b44bdba166b0ebd84c2d5b0fa17e6732d3c7126031e3fcd0103c478be668f19dd1fef32131ebd,gx-no-cache=1680011672177 HTTP/1.1" 200 110
186.11.99.53 - - [28/Mar/2023:11:09:56 -0300] "POST /cormun/servlet/trsolicitudot?843938a385ad5cd8a131bbbfdfb7f6c7,,gx-no-cache=1680011673559 HTTP/1.1" 200 107
186.11.99.53 - - [28/Mar/2023:11:09:57 -0300] "GET /cormun/servlet/trsolicitudadjuntos?2023,19839, HTTP/1.1" 200 10318
186.11.99.53 - - [28/Mar/2023:11:09:57 -0300] "GET /cormun/servlet/trsolicitudadjuntos?2023,19839, HTTP/1.1" 200 10329
190.171.143.82 - - [28/Mar/2023:11:10:04 -0300] "GET /cormun/servlet/trsolicitudot? HTTP/1.1" 200 6341
190.171.143.82 - - [28/Mar/2023:11:10:06 -0300] "GET /cormun/servlet/hlogin HTTP/1.1" 200 1744
190.171.143.82 - - [28/Mar/2023:11:10:06 -0300] "GET /cormun/servlet/trsolicitudot? HTTP/1.1" 200 6325
190.171.143.82 - - [28/Mar/2023:11:10:09 -0300] "POST /cormun/servlet/hlogin?902deb94292c48dad2e8c64025aa48cd,gx-no-cache=1680011685673 HTTP/1.1" 200 90
190.171.143.82 - - [28/Mar/2023:11:10:09 -0300] "GET /cormun/servlet/hpexe_link HTTP/1.1" 200 956
190.171.143.82 - - [28/Mar/2023:11:10:10 -0300] "GET /cormun/servlet/trsolicitudot HTTP/1.1" 200 8859
190.171.143.82 - - [28/Mar/2023:11:10:11 -0300] "GET /cormun/servlet/trsolicitudot HTTP/1.1" 200 8858
186.11.99.53 - - [28/Mar/2023:11:10:12 -0300] "GET /cormun/servlet/trsolicitudot? HTTP/1.1" 200 8870
186.173.226.20 - - [28/Mar/2023:11:10:12 -0300] "POST /cormun/servlet/solicitudot?gx-no-cache=1680011688604 HTTP/1.1" 200 97
186.11.99.53 - - [28/Mar/2023:11:10:12 -0300] "GET /cormun/servlet/trsolicitudot? HTTP/1.1" 200 8863
