190.171.143.82 - - [28/Mar/2023:11:10:15 -0300] "POST /cormun/servlet/trsolicitudot?902deb94292c48dad2e8c64025aa48cd,gx-no-cache=1680011690940 HTTP/1.1" 200 107
190.171.143.82 - - [28/Mar/2023:11:10:15 -0300] "GET /cormun/servlet/trsolicitudadjuntos?2023,19843, HTTP/1.1" 200 6465
190.171.143.82 - - [28/Mar/2023:11:10:16 -0300] "GET /cormun/servlet/trsolicitudadjuntos?2023,19843, HTTP/1.1" 200 6464
190.171.143.82 - - [28/Mar/2023:11:10:19 -0300] "GET /cormun/servlet/solicitudotadjuntos?INS,2023,19843,,1, HTTP/1.1" 200 6409
190.171.143.82 - - [28/Mar/2023:11:10:19 -0300] "GET /cormun/static/about:blank HTTP/1.1" 404 1011
190.171.143.82 - - [28/Mar/2023:11:10:19 -0300] "GET /cormun/servlet/solicitudotadjuntos?INS,2023,19843,,1, HTTP/1.1" 200 6402
190.171.143.82 - - [28/Mar/2023:11:10:20 -0300] "GET /cormun/servlet/solicitudotadjuntos?010031312637a92288c4f66ab3b5e4ba6bb47dd366ce9d39bb0601fbcdbb0d59725e0bc237ff8b868cc84a6a6d8baee5,gx-no-cache=1680011696374 HTTP/1.1" 200 30
186.173.226.20 - - [28/Mar/2023:11:10:20 -0300] "GET /cormun/servlet/solicitudot?d50293e3de19977d06f746f63b2f08f9d4938eba33c6376d6b8707433bf06fec37e2738621d9c53bf67b2505070ac422d4a5c8dd1f5550e8d5661946a6a9efcfcd1f971fac1cdbe3ecaafe848317fef263a1d1ac8133bd2f827aecbb50ce1517cc9336b18a716a397495b522719e0051,gx-no-cache=1680011696456 HTTP/1.1" 200 29
186.173.226.20 - - [28/Mar/2023:11:10:20 -0300] "GET /cormun/static/menuarrow.gif HTTP/1.1" 404 1015
190.171.143.82 - - [28/Mar/2023:11:10:20 -0300] "POST /cormun/servlet/solicitudotadjuntos?902deb94292c48dad2e8c64025aa48cd,INS,2023,19843,,1,,gx-no-cache=1680011696417 HTTP/1.1" 200 4181
186.173.226.20 - - [28/Mar/2023:11:10:25 -0300] "GET /cormun/servlet/solicitudot?d50293e3de19977d06f746f63b2f08f95a6a5d930c5ac7e8029264408d4945329bfad0884ab5f9ee156545baeff8fe0d,gx-no-cache=1680011701327 HTTP/1.1" 200 30
186.11.99.53 - - [28/Mar/2023:11:10:28 -0300] "POST /cormun/servlet/trsolicitudot?843938a385ad5cd8a131bbbfdfb7f6c7,,gx-no-cache=1680011705288 HTTP/1.1" 200 5810
186.173.226.20 - - [28/Mar/2023:11:10:33 -0300] "POST /cormun/servlet/solicitudot?gx-no-cache=1680011709113 HTTP/1.1" 200 30
186.173.226.20 - - [28/Mar/2023:11:10:33 -0300] "POST /cormun/servlet/solicitudot?8fbb4198197c0343b05291c85bb18831,INS,0,0,false,,gx-no-cache=1680011709162 HTTP/1.1" 200 93
186.173.226.20 - - [28/Mar/2023:11:10:33 -0300] "GET /cormun/servlet/hpexe_return? HTTP/1.1" 200 1029
186.173.226.20 - - [28/Mar/2023:11:10:33 -0300] "GET /cormun/servlet/trsolicitudot?gx-no-cache=1680011051005 HTTP/1.1" 200 8532
186.11.99.53 - - [28/Mar/2023:11:10:34 -0300] "GET /cormun/servlet/hlogin HTTP/1.1" 200 1744
186.173.226.20 - - [28/Mar/2023:11:10:34 -0300] "GET /cormun/servlet/trsolicitudot?gx-no-cache=1680011051005 HTTP/1.1" 200 8548
186.173.226.20 - - [28/Mar/2023:11:10:37 -0300] "POST /cormun/servlet/trsolicitudot?8fbb4198197c0343b05291c85bb18831,gx-no-cache=1680011051005,gx-no-cache=1680011713228 HTTP/1.1" 200 6000
186.173.226.20 - - [28/Mar/2023:11:10:37 -0300] "GET /cormun/static/Shared/jqueryui/images/ui-bg_highlight-soft_100_c6c2c8_1x100.png HTTP/1.1" 404 1117
186.173.226.20 - - [28/Mar/2023:11:10:37 -0300] "GET /cormun/static/Shared/jqueryui/images/ui-icons_82798d_256x240.png HTTP/1.1" 404 1089
186.173.226.20 - - [28/Mar/2023:11:10:37 -0300] "GET /cormun/static/Shared/jqueryui/images/ui-icons_8d78a5_256x240.png HTTP/1.1" 404 1089
186.173.226.20 - - [28/Mar/2023:11:10:37 -0300] "GET /cormun/static/Shared/jqueryui/images/ui-bg_flat_55_fafafa_40x100.png HTTP/1.1" 404 1097
186.173.226.20 - - [28/Mar/2023:11:10:40 -0300] "POST /cormun/servlet/trsolicitudot?8fbb4198197c0343b05291c85bb18831,gx-no-cache=1680011051005,gx-no-cache=1680011716516 HTTP/1.1" 200 107
186.173.226.20 - - [28/Mar/2023:11:10:40 -0300] "GET /cormun/servlet/trsolicitudadjuntos?2023,19844, HTTP/1.1" 200 6028
186.173.226.20 - - [28/Mar/2023:11:10:41 -0300] "GET /cormun/servlet/trsolicitudadjuntos?2023,19844, HTTP/1.1" 200 6008
186.173.226.20 - - [28/Mar/2023:11:10:42 -0300] "GET /cormun/servlet/solicitudotadjuntos?INS,2023,19844,,1, HTTP/1.1" 200 5950
186.173.226.20 - - [28/Mar/2023:11:10:43 -0300] "GET /cormun/servlet/solicitudotadjuntos?INS,2023,19844,,1, HTTP/1.1" 200 5943
186.173.226.20 - - [28/Mar/2023:11:10:43 -0300] "GET /cormun/static/about:blank HTTP/1.1" 404 1011
186.173.226.20 - - [28/Mar/2023:11:10:43 -0300] "GET /cormun/servlet/solicitudotadjuntos?d50293e3de19977d06f746f63b2f08f9231cb0aacf3c66407d695fdf7926dde18d3ea972eda2bc4836d74140fb52f6be,gx-no-cache=1680011719591 HTTP/1.1" 200 30
186.173.226.20 - - [28/Mar/2023:11:10:43 -0300] "POST /cormun/servlet/solicitudotadjuntos?8fbb4198197c0343b05291c85bb18831,INS,2023,19844,,1,,gx-no-cache=1680011719662 HTTP/1.1" 200 3901
186.173.226.20 - - [28/Mar/2023:11:10:45 -0300] "POST /cormun/servlet/solicitudotadjuntos?gx-no-cache=1680011721191 HTTP/1.1" 200 26
190.171.152.138 - - [28/Mar/2023:11:10:48 -0300] "GET /cormun/servlet/solicitudot?INS,0,0,false, HTTP/1.1" 200 15000
190.171.152.138 - - [28/Mar/2023:11:10:48 -0300] "GET /cormun/servlet/hlogin HTTP/1.1" 200 1751
190.171.143.82 - - [28/Mar/2023:11:10:48 -0300] "POST /cormun/servlet/solicitudotadjuntos?gx-no-cache=1680011724724 HTTP/1.1" 200 26
190.171.152.138 - - [28/Mar/2023:11:10:49 -0300] "GET /cormun/servlet/solicitudot?INS,0,0,false, HTTP/1.1" 200 15021
186.173.226.20 - - [28/Mar/2023:11:10:52 -0300] "GET /cormun/servlet/solicitudotadjuntos?d50293e3de19977d06f746f63b2f08f9cd6a45551ca21dd3536c96221c6e30f2,gx-no-cache=1680011728505 HTTP/1.1" 200 30
186.173.226.20 - - [28/Mar/2023:11:10:52 -0300] "GET /cormun/servlet/solicitudotadjuntos?d50293e3de19977d06f746f63b2f08f9cd6a45551ca21dd3536c96221c6e30f2,gx-no-cache=1680011728581 HTTP/1.1" 200 30
186.11.99.53 - - [28/Mar/2023:11:10:53 -0300] "POST /cormun/servlet/hlogin?843938a385ad5cd8a131bbbfdfb7f6c7,gx-no-cache=1680011730191 HTTP/1.1" 200 90
186.11.99.53 - - [28/Mar/2023:11:10:53 -0300] "GET /cormun/servlet/hpexe_link HTTP/1.1" 200 958
186.11.99.53 - - [28/Mar/2023:11:10:53 -0300] "GET /cormun/servlet/trsolicitudot? HTTP/1.1" 200 8865
186.173.226.20 - - [28/Mar/2023:11:10:53 -0300] "POST /cormun/servlet/solicitudotadjuntos?8fbb4198197c0343b05291c85bb18831,INS,2023,19844,,1, HTTP/1.1" 200 116
186.173.226.20 - - [28/Mar/2023:11:10:54 -0300] "GET /cormun/servlet/hpexe_return? HTTP/1.1" 200 1026
186.11.99.53 - - [28/Mar/2023:11:10:54 -0300] "GET /cormun/servlet/trsolicitudot? HTTP/1.1" 200 8863
186.173.226.20 - - [28/Mar/2023:11:10:54 -0300] "GET /cormun/servlet/trsolicitudadjuntos?2023,19844, HTTP/1.1" 200 8926
186.173.226.20 - - [28/Mar/2023:11:10:54 -0300] "GET /cormun/servlet/trsolicitudadjuntos?2023,19844, HTTP/1.1" 200 8921
190.171.152.138 - - [28/Mar/2023:11:10:55 -0300] "POST /cormun/servlet/hlogin?f508ede4346417fcb7bfa42d0fe5ebf9,gx-no-cache=1680015355865 HTTP/1.1" 200 90
190.171.152.138 - - [28/Mar/2023:11:10:55 -0300] "GET /cormun/servlet/hpexe_link HTTP/1.1" 200 967
190.171.152.138 - - [28/Mar/2023:11:10:55 -0300] "GET /cormun/servlet/solicitudot?INS,0,0,false, HTTP/1.1" 200 15933
190.171.152.138 - - [28/Mar/2023:11:10:56 -0300] "GET /cormun/servlet/solicitudot?INS,0,0,false, HTTP/1.1" 200 15940
186.173.226.20 - - [28/Mar/2023:11:10:56 -0300] "GET /cormun/servlet/solicitudotadjuntos?INS,2023,19844,,1, HTTP/1.1" 200 5950
186.173.226.20 - - [28/Mar/2023:11:10:56 -0300] "GET /cormun/static/about:blank HTTP/1.1" 404 1011
186.173.226.20 - - [28/Mar/2023:11:10:56 -0300] "GET /cormun/servlet/solicitudotadjuntos?INS,2023,19844,,1, HTTP/1.1" 200 5943
186.173.226.20 - - [28/Mar/2023:11:10:57 -0300] "GET /cormun/servlet/solicitudotadjuntos?d50293e3de19977d06f746f63b2f08f9231cb0aacf3c66407d695fdf7926dde18d3ea972eda2bc4836d74140fb52f6be,gx-no-cache=1680011733306 HTTP/1.1" 200 30
186.173.226.20 - - [28/Mar/2023:11:10:57 -0300] "POST /cormun/servlet/solicitudotadjuntos?8fbb4198197c0343b05291c85bb18831,INS,2023,19844,,1,,gx-no-cache=1680011733356 HTTP/1.1" 200 3901
190.171.143.82 - - [28/Mar/2023:11:10:57 -0300] "GET /cormun/servlet/solicitudotadjuntos?010031312637a92288c4f66ab3b5e4baa2f728ed5466aa8138fd613a2dcce448,gx-no-cache=1680011733803 HTTP/1.1" 200 30
190.171.143.82 - - [28/Mar/2023:11:10:57 -0300] "GET /cormun/servlet/solicitudotadjuntos?010031312637a92288c4f66ab3b5e4baa2f728ed5466aa8138fd613a2dcce448,gx-no-cache=1680011733838 HTTP/1.1" 200 30
190.171.143.82 - - [28/Mar/2023:11:10:58 -0300] "POST /cormun/servlet/solicitudotadjuntos?902deb94292c48dad2e8c64025aa48cd,INS,2023,19843,,1, HTTP/1.1" 200 116
190.171.143.82 - - [28/Mar/2023:11:10:58 -0300] "GET /cormun/servlet/hpexe_return? HTTP/1.1" 200 1026
190.171.143.82 - - [28/Mar/2023:11:10:58 -0300] "GET /cormun/servlet/trsolicitudadjuntos?2023,19843, HTTP/1.1" 200 9393
190.171.143.82 - - [28/Mar/2023:11:10:59 -0300] "GET /cormun/servlet/trsolicitudadjuntos?2023,19843, HTTP/1.1" 200 9390
186.173.226.20 - - [28/Mar/2023:11:10:59 -0300] "POST /cormun/servlet/solicitudotadjuntos?gx-no-cache=1680011735793 HTTP/1.1" 200 26
190.171.141.114 - - [28/Mar/2023:11:11:00 -0300] "GET /cormun/servlet/trpermisosgoce HTTP/1.1" 200 6033
190.171.141.114 - - [28/Mar/2023:11:11:00 -0300] "GET /cormun/servlet/hlogin HTTP/1.1" 200 1743
190.171.141.114 - - [28/Mar/2023:11:11:00 -0300] "GET /cormun/servlet/trpermisosgoce HTTP/1.1" 200 6029
190.171.141.114 - - [28/Mar/2023:11:11:00 -0300] "GET /cormun/servlet/trpermisosgoce HTTP/1.1" 200 6029
190.171.143.82 - - [28/Mar/2023:11:11:01 -0300] "GET /cormun/servlet/solicitudotadjuntos?INS,2023,19843,,1, HTTP/1.1" 200 6409
190.171.143.82 - - [28/Mar/2023:11:11:02 -0300] "GET /cormun/static/about:blank HTTP/1.1" 404 1011
190.171.143.82 - - [28/Mar/2023:11:11:02 -0300] "GET /cormun/servlet/solicitudotadjuntos?INS,2023,19843,,1, HTTP/1.1" 200 6402
190.171.143.82 - - [28/Mar/2023:11:11:02 -0300] "GET /cormun/servlet/solicitudotadjuntos?010031312637a92288c4f66ab3b5e4ba6bb47dd366ce9d39bb0601fbcdbb0d59725e0bc237ff8b868cc84a6a6d8baee5,gx-no-cache=1680011738816 HTTP/1.1" 200 30
190.171.143.82 - - [28/Mar/2023:11:11:03 -0300] "POST /cormun/servlet/solicitudotadjuntos?902deb94292c48dad2e8c64025aa48cd,INS,2023,19843,,1,,gx-no-cache=1680011738849 HTTP/1.1" 200 4182
190.171.143.82 - - [28/Mar/2023:11:11:08 -0300] "POST /cormun/servlet/solicitudotadjuntos?gx-no-cache=1680011743903 HTTP/1.1" 200 26
186.173.226.20 - - [28/Mar/2023:11:11:11 -0300] "GET /cormun/servlet/solicitudotadjuntos?d50293e3de19977d06f746f63b2f08f9cd6a45551ca21dd3536c96221c6e30f2,gx-no-cache=1680011747376 HTTP/1.1" 200 30
186.173.226.20 - - [28/Mar/2023:11:11:11 -0300] "GET /cormun/servlet/solicitudotadjuntos?d50293e3de19977d06f746f63b2f08f9cd6a45551ca21dd3536c96221c6e30f2,gx-no-cache=1680011747438 HTTP/1.1" 200 30
186.173.226.20 - - [28/Mar/2023:11:11:11 -0300] "POST /cormun/servlet/solicitudotadjuntos?8fbb4198197c0343b05291c85bb18831,INS,2023,19844,,1, HTTP/1.1" 200 116
186.173.226.20 - - [28/Mar/2023:11:11:11 -0300] "GET /cormun/servlet/hpexe_return? HTTP/1.1" 200 1026
186.173.226.20 - - [28/Mar/2023:11:11:12 -0300] "GET /cormun/servlet/trsolicitudadjuntos?2023,19844, HTTP/1.1" 200 9188
186.173.226.20 - - [28/Mar/2023:11:11:12 -0300] "GET /cormun/servlet/trsolicitudadjuntos?2023,19844, HTTP/1.1" 200 9185
190.171.143.82 - - [28/Mar/2023:11:11:14 -0300] "GET /cormun/servlet/solicitudotadjuntos?010031312637a92288c4f66ab3b5e4baa2f728ed5466aa8138fd613a2dcce448,gx-no-cache=1680011749974 HTTP/1.1" 200 30
190.171.143.82 - - [28/Mar/2023:11:11:14 -0300] "GET /cormun/servlet/solicitudotadjuntos?010031312637a92288c4f66ab3b5e4baa2f728ed5466aa8138fd613a2dcce448,gx-no-cache=1680011750002 HTTP/1.1" 200 30
190.171.143.82 - - [28/Mar/2023:11:11:14 -0300] "POST /cormun/servlet/solicitudotadjuntos?902deb94292c48dad2e8c64025aa48cd,INS,2023,19843,,1, HTTP/1.1" 200 116
190.171.143.82 - - [28/Mar/2023:11:11:14 -0300] "GET /cormun/servlet/hpexe_return? HTTP/1.1" 200 1026
190.171.143.82 - - [28/Mar/2023:11:11:15 -0300] "GET /cormun/servlet/trsolicitudadjuntos?2023,19843, HTTP/1.1" 200 9690
190.171.143.82 - - [28/Mar/2023:11:11:16 -0300] "GET /cormun/servlet/trsolicitudadjuntos?2023,19843, HTTP/1.1" 200 9688
190.171.143.82 - - [28/Mar/2023:11:11:18 -0300] "GET /cormun/servlet/solicitudotadjuntos?INS,2023,19843,,1, HTTP/1.1" 200 6409
190.171.143.82 - - [28/Mar/2023:11:11:18 -0300] "GET /cormun/static/about:blank HTTP/1.1" 404 1011
190.171.143.82 - - [28/Mar/2023:11:11:19 -0300] "GET /cormun/servlet/solicitudotadjuntos?INS,2023,19843,,1, HTTP/1.1" 200 6402
190.171.143.82 - - [28/Mar/2023:11:11:19 -0300] "GET /cormun/servlet/solicitudotadjuntos?010031312637a92288c4f66ab3b5e4ba6bb47dd366ce9d39bb0601fbcdbb0d59725e0bc237ff8b868cc84a6a6d8baee5,gx-no-cache=1680011755682 HTTP/1.1" 200 30
190.171.143.82 - - [28/Mar/2023:11:11:19 -0300] "POST /cormun/servlet/solicitudotadjuntos?902deb94292c48dad2e8c64025aa48cd,INS,2023,19843,,1,,gx-no-cache=1680011755725 HTTP/1.1" 200 4182
190.171.143.82 - - [28/Mar/2023:11:11:31 -0300] "POST /cormun/servlet/solicitudotadjuntos?gx-no-cache=1680011767070 HTTP/1.1" 200 26
186.173.226.20 - - [28/Mar/2023:11:11:37 -0300] "GET /cormun/servlet/solicitudotadjuntos?INS,2023,19844,,1, HTTP/1.1" 200 5950
186.173.226.20 - - [28/Mar/2023:11:11:38 -0300] "GET /cormun/static/about:blank HTTP/1.1" 404 1011
186.173.226.20 - - [28/Mar/2023:11:11:38 -0300] "GET /cormun/servlet/solicitudotadjuntos?INS,2023,19844,,1, HTTP/1.1" 200 5943
186.173.226.20 - - [28/Mar/2023:11:11:38 -0300] "GET /cormun/servlet/solicitudotadjuntos?d50293e3de19977d06f746f63b2f08f9231cb0aacf3c66407d695fdf7926dde18d3ea972eda2bc4836d74140fb52f6be,gx-no-cache=1680011774632 HTTP/1.1" 200 30
186.173.226.20 - - [28/Mar/2023:11:11:38 -0300] "POST /cormun/servlet/solicitudotadjuntos?8fbb4198197c0343b05291c85bb18831,INS,2023,19844,,1,,gx-no-cache=1680011774705 HTTP/1.1" 200 3901
186.173.226.20 - - [28/Mar/2023:11:11:41 -0300] "POST /cormun/servlet/solicitudotadjuntos?gx-no-cache=1680011777306 HTTP/1.1" 200 26
190.171.143.82 - - [28/Mar/2023:11:11:42 -0300] "GET /cormun/servlet/solicitudotadjuntos?010031312637a92288c4f66ab3b5e4baa2f728ed5466aa8138fd613a2dcce448,gx-no-cache=1680011778320 HTTP/1.1" 200 30
190.171.143.82 - - [28/Mar/2023:11:11:42 -0300] "GET /cormun/servlet/solicitudotadjuntos?010031312637a92288c4f66ab3b5e4baa2f728ed5466aa8138fd613a2dcce448,gx-no-cache=1680011778360 HTTP/1.1" 200 30
190.171.143.82 - - [28/Mar/2023:11:11:42 -0300] "POST /cormun/servlet/solicitudotadjuntos?902deb94292c48dad2e8c64025aa48cd,INS,2023,19843,,1, HTTP/1.1" 200 116
190.171.143.82 - - [28/Mar/2023:11:11:42 -0300] "GET /cormun/servlet/hpexe_return? HTTP/1.1" 200 1026
190.171.143.82 - - [28/Mar/2023:11:11:43 -0300] "GET /cormun/servlet/trsolicitudadjuntos?2023,19843, HTTP/1.1" 200 9948
190.171.143.82 - - [28/Mar/2023:11:11:44 -0300] "GET /cormun/servlet/trsolicitudadjuntos?2023,19843, HTTP/1.1" 200 9946
190.171.143.82 - - [28/Mar/2023:11:11:46 -0300] "GET /cormun/servlet/solicitudotadjuntos?INS,2023,19843,,1, HTTP/1.1" 200 6409
186.173.226.20 - - [28/Mar/2023:11:11:46 -0300] "GET /cormun/servlet/solicitudotadjuntos?d50293e3de19977d06f746f63b2f08f9cd6a45551ca21dd3536c96221c6e30f2,gx-no-cache=1680011782312 HTTP/1.1" 200 30
186.173.226.20 - - [28/Mar/2023:11:11:46 -0300] "GET /cormun/servlet/solicitudotadjuntos?d50293e3de19977d06f746f63b2f08f9cd6a45551ca21dd3536c96221c6e30f2,gx-no-cache=1680011782350 HTTP/1.1" 200 30
186.173.226.20 - - [28/Mar/2023:11:11:46 -0300] "POST /cormun/servlet/solicitudotadjuntos?8fbb4198197c0343b05291c85bb18831,INS,2023,19844,,1, HTTP/1.1" 200 116
186.173.226.20 - - [28/Mar/2023:11:11:46 -0300] "GET /cormun/servlet/hpexe_return? HTTP/1.1" 200 1026
186.173.226.20 - - [28/Mar/2023:11:11:46 -0300] "GET /cormun/servlet/trsolicitudadjuntos?2023,19844, HTTP/1.1" 200 9383
190.171.143.82 - - [28/Mar/2023:11:11:47 -0300] "GET /cormun/static/about:blank HTTP/1.1" 404 1011
190.171.143.82 - - [28/Mar/2023:11:11:47 -0300] "GET /cormun/servlet/solicitudotadjuntos?INS,2023,19843,,1, HTTP/1.1" 200 6402
186.173.226.20 - - [28/Mar/2023:11:11:47 -0300] "GET /cormun/servlet/trsolicitudadjuntos?2023,19844, HTTP/1.1" 200 9385
190.171.143.82 - - [28/Mar/2023:11:11:47 -0300] "GET /cormun/servlet/solicitudotadjuntos?010031312637a92288c4f66ab3b5e4ba6bb47dd366ce9d39bb0601fbcdbb0d59725e0bc237ff8b868cc84a6a6d8baee5,gx-no-cache=1680011783818 HTTP/1.1" 200 30
190.171.143.82 - - [28/Mar/2023:11:11:48 -0300] "POST /cormun/servlet/solicitudotadjuntos?902deb94292c48dad2e8c64025aa48cd,INS,2023,19843,,1,,gx-no-cache=1680011783851 HTTP/1.1" 200 4183
186.173.226.20 - - [28/Mar/2023:11:11:49 -0300] "GET /cormun/servlet/solicitudotadjuntos?INS,2023,19844,,1, HTTP/1.1" 200 5950
186.173.226.20 - - [28/Mar/2023:11:11:49 -0300] "GET /cormun/static/about:blank HTTP/1.1" 404 1011
186.173.226.20 - - [28/Mar/2023:11:11:49 -0300] "GET /cormun/servlet/solicitudotadjuntos?INS,2023,19844,,1, HTTP/1.1" 200 5943
186.173.226.20 - - [28/Mar/2023:11:11:50 -0300] "GET /cormun/servlet/solicitudotadjuntos?d50293e3de19977d06f746f63b2f08f9231cb0aacf3c66407d695fdf7926dde18d3ea972eda2bc4836d74140fb52f6be,gx-no-cache=1680011785976 HTTP/1.1" 200 30
186.173.226.20 - - [28/Mar/2023:11:11:50 -0300] "POST /cormun/servlet/solicitudotadjuntos?8fbb4198197c0343b05291c85bb18831,INS,2023,19844,,1,,gx-no-cache=1680011786036 HTTP/1.1" 200 3901
186.173.226.20 - - [28/Mar/2023:11:11:53 -0300] "POST /cormun/servlet/solicitudotadjuntos?gx-no-cache=1680011789378 HTTP/1.1" 200 26
186.173.226.20 - - [28/Mar/2023:11:12:00 -0300] "GET /cormun/servlet/solicitudotadjuntos?d50293e3de19977d06f746f63b2f08f9cd6a45551ca21dd3536c96221c6e30f2,gx-no-cache=1680011796328 HTTP/1.1" 200 30
186.173.226.20 - - [28/Mar/2023:11:12:00 -0300] "GET /cormun/servlet/solicitudotadjuntos?d50293e3de19977d06f746f63b2f08f9cd6a45551ca21dd3536c96221c6e30f2,gx-no-cache=1680011796422 HTTP/1.1" 200 30
186.173.226.20 - - [28/Mar/2023:11:12:00 -0300] "POST /cormun/servlet/solicitudotadjuntos?8fbb4198197c0343b05291c85bb18831,INS,2023,19844,,1, HTTP/1.1" 200 116
186.173.226.20 - - [28/Mar/2023:11:12:00 -0300] "GET /cormun/servlet/hpexe_return? HTTP/1.1" 200 1026
186.173.226.20 - - [28/Mar/2023:11:12:01 -0300] "GET /cormun/servlet/trsolicitudadjuntos?2023,19844, HTTP/1.1" 200 9684
186.173.226.20 - - [28/Mar/2023:11:12:01 -0300] "GET /cormun/servlet/trsolicitudadjuntos?2023,19844, HTTP/1.1" 200 9683
190.171.143.82 - - [28/Mar/2023:11:12:01 -0300] "POST /cormun/servlet/solicitudotadjuntos?gx-no-cache=1680011797783 HTTP/1.1" 200 26
186.173.226.20 - - [28/Mar/2023:11:12:03 -0300] "GET /cormun/servlet/solicitudotadjuntos?INS,2023,19844,,1, HTTP/1.1" 200 5950
190.171.143.82 - - [28/Mar/2023:11:12:03 -0300] "POST /cormun/servlet/solicitudotadjuntos?gx-no-cache=1680011799595 HTTP/1.1" 200 26
186.173.226.20 - - [28/Mar/2023:11:12:03 -0300] "GET /cormun/static/about:blank HTTP/1.1" 404 1011
186.173.226.20 - - [28/Mar/2023:11:12:03 -0300] "GET /cormun/servlet/solicitudotadjuntos?INS,2023,19844,,1, HTTP/1.1" 200 5943
186.173.226.20 - - [28/Mar/2023:11:12:04 -0300] "GET /cormun/servlet/solicitudotadjuntos?d50293e3de19977d06f746f63b2f08f9231cb0aacf3c66407d695fdf7926dde18d3ea972eda2bc4836d74140fb52f6be,gx-no-cache=1680011800299 HTTP/1.1" 200 30
186.173.226.20 - - [28/Mar/2023:11:12:04 -0300] "POST /cormun/servlet/solicitudotadjuntos?8fbb4198197c0343b05291c85bb18831,INS,2023,19844,,1,,gx-no-cache=1680011800591 HTTP/1.1" 200 3901
186.173.226.20 - - [28/Mar/2023:11:12:06 -0300] "POST /cormun/servlet/solicitudotadjuntos?gx-no-cache=1680011802150 HTTP/1.1" 200 26
190.171.143.82 - - [28/Mar/2023:11:12:10 -0300] "GET /cormun/servlet/solicitudotadjuntos?010031312637a92288c4f66ab3b5e4baa2f728ed5466aa8138fd613a2dcce448,gx-no-cache=1680011806402 HTTP/1.1" 200 30
190.171.143.82 - - [28/Mar/2023:11:12:10 -0300] "GET /cormun/servlet/solicitudotadjuntos?010031312637a92288c4f66ab3b5e4baa2f728ed5466aa8138fd613a2dcce448,gx-no-cache=1680011806435 HTTP/1.1" 200 30
186.173.226.20 - - [28/Mar/2023:11:12:10 -0300] "POST /cormun/servlet/solicitudotadjuntos?gx-no-cache=1680011806585 HTTP/1.1" 200 26
190.171.143.82 - - [28/Mar/2023:11:12:10 -0300] "POST /cormun/servlet/solicitudotadjuntos?902deb94292c48dad2e8c64025aa48cd,INS,2023,19843,,1, HTTP/1.1" 200 116
190.171.143.82 - - [28/Mar/2023:11:12:10 -0300] "GET /cormun/servlet/hpexe_return? HTTP/1.1" 200 1026
190.171.143.82 - - [28/Mar/2023:11:12:11 -0300] "GET /cormun/servlet/trsolicitudadjuntos?2023,19843, HTTP/1.1" 200 10158
190.171.143.82 - - [28/Mar/2023:11:12:12 -0300] "GET /cormun/servlet/trsolicitudadjuntos?2023,19843, HTTP/1.1" 200 10159
190.171.143.82 - - [28/Mar/2023:11:12:14 -0300] "GET /cormun/servlet/solicitudotadjuntos?INS,2023,19843,,1, HTTP/1.1" 200 6409
190.171.143.82 - - [28/Mar/2023:11:12:15 -0300] "GET /cormun/static/about:blank HTTP/1.1" 404 1011
190.171.143.82 - - [28/Mar/2023:11:12:15 -0300] "GET /cormun/servlet/solicitudotadjuntos?INS,2023,19843,,1, HTTP/1.1" 200 6402
186.173.226.20 - - [28/Mar/2023:11:12:15 -0300] "GET /cormun/servlet/solicitudotadjuntos?d50293e3de19977d06f746f63b2f08f9cd6a45551ca21dd3536c96221c6e30f2,gx-no-cache=1680011811624 HTTP/1.1" 200 30
186.173.226.20 - - [28/Mar/2023:11:12:15 -0300] "GET /cormun/servlet/solicitudotadjuntos?d50293e3de19977d06f746f63b2f08f9cd6a45551ca21dd3536c96221c6e30f2,gx-no-cache=1680011811803 HTTP/1.1" 200 30
190.171.143.82 - - [28/Mar/2023:11:12:16 -0300] "GET /cormun/servlet/solicitudotadjuntos?010031312637a92288c4f66ab3b5e4ba6bb47dd366ce9d39bb0601fbcdbb0d59725e0bc237ff8b868cc84a6a6d8baee5,gx-no-cache=1680011811956 HTTP/1.1" 200 30
186.173.226.20 - - [28/Mar/2023:11:12:16 -0300] "POST /cormun/servlet/solicitudotadjuntos?8fbb4198197c0343b05291c85bb18831,INS,2023,19844,,1, HTTP/1.1" 200 116
186.173.226.20 - - [28/Mar/2023:11:12:16 -0300] "GET /cormun/servlet/hpexe_return? HTTP/1.1" 200 1026
190.171.143.82 - - [28/Mar/2023:11:12:16 -0300] "POST /cormun/servlet/solicitudotadjuntos?902deb94292c48dad2e8c64025aa48cd,INS,2023,19843,,1,,gx-no-cache=1680011811999 HTTP/1.1" 200 4183
186.173.226.20 - - [28/Mar/2023:11:12:16 -0300] "GET /cormun/servlet/trsolicitudadjuntos?2023,19844, HTTP/1.1" 200 10078
186.173.226.20 - - [28/Mar/2023:11:12:16 -0300] "GET /cormun/servlet/trsolicitudadjuntos?2023,19844, HTTP/1.1" 200 10076
186.173.226.20 - - [28/Mar/2023:11:12:19 -0300] "GET /cormun/servlet/solicitudotadjuntos?INS,2023,19844,,1, HTTP/1.1" 200 5950
186.173.226.20 - - [28/Mar/2023:11:12:20 -0300] "GET /cormun/static/about:blank HTTP/1.1" 404 1011
186.173.226.20 - - [28/Mar/2023:11:12:20 -0300] "GET /cormun/servlet/solicitudotadjuntos?INS,2023,19844,,1, HTTP/1.1" 200 5943
190.171.143.82 - - [28/Mar/2023:11:12:20 -0300] "POST /cormun/servlet/solicitudotadjuntos?gx-no-cache=1680011816360 HTTP/1.1" 200 26
186.173.226.20 - - [28/Mar/2023:11:12:20 -0300] "GET /cormun/servlet/solicitudotadjuntos?d50293e3de19977d06f746f63b2f08f9231cb0aacf3c66407d695fdf7926dde18d3ea972eda2bc4836d74140fb52f6be,gx-no-cache=1680011816433 HTTP/1.1" 200 30
186.173.226.20 - - [28/Mar/2023:11:12:20 -0300] "POST /cormun/servlet/solicitudotadjuntos?8fbb4198197c0343b05291c85bb18831,INS,2023,19844,,1,,gx-no-cache=1680011816479 HTTP/1.1" 200 3901
186.173.226.20 - - [28/Mar/2023:11:12:23 -0300] "POST /cormun/servlet/solicitudotadjuntos?gx-no-cache=1680011819201 HTTP/1.1" 200 26
186.173.226.20 - - [28/Mar/2023:11:12:30 -0300] "GET /cormun/servlet/solicitudotadjuntos?d50293e3de19977d06f746f63b2f08f9cd6a45551ca21dd3536c96221c6e30f2,gx-no-cache=1680011826537 HTTP/1.1" 200 30
186.173.226.20 - - [28/Mar/2023:11:12:30 -0300] "GET /cormun/servlet/solicitudotadjuntos?d50293e3de19977d06f746f63b2f08f9cd6a45551ca21dd3536c96221c6e30f2,gx-no-cache=1680011826582 HTTP/1.1" 200 30
186.173.226.20 - - [28/Mar/2023:11:12:31 -0300] "POST /cormun/servlet/solicitudotadjuntos?8fbb4198197c0343b05291c85bb18831,INS,2023,19844,,1, HTTP/1.1" 200 116
186.173.226.20 - - [28/Mar/2023:11:12:31 -0300] "GET /cormun/servlet/hpexe_return? HTTP/1.1" 200 1026
186.173.226.20 - - [28/Mar/2023:11:12:31 -0300] "GET /cormun/servlet/trsolicitudadjuntos?2023,19844, HTTP/1.1" 200 10241
186.173.226.20 - - [28/Mar/2023:11:12:32 -0300] "GET /cormun/servlet/trsolicitudadjuntos?2023,19844, HTTP/1.1" 200 10242
186.173.226.20 - - [28/Mar/2023:11:12:37 -0300] "GET /cormun/servlet/trsolicitudot? HTTP/1.1" 200 8535
186.173.226.20 - - [28/Mar/2023:11:12:37 -0300] "GET /cormun/servlet/trsolicitudot? HTTP/1.1" 200 8528
186.173.226.20 - - [28/Mar/2023:11:12:40 -0300] "POST /cormun/servlet/trsolicitudot?8fbb4198197c0343b05291c85bb18831,,gx-no-cache=1680011835958 HTTP/1.1" 200 4571
186.173.226.20 - - [28/Mar/2023:11:12:40 -0300] "GET /cormun/static/Shared/jqueryui/images/ui-bg_highlight-soft_100_c6c2c8_1x100.png HTTP/1.1" 404 1117
186.173.226.20 - - [28/Mar/2023:11:12:40 -0300] "GET /cormun/static/Shared/jqueryui/images/ui-bg_flat_55_fafafa_40x100.png HTTP/1.1" 404 1097
186.173.226.20 - - [28/Mar/2023:11:12:40 -0300] "GET /cormun/static/Shared/jqueryui/images/ui-icons_8d78a5_256x240.png HTTP/1.1" 404 1089
186.173.226.20 - - [28/Mar/2023:11:12:40 -0300] "GET /cormun/static/Shared/jqueryui/images/ui-icons_82798d_256x240.png HTTP/1.1" 404 1089
186.173.226.20 - - [28/Mar/2023:11:12:40 -0300] "POST /cormun/servlet/trsolicitudot?8fbb4198197c0343b05291c85bb18831,,gx-no-cache=1680011836473 HTTP/1.1" 200 4344
190.171.143.82 - - [28/Mar/2023:11:12:40 -0300] "GET /cormun/servlet/solicitudotadjuntos?010031312637a92288c4f66ab3b5e4baa2f728ed5466aa8138fd613a2dcce448,gx-no-cache=1680011836869 HTTP/1.1" 200 30
190.171.143.82 - - [28/Mar/2023:11:12:41 -0300] "GET /cormun/servlet/solicitudotadjuntos?010031312637a92288c4f66ab3b5e4baa2f728ed5466aa8138fd613a2dcce448,gx-no-cache=1680011836907 HTTP/1.1" 200 30
190.171.143.82 - - [28/Mar/2023:11:12:41 -0300] "POST /cormun/servlet/solicitudotadjuntos?902deb94292c48dad2e8c64025aa48cd,INS,2023,19843,,1, HTTP/1.1" 200 116
190.171.143.82 - - [28/Mar/2023:11:12:41 -0300] "GET /cormun/servlet/hpexe_return? HTTP/1.1" 200 1026
190.171.143.82 - - [28/Mar/2023:11:12:41 -0300] "GET /cormun/servlet/trsolicitudadjuntos?2023,19843, HTTP/1.1" 200 10438
190.171.143.82 - - [28/Mar/2023:11:12:43 -0300] "GET /cormun/servlet/trsolicitudadjuntos?2023,19843, HTTP/1.1" 200 10438
186.173.226.20 - - [28/Mar/2023:11:12:53 -0300] "GET /cormun/servlet/hlogin HTTP/1.1" 200 1727
186.173.226.20 - - [28/Mar/2023:11:12:57 -0300] "POST /cormun/servlet/hlogin?8fbb4198197c0343b05291c85bb18831,gx-no-cache=1680011853800 HTTP/1.1" 200 90
186.173.226.20 - - [28/Mar/2023:11:12:57 -0300] "GET /cormun/servlet/hpexe_link HTTP/1.1" 200 951
186.173.226.20 - - [28/Mar/2023:11:12:58 -0300] "GET /cormun/servlet/hhome HTTP/1.1" 200 4259
186.173.226.20 - - [28/Mar/2023:11:12:58 -0300] "GET /cormun/servlet/hhome HTTP/1.1" 200 4255
186.173.226.20 - - [28/Mar/2023:11:13:01 -0300] "GET /cormun/servlet/trsolicitudot? HTTP/1.1" 200 7485
186.173.226.20 - - [28/Mar/2023:11:13:01 -0300] "GET /cormun/servlet/trsolicitudot? HTTP/1.1" 200 7483
186.173.226.20 - - [28/Mar/2023:11:13:05 -0300] "GET /cormun/servlet/trautorizarsolicitud? HTTP/1.1" 200 9198
186.173.226.20 - - [28/Mar/2023:11:13:06 -0300] "GET /cormun/servlet/trautorizarsolicitud? HTTP/1.1" 200 9198
186.173.226.20 - - [28/Mar/2023:11:13:12 -0300] "POST /cormun/servlet/trautorizarsolicitud?8fbb4198197c0343b05291c85bb18831,,gx-no-cache=1680011867931 HTTP/1.1" 200 6007
186.173.226.20 - - [28/Mar/2023:11:13:12 -0300] "GET /cormun/static/Shared/jqueryui/images/ui-bg_highlight-soft_100_c6c2c8_1x100.png HTTP/1.1" 404 1117
186.173.226.20 - - [28/Mar/2023:11:13:12 -0300] "GET /cormun/static/Shared/jqueryui/images/ui-icons_82798d_256x240.png HTTP/1.1" 404 1089
186.173.226.20 - - [28/Mar/2023:11:13:12 -0300] "GET /cormun/static/Shared/jqueryui/images/ui-icons_8d78a5_256x240.png HTTP/1.1" 404 1089
186.173.226.20 - - [28/Mar/2023:11:13:12 -0300] "GET /cormun/static/Shared/jqueryui/images/ui-bg_flat_55_fafafa_40x100.png HTTP/1.1" 404 1097
186.173.226.20 - - [28/Mar/2023:11:13:12 -0300] "POST /cormun/servlet/trautorizarsolicitud?8fbb4198197c0343b05291c85bb18831,,gx-no-cache=1680011868271 HTTP/1.1" 200 5952
186.173.226.20 - - [28/Mar/2023:11:13:14 -0300] "POST /cormun/servlet/trautorizarsolicitud?8fbb4198197c0343b05291c85bb18831,,gx-no-cache=1680011870505 HTTP/1.1" 200 4784
186.173.226.20 - - [28/Mar/2023:11:13:14 -0300] "POST /cormun/servlet/trautorizarsolicitud?8fbb4198197c0343b05291c85bb18831,,gx-no-cache=1680011870687 HTTP/1.1" 200 4542
186.173.226.20 - - [28/Mar/2023:11:13:19 -0300] "GET /cormun/servlet/trlicencias? HTTP/1.1" 200 10530
186.173.226.20 - - [28/Mar/2023:11:13:19 -0300] "GET /cormun/static/gxcfg.js?2020121613995 HTTP/1.1" 200 953
186.173.226.20 - - [28/Mar/2023:11:13:20 -0300] "GET /cormun/static/trlicencias.js?202012162481 HTTP/1.1" 200 41883
186.173.226.20 - - [28/Mar/2023:11:13:20 -0300] "GET /cormun//static/Resources/PXToolsGridDisplay.png HTTP/1.1" 200 525
186.173.226.20 - - [28/Mar/2023:11:13:20 -0300] "GET /cormun//static/Resources/PXToolsActionDisabled.gif HTTP/1.1" 200 53
186.173.226.20 - - [28/Mar/2023:11:13:20 -0300] "GET /cormun//static/Resources/PXToolsActionPrint.png HTTP/1.1" 200 404
186.173.226.20 - - [28/Mar/2023:11:13:20 -0300] "GET /cormun/servlet/trlicencias? HTTP/1.1" 200 10529
186.173.226.20 - - [28/Mar/2023:11:13:20 -0300] "GET /cormun//static/Resources/PXToolsHeaderHelp.png HTTP/1.1" 200 1333
186.173.226.20 - - [28/Mar/2023:11:13:20 -0300] "GET /cormun//static/Resources/PXToolsHeaderFavorites.png HTTP/1.1" 200 1414
190.171.149.74 - - [28/Mar/2023:11:13:27 -0300] "GET /cormun/servlet/hlogin HTTP/1.1" 200 1721
190.171.149.74 - - [28/Mar/2023:11:13:42 -0300] "POST /cormun/servlet/hlogin?9b72bd68644ffb0a5f24b88aa2e2a6ad,gx-no-cache=1680015619350 HTTP/1.1" 200 90
190.171.149.74 - - [28/Mar/2023:11:13:42 -0300] "GET /cormun/servlet/hpexe_link HTTP/1.1" 200 947
190.171.149.74 - - [28/Mar/2023:11:13:42 -0300] "GET /cormun/servlet/hhome HTTP/1.1" 200 3975
190.171.149.74 - - [28/Mar/2023:11:13:43 -0300] "GET /cormun/servlet/hhome HTTP/1.1" 200 3971
190.171.149.74 - - [28/Mar/2023:11:13:45 -0300] "GET /cormun/servlet/trpermisosgoce? HTTP/1.1" 200 10331
190.171.149.74 - - [28/Mar/2023:11:13:46 -0300] "GET /cormun/servlet/trpermisosgoce? HTTP/1.1" 200 10329
190.171.149.74 - - [28/Mar/2023:11:13:48 -0300] "GET /cormun/servlet/permisogoce?INS,0,,, HTTP/1.1" 200 6837
190.171.149.74 - - [28/Mar/2023:11:13:48 -0300] "GET /cormun/servlet/permisogoce?INS,0,,, HTTP/1.1" 200 6837
190.171.149.74 - - [28/Mar/2023:11:14:24 -0300] "GET /cormun/servlet/permisogoce?639e379803daade422009b160cb4d77d3f3f65ebd03e556bbea497cf2145a37d1ad72e063b422e029fd8f256a5b4731f6339b8baf7d0ef494ef15999e6fe0786,gx-no-cache=1680015661590 HTTP/1.1" 200 186
190.171.149.74 - - [28/Mar/2023:11:14:24 -0300] "GET /cormun/static/Shared/jqueryui/images/ui-icons_82798d_256x240.png HTTP/1.1" 404 1089
190.171.149.74 - - [28/Mar/2023:11:14:24 -0300] "GET /cormun/static/Shared/jqueryui/images/ui-bg_flat_55_994d53_40x100.png HTTP/1.1" 404 1097
190.171.149.74 - - [28/Mar/2023:11:14:24 -0300] "GET /cormun/static/Shared/jqueryui/images/ui-icons_ebccce_256x240.png HTTP/1.1" 404 1089
190.171.149.74 - - [28/Mar/2023:11:14:25 -0300] "GET /cormun/static/Shared/jqueryui/images/ui-bg_highlight-soft_100_c6c2c8_1x100.png HTTP/1.1" 404 1117
192.168.10.17 - - [28/Mar/2023:11:14:53 -0300] "GET /cormun/servlet/hlogin HTTP/1.1" 200 1731
190.171.152.138 - - [28/Mar/2023:11:15:02 -0300] "POST /cormun/servlet/solicitudot?gx-no-cache=1680015602090 HTTP/1.1" 200 3953
190.171.152.138 - - [28/Mar/2023:11:15:02 -0300] "POST /cormun/servlet/solicitudot?f508ede4346417fcb7bfa42d0fe5ebf9,INS,0,0,false,,gx-no-cache=1680015602511 HTTP/1.1" 200 12519
190.171.152.138 - - [28/Mar/2023:11:15:02 -0300] "GET /cormun/servlet/solicitudot?af74240937ef2e96f8cfa98feec02fc06012063cbe5ed6fc0acd05f3f872c4d52672ed9322fa590e8d5d1c7ee48774c5,gx-no-cache=1680015602706 HTTP/1.1" 200 30
52.167.144.88 - - [28/Mar/2023:11:15:52 -0300] "GET /cormun/servlet/trlicenciaspermisosadjuntos?16254666,20230104000000,L,_escaped_fragment_%3D&_escaped_fragment_= HTTP/1.1" 200 5343
186.173.226.20 - - [28/Mar/2023:11:16:02 -0300] "GET /cormun/servlet/hlogin HTTP/1.1" 200 1727
186.173.226.20 - - [28/Mar/2023:11:16:05 -0300] "POST /cormun/servlet/hlogin?8fbb4198197c0343b05291c85bb18831,gx-no-cache=1680012041584 HTTP/1.1" 200 90
186.173.226.20 - - [28/Mar/2023:11:16:05 -0300] "GET /cormun/servlet/hpexe_link HTTP/1.1" 200 951
186.173.226.20 - - [28/Mar/2023:11:16:06 -0300] "GET /cormun/servlet/hhome HTTP/1.1" 200 3898
186.173.226.20 - - [28/Mar/2023:11:16:06 -0300] "GET /cormun/servlet/hhome HTTP/1.1" 200 3895
52.167.144.88 - - [28/Mar/2023:11:16:07 -0300] "GET /cormun/static/gxcfg.js?201991422445549 HTTP/1.1" 200 953
52.167.144.88 - - [28/Mar/2023:11:16:07 -0300] "GET /cormun/static/gxui/gxui-all.css?110300 HTTP/1.1" 200 2179
52.167.144.113 - - [28/Mar/2023:11:16:11 -0300] "GET /cormun/servlet/trlicenciaspermisosadjuntos?16254666,20230104000000,L,_escaped_fragment_%3D HTTP/1.1" 200 5336
52.167.144.113 - - [28/Mar/2023:11:16:11 -0300] "GET /cormun/static/Shared/ext/locale/ext-lang-en.js HTTP/1.1" 200 10940
52.167.144.113 - - [28/Mar/2023:11:16:11 -0300] "GET /cormun/static/hpexe_messagegenexuscomponent.js?2020121447173 HTTP/1.1" 200 587
52.167.144.113 - - [28/Mar/2023:11:16:11 -0300] "GET /cormun/servlet/trlicenciaspermisosadjuntos?16254666,20230104000000,L,_escaped_fragment_%3D HTTP/1.1" 200 5332
52.167.144.113 - - [28/Mar/2023:11:16:12 -0300] "GET /cormun/static/Shared/ext/locale/ext-lang-en.js HTTP/1.1" 200 10940
52.167.144.113 - - [28/Mar/2023:11:16:12 -0300] "GET /cormun/static/hpexe_messagegenexuscomponent.js?2020121447173 HTTP/1.1" 200 587
52.167.144.88 - - [28/Mar/2023:11:16:17 -0300] "GET /cormun/static/gxcfg.js?201991422445549 HTTP/1.1" 200 953
52.167.144.88 - - [28/Mar/2023:11:16:17 -0300] "GET /cormun/static/gxui/gxui-all.css?110300 HTTP/1.1" 200 2179
52.167.144.64 - - [28/Mar/2023:11:16:22 -0300] "GET /cormun/static/Shared/ext/resources/css/ext-all.css?205870 HTTP/1.1" 200 416045
52.167.144.64 - - [28/Mar/2023:11:16:23 -0300] "GET /cormun/static/hpexe_messagepopupcomponent.js?2020121447232 HTTP/1.1" 200 605
52.167.144.64 - - [28/Mar/2023:11:16:23 -0300] "GET /cormun/static/trlicenciaspermisosadjuntos.js?20199142244593 HTTP/1.1" 200 21036
52.167.144.64 - - [28/Mar/2023:11:16:23 -0300] "GET /cormun/static/Shared/ext/resources/css/ext-all.css?205870 HTTP/1.1" 200 416045
52.167.144.64 - - [28/Mar/2023:11:16:24 -0300] "GET /cormun/static/hpexe_messagepopupcomponent.js?2020121447232 HTTP/1.1" 200 605
52.167.144.64 - - [28/Mar/2023:11:16:24 -0300] "GET /cormun/static/trlicenciaspermisosadjuntos.js?20199142244593 HTTP/1.1" 200 21036
190.171.152.234 - - [28/Mar/2023:11:21:02 -0300] "GET /cormun/servlet/trcontratosolicitud? HTTP/1.1" 200 14828
190.171.152.234 - - [28/Mar/2023:11:21:03 -0300] "GET /cormun/servlet/trcontratosolicitud? HTTP/1.1" 200 14823
190.171.152.234 - - [28/Mar/2023:11:21:07 -0300] "POST /cormun/servlet/trcontratosolicitud?b63626bad6e8308bdedb2e5541629252,,gx-no-cache=1680012466190 HTTP/1.1" 200 12620
190.171.152.234 - - [28/Mar/2023:11:21:07 -0300] "GET /cormun/static/Resources/PXToolsGridNext.gif HTTP/1.1" 200 369
190.171.152.234 - - [28/Mar/2023:11:21:07 -0300] "GET /cormun/static/Resources/PXToolsGridLast.gif HTTP/1.1" 200 370
190.171.152.234 - - [28/Mar/2023:11:21:09 -0300] "POST /cormun/servlet/trcontratosolicitud?b63626bad6e8308bdedb2e5541629252,,gx-no-cache=1680012468544 HTTP/1.1" 200 6712
190.171.152.234 - - [28/Mar/2023:11:21:27 -0300] "POST /cormun/servlet/trcontratosolicitud?b63626bad6e8308bdedb2e5541629252,,gx-no-cache=1680012486630 HTTP/1.1" 200 12619
186.173.226.20 - - [28/Mar/2023:11:23:47 -0300] "GET /cormun/servlet/hlogin HTTP/1.1" 200 1727
190.171.152.138 - - [28/Mar/2023:11:23:48 -0300] "GET /cormun/servlet/solicitudot?af74240937ef2e96f8cfa98feec02fc08f64a201d97d7b0d421ac9c5469aa1ac49456eb4b9b4e15d0624b039ab6aab0214b82808482820c7fbc3d9f16885c068,gx-no-cache=1680016128292 HTTP/1.1" 200 30
186.173.226.20 - - [28/Mar/2023:11:23:51 -0300] "POST /cormun/servlet/hlogin?8fbb4198197c0343b05291c85bb18831,gx-no-cache=1680012507688 HTTP/1.1" 200 90
186.173.226.20 - - [28/Mar/2023:11:23:51 -0300] "GET /cormun/servlet/hpexe_link HTTP/1.1" 200 951
186.173.226.20 - - [28/Mar/2023:11:23:51 -0300] "GET /cormun/servlet/hhome HTTP/1.1" 200 3898
186.173.226.20 - - [28/Mar/2023:11:23:52 -0300] "GET /cormun/servlet/hhome HTTP/1.1" 200 3895
186.173.226.20 - - [28/Mar/2023:11:23:54 -0300] "GET /cormun/servlet/trpermisosgoce? HTTP/1.1" 200 6796
186.173.226.20 - - [28/Mar/2023:11:23:54 -0300] "GET /cormun/static/gxcfg.js?2020121631564 HTTP/1.1" 200 953
186.173.226.20 - - [28/Mar/2023:11:23:54 -0300] "GET /cormun/static/trpermisosgoce.js?2020121633681 HTTP/1.1" 200 35904
186.173.226.20 - - [28/Mar/2023:11:23:54 -0300] "GET /cormun/servlet/trpermisosgoce? HTTP/1.1" 200 6795
186.173.226.20 - - [28/Mar/2023:11:23:56 -0300] "GET /cormun/static/menuarrow.gif HTTP/1.1" 404 1015
190.171.152.234 - - [28/Mar/2023:11:23:59 -0300] "POST /cormun/servlet/trcontratosolicitud?b63626bad6e8308bdedb2e5541629252,,gx-no-cache=1680012638640 HTTP/1.1" 200 6703
190.171.152.138 - - [28/Mar/2023:11:24:04 -0300] "GET /cormun/static/Resources/PXTools/ClosePrompt.png HTTP/1.1" 200 1036
190.171.152.138 - - [28/Mar/2023:11:24:04 -0300] "GET /cormun/static/Resources/resize.gif HTTP/1.1" 200 77
190.171.152.138 - - [28/Mar/2023:11:24:04 -0300] "GET /cormun/servlet/prbanco?,MD,,gxPopupLevel%3D0%3B HTTP/1.1" 200 6516
190.171.152.138 - - [28/Mar/2023:11:24:04 -0300] "GET /cormun/static/gxcfg.js?20201216131581 HTTP/1.1" 200 953
190.171.152.138 - - [28/Mar/2023:11:24:04 -0300] "GET /cormun/static/menusearch.js?20201214473581 HTTP/1.1" 200 1424
190.171.152.138 - - [28/Mar/2023:11:24:04 -0300] "GET /cormun/static/prbanco.js?20201216132311 HTTP/1.1" 200 10693
190.171.152.138 - - [28/Mar/2023:11:24:04 -0300] "GET /cormun/static/hmpwkw011.js?20201215495555 HTTP/1.1" 200 1968
190.171.152.138 - - [28/Mar/2023:11:24:04 -0300] "GET /cormun/static/Resources/PXToolsMenuSearch.png HTTP/1.1" 200 336
190.171.152.138 - - [28/Mar/2023:11:24:04 -0300] "GET /cormun/static/Resources/PXToolsMenuSearchCancel.png HTTP/1.1" 200 306
190.171.152.138 - - [28/Mar/2023:11:24:15 -0300] "GET /cormun/servlet/solicitudot?af74240937ef2e96f8cfa98feec02fc020f85b73af50f4803a957fa248bb5311,gx-no-cache=1680016156113 HTTP/1.1" 200 60
190.171.152.114 - - [28/Mar/2023:11:24:20 -0300] "GET /cormun/servlet/hlogin HTTP/1.1" 200 1726
190.171.152.114 - - [28/Mar/2023:11:24:20 -0300] "GET /cormun/servlet/hlogin HTTP/1.1" 200 1737
190.171.152.138 - - [28/Mar/2023:11:24:29 -0300] "POST /cormun/servlet/solicitudot?f508ede4346417fcb7bfa42d0fe5ebf9,INS,0,0,false,,gx-no-cache=1680016169845 HTTP/1.1" 200 12752
190.171.152.138 - - [28/Mar/2023:11:24:29 -0300] "GET /cormun/static/Shared/jqueryui/images/ui-bg_highlight-soft_100_c6c2c8_1x100.png HTTP/1.1" 404 1117
190.171.152.138 - - [28/Mar/2023:11:24:29 -0300] "GET /cormun/static/Shared/jqueryui/images/ui-icons_8d78a5_256x240.png HTTP/1.1" 404 1089
190.171.152.138 - - [28/Mar/2023:11:24:29 -0300] "GET /cormun/static/Shared/jqueryui/images/ui-icons_82798d_256x240.png HTTP/1.1" 404 1089
190.171.152.138 - - [28/Mar/2023:11:24:29 -0300] "GET /cormun/static/Shared/jqueryui/images/ui-bg_flat_55_fafafa_40x100.png HTTP/1.1" 404 1097
190.171.152.114 - - [28/Mar/2023:11:24:33 -0300] "POST /cormun/servlet/hlogin?baa04ce12b0400e3877e463c94217f77,gx-no-cache=1680012549544 HTTP/1.1" 200 90
190.171.152.114 - - [28/Mar/2023:11:24:33 -0300] "GET /cormun/servlet/hpexe_link HTTP/1.1" 200 952
190.171.152.114 - - [28/Mar/2023:11:24:33 -0300] "GET /cormun/servlet/hhome HTTP/1.1" 200 4328
190.171.152.114 - - [28/Mar/2023:11:24:33 -0300] "GET /cormun/servlet/hhome HTTP/1.1" 200 4324
190.171.152.114 - - [28/Mar/2023:11:24:36 -0300] "GET /cormun/servlet/trpermisosgoce? HTTP/1.1" 200 8932
190.171.152.114 - - [28/Mar/2023:11:24:36 -0300] "GET /cormun/servlet/trpermisosgoce? HTTP/1.1" 200 8931
200.54.237.82 - - [28/Mar/2023:11:24:39 -0300] "GET /cormun/servlet/trcontratounov2? HTTP/1.1" 200 5916
200.54.237.82 - - [28/Mar/2023:11:24:39 -0300] "GET /cormun/servlet/hlogin HTTP/1.1" 200 1738
200.54.237.82 - - [28/Mar/2023:11:24:39 -0300] "GET /cormun/servlet/trcontratounov2? HTTP/1.1" 200 5913
200.54.237.82 - - [28/Mar/2023:11:24:42 -0300] "POST /cormun/servlet/hlogin?b0c015e32321ebbc4d98fe47e714932b,gx-no-cache=1680012558882 HTTP/1.1" 200 90
200.54.237.82 - - [28/Mar/2023:11:24:42 -0300] "GET /cormun/servlet/hpexe_link HTTP/1.1" 200 954
186.173.226.20 - - [28/Mar/2023:11:24:42 -0300] "GET /cormun/servlet/permisogoce?INS,0,,, HTTP/1.1" 200 6760
186.173.226.20 - - [28/Mar/2023:11:24:42 -0300] "GET /cormun/static/gxcfg.js?20201215124560 HTTP/1.1" 200 953
200.54.237.82 - - [28/Mar/2023:11:24:42 -0300] "GET /cormun/servlet/trcontratounov2 HTTP/1.1" 200 14442
186.173.226.20 - - [28/Mar/2023:11:24:42 -0300] "GET /cormun/static/permisogoce.js?20201215124939 HTTP/1.1" 200 27919
186.173.226.20 - - [28/Mar/2023:11:24:43 -0300] "GET /cormun/servlet/permisogoce?INS,0,,, HTTP/1.1" 200 6762
200.54.237.82 - - [28/Mar/2023:11:24:43 -0300] "GET /cormun/servlet/trcontratounov2 HTTP/1.1" 200 14436
190.171.152.114 - - [28/Mar/2023:11:24:57 -0300] "GET /cormun/servlet/permisogoce?INS,0,,, HTTP/1.1" 200 7217
190.171.152.114 - - [28/Mar/2023:11:24:58 -0300] "GET /cormun/servlet/permisogoce?INS,0,,, HTTP/1.1" 200 7217
190.171.152.114 - - [28/Mar/2023:11:25:10 -0300] "GET /cormun/servlet/permisogoce?ee418e00b70f9e38b3e4c68aa81e3397a5bdb6fdb8ce95a3e89f0e21516f4bc4353ec29525dbc4f0b952d4689250636fb0912bd2e01cc731de85e4d4b70c5776,gx-no-cache=1680012586585 HTTP/1.1" 200 85
190.171.152.138 - - [28/Mar/2023:11:25:19 -0300] "GET /cormun/servlet/solicitudot?af74240937ef2e96f8cfa98feec02fc08f64a201d97d7b0d421ac9c5469aa1ac49456eb4b9b4e15d0624b039ab6aab02656400a6019a9ecc44c8e6a155f58a7a,gx-no-cache=1680016219902 HTTP/1.1" 200 30
190.171.152.138 - - [28/Mar/2023:11:25:19 -0300] "GET /cormun/servlet/solicitudot?af74240937ef2e96f8cfa98feec02fc0aab87e5b5d6beb7dc80c6d0512ce015ed19b66d7d5c9ff5eb2ce3f7600c690344b648306a2d5806b7488b56a9c651fed2a486ce0ed3c11324d8db9ded3f64112,gx-no-cache=1680016220241 HTTP/1.1" 200 60
190.171.152.138 - - [28/Mar/2023:11:25:21 -0300] "POST /cormun/servlet/solicitudot?gx-no-cache=1680016221463 HTTP/1.1" 200 255
190.171.152.138 - - [28/Mar/2023:11:25:23 -0300] "GET /cormun/servlet/solicitudot?af74240937ef2e96f8cfa98feec02fc0d071fc876d60c7ed0d6a7bf26856c244cb69f6cd7eee6ee33d3c602213cf55c0dae70a70429254c6a3e6a3d62069ba343a4a13158e4d8ce9308e08bb0ca311710f0cbd19eaa158e6e930dace260e8e89f77809c0e9263bf607da37fee030ff072fc914e0cf64f80b69d0e925c58720e7d068c5603fe509e77804b6ae1c4ce70a88879eb39aa9d4877088acdbaf3cce6f98077a9a7e3993192b799fe43ee4ef615cb3354f824e5298b474af2e50fd43b59bfab63ee2d0c3d27149abc9b72a18f7f00e718930ecd70a2371145bacf59f098fd1ccf3d759dedca60b6fd95aa4418965d31a93f204557ce73f6b691b78508eb6e2d3de62b404b3152ea32157dcb6c1d6ccc680b3d78cbf8ede833efe822adec5402939929a6aca1fabe7f3686e81cc73ccd97e8fa0b6bb799c8c338b8f0415aff312a5e7e05efe0439a04cc163f2b719c31d6b666dc7bd80c145a9339fba6bc6f4e18855431343c82e0d954d6ebb019ead07538842a13a77ccd1a12ee8323d,gx-no-cache=1680016223645 HTTP/1.1" 200 30
190.171.152.138 - - [28/Mar/2023:11:25:27 -0300] "POST /cormun/servlet/solicitudot?gx-no-cache=1680016228142 HTTP/1.1" 200 30
190.171.152.114 - - [28/Mar/2023:11:25:30 -0300] "GET /cormun/servlet/permisogoce?ee418e00b70f9e38b3e4c68aa81e33976de42f61eae1b36afe51ba0857d591c693f5f7fff78969c10c11c72a688e1a8dac4699de6ff4ed980a73d7b1e0f50f07,gx-no-cache=1680012606688 HTTP/1.1" 200 47
190.171.152.138 - - [28/Mar/2023:11:25:30 -0300] "POST /cormun/servlet/solicitudot?gx-no-cache=1680016230788 HTTP/1.1" 200 1466
190.171.152.138 - - [28/Mar/2023:11:25:30 -0300] "POST /cormun/servlet/solicitudot?gx-no-cache=1680016230977 HTTP/1.1" 200 38
190.171.152.114 - - [28/Mar/2023:11:25:48 -0300] "POST /cormun/servlet/permisogoce?baa04ce12b0400e3877e463c94217f77,INS,0,,,,gx-no-cache=1680012624642 HTTP/1.1" 200 93
190.171.152.114 - - [28/Mar/2023:11:25:48 -0300] "GET /cormun/servlet/hpexe_return? HTTP/1.1" 200 1011
190.171.152.114 - - [28/Mar/2023:11:25:49 -0300] "GET /cormun/servlet/trpermisosgoce HTTP/1.1" 200 9236
190.171.152.114 - - [28/Mar/2023:11:25:49 -0300] "GET /cormun/servlet/trpermisosgoce HTTP/1.1" 200 9231
190.171.152.114 - - [28/Mar/2023:11:25:52 -0300] "GET /cormun/servlet/apermisogoceprn?9728926,P,20230328110930,PU HTTP/1.1" 200 1660
190.171.141.106 - - [28/Mar/2023:11:25:55 -0300] "GET /cormun/servlet/hlogin HTTP/1.1" 200 1719
190.171.141.106 - - [28/Mar/2023:11:25:57 -0300] "GET /cormun/servlet/hlogin HTTP/1.1" 200 1729
190.171.141.106 - - [28/Mar/2023:11:26:00 -0300] "POST /cormun/servlet/hlogin?83a06ce28f985dd6e9192b087f91aaa4,gx-no-cache=1680012637393 HTTP/1.1" 200 90
190.171.141.106 - - [28/Mar/2023:11:26:00 -0300] "GET /cormun/servlet/hpexe_link HTTP/1.1" 200 946
190.171.152.138 - - [28/Mar/2023:11:26:01 -0300] "GET /cormun/servlet/solicitudot?af74240937ef2e96f8cfa98feec02fc09198ff5bea4050251affa5299963d867f1add06f65aa2416b7e39af0dce73e7129edfc2804f6b19203408e2678715ce3c9b8b324038cbfd8c26867bbbff5328c42ba5d68bfb64af377fa477ce3f7cdf9e84a3caaf91f7f3b2718d86e254c8334,gx-no-cache=1680016261497 HTTP/1.1" 200 110
190.171.141.106 - - [28/Mar/2023:11:26:01 -0300] "GET /cormun/servlet/hhome HTTP/1.1" 200 4090
190.171.141.106 - - [28/Mar/2023:11:26:02 -0300] "GET /cormun/servlet/hhome HTTP/1.1" 200 4089
200.54.103.162 - - [28/Mar/2023:11:26:04 -0300] "GET /cormun/servlet/trsolicitudadjuntos?2023,19833, HTTP/1.1" 200 9212
200.54.103.162 - - [28/Mar/2023:11:26:05 -0300] "GET /cormun/servlet/hlogin HTTP/1.1" 200 1761
200.54.103.162 - - [28/Mar/2023:11:26:05 -0300] "GET /cormun/servlet/trsolicitudadjuntos?2023,19833, HTTP/1.1" 200 9221
190.171.141.106 - - [28/Mar/2023:11:26:05 -0300] "GET /cormun/servlet/trsolicitudot? HTTP/1.1" 200 7319
190.171.141.106 - - [28/Mar/2023:11:26:06 -0300] "GET /cormun/servlet/trsolicitudot? HTTP/1.1" 200 7318
186.173.226.20 - - [28/Mar/2023:11:26:12 -0300] "GET /cormun/servlet/permisogoce?4d9bc24e5305c284f15a7e17ec9c5054fc90d6e88fb3a5f709212cce90bb6214778bae22f7723dece6cf5f07682ba4d6be5a0b02f3c4ae7db459d0df9b08ac09,gx-no-cache=1680012647874 HTTP/1.1" 200 180
186.173.226.20 - - [28/Mar/2023:11:26:12 -0300] "GET /cormun/static/Shared/jqueryui/images/ui-bg_highlight-soft_100_c6c2c8_1x100.png HTTP/1.1" 404 1117
186.173.226.20 - - [28/Mar/2023:11:26:12 -0300] "GET /cormun/static/Shared/jqueryui/images/ui-icons_82798d_256x240.png HTTP/1.1" 404 1089
186.173.226.20 - - [28/Mar/2023:11:26:12 -0300] "GET /cormun/static/Shared/jqueryui/images/ui-bg_flat_55_994d53_40x100.png HTTP/1.1" 404 1097
186.173.226.20 - - [28/Mar/2023:11:26:12 -0300] "GET /cormun/static/Shared/jqueryui/images/ui-icons_ebccce_256x240.png HTTP/1.1" 404 1089
190.171.141.106 - - [28/Mar/2023:11:26:15 -0300] "GET /cormun/servlet/solicitudot?INS,0,0,false, HTTP/1.1" 200 15984
190.171.141.106 - - [28/Mar/2023:11:26:17 -0300] "GET /cormun/servlet/solicitudot?INS,0,0,false, HTTP/1.1" 200 15991
186.11.46.41 - - [28/Mar/2023:11:26:18 -0300] "GET /cormun/servlet/hlogin HTTP/1.1" 200 1727
186.11.46.41 - - [28/Mar/2023:11:26:18 -0300] "GET /cormun/static/gxcfg.js?201910216285969 HTTP/1.1" 200 953
186.11.46.41 - - [28/Mar/2023:11:26:18 -0300] "GET /cormun/static/gxtimezone.js?85251 HTTP/1.1" 200 5781
186.11.46.41 - - [28/Mar/2023:11:26:18 -0300] "GET /cormun/static/Resources/Spanish/PXTools.css?2294816 HTTP/1.1" 200 100853
186.11.46.41 - - [28/Mar/2023:11:26:18 -0300] "GET /cormun/static/messages.spa.js?85251 HTTP/1.1" 200 30736
186.11.46.41 - - [28/Mar/2023:11:26:18 -0300] "GET /cormun/static/hlogin.js?201910216285995 HTTP/1.1" 200 2136
186.11.46.41 - - [28/Mar/2023:11:26:18 -0300] "GET /cormun/static/Resources/Logo2019_Grande.png HTTP/1.1" 200 31733
186.11.46.41 - - [28/Mar/2023:11:26:18 -0300] "GET /cormun/static/gxgral.js?85251 HTTP/1.1" 200 384558
186.11.46.41 - - [28/Mar/2023:11:26:18 -0300] "GET /cormun/static/Resources/PXToolsButtonRight.png HTTP/1.1" 200 1294
186.11.46.41 - - [28/Mar/2023:11:26:18 -0300] "GET /cormun/static/Resources/PXToolsLoginBackground.png HTTP/1.1" 200 1164
186.11.46.41 - - [28/Mar/2023:11:26:18 -0300] "GET /cormun/static/Resources/PXToolsLoginTop.png HTTP/1.1" 200 1337
186.11.46.41 - - [28/Mar/2023:11:26:18 -0300] "GET /cormun/static/Resources/PXToolsButtonLeft.png HTTP/1.1" 200 1310
186.11.46.41 - - [28/Mar/2023:11:26:18 -0300] "GET /cormun/static/Resources/PXToolsButtonBackground.png HTTP/1.1" 200 1176
186.11.46.41 - - [28/Mar/2023:11:26:18 -0300] "GET /cormun/static/Resources/PXToolsLoginBottom.png HTTP/1.1" 200 1389
186.11.46.41 - - [28/Mar/2023:11:26:18 -0300] "GET /cormun/servlet/hlogin HTTP/1.1" 200 1738
186.11.46.41 - - [28/Mar/2023:11:26:18 -0300] "GET /cormun/static/Resources/indicator.gif HTTP/1.1" 200 1553
186.11.46.41 - - [28/Mar/2023:11:26:19 -0300] "GET /favicon.ico HTTP/1.1" 200 21630
190.171.152.138 - - [28/Mar/2023:11:26:23 -0300] "POST /cormun/servlet/solicitudot?gx-no-cache=1680016283461 HTTP/1.1" 200 97
186.173.226.20 - - [28/Mar/2023:11:26:25 -0300] "GET /cormun/servlet/trpermisosgoce? HTTP/1.1" 200 6796
186.173.226.20 - - [28/Mar/2023:11:26:25 -0300] "GET /cormun/servlet/trpermisosgoce? HTTP/1.1" 200 6795
186.173.226.20 - - [28/Mar/2023:11:26:27 -0300] "GET /cormun/servlet/permisogoce?INS,0,,, HTTP/1.1" 200 6759
186.173.226.20 - - [28/Mar/2023:11:26:27 -0300] "GET /cormun/servlet/permisogoce?INS,0,,, HTTP/1.1" 200 6758
186.173.226.20 - - [28/Mar/2023:11:26:45 -0300] "GET /cormun/servlet/permisogoce?4d9bc24e5305c284f15a7e17ec9c5054fc90d6e88fb3a5f709212cce90bb6214778bae22f7723dece6cf5f07682ba4d6be5a0b02f3c4ae7db459d0df9b08ac09,gx-no-cache=1680012681121 HTTP/1.1" 200 180
186.173.226.20 - - [28/Mar/2023:11:26:45 -0300] "GET /cormun/static/Shared/jqueryui/images/ui-bg_highlight-soft_100_c6c2c8_1x100.png HTTP/1.1" 404 1117
186.173.226.20 - - [28/Mar/2023:11:26:45 -0300] "GET /cormun/static/Shared/jqueryui/images/ui-bg_flat_55_994d53_40x100.png HTTP/1.1" 404 1097
186.173.226.20 - - [28/Mar/2023:11:26:45 -0300] "GET /cormun/static/Shared/jqueryui/images/ui-icons_ebccce_256x240.png HTTP/1.1" 404 1089
