190.171.141.82 - - [27/Mar/2023:14:11:32 -0300] "GET /cormun/servlet/trsolicitudot HTTP/1.1" 200 25535
190.171.141.82 - - [27/Mar/2023:14:11:33 -0300] "GET /cormun/servlet/trsolicitudot HTTP/1.1" 200 25530
191.125.32.253 - - [27/Mar/2023:14:11:36 -0300] "GET /cormun/servlet/hlogin HTTP/1.1" 200 1731
190.171.141.82 - - [27/Mar/2023:14:11:36 -0300] "GET /cormun/servlet/solicitudot?INS,0,0,false, HTTP/1.1" 200 15825
190.171.141.82 - - [27/Mar/2023:14:11:37 -0300] "GET /cormun/servlet/solicitudot?INS,0,0,false, HTTP/1.1" 200 15833
191.125.32.253 - - [27/Mar/2023:14:11:43 -0300] "POST /cormun/servlet/hlogin?7a6f0f1eea39f9577b0081e78fc1c675,gx-no-cache=1679936180351 HTTP/1.1" 200 90
191.125.32.253 - - [27/Mar/2023:14:11:43 -0300] "GET /cormun/servlet/hpexe_link HTTP/1.1" 200 948
191.125.32.253 - - [27/Mar/2023:14:11:44 -0300] "GET /cormun/servlet/hhome HTTP/1.1" 200 4254
191.125.32.253 - - [27/Mar/2023:14:11:44 -0300] "GET /cormun/servlet/hhome HTTP/1.1" 200 4251
191.125.32.253 - - [27/Mar/2023:14:11:49 -0300] "GET /cormun/servlet/trcargahoraria? HTTP/1.1" 200 6652
191.125.32.253 - - [27/Mar/2023:14:11:49 -0300] "GET /cormun/static/gxcfg.js?202012113392337 HTTP/1.1" 200 953
191.125.32.253 - - [27/Mar/2023:14:11:49 -0300] "GET /cormun/static/trcargahoraria.js?202012113392783 HTTP/1.1" 200 28768
191.125.32.253 - - [27/Mar/2023:14:11:50 -0300] "GET /cormun/servlet/trcargahoraria? HTTP/1.1" 200 6652
190.171.141.82 - - [27/Mar/2023:14:11:51 -0300] "POST /cormun/servlet/solicitudot?gx-no-cache=1679936187945 HTTP/1.1" 200 4036
190.171.141.82 - - [27/Mar/2023:14:11:51 -0300] "POST /cormun/servlet/solicitudot?d6b206abcff5b70c81e4b63aba103fe9,INS,0,0,false,,gx-no-cache=1679936188158 HTTP/1.1" 200 12595
190.171.141.82 - - [27/Mar/2023:14:11:54 -0300] "GET /cormun/servlet/solicitudot?0017320dd8546ac896260c41c44b7d9b04a3f90c8a94ccfe62805a7b1f448621697e309bef1b99bec89fea750ec38301,gx-no-cache=1679936190683 HTTP/1.1" 200 30
190.171.141.138 - - [27/Mar/2023:14:11:55 -0300] "GET /cormun/servlet/hhome HTTP/1.1" 200 4476
190.171.141.138 - - [27/Mar/2023:14:11:55 -0300] "GET /cormun/servlet/hhome HTTP/1.1" 200 4472
190.171.141.82 - - [27/Mar/2023:14:12:20 -0300] "GET /cormun/servlet/prbanco?,MD,,gxPopupLevel%3D0%3B HTTP/1.1" 200 6517
190.171.141.82 - - [27/Mar/2023:14:12:22 -0300] "GET /cormun/servlet/solicitudot?0017320dd8546ac896260c41c44b7d9b0320d35dc448e0dcadd87858abac7de7ab966a2554b8e45166620bfd4d6843c0d90595292d79d32d89d738280c86cbf0,gx-no-cache=1679936219451 HTTP/1.1" 200 30
190.171.141.82 - - [27/Mar/2023:14:12:24 -0300] "GET /cormun/servlet/solicitudot?0017320dd8546ac896260c41c44b7d9b2fed9f4306a039506f7c7d62ebdd7027,gx-no-cache=1679936221202 HTTP/1.1" 200 45
190.171.141.82 - - [27/Mar/2023:14:12:33 -0300] "POST /cormun/servlet/solicitudot?gx-no-cache=1679936230022 HTTP/1.1" 200 255
190.171.141.82 - - [27/Mar/2023:14:12:33 -0300] "GET /cormun/servlet/solicitudot?0017320dd8546ac896260c41c44b7d9bd2656a98cca6e6724fba3443d2dff17fc6331192c1cc56ca2ffd60835a7af3e9aeb364a0b9cbe7f270848d1b53da00eda65d44a802bc166a379710858be037ef223b1a79e3995e150f1c18837b6289b85f63133b8812e7b9a2f37b144ca93695be056c0d9e133ca8f3807af0cccdd1dc9338eec4fb2220df97827c80bfe5be0799fa7603b9a32c06cff3dd8efc1d735470ff54ed53a117d1aa77d9f6ebbf79ea4881353fd467aaf5f02811ef956dadf3570ee1104cd89c5071f251644fcc07c8fbe2a0855d5c00eb3ba171a848337be4c5ce1aa5b28d3751f6eff885a8cf6dc507199a79713c7f80c7cd7219f4855aafe68dab18de597db3697c8ca7cca38182b2fa4b334a890a4b66b241f60ed544302422c346f3304ff44557530aa8d7a0f5103ea7481884d84e70308794b1f6400e12040b8e8e9f4ddc82c0dbbfa64f7e71cfb0425703662bc83fca3a9eff7b5f03eb518f2d6de9481c735b6360216f961c6d0b39605f524513976cdda0e787b90c,gx-no-cache=1679936230112 HTTP/1.1" 200 30
190.171.141.82 - - [27/Mar/2023:14:12:39 -0300] "POST /cormun/servlet/solicitudot?gx-no-cache=1679936235589 HTTP/1.1" 200 30
190.171.141.82 - - [27/Mar/2023:14:12:40 -0300] "POST /cormun/servlet/solicitudot?gx-no-cache=1679936237473 HTTP/1.1" 200 1467
190.171.141.82 - - [27/Mar/2023:14:12:40 -0300] "POST /cormun/servlet/solicitudot?gx-no-cache=1679936237519 HTTP/1.1" 200 38
91.92.214.214 - - [27/Mar/2023:14:13:06 -0300] "GET / HTTP/1.1" 200 11217
190.171.141.82 - - [27/Mar/2023:14:13:16 -0300] "GET /cormun/servlet/solicitudot?0017320dd8546ac896260c41c44b7d9b74750bdc6b540d8c7c07686f6a0d4bd642689370e9c309a4635f5b0e05cec57b7d0acf381c3c8c41698572a2c0d660842445579288ef0075b7704b65844ff9bb1a91b30cc770d5ccff69a801b9ef3b0fc808b41377b9aa23a9549c1ee41bd24a,gx-no-cache=1679936272632 HTTP/1.1" 200 110
186.173.242.28 - - [27/Mar/2023:14:13:35 -0300] "GET /cormun/servlet/solicitudot?INS,0,0,false, HTTP/1.1" 200 15776
186.173.242.28 - - [27/Mar/2023:14:13:36 -0300] "GET /cormun/servlet/solicitudot?INS,0,0,false, HTTP/1.1" 200 15783
190.171.141.82 - - [27/Mar/2023:14:13:45 -0300] "POST /cormun/servlet/solicitudot?gx-no-cache=1679936301983 HTTP/1.1" 200 97
186.173.242.28 - - [27/Mar/2023:14:13:48 -0300] "POST /cormun/servlet/solicitudot?gx-no-cache=1679936305000 HTTP/1.1" 200 3952
186.173.242.28 - - [27/Mar/2023:14:13:48 -0300] "POST /cormun/servlet/solicitudot?a0d7e824bdac5770ca1b0973ecfead9c,INS,0,0,false,,gx-no-cache=1679936305248 HTTP/1.1" 200 12505
186.173.242.28 - - [27/Mar/2023:14:13:51 -0300] "GET /cormun/servlet/solicitudot?d25f3b7230ad2e8f8bf44a6b182f88a60f668118aba16b84cc7b0446cf55e5e2d1daf03aeec71faad763275860fd6875,gx-no-cache=1679936307834 HTTP/1.1" 200 30
190.171.141.82 - - [27/Mar/2023:14:13:57 -0300] "GET /cormun/servlet/solicitudot?0017320dd8546ac896260c41c44b7d9b3f4cab95c1dbe8af3662817d992dcaa21304cde5034c29cb8325ed46fc44bb194e21892d6d5761416965525235ddc86c5b5e9f406a17f5e117e969350f53c8ec61e6f8dbd85ab12181f3e9e60f2f311444201c66cc14dc5a7b0c78752e0c8ceb2cc71344e87aa33a9cdbc7e030f80141230b303897f4522c08eb04394a18a07c9abc3b9951bd904625899797e261067d,gx-no-cache=1679936313877 HTTP/1.1" 200 29
190.171.141.82 - - [27/Mar/2023:14:13:57 -0300] "GET /cormun/static/menuarrow.gif HTTP/1.1" 404 1015
190.171.141.82 - - [27/Mar/2023:14:14:01 -0300] "GET /cormun/servlet/solicitudot?0017320dd8546ac896260c41c44b7d9bdd9c1286ad74809265258813c38803eebefccdefbcb26f3df59ac9a3e07ab788,gx-no-cache=1679936317915 HTTP/1.1" 200 30
200.54.103.162 - - [27/Mar/2023:14:14:02 -0300] "GET /cormun/servlet/hlogin HTTP/1.1" 200 1727
200.54.103.162 - - [27/Mar/2023:14:14:02 -0300] "GET /cormun/servlet/hlogin HTTP/1.1" 200 1737
200.54.103.162 - - [27/Mar/2023:14:14:02 -0300] "GET /favicon.ico HTTP/1.1" 200 21630
200.54.103.162 - - [27/Mar/2023:14:14:07 -0300] "POST /cormun/servlet/hlogin?3879d20bd7a834f81699b8e58ab6d1dc,gx-no-cache=1679936395168 HTTP/1.1" 200 90
200.54.103.162 - - [27/Mar/2023:14:14:07 -0300] "GET /cormun/servlet/hpexe_link HTTP/1.1" 200 952
200.54.103.162 - - [27/Mar/2023:14:14:07 -0300] "GET /cormun/servlet/hhome HTTP/1.1" 200 4349
200.54.103.162 - - [27/Mar/2023:14:14:07 -0300] "GET /cormun/servlet/hhome HTTP/1.1" 200 4345
200.54.103.162 - - [27/Mar/2023:14:14:10 -0300] "GET /cormun/servlet/trsolicitudot? HTTP/1.1" 200 7573
200.54.103.162 - - [27/Mar/2023:14:14:10 -0300] "GET /cormun/servlet/trsolicitudot? HTTP/1.1" 200 7571
200.54.103.162 - - [27/Mar/2023:14:14:14 -0300] "GET /cormun/servlet/solicitudot?INS,0,0,false, HTTP/1.1" 200 16197
200.54.103.162 - - [27/Mar/2023:14:14:14 -0300] "GET /cormun/servlet/solicitudot?INS,0,0,false, HTTP/1.1" 200 16204
191.125.32.253 - - [27/Mar/2023:14:16:53 -0300] "GET /cormun/servlet/trsolicitudcuentarbd? HTTP/1.1" 200 7006
191.125.32.253 - - [27/Mar/2023:14:16:53 -0300] "GET /cormun/static/gxcfg.js?201991422574133 HTTP/1.1" 200 953
191.125.32.253 - - [27/Mar/2023:14:16:53 -0300] "GET /cormun/static/trsolicitudcuentarbd.js?201991422574613 HTTP/1.1" 200 29350
191.125.32.253 - - [27/Mar/2023:14:16:53 -0300] "GET /cormun/servlet/trsolicitudcuentarbd? HTTP/1.1" 200 7006
186.173.242.28 - - [27/Mar/2023:14:17:14 -0300] "GET /cormun/servlet/solicitudot?d25f3b7230ad2e8f8bf44a6b182f88a6fa89b0a1ce75b67653355ad2c0ba0c290f523f6f255276698938395f0f3892c0a8466793fe93b479bea6dad796093f9d1262810e09f18a5373812a07a42d42e6,gx-no-cache=1679936510856 HTTP/1.1" 200 30
186.173.242.28 - - [27/Mar/2023:14:17:15 -0300] "GET /cormun/servlet/solicitudot?d25f3b7230ad2e8f8bf44a6b182f88a6de47df55f1838c97fbcd071867d1b995,gx-no-cache=1679936512448 HTTP/1.1" 200 53
191.125.32.253 - - [27/Mar/2023:14:17:19 -0300] "GET /cormun/servlet/trcargahoraria? HTTP/1.1" 200 6655
191.125.32.253 - - [27/Mar/2023:14:17:20 -0300] "GET /cormun/servlet/trcargahoraria? HTTP/1.1" 200 6652
191.125.32.253 - - [27/Mar/2023:14:17:24 -0300] "GET /cormun/servlet/trreportecargahoraria? HTTP/1.1" 200 6828
191.125.32.253 - - [27/Mar/2023:14:17:24 -0300] "GET /cormun/static/gxcfg.js?202012113393031 HTTP/1.1" 200 953
191.125.32.253 - - [27/Mar/2023:14:17:24 -0300] "GET /cormun/static/trreportecargahoraria.js?202012113393554 HTTP/1.1" 200 29376
186.173.242.28 - - [27/Mar/2023:14:17:24 -0300] "POST /cormun/servlet/solicitudot?gx-no-cache=1679936520885 HTTP/1.1" 200 297
186.173.242.28 - - [27/Mar/2023:14:17:24 -0300] "GET /cormun/servlet/solicitudot?d25f3b7230ad2e8f8bf44a6b182f88a668e9168379e61fbbda96f8d7ebd77649e93c9d2c180cd87f0aa03bd4b946103973c5bc0cbd5d81f01f5b023734ffe09898a6f6e73d34b455efacfd8c3ba84d042a487b31d0ecc7068278a36951e0731e7b78525b292e36dfeeb07b74bb8956e053f690c5268f2c6c912ff8bc9596ecf31bd31aec6b3bbfb56413747bcd6a1b956e972dd6e544cf95e42e45e8d3543986bd91ae6b1f213e73bdefa43efa103016fd0658e6b14d48e7b7febf7f79fbc0a9dc20e0c9f25a752f84be5ff186aa33f2c73019d8450b01b0bbdef65cec87343d0c7b8c279280f8ad24561212b958cfeda56e52e43b1f2fff58d9e1636b5bd80b5aeb19795dd10eaba822ea351872a077035b2c17b6d5b7583b00d2875e4ee221b135a73458735c954f11e4d540bc039e6c95b346bd24dbb0e98547516a8466e86a13ffc8fbe7a3a92cb5004e59051faafe7c1012da063226ec59744f1c919e8a80f875a93a61adadd0242e65cac438ca7ac8bae1f9aa74653a70cdf1ad4cd9154d0f4a579b15d0a1ea9ae6dd54f4eb2d,gx-no-cache=1679936520997 HTTP/1.1" 200 30
191.125.32.253 - - [27/Mar/2023:14:17:24 -0300] "GET /cormun/servlet/trreportecargahoraria? HTTP/1.1" 200 6828
186.173.242.28 - - [27/Mar/2023:14:17:26 -0300] "POST /cormun/servlet/solicitudot?gx-no-cache=1679936522903 HTTP/1.1" 200 30
186.173.242.28 - - [27/Mar/2023:14:17:27 -0300] "POST /cormun/servlet/solicitudot?gx-no-cache=1679936523760 HTTP/1.1" 200 1468
186.173.242.28 - - [27/Mar/2023:14:17:27 -0300] "POST /cormun/servlet/solicitudot?gx-no-cache=1679936523996 HTTP/1.1" 200 38
191.125.32.253 - - [27/Mar/2023:14:17:34 -0300] "GET /cormun/servlet/trcontratosolicitud? HTTP/1.1" 200 12770
191.125.32.253 - - [27/Mar/2023:14:17:34 -0300] "GET /cormun/static/gxcfg.js?20199142011887 HTTP/1.1" 200 953
191.125.32.253 - - [27/Mar/2023:14:17:34 -0300] "GET /cormun/static/trcontratosolicitud.js?201991420111348 HTTP/1.1" 200 28237
191.125.32.253 - - [27/Mar/2023:14:17:34 -0300] "GET /cormun/static/Resources/Spanish/PXTools.css?19172979 HTTP/1.1" 200 100853
191.125.32.253 - - [27/Mar/2023:14:17:34 -0300] "GET /cormun//static/Resources/PXToolsGridNew.png HTTP/1.1" 200 427
191.125.32.253 - - [27/Mar/2023:14:17:35 -0300] "GET /cormun/servlet/trcontratosolicitud? HTTP/1.1" 200 12746
191.125.32.253 - - [27/Mar/2023:14:17:46 -0300] "GET /cormun/servlet/trvisualizadoreventos? HTTP/1.1" 200 7025
191.125.32.253 - - [27/Mar/2023:14:17:54 -0300] "GET /cormun/servlet/solicitudotcontratos?INS,2019,0,16879896,2,2,2023,3642,SUBVGENERAL,,37,B, HTTP/1.1" 200 10220
191.125.32.253 - - [27/Mar/2023:14:17:54 -0300] "GET /cormun/servlet/solicitudotcontratos?INS,2019,0,16879896,2,6,2023,3643,LEY+SEP,,4,B, HTTP/1.1" 200 10226
191.125.32.253 - - [27/Mar/2023:14:17:54 -0300] "GET /cormun/static/gxcfg.js?20201215314017 HTTP/1.1" 200 953
191.125.32.253 - - [27/Mar/2023:14:17:54 -0300] "GET /cormun/static/solicitudotcontratos.js?20201215314661 HTTP/1.1" 200 43203
191.125.32.253 - - [27/Mar/2023:14:17:54 -0300] "GET /cormun/static/Resources/prompt.gif HTTP/1.1" 200 902
191.125.32.253 - - [27/Mar/2023:14:17:55 -0300] "GET /cormun/servlet/solicitudotcontratos?INS,2019,0,16879896,2,6,2023,3643,LEY+SEP,,4,B, HTTP/1.1" 200 10260
191.125.32.253 - - [27/Mar/2023:14:17:55 -0300] "GET /cormun/servlet/solicitudotcontratos?69b3128f995bb1ba652c3c579cab36a0da819037290cfe702951854c30b9483ff2da093443c9b25344656c6e06d22be2,gx-no-cache=1679936552471 HTTP/1.1" 200 30
191.125.32.253 - - [27/Mar/2023:14:17:55 -0300] "GET /cormun/servlet/solicitudotcontratos?69b3128f995bb1ba652c3c579cab36a0673fb66a5ec7b58b109b60f4ddc14bfd1092797ae383a649f3b8115e741acf72,gx-no-cache=1679936552560 HTTP/1.1" 200 30
191.125.32.253 - - [27/Mar/2023:14:17:56 -0300] "GET /cormun/servlet/solicitudotcontratos?69b3128f995bb1ba652c3c579cab36a04ab62cf22358a7fb128fa721145c44ecd901a793db914570cf4adabd8d1745a68eb63255a8d0db3b1a21868c9881547a86388ca39d561bfb2c69668f1d9322f2837aa91545b60089f575e512971b7364c11bee3caddff8e85c26ee7df03a5f6b5f780fd14cafe8eb3601af3f024f43a6,gx-no-cache=1679936552637 HTTP/1.1" 200 50
191.125.32.253 - - [27/Mar/2023:14:17:56 -0300] "GET /cormun/servlet/solicitudotcontratos?69b3128f995bb1ba652c3c579cab36a049b470865621a730e188cca6abd618f437980df96805c3b75d9a2503376b9a1e,gx-no-cache=1679936552721 HTTP/1.1" 200 30
191.125.32.253 - - [27/Mar/2023:14:17:56 -0300] "GET /cormun/servlet/solicitudotcontratos?69b3128f995bb1ba652c3c579cab36a0ec476a1f5ed8e745c912fe355891254c620496a305797e4d89718e2fea1c3daaada0532018b6607e64f5cbef335b186e1df23daf1e72f5c2cf1509c1f1796dad25583962f646907482e1da3e596bc6609169e51bfc9dec542644b9cf7c8bb0ef,gx-no-cache=1679936552771 HTTP/1.1" 200 30
191.125.32.253 - - [27/Mar/2023:14:17:56 -0300] "GET /cormun/servlet/solicitudotcontratos?69b3128f995bb1ba652c3c579cab36a0941557f3b4a89ba8f0e58826ab779a53331022a9774ff0b1040ecc0273af3a52ada0532018b6607e64f5cbef335b186ee9f057fb343dec9d39cc1881c371a5718427bb109304830f5848fb7828ee6911bec6ae1af79b2f613dfb0d1d78d22eb2,gx-no-cache=1679936552836 HTTP/1.1" 200 110
191.125.32.253 - - [27/Mar/2023:14:17:56 -0300] "POST /cormun/servlet/solicitudotcontratos?gx-no-cache=1679936552925 HTTP/1.1" 200 109
191.125.32.253 - - [27/Mar/2023:14:17:56 -0300] "GET /cormun/servlet/solicitudotcontratos?69b3128f995bb1ba652c3c579cab36a0c0ea7c7f255bd72cfb8c25626747dcb969136e52d9cdc64167530ab8556ea384db631a9bafe5aff9373ceff9be104ec2ada0532018b6607e64f5cbef335b186ed795c1f2e1d3908fa6bfade235f8912cf60058183833757f6fcc23af2858bf3124666646f8990c52bf4e82c5e0972b68db631a9bafe5aff9373ceff9be104ec2daf9ef01cbf98f60a0b320233cde2ce543043f4f16d1af0bccb4de1bafe1391450e6493b07d3fd2cf5deb2ff4e3482139811e64feebe6ed7db24f4b8d0da0dc7507fb26ea922da8e4a61e3a9663337d770fcb3e74de2028359828115cf59d834cbc345afb03fd376a658e6433fe84e83,gx-no-cache=1679936553047 HTTP/1.1" 200 80
190.171.141.82 - - [27/Mar/2023:14:18:12 -0300] "POST /cormun/servlet/solicitudot?gx-no-cache=1679936569284 HTTP/1.1" 200 30
186.173.242.28 - - [27/Mar/2023:14:18:26 -0300] "GET /cormun/servlet/solicitudot?d25f3b7230ad2e8f8bf44a6b182f88a6f81b153e768dbad4fa56b8be1f911bdd389859dce5a53252238dca7c89158260177edab492d6ae0cd5ec0b63519f8d17961045b281ced1235ca7c27ddbf50e8a91039376c58a9650c29b831782a8e14c6025a543a4eef944857f70ab90777966,gx-no-cache=1679936583367 HTTP/1.1" 200 110
186.173.242.28 - - [27/Mar/2023:14:18:27 -0300] "POST /cormun/servlet/solicitudot?gx-no-cache=1679936583517 HTTP/1.1" 200 97
186.173.242.28 - - [27/Mar/2023:14:18:30 -0300] "GET /cormun/servlet/solicitudot?d25f3b7230ad2e8f8bf44a6b182f88a6f92f7f5fa1d62a002bffc5fde3e355a2ed76103b190e5e45fe966ae1bc30aa53a71e8130c479d08842b67e24293fe9d839970440ae0e8749061c4abf12db3414c90f1bed8ab5c1679a14ef2ed5229d80564973032f1d6fbef469b6e48acd0c84,gx-no-cache=1679936586799 HTTP/1.1" 200 29
186.173.242.28 - - [27/Mar/2023:14:18:30 -0300] "GET /cormun/static/menuarrow.gif HTTP/1.1" 404 1015
186.173.242.28 - - [27/Mar/2023:14:18:36 -0300] "GET /cormun/servlet/solicitudot?d25f3b7230ad2e8f8bf44a6b182f88a6e27a982f0ffddd5fe22b944ecd0d7e4733060445d95b0852943340f11364cb81,gx-no-cache=1679936593046 HTTP/1.1" 200 30
186.173.242.28 - - [27/Mar/2023:14:18:43 -0300] "POST /cormun/servlet/solicitudot?gx-no-cache=1679936599847 HTTP/1.1" 200 30
191.125.32.253 - - [27/Mar/2023:14:18:46 -0300] "POST /cormun/servlet/solicitudotcontratos?gx-no-cache=1679936603388 HTTP/1.1" 200 105
186.173.242.28 - - [27/Mar/2023:14:18:48 -0300] "POST /cormun/servlet/solicitudot?a0d7e824bdac5770ca1b0973ecfead9c,INS,0,0,false,,gx-no-cache=1679936599909 HTTP/1.1" 200 93
186.173.242.28 - - [27/Mar/2023:14:18:48 -0300] "GET /cormun/servlet/hpexe_return? HTTP/1.1" 200 1014
186.173.242.28 - - [27/Mar/2023:14:18:49 -0300] "GET /cormun/servlet/trsolicitudot? HTTP/1.1" 200 8520
186.173.242.28 - - [27/Mar/2023:14:18:49 -0300] "GET /cormun/servlet/trsolicitudot? HTTP/1.1" 200 8516
190.171.141.82 - - [27/Mar/2023:14:18:53 -0300] "POST /cormun/servlet/solicitudot?d6b206abcff5b70c81e4b63aba103fe9,INS,0,0,false,,gx-no-cache=1679936600168 HTTP/1.1" 200 93
190.171.141.82 - - [27/Mar/2023:14:18:53 -0300] "GET /cormun/servlet/hpexe_return? HTTP/1.1" 200 1009
190.171.141.82 - - [27/Mar/2023:14:18:54 -0300] "GET /cormun/servlet/trsolicitudot HTTP/1.1" 200 25347
190.171.141.82 - - [27/Mar/2023:14:18:55 -0300] "GET /cormun/servlet/trsolicitudot HTTP/1.1" 200 25342
186.173.242.28 - - [27/Mar/2023:14:18:58 -0300] "POST /cormun/servlet/trsolicitudot?a0d7e824bdac5770ca1b0973ecfead9c,,gx-no-cache=1679936614491 HTTP/1.1" 200 106
186.173.242.28 - - [27/Mar/2023:14:18:58 -0300] "GET /cormun/servlet/trsolicitudadjuntos?2023,19829, HTTP/1.1" 200 6016
186.173.242.28 - - [27/Mar/2023:14:18:58 -0300] "GET /cormun/servlet/trsolicitudadjuntos?2023,19829, HTTP/1.1" 200 6016
190.171.141.82 - - [27/Mar/2023:14:18:59 -0300] "GET /cormun/servlet/solicitudot?INS,0,0,false, HTTP/1.1" 200 15824
190.171.141.82 - - [27/Mar/2023:14:19:00 -0300] "GET /cormun/servlet/solicitudot?INS,0,0,false, HTTP/1.1" 200 15831
186.173.242.28 - - [27/Mar/2023:14:19:00 -0300] "GET /cormun/servlet/solicitudotadjuntos?INS,2023,19829,,1, HTTP/1.1" 200 5959
186.173.242.28 - - [27/Mar/2023:14:19:00 -0300] "GET /cormun/static/about:blank HTTP/1.1" 404 1011
186.173.242.28 - - [27/Mar/2023:14:19:00 -0300] "GET /cormun/servlet/solicitudotadjuntos?INS,2023,19829,,1, HTTP/1.1" 200 5952
186.173.242.28 - - [27/Mar/2023:14:19:01 -0300] "GET /cormun/servlet/solicitudotadjuntos?d25f3b7230ad2e8f8bf44a6b182f88a62d242ecce6f643e6b11f8c445aaafed84b4148ed69ee5e148fed9d0830329323,gx-no-cache=1679936617688 HTTP/1.1" 200 30
186.173.242.28 - - [27/Mar/2023:14:19:01 -0300] "POST /cormun/servlet/solicitudotadjuntos?a0d7e824bdac5770ca1b0973ecfead9c,INS,2023,19829,,1,,gx-no-cache=1679936617746 HTTP/1.1" 200 3876
190.171.141.82 - - [27/Mar/2023:14:19:11 -0300] "POST /cormun/servlet/solicitudot?gx-no-cache=1679936628188 HTTP/1.1" 200 4036
190.171.141.82 - - [27/Mar/2023:14:19:11 -0300] "POST /cormun/servlet/solicitudot?d6b206abcff5b70c81e4b63aba103fe9,INS,0,0,false,,gx-no-cache=1679936628398 HTTP/1.1" 200 12596
190.171.141.82 - - [27/Mar/2023:14:19:14 -0300] "GET /cormun/servlet/solicitudot?0017320dd8546ac896260c41c44b7d9b04a3f90c8a94ccfe62805a7b1f448621697e309bef1b99bec89fea750ec38301,gx-no-cache=1679936631107 HTTP/1.1" 200 30
190.171.141.82 - - [27/Mar/2023:14:19:28 -0300] "GET /cormun/servlet/prbanco?,MD,,gxPopupLevel%3D0%3B HTTP/1.1" 200 6517
186.173.242.28 - - [27/Mar/2023:14:19:29 -0300] "POST /cormun/servlet/solicitudotadjuntos?gx-no-cache=1679936645593 HTTP/1.1" 200 26
190.171.141.82 - - [27/Mar/2023:14:19:31 -0300] "GET /cormun/servlet/solicitudot?0017320dd8546ac896260c41c44b7d9b0320d35dc448e0dcadd87858abac7de7ab966a2554b8e45166620bfd4d6843c0d90595292d79d32d89d738280c86cbf0,gx-no-cache=1679936647602 HTTP/1.1" 200 30
190.171.141.82 - - [27/Mar/2023:14:19:32 -0300] "GET /cormun/servlet/solicitudot?0017320dd8546ac896260c41c44b7d9b2fed9f4306a039506f7c7d62ebdd7027,gx-no-cache=1679936649546 HTTP/1.1" 200 45
190.171.141.82 - - [27/Mar/2023:14:19:39 -0300] "POST /cormun/servlet/solicitudot?gx-no-cache=1679936656454 HTTP/1.1" 200 255
190.171.141.82 - - [27/Mar/2023:14:19:40 -0300] "GET /cormun/servlet/solicitudot?0017320dd8546ac896260c41c44b7d9bd2656a98cca6e6724fba3443d2dff17fc6331192c1cc56ca2ffd60835a7af3e9aeb364a0b9cbe7f270848d1b53da00eda65d44a802bc166a379710858be037ef223b1a79e3995e150f1c18837b6289b85f63133b8812e7b9a2f37b144ca93695be056c0d9e133ca8f3807af0cccdd1dc9338eec4fb2220df97827c80bfe5be0799fa7603b9a32c06cff3dd8efc1d735470ff54ed53a117d1aa77d9f6ebbf79ea4881353fd467aaf5f02811ef956dadf3570ee1104cd89c5071f251644fcc07c8fbe2a0855d5c00eb3ba171a848337be4c5ce1aa5b28d3751f6eff885a8cf6dc507199a79713c7f80c7cd7219f4855aafe68dab18de597db3697c8ca7cca38182b2fa4b334a890a4b66b241f60ed544302422c346f3304ff44557530aa8d7a0f5103ea7481884d84e70308794b1f6400e12040b8e8e9f4ddc82c0dbbfa64f7e71cfb0425703662bc83fca3a9eff7b5f03eb518f2d6de9481c735b6360216f961c6d0b39605f524513976cdda0e787b90c,gx-no-cache=1679936656558 HTTP/1.1" 200 30
190.171.141.82 - - [27/Mar/2023:14:19:42 -0300] "POST /cormun/servlet/solicitudot?gx-no-cache=1679936659276 HTTP/1.1" 200 30
190.171.141.82 - - [27/Mar/2023:14:19:44 -0300] "POST /cormun/servlet/solicitudot?gx-no-cache=1679936661209 HTTP/1.1" 200 1467
190.171.141.82 - - [27/Mar/2023:14:19:44 -0300] "POST /cormun/servlet/solicitudot?gx-no-cache=1679936661272 HTTP/1.1" 200 38
190.171.141.82 - - [27/Mar/2023:14:19:54 -0300] "GET /cormun/servlet/solicitudot?0017320dd8546ac896260c41c44b7d9b74750bdc6b540d8c7c07686f6a0d4bd642689370e9c309a4635f5b0e05cec57b7d0acf381c3c8c41698572a2c0d660842445579288ef0075b7704b65844ff9bb1a91b30cc770d5ccff69a801b9ef3b0fc808b41377b9aa23a9549c1ee41bd24a,gx-no-cache=1679936670712 HTTP/1.1" 200 110
190.171.141.82 - - [27/Mar/2023:14:20:10 -0300] "POST /cormun/servlet/solicitudot?gx-no-cache=1679936686855 HTTP/1.1" 200 72
190.171.141.82 - - [27/Mar/2023:14:20:17 -0300] "GET /cormun/servlet/solicitudot?0017320dd8546ac896260c41c44b7d9b3f4cab95c1dbe8af3662817d992dcaa21304cde5034c29cb8325ed46fc44bb194e21892d6d5761416965525235ddc86c5b5e9f406a17f5e117e969350f53c8ec61e6f8dbd85ab12181f3e9e60f2f311444201c66cc14dc5a7b0c78752e0c8ceb2cc71344e87aa33a9cdbc7e030f80141230b303897f4522c08eb04394a18a07c9abc3b9951bd904625899797e261067d,gx-no-cache=1679936694076 HTTP/1.1" 200 29
190.171.141.82 - - [27/Mar/2023:14:20:17 -0300] "GET /cormun/static/menuarrow.gif HTTP/1.1" 404 1015
190.171.141.82 - - [27/Mar/2023:14:20:20 -0300] "GET /cormun/servlet/solicitudot?0017320dd8546ac896260c41c44b7d9bdd9c1286ad74809265258813c38803eebefccdefbcb26f3df59ac9a3e07ab788,gx-no-cache=1679936697378 HTTP/1.1" 200 30
191.125.32.253 - - [27/Mar/2023:14:20:23 -0300] "GET /cormun/servlet/solicitudotcontratos?69b3128f995bb1ba652c3c579cab36a0f6982629ead7263be19377e862e33cf0a89e7ce1a9fc2146e5f7c90b7f19663169136e52d9cdc64167530ab8556ea384148f6645bdd873742c65e6dc79a7abc5641a693a83d213cd2dd26cf05a2193bcee33feb629f1a598d755c7965f800416c835b892c26c736eab27c0df6eb3976a4f7d3bec54228e78eaa9e5c7193a987ccd21105e7193b2680392b4b868c3a7d5aa3631eed4164a3c7616c7626ba6ba10e4d71d635c2f648b0f081cd40aa774025ccf893bb93c02978726c02da320fc8ab804269180f2fb89651976e3a8fee5272d05e8294a3f3f78ba0cdcfe4dfb24c0dd0ce6c3d76d204745b6870de8855c7b58cc9bb911f5d8f7ef18200ae1aa4202cff2a8fdf7b67f1752bcec898567c2b7,gx-no-cache=1679936699667 HTTP/1.1" 200 84
191.125.32.253 - - [27/Mar/2023:14:20:23 -0300] "POST /cormun/servlet/solicitudotcontratos?7a6f0f1eea39f9577b0081e78fc1c675,INS,2019,0,16879896,2,6,2023,3643,LEY+SEP,,4,B,,gx-no-cache=1679936699918 HTTP/1.1" 200 12003
191.125.32.253 - - [27/Mar/2023:14:20:23 -0300] "GET /cormun/servlet/solicitudotcontratos?69b3128f995bb1ba652c3c579cab36a0a600e60a940aa49c008630c1e47889d812f6a6bb612c1c84c7061936131dee50b10e4f1a4504c167c7d0cc7a044dad742e6c24abe47d0b0252fe5045ced2b17f60443987ca8c7011d05e8de8eda85aa6b6a080f8ae80120cbd32957b4bfdc064fe1f428a2ec987e8344dbc4bb5258990,gx-no-cache=1679936700333 HTTP/1.1" 200 30
190.171.141.82 - - [27/Mar/2023:14:20:25 -0300] "POST /cormun/servlet/solicitudot?gx-no-cache=1679936701698 HTTP/1.1" 200 30
190.171.141.82 - - [27/Mar/2023:14:20:44 -0300] "POST /cormun/servlet/solicitudot?d6b206abcff5b70c81e4b63aba103fe9,INS,0,0,false,,gx-no-cache=1679936710670 HTTP/1.1" 200 93
190.171.141.82 - - [27/Mar/2023:14:20:44 -0300] "GET /cormun/servlet/hpexe_return? HTTP/1.1" 200 1009
190.171.141.82 - - [27/Mar/2023:14:20:44 -0300] "GET /cormun/servlet/trsolicitudot HTTP/1.1" 200 25229
190.171.141.82 - - [27/Mar/2023:14:20:46 -0300] "GET /cormun/servlet/trsolicitudot HTTP/1.1" 200 25224
191.125.32.253 - - [27/Mar/2023:14:21:07 -0300] "POST /cormun/servlet/solicitudotcontratos?7a6f0f1eea39f9577b0081e78fc1c675,INS,2019,0,16879896,2,6,2023,3643,LEY+SEP,,4,B,,gx-no-cache=1679936700412 HTTP/1.1" 200 93
190.171.141.82 - - [27/Mar/2023:14:21:22 -0300] "POST /cormun/servlet/trsolicitudot?d6b206abcff5b70c81e4b63aba103fe9,gx-no-cache=1679936758673 HTTP/1.1" 200 112
190.171.141.82 - - [27/Mar/2023:14:21:22 -0300] "GET /cormun/servlet/solicitudot?UPD,2023,19832,false, HTTP/1.1" 200 16522
190.171.141.82 - - [27/Mar/2023:14:21:22 -0300] "GET /cormun/servlet/solicitudot?UPD,2023,19832,false, HTTP/1.1" 200 16533
190.171.141.82 - - [27/Mar/2023:14:21:23 -0300] "POST /cormun/servlet/solicitudot?gx-no-cache=1679936759800 HTTP/1.1" 200 4025
190.171.141.82 - - [27/Mar/2023:14:21:23 -0300] "POST /cormun/servlet/solicitudot?d6b206abcff5b70c81e4b63aba103fe9,UPD,2023,19832,false,,gx-no-cache=1679936759958 HTTP/1.1" 200 12675
190.171.141.82 - - [27/Mar/2023:14:21:23 -0300] "GET /cormun/servlet/solicitudot?0017320dd8546ac896260c41c44b7d9b04a3f90c8a94ccfe62805a7b1f44862169f9890b8d95d9ce1699337367f6be6c,gx-no-cache=1679936760125 HTTP/1.1" 200 30
190.171.141.82 - - [27/Mar/2023:14:21:23 -0300] "GET /cormun/servlet/solicitudot?0017320dd8546ac896260c41c44b7d9b0320d35dc448e0dcadd87858abac7de7ab966a2554b8e45166620bfd4d6843c0e109a957ffcd21ef0e48087826fc79ce,gx-no-cache=1679936760169 HTTP/1.1" 200 30
190.171.141.82 - - [27/Mar/2023:14:21:23 -0300] "GET /cormun/servlet/solicitudot?0017320dd8546ac896260c41c44b7d9b6151b0c7aa497211957f0fa2f25b349e7f4ea06636da7eede0bc40c7d691304b,gx-no-cache=1679936760202 HTTP/1.1" 200 45
190.171.141.82 - - [27/Mar/2023:14:21:23 -0300] "POST /cormun/servlet/solicitudot?gx-no-cache=1679936760239 HTTP/1.1" 200 254
190.171.141.82 - - [27/Mar/2023:14:21:23 -0300] "GET /cormun/servlet/solicitudot?0017320dd8546ac896260c41c44b7d9bd2656a98cca6e6724fba3443d2dff17fc6331192c1cc56ca2ffd60835a7af3e9aeb364a0b9cbe7f270848d1b53da00eda65d44a802bc166a379710858be037ef223b1a79e3995e150f1c18837b6289b85f63133b8812e7b9a2f37b144ca93695be056c0d9e133ca8f3807af0cccdd1dc9338eec4fb2220df97827c80bfe5be0799fa7603b9a32c06cff3dd8efc1d735470ff54ed53a117d1aa77d9f6ebbf79ea4881353fd467aaf5f02811ef956dadf3570ee1104cd89c5071f251644fcc07c8fbe2a0855d5c00eb3ba171a848337be4c5ce1aa5b28d3751f6eff885a8cf6dc507199a79713c7f80c7cd7219f4855aafe68dab18de597db3697c8ca7cca38182b2fa4b334a890a4b66b241f60ed544302422c346f3304ff44557530aa8d7a0f5103ea7481884d84e70308794b1f6400e12040b8e8e9f4ddc82c0dbbfa64f7e71cfb0425703662bc83fca3a9eff7b5f03eb518f2d6de9481c735b6360216f961cd398b220c468f9be67d3adc629ab7110,gx-no-cache=1679936760287 HTTP/1.1" 200 30
190.171.141.82 - - [27/Mar/2023:14:21:23 -0300] "POST /cormun/servlet/solicitudot?gx-no-cache=1679936760342 HTTP/1.1" 200 30
190.171.141.82 - - [27/Mar/2023:14:21:23 -0300] "POST /cormun/servlet/solicitudot?gx-no-cache=1679936760396 HTTP/1.1" 200 1467
190.171.141.82 - - [27/Mar/2023:14:21:23 -0300] "POST /cormun/servlet/solicitudot?gx-no-cache=1679936760451 HTTP/1.1" 200 41
191.125.32.253 - - [27/Mar/2023:14:21:40 -0300] "GET /cormun/servlet/hlogin HTTP/1.1" 200 1722
190.171.141.82 - - [27/Mar/2023:14:21:46 -0300] "GET /cormun/servlet/solicitudot?0017320dd8546ac896260c41c44b7d9b74750bdc6b540d8c7c07686f6a0d4bd642689370e9c309a4635f5b0e05cec57b7d0acf381c3c8c41698572a2c0d660842445579288ef0075b7704b65844ff9bb1a91b30cc770d5ccff69a801b9ef3b0fc808b41377b9aa23a9549c1ee41bd24a,gx-no-cache=1679936783049 HTTP/1.1" 200 110
191.125.32.253 - - [27/Mar/2023:14:21:50 -0300] "POST /cormun/servlet/hlogin?7a6f0f1eea39f9577b0081e78fc1c675,gx-no-cache=1679936787080 HTTP/1.1" 200 90
191.125.32.253 - - [27/Mar/2023:14:21:50 -0300] "GET /cormun/servlet/hpexe_link HTTP/1.1" 200 999
191.125.32.253 - - [27/Mar/2023:14:21:51 -0300] "GET /cormun/servlet/solicitudotcontratos?INS,2019,0,16879896,2,6,2023,3643,LEY+SEP,,4,B, HTTP/1.1" 200 10227
191.125.32.253 - - [27/Mar/2023:14:21:51 -0300] "GET /cormun/servlet/solicitudotcontratos?INS,2019,0,16879896,2,6,2023,3643,LEY+SEP,,4,B, HTTP/1.1" 200 10259
191.125.32.253 - - [27/Mar/2023:14:21:52 -0300] "GET /cormun/servlet/solicitudotcontratos?69b3128f995bb1ba652c3c579cab36a0da819037290cfe702951854c30b9483ff2da093443c9b25344656c6e06d22be2,gx-no-cache=1679936788674 HTTP/1.1" 200 30
191.125.32.253 - - [27/Mar/2023:14:21:52 -0300] "GET /cormun/servlet/solicitudotcontratos?69b3128f995bb1ba652c3c579cab36a0673fb66a5ec7b58b109b60f4ddc14bfd1092797ae383a649f3b8115e741acf72,gx-no-cache=1679936788733 HTTP/1.1" 200 30
191.125.32.253 - - [27/Mar/2023:14:21:52 -0300] "GET /cormun/servlet/solicitudotcontratos?69b3128f995bb1ba652c3c579cab36a04ab62cf22358a7fb128fa721145c44ecd901a793db914570cf4adabd8d1745a68eb63255a8d0db3b1a21868c9881547a86388ca39d561bfb2c69668f1d9322f2837aa91545b60089f575e512971b7364c11bee3caddff8e85c26ee7df03a5f6b5f780fd14cafe8eb3601af3f024f43a6,gx-no-cache=1679936788839 HTTP/1.1" 200 50
191.125.32.253 - - [27/Mar/2023:14:21:52 -0300] "GET /cormun/servlet/solicitudotcontratos?69b3128f995bb1ba652c3c579cab36a049b470865621a730e188cca6abd618f437980df96805c3b75d9a2503376b9a1e,gx-no-cache=1679936788912 HTTP/1.1" 200 30
191.125.32.253 - - [27/Mar/2023:14:21:52 -0300] "GET /cormun/servlet/solicitudotcontratos?69b3128f995bb1ba652c3c579cab36a0ec476a1f5ed8e745c912fe355891254c620496a305797e4d89718e2fea1c3daaada0532018b6607e64f5cbef335b186e1df23daf1e72f5c2cf1509c1f1796dad25583962f646907482e1da3e596bc6609169e51bfc9dec542644b9cf7c8bb0ef,gx-no-cache=1679936788970 HTTP/1.1" 200 30
191.125.32.253 - - [27/Mar/2023:14:21:52 -0300] "GET /cormun/servlet/solicitudotcontratos?69b3128f995bb1ba652c3c579cab36a0941557f3b4a89ba8f0e58826ab779a53331022a9774ff0b1040ecc0273af3a52ada0532018b6607e64f5cbef335b186ee9f057fb343dec9d39cc1881c371a5718427bb109304830f5848fb7828ee6911bec6ae1af79b2f613dfb0d1d78d22eb2,gx-no-cache=1679936789030 HTTP/1.1" 200 110
191.125.32.253 - - [27/Mar/2023:14:21:52 -0300] "POST /cormun/servlet/solicitudotcontratos?gx-no-cache=1679936789103 HTTP/1.1" 200 109
191.125.32.253 - - [27/Mar/2023:14:21:52 -0300] "GET /cormun/servlet/solicitudotcontratos?69b3128f995bb1ba652c3c579cab36a0c0ea7c7f255bd72cfb8c25626747dcb969136e52d9cdc64167530ab8556ea384db631a9bafe5aff9373ceff9be104ec2ada0532018b6607e64f5cbef335b186ed795c1f2e1d3908fa6bfade235f8912cf60058183833757f6fcc23af2858bf3124666646f8990c52bf4e82c5e0972b68db631a9bafe5aff9373ceff9be104ec2daf9ef01cbf98f60a0b320233cde2ce543043f4f16d1af0bccb4de1bafe1391450e6493b07d3fd2cf5deb2ff4e3482139811e64feebe6ed7db24f4b8d0da0dc7507fb26ea922da8e4a61e3a9663337d770fcb3e74de2028359828115cf59d834cbc345afb03fd376a658e6433fe84e83,gx-no-cache=1679936789177 HTTP/1.1" 200 80
191.125.32.253 - - [27/Mar/2023:14:21:54 -0300] "GET /cormun/servlet/trsolicitudot? HTTP/1.1" 200 8899
191.125.32.253 - - [27/Mar/2023:14:21:55 -0300] "GET /cormun//static/Resources/PXToolsActionView.png HTTP/1.1" 200 398
191.125.32.253 - - [27/Mar/2023:14:21:55 -0300] "GET /cormun//static/Resources/PXToolsGridUpdate.png HTTP/1.1" 200 470
191.125.32.253 - - [27/Mar/2023:14:21:55 -0300] "GET /cormun//static/Resources/PXToolsRemoveAllAction.png HTTP/1.1" 200 487
191.125.32.253 - - [27/Mar/2023:14:21:55 -0300] "GET /cormun//static/Resources/PXTools/ActionInsert.png HTTP/1.1" 200 1482
191.125.32.253 - - [27/Mar/2023:14:21:55 -0300] "GET /cormun//static/Resources/PXToolsGridDelete.png HTTP/1.1" 200 538
191.125.32.253 - - [27/Mar/2023:14:21:55 -0300] "GET /cormun/servlet/trsolicitudot? HTTP/1.1" 200 8855
190.171.141.82 - - [27/Mar/2023:14:22:25 -0300] "POST /cormun/servlet/solicitudot?gx-no-cache=1679936821695 HTTP/1.1" 200 97
190.171.141.82 - - [27/Mar/2023:14:22:43 -0300] "POST /cormun/servlet/solicitudot?gx-no-cache=1679936840436 HTTP/1.1" 200 79
191.125.32.253 - - [27/Mar/2023:14:22:46 -0300] "GET /cormun/servlet/trsolicitudot? HTTP/1.1" 200 8855
191.125.32.253 - - [27/Mar/2023:14:22:46 -0300] "GET /cormun/servlet/trsolicitudot? HTTP/1.1" 200 8855
190.171.141.82 - - [27/Mar/2023:14:22:50 -0300] "GET /cormun/servlet/solicitudot?0017320dd8546ac896260c41c44b7d9b377510df2b637511d6c5453eaeec3b538e1143bc9ba6c7a7c45f5bd4fecebf2ec13f4c1bd819b369b5de17312dcfa3bf919c1ceba3e77029868d0043c55aabebd5ab58202aa9dd55d6df49ee0e26c683c7a3c24b6aa83ab9ea94cf11178151af7c230ae4072594a2172862a5a41823a14a31e5ab167849fac523c82cf00ab931216d1523b4d13b230037bf5b40d81cbd,gx-no-cache=1679936846813 HTTP/1.1" 200 29
190.171.141.82 - - [27/Mar/2023:14:22:50 -0300] "GET /cormun/servlet/solicitudot?0017320dd8546ac896260c41c44b7d9bdd9c1286ad74809265258813c38803eebefccdefbcb26f3df59ac9a3e07ab788,gx-no-cache=1679936846877 HTTP/1.1" 200 30
190.171.141.82 - - [27/Mar/2023:14:22:50 -0300] "POST /cormun/servlet/solicitudot?gx-no-cache=1679936846921 HTTP/1.1" 200 30
190.171.141.82 - - [27/Mar/2023:14:22:52 -0300] "POST /cormun/servlet/solicitudot?d6b206abcff5b70c81e4b63aba103fe9,UPD,2023,19832,false,,gx-no-cache=1679936846963 HTTP/1.1" 200 93
190.171.141.82 - - [27/Mar/2023:14:22:53 -0300] "GET /cormun/servlet/hpexe_return? HTTP/1.1" 200 1016
190.171.141.82 - - [27/Mar/2023:14:22:53 -0300] "GET /cormun/servlet/trsolicitudot HTTP/1.1" 200 25205
190.171.141.82 - - [27/Mar/2023:14:22:54 -0300] "GET /cormun/servlet/trsolicitudot HTTP/1.1" 200 25200
190.171.141.82 - - [27/Mar/2023:14:23:00 -0300] "POST /cormun/servlet/trsolicitudot?d6b206abcff5b70c81e4b63aba103fe9,gx-no-cache=1679936856889 HTTP/1.1" 200 112
190.171.141.82 - - [27/Mar/2023:14:23:00 -0300] "GET /cormun/servlet/solicitudot?UPD,2023,19830,false, HTTP/1.1" 200 16531
190.171.141.82 - - [27/Mar/2023:14:23:01 -0300] "GET /cormun/servlet/solicitudot?UPD,2023,19830,false, HTTP/1.1" 200 16543
190.171.141.82 - - [27/Mar/2023:14:23:01 -0300] "POST /cormun/servlet/solicitudot?gx-no-cache=1679936857977 HTTP/1.1" 200 4025
190.171.141.82 - - [27/Mar/2023:14:23:01 -0300] "POST /cormun/servlet/solicitudot?d6b206abcff5b70c81e4b63aba103fe9,UPD,2023,19830,false,,gx-no-cache=1679936858135 HTTP/1.1" 200 12678
190.171.141.82 - - [27/Mar/2023:14:23:01 -0300] "GET /cormun/servlet/solicitudot?0017320dd8546ac896260c41c44b7d9b04a3f90c8a94ccfe62805a7b1f44862169f9890b8d95d9ce1699337367f6be6c,gx-no-cache=1679936858310 HTTP/1.1" 200 30
190.171.141.82 - - [27/Mar/2023:14:23:01 -0300] "GET /cormun/servlet/solicitudot?0017320dd8546ac896260c41c44b7d9b0320d35dc448e0dcadd87858abac7de7ab966a2554b8e45166620bfd4d6843c0e109a957ffcd21ef0e48087826fc79ce,gx-no-cache=1679936858354 HTTP/1.1" 200 30
190.171.141.82 - - [27/Mar/2023:14:23:01 -0300] "GET /cormun/servlet/solicitudot?0017320dd8546ac896260c41c44b7d9b6151b0c7aa497211957f0fa2f25b349e7f4ea06636da7eede0bc40c7d691304b,gx-no-cache=1679936858389 HTTP/1.1" 200 45
190.171.141.82 - - [27/Mar/2023:14:23:01 -0300] "POST /cormun/servlet/solicitudot?gx-no-cache=1679936858431 HTTP/1.1" 200 254
190.171.141.82 - - [27/Mar/2023:14:23:01 -0300] "GET /cormun/servlet/solicitudot?0017320dd8546ac896260c41c44b7d9bd2656a98cca6e6724fba3443d2dff17fc6331192c1cc56ca2ffd60835a7af3e9aeb364a0b9cbe7f270848d1b53da00eda65d44a802bc166a379710858be037ef223b1a79e3995e150f1c18837b6289b85f63133b8812e7b9a2f37b144ca93695be056c0d9e133ca8f3807af0cccdd1dc9338eec4fb2220df97827c80bfe5be0799fa7603b9a32c06cff3dd8efc1d735470ff54ed53a117d1aa77d9f6ebbf79ea4881353fd467aaf5f02811ef956dadf3570ee1104cd89c5071f251644fcc07c8fbe2a0855d5c00eb3ba171a848337be4c5ce1aa5b28d3751f6eff885a8cf6dc507199a79713c7f80c7cd7219f4855aafe68dab18de597db3697c8ca7cca38182b2fa4b334a890a4b66b241f60ed544302422c346f3304ff44557530aa8d7a0f5103ea7481884d84e70308794b1f6400e12040b8e8e9f4ddc82c0dbbfa64f7e71cfb0425703662bc83fca3a9eff7b5f03eb518f2d6de9481c735b6360216f961cd398b220c468f9be67d3adc629ab7110,gx-no-cache=1679936858481 HTTP/1.1" 200 30
190.171.141.82 - - [27/Mar/2023:14:23:01 -0300] "POST /cormun/servlet/solicitudot?gx-no-cache=1679936858530 HTTP/1.1" 200 30
190.171.141.82 - - [27/Mar/2023:14:23:02 -0300] "POST /cormun/servlet/solicitudot?gx-no-cache=1679936858589 HTTP/1.1" 200 1467
190.171.141.82 - - [27/Mar/2023:14:23:02 -0300] "POST /cormun/servlet/solicitudot?gx-no-cache=1679936858646 HTTP/1.1" 200 41
190.171.141.82 - - [27/Mar/2023:14:23:24 -0300] "GET /cormun/servlet/solicitudot?0017320dd8546ac896260c41c44b7d9b74750bdc6b540d8c7c07686f6a0d4bd642689370e9c309a4635f5b0e05cec57b7d0acf381c3c8c41698572a2c0d660842445579288ef0075b7704b65844ff9bb1a91b30cc770d5ccff69a801b9ef3b0fc808b41377b9aa23a9549c1ee41bd24a,gx-no-cache=1679936880985 HTTP/1.1" 200 110
190.171.141.82 - - [27/Mar/2023:14:23:34 -0300] "POST /cormun/servlet/solicitudot?gx-no-cache=1679936890567 HTTP/1.1" 200 97
191.125.32.253 - - [27/Mar/2023:14:23:38 -0300] "GET /cormun/servlet/trcontratounov2? HTTP/1.1" 200 15541
191.125.32.253 - - [27/Mar/2023:14:23:38 -0300] "GET /cormun/servlet/trcontratounov2? HTTP/1.1" 200 15539
190.171.141.82 - - [27/Mar/2023:14:25:15 -0300] "GET /cormun/servlet/solicitudot?0017320dd8546ac896260c41c44b7d9b377510df2b637511d6c5453eaeec3b538e1143bc9ba6c7a7c45f5bd4fecebf2ec13f4c1bd819b369b5de17312dcfa3bf919c1ceba3e77029868d0043c55aabebd5ab58202aa9dd55d6df49ee0e26c683c7a3c24b6aa83ab9ea94cf11178151af7c230ae4072594a2172862a5a41823a14a31e5ab167849fac523c82cf00ab931216d1523b4d13b230037bf5b40d81cbd,gx-no-cache=1679936991684 HTTP/1.1" 200 29
190.171.141.82 - - [27/Mar/2023:14:25:15 -0300] "GET /cormun/servlet/solicitudot?0017320dd8546ac896260c41c44b7d9bdd9c1286ad74809265258813c38803eebefccdefbcb26f3df59ac9a3e07ab788,gx-no-cache=1679936991864 HTTP/1.1" 200 30
190.171.141.82 - - [27/Mar/2023:14:25:15 -0300] "POST /cormun/servlet/solicitudot?gx-no-cache=1679936991912 HTTP/1.1" 200 30
190.171.141.82 - - [27/Mar/2023:14:25:18 -0300] "POST /cormun/servlet/solicitudot?d6b206abcff5b70c81e4b63aba103fe9,UPD,2023,19830,false,,gx-no-cache=1679936991967 HTTP/1.1" 200 93
190.171.141.82 - - [27/Mar/2023:14:25:18 -0300] "GET /cormun/servlet/hpexe_return? HTTP/1.1" 200 1016
190.171.141.82 - - [27/Mar/2023:14:25:19 -0300] "GET /cormun/servlet/trsolicitudot HTTP/1.1" 200 25200
190.171.141.82 - - [27/Mar/2023:14:25:19 -0300] "GET /cormun/servlet/trsolicitudot HTTP/1.1" 200 25196
191.125.32.253 - - [27/Mar/2023:14:25:29 -0300] "GET /cormun/servlet/trcontratosolicitud? HTTP/1.1" 200 12744
191.125.32.253 - - [27/Mar/2023:14:25:30 -0300] "GET /cormun/servlet/trcontratosolicitud? HTTP/1.1" 200 12761
190.171.141.82 - - [27/Mar/2023:14:25:35 -0300] "POST /cormun/servlet/trsolicitudot?d6b206abcff5b70c81e4b63aba103fe9,gx-no-cache=1679937012201 HTTP/1.1" 200 112
190.171.141.82 - - [27/Mar/2023:14:25:35 -0300] "GET /cormun/servlet/solicitudot?UPD,2023,19828,false, HTTP/1.1" 200 16527
190.171.141.82 - - [27/Mar/2023:14:25:36 -0300] "GET /cormun/servlet/solicitudot?UPD,2023,19828,false, HTTP/1.1" 200 16538
190.171.141.82 - - [27/Mar/2023:14:25:36 -0300] "POST /cormun/servlet/solicitudot?gx-no-cache=1679937013365 HTTP/1.1" 200 4025
190.171.141.82 - - [27/Mar/2023:14:25:37 -0300] "POST /cormun/servlet/solicitudot?d6b206abcff5b70c81e4b63aba103fe9,UPD,2023,19828,false,,gx-no-cache=1679937013525 HTTP/1.1" 200 12672
190.171.141.82 - - [27/Mar/2023:14:25:37 -0300] "GET /cormun/servlet/solicitudot?0017320dd8546ac896260c41c44b7d9b04a3f90c8a94ccfe62805a7b1f44862169f9890b8d95d9ce1699337367f6be6c,gx-no-cache=1679937013699 HTTP/1.1" 200 30
190.171.141.82 - - [27/Mar/2023:14:25:37 -0300] "GET /cormun/servlet/solicitudot?0017320dd8546ac896260c41c44b7d9b0320d35dc448e0dcadd87858abac7de7ab966a2554b8e45166620bfd4d6843c0e109a957ffcd21ef0e48087826fc79ce,gx-no-cache=1679937013743 HTTP/1.1" 200 30
190.171.141.82 - - [27/Mar/2023:14:25:37 -0300] "GET /cormun/servlet/solicitudot?0017320dd8546ac896260c41c44b7d9b6151b0c7aa497211957f0fa2f25b349e7f4ea06636da7eede0bc40c7d691304b,gx-no-cache=1679937013780 HTTP/1.1" 200 45
190.171.141.82 - - [27/Mar/2023:14:25:37 -0300] "POST /cormun/servlet/solicitudot?gx-no-cache=1679937013820 HTTP/1.1" 200 254
190.171.141.82 - - [27/Mar/2023:14:25:37 -0300] "GET /cormun/servlet/solicitudot?0017320dd8546ac896260c41c44b7d9bd2656a98cca6e6724fba3443d2dff17fc6331192c1cc56ca2ffd60835a7af3e9aeb364a0b9cbe7f270848d1b53da00eda65d44a802bc166a379710858be037ef223b1a79e3995e150f1c18837b6289b85f63133b8812e7b9a2f37b144ca93695be056c0d9e133ca8f3807af0cccdd1dc9338eec4fb2220df97827c80bfe5be0799fa7603b9a32c06cff3dd8efc1d735470ff54ed53a117d1aa77d9f6ebbf79ea4881353fd467aaf5f02811ef956dadf3570ee1104cd89c5071f251644fcc07c8fbe2a0855d5c00eb3ba171a848337be4c5ce1aa5b28d3751f6eff885a8cf6dc507199a79713c7f80c7cd7219f4855aafe68dab18de597db3697c8ca7cca38182b2fa4b334a890a4b66b241f60ed544302422c346f3304ff44557530aa8d7a0f5103ea7481884d84e70308794b1f6400e12040b8e8e9f4ddc82c0dbbfa64f7e71cfb0425703662bc83fca3a9eff7b5f03eb518f2d6de9481c735b6360216f961cd398b220c468f9be67d3adc629ab7110,gx-no-cache=1679937013862 HTTP/1.1" 200 30
190.171.141.82 - - [27/Mar/2023:14:25:37 -0300] "POST /cormun/servlet/solicitudot?gx-no-cache=1679937013898 HTTP/1.1" 200 30
190.171.141.82 - - [27/Mar/2023:14:25:37 -0300] "POST /cormun/servlet/solicitudot?gx-no-cache=1679937013939 HTTP/1.1" 200 1472
190.171.141.82 - - [27/Mar/2023:14:25:37 -0300] "POST /cormun/servlet/solicitudot?gx-no-cache=1679937014038 HTTP/1.1" 200 41
191.125.32.253 - - [27/Mar/2023:14:25:38 -0300] "GET /cormun/servlet/trcargahoraria? HTTP/1.1" 200 6655
191.125.32.253 - - [27/Mar/2023:14:25:38 -0300] "GET /cormun/servlet/trcargahoraria? HTTP/1.1" 200 6652
191.125.32.253 - - [27/Mar/2023:14:25:49 -0300] "GET /cormun/servlet/trautorizarsolicitud? HTTP/1.1" 200 8773
191.125.32.253 - - [27/Mar/2023:14:25:49 -0300] "GET /cormun/static/gxcfg.js?201991422414522 HTTP/1.1" 200 953
191.125.32.253 - - [27/Mar/2023:14:25:49 -0300] "GET /cormun/static/trautorizarsolicitud.js?201991422415463 HTTP/1.1" 200 53910
191.125.32.253 - - [27/Mar/2023:14:25:49 -0300] "GET /cormun/servlet/trautorizarsolicitud? HTTP/1.1" 200 8773
190.171.141.82 - - [27/Mar/2023:14:25:53 -0300] "GET /cormun/servlet/solicitudot?0017320dd8546ac896260c41c44b7d9b74750bdc6b540d8c7c07686f6a0d4bd642689370e9c309a4635f5b0e05cec57b7d0acf381c3c8c41698572a2c0d660842445579288ef0075b7704b65844ff9bb1a91b30cc770d5ccff69a801b9ef3b0fc808b41377b9aa23a9549c1ee41bd24a,gx-no-cache=1679937029872 HTTP/1.1" 200 110
190.171.142.42 - - [27/Mar/2023:14:28:11 -0300] "POST /cormun/servlet/hlogin?976f1f1f2f48c6ccd7c597be4b215c4c,gx-no-cache=1679937165774 HTTP/1.1" 440 972
190.171.142.42 - - [27/Mar/2023:14:28:16 -0300] "GET /cormun/servlet/hlogin HTTP/1.1" 200 1731
190.171.142.42 - - [27/Mar/2023:14:28:23 -0300] "POST /cormun/servlet/hlogin?322e7e8be91806dffe61416ef7639195,gx-no-cache=1679937178424 HTTP/1.1" 200 90
190.171.142.42 - - [27/Mar/2023:14:28:23 -0300] "GET /cormun/servlet/hpexe_link HTTP/1.1" 200 948
190.171.142.42 - - [27/Mar/2023:14:28:23 -0300] "GET /cormun/servlet/hhome HTTP/1.1" 200 4233
190.171.142.42 - - [27/Mar/2023:14:28:23 -0300] "GET /cormun/servlet/hhome HTTP/1.1" 200 4229
190.171.142.42 - - [27/Mar/2023:14:28:31 -0300] "GET /cormun/servlet/trlicencias? HTTP/1.1" 200 12568
190.171.142.42 - - [27/Mar/2023:14:28:32 -0300] "GET /cormun/servlet/trlicencias? HTTP/1.1" 200 12566
190.171.141.82 - - [27/Mar/2023:14:36:45 -0300] "POST /cormun/servlet/solicitudot?gx-no-cache=1679937681622 HTTP/1.1" 200 97
190.171.141.82 - - [27/Mar/2023:14:36:52 -0300] "GET /cormun/servlet/solicitudot?0017320dd8546ac896260c41c44b7d9b377510df2b637511d6c5453eaeec3b538e1143bc9ba6c7a7c45f5bd4fecebf2ec13f4c1bd819b369b5de17312dcfa3bf919c1ceba3e77029868d0043c55aabebd5ab58202aa9dd55d6df49ee0e26c683c7a3c24b6aa83ab9ea94cf11178151af7c230ae4072594a2172862a5a41823a14a31e5ab167849fac523c82cf00ab931216d1523b4d13b230037bf5b40d81cbd,gx-no-cache=1679937689246 HTTP/1.1" 200 29
190.171.141.82 - - [27/Mar/2023:14:36:52 -0300] "GET /cormun/servlet/solicitudot?0017320dd8546ac896260c41c44b7d9bdd9c1286ad74809265258813c38803ee7e96118395dcd5ca2db4591ae8060814,gx-no-cache=1679937689335 HTTP/1.1" 200 30
190.171.141.82 - - [27/Mar/2023:14:36:52 -0300] "POST /cormun/servlet/solicitudot?gx-no-cache=1679937689368 HTTP/1.1" 200 30
190.171.141.82 - - [27/Mar/2023:14:36:53 -0300] "POST /cormun/servlet/solicitudot?d6b206abcff5b70c81e4b63aba103fe9,UPD,2023,19828,false,,gx-no-cache=1679937689410 HTTP/1.1" 200 93
190.171.141.82 - - [27/Mar/2023:14:36:53 -0300] "GET /cormun/servlet/hpexe_return? HTTP/1.1" 200 1016
190.171.141.82 - - [27/Mar/2023:14:36:54 -0300] "GET /cormun/servlet/trsolicitudot HTTP/1.1" 200 25149
190.171.141.82 - - [27/Mar/2023:14:36:54 -0300] "GET /cormun/servlet/trsolicitudot HTTP/1.1" 200 25145
190.171.141.82 - - [27/Mar/2023:14:37:29 -0300] "GET /cormun/servlet/trlicencias? HTTP/1.1" 200 9838
190.171.141.82 - - [27/Mar/2023:14:37:30 -0300] "GET /cormun/servlet/trlicencias? HTTP/1.1" 200 9838
190.171.141.82 - - [27/Mar/2023:14:37:41 -0300] "GET /cormun/servlet/trsolicitudot? HTTP/1.1" 200 25144
190.171.141.82 - - [27/Mar/2023:14:37:42 -0300] "GET /cormun/servlet/trsolicitudot? HTTP/1.1" 200 25145
190.171.141.82 - - [27/Mar/2023:14:37:47 -0300] "POST /cormun/servlet/trsolicitudot?d6b206abcff5b70c81e4b63aba103fe9,,gx-no-cache=1679937743337 HTTP/1.1" 200 22575
190.171.141.82 - - [27/Mar/2023:14:37:47 -0300] "GET /cormun/static/Shared/jqueryui/images/ui-bg_highlight-soft_100_c6c2c8_1x100.png HTTP/1.1" 404 1117
190.171.141.82 - - [27/Mar/2023:14:37:47 -0300] "GET /cormun/static/Shared/jqueryui/images/ui-icons_82798d_256x240.png HTTP/1.1" 404 1089
190.171.141.82 - - [27/Mar/2023:14:37:47 -0300] "GET /cormun/static/Shared/jqueryui/images/ui-icons_8d78a5_256x240.png HTTP/1.1" 404 1089
190.171.141.82 - - [27/Mar/2023:14:37:47 -0300] "GET /cormun/static/Shared/jqueryui/images/ui-bg_flat_55_fafafa_40x100.png HTTP/1.1" 404 1097
190.171.141.82 - - [27/Mar/2023:14:37:48 -0300] "POST /cormun/servlet/trsolicitudot?d6b206abcff5b70c81e4b63aba103fe9,,gx-no-cache=1679937744481 HTTP/1.1" 200 22514
190.171.141.82 - - [27/Mar/2023:14:37:51 -0300] "POST /cormun/servlet/trsolicitudot?d6b206abcff5b70c81e4b63aba103fe9,,gx-no-cache=1679937747973 HTTP/1.1" 200 22514
190.171.141.82 - - [27/Mar/2023:14:37:59 -0300] "POST /cormun/servlet/trsolicitudot?d6b206abcff5b70c81e4b63aba103fe9,,gx-no-cache=1679937755036 HTTP/1.1" 200 22514
190.171.141.82 - - [27/Mar/2023:14:38:11 -0300] "POST /cormun/servlet/trsolicitudot?d6b206abcff5b70c81e4b63aba103fe9,,gx-no-cache=1679937767919 HTTP/1.1" 200 6128
190.171.141.82 - - [27/Mar/2023:14:38:19 -0300] "POST /cormun/servlet/trsolicitudot?d6b206abcff5b70c81e4b63aba103fe9,,gx-no-cache=1679937775630 HTTP/1.1" 200 5817
190.171.141.82 - - [27/Mar/2023:14:38:19 -0300] "POST /cormun/servlet/trsolicitudot?d6b206abcff5b70c81e4b63aba103fe9,,gx-no-cache=1679937775838 HTTP/1.1" 200 5760
190.171.141.82 - - [27/Mar/2023:14:38:21 -0300] "POST /cormun/servlet/trsolicitudot?d6b206abcff5b70c81e4b63aba103fe9,,gx-no-cache=1679937778442 HTTP/1.1" 200 4579
190.171.141.82 - - [27/Mar/2023:14:38:22 -0300] "POST /cormun/servlet/trsolicitudot?d6b206abcff5b70c81e4b63aba103fe9,,gx-no-cache=1679937778612 HTTP/1.1" 200 4335
190.171.141.82 - - [27/Mar/2023:14:38:40 -0300] "GET /cormun/servlet/hlogin HTTP/1.1" 200 1744
190.171.141.82 - - [27/Mar/2023:14:38:54 -0300] "POST /cormun/servlet/hlogin?d6b206abcff5b70c81e4b63aba103fe9,gx-no-cache=1679937810570 HTTP/1.1" 200 90
190.171.141.82 - - [27/Mar/2023:14:38:54 -0300] "GET /cormun/servlet/hpexe_link HTTP/1.1" 200 952
190.171.141.82 - - [27/Mar/2023:14:38:54 -0300] "GET /cormun/servlet/hhome HTTP/1.1" 200 4318
190.171.141.82 - - [27/Mar/2023:14:38:54 -0300] "GET /cormun/servlet/hhome HTTP/1.1" 200 4314
190.171.141.82 - - [27/Mar/2023:14:38:58 -0300] "GET /cormun/servlet/trautorizarsolicitud? HTTP/1.1" 200 9467
190.171.141.82 - - [27/Mar/2023:14:38:58 -0300] "GET /cormun/static/gxcfg.js?201991422414522 HTTP/1.1" 200 953
190.171.141.82 - - [27/Mar/2023:14:38:58 -0300] "GET /cormun/static/trautorizarsolicitud.js?201991422415463 HTTP/1.1" 200 53910
190.171.141.82 - - [27/Mar/2023:14:38:58 -0300] "GET /cormun/servlet/trautorizarsolicitud? HTTP/1.1" 200 9465
191.125.32.253 - - [27/Mar/2023:14:40:12 -0300] "GET /cormun/servlet/solicitudotadjuntos?d25f3b7230ad2e8f8bf44a6b182f88a6d72b9f2847b15d7f0c4859b24ff6b917,gx-no-cache=1679937889401 HTTP/1.1" 200 30
191.125.32.253 - - [27/Mar/2023:14:40:13 -0300] "GET /cormun/servlet/solicitudotadjuntos?d25f3b7230ad2e8f8bf44a6b182f88a6d72b9f2847b15d7f0c4859b24ff6b917,gx-no-cache=1679937889542 HTTP/1.1" 200 30
191.125.32.253 - - [27/Mar/2023:14:40:13 -0300] "POST /cormun/servlet/solicitudotadjuntos?a0d7e824bdac5770ca1b0973ecfead9c,INS,2023,19829,,1, HTTP/1.1" 200 116
191.125.32.253 - - [27/Mar/2023:14:40:13 -0300] "GET /cormun/servlet/hpexe_return? HTTP/1.1" 200 1032
191.125.32.253 - - [27/Mar/2023:14:40:13 -0300] "GET /cormun/servlet/trsolicitudadjuntos?2023,19829, HTTP/1.1" 200 8934
191.125.32.253 - - [27/Mar/2023:14:40:14 -0300] "GET /cormun/servlet/trsolicitudadjuntos?2023,19829, HTTP/1.1" 200 8930
191.125.32.253 - - [27/Mar/2023:14:40:16 -0300] "GET /cormun/servlet/solicitudotadjuntos?INS,2023,19829,,1, HTTP/1.1" 200 5959
191.125.32.253 - - [27/Mar/2023:14:40:17 -0300] "GET /cormun/static/about:blank HTTP/1.1" 404 1011
191.125.32.253 - - [27/Mar/2023:14:40:17 -0300] "GET /cormun/servlet/solicitudotadjuntos?INS,2023,19829,,1, HTTP/1.1" 200 5952
191.125.32.253 - - [27/Mar/2023:14:40:17 -0300] "GET /cormun/servlet/solicitudotadjuntos?d25f3b7230ad2e8f8bf44a6b182f88a62d242ecce6f643e6b11f8c445aaafed84b4148ed69ee5e148fed9d0830329323,gx-no-cache=1679937894087 HTTP/1.1" 200 30
191.125.32.253 - - [27/Mar/2023:14:40:17 -0300] "POST /cormun/servlet/solicitudotadjuntos?a0d7e824bdac5770ca1b0973ecfead9c,INS,2023,19829,,1,,gx-no-cache=1679937894165 HTTP/1.1" 200 3877
191.125.32.253 - - [27/Mar/2023:14:40:21 -0300] "POST /cormun/servlet/solicitudotadjuntos?gx-no-cache=1679937897848 HTTP/1.1" 200 26
191.125.32.253 - - [27/Mar/2023:14:40:28 -0300] "GET /cormun/servlet/solicitudotadjuntos?d25f3b7230ad2e8f8bf44a6b182f88a6d72b9f2847b15d7f0c4859b24ff6b917,gx-no-cache=1679937904727 HTTP/1.1" 200 30
