186.173.242.28 - - [27/Mar/2023:13:49:45 -0300] "POST /cormun/servlet/trautorizarsolicitud?a0d7e824bdac5770ca1b0973ecfead9c,,gx-no-cache=1679934861822 HTTP/1.1" 200 7166
186.173.242.28 - - [27/Mar/2023:13:49:46 -0300] "POST /cormun/servlet/trautorizarsolicitud?a0d7e824bdac5770ca1b0973ecfead9c,,gx-no-cache=1679934862417 HTTP/1.1" 200 7109
186.173.242.28 - - [27/Mar/2023:13:49:47 -0300] "POST /cormun/servlet/trautorizarsolicitud?a0d7e824bdac5770ca1b0973ecfead9c,,gx-no-cache=1679934863894 HTTP/1.1" 200 6798
186.173.242.28 - - [27/Mar/2023:13:49:48 -0300] "POST /cormun/servlet/trautorizarsolicitud?a0d7e824bdac5770ca1b0973ecfead9c,,gx-no-cache=1679934864425 HTTP/1.1" 200 6742
186.173.242.28 - - [27/Mar/2023:13:49:50 -0300] "POST /cormun/servlet/trautorizarsolicitud?a0d7e824bdac5770ca1b0973ecfead9c,,gx-no-cache=1679934867318 HTTP/1.1" 200 6429
186.173.242.28 - - [27/Mar/2023:13:49:51 -0300] "POST /cormun/servlet/trautorizarsolicitud?a0d7e824bdac5770ca1b0973ecfead9c,,gx-no-cache=1679934867807 HTTP/1.1" 200 6374
186.173.242.28 - - [27/Mar/2023:13:49:54 -0300] "POST /cormun/servlet/trautorizarsolicitud?a0d7e824bdac5770ca1b0973ecfead9c,,gx-no-cache=1679934870654 HTTP/1.1" 200 6008
186.173.242.28 - - [27/Mar/2023:13:49:54 -0300] "POST /cormun/servlet/trautorizarsolicitud?a0d7e824bdac5770ca1b0973ecfead9c,,gx-no-cache=1679934871082 HTTP/1.1" 200 5953
186.173.242.28 - - [27/Mar/2023:13:49:56 -0300] "POST /cormun/servlet/trautorizarsolicitud?a0d7e824bdac5770ca1b0973ecfead9c,,gx-no-cache=1679934872758 HTTP/1.1" 200 4803
186.173.242.28 - - [27/Mar/2023:13:49:56 -0300] "POST /cormun/servlet/trautorizarsolicitud?a0d7e824bdac5770ca1b0973ecfead9c,,gx-no-cache=1679934873138 HTTP/1.1" 200 4539
186.173.242.28 - - [27/Mar/2023:13:50:51 -0300] "GET /cormun/servlet/hlogin HTTP/1.1" 200 1733
186.173.242.28 - - [27/Mar/2023:13:50:57 -0300] "POST /cormun/servlet/hlogin?a0d7e824bdac5770ca1b0973ecfead9c,gx-no-cache=1679934934184 HTTP/1.1" 200 90
186.173.242.28 - - [27/Mar/2023:13:50:57 -0300] "GET /cormun/servlet/hpexe_link HTTP/1.1" 200 957
186.173.242.28 - - [27/Mar/2023:13:50:58 -0300] "GET /cormun/servlet/hhome HTTP/1.1" 200 3905
186.173.242.28 - - [27/Mar/2023:13:50:58 -0300] "GET /cormun/servlet/hhome HTTP/1.1" 200 3902
186.173.242.28 - - [27/Mar/2023:13:51:00 -0300] "GET /cormun/servlet/trsolicitudot? HTTP/1.1" 200 7130
186.173.242.28 - - [27/Mar/2023:13:51:00 -0300] "GET /cormun/static/gxcfg.js?201991910464971 HTTP/1.1" 200 953
186.173.242.28 - - [27/Mar/2023:13:51:01 -0300] "GET /cormun/static/trsolicitudot.js?201991910465845 HTTP/1.1" 200 54041
186.173.242.28 - - [27/Mar/2023:13:51:01 -0300] "GET /cormun/static/Resources/PXToolsAddAllAction.png HTTP/1.1" 200 495
186.173.242.28 - - [27/Mar/2023:13:51:01 -0300] "GET /cormun/servlet/trsolicitudot? HTTP/1.1" 200 7129
186.173.242.28 - - [27/Mar/2023:13:52:39 -0300] "GET /cormun/servlet/solicitudot?INS,0,0,false, HTTP/1.1" 200 15777
186.173.242.28 - - [27/Mar/2023:13:52:39 -0300] "GET /cormun/static/calendar-system.css?85620 HTTP/1.1" 200 5572
186.173.242.28 - - [27/Mar/2023:13:52:39 -0300] "GET /cormun/static/gxcfg.js?20203414241232 HTTP/1.1" 200 953
186.173.242.28 - - [27/Mar/2023:13:52:39 -0300] "GET /cormun/static/Resources/prompt.gif HTTP/1.1" 200 902
186.173.242.28 - - [27/Mar/2023:13:52:39 -0300] "GET /cormun/static/solicitudot.js?20203414242792 HTTP/1.1" 200 74114
186.173.242.28 - - [27/Mar/2023:13:52:40 -0300] "GET /cormun/servlet/solicitudot?INS,0,0,false, HTTP/1.1" 200 15784
186.173.242.28 - - [27/Mar/2023:13:53:19 -0300] "POST /cormun/servlet/solicitudot?gx-no-cache=1679935075983 HTTP/1.1" 200 3943
186.173.242.28 - - [27/Mar/2023:13:53:20 -0300] "POST /cormun/servlet/solicitudot?a0d7e824bdac5770ca1b0973ecfead9c,INS,0,0,false,,gx-no-cache=1679935076303 HTTP/1.1" 200 12500
186.173.242.28 - - [27/Mar/2023:13:53:29 -0300] "POST /cormun/servlet/solicitudot?gx-no-cache=1679935085962 HTTP/1.1" 200 3946
186.173.242.28 - - [27/Mar/2023:13:53:29 -0300] "POST /cormun/servlet/solicitudot?a0d7e824bdac5770ca1b0973ecfead9c,INS,0,0,false,,gx-no-cache=1679935086114 HTTP/1.1" 200 12552
186.173.242.28 - - [27/Mar/2023:13:53:29 -0300] "GET /cormun/servlet/solicitudot?d25f3b7230ad2e8f8bf44a6b182f88a62604871d085219ae68573d1c54c68a12d1daf03aeec71faad763275860fd6875,gx-no-cache=1679935086336 HTTP/1.1" 200 30
186.173.242.28 - - [27/Mar/2023:13:56:31 -0300] "GET /cormun/servlet/solicitudot?d25f3b7230ad2e8f8bf44a6b182f88a6446e8da7b26746b06934f580f83cd3e1d33417da16daa118a3084d390ede0f17,gx-no-cache=1679935268049 HTTP/1.1" 200 30
186.173.242.28 - - [27/Mar/2023:13:56:33 -0300] "GET /cormun/servlet/solicitudot?d25f3b7230ad2e8f8bf44a6b182f88a6de47df55f1838c97fbcd071867d1b995,gx-no-cache=1679935270111 HTTP/1.1" 200 53
186.173.242.28 - - [27/Mar/2023:13:56:47 -0300] "POST /cormun/servlet/solicitudot?gx-no-cache=1679935284032 HTTP/1.1" 200 255
186.173.242.28 - - [27/Mar/2023:13:56:49 -0300] "GET /cormun/servlet/solicitudot?d25f3b7230ad2e8f8bf44a6b182f88a668e9168379e61fbbda96f8d7ebd77649e78c11db382a75b6fcc088ee39d5bafc73c5bc0cbd5d81f01f5b023734ffe09898a6f6e73d34b455efacfd8c3ba84d042a487b31d0ecc7068278a36951e0731e7b78525b292e36dfeeb07b74bb8956e053f690c5268f2c6c912ff8bc9596ecf31bd31aec6b3bbfb56413747bcd6a1b956e972dd6e544cf95e42e45e8d3543986bd91ae6b1f213e73bdefa43efa103016fd0658e6b14d48e7b7febf7f79fbc0a9dc20e0c9f25a752f84be5ff186aa33f2c73019d8450b01b0bbdef65cec87343d0c7b8c279280f8ad24561212b958cfedb0304702a44090e50d9520d720c3de005aeb19795dd10eaba822ea351872a07745b89edee89ae0c50f3e98ac071c6ca52dd782d3e6f1fff431dceaaed7dacde6ae9bf8e244abe2638d319c8b19b6d57784661feb64e9176c929992ccfa57e5d924fea34f0ca7efbc2735e1e53b14697ee7a1f1ee702d1d1f011b7af895aca002d89f0a3ebc922d058c9816f98950fd72,gx-no-cache=1679935286273 HTTP/1.1" 200 30
186.173.242.28 - - [27/Mar/2023:13:56:52 -0300] "POST /cormun/servlet/solicitudot?gx-no-cache=1679935289199 HTTP/1.1" 200 30
186.173.242.28 - - [27/Mar/2023:13:56:54 -0300] "POST /cormun/servlet/solicitudot?gx-no-cache=1679935290891 HTTP/1.1" 200 1466
186.173.242.28 - - [27/Mar/2023:13:56:54 -0300] "POST /cormun/servlet/solicitudot?gx-no-cache=1679935290995 HTTP/1.1" 200 38
192.168.10.17 - - [27/Mar/2023:13:57:39 -0300] "POST /cormun/servlet/trsolicitudgral?86d397970c7c2f595adea4576f0c557b,,gx-no-cache=1679935332691 HTTP/1.1" 440 972
192.168.10.17 - - [27/Mar/2023:13:57:40 -0300] "GET /cormun/servlet/trsolicitudgral? HTTP/1.1" 500 10
192.168.10.17 - - [27/Mar/2023:13:57:41 -0300] "GET /cormun/servlet/hlogin HTTP/1.1" 200 1729
192.168.10.17 - - [27/Mar/2023:13:57:47 -0300] "POST /cormun/servlet/hlogin?0bec5d5f42b8b390bea03f9536442ebc,gx-no-cache=1679935341510 HTTP/1.1" 200 90
192.168.10.17 - - [27/Mar/2023:13:57:47 -0300] "GET /cormun/servlet/hpexe_link HTTP/1.1" 200 956
192.168.10.17 - - [27/Mar/2023:13:57:47 -0300] "GET /cormun/servlet/hhome HTTP/1.1" 200 3798
192.168.10.17 - - [27/Mar/2023:13:57:48 -0300] "GET /cormun/servlet/hhome HTTP/1.1" 200 3795
186.173.242.28 - - [27/Mar/2023:13:57:59 -0300] "GET /cormun/servlet/solicitudot?d25f3b7230ad2e8f8bf44a6b182f88a6f81b153e768dbad4fa56b8be1f911bdd389859dce5a53252238dca7c89158260177edab492d6ae0cd5ec0b63519f8d17961045b281ced1235ca7c27ddbf50e8a91039376c58a9650c29b831782a8e14c6025a543a4eef944857f70ab90777966,gx-no-cache=1679935356285 HTTP/1.1" 200 110
186.173.242.28 - - [27/Mar/2023:13:58:45 -0300] "POST /cormun/servlet/solicitudot?gx-no-cache=1679935402209 HTTP/1.1" 200 97
186.173.242.28 - - [27/Mar/2023:13:58:54 -0300] "GET /cormun/servlet/solicitudot?d25f3b7230ad2e8f8bf44a6b182f88a6f92f7f5fa1d62a002bffc5fde3e355a2ed76103b190e5e45fe966ae1bc30aa53a71e8130c479d08842b67e24293fe9d839970440ae0e8749061c4abf12db3414c90f1bed8ab5c1679a14ef2ed5229d80564973032f1d6fbef469b6e48acd0c84,gx-no-cache=1679935410703 HTTP/1.1" 200 29
186.173.242.28 - - [27/Mar/2023:13:58:54 -0300] "GET /cormun/static/menuarrow.gif HTTP/1.1" 404 1015
190.171.141.82 - - [27/Mar/2023:13:59:18 -0300] "GET /cormun/servlet/trsolicitudot? HTTP/1.1" 200 25418
190.171.141.82 - - [27/Mar/2023:13:59:20 -0300] "GET /cormun/servlet/trsolicitudot? HTTP/1.1" 200 25418
186.173.242.28 - - [27/Mar/2023:13:59:21 -0300] "GET /cormun/servlet/solicitudot?d25f3b7230ad2e8f8bf44a6b182f88a6e75d4229803bf984120dd828f5baf59bf31c8de06e2c8bbc68684e7f59664d02,gx-no-cache=1679935438142 HTTP/1.1" 200 30
190.171.141.82 - - [27/Mar/2023:13:59:21 -0300] "GET /cormun/servlet/solicitudot?INS,0,0,false, HTTP/1.1" 200 15824
190.171.141.82 - - [27/Mar/2023:13:59:22 -0300] "GET /cormun/servlet/solicitudot?INS,0,0,false, HTTP/1.1" 200 15831
192.168.10.17 - - [27/Mar/2023:13:59:23 -0300] "GET /cormun/servlet/trsolicitudgral? HTTP/1.1" 200 28195
192.168.10.17 - - [27/Mar/2023:13:59:24 -0300] "GET /cormun/servlet/trsolicitudgral? HTTP/1.1" 200 28193
186.173.242.28 - - [27/Mar/2023:13:59:29 -0300] "POST /cormun/servlet/solicitudot?gx-no-cache=1679935446360 HTTP/1.1" 200 30
186.173.242.28 - - [27/Mar/2023:13:59:30 -0300] "POST /cormun/servlet/solicitudot?a0d7e824bdac5770ca1b0973ecfead9c,INS,0,0,false,,gx-no-cache=1679935446485 HTTP/1.1" 200 93
186.173.242.28 - - [27/Mar/2023:13:59:30 -0300] "GET /cormun/servlet/hpexe_return? HTTP/1.1" 200 1014
186.173.242.28 - - [27/Mar/2023:13:59:30 -0300] "GET /cormun/static/gxcfg.js?201991422392976 HTTP/1.1" 200 953
186.173.242.28 - - [27/Mar/2023:13:59:30 -0300] "GET /cormun/static/hpexe_return.js?201991422392984 HTTP/1.1" 200 1633
186.173.242.28 - - [27/Mar/2023:13:59:30 -0300] "GET /cormun/servlet/trsolicitudot HTTP/1.1" 200 8554
186.173.242.28 - - [27/Mar/2023:13:59:31 -0300] "GET /cormun/servlet/trsolicitudot HTTP/1.1" 200 8550
190.171.141.82 - - [27/Mar/2023:13:59:31 -0300] "POST /cormun/servlet/solicitudot?gx-no-cache=1679935448053 HTTP/1.1" 200 4036
190.171.141.82 - - [27/Mar/2023:13:59:31 -0300] "POST /cormun/servlet/solicitudot?d6b206abcff5b70c81e4b63aba103fe9,INS,0,0,false,,gx-no-cache=1679935448315 HTTP/1.1" 200 12597
186.173.242.28 - - [27/Mar/2023:13:59:33 -0300] "POST /cormun/servlet/trsolicitudot?a0d7e824bdac5770ca1b0973ecfead9c,gx-no-cache=1679935450140 HTTP/1.1" 200 107
186.173.242.28 - - [27/Mar/2023:13:59:33 -0300] "GET /cormun/servlet/trsolicitudadjuntos?2023,19827, HTTP/1.1" 200 6016
186.173.242.28 - - [27/Mar/2023:13:59:33 -0300] "GET /cormun/static/gxui/gxui-all.css?120300 HTTP/1.1" 200 2179
186.173.242.28 - - [27/Mar/2023:13:59:34 -0300] "GET /cormun/static/gxcfg.js?20201215574222 HTTP/1.1" 200 953
186.173.242.28 - - [27/Mar/2023:13:59:34 -0300] "GET /cormun/static/trsolicitudadjuntos.js?20201215574932 HTTP/1.1" 200 17922
186.173.242.28 - - [27/Mar/2023:13:59:34 -0300] "GET /cormun/static/Resources/PXToolsGridNew.png HTTP/1.1" 200 427
186.173.242.28 - - [27/Mar/2023:13:59:34 -0300] "GET /cormun/static/Shared/ext/resources/css/ext-all.css?215870 HTTP/1.1" 200 416045
186.173.242.28 - - [27/Mar/2023:13:59:34 -0300] "GET /cormun/servlet/trsolicitudadjuntos?2023,19827, HTTP/1.1" 200 6016
186.173.242.28 - - [27/Mar/2023:13:59:36 -0300] "GET /cormun/servlet/solicitudotadjuntos?INS,2023,19827,,1, HTTP/1.1" 200 5960
186.173.242.28 - - [27/Mar/2023:13:59:36 -0300] "GET /cormun/static/gxcfg.js?202012157947 HTTP/1.1" 200 953
186.173.242.28 - - [27/Mar/2023:13:59:36 -0300] "GET /cormun/static/solicitudotadjuntos.js?202012157966 HTTP/1.1" 200 11771
186.173.242.28 - - [27/Mar/2023:13:59:36 -0300] "GET /cormun/static/about:blank HTTP/1.1" 404 1011
186.173.242.28 - - [27/Mar/2023:13:59:36 -0300] "GET /cormun/servlet/solicitudotadjuntos?INS,2023,19827,,1, HTTP/1.1" 200 5953
186.173.242.28 - - [27/Mar/2023:13:59:36 -0300] "GET /cormun/servlet/solicitudotadjuntos?d25f3b7230ad2e8f8bf44a6b182f88a657b1c2b63547425170541344b30565078a8dae3d5a32e33a72d7bcef7293ce35,gx-no-cache=1679935453315 HTTP/1.1" 200 30
186.173.242.28 - - [27/Mar/2023:13:59:37 -0300] "POST /cormun/servlet/solicitudotadjuntos?a0d7e824bdac5770ca1b0973ecfead9c,INS,2023,19827,,1,,gx-no-cache=1679935453355 HTTP/1.1" 200 3906
186.173.242.28 - - [27/Mar/2023:13:59:39 -0300] "POST /cormun/servlet/solicitudotadjuntos?gx-no-cache=1679935455533 HTTP/1.1" 200 26
190.171.141.82 - - [27/Mar/2023:13:59:39 -0300] "GET /cormun/servlet/solicitudot?0017320dd8546ac896260c41c44b7d9b04a3f90c8a94ccfe62805a7b1f448621697e309bef1b99bec89fea750ec38301,gx-no-cache=1679935456537 HTTP/1.1" 200 30
190.171.141.82 - - [27/Mar/2023:13:59:40 -0300] "GET /cormun/servlet/solicitudot?0017320dd8546ac896260c41c44b7d9b7552f5f88d98191b360ac726af6b689abc778e71328ef62a51a7de925152c6fb,gx-no-cache=1679935456625 HTTP/1.1" 200 103
190.171.141.82 - - [27/Mar/2023:13:59:40 -0300] "GET /cormun/static/Shared/jqueryui/images/ui-bg_highlight-soft_100_c6c2c8_1x100.png HTTP/1.1" 404 1117
190.171.141.82 - - [27/Mar/2023:13:59:40 -0300] "GET /cormun/static/Shared/jqueryui/images/ui-icons_82798d_256x240.png HTTP/1.1" 404 1089
190.171.141.82 - - [27/Mar/2023:13:59:40 -0300] "GET /cormun/static/Shared/jqueryui/images/ui-icons_ebccce_256x240.png HTTP/1.1" 404 1089
190.171.141.82 - - [27/Mar/2023:13:59:40 -0300] "GET /cormun/static/Shared/jqueryui/images/ui-bg_flat_55_994d53_40x100.png HTTP/1.1" 404 1097
190.171.141.82 - - [27/Mar/2023:13:59:40 -0300] "GET /cormun/servlet/solicitudot?0017320dd8546ac896260c41c44b7d9b7db1efda88bf966cce333230d2f4acdf,gx-no-cache=1679935456687 HTTP/1.1" 200 51
190.171.141.82 - - [27/Mar/2023:13:59:40 -0300] "POST /cormun/servlet/solicitudot?gx-no-cache=1679935456726 HTTP/1.1" 200 255
190.171.141.82 - - [27/Mar/2023:13:59:40 -0300] "GET /cormun/servlet/solicitudot?0017320dd8546ac896260c41c44b7d9bd2656a98cca6e6724fba3443d2dff17fc6331192c1cc56ca2ffd60835a7af3e9aeb364a0b9cbe7f270848d1b53da00eda65d44a802bc166a379710858be037ef223b1a79e3995e150f1c18837b6289b85f63133b8812e7b9a2f37b144ca93695be056c0d9e133ca8f3807af0cccdd1dc9338eec4fb2220df97827c80bfe5be0799fa7603b9a32c06cff3dd8efc1d735470ff54ed53a117d1aa77d9f6ebbf79ea4881353fd467aaf5f02811ef956dadf3570ee1104cd89c5071f251644fcc07c8fbe2a0855d5c00eb3ba171a848337be4c5ce1aa5b28d3751f6eff885a8cf6dc507199a79713c7f80c7cd7219f4855aafe68dab18de597db3697c8ca7cca38182b2fa4b334a890a4b66b241f60ed544302422c346f3304ff44557530aa8d7a0f5103ea7481884d84e70308794b1f6400e12040b8e8e9f4ddc82c0dbbfa64f7e71cfb0425703662bc83fca3a9eff7b5f03eb518f2d6de9481c735b6360216f961c6d0b39605f524513976cdda0e787b90c,gx-no-cache=1679935456772 HTTP/1.1" 200 30
192.168.10.17 - - [27/Mar/2023:13:59:46 -0300] "POST /cormun/servlet/trsolicitudgral?0bec5d5f42b8b390bea03f9536442ebc,,gx-no-cache=1679935460197 HTTP/1.1" 200 7083
186.173.242.28 - - [27/Mar/2023:13:59:46 -0300] "GET /cormun/servlet/solicitudotadjuntos?d25f3b7230ad2e8f8bf44a6b182f88a6d72b9f2847b15d7f0c4859b24ff6b917,gx-no-cache=1679935463327 HTTP/1.1" 200 30
186.173.242.28 - - [27/Mar/2023:13:59:46 -0300] "GET /cormun/servlet/solicitudotadjuntos?d25f3b7230ad2e8f8bf44a6b182f88a6d72b9f2847b15d7f0c4859b24ff6b917,gx-no-cache=1679935463476 HTTP/1.1" 200 30
186.173.242.28 - - [27/Mar/2023:13:59:47 -0300] "POST /cormun/servlet/solicitudotadjuntos?a0d7e824bdac5770ca1b0973ecfead9c,INS,2023,19827,,1, HTTP/1.1" 200 116
186.173.242.28 - - [27/Mar/2023:13:59:47 -0300] "GET /cormun/servlet/hpexe_return? HTTP/1.1" 200 1033
186.173.242.28 - - [27/Mar/2023:13:59:47 -0300] "GET /cormun/servlet/trsolicitudadjuntos?2023,19827, HTTP/1.1" 200 8925
186.173.242.28 - - [27/Mar/2023:13:59:48 -0300] "GET /cormun/servlet/trsolicitudadjuntos?2023,19827, HTTP/1.1" 200 8920
186.173.242.28 - - [27/Mar/2023:13:59:49 -0300] "GET /cormun/servlet/solicitudotadjuntos?INS,2023,19827,,1, HTTP/1.1" 200 5960
186.173.242.28 - - [27/Mar/2023:13:59:50 -0300] "GET /cormun/static/about:blank HTTP/1.1" 404 1011
186.173.242.28 - - [27/Mar/2023:13:59:50 -0300] "GET /cormun/servlet/solicitudotadjuntos?INS,2023,19827,,1, HTTP/1.1" 200 5953
186.173.242.28 - - [27/Mar/2023:13:59:50 -0300] "GET /cormun/servlet/solicitudotadjuntos?d25f3b7230ad2e8f8bf44a6b182f88a657b1c2b63547425170541344b30565078a8dae3d5a32e33a72d7bcef7293ce35,gx-no-cache=1679935467057 HTTP/1.1" 200 30
186.173.242.28 - - [27/Mar/2023:13:59:50 -0300] "POST /cormun/servlet/solicitudotadjuntos?a0d7e824bdac5770ca1b0973ecfead9c,INS,2023,19827,,1,,gx-no-cache=1679935467106 HTTP/1.1" 200 3906
186.173.242.28 - - [27/Mar/2023:13:59:53 -0300] "POST /cormun/servlet/solicitudotadjuntos?gx-no-cache=1679935469928 HTTP/1.1" 200 26
186.173.242.28 - - [27/Mar/2023:13:59:59 -0300] "GET /cormun/servlet/solicitudotadjuntos?d25f3b7230ad2e8f8bf44a6b182f88a6d72b9f2847b15d7f0c4859b24ff6b917,gx-no-cache=1679935475479 HTTP/1.1" 200 30
186.173.242.28 - - [27/Mar/2023:13:59:59 -0300] "GET /cormun/servlet/solicitudotadjuntos?d25f3b7230ad2e8f8bf44a6b182f88a6d72b9f2847b15d7f0c4859b24ff6b917,gx-no-cache=1679935475691 HTTP/1.1" 200 30
186.173.242.28 - - [27/Mar/2023:13:59:59 -0300] "POST /cormun/servlet/solicitudotadjuntos?a0d7e824bdac5770ca1b0973ecfead9c,INS,2023,19827,,1, HTTP/1.1" 200 116
186.173.242.28 - - [27/Mar/2023:14:00:00 -0300] "GET /cormun/servlet/hpexe_return? HTTP/1.1" 200 1033
186.173.242.28 - - [27/Mar/2023:14:00:00 -0300] "GET /cormun/servlet/trsolicitudadjuntos?2023,19827, HTTP/1.1" 200 9180
186.173.242.28 - - [27/Mar/2023:14:00:00 -0300] "GET /cormun/servlet/trsolicitudadjuntos?2023,19827, HTTP/1.1" 200 9180
186.173.242.28 - - [27/Mar/2023:14:00:07 -0300] "GET /cormun/servlet/solicitudotadjuntos?INS,2023,19827,,1, HTTP/1.1" 200 5960
186.173.242.28 - - [27/Mar/2023:14:00:08 -0300] "GET /cormun/static/about:blank HTTP/1.1" 404 1011
186.173.242.28 - - [27/Mar/2023:14:00:08 -0300] "GET /cormun/servlet/solicitudotadjuntos?INS,2023,19827,,1, HTTP/1.1" 200 5953
186.173.242.28 - - [27/Mar/2023:14:00:08 -0300] "GET /cormun/servlet/solicitudotadjuntos?d25f3b7230ad2e8f8bf44a6b182f88a657b1c2b63547425170541344b30565078a8dae3d5a32e33a72d7bcef7293ce35,gx-no-cache=1679935485112 HTTP/1.1" 200 30
186.173.242.28 - - [27/Mar/2023:14:00:08 -0300] "POST /cormun/servlet/solicitudotadjuntos?a0d7e824bdac5770ca1b0973ecfead9c,INS,2023,19827,,1,,gx-no-cache=1679935485195 HTTP/1.1" 200 3906
186.173.242.28 - - [27/Mar/2023:14:00:11 -0300] "POST /cormun/servlet/solicitudotadjuntos?gx-no-cache=1679935487727 HTTP/1.1" 200 26
186.173.242.28 - - [27/Mar/2023:14:00:17 -0300] "GET /cormun/servlet/solicitudotadjuntos?d25f3b7230ad2e8f8bf44a6b182f88a6d72b9f2847b15d7f0c4859b24ff6b917,gx-no-cache=1679935493583 HTTP/1.1" 200 30
186.173.242.28 - - [27/Mar/2023:14:00:17 -0300] "GET /cormun/servlet/solicitudotadjuntos?d25f3b7230ad2e8f8bf44a6b182f88a6d72b9f2847b15d7f0c4859b24ff6b917,gx-no-cache=1679935493631 HTTP/1.1" 200 30
186.173.242.28 - - [27/Mar/2023:14:00:17 -0300] "POST /cormun/servlet/solicitudotadjuntos?a0d7e824bdac5770ca1b0973ecfead9c,INS,2023,19827,,1, HTTP/1.1" 200 116
186.173.242.28 - - [27/Mar/2023:14:00:17 -0300] "GET /cormun/servlet/hpexe_return? HTTP/1.1" 200 1033
186.173.242.28 - - [27/Mar/2023:14:00:17 -0300] "GET /cormun/servlet/trsolicitudadjuntos?2023,19827, HTTP/1.1" 200 9374
186.173.242.28 - - [27/Mar/2023:14:00:18 -0300] "GET /cormun/servlet/trsolicitudadjuntos?2023,19827, HTTP/1.1" 200 9373
186.173.242.28 - - [27/Mar/2023:14:00:20 -0300] "GET /cormun/servlet/solicitudotadjuntos?INS,2023,19827,,1, HTTP/1.1" 200 5960
186.173.242.28 - - [27/Mar/2023:14:00:20 -0300] "GET /cormun/static/about:blank HTTP/1.1" 404 1011
186.173.242.28 - - [27/Mar/2023:14:00:20 -0300] "GET /cormun/servlet/solicitudotadjuntos?INS,2023,19827,,1, HTTP/1.1" 200 5953
186.173.242.28 - - [27/Mar/2023:14:00:20 -0300] "GET /cormun/servlet/solicitudotadjuntos?d25f3b7230ad2e8f8bf44a6b182f88a657b1c2b63547425170541344b30565078a8dae3d5a32e33a72d7bcef7293ce35,gx-no-cache=1679935497484 HTTP/1.1" 200 30
186.173.242.28 - - [27/Mar/2023:14:00:21 -0300] "POST /cormun/servlet/solicitudotadjuntos?a0d7e824bdac5770ca1b0973ecfead9c,INS,2023,19827,,1,,gx-no-cache=1679935497526 HTTP/1.1" 200 3906
186.173.242.28 - - [27/Mar/2023:14:00:24 -0300] "POST /cormun/servlet/solicitudotadjuntos?gx-no-cache=1679935501001 HTTP/1.1" 200 26
190.171.141.82 - - [27/Mar/2023:14:00:26 -0300] "POST /cormun/servlet/solicitudot?gx-no-cache=1679935503431 HTTP/1.1" 200 30
186.173.242.28 - - [27/Mar/2023:14:00:33 -0300] "GET /cormun/servlet/solicitudotadjuntos?d25f3b7230ad2e8f8bf44a6b182f88a6d72b9f2847b15d7f0c4859b24ff6b917,gx-no-cache=1679935509855 HTTP/1.1" 200 30
186.173.242.28 - - [27/Mar/2023:14:00:33 -0300] "GET /cormun/servlet/solicitudotadjuntos?d25f3b7230ad2e8f8bf44a6b182f88a6d72b9f2847b15d7f0c4859b24ff6b917,gx-no-cache=1679935509895 HTTP/1.1" 200 30
186.173.242.28 - - [27/Mar/2023:14:00:33 -0300] "POST /cormun/servlet/solicitudotadjuntos?a0d7e824bdac5770ca1b0973ecfead9c,INS,2023,19827,,1, HTTP/1.1" 200 116
186.173.242.28 - - [27/Mar/2023:14:00:33 -0300] "GET /cormun/servlet/hpexe_return? HTTP/1.1" 200 1033
186.173.242.28 - - [27/Mar/2023:14:00:33 -0300] "GET /cormun/servlet/trsolicitudadjuntos?2023,19827, HTTP/1.1" 200 9674
186.173.242.28 - - [27/Mar/2023:14:00:34 -0300] "GET /cormun/servlet/trsolicitudadjuntos?2023,19827, HTTP/1.1" 200 9674
186.173.242.28 - - [27/Mar/2023:14:00:38 -0300] "GET /cormun/servlet/solicitudotadjuntos?INS,2023,19827,,1, HTTP/1.1" 200 5960
186.173.242.28 - - [27/Mar/2023:14:00:38 -0300] "GET /cormun/static/about:blank HTTP/1.1" 404 1011
186.173.242.28 - - [27/Mar/2023:14:00:38 -0300] "GET /cormun/servlet/solicitudotadjuntos?INS,2023,19827,,1, HTTP/1.1" 200 5953
186.173.242.28 - - [27/Mar/2023:14:00:39 -0300] "GET /cormun/servlet/solicitudotadjuntos?d25f3b7230ad2e8f8bf44a6b182f88a657b1c2b63547425170541344b30565078a8dae3d5a32e33a72d7bcef7293ce35,gx-no-cache=1679935515697 HTTP/1.1" 200 30
186.173.242.28 - - [27/Mar/2023:14:00:39 -0300] "POST /cormun/servlet/solicitudotadjuntos?a0d7e824bdac5770ca1b0973ecfead9c,INS,2023,19827,,1,,gx-no-cache=1679935515739 HTTP/1.1" 200 3906
186.173.242.28 - - [27/Mar/2023:14:00:42 -0300] "POST /cormun/servlet/solicitudotadjuntos?gx-no-cache=1679935519383 HTTP/1.1" 200 26
192.168.10.17 - - [27/Mar/2023:14:00:46 -0300] "GET /cormun/servlet/vesolicitudgral?2023,19451,, HTTP/1.1" 200 8360
192.168.10.17 - - [27/Mar/2023:14:00:46 -0300] "GET /cormun/pexe_scrolldiv.js HTTP/1.1" 404 1009
192.168.10.17 - - [27/Mar/2023:14:00:46 -0300] "GET /cormun/servlet/vesolicitudgral?2023,19451,, HTTP/1.1" 200 8359
190.171.141.82 - - [27/Mar/2023:14:00:47 -0300] "POST /cormun/servlet/solicitudot?gx-no-cache=1679935524014 HTTP/1.1" 200 30
192.168.10.17 - - [27/Mar/2023:14:00:47 -0300] "POST /cormun/servlet/vesolicitudgral?0bec5d5f42b8b390bea03f9536442ebc,2023,19451,,,gx-no-cache=1679935521297 HTTP/1.1" 200 12175
192.168.10.17 - - [27/Mar/2023:14:00:47 -0300] "GET /cormun/static/Shared/jqueryui/images/ui-icons_82798d_256x240.png HTTP/1.1" 404 1089
192.168.10.17 - - [27/Mar/2023:14:00:47 -0300] "GET /cormun/static/Shared/jqueryui/images/ui-bg_highlight-soft_100_c6c2c8_1x100.png HTTP/1.1" 404 1117
192.168.10.17 - - [27/Mar/2023:14:00:47 -0300] "GET /cormun/static/Shared/jqueryui/images/ui-bg_flat_55_fafafa_40x100.png HTTP/1.1" 404 1097
192.168.10.17 - - [27/Mar/2023:14:00:47 -0300] "GET /cormun/static/Shared/jqueryui/images/ui-icons_8d78a5_256x240.png HTTP/1.1" 404 1089
192.168.10.17 - - [27/Mar/2023:14:00:47 -0300] "POST /cormun/servlet/vesolicitudgral?0bec5d5f42b8b390bea03f9536442ebc,2023,19451,,,gx-no-cache=1679935521499 HTTP/1.1" 200 12108
186.173.242.28 - - [27/Mar/2023:14:00:48 -0300] "GET /cormun/servlet/solicitudotadjuntos?d25f3b7230ad2e8f8bf44a6b182f88a6d72b9f2847b15d7f0c4859b24ff6b917,gx-no-cache=1679935524775 HTTP/1.1" 200 30
186.173.242.28 - - [27/Mar/2023:14:00:48 -0300] "GET /cormun/servlet/solicitudotadjuntos?d25f3b7230ad2e8f8bf44a6b182f88a6d72b9f2847b15d7f0c4859b24ff6b917,gx-no-cache=1679935524850 HTTP/1.1" 200 30
186.173.242.28 - - [27/Mar/2023:14:00:48 -0300] "POST /cormun/servlet/solicitudotadjuntos?a0d7e824bdac5770ca1b0973ecfead9c,INS,2023,19827,,1, HTTP/1.1" 200 116
186.173.242.28 - - [27/Mar/2023:14:00:48 -0300] "GET /cormun/servlet/hpexe_return? HTTP/1.1" 200 1033
186.173.242.28 - - [27/Mar/2023:14:00:49 -0300] "GET /cormun/servlet/trsolicitudadjuntos?2023,19827, HTTP/1.1" 200 9979
186.173.242.28 - - [27/Mar/2023:14:00:49 -0300] "GET /cormun/servlet/trsolicitudadjuntos?2023,19827, HTTP/1.1" 200 9979
186.173.242.28 - - [27/Mar/2023:14:00:51 -0300] "GET /cormun/servlet/solicitudotadjuntos?INS,2023,19827,,1, HTTP/1.1" 200 5960
186.173.242.28 - - [27/Mar/2023:14:00:52 -0300] "GET /cormun/static/about:blank HTTP/1.1" 404 1011
186.173.242.28 - - [27/Mar/2023:14:00:52 -0300] "GET /cormun/servlet/solicitudotadjuntos?INS,2023,19827,,1, HTTP/1.1" 200 5953
186.173.242.28 - - [27/Mar/2023:14:00:52 -0300] "GET /cormun/servlet/solicitudotadjuntos?d25f3b7230ad2e8f8bf44a6b182f88a657b1c2b63547425170541344b30565078a8dae3d5a32e33a72d7bcef7293ce35,gx-no-cache=1679935529229 HTTP/1.1" 200 30
186.173.242.28 - - [27/Mar/2023:14:00:52 -0300] "POST /cormun/servlet/solicitudotadjuntos?a0d7e824bdac5770ca1b0973ecfead9c,INS,2023,19827,,1,,gx-no-cache=1679935529353 HTTP/1.1" 200 3906
186.173.242.28 - - [27/Mar/2023:14:00:55 -0300] "POST /cormun/servlet/solicitudotadjuntos?gx-no-cache=1679935531950 HTTP/1.1" 200 26
186.173.242.28 - - [27/Mar/2023:14:01:01 -0300] "GET /cormun/servlet/solicitudotadjuntos?d25f3b7230ad2e8f8bf44a6b182f88a6d72b9f2847b15d7f0c4859b24ff6b917,gx-no-cache=1679935537519 HTTP/1.1" 200 30
186.173.242.28 - - [27/Mar/2023:14:01:01 -0300] "GET /cormun/servlet/solicitudotadjuntos?d25f3b7230ad2e8f8bf44a6b182f88a6d72b9f2847b15d7f0c4859b24ff6b917,gx-no-cache=1679935537740 HTTP/1.1" 200 30
192.168.10.17 - - [27/Mar/2023:14:01:02 -0300] "POST /cormun/servlet/vesolicitudgral?0bec5d5f42b8b390bea03f9536442ebc,2023,19451,,,gx-no-cache=1679935535878 HTTP/1.1" 200 12157
186.173.242.28 - - [27/Mar/2023:14:01:02 -0300] "POST /cormun/servlet/solicitudotadjuntos?a0d7e824bdac5770ca1b0973ecfead9c,INS,2023,19827,,1, HTTP/1.1" 200 6209
186.173.242.28 - - [27/Mar/2023:14:01:02 -0300] "GET /cormun/static/Shared/jqueryui/images/ui-bg_highlight-soft_100_c6c2c8_1x100.png HTTP/1.1" 404 1117
186.173.242.28 - - [27/Mar/2023:14:01:02 -0300] "GET /cormun/static/Shared/jqueryui/images/ui-icons_82798d_256x240.png HTTP/1.1" 404 1089
186.173.242.28 - - [27/Mar/2023:14:01:02 -0300] "GET /cormun/static/Shared/jqueryui/images/ui-bg_flat_55_994d53_40x100.png HTTP/1.1" 404 1097
186.173.242.28 - - [27/Mar/2023:14:01:02 -0300] "GET /cormun/static/Shared/jqueryui/images/ui-icons_ebccce_256x240.png HTTP/1.1" 404 1089
186.173.242.28 - - [27/Mar/2023:14:01:03 -0300] "GET /cormun/PrivateTempStorage/upload_00016032.pdf HTTP/1.1" 200 673013
190.171.141.82 - - [27/Mar/2023:14:01:05 -0300] "POST /cormun/servlet/solicitudot?gx-no-cache=1679935542149 HTTP/1.1" 200 30
192.168.10.17 - - [27/Mar/2023:14:01:10 -0300] "GET /cormun/servlet/trsolicitudgral? HTTP/1.1" 200 9706
192.168.10.17 - - [27/Mar/2023:14:01:10 -0300] "GET /cormun/servlet/trsolicitudgral? HTTP/1.1" 200 9701
190.171.141.82 - - [27/Mar/2023:14:01:12 -0300] "GET /cormun/servlet/prsolicitudot?15511546,,,,,MD,,gxPopupLevel%3D0%3B HTTP/1.1" 200 5587
190.171.141.82 - - [27/Mar/2023:14:01:12 -0300] "GET /cormun/static/gxcfg.js?20201215593468 HTTP/1.1" 200 953
190.171.141.82 - - [27/Mar/2023:14:01:12 -0300] "GET /cormun/static/prsolicitudot.js?20201215593721 HTTP/1.1" 200 13680
186.173.242.28 - - [27/Mar/2023:14:01:14 -0300] "GET /cormun/servlet/trsolicitudadjuntos?2023,19827, HTTP/1.1" 200 9978
186.173.242.28 - - [27/Mar/2023:14:01:14 -0300] "GET /cormun/servlet/trsolicitudadjuntos?2023,19827, HTTP/1.1" 200 9980
186.173.242.28 - - [27/Mar/2023:14:01:19 -0300] "GET /cormun/servlet/solicitudotadjuntos?INS,2023,19827,,1, HTTP/1.1" 200 5960
186.173.242.28 - - [27/Mar/2023:14:01:19 -0300] "GET /cormun/static/about:blank HTTP/1.1" 404 1011
186.173.242.28 - - [27/Mar/2023:14:01:19 -0300] "GET /cormun/servlet/solicitudotadjuntos?INS,2023,19827,,1, HTTP/1.1" 200 5953
186.173.242.28 - - [27/Mar/2023:14:01:20 -0300] "GET /cormun/servlet/solicitudotadjuntos?d25f3b7230ad2e8f8bf44a6b182f88a657b1c2b63547425170541344b30565078a8dae3d5a32e33a72d7bcef7293ce35,gx-no-cache=1679935556768 HTTP/1.1" 200 30
186.173.242.28 - - [27/Mar/2023:14:01:20 -0300] "POST /cormun/servlet/solicitudotadjuntos?a0d7e824bdac5770ca1b0973ecfead9c,INS,2023,19827,,1,,gx-no-cache=1679935556853 HTTP/1.1" 200 3906
190.171.141.82 - - [27/Mar/2023:14:01:20 -0300] "POST /cormun/servlet/solicitudot?gx-no-cache=1679935557243 HTTP/1.1" 200 1550
190.171.141.82 - - [27/Mar/2023:14:01:20 -0300] "POST /cormun/servlet/solicitudot?gx-no-cache=1679935557330 HTTP/1.1" 200 117
190.171.141.82 - - [27/Mar/2023:14:01:20 -0300] "GET /cormun/servlet/solicitudot?0017320dd8546ac896260c41c44b7d9b74750bdc6b540d8c7c07686f6a0d4bd642689370e9c309a4635f5b0e05cec57b7d0acf381c3c8c41698572a2c0d660842445579288ef0075b7704b65844ff9bb1a91b30cc770d5ccff69a801b9ef3b0fc808b41377b9aa23a9549c1ee41bd24a,gx-no-cache=1679935557364 HTTP/1.1" 200 110
190.171.141.82 - - [27/Mar/2023:14:01:20 -0300] "POST /cormun/servlet/solicitudot?gx-no-cache=1679935557413 HTTP/1.1" 200 64
190.171.141.82 - - [27/Mar/2023:14:01:20 -0300] "GET /cormun/servlet/solicitudot?0017320dd8546ac896260c41c44b7d9b3f4cab95c1dbe8af3662817d992dcaa21304cde5034c29cb8325ed46fc44bb194e21892d6d5761416965525235ddc86c5b5e9f406a17f5e117e969350f53c8ec61e6f8dbd85ab12181f3e9e60f2f311444201c66cc14dc5a7b0c78752e0c8ceb2cc71344e87aa33a9cdbc7e030f80141230b303897f4522c08eb04394a18a07c9abc3b9951bd904625899797e261067d,gx-no-cache=1679935557469 HTTP/1.1" 200 29
190.171.141.82 - - [27/Mar/2023:14:01:20 -0300] "GET /cormun/servlet/solicitudot?0017320dd8546ac896260c41c44b7d9b4ca5b03a0884b7302271232cab3deb86,gx-no-cache=1679935557496 HTTP/1.1" 200 30
186.173.242.28 - - [27/Mar/2023:14:01:23 -0300] "POST /cormun/servlet/solicitudotadjuntos?gx-no-cache=1679935559903 HTTP/1.1" 200 26
186.173.242.28 - - [27/Mar/2023:14:01:29 -0300] "GET /cormun/servlet/solicitudotadjuntos?d25f3b7230ad2e8f8bf44a6b182f88a6d72b9f2847b15d7f0c4859b24ff6b917,gx-no-cache=1679935565743 HTTP/1.1" 200 30
186.173.242.28 - - [27/Mar/2023:14:01:29 -0300] "GET /cormun/servlet/solicitudotadjuntos?d25f3b7230ad2e8f8bf44a6b182f88a6d72b9f2847b15d7f0c4859b24ff6b917,gx-no-cache=1679935565807 HTTP/1.1" 200 30
186.173.242.28 - - [27/Mar/2023:14:01:30 -0300] "POST /cormun/servlet/solicitudotadjuntos?a0d7e824bdac5770ca1b0973ecfead9c,INS,2023,19827,,1, HTTP/1.1" 200 116
186.173.242.28 - - [27/Mar/2023:14:01:30 -0300] "GET /cormun/servlet/hpexe_return? HTTP/1.1" 200 1033
186.173.242.28 - - [27/Mar/2023:14:01:30 -0300] "GET /cormun/servlet/trsolicitudadjuntos?2023,19827, HTTP/1.1" 200 10148
186.173.242.28 - - [27/Mar/2023:14:01:31 -0300] "GET /cormun/servlet/trsolicitudadjuntos?2023,19827, HTTP/1.1" 200 10146
186.173.242.28 - - [27/Mar/2023:14:01:33 -0300] "GET /cormun/servlet/trsolicitudot? HTTP/1.1" 200 8557
186.173.242.28 - - [27/Mar/2023:14:01:33 -0300] "GET /cormun/servlet/trsolicitudot? HTTP/1.1" 200 8550
192.168.10.17 - - [27/Mar/2023:14:01:36 -0300] "GET /cormun/servlet/vesolicitudgral?2023,19824,, HTTP/1.1" 200 8367
192.168.10.17 - - [27/Mar/2023:14:01:36 -0300] "GET /cormun/pexe_scrolldiv.js HTTP/1.1" 404 1009
192.168.10.17 - - [27/Mar/2023:14:01:36 -0300] "GET /cormun/servlet/vesolicitudgral?2023,19824,, HTTP/1.1" 200 8366
186.173.242.28 - - [27/Mar/2023:14:01:36 -0300] "POST /cormun/servlet/trsolicitudot?a0d7e824bdac5770ca1b0973ecfead9c,,gx-no-cache=1679935573212 HTTP/1.1" 200 4587
186.173.242.28 - - [27/Mar/2023:14:01:37 -0300] "GET /cormun/static/Shared/jqueryui/images/ui-bg_flat_55_fafafa_40x100.png HTTP/1.1" 404 1097
186.173.242.28 - - [27/Mar/2023:14:01:37 -0300] "GET /cormun/static/Shared/jqueryui/images/ui-icons_8d78a5_256x240.png HTTP/1.1" 404 1089
186.173.242.28 - - [27/Mar/2023:14:01:37 -0300] "POST /cormun/servlet/trsolicitudot?a0d7e824bdac5770ca1b0973ecfead9c,,gx-no-cache=1679935573670 HTTP/1.1" 200 4351
190.171.141.82 - - [27/Mar/2023:14:01:59 -0300] "GET /cormun/servlet/prlicenciaspermisos?10452599,L,,MD,,gxPopupLevel%3D0%3B HTTP/1.1" 200 5741
192.168.10.17 - - [27/Mar/2023:14:02:03 -0300] "POST /cormun/servlet/vesolicitudgral?0bec5d5f42b8b390bea03f9536442ebc,2023,19824,,,gx-no-cache=1679935597528 HTTP/1.1" 200 12164
192.168.10.17 - - [27/Mar/2023:14:02:04 -0300] "GET /cormun/static/Shared/jqueryui/images/ui-bg_highlight-soft_100_c6c2c8_1x100.png HTTP/1.1" 404 1117
192.168.10.17 - - [27/Mar/2023:14:02:04 -0300] "GET /cormun/static/Shared/jqueryui/images/ui-icons_8d78a5_256x240.png HTTP/1.1" 404 1089
192.168.10.17 - - [27/Mar/2023:14:02:04 -0300] "GET /cormun/static/Shared/jqueryui/images/ui-bg_flat_55_fafafa_40x100.png HTTP/1.1" 404 1097
192.168.10.17 - - [27/Mar/2023:14:02:04 -0300] "GET /cormun/static/Shared/jqueryui/images/ui-icons_82798d_256x240.png HTTP/1.1" 404 1089
192.168.10.17 - - [27/Mar/2023:14:02:04 -0300] "POST /cormun/servlet/vesolicitudgral?0bec5d5f42b8b390bea03f9536442ebc,2023,19824,,,gx-no-cache=1679935597710 HTTP/1.1" 200 12098
190.171.141.82 - - [27/Mar/2023:14:02:05 -0300] "POST /cormun/servlet/solicitudot?gx-no-cache=1679935601651 HTTP/1.1" 200 1468
192.168.10.17 - - [27/Mar/2023:14:02:05 -0300] "GET /cormun/servlet/trautorizarot? HTTP/1.1" 200 9980
192.168.10.17 - - [27/Mar/2023:14:02:06 -0300] "GET /cormun/servlet/trautorizarot? HTTP/1.1" 200 9975
192.168.10.17 - - [27/Mar/2023:14:02:12 -0300] "POST /cormun/servlet/trautorizarot?0bec5d5f42b8b390bea03f9536442ebc,,gx-no-cache=1679935606183 HTTP/1.1" 200 5354
190.171.141.82 - - [27/Mar/2023:14:02:16 -0300] "POST /cormun/servlet/solicitudot?gx-no-cache=1679935612861 HTTP/1.1" 200 41
190.171.141.82 - - [27/Mar/2023:14:02:16 -0300] "GET /cormun/servlet/solicitudot?0017320dd8546ac896260c41c44b7d9b74750bdc6b540d8c7c07686f6a0d4bd642689370e9c309a4635f5b0e05cec57b7d0acf381c3c8c41698572a2c0d660842445579288ef0075b7704b65844ff9bb1a91b30cc770d5ccff69a801b9ef3b0fc808b41377b9aa23a9549c1ee41bd24a,gx-no-cache=1679935612898 HTTP/1.1" 200 110
190.171.141.82 - - [27/Mar/2023:14:02:16 -0300] "POST /cormun/servlet/solicitudot?gx-no-cache=1679935612920 HTTP/1.1" 200 97
190.171.141.82 - - [27/Mar/2023:14:02:18 -0300] "GET /cormun/static/menuarrow.gif HTTP/1.1" 404 1015
190.171.141.82 - - [27/Mar/2023:14:02:22 -0300] "GET /cormun/servlet/solicitudot?0017320dd8546ac896260c41c44b7d9b74750bdc6b540d8c7c07686f6a0d4bd642689370e9c309a4635f5b0e05cec57b7d0acf381c3c8c41698572a2c0d660842445579288ef0075b7704b65844ff9bb1a91b30cc770d5ccff69a801b9ef3b0fc808b41377b9aa23a9549c1ee41bd24a,gx-no-cache=1679935618818 HTTP/1.1" 200 110
190.171.141.82 - - [27/Mar/2023:14:02:46 -0300] "GET /cormun/servlet/solicitudot?0017320dd8546ac896260c41c44b7d9b74750bdc6b540d8c7c07686f6a0d4bd642689370e9c309a4635f5b0e05cec57b7d0acf381c3c8c41698572a2c0d660842445579288ef0075b7704b65844ff9bb1a91b30cc770d5ccff69a801b9ef3b0fc808b41377b9aa23a9549c1ee41bd24a,gx-no-cache=1679935642810 HTTP/1.1" 200 110
190.171.141.82 - - [27/Mar/2023:14:02:55 -0300] "GET /cormun/servlet/solicitudot?0017320dd8546ac896260c41c44b7d9bdd9c1286ad74809265258813c38803ee7e96118395dcd5ca2db4591ae8060814,gx-no-cache=1679935652020 HTTP/1.1" 200 30
190.171.141.82 - - [27/Mar/2023:14:02:55 -0300] "POST /cormun/servlet/solicitudot?gx-no-cache=1679935652057 HTTP/1.1" 200 135
192.168.10.17 - - [27/Mar/2023:14:03:35 -0300] "GET /cormun/servlet/trsolicitudgral? HTTP/1.1" 200 8296
192.168.10.17 - - [27/Mar/2023:14:03:36 -0300] "GET /cormun/servlet/trsolicitudgral? HTTP/1.1" 200 8296
190.171.141.82 - - [27/Mar/2023:14:03:40 -0300] "GET /cormun/servlet/prlicenciaspermisos?10452599,L,,MD,,gxPopupLevel%3D0%3B HTTP/1.1" 200 5741
192.168.10.17 - - [27/Mar/2023:14:03:40 -0300] "POST /cormun/servlet/trsolicitudgral?0bec5d5f42b8b390bea03f9536442ebc,,gx-no-cache=1679935693727 HTTP/1.1" 200 7087
190.171.141.82 - - [27/Mar/2023:14:04:06 -0300] "GET /cormun/servlet/solicitudot?0017320dd8546ac896260c41c44b7d9b74750bdc6b540d8c7c07686f6a0d4bd642689370e9c309a4635f5b0e05cec57b7d0acf381c3c8c41698572a2c0d660842445579288ef0075b7704b65844ff9bb1a91b30cc770d5ccff69a801b9ef3b0fc808b41377b9aa23a9549c1ee41bd24a,gx-no-cache=1679935722974 HTTP/1.1" 200 110
190.171.141.82 - - [27/Mar/2023:14:04:06 -0300] "POST /cormun/servlet/solicitudot?gx-no-cache=1679935723049 HTTP/1.1" 200 135
190.171.141.82 - - [27/Mar/2023:14:04:06 -0300] "POST /cormun/servlet/solicitudot?d6b206abcff5b70c81e4b63aba103fe9,INS,0,0,false,,gx-no-cache=1679935723143 HTTP/1.1" 200 13045
192.168.10.17 - - [27/Mar/2023:14:04:07 -0300] "GET /cormun/servlet/vesolicitudgral?2023,19824,, HTTP/1.1" 200 8370
192.168.10.17 - - [27/Mar/2023:14:04:08 -0300] "GET /cormun/pexe_scrolldiv.js HTTP/1.1" 404 1009
192.168.10.17 - - [27/Mar/2023:14:04:08 -0300] "GET /cormun/servlet/vesolicitudgral?2023,19824,, HTTP/1.1" 200 8365
192.168.10.17 - - [27/Mar/2023:14:04:19 -0300] "GET /cormun/servlet/trsolicitudgral? HTTP/1.1" 200 10138
192.168.10.17 - - [27/Mar/2023:14:04:19 -0300] "GET /cormun/servlet/trsolicitudgral? HTTP/1.1" 200 10137
192.168.10.17 - - [27/Mar/2023:14:04:21 -0300] "GET /cormun/servlet/vesolicitudgral?2023,19451,, HTTP/1.1" 200 8359
192.168.10.17 - - [27/Mar/2023:14:04:21 -0300] "GET /cormun/pexe_scrolldiv.js HTTP/1.1" 404 1009
192.168.10.17 - - [27/Mar/2023:14:04:22 -0300] "GET /cormun/servlet/vesolicitudgral?2023,19451,, HTTP/1.1" 200 8358
190.171.141.82 - - [27/Mar/2023:14:04:43 -0300] "POST /cormun/servlet/solicitudot?gx-no-cache=1679935760214 HTTP/1.1" 200 30
190.95.15.15 - - [27/Mar/2023:14:04:51 -0300] "GET /cormun/servlet/trlicencias HTTP/1.1" 200 9472
190.95.15.15 - - [27/Mar/2023:14:04:51 -0300] "GET /cormun/servlet/hlogin HTTP/1.1" 200 1745
190.95.15.15 - - [27/Mar/2023:14:04:51 -0300] "GET /cormun/servlet/trlicencias HTTP/1.1" 200 9470
190.171.141.82 - - [27/Mar/2023:14:05:10 -0300] "POST /cormun/servlet/solicitudot?gx-no-cache=1679935786721 HTTP/1.1" 200 1468
190.171.141.82 - - [27/Mar/2023:14:05:10 -0300] "POST /cormun/servlet/solicitudot?gx-no-cache=1679935786886 HTTP/1.1" 200 41
190.171.141.138 - - [27/Mar/2023:14:07:42 -0300] "GET /cormun/servlet/hlogin HTTP/1.1" 200 1727
190.171.141.138 - - [27/Mar/2023:14:07:42 -0300] "GET /cormun/static/gxcfg.js?201910216285969 HTTP/1.1" 304 -
190.171.141.138 - - [27/Mar/2023:14:07:42 -0300] "GET /cormun/static/messages.spa.js?85251 HTTP/1.1" 304 -
190.171.141.138 - - [27/Mar/2023:14:07:42 -0300] "GET /cormun/servlet/hlogin HTTP/1.1" 200 1737
190.171.141.138 - - [27/Mar/2023:14:07:45 -0300] "POST /cormun/servlet/hlogin?abb3a9d715cbb711f2dc44944c357046,gx-no-cache=1679935941627 HTTP/1.1" 200 90
190.171.141.138 - - [27/Mar/2023:14:07:45 -0300] "GET /cormun/servlet/hpexe_link HTTP/1.1" 200 954
190.171.141.138 - - [27/Mar/2023:14:07:45 -0300] "GET /cormun/static/gxcfg.js?201991422392958 HTTP/1.1" 304 -
190.171.141.138 - - [27/Mar/2023:14:07:45 -0300] "GET /cormun/servlet/hhome HTTP/1.1" 200 4479
190.171.141.138 - - [27/Mar/2023:14:07:45 -0300] "GET /cormun/static/gxcfg.js?20201215495537 HTTP/1.1" 304 -
190.171.141.138 - - [27/Mar/2023:14:07:45 -0300] "GET /cormun/servlet/hhome HTTP/1.1" 200 4475
190.171.141.138 - - [27/Mar/2023:14:07:48 -0300] "GET /cormun/servlet/trpermisosgoce? HTTP/1.1" 200 9756
190.171.141.138 - - [27/Mar/2023:14:07:49 -0300] "GET /cormun/servlet/trpermisosgoce? HTTP/1.1" 200 9754
190.171.141.138 - - [27/Mar/2023:14:07:51 -0300] "GET /cormun/servlet/permisogoce?INS,0,,, HTTP/1.1" 200 7377
190.171.141.138 - - [27/Mar/2023:14:07:51 -0300] "GET /cormun/servlet/permisogoce?INS,0,,, HTTP/1.1" 200 7377
190.171.141.138 - - [27/Mar/2023:14:07:59 -0300] "GET /cormun/servlet/permisogoce?4f2d280121d7eee797b795d0f43aee32dbe56866394af3ff0319a0252a1f609ed3931abc918287f63acbdd59d8b3365a87d444724024b3a59905dcb2745a8158,gx-no-cache=1679935955660 HTTP/1.1" 200 80
190.171.141.138 - - [27/Mar/2023:14:08:01 -0300] "GET /cormun/static/menuarrow.gif HTTP/1.1" 404 1015
190.171.141.138 - - [27/Mar/2023:14:08:03 -0300] "GET /cormun/servlet/permisogoce?4f2d280121d7eee797b795d0f43aee32575e8d58b1bcec0a927e97d11d1064b38e5cfd784a9e500870a93e94914ed559c39494e94d6d5090e89a267b08f236dd,gx-no-cache=1679935960252 HTTP/1.1" 200 47
190.171.141.138 - - [27/Mar/2023:14:08:11 -0300] "POST /cormun/servlet/permisogoce?abb3a9d715cbb711f2dc44944c357046,INS,0,,,,gx-no-cache=1679935967644 HTTP/1.1" 200 93
190.171.141.138 - - [27/Mar/2023:14:08:11 -0300] "GET /cormun/servlet/hpexe_return? HTTP/1.1" 200 1013
190.171.141.138 - - [27/Mar/2023:14:08:11 -0300] "GET /cormun/servlet/trpermisosgoce HTTP/1.1" 200 9996
190.171.141.138 - - [27/Mar/2023:14:08:12 -0300] "GET /cormun/servlet/trpermisosgoce HTTP/1.1" 200 9992
190.171.141.138 - - [27/Mar/2023:14:08:13 -0300] "GET /cormun/servlet/apermisogoceprn?15524713,P,20230327135224,PU HTTP/1.1" 200 1656
190.171.141.138 - - [27/Mar/2023:14:08:38 -0300] "GET /cormun/servlet/hlogin HTTP/1.1" 200 1726
190.171.141.138 - - [27/Mar/2023:14:08:39 -0300] "GET /cormun/servlet/hlogin HTTP/1.1" 200 1737
190.171.141.138 - - [27/Mar/2023:14:08:42 -0300] "POST /cormun/servlet/hlogin?ee7c661de2bcd4c16da86e087744f40e,gx-no-cache=1679936002387 HTTP/1.1" 200 90
190.171.141.138 - - [27/Mar/2023:14:08:42 -0300] "GET /cormun/servlet/hpexe_link HTTP/1.1" 200 951
190.171.141.138 - - [27/Mar/2023:14:08:43 -0300] "GET /cormun/servlet/hhome HTTP/1.1" 200 4476
190.171.141.82 - - [27/Mar/2023:14:08:43 -0300] "POST /cormun/servlet/solicitudot?gx-no-cache=1679936000166 HTTP/1.1" 200 30
190.171.141.82 - - [27/Mar/2023:14:08:43 -0300] "POST /cormun/servlet/solicitudot?gx-no-cache=1679936000269 HTTP/1.1" 200 1468
190.171.141.82 - - [27/Mar/2023:14:08:43 -0300] "POST /cormun/servlet/solicitudot?gx-no-cache=1679936000409 HTTP/1.1" 200 41
190.171.141.82 - - [27/Mar/2023:14:08:43 -0300] "GET /cormun/servlet/solicitudot?0017320dd8546ac896260c41c44b7d9b74750bdc6b540d8c7c07686f6a0d4bd642689370e9c309a4635f5b0e05cec57b7d0acf381c3c8c41698572a2c0d660842445579288ef0075b7704b65844ff9bb1a91b30cc770d5ccff69a801b9ef3b0fc808b41377b9aa23a9549c1ee41bd24a,gx-no-cache=1679936000452 HTTP/1.1" 200 110
190.171.141.82 - - [27/Mar/2023:14:08:43 -0300] "POST /cormun/servlet/solicitudot?gx-no-cache=1679936000505 HTTP/1.1" 200 97
190.171.141.138 - - [27/Mar/2023:14:08:43 -0300] "GET /cormun/servlet/hhome HTTP/1.1" 200 4472
190.171.141.82 - - [27/Mar/2023:14:08:43 -0300] "POST /cormun/servlet/solicitudot?gx-no-cache=1679936000558 HTTP/1.1" 200 34
190.171.141.82 - - [27/Mar/2023:14:08:44 -0300] "POST /cormun/servlet/solicitudot?d6b206abcff5b70c81e4b63aba103fe9,INS,0,0,false,,gx-no-cache=1679936000610 HTTP/1.1" 200 13061
190.171.141.138 - - [27/Mar/2023:14:08:46 -0300] "GET /cormun/servlet/trlicencias? HTTP/1.1" 200 11548
190.171.141.138 - - [27/Mar/2023:14:08:47 -0300] "GET /cormun/servlet/trlicencias? HTTP/1.1" 200 11545
192.168.10.61 - - [27/Mar/2023:14:09:03 -0300] "GET /cormun/servlet/hlogin HTTP/1.1" 200 1724
192.168.10.61 - - [27/Mar/2023:14:09:05 -0300] "POST /cormun/servlet/hlogin?d5b64c493eb8c045a4c3768706551d80,gx-no-cache=1679936019492 HTTP/1.1" 200 90
192.168.10.61 - - [27/Mar/2023:14:09:05 -0300] "GET /cormun/servlet/hpexe_link HTTP/1.1" 200 951
192.168.10.61 - - [27/Mar/2023:14:09:05 -0300] "GET /cormun/servlet/hhome HTTP/1.1" 200 3793
192.168.10.61 - - [27/Mar/2023:14:09:06 -0300] "GET /cormun/servlet/hhome HTTP/1.1" 200 3790
192.168.10.61 - - [27/Mar/2023:14:09:08 -0300] "GET /cormun/servlet/trsolicitudgral? HTTP/1.1" 200 28007
190.171.141.82 - - [27/Mar/2023:14:09:09 -0300] "GET /cormun/servlet/solicitudot?0017320dd8546ac896260c41c44b7d9b0320d35dc448e0dcadd87858abac7de7ab966a2554b8e45166620bfd4d6843c0d90595292d79d32d89d738280c86cbf0,gx-no-cache=1679936025764 HTTP/1.1" 200 30
190.171.141.82 - - [27/Mar/2023:14:09:09 -0300] "POST /cormun/servlet/solicitudot?gx-no-cache=1679936025838 HTTP/1.1" 200 255
190.171.141.82 - - [27/Mar/2023:14:09:09 -0300] "GET /cormun/servlet/solicitudot?0017320dd8546ac896260c41c44b7d9bd2656a98cca6e6724fba3443d2dff17fc6331192c1cc56ca2ffd60835a7af3e9aeb364a0b9cbe7f270848d1b53da00eda65d44a802bc166a379710858be037ef223b1a79e3995e150f1c18837b6289b85f63133b8812e7b9a2f37b144ca93695be056c0d9e133ca8f3807af0cccdd1dc9338eec4fb2220df97827c80bfe5be0799fa7603b9a32c06cff3dd8efc1d735470ff54ed53a117d1aa77d9f6ebbf79ea4881353fd467aaf5f02811ef956dadf3570ee1104cd89c5071f251644fcc07c8fbe2a0855d5c00eb3ba171a848337be4c5ce1aa5b28d3751f6eff885a8cf6dc507199a79713c7f80c7cd7219f4855aafe68dab18de597db3697c8ca7cca38182b2fa4b334a890a4b66b241f60ed544302422c346f3304ff44557530aa8d7a0f5103ea7481884d84e70308794b1f6400e12040b8e8e9f4ddc82c0dbbfa64f7e71cfb0425703662bc83fca3a9eff7b5f03eb518f2d6de9481c735b6360216f961cd398b220c468f9be67d3adc629ab7110,gx-no-cache=1679936025900 HTTP/1.1" 200 30
190.171.141.82 - - [27/Mar/2023:14:09:09 -0300] "POST /cormun/servlet/solicitudot?gx-no-cache=1679936025941 HTTP/1.1" 200 30
190.171.141.82 - - [27/Mar/2023:14:09:09 -0300] "POST /cormun/servlet/solicitudot?gx-no-cache=1679936025995 HTTP/1.1" 200 1468
190.171.141.82 - - [27/Mar/2023:14:09:09 -0300] "POST /cormun/servlet/solicitudot?gx-no-cache=1679936026106 HTTP/1.1" 200 41
190.171.141.82 - - [27/Mar/2023:14:09:09 -0300] "GET /cormun/servlet/solicitudot?0017320dd8546ac896260c41c44b7d9b74750bdc6b540d8c7c07686f6a0d4bd642689370e9c309a4635f5b0e05cec57b7d0acf381c3c8c41698572a2c0d660842445579288ef0075b7704b65844ff9bb1a91b30cc770d5ccff69a801b9ef3b0fc808b41377b9aa23a9549c1ee41bd24a,gx-no-cache=1679936026151 HTTP/1.1" 200 110
190.171.141.82 - - [27/Mar/2023:14:09:09 -0300] "POST /cormun/servlet/solicitudot?gx-no-cache=1679936026197 HTTP/1.1" 200 97
190.171.141.82 - - [27/Mar/2023:14:09:09 -0300] "GET /cormun/servlet/solicitudot?0017320dd8546ac896260c41c44b7d9bdd9c1286ad74809265258813c38803ee7e96118395dcd5ca2db4591ae8060814,gx-no-cache=1679936026251 HTTP/1.1" 200 30
190.171.141.82 - - [27/Mar/2023:14:09:09 -0300] "POST /cormun/servlet/solicitudot?gx-no-cache=1679936026297 HTTP/1.1" 200 34
190.171.141.82 - - [27/Mar/2023:14:09:10 -0300] "POST /cormun/servlet/solicitudot?d6b206abcff5b70c81e4b63aba103fe9,INS,0,0,false,,gx-no-cache=1679936026343 HTTP/1.1" 200 13127
192.168.10.61 - - [27/Mar/2023:14:09:10 -0300] "GET /cormun/servlet/trsolicitudgral? HTTP/1.1" 200 28005
190.171.141.82 - - [27/Mar/2023:14:09:35 -0300] "POST /cormun/servlet/solicitudot?gx-no-cache=1679936051669 HTTP/1.1" 200 30
190.171.141.82 - - [27/Mar/2023:14:09:47 -0300] "POST /cormun/servlet/solicitudot?gx-no-cache=1679936064042 HTTP/1.1" 200 1468
190.171.141.82 - - [27/Mar/2023:14:09:47 -0300] "POST /cormun/servlet/solicitudot?gx-no-cache=1679936064284 HTTP/1.1" 200 41
190.171.141.82 - - [27/Mar/2023:14:10:01 -0300] "GET /cormun/servlet/solicitudot?0017320dd8546ac896260c41c44b7d9b74750bdc6b540d8c7c07686f6a0d4bd642689370e9c309a4635f5b0e05cec57b7d0acf381c3c8c41698572a2c0d660842445579288ef0075b7704b65844ff9bb1a91b30cc770d5ccff69a801b9ef3b0fc808b41377b9aa23a9549c1ee41bd24a,gx-no-cache=1679936078433 HTTP/1.1" 200 110
190.171.141.82 - - [27/Mar/2023:14:10:06 -0300] "POST /cormun/servlet/solicitudot?gx-no-cache=1679936082954 HTTP/1.1" 200 97
190.171.141.82 - - [27/Mar/2023:14:10:06 -0300] "GET /cormun/servlet/solicitudot?0017320dd8546ac896260c41c44b7d9bdd9c1286ad74809265258813c38803ee7e96118395dcd5ca2db4591ae8060814,gx-no-cache=1679936083078 HTTP/1.1" 200 30
190.171.141.82 - - [27/Mar/2023:14:10:06 -0300] "POST /cormun/servlet/solicitudot?gx-no-cache=1679936083113 HTTP/1.1" 200 34
190.171.141.82 - - [27/Mar/2023:14:10:41 -0300] "GET /cormun/servlet/prbanco?,MD,,gxPopupLevel%3D0%3B HTTP/1.1" 200 6517
190.171.141.82 - - [27/Mar/2023:14:10:51 -0300] "GET /cormun/servlet/solicitudot?0017320dd8546ac896260c41c44b7d9b6151b0c7aa497211957f0fa2f25b349e29efcfb38b8d73f643ae2c1154172e034b7d2c7f9b65b088c27c0235b42d799c8db31871efe2e533378f211d4ade91d11323b86fee7dd46e4fcf531dcb31fba86549bf9fcb985508316cbeae38289d5a,gx-no-cache=1679936127556 HTTP/1.1" 200 45
191.125.32.253 - - [27/Mar/2023:14:11:27 -0300] "POST /cormun/servlet/hlogin?942ae8c1e22637b1ae2a7d5e9ace632f,gx-no-cache=1679936157647 HTTP/1.1" 440 972
190.171.141.82 - - [27/Mar/2023:14:11:30 -0300] "POST /cormun/servlet/solicitudot?gx-no-cache=1679936166598 HTTP/1.1" 200 254
190.171.141.82 - - [27/Mar/2023:14:11:30 -0300] "GET /cormun/servlet/solicitudot?0017320dd8546ac896260c41c44b7d9bd2656a98cca6e6724fba3443d2dff17fc6331192c1cc56ca2ffd60835a7af3e9aeb364a0b9cbe7f270848d1b53da00eda65d44a802bc166a379710858be037ef223b1a79e3995e150f1c18837b6289b85f63133b8812e7b9a2f37b144ca93695be056c0d9e133ca8f3807af0cccdd1dc9338eec4fb2220df97827c80bfe5be0799fa7603b9a32c06cff3dd8efc1d735470ff54ed53a117d1aa77d9f6ebbf79ea4881353fd467aaf5f02811ef956dadf3570ee1104cd89c5071f251644fcc07c8fbe2a0855d5c00eb3ba171a848337be4c5ce1aa5b28d3751f6eff885a8cf6dc507199a79713c7f80c7cd7219f4855aafe68dab18de597db3697c8ca7cca38182b2fa4b334a890a4b66b241f60ed544302422c346f3304ff44557530aa8d7a0f5103ea7481884d84e70308794b1f6400e12040b8e8e9f4ddc82c0dbbfa64f7e71cfb0425703662bc83fca3a9eff7b5f03eb518f2d6de9481c735b6360216f961cd398b220c468f9be67d3adc629ab7110,gx-no-cache=1679936166709 HTTP/1.1" 200 30
190.171.141.82 - - [27/Mar/2023:14:11:30 -0300] "POST /cormun/servlet/solicitudot?gx-no-cache=1679936166749 HTTP/1.1" 200 30
190.171.141.82 - - [27/Mar/2023:14:11:30 -0300] "POST /cormun/servlet/solicitudot?gx-no-cache=1679936166802 HTTP/1.1" 200 1468
190.171.141.82 - - [27/Mar/2023:14:11:30 -0300] "POST /cormun/servlet/solicitudot?gx-no-cache=1679936166901 HTTP/1.1" 200 41
190.171.141.82 - - [27/Mar/2023:14:11:30 -0300] "GET /cormun/servlet/solicitudot?0017320dd8546ac896260c41c44b7d9b74750bdc6b540d8c7c07686f6a0d4bd642689370e9c309a4635f5b0e05cec57b7d0acf381c3c8c41698572a2c0d660842445579288ef0075b7704b65844ff9bb1a91b30cc770d5ccff69a801b9ef3b0fc808b41377b9aa23a9549c1ee41bd24a,gx-no-cache=1679936166939 HTTP/1.1" 200 110
190.171.141.82 - - [27/Mar/2023:14:11:30 -0300] "POST /cormun/servlet/solicitudot?gx-no-cache=1679936166979 HTTP/1.1" 200 97
190.171.141.82 - - [27/Mar/2023:14:11:30 -0300] "GET /cormun/servlet/solicitudot?0017320dd8546ac896260c41c44b7d9bdd9c1286ad74809265258813c38803ee7e96118395dcd5ca2db4591ae8060814,gx-no-cache=1679936167026 HTTP/1.1" 200 30
190.171.141.82 - - [27/Mar/2023:14:11:30 -0300] "POST /cormun/servlet/solicitudot?gx-no-cache=1679936167070 HTTP/1.1" 200 34
190.171.141.82 - - [27/Mar/2023:14:11:31 -0300] "POST /cormun/servlet/solicitudot?d6b206abcff5b70c81e4b63aba103fe9,INS,0,0,false,,gx-no-cache=1679936167120 HTTP/1.1" 200 93
190.171.141.82 - - [27/Mar/2023:14:11:31 -0300] "GET /cormun/servlet/hpexe_return? HTTP/1.1" 200 1009
