190.171.142.18 - - [27/Mar/2023:10:01:35 -0300] "GET /cormun/static/Shared/jqueryui/images/ui-bg_flat_55_fafafa_40x100.png HTTP/1.1" 404 1097
190.171.142.18 - - [27/Mar/2023:10:01:35 -0300] "GET /cormun/static/Shared/jqueryui/images/ui-icons_8d78a5_256x240.png HTTP/1.1" 404 1089
190.171.142.18 - - [27/Mar/2023:10:01:35 -0300] "POST /cormun/servlet/trsolicitudot?6ef733d080ab4058608e06157b219de3,gx-no-cache=1679921377811 HTTP/1.1" 200 8630
185.180.143.140 - - [27/Mar/2023:10:01:40 -0300] "GET / HTTP/1.1" 200 11217
190.171.142.18 - - [27/Mar/2023:10:01:41 -0300] "POST /cormun/servlet/trsolicitudot?6ef733d080ab4058608e06157b219de3,gx-no-cache=1679921383711 HTTP/1.1" 200 8631
185.180.143.140 - - [27/Mar/2023:10:01:45 -0300] "GET /admin/ HTTP/1.1" 404 973
190.171.142.18 - - [27/Mar/2023:10:01:46 -0300] "GET /cormun/servlet/trautorizarsolicitud? HTTP/1.1" 200 11391
190.171.142.18 - - [27/Mar/2023:10:01:46 -0300] "GET /cormun/servlet/trautorizarsolicitud? HTTP/1.1" 200 11391
185.180.143.140 - - [27/Mar/2023:10:01:46 -0300] "GET / HTTP/1.1" 200 11217
185.180.143.140 - - [27/Mar/2023:10:01:47 -0300] "GET /login HTTP/1.1" 404 971
181.212.43.89 - - [27/Mar/2023:10:01:53 -0300] "POST /cormun/servlet/solicitudot?gx-no-cache=1679921188260 HTTP/1.1" 200 1468
181.212.43.89 - - [27/Mar/2023:10:01:57 -0300] "GET /cormun/servlet/prlicenciaspermisos?5019058,L,,MD,,gxPopupLevel%3D0%3B HTTP/1.1" 200 6267
181.212.43.89 - - [27/Mar/2023:10:01:57 -0300] "GET /cormun/static/gxcfg.js?2020121559567 HTTP/1.1" 200 953
181.212.43.89 - - [27/Mar/2023:10:01:57 -0300] "GET /cormun/static/prlicenciaspermisos.js?2020121559821 HTTP/1.1" 200 13379
185.180.143.140 - - [27/Mar/2023:10:02:02 -0300] "GET / HTTP/1.1" 200 11217
185.180.143.140 - - [27/Mar/2023:10:02:02 -0300] "GET / HTTP/1.1" 200 11217
181.212.43.89 - - [27/Mar/2023:10:02:02 -0300] "POST /cormun/servlet/solicitudot?gx-no-cache=1679921197458 HTTP/1.1" 200 41
185.180.143.140 - - [27/Mar/2023:10:02:03 -0300] "GET /webfig/ HTTP/1.1" 404 975
186.103.157.98 - - [27/Mar/2023:10:02:19 -0300] "GET /cormun/servlet/permisogoce?INS,0,,, HTTP/1.1" 200 7167
186.103.157.98 - - [27/Mar/2023:10:02:19 -0300] "GET /cormun/servlet/permisogoce?INS,0,,, HTTP/1.1" 200 7167
186.103.157.98 - - [27/Mar/2023:10:02:22 -0300] "GET /cormun/servlet/prfichaempleado?,MD,,gxPopupLevel%3D0%3B HTTP/1.1" 200 9308
186.103.157.98 - - [27/Mar/2023:10:02:30 -0300] "POST /cormun/servlet/prfichaempleado?751525f52423fc0b68630286b45a26a3,,MD,,gxPopupLevel%3D0%3B,gx-no-cache=1679921227831 HTTP/1.1" 200 3431
190.171.142.42 - - [27/Mar/2023:10:02:31 -0300] "POST /cormun/servlet/permisogoce?3de71cd3083575cba479e32d8a773d72,INS,0,,,,gx-no-cache=1679921228034 HTTP/1.1" 200 4762
190.171.142.42 - - [27/Mar/2023:10:02:31 -0300] "GET /cormun/static/Shared/jqueryui/images/ui-bg_highlight-soft_100_c6c2c8_1x100.png HTTP/1.1" 404 1117
190.171.142.42 - - [27/Mar/2023:10:02:31 -0300] "GET /cormun/static/Shared/jqueryui/images/ui-bg_flat_55_994d53_40x100.png HTTP/1.1" 404 1097
190.171.142.42 - - [27/Mar/2023:10:02:31 -0300] "GET /cormun/static/Shared/jqueryui/images/ui-icons_82798d_256x240.png HTTP/1.1" 404 1089
190.171.142.42 - - [27/Mar/2023:10:02:31 -0300] "GET /cormun/static/Shared/jqueryui/images/ui-icons_ebccce_256x240.png HTTP/1.1" 404 1089
186.103.157.98 - - [27/Mar/2023:10:02:33 -0300] "GET /cormun/servlet/permisogoce?92d213e7124ef921a1b0e9c54163ed13592ff119b948f83460806b9dcfa7e434a860a61a7e2b0a22a774e3e00343f29c0047e023acce8595f2d3f7b07156bf29,gx-no-cache=1679921231373 HTTP/1.1" 200 87
186.103.157.98 - - [27/Mar/2023:10:02:33 -0300] "GET /cormun/static/menuarrow.gif HTTP/1.1" 404 1015
190.171.142.42 - - [27/Mar/2023:10:02:35 -0300] "GET /cormun/servlet/permisogoce?fe6d0c5ca54db4dc3ab732f82422c69b3b71b5fc130a1d62cf114b656042e0461aaf5d054cf8e621816ca8a6631dccff471cd97bfa509c63d7198cae6cdbd7f6a02411303152c54b32e5162ab6c1f9b4fffe647a783b23a0a045d5ab36a7b76ec7bf7c65363b5648c50892aba691c5abfffe647a783b23a0a045d5ab36a7b76e471cd97bfa509c63d7198cae6cdbd7f68a0acb34881ab0105f14943307a7587414a9dc585dd0b482261609026b5ba216c3c13ece0c922f9908aeb79279557f0d56fdc2384e6d9dca772775073784885d,gx-no-cache=1679921232068 HTTP/1.1" 200 83
190.171.142.42 - - [27/Mar/2023:10:02:35 -0300] "GET /cormun/static/menuarrow.gif HTTP/1.1" 404 1015
186.103.157.98 - - [27/Mar/2023:10:02:38 -0300] "GET /cormun/servlet/permisogoce?92d213e7124ef921a1b0e9c54163ed133c5ff6c21447590fe486037e7192328b0320aff26e42504aee52b3d77d99d616681aad1f8697fc10b1184f229171339a,gx-no-cache=1679921236069 HTTP/1.1" 200 47
186.103.157.98 - - [27/Mar/2023:10:02:41 -0300] "POST /cormun/servlet/permisogoce?751525f52423fc0b68630286b45a26a3,INS,0,,,,gx-no-cache=1679921238058 HTTP/1.1" 200 93
186.103.157.98 - - [27/Mar/2023:10:02:41 -0300] "GET /cormun/servlet/hpexe_return? HTTP/1.1" 200 1016
186.103.157.98 - - [27/Mar/2023:10:02:41 -0300] "GET /cormun/servlet/trpermisosgoce HTTP/1.1" 200 9507
190.171.142.42 - - [27/Mar/2023:10:02:41 -0300] "GET /cormun/servlet/permisogoce?fe6d0c5ca54db4dc3ab732f82422c69b3af55ab7289fc00094063880d8f89d774a828dc502084331798bcf1e48e1138049fea6c4d1694b48dece2c7a5f970455,gx-no-cache=1679921238178 HTTP/1.1" 200 47
186.103.157.98 - - [27/Mar/2023:10:02:41 -0300] "GET /cormun/servlet/trpermisosgoce HTTP/1.1" 200 9499
190.171.142.42 - - [27/Mar/2023:10:02:44 -0300] "POST /cormun/servlet/permisogoce?3de71cd3083575cba479e32d8a773d72,INS,0,,,,gx-no-cache=1679921240877 HTTP/1.1" 200 93
190.171.142.42 - - [27/Mar/2023:10:02:44 -0300] "GET /cormun/servlet/hpexe_return? HTTP/1.1" 200 1014
190.171.142.42 - - [27/Mar/2023:10:02:44 -0300] "GET /cormun/servlet/trpermisosgoce HTTP/1.1" 200 9212
190.171.142.42 - - [27/Mar/2023:10:02:45 -0300] "GET /cormun/servlet/trpermisosgoce HTTP/1.1" 200 9207
186.103.157.98 - - [27/Mar/2023:10:02:46 -0300] "GET /cormun/servlet/trpermisosadjuntos?9639700,20230327094653,P, HTTP/1.1" 200 6605
186.103.157.98 - - [27/Mar/2023:10:02:47 -0300] "GET /cormun/servlet/trpermisosadjuntos?9639700,20230327094653,P, HTTP/1.1" 200 6605
190.171.142.42 - - [27/Mar/2023:10:02:48 -0300] "GET /cormun/servlet/permisogoce?INS,0,,, HTTP/1.1" 200 7124
186.103.157.98 - - [27/Mar/2023:10:02:48 -0300] "GET /cormun/servlet/permisosadjuntos?INS,9639700,P,20230327094653,, HTTP/1.1" 200 5929
186.103.157.98 - - [27/Mar/2023:10:02:48 -0300] "GET /cormun/static/about:blank HTTP/1.1" 404 1011
186.103.157.98 - - [27/Mar/2023:10:02:48 -0300] "GET /cormun/servlet/permisosadjuntos?INS,9639700,P,20230327094653,, HTTP/1.1" 200 5918
190.171.142.42 - - [27/Mar/2023:10:02:49 -0300] "GET /cormun/servlet/permisogoce?INS,0,,, HTTP/1.1" 200 7124
190.171.142.42 - - [27/Mar/2023:10:02:55 -0300] "POST /cormun/servlet/permisogoce?3de71cd3083575cba479e32d8a773d72,INS,0,,,,gx-no-cache=1679921252430 HTTP/1.1" 200 4752
190.171.142.42 - - [27/Mar/2023:10:02:56 -0300] "GET /cormun/static/Shared/jqueryui/images/ui-bg_highlight-soft_100_c6c2c8_1x100.png HTTP/1.1" 404 1117
190.171.142.42 - - [27/Mar/2023:10:02:56 -0300] "GET /cormun/static/Shared/jqueryui/images/ui-bg_flat_55_994d53_40x100.png HTTP/1.1" 404 1097
190.171.142.42 - - [27/Mar/2023:10:02:56 -0300] "GET /cormun/static/Shared/jqueryui/images/ui-icons_82798d_256x240.png HTTP/1.1" 404 1089
190.171.142.42 - - [27/Mar/2023:10:02:56 -0300] "GET /cormun/static/Shared/jqueryui/images/ui-icons_ebccce_256x240.png HTTP/1.1" 404 1089
190.171.142.42 - - [27/Mar/2023:10:02:59 -0300] "GET /cormun/servlet/permisogoce?fe6d0c5ca54db4dc3ab732f82422c69b604f6079bec4a5d76c924232f309f626d2f416823ec2a2707c399709eab128b4a02411303152c54b32e5162ab6c1f9b4fffe647a783b23a0a045d5ab36a7b76e471cd97bfa509c63d7198cae6cdbd7f64441499ca5489169c0149c466ed4db8e54f0814640d3eea60abbe9752bc1bcf1a02411303152c54b32e5162ab6c1f9b4fffe647a783b23a0a045d5ab36a7b76e471cd97bfa509c63d7198cae6cdbd7f61ad305ccf85cfe8821ed137253c66ba684e4a1832b324fdd3d2ea3802a020758fe3367e13eb83e8ba277baacf43e45755f2c66a41d8c92fa768569a71f0471d9,gx-no-cache=1679921255601 HTTP/1.1" 200 72
190.171.142.42 - - [27/Mar/2023:10:02:59 -0300] "GET /cormun/static/menuarrow.gif HTTP/1.1" 404 1015
186.103.157.98 - - [27/Mar/2023:10:02:59 -0300] "POST /cormun/servlet/permisosadjuntos?751525f52423fc0b68630286b45a26a3,INS,9639700,P,20230327094653,, HTTP/1.1" 200 116
186.103.157.98 - - [27/Mar/2023:10:02:59 -0300] "GET /cormun/servlet/hpexe_return? HTTP/1.1" 200 1045
186.103.157.98 - - [27/Mar/2023:10:02:59 -0300] "GET /cormun/servlet/trpermisosadjuntos?9639700,20230327094653,P, HTTP/1.1" 200 7099
186.103.157.98 - - [27/Mar/2023:10:02:59 -0300] "GET /cormun/servlet/trpermisosadjuntos?9639700,20230327094653,P, HTTP/1.1" 200 7095
186.103.157.98 - - [27/Mar/2023:10:03:04 -0300] "GET /cormun/servlet/trpermisosgoce? HTTP/1.1" 200 9503
186.103.157.98 - - [27/Mar/2023:10:03:04 -0300] "GET /cormun/servlet/trpermisosgoce? HTTP/1.1" 200 9502
190.171.142.42 - - [27/Mar/2023:10:03:06 -0300] "GET /cormun/servlet/permisogoce?fe6d0c5ca54db4dc3ab732f82422c69bcef27b8170453288f07f80621d3ed996f1b0cd1385eafadcade510277492b78cbe3722990c1d0d4498d09815636a68d4,gx-no-cache=1679921263475 HTTP/1.1" 200 47
186.103.157.98 - - [27/Mar/2023:10:03:08 -0300] "POST /cormun/servlet/trpermisosgoce?751525f52423fc0b68630286b45a26a3,,gx-no-cache=1679921265113 HTTP/1.1" 200 6747
186.103.157.98 - - [27/Mar/2023:10:03:08 -0300] "GET /cormun/static/Shared/jqueryui/images/ui-icons_82798d_256x240.png HTTP/1.1" 404 1089
186.103.157.98 - - [27/Mar/2023:10:03:08 -0300] "GET /cormun/static/Shared/jqueryui/images/ui-bg_highlight-soft_100_c6c2c8_1x100.png HTTP/1.1" 404 1117
186.103.157.98 - - [27/Mar/2023:10:03:08 -0300] "GET /cormun/static/Shared/jqueryui/images/ui-bg_flat_55_fafafa_40x100.png HTTP/1.1" 404 1097
186.103.157.98 - - [27/Mar/2023:10:03:08 -0300] "GET /cormun/static/Shared/jqueryui/images/ui-icons_8d78a5_256x240.png HTTP/1.1" 404 1089
190.171.142.42 - - [27/Mar/2023:10:03:09 -0300] "POST /cormun/servlet/permisogoce?3de71cd3083575cba479e32d8a773d72,INS,0,,,,gx-no-cache=1679921265653 HTTP/1.1" 200 93
190.171.142.42 - - [27/Mar/2023:10:03:09 -0300] "GET /cormun/servlet/hpexe_return? HTTP/1.1" 200 1014
190.171.142.42 - - [27/Mar/2023:10:03:09 -0300] "GET /cormun/servlet/trpermisosgoce HTTP/1.1" 200 9415
190.171.142.42 - - [27/Mar/2023:10:03:10 -0300] "GET /cormun/servlet/trpermisosgoce HTTP/1.1" 200 9410
186.103.157.98 - - [27/Mar/2023:10:03:11 -0300] "GET /cormun/servlet/permisogoce?INS,0,,, HTTP/1.1" 200 7167
186.103.157.98 - - [27/Mar/2023:10:03:11 -0300] "GET /cormun/servlet/permisogoce?INS,0,,, HTTP/1.1" 200 7167
186.103.157.98 - - [27/Mar/2023:10:03:13 -0300] "GET /cormun/servlet/prfichaempleado?,MD,,gxPopupLevel%3D0%3B HTTP/1.1" 200 9308
186.103.157.98 - - [27/Mar/2023:10:03:26 -0300] "POST /cormun/servlet/prfichaempleado?751525f52423fc0b68630286b45a26a3,,MD,,gxPopupLevel%3D0%3B,gx-no-cache=1679921283743 HTTP/1.1" 200 3187
190.171.142.42 - - [27/Mar/2023:10:03:28 -0300] "GET /cormun/servlet/permisogoce?INS,0,,, HTTP/1.1" 200 7124
190.171.142.42 - - [27/Mar/2023:10:03:28 -0300] "GET /cormun/servlet/permisogoce?INS,0,,, HTTP/1.1" 200 7124
186.103.157.98 - - [27/Mar/2023:10:03:36 -0300] "POST /cormun/servlet/prfichaempleado?751525f52423fc0b68630286b45a26a3,,MD,,gxPopupLevel%3D0%3B,gx-no-cache=1679921294056 HTTP/1.1" 200 3193
186.103.157.98 - - [27/Mar/2023:10:03:45 -0300] "POST /cormun/servlet/prfichaempleado?751525f52423fc0b68630286b45a26a3,,MD,,gxPopupLevel%3D0%3B,gx-no-cache=1679921302473 HTTP/1.1" 200 3187
186.103.157.98 - - [27/Mar/2023:10:03:56 -0300] "GET /cormun/servlet/trcontratosolicitud? HTTP/1.1" 200 14121
186.103.157.98 - - [27/Mar/2023:10:03:56 -0300] "GET /cormun/servlet/trcontratosolicitud? HTTP/1.1" 200 14117
186.103.157.98 - - [27/Mar/2023:10:04:59 -0300] "GET /cormun/servlet/trpermisosgoce? HTTP/1.1" 200 9458
186.103.157.98 - - [27/Mar/2023:10:05:00 -0300] "GET /cormun/servlet/trpermisosgoce? HTTP/1.1" 200 9457
190.171.152.114 - - [27/Mar/2023:10:05:25 -0300] "GET /cormun/servlet/hlogin HTTP/1.1" 200 1730
190.171.152.114 - - [27/Mar/2023:10:05:25 -0300] "GET /cormun/static/gxcfg.js?201910216285969 HTTP/1.1" 304 -
190.171.152.114 - - [27/Mar/2023:10:05:25 -0300] "GET /cormun/static/messages.spa.js?85251 HTTP/1.1" 304 -
190.171.152.114 - - [27/Mar/2023:10:05:25 -0300] "GET /cormun/servlet/hlogin HTTP/1.1" 200 1740
186.103.157.98 - - [27/Mar/2023:10:05:42 -0300] "GET /cormun/servlet/permisogoce?INS,0,,, HTTP/1.1" 200 7167
186.103.157.98 - - [27/Mar/2023:10:05:42 -0300] "GET /cormun/servlet/permisogoce?INS,0,,, HTTP/1.1" 200 7167
190.171.152.114 - - [27/Mar/2023:10:05:48 -0300] "POST /cormun/servlet/hlogin?2c4bb3ebfcb1f87661febdb2b3a6943f,gx-no-cache=1679921424303 HTTP/1.1" 200 90
190.171.152.114 - - [27/Mar/2023:10:05:48 -0300] "GET /cormun/servlet/hpexe_link HTTP/1.1" 200 956
190.171.152.114 - - [27/Mar/2023:10:05:48 -0300] "GET /cormun/static/gxcfg.js?201991422392958 HTTP/1.1" 304 -
190.171.152.114 - - [27/Mar/2023:10:05:48 -0300] "GET /cormun/servlet/hhome HTTP/1.1" 200 4332
190.171.152.114 - - [27/Mar/2023:10:05:48 -0300] "GET /cormun/static/gxcfg.js?20201215495537 HTTP/1.1" 304 -
190.171.152.114 - - [27/Mar/2023:10:05:48 -0300] "GET /cormun/servlet/hhome HTTP/1.1" 200 4328
186.103.157.98 - - [27/Mar/2023:10:05:50 -0300] "GET /cormun/servlet/permisogoce?92d213e7124ef921a1b0e9c54163ed13781e34133f0ce0dbcb649e0e435c44ac01f964df903074b1eecff5f5cd03574e2c635b4e66edd5a14615a1e40a5e3ada,gx-no-cache=1679921427716 HTTP/1.1" 200 82
186.103.157.98 - - [27/Mar/2023:10:05:50 -0300] "GET /cormun/static/menuarrow.gif HTTP/1.1" 404 1015
190.171.152.114 - - [27/Mar/2023:10:05:51 -0300] "GET /cormun/servlet/trlicencias? HTTP/1.1" 200 12830
190.171.152.114 - - [27/Mar/2023:10:05:51 -0300] "GET /cormun/static/gxcfg.js?2020121613995 HTTP/1.1" 304 -
190.171.152.114 - - [27/Mar/2023:10:05:51 -0300] "GET /cormun/servlet/trlicencias? HTTP/1.1" 200 12828
186.103.157.98 - - [27/Mar/2023:10:05:58 -0300] "GET /cormun/servlet/permisogoce?92d213e7124ef921a1b0e9c54163ed130680500235335e2a1105570b333b32d663f015d0ec42c509b90b0bc7831adab9428146b7080ef3b086e1cbb7a613d977,gx-no-cache=1679921436353 HTTP/1.1" 200 47
186.103.157.98 - - [27/Mar/2023:10:06:00 -0300] "POST /cormun/servlet/permisogoce?751525f52423fc0b68630286b45a26a3,INS,0,,,,gx-no-cache=1679921437776 HTTP/1.1" 200 93
186.103.157.98 - - [27/Mar/2023:10:06:00 -0300] "GET /cormun/servlet/hpexe_return? HTTP/1.1" 200 1016
186.103.157.98 - - [27/Mar/2023:10:06:00 -0300] "GET /cormun/servlet/trpermisosgoce HTTP/1.1" 200 9711
186.103.157.98 - - [27/Mar/2023:10:06:01 -0300] "GET /cormun/servlet/trpermisosgoce HTTP/1.1" 200 9702
181.212.43.89 - - [27/Mar/2023:10:06:02 -0300] "GET /cormun/servlet/solicitudot?401d9129aab5e65e735e9e9c1338e6b8909f83c0631ad9ddda272ff9ac79c80ca9d2b9bdfd7ce151f3f57c1b5b7f1db6a625a02bced45668c37f3a3fbadeb6bd2c39dd2c06e9f5f694bf7902f3a561ff3a13c1339cf224acd29e1fa51f0bdf8410110ccbbaf33aa730caa9dc9a60d5c2,gx-no-cache=1679921437229 HTTP/1.1" 200 110
181.212.43.89 - - [27/Mar/2023:10:06:02 -0300] "POST /cormun/servlet/solicitudot?gx-no-cache=1679921437276 HTTP/1.1" 200 97
186.103.157.98 - - [27/Mar/2023:10:06:04 -0300] "GET /cormun/servlet/trpermisosadjuntos?19360400,20230327095016,P, HTTP/1.1" 200 6595
186.103.157.98 - - [27/Mar/2023:10:06:04 -0300] "GET /cormun/servlet/trpermisosadjuntos?19360400,20230327095016,P, HTTP/1.1" 200 6595
186.103.157.98 - - [27/Mar/2023:10:06:06 -0300] "GET /cormun/servlet/permisosadjuntos?INS,19360400,P,20230327095016,, HTTP/1.1" 200 5916
186.103.157.98 - - [27/Mar/2023:10:06:06 -0300] "GET /cormun/static/about:blank HTTP/1.1" 404 1011
186.103.157.98 - - [27/Mar/2023:10:06:06 -0300] "GET /cormun/servlet/permisosadjuntos?INS,19360400,P,20230327095016,, HTTP/1.1" 200 5906
181.212.43.89 - - [27/Mar/2023:10:06:08 -0300] "GET /cormun/servlet/solicitudot?401d9129aab5e65e735e9e9c1338e6b807486ec6654f8747979cceb08175bf31c7aaf875e2679d495f863fe6a312d12990c790b343d89f608d25cf1090edf741987639ebab092b3f2f247868941e001cea80c07345d206fd8bdb1c20173b06458404fa4ad0b70b77baadf7b976d88875,gx-no-cache=1679921443164 HTTP/1.1" 200 29
181.212.43.89 - - [27/Mar/2023:10:06:08 -0300] "GET /cormun/static/menuarrow.gif HTTP/1.1" 404 1015
181.212.43.89 - - [27/Mar/2023:10:06:11 -0300] "GET /cormun/servlet/solicitudot?401d9129aab5e65e735e9e9c1338e6b88c49b113803ab12abd4c261cb54b0f05cc3148d60ec853f0264c38aae475c404,gx-no-cache=1679921445721 HTTP/1.1" 200 30
181.212.43.89 - - [27/Mar/2023:10:06:11 -0300] "POST /cormun/servlet/solicitudot?gx-no-cache=1679921445743 HTTP/1.1" 200 34
186.103.157.98 - - [27/Mar/2023:10:06:13 -0300] "POST /cormun/servlet/permisosadjuntos?751525f52423fc0b68630286b45a26a3,INS,19360400,P,20230327095016,, HTTP/1.1" 200 116
186.103.157.98 - - [27/Mar/2023:10:06:13 -0300] "GET /cormun/servlet/hpexe_return? HTTP/1.1" 200 1045
186.103.157.98 - - [27/Mar/2023:10:06:13 -0300] "GET /cormun/servlet/trpermisosadjuntos?19360400,20230327095016,P, HTTP/1.1" 200 7083
186.103.157.98 - - [27/Mar/2023:10:06:14 -0300] "GET /cormun/servlet/trpermisosadjuntos?19360400,20230327095016,P, HTTP/1.1" 200 7080
181.212.43.89 - - [27/Mar/2023:10:06:14 -0300] "POST /cormun/servlet/solicitudot?1701ee8fb02f5b84c17e64dfc918a8c4,INS,0,0,false,,gx-no-cache=1679921448427 HTTP/1.1" 200 93
181.212.43.89 - - [27/Mar/2023:10:06:14 -0300] "GET /cormun/servlet/hpexe_return? HTTP/1.1" 200 1008
181.212.43.89 - - [27/Mar/2023:10:06:14 -0300] "GET /cormun/servlet/trsolicitudot HTTP/1.1" 200 8690
181.212.43.89 - - [27/Mar/2023:10:06:15 -0300] "GET /cormun/servlet/trsolicitudot HTTP/1.1" 200 8687
186.103.157.98 - - [27/Mar/2023:10:06:17 -0300] "GET /cormun/servlet/trpermisosgoce? HTTP/1.1" 200 9703
186.103.157.98 - - [27/Mar/2023:10:06:17 -0300] "GET /cormun/servlet/trpermisosgoce? HTTP/1.1" 200 9702
186.103.157.98 - - [27/Mar/2023:10:06:21 -0300] "POST /cormun/servlet/trpermisosgoce?751525f52423fc0b68630286b45a26a3,,gx-no-cache=1679921458292 HTTP/1.1" 200 6960
186.103.157.98 - - [27/Mar/2023:10:06:21 -0300] "GET /cormun/static/Shared/jqueryui/images/ui-icons_82798d_256x240.png HTTP/1.1" 404 1089
186.103.157.98 - - [27/Mar/2023:10:06:21 -0300] "GET /cormun/static/Shared/jqueryui/images/ui-bg_highlight-soft_100_c6c2c8_1x100.png HTTP/1.1" 404 1117
186.103.157.98 - - [27/Mar/2023:10:06:21 -0300] "GET /cormun/static/Shared/jqueryui/images/ui-bg_flat_55_fafafa_40x100.png HTTP/1.1" 404 1097
186.103.157.98 - - [27/Mar/2023:10:06:21 -0300] "GET /cormun/static/Shared/jqueryui/images/ui-icons_8d78a5_256x240.png HTTP/1.1" 404 1089
186.103.157.98 - - [27/Mar/2023:10:06:24 -0300] "GET /cormun/servlet/trautorizarpermisogoce? HTTP/1.1" 200 8460
186.103.157.98 - - [27/Mar/2023:10:06:24 -0300] "GET /cormun/static/gxcfg.js?2020121645532 HTTP/1.1" 200 953
186.103.157.98 - - [27/Mar/2023:10:06:24 -0300] "GET /cormun/static/trautorizarpermisogoce.js?2020121651492 HTTP/1.1" 200 34948
186.103.157.98 - - [27/Mar/2023:10:06:24 -0300] "GET /cormun/servlet/trautorizarpermisogoce? HTTP/1.1" 200 8459
190.171.152.114 - - [27/Mar/2023:10:06:25 -0300] "GET /cormun/servlet/alicenciaprn?9728926,L,20230317000000,PU HTTP/1.1" 200 1526
181.212.43.89 - - [27/Mar/2023:10:06:31 -0300] "POST /cormun/servlet/trsolicitudot?1701ee8fb02f5b84c17e64dfc918a8c4,gx-no-cache=1679921465806 HTTP/1.1" 200 112
186.103.157.98 - - [27/Mar/2023:10:06:31 -0300] "GET /cormun/servlet/trautorizarsolicitud? HTTP/1.1" 200 8839
181.212.43.89 - - [27/Mar/2023:10:06:31 -0300] "GET /cormun/servlet/solicitudot?UPD,2023,19821,false, HTTP/1.1" 200 16487
186.103.157.98 - - [27/Mar/2023:10:06:31 -0300] "GET /cormun/servlet/trautorizarsolicitud? HTTP/1.1" 200 8838
181.212.43.89 - - [27/Mar/2023:10:06:31 -0300] "GET /cormun/servlet/solicitudot?UPD,2023,19821,false, HTTP/1.1" 200 16499
181.212.43.89 - - [27/Mar/2023:10:06:32 -0300] "POST /cormun/servlet/solicitudot?gx-no-cache=1679921466745 HTTP/1.1" 200 4022
181.212.43.89 - - [27/Mar/2023:10:06:32 -0300] "POST /cormun/servlet/solicitudot?1701ee8fb02f5b84c17e64dfc918a8c4,UPD,2023,19821,false,,gx-no-cache=1679921466911 HTTP/1.1" 200 12655
181.212.43.89 - - [27/Mar/2023:10:06:32 -0300] "GET /cormun/servlet/solicitudot?401d9129aab5e65e735e9e9c1338e6b855839a5627673433f370caf7f101e0192d59f7dbf19a20974048713757d806af,gx-no-cache=1679921467063 HTTP/1.1" 200 30
181.212.43.89 - - [27/Mar/2023:10:06:32 -0300] "GET /cormun/servlet/solicitudot?401d9129aab5e65e735e9e9c1338e6b80e9c632e2fe60cf65e50c40bcf7d08d3aabda6a90b5e2f9238c2486908909b745d0242381cf623b4c38e0c7f02ebe23a,gx-no-cache=1679921467087 HTTP/1.1" 200 30
181.212.43.89 - - [27/Mar/2023:10:06:32 -0300] "GET /cormun/servlet/solicitudot?401d9129aab5e65e735e9e9c1338e6b8b13c7a8f0a8555c72c1b43ac9aed1f029af7c2d93833b3e8afef2b316f40e47dd1b88122df80688638b7b0297140738e,gx-no-cache=1679921467105 HTTP/1.1" 200 53
181.212.43.89 - - [27/Mar/2023:10:06:32 -0300] "POST /cormun/servlet/solicitudot?gx-no-cache=1679921467127 HTTP/1.1" 200 240
181.212.43.89 - - [27/Mar/2023:10:06:32 -0300] "GET /cormun/servlet/solicitudot?401d9129aab5e65e735e9e9c1338e6b8cc14c3c518358b9e6130a649794571cda6f600512d5f8aa756279a1a4106d3868ff3a2348354c187011ce817d77ea8977c1e62aa57e6acf0cc9d7231dea98ffa3625625589bd057f95eb666f3d185ded42bd0445da1064a88625c538a7a01a4d570ce2b6327f166766cf110d153ca3aec9d2bd250425d777f2da1e323f791a35f2cb5008ff3eadd83dd44a75dfafca3a3714eeb9070d29cb18ac40292fd16fdd02bd14af6500cfae302001f272e41c599b7646caac3c59f5b3c8b13535dea43617b1050d5583ea6c4387ca14da539b276b152b8e226dae2f7b448aa0d61575673773df34c5dda1237006a2e674a26f26f9b205917c5cf0cbd577e989315fcee1de0f5f1295946527d2c3713d705ee4dbe7bf4fdd27596dedb9003dfc6324e6b45af45893054c7a81bb8abcfe73829f8fcbffac99b11cbf11905a3f994cf6137c571004ae9fee9ae4dcb0d542198d167c1229b536e521281582b3974312a38c96b215ba8216ecfd7b12f2324ba3eb7473,gx-no-cache=1679921467150 HTTP/1.1" 200 30
181.212.43.89 - - [27/Mar/2023:10:06:32 -0300] "POST /cormun/servlet/solicitudot?gx-no-cache=1679921467171 HTTP/1.1" 200 30
181.212.43.89 - - [27/Mar/2023:10:06:32 -0300] "POST /cormun/servlet/solicitudot?gx-no-cache=1679921467194 HTTP/1.1" 200 1468
181.212.43.89 - - [27/Mar/2023:10:06:32 -0300] "POST /cormun/servlet/solicitudot?gx-no-cache=1679921467266 HTTP/1.1" 200 41
181.212.43.89 - - [27/Mar/2023:10:06:33 -0300] "GET /cormun/servlet/solicitudot?401d9129aab5e65e735e9e9c1338e6b8909f83c0631ad9ddda272ff9ac79c80ca9d2b9bdfd7ce151f3f57c1b5b7f1db6a625a02bced45668c37f3a3fbadeb6bd2c39dd2c06e9f5f694bf7902f3a561ff3a13c1339cf224acd29e1fa51f0bdf8410110ccbbaf33aa730caa9dc9a60d5c2,gx-no-cache=1679921468422 HTTP/1.1" 200 110
181.212.43.89 - - [27/Mar/2023:10:06:33 -0300] "POST /cormun/servlet/solicitudot?gx-no-cache=1679921468444 HTTP/1.1" 200 97
181.212.43.89 - - [27/Mar/2023:10:06:34 -0300] "GET /cormun/servlet/solicitudot?401d9129aab5e65e735e9e9c1338e6b85cf5a0ddc58adc2277eda6c92c1c918ef2d7d64e5ec23b4473caab4dcf6581547853ce750b825797947cb0b419705e1fb6adc6fe50ecaf4b1c6fdfd95578a3a46be42e973b6274b270239a6786266d276443c46928457fd8a67daf83f35c3df1260207b75a29258f4e1771893fdba5b38841d71b51c1bdee230f7338cfe1ab6a5815c3dba568401905a8164b524c042ccf0ca0dd8c8b9575ab955cd478ae75926c34316b0271b44f9fb6746a0927e40392a7015a90eec9a4e0610af8494feb7e,gx-no-cache=1679921469192 HTTP/1.1" 200 30
186.103.157.98 - - [27/Mar/2023:10:06:35 -0300] "GET /cormun/servlet/hlogin HTTP/1.1" 200 1756
181.212.43.89 - - [27/Mar/2023:10:06:44 -0300] "GET /cormun/servlet/solicitudot?401d9129aab5e65e735e9e9c1338e6b88c49b113803ab12abd4c261cb54b0f05cc3148d60ec853f0264c38aae475c404,gx-no-cache=1679921478751 HTTP/1.1" 200 30
181.212.43.89 - - [27/Mar/2023:10:06:44 -0300] "POST /cormun/servlet/solicitudot?gx-no-cache=1679921478779 HTTP/1.1" 200 34
181.212.43.89 - - [27/Mar/2023:10:06:44 -0300] "POST /cormun/servlet/solicitudot?1701ee8fb02f5b84c17e64dfc918a8c4,UPD,2023,19821,false,,gx-no-cache=1679921478816 HTTP/1.1" 200 93
181.212.43.89 - - [27/Mar/2023:10:06:44 -0300] "GET /cormun/servlet/hpexe_return? HTTP/1.1" 200 1015
181.212.43.89 - - [27/Mar/2023:10:06:44 -0300] "GET /cormun/servlet/trsolicitudot HTTP/1.1" 200 8690
181.212.43.89 - - [27/Mar/2023:10:06:44 -0300] "GET /cormun/servlet/trsolicitudot HTTP/1.1" 200 8687
181.212.43.89 - - [27/Mar/2023:10:06:47 -0300] "GET /cormun/servlet/solicitudot?INS,0,0,false, HTTP/1.1" 200 15873
181.212.43.89 - - [27/Mar/2023:10:06:47 -0300] "GET /cormun/servlet/solicitudot?INS,0,0,false, HTTP/1.1" 200 15880
181.212.43.89 - - [27/Mar/2023:10:06:59 -0300] "POST /cormun/servlet/solicitudot?gx-no-cache=1679921494615 HTTP/1.1" 200 3943
181.212.43.89 - - [27/Mar/2023:10:07:00 -0300] "POST /cormun/servlet/solicitudot?1701ee8fb02f5b84c17e64dfc918a8c4,INS,0,0,false,,gx-no-cache=1679921494736 HTTP/1.1" 200 12493
181.212.43.89 - - [27/Mar/2023:10:07:01 -0300] "GET /cormun/servlet/solicitudot?401d9129aab5e65e735e9e9c1338e6b855839a5627673433f370caf7f101e019fa4e9c807569f8c1f17b37e22e01cfab,gx-no-cache=1679921496453 HTTP/1.1" 200 30
190.171.142.42 - - [27/Mar/2023:10:07:25 -0300] "POST /cormun/servlet/permisogoce?3de71cd3083575cba479e32d8a773d72,INS,0,,,,gx-no-cache=1679921521976 HTTP/1.1" 200 4761
190.171.142.42 - - [27/Mar/2023:10:07:25 -0300] "GET /cormun/static/Shared/jqueryui/images/ui-bg_highlight-soft_100_c6c2c8_1x100.png HTTP/1.1" 404 1117
190.171.142.42 - - [27/Mar/2023:10:07:25 -0300] "GET /cormun/static/Shared/jqueryui/images/ui-icons_82798d_256x240.png HTTP/1.1" 404 1089
190.171.142.42 - - [27/Mar/2023:10:07:25 -0300] "GET /cormun/static/Shared/jqueryui/images/ui-icons_ebccce_256x240.png HTTP/1.1" 404 1089
190.171.142.42 - - [27/Mar/2023:10:07:25 -0300] "GET /cormun/static/Shared/jqueryui/images/ui-bg_flat_55_994d53_40x100.png HTTP/1.1" 404 1097
190.171.142.42 - - [27/Mar/2023:10:07:29 -0300] "GET /cormun/servlet/permisogoce?fe6d0c5ca54db4dc3ab732f82422c69bdfdb2d456b7f4bd5465ac12534f6fd691c91a4f9862769875c6d4f99f5ecd03ffffe647a783b23a0a045d5ab36a7b76e471cd97bfa509c63d7198cae6cdbd7f6a02411303152c54b32e5162ab6c1f9b4fccd9bc8c896430993269315d772a287471cd97bfa509c63d7198cae6cdbd7f6a02411303152c54b32e5162ab6c1f9b4fffe647a783b23a0a045d5ab36a7b76ea80d9e3165cc5456f38e2f10560e06b8708b1619de96609c8584080ae29b5c920e28f2009dc383b97520d91d4523b5479d4464f1b9fda8955fb3ff1a7f3113b4,gx-no-cache=1679921525698 HTTP/1.1" 200 83
190.171.142.42 - - [27/Mar/2023:10:07:29 -0300] "GET /cormun/static/menuarrow.gif HTTP/1.1" 404 1015
190.171.142.42 - - [27/Mar/2023:10:07:33 -0300] "GET /cormun/servlet/permisogoce?fe6d0c5ca54db4dc3ab732f82422c69bc93b6289e837d025a8f670c181e22930224793a8e33781b7d9b4df5725402dfdbe3722990c1d0d4498d09815636a68d4,gx-no-cache=1679921530577 HTTP/1.1" 200 47
190.171.142.42 - - [27/Mar/2023:10:07:36 -0300] "POST /cormun/servlet/permisogoce?3de71cd3083575cba479e32d8a773d72,INS,0,,,,gx-no-cache=1679921532740 HTTP/1.1" 200 93
190.171.142.42 - - [27/Mar/2023:10:07:36 -0300] "GET /cormun/servlet/hpexe_return? HTTP/1.1" 200 1014
190.171.142.42 - - [27/Mar/2023:10:07:36 -0300] "GET /cormun/servlet/trpermisosgoce HTTP/1.1" 200 9622
190.171.142.42 - - [27/Mar/2023:10:07:37 -0300] "GET /cormun/servlet/trpermisosgoce HTTP/1.1" 200 9618
190.171.142.42 - - [27/Mar/2023:10:07:42 -0300] "GET /cormun/servlet/trlicencias? HTTP/1.1" 200 12393
190.171.142.42 - - [27/Mar/2023:10:07:42 -0300] "GET /cormun/servlet/trlicencias? HTTP/1.1" 200 12392
186.103.157.98 - - [27/Mar/2023:10:08:29 -0300] "GET /cormun/servlet/trautorizarsolicitud? HTTP/1.1" 200 6218
186.103.157.98 - - [27/Mar/2023:10:08:30 -0300] "GET /cormun/servlet/hlogin HTTP/1.1" 200 1743
186.103.157.98 - - [27/Mar/2023:10:08:30 -0300] "GET /cormun/servlet/trautorizarsolicitud? HTTP/1.1" 200 6215
186.103.157.98 - - [27/Mar/2023:10:08:33 -0300] "POST /cormun/servlet/hlogin?4245671d828a21af2a2422a1de01202b,gx-no-cache=1679921589782 HTTP/1.1" 200 90
186.103.157.98 - - [27/Mar/2023:10:08:33 -0300] "GET /cormun/servlet/hpexe_link HTTP/1.1" 200 958
186.103.157.98 - - [27/Mar/2023:10:08:33 -0300] "GET /cormun/servlet/trautorizarsolicitud HTTP/1.1" 200 8689
186.103.157.98 - - [27/Mar/2023:10:08:33 -0300] "GET /cormun/servlet/trautorizarsolicitud HTTP/1.1" 200 8689
186.103.157.98 - - [27/Mar/2023:10:08:38 -0300] "POST /cormun/servlet/trautorizarsolicitud?4245671d828a21af2a2422a1de01202b,gx-no-cache=1679921595465 HTTP/1.1" 200 4537
186.103.157.98 - - [27/Mar/2023:10:08:38 -0300] "GET /cormun/static/Shared/jqueryui/images/ui-bg_highlight-soft_100_c6c2c8_1x100.png HTTP/1.1" 404 1117
186.103.157.98 - - [27/Mar/2023:10:08:38 -0300] "GET /cormun/static/Shared/jqueryui/images/ui-icons_82798d_256x240.png HTTP/1.1" 404 1089
186.103.157.98 - - [27/Mar/2023:10:08:38 -0300] "GET /cormun/static/Shared/jqueryui/images/ui-icons_8d78a5_256x240.png HTTP/1.1" 404 1089
186.103.157.98 - - [27/Mar/2023:10:08:38 -0300] "GET /cormun/static/Shared/jqueryui/images/ui-bg_flat_55_fafafa_40x100.png HTTP/1.1" 404 1097
190.171.142.42 - - [27/Mar/2023:10:08:39 -0300] "GET /cormun/servlet/trpermisosgoce? HTTP/1.1" 200 9621
186.103.157.98 - - [27/Mar/2023:10:08:39 -0300] "POST /cormun/servlet/trautorizarsolicitud?4245671d828a21af2a2422a1de01202b,gx-no-cache=1679921595644 HTTP/1.1" 200 4273
190.171.142.42 - - [27/Mar/2023:10:08:39 -0300] "GET /cormun/servlet/trpermisosgoce? HTTP/1.1" 200 9618
186.103.157.98 - - [27/Mar/2023:10:08:44 -0300] "GET /cormun/servlet/trautorizarpermisogoce? HTTP/1.1" 200 8450
186.103.157.98 - - [27/Mar/2023:10:08:44 -0300] "GET /cormun/static/gxcfg.js?2020121645532 HTTP/1.1" 200 953
186.103.157.98 - - [27/Mar/2023:10:08:44 -0300] "GET /cormun/static/gxui/gxui-all.css?120300 HTTP/1.1" 200 2179
186.103.157.98 - - [27/Mar/2023:10:08:44 -0300] "GET /cormun/static/trautorizarpermisogoce.js?2020121651492 HTTP/1.1" 200 34948
186.103.157.98 - - [27/Mar/2023:10:08:44 -0300] "GET /cormun/static/Shared/ext/resources/css/ext-all.css?215870 HTTP/1.1" 200 416045
186.103.157.98 - - [27/Mar/2023:10:08:44 -0300] "GET /cormun//static/Resources/PXToolsGridDisplay.png HTTP/1.1" 200 525
186.103.157.98 - - [27/Mar/2023:10:08:44 -0300] "GET /cormun//static/Resources/PXToolsActionPrint.png HTTP/1.1" 200 404
186.103.157.98 - - [27/Mar/2023:10:08:44 -0300] "GET /cormun//static/Resources/PXToolsHeaderHelp.png HTTP/1.1" 200 1333
186.103.157.98 - - [27/Mar/2023:10:08:44 -0300] "GET /cormun//static/Resources/PXToolsHeaderFavorites.png HTTP/1.1" 200 1414
186.103.157.98 - - [27/Mar/2023:10:08:45 -0300] "GET /cormun/servlet/trautorizarpermisogoce? HTTP/1.1" 200 8450
190.171.142.42 - - [27/Mar/2023:10:08:46 -0300] "GET /cormun/servlet/permisogoce?INS,0,,, HTTP/1.1" 200 7123
190.171.142.42 - - [27/Mar/2023:10:08:46 -0300] "GET /cormun/servlet/permisogoce?INS,0,,, HTTP/1.1" 200 7123
181.212.43.89 - - [27/Mar/2023:10:08:48 -0300] "GET /cormun/servlet/prbanco?,MD,,gxPopupLevel%3D0%3B HTTP/1.1" 200 6571
186.103.157.98 - - [27/Mar/2023:10:08:52 -0300] "POST /cormun/servlet/trautorizarpermisogoce?4245671d828a21af2a2422a1de01202b,,gx-no-cache=1679921609148 HTTP/1.1" 200 5549
186.103.157.98 - - [27/Mar/2023:10:08:52 -0300] "GET /cormun/static/Shared/jqueryui/images/ui-bg_highlight-soft_100_c6c2c8_1x100.png HTTP/1.1" 404 1117
186.103.157.98 - - [27/Mar/2023:10:08:52 -0300] "GET /cormun/static/Shared/jqueryui/images/ui-icons_82798d_256x240.png HTTP/1.1" 404 1089
186.103.157.98 - - [27/Mar/2023:10:08:52 -0300] "GET /cormun/static/Shared/jqueryui/images/ui-bg_flat_55_fafafa_40x100.png HTTP/1.1" 404 1097
186.103.157.98 - - [27/Mar/2023:10:08:52 -0300] "GET /cormun/static/Shared/jqueryui/images/ui-icons_8d78a5_256x240.png HTTP/1.1" 404 1089
181.212.43.89 - - [27/Mar/2023:10:08:52 -0300] "GET /cormun/servlet/solicitudot?401d9129aab5e65e735e9e9c1338e6b80e9c632e2fe60cf65e50c40bcf7d08d3aabda6a90b5e2f9238c2486908909b743bcbb97350ffcaebe559390b1658b3a5,gx-no-cache=1679921607569 HTTP/1.1" 200 30
186.103.157.98 - - [27/Mar/2023:10:08:54 -0300] "POST /cormun/servlet/trautorizarpermisogoce?4245671d828a21af2a2422a1de01202b,,gx-no-cache=1679921610426 HTTP/1.1" 200 5279
181.212.43.89 - - [27/Mar/2023:10:08:54 -0300] "GET /cormun/servlet/solicitudot?401d9129aab5e65e735e9e9c1338e6b812118be2232d8a3874f993566563f13e,gx-no-cache=1679921608831 HTTP/1.1" 200 53
186.103.157.98 - - [27/Mar/2023:10:08:55 -0300] "POST /cormun/servlet/trautorizarpermisogoce?4245671d828a21af2a2422a1de01202b,,gx-no-cache=1679921611923 HTTP/1.1" 200 4519
181.212.43.89 - - [27/Mar/2023:10:09:14 -0300] "POST /cormun/servlet/solicitudot?gx-no-cache=1679921629274 HTTP/1.1" 200 240
181.212.43.89 - - [27/Mar/2023:10:09:16 -0300] "GET /cormun/servlet/solicitudot?401d9129aab5e65e735e9e9c1338e6b8cc14c3c518358b9e6130a649794571cda6f600512d5f8aa756279a1a4106d3868ff3a2348354c187011ce817d77ea8977c1e62aa57e6acf0cc9d7231dea98ffa3625625589bd057f95eb666f3d185ded42bd0445da1064a88625c538a7a01a4d570ce2b6327f166766cf110d153ca3aec9d2bd250425d777f2da1e323f791a35f2cb5008ff3eadd83dd44a75dfafca3a3714eeb9070d29cb18ac40292fd16fdd02bd14af6500cfae302001f272e41c599b7646caac3c59f5b3c8b13535dea43617b1050d5583ea6c4387ca14da539b276b152b8e226dae2f7b448aa0d61575673773df34c5dda1237006a2e674a26f26f9b205917c5cf0cbd577e989315fcee1de0f5f1295946527d2c3713d705ee4dbe7bf4fdd27596dedb9003dfc6324e6b45af45893054c7a81bb8abcfe73829f8fcbffac99b11cbf11905a3f994cf6137c571004ae9fee9ae4dcb0d542198d167c1229b536e521281582b3974312a38c96af5712dbf231f8bd1c8a3d7667d695db,gx-no-cache=1679921630902 HTTP/1.1" 200 30
181.212.43.89 - - [27/Mar/2023:10:09:19 -0300] "POST /cormun/servlet/solicitudot?gx-no-cache=1679921633814 HTTP/1.1" 200 30
181.212.43.89 - - [27/Mar/2023:10:09:21 -0300] "GET /cormun/servlet/prsolicitudot?7630674,,,,,MD,,gxPopupLevel%3D0%3B HTTP/1.1" 200 5936
181.212.43.89 - - [27/Mar/2023:10:09:24 -0300] "POST /cormun/servlet/solicitudot?gx-no-cache=1679921639694 HTTP/1.1" 200 1549
181.212.43.89 - - [27/Mar/2023:10:09:25 -0300] "GET /cormun/static/Shared/jqueryui/images/ui-icons_82798d_256x240.png HTTP/1.1" 404 1089
181.212.43.89 - - [27/Mar/2023:10:09:25 -0300] "GET /cormun/static/Shared/jqueryui/images/ui-bg_highlight-soft_100_c6c2c8_1x100.png HTTP/1.1" 404 1117
181.212.43.89 - - [27/Mar/2023:10:09:25 -0300] "GET /cormun/static/Shared/jqueryui/images/ui-bg_flat_55_994d53_40x100.png HTTP/1.1" 404 1097
181.212.43.89 - - [27/Mar/2023:10:09:25 -0300] "GET /cormun/static/Shared/jqueryui/images/ui-icons_ebccce_256x240.png HTTP/1.1" 404 1089
181.212.43.89 - - [27/Mar/2023:10:09:25 -0300] "POST /cormun/servlet/solicitudot?gx-no-cache=1679921639744 HTTP/1.1" 200 117
181.212.43.89 - - [27/Mar/2023:10:09:25 -0300] "GET /cormun/servlet/solicitudot?401d9129aab5e65e735e9e9c1338e6b8909f83c0631ad9ddda272ff9ac79c80ca9d2b9bdfd7ce151f3f57c1b5b7f1db6a625a02bced45668c37f3a3fbadeb6bd2c39dd2c06e9f5f694bf7902f3a561ff3a13c1339cf224acd29e1fa51f0bdf8410110ccbbaf33aa730caa9dc9a60d5c2,gx-no-cache=1679921639768 HTTP/1.1" 200 110
181.212.43.89 - - [27/Mar/2023:10:09:25 -0300] "POST /cormun/servlet/solicitudot?gx-no-cache=1679921639793 HTTP/1.1" 200 64
181.212.43.89 - - [27/Mar/2023:10:09:25 -0300] "GET /cormun/servlet/solicitudot?401d9129aab5e65e735e9e9c1338e6b807486ec6654f8747979cceb08175bf31c7aaf875e2679d495f863fe6a312d12990c790b343d89f608d25cf1090edf741987639ebab092b3f2f247868941e001cea80c07345d206fd8bdb1c20173b06458404fa4ad0b70b77baadf7b976d88875,gx-no-cache=1679921639820 HTTP/1.1" 200 29
181.212.43.89 - - [27/Mar/2023:10:09:25 -0300] "GET /cormun/servlet/solicitudot?401d9129aab5e65e735e9e9c1338e6b88c49b113803ab12abd4c261cb54b0f05fe62ef9e100ec99efc564a99e28cdc04,gx-no-cache=1679921639842 HTTP/1.1" 200 30
89.44.135.3 - - [27/Mar/2023:10:09:44 -0300] "GET / HTTP/1.1" 200 11217
89.44.135.3 - - [27/Mar/2023:10:09:44 -0300] "GET / HTTP/1.1" 200 11217
181.212.43.89 - - [27/Mar/2023:10:09:44 -0300] "GET /cormun/servlet/prfichaempleado?,MD,,gxPopupLevel%3D0%3B HTTP/1.1" 200 9307
181.212.43.89 - - [27/Mar/2023:10:09:44 -0300] "GET /cormun/static/gxcfg.js?20201215571085 HTTP/1.1" 200 953
181.212.43.89 - - [27/Mar/2023:10:09:44 -0300] "GET /cormun/static/prfichaempleado.js?20201215572193 HTTP/1.1" 200 16006
181.212.43.89 - - [27/Mar/2023:10:09:58 -0300] "GET /cormun/servlet/prlicenciaspermisos?5019058,L,,MD,,gxPopupLevel%3D0%3B HTTP/1.1" 200 6267
181.212.43.89 - - [27/Mar/2023:10:10:01 -0300] "POST /cormun/servlet/solicitudot?gx-no-cache=1679921675900 HTTP/1.1" 200 1468
181.212.43.89 - - [27/Mar/2023:10:10:03 -0300] "POST /cormun/servlet/solicitudot?gx-no-cache=1679921678105 HTTP/1.1" 200 41
181.212.43.89 - - [27/Mar/2023:10:10:13 -0300] "GET /cormun/servlet/solicitudot?401d9129aab5e65e735e9e9c1338e6b8909f83c0631ad9ddda272ff9ac79c80ca9d2b9bdfd7ce151f3f57c1b5b7f1db6a625a02bced45668c37f3a3fbadeb6bd2c39dd2c06e9f5f694bf7902f3a561ff3a13c1339cf224acd29e1fa51f0bdf8410110ccbbaf33aa730caa9dc9a60d5c2,gx-no-cache=1679921687847 HTTP/1.1" 200 110
181.212.43.89 - - [27/Mar/2023:10:10:22 -0300] "POST /cormun/servlet/solicitudot?gx-no-cache=1679921697159 HTTP/1.1" 200 72
181.212.43.89 - - [27/Mar/2023:10:10:29 -0300] "POST /cormun/servlet/solicitudot?gx-no-cache=1679921704263 HTTP/1.1" 200 32
181.212.43.89 - - [27/Mar/2023:10:10:34 -0300] "POST /cormun/servlet/solicitudot?1701ee8fb02f5b84c17e64dfc918a8c4,INS,0,0,false,,gx-no-cache=1679921708808 HTTP/1.1" 200 93
181.212.43.89 - - [27/Mar/2023:10:10:34 -0300] "GET /cormun/servlet/hpexe_return? HTTP/1.1" 200 1008
181.212.43.89 - - [27/Mar/2023:10:10:34 -0300] "GET /cormun/servlet/trsolicitudot HTTP/1.1" 200 9042
181.212.43.89 - - [27/Mar/2023:10:10:35 -0300] "GET /cormun/servlet/trsolicitudot HTTP/1.1" 200 9039
181.212.43.89 - - [27/Mar/2023:10:10:54 -0300] "POST /cormun/servlet/trsolicitudot?1701ee8fb02f5b84c17e64dfc918a8c4,gx-no-cache=1679921729156 HTTP/1.1" 200 112
181.212.43.89 - - [27/Mar/2023:10:10:54 -0300] "GET /cormun/servlet/solicitudot?UPD,2023,19822,false, HTTP/1.1" 200 16452
181.212.43.89 - - [27/Mar/2023:10:10:55 -0300] "GET /cormun/servlet/solicitudot?UPD,2023,19822,false, HTTP/1.1" 200 16463
181.212.43.89 - - [27/Mar/2023:10:10:55 -0300] "POST /cormun/servlet/solicitudot?gx-no-cache=1679921730109 HTTP/1.1" 200 4032
181.212.43.89 - - [27/Mar/2023:10:10:55 -0300] "POST /cormun/servlet/solicitudot?1701ee8fb02f5b84c17e64dfc918a8c4,UPD,2023,19822,false,,gx-no-cache=1679921730225 HTTP/1.1" 200 12643
181.212.43.89 - - [27/Mar/2023:10:10:55 -0300] "GET /cormun/servlet/solicitudot?401d9129aab5e65e735e9e9c1338e6b855839a5627673433f370caf7f101e0192d59f7dbf19a20974048713757d806af,gx-no-cache=1679921730370 HTTP/1.1" 200 30
181.212.43.89 - - [27/Mar/2023:10:10:55 -0300] "GET /cormun/servlet/solicitudot?401d9129aab5e65e735e9e9c1338e6b80e9c632e2fe60cf65e50c40bcf7d08d3aabda6a90b5e2f9238c2486908909b745d0242381cf623b4c38e0c7f02ebe23a,gx-no-cache=1679921730394 HTTP/1.1" 200 30
181.212.43.89 - - [27/Mar/2023:10:10:55 -0300] "GET /cormun/servlet/solicitudot?401d9129aab5e65e735e9e9c1338e6b8b13c7a8f0a8555c72c1b43ac9aed1f029af7c2d93833b3e8afef2b316f40e47dd1b88122df80688638b7b0297140738e,gx-no-cache=1679921730413 HTTP/1.1" 200 53
181.212.43.89 - - [27/Mar/2023:10:10:55 -0300] "POST /cormun/servlet/solicitudot?gx-no-cache=1679921730434 HTTP/1.1" 200 239
181.212.43.89 - - [27/Mar/2023:10:10:55 -0300] "GET /cormun/servlet/solicitudot?401d9129aab5e65e735e9e9c1338e6b8cc14c3c518358b9e6130a649794571cda6f600512d5f8aa756279a1a4106d3868ff3a2348354c187011ce817d77ea8977c1e62aa57e6acf0cc9d7231dea98ffa3625625589bd057f95eb666f3d185ded42bd0445da1064a88625c538a7a01a4d570ce2b6327f166766cf110d153ca3aec9d2bd250425d777f2da1e323f791a35f2cb5008ff3eadd83dd44a75dfafca3a3714eeb9070d29cb18ac40292fd16fdd02bd14af6500cfae302001f272e41c599b7646caac3c59f5b3c8b13535dea43617b1050d5583ea6c4387ca14da539b276b152b8e226dae2f7b448aa0d61575673773df34c5dda1237006a2e674a26f26f9b205917c5cf0cbd577e989315fcee1de0f5f1295946527d2c3713d705ee4dbe7bf4fdd27596dedb9003dfc6324e6b45af45893054c7a81bb8abcfe73829f8fcbffac99b11cbf11905a3f994cf6137c571004ae9fee9ae4dcb0d542198d167c1229b536e521281582b3974312a38c96b215ba8216ecfd7b12f2324ba3eb7473,gx-no-cache=1679921730458 HTTP/1.1" 200 30
181.212.43.89 - - [27/Mar/2023:10:10:55 -0300] "POST /cormun/servlet/solicitudot?gx-no-cache=1679921730479 HTTP/1.1" 200 30
181.212.43.89 - - [27/Mar/2023:10:10:55 -0300] "POST /cormun/servlet/solicitudot?gx-no-cache=1679921730503 HTTP/1.1" 200 1470
181.212.43.89 - - [27/Mar/2023:10:10:55 -0300] "POST /cormun/servlet/solicitudot?gx-no-cache=1679921730585 HTTP/1.1" 200 41
181.212.43.89 - - [27/Mar/2023:10:10:56 -0300] "GET /cormun/servlet/solicitudot?401d9129aab5e65e735e9e9c1338e6b8909f83c0631ad9ddda272ff9ac79c80ca9d2b9bdfd7ce151f3f57c1b5b7f1db6a625a02bced45668c37f3a3fbadeb6bd2c39dd2c06e9f5f694bf7902f3a561ff3a13c1339cf224acd29e1fa51f0bdf8410110ccbbaf33aa730caa9dc9a60d5c2,gx-no-cache=1679921731148 HTTP/1.1" 200 110
181.212.43.89 - - [27/Mar/2023:10:10:56 -0300] "POST /cormun/servlet/solicitudot?gx-no-cache=1679921731169 HTTP/1.1" 200 67
181.212.43.89 - - [27/Mar/2023:10:10:57 -0300] "GET /cormun/servlet/solicitudot?401d9129aab5e65e735e9e9c1338e6b85cf5a0ddc58adc2277eda6c92c1c918ef2d7d64e5ec23b4473caab4dcf6581547853ce750b825797947cb0b419705e1fb6adc6fe50ecaf4b1c6fdfd95578a3a46be42e973b6274b270239a6786266d276443c46928457fd8a67daf83f35c3df1260207b75a29258f4e1771893fdba5b38841d71b51c1bdee230f7338cfe1ab6a5815c3dba568401905a8164b524c042ccf0ca0dd8c8b9575ab955cd478ae75926c34316b0271b44f9fb6746a0927e40392a7015a90eec9a4e0610af8494feb7e,gx-no-cache=1679921732142 HTTP/1.1" 200 30
181.212.43.89 - - [27/Mar/2023:10:10:59 -0300] "GET /cormun/servlet/solicitudot?401d9129aab5e65e735e9e9c1338e6b88c49b113803ab12abd4c261cb54b0f05cc3148d60ec853f0264c38aae475c404,gx-no-cache=1679921734192 HTTP/1.1" 200 30
181.212.43.89 - - [27/Mar/2023:10:10:59 -0300] "POST /cormun/servlet/solicitudot?gx-no-cache=1679921734213 HTTP/1.1" 200 32
181.212.43.89 - - [27/Mar/2023:10:10:59 -0300] "POST /cormun/servlet/solicitudot?1701ee8fb02f5b84c17e64dfc918a8c4,UPD,2023,19822,false,,gx-no-cache=1679921734268 HTTP/1.1" 200 93
181.212.43.89 - - [27/Mar/2023:10:10:59 -0300] "GET /cormun/servlet/hpexe_return? HTTP/1.1" 200 1015
181.212.43.89 - - [27/Mar/2023:10:10:59 -0300] "GET /cormun/servlet/trsolicitudot HTTP/1.1" 200 9032
181.212.43.89 - - [27/Mar/2023:10:11:00 -0300] "GET /cormun/servlet/trsolicitudot HTTP/1.1" 200 9028
181.212.43.89 - - [27/Mar/2023:10:11:02 -0300] "POST /cormun/servlet/trsolicitudot?1701ee8fb02f5b84c17e64dfc918a8c4,gx-no-cache=1679921736999 HTTP/1.1" 200 112
181.212.43.89 - - [27/Mar/2023:10:11:02 -0300] "GET /cormun/servlet/solicitudot?UPD,2023,19821,false, HTTP/1.1" 200 16486
190.171.149.90 - - [27/Mar/2023:10:11:02 -0300] "GET /cormun/servlet/trlicencias? HTTP/1.1" 200 9843
181.212.43.89 - - [27/Mar/2023:10:11:02 -0300] "GET /cormun/servlet/solicitudot?UPD,2023,19821,false, HTTP/1.1" 200 16497
181.212.43.89 - - [27/Mar/2023:10:11:03 -0300] "POST /cormun/servlet/solicitudot?gx-no-cache=1679921737894 HTTP/1.1" 200 4022
181.212.43.89 - - [27/Mar/2023:10:11:03 -0300] "POST /cormun/servlet/solicitudot?1701ee8fb02f5b84c17e64dfc918a8c4,UPD,2023,19821,false,,gx-no-cache=1679921738012 HTTP/1.1" 200 12657
181.212.43.89 - - [27/Mar/2023:10:11:03 -0300] "GET /cormun/servlet/solicitudot?401d9129aab5e65e735e9e9c1338e6b855839a5627673433f370caf7f101e0192d59f7dbf19a20974048713757d806af,gx-no-cache=1679921738172 HTTP/1.1" 200 30
181.212.43.89 - - [27/Mar/2023:10:11:03 -0300] "GET /cormun/servlet/solicitudot?401d9129aab5e65e735e9e9c1338e6b80e9c632e2fe60cf65e50c40bcf7d08d3aabda6a90b5e2f9238c2486908909b745d0242381cf623b4c38e0c7f02ebe23a,gx-no-cache=1679921738196 HTTP/1.1" 200 30
181.212.43.89 - - [27/Mar/2023:10:11:03 -0300] "GET /cormun/servlet/solicitudot?401d9129aab5e65e735e9e9c1338e6b8b13c7a8f0a8555c72c1b43ac9aed1f029af7c2d93833b3e8afef2b316f40e47dd1b88122df80688638b7b0297140738e,gx-no-cache=1679921738218 HTTP/1.1" 200 53
181.212.43.89 - - [27/Mar/2023:10:11:03 -0300] "POST /cormun/servlet/solicitudot?gx-no-cache=1679921738256 HTTP/1.1" 200 240
181.212.43.89 - - [27/Mar/2023:10:11:03 -0300] "GET /cormun/servlet/solicitudot?401d9129aab5e65e735e9e9c1338e6b8cc14c3c518358b9e6130a649794571cda6f600512d5f8aa756279a1a4106d3868ff3a2348354c187011ce817d77ea8977c1e62aa57e6acf0cc9d7231dea98ffa3625625589bd057f95eb666f3d185ded42bd0445da1064a88625c538a7a01a4d570ce2b6327f166766cf110d153ca3aec9d2bd250425d777f2da1e323f791a35f2cb5008ff3eadd83dd44a75dfafca3a3714eeb9070d29cb18ac40292fd16fdd02bd14af6500cfae302001f272e41c599b7646caac3c59f5b3c8b13535dea43617b1050d5583ea6c4387ca14da539b276b152b8e226dae2f7b448aa0d61575673773df34c5dda1237006a2e674a26f26f9b205917c5cf0cbd577e989315fcee1de0f5f1295946527d2c3713d705ee4dbe7bf4fdd27596dedb9003dfc6324e6b45af45893054c7a81bb8abcfe73829f8fcbffac99b11cbf11905a3f994cf6137c571004ae9fee9ae4dcb0d542198d167c1229b536e521281582b3974312a38c96b215ba8216ecfd7b12f2324ba3eb7473,gx-no-cache=1679921738280 HTTP/1.1" 200 30
190.171.149.90 - - [27/Mar/2023:10:11:03 -0300] "GET /cormun/servlet/trlicencias? HTTP/1.1" 200 9843
181.212.43.89 - - [27/Mar/2023:10:11:03 -0300] "POST /cormun/servlet/solicitudot?gx-no-cache=1679921738303 HTTP/1.1" 200 30
181.212.43.89 - - [27/Mar/2023:10:11:03 -0300] "POST /cormun/servlet/solicitudot?gx-no-cache=1679921738327 HTTP/1.1" 200 1468
181.212.43.89 - - [27/Mar/2023:10:11:03 -0300] "POST /cormun/servlet/solicitudot?gx-no-cache=1679921738416 HTTP/1.1" 200 41
181.212.43.89 - - [27/Mar/2023:10:11:29 -0300] "POST /cormun/servlet/solicitudot?gx-no-cache=1679921764195 HTTP/1.1" 200 30
181.212.43.89 - - [27/Mar/2023:10:11:29 -0300] "POST /cormun/servlet/solicitudot?gx-no-cache=1679921764243 HTTP/1.1" 200 1468
181.212.43.89 - - [27/Mar/2023:10:11:29 -0300] "POST /cormun/servlet/solicitudot?gx-no-cache=1679921764328 HTTP/1.1" 200 41
181.212.43.89 - - [27/Mar/2023:10:11:29 -0300] "GET /cormun/servlet/solicitudot?401d9129aab5e65e735e9e9c1338e6b8909f83c0631ad9ddda272ff9ac79c80ca9d2b9bdfd7ce151f3f57c1b5b7f1db6a625a02bced45668c37f3a3fbadeb6bd2c39dd2c06e9f5f694bf7902f3a561ff3a13c1339cf224acd29e1fa51f0bdf8410110ccbbaf33aa730caa9dc9a60d5c2,gx-no-cache=1679921764351 HTTP/1.1" 200 110
181.212.43.89 - - [27/Mar/2023:10:11:29 -0300] "POST /cormun/servlet/solicitudot?gx-no-cache=1679921764375 HTTP/1.1" 200 97
181.212.43.89 - - [27/Mar/2023:10:11:29 -0300] "GET /cormun/servlet/solicitudot?401d9129aab5e65e735e9e9c1338e6b8f858523e0bc0168794d6dba7f87b6961f2d7d64e5ec23b4473caab4dcf6581547853ce750b825797947cb0b419705e1fb6adc6fe50ecaf4b1c6fdfd95578a3a46be42e973b6274b270239a6786266d276443c46928457fd8a67daf83f35c3df1260207b75a29258f4e1771893fdba5b38841d71b51c1bdee230f7338cfe1ab6a5815c3dba568401905a8164b524c042ccf0ca0dd8c8b9575ab955cd478ae75926c34316b0271b44f9fb6746a0927e40392a7015a90eec9a4e0610af8494feb7e,gx-no-cache=1679921764401 HTTP/1.1" 200 29
181.212.43.89 - - [27/Mar/2023:10:11:29 -0300] "GET /cormun/servlet/solicitudot?401d9129aab5e65e735e9e9c1338e6b88c49b113803ab12abd4c261cb54b0f05cc3148d60ec853f0264c38aae475c404,gx-no-cache=1679921764422 HTTP/1.1" 200 30
181.212.43.89 - - [27/Mar/2023:10:11:29 -0300] "POST /cormun/servlet/solicitudot?gx-no-cache=1679921764444 HTTP/1.1" 200 34
181.212.43.89 - - [27/Mar/2023:10:11:30 -0300] "POST /cormun/servlet/solicitudot?1701ee8fb02f5b84c17e64dfc918a8c4,UPD,2023,19821,false,,gx-no-cache=1679921764469 HTTP/1.1" 200 93
181.212.43.89 - - [27/Mar/2023:10:11:30 -0300] "GET /cormun/servlet/hpexe_return? HTTP/1.1" 200 1015
181.212.43.89 - - [27/Mar/2023:10:11:30 -0300] "GET /cormun/servlet/trsolicitudot HTTP/1.1" 200 9032
181.212.43.89 - - [27/Mar/2023:10:11:30 -0300] "GET /cormun/servlet/trsolicitudot HTTP/1.1" 200 9028
181.212.43.89 - - [27/Mar/2023:10:11:34 -0300] "POST /cormun/servlet/trsolicitudot?1701ee8fb02f5b84c17e64dfc918a8c4,gx-no-cache=1679921769300 HTTP/1.1" 200 112
181.212.43.89 - - [27/Mar/2023:10:11:34 -0300] "GET /cormun/servlet/solicitudot?UPD,2023,19822,false, HTTP/1.1" 200 16451
181.212.43.89 - - [27/Mar/2023:10:11:35 -0300] "GET /cormun/servlet/solicitudot?UPD,2023,19822,false, HTTP/1.1" 200 16462
181.212.43.89 - - [27/Mar/2023:10:11:35 -0300] "POST /cormun/servlet/solicitudot?gx-no-cache=1679921770212 HTTP/1.1" 200 4032
181.212.43.89 - - [27/Mar/2023:10:11:35 -0300] "POST /cormun/servlet/solicitudot?1701ee8fb02f5b84c17e64dfc918a8c4,UPD,2023,19822,false,,gx-no-cache=1679921770366 HTTP/1.1" 200 12644
181.212.43.89 - - [27/Mar/2023:10:11:35 -0300] "GET /cormun/servlet/solicitudot?401d9129aab5e65e735e9e9c1338e6b855839a5627673433f370caf7f101e0192d59f7dbf19a20974048713757d806af,gx-no-cache=1679921770596 HTTP/1.1" 200 30
181.212.43.89 - - [27/Mar/2023:10:11:35 -0300] "GET /cormun/servlet/solicitudot?401d9129aab5e65e735e9e9c1338e6b80e9c632e2fe60cf65e50c40bcf7d08d3aabda6a90b5e2f9238c2486908909b745d0242381cf623b4c38e0c7f02ebe23a,gx-no-cache=1679921770620 HTTP/1.1" 200 30
181.212.43.89 - - [27/Mar/2023:10:11:35 -0300] "GET /cormun/servlet/solicitudot?401d9129aab5e65e735e9e9c1338e6b8b13c7a8f0a8555c72c1b43ac9aed1f029af7c2d93833b3e8afef2b316f40e47dd1b88122df80688638b7b0297140738e,gx-no-cache=1679921770641 HTTP/1.1" 200 53
181.212.43.89 - - [27/Mar/2023:10:11:35 -0300] "POST /cormun/servlet/solicitudot?gx-no-cache=1679921770665 HTTP/1.1" 200 239
181.212.43.89 - - [27/Mar/2023:10:11:35 -0300] "GET /cormun/servlet/solicitudot?401d9129aab5e65e735e9e9c1338e6b8cc14c3c518358b9e6130a649794571cda6f600512d5f8aa756279a1a4106d3868ff3a2348354c187011ce817d77ea8977c1e62aa57e6acf0cc9d7231dea98ffa3625625589bd057f95eb666f3d185ded42bd0445da1064a88625c538a7a01a4d570ce2b6327f166766cf110d153ca3aec9d2bd250425d777f2da1e323f791a35f2cb5008ff3eadd83dd44a75dfafca3a3714eeb9070d29cb18ac40292fd16fdd02bd14af6500cfae302001f272e41c599b7646caac3c59f5b3c8b13535dea43617b1050d5583ea6c4387ca14da539b276b152b8e226dae2f7b448aa0d61575673773df34c5dda1237006a2e674a26f26f9b205917c5cf0cbd577e989315fcee1de0f5f1295946527d2c3713d705ee4dbe7bf4fdd27596dedb9003dfc6324e6b45af45893054c7a81bb8abcfe73829f8fcbffac99b11cbf11905a3f994cf6137c571004ae9fee9ae4dcb0d542198d167c1229b536e521281582b3974312a38c96b215ba8216ecfd7b12f2324ba3eb7473,gx-no-cache=1679921770689 HTTP/1.1" 200 30
181.212.43.89 - - [27/Mar/2023:10:11:36 -0300] "POST /cormun/servlet/solicitudot?gx-no-cache=1679921770722 HTTP/1.1" 200 30
181.212.43.89 - - [27/Mar/2023:10:11:36 -0300] "POST /cormun/servlet/solicitudot?gx-no-cache=1679921770759 HTTP/1.1" 200 1470
181.212.43.89 - - [27/Mar/2023:10:11:36 -0300] "POST /cormun/servlet/solicitudot?gx-no-cache=1679921770887 HTTP/1.1" 200 41
