186.103.157.98 - - [27/Mar/2023:09:47:16 -0300] "GET /cormun/servlet/solicitudot?c6ae5be5b1fd71b2c2669eec29f73dfc5a69f407e94fec0724ae646f928faf11c787f2504c51edf244b247718a510251053d9e64c13455e7a3baefe255e07d9845b61fd6328cdc5feb087de7caea244bd809dc3ab88b3c7da27ac4590ac186d8c51a612a4e0cc4d7a93a7dd0bc3c0a887f9ce48ad05198f1e16ee03cdbb212cd63ebb4ba756240f388a11284b0f1eb19948107f1c79a4ea8afdf3d789fbc1be9d11e6ea8c232d22adc249a091a12dc7d41d305d77a4998d65d1234a0580f4291f228efc3f1d77a65d2fd2e9a162b0db84670ab026f4f5bb9ac5791c17aa56817ba994a624a430ffd825be07e19224a4edbfdf1bdda495536c382bc9be8502275a27d8fac00d6c6968e5928758888984f89ff99b3055d5661e5395b270b202d37018a4b196d7c857eb62441d688160fcf01f04cdc0cd4829381ae9ec378e501632f7da3ad618d28b61c85283fcdc380f34e1b1b7b46605540596f476acbba859f77ba5c5af01f432e4ee7ee1546d82b900858525fa6ab432d92d2db7f13ac2565,gx-no-cache=1679920314432 HTTP/1.1" 200 30
190.171.149.90 - - [27/Mar/2023:09:47:17 -0300] "GET /cormun/servlet/trlicencias? HTTP/1.1" 200 9845
190.171.149.90 - - [27/Mar/2023:09:47:17 -0300] "GET /cormun/static/trlicencias.js?202012162481 HTTP/1.1" 304 -
190.171.149.90 - - [27/Mar/2023:09:47:18 -0300] "GET /cormun/servlet/trlicencias? HTTP/1.1" 200 9843
186.103.157.98 - - [27/Mar/2023:09:47:25 -0300] "POST /cormun/servlet/solicitudot?gx-no-cache=1679920322754 HTTP/1.1" 200 30
186.103.157.98 - - [27/Mar/2023:09:47:29 -0300] "GET /cormun/servlet/prfichaempleado?,MD,,gxPopupLevel%3D0%3B HTTP/1.1" 200 9306
186.103.157.98 - - [27/Mar/2023:09:47:38 -0300] "POST /cormun/servlet/prfichaempleado?751525f52423fc0b68630286b45a26a3,,MD,,gxPopupLevel%3D0%3B,gx-no-cache=1679920335964 HTTP/1.1" 200 3426
190.171.142.18 - - [27/Mar/2023:09:47:40 -0300] "POST /cormun/servlet/solicitudot?6ef733d080ab4058608e06157b219de3,INS,0,0,false,,gx-no-cache=1679920542211 HTTP/1.1" 200 93
190.171.142.18 - - [27/Mar/2023:09:47:40 -0300] "GET /cormun/servlet/hpexe_return? HTTP/1.1" 200 1009
190.171.142.18 - - [27/Mar/2023:09:47:40 -0300] "GET /cormun/static/gxcfg.js?201991422392976 HTTP/1.1" 200 953
190.171.142.18 - - [27/Mar/2023:09:47:40 -0300] "GET /cormun/static/hpexe_return.js?201991422392984 HTTP/1.1" 200 1633
190.171.142.18 - - [27/Mar/2023:09:47:41 -0300] "GET /cormun/servlet/trsolicitudot HTTP/1.1" 200 11174
190.171.142.18 - - [27/Mar/2023:09:47:41 -0300] "GET /cormun/servlet/trsolicitudot HTTP/1.1" 200 11170
186.103.157.98 - - [27/Mar/2023:09:47:44 -0300] "POST /cormun/servlet/solicitudot?gx-no-cache=1679920342153 HTTP/1.1" 200 1468
186.103.157.98 - - [27/Mar/2023:09:47:44 -0300] "GET /cormun/static/menuarrow.gif HTTP/1.1" 404 1015
190.171.142.18 - - [27/Mar/2023:09:47:50 -0300] "POST /cormun/servlet/trsolicitudot?6ef733d080ab4058608e06157b219de3,gx-no-cache=1679920552265 HTTP/1.1" 200 8510
190.171.142.18 - - [27/Mar/2023:09:47:50 -0300] "GET /cormun/static/Shared/jqueryui/images/ui-bg_highlight-soft_100_c6c2c8_1x100.png HTTP/1.1" 404 1117
190.171.142.18 - - [27/Mar/2023:09:47:50 -0300] "GET /cormun/static/Shared/jqueryui/images/ui-icons_82798d_256x240.png HTTP/1.1" 404 1089
190.171.142.18 - - [27/Mar/2023:09:47:50 -0300] "GET /cormun/static/Shared/jqueryui/images/ui-bg_flat_55_fafafa_40x100.png HTTP/1.1" 404 1097
190.171.142.18 - - [27/Mar/2023:09:47:50 -0300] "GET /cormun/static/Shared/jqueryui/images/ui-icons_8d78a5_256x240.png HTTP/1.1" 404 1089
190.171.142.18 - - [27/Mar/2023:09:47:55 -0300] "POST /cormun/servlet/trsolicitudot?6ef733d080ab4058608e06157b219de3,gx-no-cache=1679920557438 HTTP/1.1" 200 8510
190.171.142.18 - - [27/Mar/2023:09:47:57 -0300] "GET /cormun/servlet/trautorizarsolicitud? HTTP/1.1" 200 11047
190.171.142.18 - - [27/Mar/2023:09:47:58 -0300] "GET /cormun/servlet/trautorizarsolicitud? HTTP/1.1" 200 11047
190.171.142.18 - - [27/Mar/2023:09:48:10 -0300] "POST /cormun/servlet/trautorizarsolicitud?6ef733d080ab4058608e06157b219de3,,gx-no-cache=1679920572265 HTTP/1.1" 200 8188
190.171.142.18 - - [27/Mar/2023:09:48:10 -0300] "GET /cormun/static/Shared/jqueryui/images/ui-icons_82798d_256x240.png HTTP/1.1" 404 1089
190.171.142.18 - - [27/Mar/2023:09:48:10 -0300] "GET /cormun/static/Shared/jqueryui/images/ui-bg_highlight-soft_100_c6c2c8_1x100.png HTTP/1.1" 404 1117
190.171.142.18 - - [27/Mar/2023:09:48:10 -0300] "GET /cormun/static/Shared/jqueryui/images/ui-bg_flat_55_fafafa_40x100.png HTTP/1.1" 404 1097
190.171.142.18 - - [27/Mar/2023:09:48:10 -0300] "GET /cormun/static/Shared/jqueryui/images/ui-icons_8d78a5_256x240.png HTTP/1.1" 404 1089
190.171.142.18 - - [27/Mar/2023:09:48:12 -0300] "GET /cormun/servlet/trsolicitudot? HTTP/1.1" 200 11170
190.171.142.18 - - [27/Mar/2023:09:48:12 -0300] "GET /cormun/servlet/trsolicitudot? HTTP/1.1" 200 11170
190.171.142.18 - - [27/Mar/2023:09:48:15 -0300] "POST /cormun/servlet/trsolicitudot?6ef733d080ab4058608e06157b219de3,,gx-no-cache=1679920577338 HTTP/1.1" 200 8513
190.171.142.18 - - [27/Mar/2023:09:48:15 -0300] "GET /cormun/static/Shared/jqueryui/images/ui-icons_82798d_256x240.png HTTP/1.1" 404 1089
190.171.142.18 - - [27/Mar/2023:09:48:15 -0300] "GET /cormun/static/Shared/jqueryui/images/ui-bg_highlight-soft_100_c6c2c8_1x100.png HTTP/1.1" 404 1117
190.171.142.18 - - [27/Mar/2023:09:48:15 -0300] "GET /cormun/static/Shared/jqueryui/images/ui-bg_flat_55_fafafa_40x100.png HTTP/1.1" 404 1097
190.171.142.18 - - [27/Mar/2023:09:48:15 -0300] "GET /cormun/static/Shared/jqueryui/images/ui-icons_8d78a5_256x240.png HTTP/1.1" 404 1089
190.171.142.18 - - [27/Mar/2023:09:48:17 -0300] "GET /cormun/servlet/trautorizarsolicitud? HTTP/1.1" 200 11047
190.171.142.18 - - [27/Mar/2023:09:48:18 -0300] "GET /cormun/servlet/trautorizarsolicitud? HTTP/1.1" 200 11047
190.171.142.18 - - [27/Mar/2023:09:48:41 -0300] "POST /cormun/servlet/trautorizarsolicitud?6ef733d080ab4058608e06157b219de3,,gx-no-cache=1679920603832 HTTP/1.1" 200 8188
190.171.142.18 - - [27/Mar/2023:09:48:41 -0300] "GET /cormun/static/Shared/jqueryui/images/ui-bg_highlight-soft_100_c6c2c8_1x100.png HTTP/1.1" 404 1117
190.171.142.18 - - [27/Mar/2023:09:48:41 -0300] "GET /cormun/static/Shared/jqueryui/images/ui-bg_flat_55_fafafa_40x100.png HTTP/1.1" 404 1097
190.171.142.18 - - [27/Mar/2023:09:48:41 -0300] "GET /cormun/static/Shared/jqueryui/images/ui-icons_8d78a5_256x240.png HTTP/1.1" 404 1089
190.171.142.18 - - [27/Mar/2023:09:48:41 -0300] "GET /cormun/static/Shared/jqueryui/images/ui-icons_82798d_256x240.png HTTP/1.1" 404 1089
190.171.142.18 - - [27/Mar/2023:09:48:44 -0300] "GET /cormun/servlet/trautorizarsolicitud? HTTP/1.1" 200 11047
190.171.142.18 - - [27/Mar/2023:09:48:44 -0300] "GET /cormun/servlet/trautorizarsolicitud? HTTP/1.1" 200 11047
190.95.15.15 - - [27/Mar/2023:09:49:01 -0300] "GET /cormun/servlet/trlicencias? HTTP/1.1" 200 10426
190.95.15.15 - - [27/Mar/2023:09:49:01 -0300] "GET /cormun/servlet/trlicencias? HTTP/1.1" 200 10424
190.171.142.18 - - [27/Mar/2023:09:49:07 -0300] "GET /cormun/servlet/trsolicitudot? HTTP/1.1" 200 11170
190.171.142.18 - - [27/Mar/2023:09:49:08 -0300] "GET /cormun/servlet/trsolicitudot? HTTP/1.1" 200 11170
190.171.142.18 - - [27/Mar/2023:09:49:12 -0300] "GET /cormun/servlet/solicitudot?INS,0,0,false, HTTP/1.1" 200 16233
190.171.142.18 - - [27/Mar/2023:09:49:12 -0300] "GET /cormun/servlet/solicitudot?INS,0,0,false, HTTP/1.1" 200 16241
192.168.10.17 - - [27/Mar/2023:09:49:12 -0300] "GET /cormun/servlet/trsolicitudgral? HTTP/1.1" 200 8300
192.168.10.17 - - [27/Mar/2023:09:49:12 -0300] "GET /cormun/servlet/trsolicitudgral? HTTP/1.1" 200 8288
190.171.142.18 - - [27/Mar/2023:09:49:28 -0300] "POST /cormun/servlet/solicitudot?gx-no-cache=1679920650880 HTTP/1.1" 200 4054
190.171.142.18 - - [27/Mar/2023:09:49:29 -0300] "POST /cormun/servlet/solicitudot?6ef733d080ab4058608e06157b219de3,INS,0,0,false,,gx-no-cache=1679920651081 HTTP/1.1" 200 12897
190.171.142.18 - - [27/Mar/2023:09:50:16 -0300] "GET /cormun/servlet/solicitudot?b57e340b2bd3e535cf71414f62a4e35b449ea9b8cdff00a5b847c106e10044e457f3be9ce80d733f2ca2f5fcfec4438f,gx-no-cache=1679920698942 HTTP/1.1" 200 30
190.171.149.90 - - [27/Mar/2023:09:50:45 -0300] "GET /cormun/servlet/trpermisosgoce? HTTP/1.1" 200 10582
190.171.149.90 - - [27/Mar/2023:09:50:46 -0300] "GET /cormun/servlet/trpermisosgoce? HTTP/1.1" 200 10582
192.168.10.17 - - [27/Mar/2023:09:50:46 -0300] "POST /cormun/servlet/trsolicitudgral?a93c00a26ce7788ef1182a91ce8b6ee9,,gx-no-cache=1679920520343 HTTP/1.1" 200 5264
190.171.142.18 - - [27/Mar/2023:09:52:08 -0300] "GET /cormun/servlet/prbanco?,MD,,gxPopupLevel%3D0%3B HTTP/1.1" 200 6681
190.171.142.18 - - [27/Mar/2023:09:52:14 -0300] "GET /cormun/servlet/solicitudot?b57e340b2bd3e535cf71414f62a4e35b3a38eeab2db41b080896573ccfb2cd5f890ded33c7a07cdf0f5e554610179f097646205d13ecc59a0b65136572bb2489,gx-no-cache=1679920816400 HTTP/1.1" 200 30
190.171.142.18 - - [27/Mar/2023:09:52:15 -0300] "GET /cormun/servlet/solicitudot?b57e340b2bd3e535cf71414f62a4e35b10eef57a7120db1f2ff5219773ee786f,gx-no-cache=1679920818029 HTTP/1.1" 200 53
186.103.157.98 - - [27/Mar/2023:09:52:38 -0300] "POST /cormun/servlet/solicitudot?gx-no-cache=1679920635687 HTTP/1.1" 200 118
186.103.157.98 - - [27/Mar/2023:09:52:38 -0300] "GET /cormun/static/Shared/jqueryui/images/ui-bg_highlight-soft_100_c6c2c8_1x100.png HTTP/1.1" 404 1117
186.103.157.98 - - [27/Mar/2023:09:52:38 -0300] "GET /cormun/static/Shared/jqueryui/images/ui-icons_82798d_256x240.png HTTP/1.1" 404 1089
186.103.157.98 - - [27/Mar/2023:09:52:38 -0300] "GET /cormun/static/Shared/jqueryui/images/ui-bg_flat_55_994d53_40x100.png HTTP/1.1" 404 1097
186.103.157.98 - - [27/Mar/2023:09:52:38 -0300] "GET /cormun/static/Shared/jqueryui/images/ui-icons_ebccce_256x240.png HTTP/1.1" 404 1089
190.171.142.18 - - [27/Mar/2023:09:52:38 -0300] "POST /cormun/servlet/solicitudot?gx-no-cache=1679920840755 HTTP/1.1" 200 297
190.171.142.18 - - [27/Mar/2023:09:52:38 -0300] "GET /cormun/servlet/solicitudot?b57e340b2bd3e535cf71414f62a4e35ba1fbfb04c241e121dc2129679cca1112a15337db4b055e65a443da4edc491e8d5891f4901d5cb8a6d364bf1b0d36984077620a69fc10e84514028050e628fe0397ac2349f0e39433b39dbcd37c1abc9f39ba56fe558f11dcc9188129d87c896bd25f4a1bf141d42de118d4391b1b7a903d9fd7c06389feb1b88e5718c9aef9f775a2c4f067a9988758716663e3433b2f2e1b84d0de7a83e915001d516040bc94982bc48e516b980c74899366f2b818184759929f7cd4c24085c29e8b8e1ed7111b96e1612def3d531ab53a3639d531656bc7dda4b346731dfbed453d6d6030c2aa77f715ecf6eba5872b6d9dd07cafc70424fc2b1f2a5dbe03b75520144088562c579cdd36410bed6fb07fa1a05b51bdd5470a58941c4bab1ec48ac4cd5ac5da2893fed5846a04209b89199d68771619b9901629453000faaf5b7b9b18cd40d5d7923e18db51962f9c070f297aa75378681e0477216a6f1ef672b17d61eedff11bef632c406d2bd8a783e7ed4e2686a97646205d13ecc59a0b65136572bb2489,gx-no-cache=1679920840823 HTTP/1.1" 200 30
186.103.157.98 - - [27/Mar/2023:09:52:53 -0300] "POST /cormun/servlet/solicitudot?gx-no-cache=1679920651136 HTTP/1.1" 200 118
186.103.157.98 - - [27/Mar/2023:09:53:03 -0300] "POST /cormun/servlet/solicitudot?gx-no-cache=1679920660622 HTTP/1.1" 200 118
181.212.42.153 - - [27/Mar/2023:09:53:03 -0300] "GET /cormun/servlet/hlogin HTTP/1.1" 200 1732
181.212.42.153 - - [27/Mar/2023:09:53:03 -0300] "GET /cormun/servlet/hlogin HTTP/1.1" 200 1743
186.103.157.98 - - [27/Mar/2023:09:53:07 -0300] "GET /cormun/servlet/prfichaempleado?,MD,,gxPopupLevel%3D0%3B HTTP/1.1" 200 9306
181.212.42.153 - - [27/Mar/2023:09:53:08 -0300] "POST /cormun/servlet/hlogin?3076e7663aee5de9c89a2d4075ad649a,gx-no-cache=1679920666182 HTTP/1.1" 200 90
181.212.42.153 - - [27/Mar/2023:09:53:08 -0300] "GET /cormun/servlet/hpexe_link HTTP/1.1" 200 959
181.212.42.153 - - [27/Mar/2023:09:53:08 -0300] "GET /cormun/servlet/hhome HTTP/1.1" 200 3969
181.212.42.153 - - [27/Mar/2023:09:53:09 -0300] "GET /cormun/servlet/hhome HTTP/1.1" 200 3965
181.212.42.153 - - [27/Mar/2023:09:53:11 -0300] "GET /cormun/servlet/trpermisosgoce? HTTP/1.1" 200 10730
181.212.42.153 - - [27/Mar/2023:09:53:11 -0300] "GET /cormun/servlet/trpermisosgoce? HTTP/1.1" 200 10721
181.212.42.153 - - [27/Mar/2023:09:53:14 -0300] "GET /cormun/servlet/permisogoce?INS,0,,, HTTP/1.1" 200 6832
181.212.42.153 - - [27/Mar/2023:09:53:14 -0300] "GET /cormun/servlet/permisogoce?INS,0,,, HTTP/1.1" 200 6832
181.212.42.153 - - [27/Mar/2023:09:53:21 -0300] "GET /cormun/servlet/permisogoce?0c2404dbe1e181328c16715b6b9b6f9064ede0043a2eb2dfdb97955120fb3e4397f77316600f3e42019cfc95eacfc567b96eaef55dcb0d5d1e47e16b3bdfea53,gx-no-cache=1679920678678 HTTP/1.1" 200 77
181.212.42.153 - - [27/Mar/2023:09:53:22 -0300] "GET /cormun/static/menuarrow.gif HTTP/1.1" 404 1015
181.212.42.153 - - [27/Mar/2023:09:53:26 -0300] "GET /cormun/servlet/permisogoce?0c2404dbe1e181328c16715b6b9b6f90ede1fc7b9a5528bef437ac60eee73db62ee27a12ed7a098f9261dac217ff1838791afbffb6980f53e19a8790fe2f8f87,gx-no-cache=1679920683810 HTTP/1.1" 200 47
190.171.142.18 - - [27/Mar/2023:09:53:27 -0300] "POST /cormun/servlet/solicitudot?gx-no-cache=1679920889225 HTTP/1.1" 200 30
190.171.142.18 - - [27/Mar/2023:09:53:27 -0300] "POST /cormun/servlet/solicitudot?gx-no-cache=1679920889319 HTTP/1.1" 200 1468
190.171.142.18 - - [27/Mar/2023:09:53:27 -0300] "POST /cormun/servlet/solicitudot?gx-no-cache=1679920889353 HTTP/1.1" 200 38
181.212.42.153 - - [27/Mar/2023:09:53:28 -0300] "POST /cormun/servlet/permisogoce?3076e7663aee5de9c89a2d4075ad649a,INS,0,,,,gx-no-cache=1679920684704 HTTP/1.1" 200 93
181.212.42.153 - - [27/Mar/2023:09:53:28 -0300] "GET /cormun/servlet/hpexe_return? HTTP/1.1" 200 1017
186.103.157.98 - - [27/Mar/2023:09:53:28 -0300] "POST /cormun/servlet/solicitudot?gx-no-cache=1679920685763 HTTP/1.1" 200 118
181.212.42.153 - - [27/Mar/2023:09:53:28 -0300] "GET /cormun/servlet/trpermisosgoce HTTP/1.1" 200 10958
181.212.42.153 - - [27/Mar/2023:09:53:28 -0300] "GET /cormun/servlet/trpermisosgoce HTTP/1.1" 200 10962
181.212.42.153 - - [27/Mar/2023:09:53:30 -0300] "GET /cormun/servlet/apermisogoceprn?17909985,P,20230327093747,PU HTTP/1.1" 200 1650
190.171.141.106 - - [27/Mar/2023:09:53:37 -0300] "GET /cormun/servlet/trlicencias? HTTP/1.1" 200 9032
190.171.141.106 - - [27/Mar/2023:09:53:37 -0300] "GET /cormun/servlet/trlicencias? HTTP/1.1" 200 9044
190.171.141.114 - - [27/Mar/2023:09:53:41 -0300] "GET /cormun/servlet/hlogin HTTP/1.1" 200 1730
190.171.141.114 - - [27/Mar/2023:09:53:41 -0300] "GET /cormun/servlet/hlogin HTTP/1.1" 200 1740
186.103.157.98 - - [27/Mar/2023:09:53:42 -0300] "GET /cormun/servlet/trlicencias? HTTP/1.1" 200 9441
186.103.157.98 - - [27/Mar/2023:09:53:43 -0300] "GET /cormun/servlet/trlicencias? HTTP/1.1" 200 9431
190.171.141.114 - - [27/Mar/2023:09:53:46 -0300] "POST /cormun/servlet/hlogin?9f97e49dbe996a78c639d8745f92e14a,gx-no-cache=1679920707467 HTTP/1.1" 200 444
186.103.157.98 - - [27/Mar/2023:09:53:47 -0300] "GET /cormun/static/menuarrow.gif HTTP/1.1" 404 1015
190.171.141.114 - - [27/Mar/2023:09:53:52 -0300] "POST /cormun/servlet/hlogin?9f97e49dbe996a78c639d8745f92e14a,gx-no-cache=1679920712775 HTTP/1.1" 200 90
190.171.141.114 - - [27/Mar/2023:09:53:52 -0300] "GET /cormun/servlet/hpexe_link HTTP/1.1" 200 956
190.171.141.114 - - [27/Mar/2023:09:53:52 -0300] "GET /cormun/servlet/hhome HTTP/1.1" 200 4009
190.171.141.114 - - [27/Mar/2023:09:53:52 -0300] "GET /cormun/servlet/hhome HTTP/1.1" 200 4005
190.171.142.18 - - [27/Mar/2023:09:53:56 -0300] "POST /cormun/servlet/solicitudot?gx-no-cache=1679920918229 HTTP/1.1" 200 30
190.171.141.114 - - [27/Mar/2023:09:53:57 -0300] "GET /cormun/servlet/trlicencias? HTTP/1.1" 200 9698
190.171.141.114 - - [27/Mar/2023:09:53:58 -0300] "GET /cormun/servlet/trlicencias? HTTP/1.1" 200 9695
190.171.142.18 - - [27/Mar/2023:09:53:59 -0300] "POST /cormun/servlet/solicitudot?gx-no-cache=1679920921456 HTTP/1.1" 200 1468
190.171.142.18 - - [27/Mar/2023:09:53:59 -0300] "POST /cormun/servlet/solicitudot?gx-no-cache=1679920921509 HTTP/1.1" 200 38
190.171.142.18 - - [27/Mar/2023:09:53:59 -0300] "GET /cormun/servlet/solicitudot?b57e340b2bd3e535cf71414f62a4e35b9f4563622dcc6f55fb8b7dd2e07a290cb556d37e9980d5b629d4a2f0ae0198ec6c8487cc5b0aa5d72ba14c3045802525d6c070158616d22aafd9860950e65f4e1211730d8a2003db28e75aad64f6527ebf363fae3d8bab14b7cedb24a899c004,gx-no-cache=1679920921537 HTTP/1.1" 200 110
190.171.142.18 - - [27/Mar/2023:09:53:59 -0300] "POST /cormun/servlet/solicitudot?gx-no-cache=1679920921571 HTTP/1.1" 200 110
186.103.157.98 - - [27/Mar/2023:09:53:59 -0300] "POST /cormun/servlet/trlicencias?751525f52423fc0b68630286b45a26a3,,gx-no-cache=1679920716851 HTTP/1.1" 200 5718
181.212.43.89 - - [27/Mar/2023:09:54:06 -0300] "GET /cormun/servlet/hlogin HTTP/1.1" 200 1724
181.212.43.89 - - [27/Mar/2023:09:54:06 -0300] "GET /cormun/servlet/hlogin HTTP/1.1" 200 1734
181.212.43.89 - - [27/Mar/2023:09:54:06 -0300] "GET /favicon.ico HTTP/1.1" 200 21630
190.171.142.18 - - [27/Mar/2023:09:54:09 -0300] "GET /cormun/servlet/solicitudot?b57e340b2bd3e535cf71414f62a4e35b4cdac11a2bffc1dbfe46dec810851692a66349a2feef57949f57cb2d23727dcdf691305b5c62fe8f17c7fde8089649ec74cd1a8afddd303f3a83ed910cd29f3b80c538da6621a4553aafcb2f8295dc0741759b93944d06bb46a04d3902ba10cb,gx-no-cache=1679920931646 HTTP/1.1" 200 29
190.171.142.18 - - [27/Mar/2023:09:54:09 -0300] "GET /cormun/static/menuarrow.gif HTTP/1.1" 404 1015
186.103.157.98 - - [27/Mar/2023:09:54:12 -0300] "POST /cormun/servlet/solicitudot?gx-no-cache=1679920729718 HTTP/1.1" 200 41
181.212.43.89 - - [27/Mar/2023:09:54:12 -0300] "POST /cormun/servlet/hlogin?1701ee8fb02f5b84c17e64dfc918a8c4,gx-no-cache=1679920727029 HTTP/1.1" 200 90
181.212.43.89 - - [27/Mar/2023:09:54:12 -0300] "GET /cormun/servlet/hpexe_link HTTP/1.1" 200 952
181.212.43.89 - - [27/Mar/2023:09:54:12 -0300] "GET /cormun/servlet/hhome HTTP/1.1" 200 4008
181.212.43.89 - - [27/Mar/2023:09:54:12 -0300] "GET /cormun/servlet/hhome HTTP/1.1" 200 4004
181.212.43.89 - - [27/Mar/2023:09:54:16 -0300] "GET /cormun/servlet/trlicencias? HTTP/1.1" 200 10255
181.212.43.89 - - [27/Mar/2023:09:54:17 -0300] "GET /cormun/servlet/trlicencias? HTTP/1.1" 200 10253
190.171.142.18 - - [27/Mar/2023:09:54:23 -0300] "GET /cormun/servlet/solicitudot?b57e340b2bd3e535cf71414f62a4e35ba290e9b105c52b164ae303509e063ba71fae2e287fcbab33a5aaadd1928667ce,gx-no-cache=1679920945612 HTTP/1.1" 200 30
190.171.142.18 - - [27/Mar/2023:09:54:32 -0300] "POST /cormun/servlet/solicitudot?gx-no-cache=1679920954655 HTTP/1.1" 200 30
190.171.142.42 - - [27/Mar/2023:09:54:32 -0300] "POST /cormun/servlet/hlogin?3de71cd3083575cba479e32d8a773d72,gx-no-cache=1679920749086 HTTP/1.1" 200 90
190.171.142.42 - - [27/Mar/2023:09:54:32 -0300] "GET /cormun/servlet/hpexe_link HTTP/1.1" 200 955
190.171.142.42 - - [27/Mar/2023:09:54:32 -0300] "GET /cormun/servlet/hhome HTTP/1.1" 200 4240
190.171.142.42 - - [27/Mar/2023:09:54:32 -0300] "GET /cormun/servlet/hhome HTTP/1.1" 200 4236
190.171.142.42 - - [27/Mar/2023:09:54:40 -0300] "GET /cormun/servlet/trpermisosgoce? HTTP/1.1" 200 8984
190.171.142.42 - - [27/Mar/2023:09:54:40 -0300] "GET /cormun/servlet/trpermisosgoce? HTTP/1.1" 200 8982
190.171.143.90 - - [27/Mar/2023:09:54:51 -0300] "GET /cormun/servlet/hlogin HTTP/1.1" 200 1723
190.171.143.90 - - [27/Mar/2023:09:54:52 -0300] "GET /cormun/servlet/hlogin HTTP/1.1" 200 1734
190.171.143.90 - - [27/Mar/2023:09:55:08 -0300] "POST /cormun/servlet/hlogin?a888847813fb3569aeefea6d08253a50,gx-no-cache=1679920785025 HTTP/1.1" 200 90
190.171.143.90 - - [27/Mar/2023:09:55:08 -0300] "GET /cormun/servlet/hpexe_link HTTP/1.1" 200 950
190.171.143.90 - - [27/Mar/2023:09:55:08 -0300] "GET /cormun/servlet/hhome HTTP/1.1" 200 4308
190.171.143.90 - - [27/Mar/2023:09:55:08 -0300] "GET /cormun/static/Shared/jqueryui/jquery-ui.min.js HTTP/1.1" 304 -
190.171.143.90 - - [27/Mar/2023:09:55:08 -0300] "GET /cormun/static/Shared/jquery/jquery-1.10.2.min.js HTTP/1.1" 304 -
190.171.143.90 - - [27/Mar/2023:09:55:09 -0300] "GET /cormun/servlet/hhome HTTP/1.1" 200 4304
181.212.43.89 - - [27/Mar/2023:09:55:10 -0300] "GET /cormun/servlet/trsolicitudot? HTTP/1.1" 200 7225
181.212.43.89 - - [27/Mar/2023:09:55:11 -0300] "GET /cormun/servlet/trsolicitudot? HTTP/1.1" 200 7227
190.171.143.90 - - [27/Mar/2023:09:55:12 -0300] "GET /cormun/servlet/trlicencias? HTTP/1.1" 200 10042
190.171.143.90 - - [27/Mar/2023:09:55:13 -0300] "GET /cormun/servlet/trlicencias? HTTP/1.1" 200 10039
181.212.43.89 - - [27/Mar/2023:09:55:14 -0300] "GET /cormun/servlet/solicitudot?INS,0,0,false, HTTP/1.1" 200 15873
181.212.43.89 - - [27/Mar/2023:09:55:14 -0300] "GET /cormun/servlet/solicitudot?INS,0,0,false, HTTP/1.1" 200 15881
186.103.157.98 - - [27/Mar/2023:09:55:49 -0300] "GET /cormun/servlet/solicitudot?c6ae5be5b1fd71b2c2669eec29f73dfc596aa2ace7eaf81578804a5e5436c74ec28b882e7263ca64f39dd47b5e0a96c9ca0ea0cf8d0cc8cbb0b4fd94b771a418f216ac51ec8f9eefd8b4187c44558e1add094209725a31a3c380bfb51df28c6f2abe0a86e7d108149b7312fe54808b3b,gx-no-cache=1679920827061 HTTP/1.1" 200 110
186.103.157.98 - - [27/Mar/2023:09:55:49 -0300] "POST /cormun/servlet/solicitudot?gx-no-cache=1679920827097 HTTP/1.1" 200 97
190.171.143.90 - - [27/Mar/2023:09:55:51 -0300] "POST /cormun/servlet/trlicencias?a888847813fb3569aeefea6d08253a50,,gx-no-cache=1679920826987 HTTP/1.1" 200 101
190.171.143.90 - - [27/Mar/2023:09:55:51 -0300] "GET /cormun/Licencias-7529.xls HTTP/1.1" 200 7168
20.40.115.26 - - [27/Mar/2023:09:55:51 -0300] "GET /cormun/Licencias-7529.xls HTTP/1.1" 200 7168
186.103.157.98 - - [27/Mar/2023:09:56:03 -0300] "GET /cormun/servlet/solicitudot?c6ae5be5b1fd71b2c2669eec29f73dfc0e10f9f3ff63ca49cf34ea9103226eab4e18427bcac70f70218865bc2fc2d69be846b772feeb8681ffd214be771d85a4f3ab4d79196e907ae6f011650fbfe769e3e4c2c0553c3e01b6c5b4a8fe64585d501c463391ed19f5fb6e34d15096041e,gx-no-cache=1679920841237 HTTP/1.1" 200 29
186.103.157.98 - - [27/Mar/2023:09:56:13 -0300] "GET /cormun/servlet/solicitudot?c6ae5be5b1fd71b2c2669eec29f73dfc03923c3616de527f597d8cc0692d56ed24e44efe4d62059557780bda2fa7149f,gx-no-cache=1679920850734 HTTP/1.1" 200 30
181.212.43.89 - - [27/Mar/2023:09:56:13 -0300] "POST /cormun/servlet/solicitudot?gx-no-cache=1679920848381 HTTP/1.1" 200 3943
181.212.43.89 - - [27/Mar/2023:09:56:13 -0300] "POST /cormun/servlet/solicitudot?1701ee8fb02f5b84c17e64dfc918a8c4,INS,0,0,false,,gx-no-cache=1679920848526 HTTP/1.1" 200 12493
181.212.43.89 - - [27/Mar/2023:09:56:14 -0300] "GET /cormun/servlet/solicitudot?401d9129aab5e65e735e9e9c1338e6b855839a5627673433f370caf7f101e019fa4e9c807569f8c1f17b37e22e01cfab,gx-no-cache=1679920849058 HTTP/1.1" 200 30
186.103.157.98 - - [27/Mar/2023:09:56:15 -0300] "POST /cormun/servlet/solicitudot?gx-no-cache=1679920853092 HTTP/1.1" 200 34
186.103.157.98 - - [27/Mar/2023:09:56:53 -0300] "POST /cormun/servlet/solicitudot?751525f52423fc0b68630286b45a26a3,INS,0,0,false,,gx-no-cache=1679920890403 HTTP/1.1" 200 13217
186.103.157.98 - - [27/Mar/2023:09:57:00 -0300] "GET /cormun/servlet/solicitudot?c6ae5be5b1fd71b2c2669eec29f73dfc5a69f407e94fec0724ae646f928faf11c787f2504c51edf244b247718a510251053d9e64c13455e7a3baefe255e07d9845b61fd6328cdc5feb087de7caea244bd809dc3ab88b3c7da27ac4590ac186d8c51a612a4e0cc4d7a93a7dd0bc3c0a887f9ce48ad05198f1e16ee03cdbb212cd63ebb4ba756240f388a11284b0f1eb19948107f1c79a4ea8afdf3d789fbc1be9d11e6ea8c232d22adc249a091a12dc7d41d305d77a4998d65d1234a0580f4291f228efc3f1d77a65d2fd2e9a162b0db84670ab026f4f5bb9ac5791c17aa56817ba994a624a430ffd825be07e19224a4edbfdf1bdda495536c382bc9be8502275a27d8fac00d6c6968e5928758888984f89ff99b3055d5661e5395b270b202d37018a4b196d7c857eb62441d688160fcf01f04cdc0cd4829381ae9ec378e501632f7da3ad618d28b61c85283fcdc380f34e1b1b7b46605540596f476acbba859f77ba5c5af01f432e4ee7ee1546d82b900858525fa6ab432d92d2db7f13ac2565,gx-no-cache=1679920897774 HTTP/1.1" 200 30
186.103.157.98 - - [27/Mar/2023:09:57:00 -0300] "POST /cormun/servlet/solicitudot?gx-no-cache=1679920897806 HTTP/1.1" 200 30
186.103.157.98 - - [27/Mar/2023:09:57:00 -0300] "POST /cormun/servlet/solicitudot?gx-no-cache=1679920897845 HTTP/1.1" 200 1468
186.103.157.98 - - [27/Mar/2023:09:57:00 -0300] "POST /cormun/servlet/solicitudot?gx-no-cache=1679920897950 HTTP/1.1" 200 41
186.103.157.98 - - [27/Mar/2023:09:57:00 -0300] "GET /cormun/servlet/solicitudot?c6ae5be5b1fd71b2c2669eec29f73dfc596aa2ace7eaf81578804a5e5436c74ec28b882e7263ca64f39dd47b5e0a96c9ca0ea0cf8d0cc8cbb0b4fd94b771a418f216ac51ec8f9eefd8b4187c44558e1add094209725a31a3c380bfb51df28c6f2abe0a86e7d108149b7312fe54808b3b,gx-no-cache=1679920897985 HTTP/1.1" 200 110
186.103.157.98 - - [27/Mar/2023:09:57:00 -0300] "POST /cormun/servlet/solicitudot?gx-no-cache=1679920898014 HTTP/1.1" 200 97
186.103.157.98 - - [27/Mar/2023:09:57:00 -0300] "GET /cormun/servlet/solicitudot?c6ae5be5b1fd71b2c2669eec29f73dfc03923c3616de527f597d8cc0692d56ed24e44efe4d62059557780bda2fa7149f,gx-no-cache=1679920898050 HTTP/1.1" 200 30
186.103.157.98 - - [27/Mar/2023:09:57:00 -0300] "POST /cormun/servlet/solicitudot?gx-no-cache=1679920898082 HTTP/1.1" 200 34
186.103.157.98 - - [27/Mar/2023:09:57:01 -0300] "POST /cormun/servlet/solicitudot?751525f52423fc0b68630286b45a26a3,INS,0,0,false,,gx-no-cache=1679920898122 HTTP/1.1" 200 93
186.103.157.98 - - [27/Mar/2023:09:57:01 -0300] "GET /cormun/servlet/hpexe_return? HTTP/1.1" 200 1015
186.103.157.98 - - [27/Mar/2023:09:57:01 -0300] "GET /cormun/servlet/trsolicitudot HTTP/1.1" 200 8951
186.103.157.98 - - [27/Mar/2023:09:57:01 -0300] "GET /cormun/servlet/trsolicitudot HTTP/1.1" 200 8946
186.103.157.98 - - [27/Mar/2023:09:57:08 -0300] "GET /cormun/servlet/treventos?2023,19819, HTTP/1.1" 200 6345
186.103.157.98 - - [27/Mar/2023:09:57:08 -0300] "GET /cormun/servlet/treventos?2023,19819, HTTP/1.1" 200 6345
186.103.157.98 - - [27/Mar/2023:09:57:11 -0300] "GET /cormun/servlet/trsolicitudot? HTTP/1.1" 200 8947
186.103.157.98 - - [27/Mar/2023:09:57:12 -0300] "GET /cormun/servlet/trsolicitudot? HTTP/1.1" 200 8946
186.103.157.98 - - [27/Mar/2023:09:57:15 -0300] "POST /cormun/servlet/trsolicitudot?751525f52423fc0b68630286b45a26a3,,gx-no-cache=1679920912469 HTTP/1.1" 200 106
186.103.157.98 - - [27/Mar/2023:09:57:15 -0300] "GET /cormun/servlet/trsolicitudadjuntos?2023,19819, HTTP/1.1" 200 6382
186.103.157.98 - - [27/Mar/2023:09:57:15 -0300] "GET /cormun/servlet/trsolicitudadjuntos?2023,19819, HTTP/1.1" 200 6382
186.103.157.98 - - [27/Mar/2023:09:57:20 -0300] "GET /cormun/servlet/solicitudotadjuntos?INS,2023,19819,,1, HTTP/1.1" 200 6326
186.103.157.98 - - [27/Mar/2023:09:57:20 -0300] "GET /cormun/static/about:blank HTTP/1.1" 404 1011
186.103.157.98 - - [27/Mar/2023:09:57:20 -0300] "GET /cormun/servlet/solicitudotadjuntos?INS,2023,19819,,1, HTTP/1.1" 200 6320
186.103.157.98 - - [27/Mar/2023:09:57:21 -0300] "GET /cormun/servlet/solicitudotadjuntos?c6ae5be5b1fd71b2c2669eec29f73dfc3df79c98fcdc2d0cf3bbe1fccce7798e8fdf03bb475c54341c1e68a33458eff6,gx-no-cache=1679920918623 HTTP/1.1" 200 30
186.103.157.98 - - [27/Mar/2023:09:57:21 -0300] "POST /cormun/servlet/solicitudotadjuntos?751525f52423fc0b68630286b45a26a3,INS,2023,19819,,1,,gx-no-cache=1679920918735 HTTP/1.1" 200 4198
186.103.157.98 - - [27/Mar/2023:09:57:23 -0300] "POST /cormun/servlet/solicitudotadjuntos?gx-no-cache=1679920920497 HTTP/1.1" 200 26
181.212.43.89 - - [27/Mar/2023:09:57:31 -0300] "GET /cormun/servlet/solicitudot?401d9129aab5e65e735e9e9c1338e6b80e9c632e2fe60cf65e50c40bcf7d08d3aabda6a90b5e2f9238c2486908909b743bcbb97350ffcaebe559390b1658b3a5,gx-no-cache=1679920925796 HTTP/1.1" 200 30
181.212.43.89 - - [27/Mar/2023:09:57:34 -0300] "GET /cormun/servlet/prbanco?,MD,,gxPopupLevel%3D0%3B HTTP/1.1" 200 6571
192.168.10.17 - - [27/Mar/2023:09:57:56 -0300] "POST /cormun/servlet/trsolicitudgral?a93c00a26ce7788ef1182a91ce8b6ee9,,gx-no-cache=1679920950141 HTTP/1.1" 200 5264
181.212.43.89 - - [27/Mar/2023:09:58:05 -0300] "GET /cormun/servlet/solicitudot?401d9129aab5e65e735e9e9c1338e6b812118be2232d8a3874f993566563f13e,gx-no-cache=1679920960587 HTTP/1.1" 200 53
181.212.43.89 - - [27/Mar/2023:09:58:06 -0300] "POST /cormun/servlet/solicitudot?gx-no-cache=1679920961611 HTTP/1.1" 200 240
181.212.43.89 - - [27/Mar/2023:09:58:08 -0300] "GET /cormun/servlet/solicitudot?401d9129aab5e65e735e9e9c1338e6b8cc14c3c518358b9e6130a649794571cda6f600512d5f8aa756279a1a4106d3868ff3a2348354c187011ce817d77ea8977c1e62aa57e6acf0cc9d7231dea98ffa3625625589bd057f95eb666f3d185ded42bd0445da1064a88625c538a7a01a4d570ce2b6327f166766cf110d153ca3aec9d2bd250425d777f2da1e323f791a35f2cb5008ff3eadd83dd44a75dfafca3a3714eeb9070d29cb18ac40292fd16fdd02bd14af6500cfae302001f272e41c599b7646caac3c59f5b3c8b13535dea43617b1050d5583ea6c4387ca14da539b276b152b8e226dae2f7b448aa0d61575673773df34c5dda1237006a2e674a26f26f9b205917c5cf0cbd577e989315fcee1de0f5f1295946527d2c3713d705ee4dbe7bf4fdd27596dedb9003dfc6324e6b45af45893054c7a81bb8abcfe73829f8fcbffac99b11cbf11905a3f994cf6137c571004ae9fee9ae4dcb0d542198d167c1229b536e521281582b3974312a38c96af5712dbf231f8bd1c8a3d7667d695db,gx-no-cache=1679920963262 HTTP/1.1" 200 30
186.103.157.98 - - [27/Mar/2023:09:58:09 -0300] "GET /cormun/servlet/solicitudotadjuntos?c6ae5be5b1fd71b2c2669eec29f73dfc9f903a1fa68922e4d2db44001ae68824,gx-no-cache=1679920966595 HTTP/1.1" 200 30
186.103.157.98 - - [27/Mar/2023:09:58:09 -0300] "GET /cormun/servlet/solicitudotadjuntos?c6ae5be5b1fd71b2c2669eec29f73dfc9f903a1fa68922e4d2db44001ae68824,gx-no-cache=1679920966745 HTTP/1.1" 200 30
186.103.157.98 - - [27/Mar/2023:09:58:09 -0300] "POST /cormun/servlet/solicitudotadjuntos?751525f52423fc0b68630286b45a26a3,INS,2023,19819,,1, HTTP/1.1" 200 116
186.103.157.98 - - [27/Mar/2023:09:58:09 -0300] "GET /cormun/servlet/hpexe_return? HTTP/1.1" 200 1033
186.103.157.98 - - [27/Mar/2023:09:58:09 -0300] "GET /cormun/servlet/trsolicitudadjuntos?2023,19819, HTTP/1.1" 200 9291
186.103.157.98 - - [27/Mar/2023:09:58:10 -0300] "GET /cormun/servlet/trsolicitudadjuntos?2023,19819, HTTP/1.1" 200 9288
181.212.43.89 - - [27/Mar/2023:09:58:11 -0300] "POST /cormun/servlet/solicitudot?gx-no-cache=1679920965849 HTTP/1.1" 200 30
190.171.134.178 - - [27/Mar/2023:09:58:12 -0300] "GET /cormun/servlet/hlogin HTTP/1.1" 200 1728
186.103.157.98 - - [27/Mar/2023:09:58:12 -0300] "GET /cormun/servlet/solicitudotadjuntos?INS,2023,19819,,1, HTTP/1.1" 200 6326
186.103.157.98 - - [27/Mar/2023:09:58:12 -0300] "GET /cormun/static/about:blank HTTP/1.1" 404 1011
190.171.134.178 - - [27/Mar/2023:09:58:12 -0300] "GET /cormun/servlet/hlogin HTTP/1.1" 200 1728
186.103.157.98 - - [27/Mar/2023:09:58:12 -0300] "GET /cormun/servlet/solicitudotadjuntos?INS,2023,19819,,1, HTTP/1.1" 200 6320
186.103.157.98 - - [27/Mar/2023:09:58:13 -0300] "GET /cormun/servlet/solicitudotadjuntos?c6ae5be5b1fd71b2c2669eec29f73dfc3df79c98fcdc2d0cf3bbe1fccce7798e8fdf03bb475c54341c1e68a33458eff6,gx-no-cache=1679920970664 HTTP/1.1" 200 30
186.103.157.98 - - [27/Mar/2023:09:58:13 -0300] "POST /cormun/servlet/solicitudotadjuntos?751525f52423fc0b68630286b45a26a3,INS,2023,19819,,1,,gx-no-cache=1679920970684 HTTP/1.1" 200 4199
190.171.134.178 - - [27/Mar/2023:09:58:14 -0300] "GET /cormun/servlet/hlogin HTTP/1.1" 200 1738
186.103.157.98 - - [27/Mar/2023:09:58:15 -0300] "POST /cormun/servlet/solicitudotadjuntos?gx-no-cache=1679920972638 HTTP/1.1" 200 26
186.103.157.98 - - [27/Mar/2023:09:58:20 -0300] "GET /cormun/servlet/solicitudotadjuntos?c6ae5be5b1fd71b2c2669eec29f73dfc9f903a1fa68922e4d2db44001ae68824,gx-no-cache=1679920978261 HTTP/1.1" 200 30
186.103.157.98 - - [27/Mar/2023:09:58:20 -0300] "GET /cormun/servlet/solicitudotadjuntos?c6ae5be5b1fd71b2c2669eec29f73dfc9f903a1fa68922e4d2db44001ae68824,gx-no-cache=1679920978277 HTTP/1.1" 200 30
186.103.157.98 - - [27/Mar/2023:09:58:20 -0300] "POST /cormun/servlet/solicitudotadjuntos?751525f52423fc0b68630286b45a26a3,INS,2023,19819,,1, HTTP/1.1" 200 116
186.103.157.98 - - [27/Mar/2023:09:58:20 -0300] "GET /cormun/servlet/hpexe_return? HTTP/1.1" 200 1033
186.103.157.98 - - [27/Mar/2023:09:58:21 -0300] "GET /cormun/servlet/trsolicitudadjuntos?2023,19819, HTTP/1.1" 200 9518
186.103.157.98 - - [27/Mar/2023:09:58:21 -0300] "GET /cormun/servlet/trsolicitudadjuntos?2023,19819, HTTP/1.1" 200 9514
190.171.134.178 - - [27/Mar/2023:09:58:24 -0300] "POST /cormun/servlet/hlogin?cf9992ad2e5ac188c326d5a2ffb9e592,gx-no-cache=1679921693202 HTTP/1.1" 200 90
186.103.157.98 - - [27/Mar/2023:09:58:24 -0300] "GET /cormun/servlet/solicitudotadjuntos?INS,2023,19819,,1, HTTP/1.1" 200 6326
186.103.157.98 - - [27/Mar/2023:09:58:24 -0300] "GET /cormun/static/about:blank HTTP/1.1" 404 1011
186.103.157.98 - - [27/Mar/2023:09:58:24 -0300] "GET /cormun/servlet/solicitudotadjuntos?INS,2023,19819,,1, HTTP/1.1" 200 6320
190.171.134.178 - - [27/Mar/2023:09:58:24 -0300] "GET /cormun/servlet/hpexe_link HTTP/1.1" 200 955
190.171.134.178 - - [27/Mar/2023:09:58:25 -0300] "GET /cormun/servlet/hhome HTTP/1.1" 200 3936
186.103.157.98 - - [27/Mar/2023:09:58:25 -0300] "GET /cormun/servlet/solicitudotadjuntos?c6ae5be5b1fd71b2c2669eec29f73dfc3df79c98fcdc2d0cf3bbe1fccce7798e8fdf03bb475c54341c1e68a33458eff6,gx-no-cache=1679920982428 HTTP/1.1" 200 30
186.103.157.98 - - [27/Mar/2023:09:58:25 -0300] "POST /cormun/servlet/solicitudotadjuntos?751525f52423fc0b68630286b45a26a3,INS,2023,19819,,1,,gx-no-cache=1679920982517 HTTP/1.1" 200 4199
190.171.134.178 - - [27/Mar/2023:09:58:26 -0300] "GET /cormun/servlet/hhome HTTP/1.1" 200 3932
186.103.157.98 - - [27/Mar/2023:09:58:28 -0300] "POST /cormun/servlet/solicitudotadjuntos?gx-no-cache=1679920986156 HTTP/1.1" 200 26
186.103.157.98 - - [27/Mar/2023:09:58:33 -0300] "GET /cormun/servlet/solicitudotadjuntos?c6ae5be5b1fd71b2c2669eec29f73dfc9f903a1fa68922e4d2db44001ae68824,gx-no-cache=1679920990719 HTTP/1.1" 200 30
186.103.157.98 - - [27/Mar/2023:09:58:33 -0300] "GET /cormun/servlet/solicitudotadjuntos?c6ae5be5b1fd71b2c2669eec29f73dfc9f903a1fa68922e4d2db44001ae68824,gx-no-cache=1679920990735 HTTP/1.1" 200 30
186.103.157.98 - - [27/Mar/2023:09:58:33 -0300] "POST /cormun/servlet/solicitudotadjuntos?751525f52423fc0b68630286b45a26a3,INS,2023,19819,,1, HTTP/1.1" 200 116
186.103.157.98 - - [27/Mar/2023:09:58:33 -0300] "GET /cormun/servlet/hpexe_return? HTTP/1.1" 200 1033
186.103.157.98 - - [27/Mar/2023:09:58:34 -0300] "GET /cormun/servlet/trsolicitudadjuntos?2023,19819, HTTP/1.1" 200 9766
186.103.157.98 - - [27/Mar/2023:09:58:34 -0300] "GET /cormun/servlet/trsolicitudadjuntos?2023,19819, HTTP/1.1" 200 9765
186.103.157.98 - - [27/Mar/2023:09:58:35 -0300] "GET /cormun/servlet/solicitudotadjuntos?INS,2023,19819,,1, HTTP/1.1" 200 6326
186.103.157.98 - - [27/Mar/2023:09:58:35 -0300] "GET /cormun/static/about:blank HTTP/1.1" 404 1011
186.103.157.98 - - [27/Mar/2023:09:58:36 -0300] "GET /cormun/servlet/solicitudotadjuntos?INS,2023,19819,,1, HTTP/1.1" 200 6320
186.103.157.98 - - [27/Mar/2023:09:58:36 -0300] "GET /cormun/servlet/solicitudotadjuntos?c6ae5be5b1fd71b2c2669eec29f73dfc3df79c98fcdc2d0cf3bbe1fccce7798e8fdf03bb475c54341c1e68a33458eff6,gx-no-cache=1679920994035 HTTP/1.1" 200 30
186.103.157.98 - - [27/Mar/2023:09:58:36 -0300] "POST /cormun/servlet/solicitudotadjuntos?751525f52423fc0b68630286b45a26a3,INS,2023,19819,,1,,gx-no-cache=1679920994052 HTTP/1.1" 200 4198
186.103.157.98 - - [27/Mar/2023:09:58:39 -0300] "POST /cormun/servlet/solicitudotadjuntos?gx-no-cache=1679920996600 HTTP/1.1" 200 26
190.171.149.90 - - [27/Mar/2023:09:58:42 -0300] "POST /cormun/servlet/trpermisosgoce?1a14d2a85cb6f9242c3458533882d3ae,,gx-no-cache=1679921037953 HTTP/1.1" 200 7696
190.171.149.90 - - [27/Mar/2023:09:58:42 -0300] "POST /cormun/servlet/trpermisosgoce?1a14d2a85cb6f9242c3458533882d3ae,,gx-no-cache=1679921038412 HTTP/1.1" 200 7674
186.103.157.98 - - [27/Mar/2023:09:58:44 -0300] "GET /cormun/servlet/solicitudotadjuntos?c6ae5be5b1fd71b2c2669eec29f73dfc9f903a1fa68922e4d2db44001ae68824,gx-no-cache=1679921001799 HTTP/1.1" 200 30
186.103.157.98 - - [27/Mar/2023:09:58:44 -0300] "GET /cormun/servlet/solicitudotadjuntos?c6ae5be5b1fd71b2c2669eec29f73dfc9f903a1fa68922e4d2db44001ae68824,gx-no-cache=1679921001815 HTTP/1.1" 200 30
186.103.157.98 - - [27/Mar/2023:09:58:44 -0300] "POST /cormun/servlet/solicitudotadjuntos?751525f52423fc0b68630286b45a26a3,INS,2023,19819,,1, HTTP/1.1" 200 116
186.103.157.98 - - [27/Mar/2023:09:58:44 -0300] "GET /cormun/servlet/hpexe_return? HTTP/1.1" 200 1033
186.103.157.98 - - [27/Mar/2023:09:58:44 -0300] "GET /cormun/servlet/trsolicitudadjuntos?2023,19819, HTTP/1.1" 200 10000
186.103.157.98 - - [27/Mar/2023:09:58:45 -0300] "GET /cormun/servlet/trsolicitudadjuntos?2023,19819, HTTP/1.1" 200 10001
190.171.149.90 - - [27/Mar/2023:09:58:45 -0300] "GET /cormun/servlet/trpermisosadjuntos?15737806,20230323090117,P, HTTP/1.1" 200 6258
190.171.149.90 - - [27/Mar/2023:09:58:45 -0300] "GET /cormun/static/gxcfg.js?2020121641683 HTTP/1.1" 200 953
190.171.149.90 - - [27/Mar/2023:09:58:45 -0300] "GET /cormun/static/trpermisosadjuntos.js?2020121642996 HTTP/1.1" 200 20158
190.171.149.90 - - [27/Mar/2023:09:58:47 -0300] "GET /cormun/servlet/trpermisosadjuntos?15737806,20230323090117,P, HTTP/1.1" 200 6258
186.103.157.98 - - [27/Mar/2023:09:58:47 -0300] "GET /cormun/servlet/solicitudotadjuntos?INS,2023,19819,,1, HTTP/1.1" 200 6326
186.103.157.98 - - [27/Mar/2023:09:58:47 -0300] "GET /cormun/static/about:blank HTTP/1.1" 404 1011
186.103.157.98 - - [27/Mar/2023:09:58:47 -0300] "GET /cormun/servlet/solicitudotadjuntos?INS,2023,19819,,1, HTTP/1.1" 200 6320
186.103.157.98 - - [27/Mar/2023:09:58:47 -0300] "GET /cormun/servlet/solicitudotadjuntos?c6ae5be5b1fd71b2c2669eec29f73dfc3df79c98fcdc2d0cf3bbe1fccce7798e8fdf03bb475c54341c1e68a33458eff6,gx-no-cache=1679921005490 HTTP/1.1" 200 30
186.103.157.98 - - [27/Mar/2023:09:58:48 -0300] "POST /cormun/servlet/solicitudotadjuntos?751525f52423fc0b68630286b45a26a3,INS,2023,19819,,1,,gx-no-cache=1679921005509 HTTP/1.1" 200 4198
190.171.149.90 - - [27/Mar/2023:09:58:48 -0300] "GET /cormun/servlet/permisosadjuntos?INS,15737806,P,20230323090117,, HTTP/1.1" 200 5580
190.171.149.90 - - [27/Mar/2023:09:58:48 -0300] "GET /cormun/static/gxcfg.js?20201215134212 HTTP/1.1" 200 953
190.171.149.90 - - [27/Mar/2023:09:58:48 -0300] "GET /cormun/static/permisosadjuntos.js?20201215134285 HTTP/1.1" 200 8724
190.171.149.90 - - [27/Mar/2023:09:58:50 -0300] "GET /cormun/static/about:blank HTTP/1.1" 404 1011
190.171.149.90 - - [27/Mar/2023:09:58:50 -0300] "GET /cormun/servlet/permisosadjuntos?INS,15737806,P,20230323090117,, HTTP/1.1" 200 5570
186.103.157.98 - - [27/Mar/2023:09:58:50 -0300] "POST /cormun/servlet/solicitudotadjuntos?gx-no-cache=1679921008260 HTTP/1.1" 200 26
190.171.134.178 - - [27/Mar/2023:09:58:56 -0300] "GET /cormun/servlet/trlicencias? HTTP/1.1" 200 10469
190.171.134.178 - - [27/Mar/2023:09:58:57 -0300] "GET /cormun/servlet/trlicencias? HTTP/1.1" 200 10467
190.171.149.90 - - [27/Mar/2023:09:58:58 -0300] "POST /cormun/servlet/permisosadjuntos?1a14d2a85cb6f9242c3458533882d3ae,INS,15737806,P,20230323090117,, HTTP/1.1" 200 116
190.171.149.90 - - [27/Mar/2023:09:58:58 -0300] "GET /cormun/servlet/hpexe_return? HTTP/1.1" 200 1042
190.171.149.90 - - [27/Mar/2023:09:58:58 -0300] "GET /cormun/servlet/trpermisosadjuntos?15737806,20230323090117,P, HTTP/1.1" 200 6749
190.171.149.90 - - [27/Mar/2023:09:58:59 -0300] "GET /cormun/servlet/trpermisosadjuntos?15737806,20230323090117,P, HTTP/1.1" 200 6745
190.171.149.90 - - [27/Mar/2023:09:59:02 -0300] "GET /cormun/servlet/trpermisosgoce? HTTP/1.1" 200 10346
190.171.149.90 - - [27/Mar/2023:09:59:03 -0300] "GET /cormun/servlet/trpermisosgoce? HTTP/1.1" 200 10340
186.103.157.98 - - [27/Mar/2023:09:59:04 -0300] "GET /cormun/servlet/solicitudotadjuntos?c6ae5be5b1fd71b2c2669eec29f73dfc9f903a1fa68922e4d2db44001ae68824,gx-no-cache=1679921022199 HTTP/1.1" 200 30
186.103.157.98 - - [27/Mar/2023:09:59:04 -0300] "GET /cormun/servlet/solicitudotadjuntos?c6ae5be5b1fd71b2c2669eec29f73dfc9f903a1fa68922e4d2db44001ae68824,gx-no-cache=1679921022218 HTTP/1.1" 200 30
186.103.157.98 - - [27/Mar/2023:09:59:05 -0300] "POST /cormun/servlet/solicitudotadjuntos?751525f52423fc0b68630286b45a26a3,INS,2023,19819,,1, HTTP/1.1" 200 116
186.103.157.98 - - [27/Mar/2023:09:59:05 -0300] "GET /cormun/servlet/hpexe_return? HTTP/1.1" 200 1033
186.103.157.98 - - [27/Mar/2023:09:59:05 -0300] "GET /cormun/servlet/trsolicitudadjuntos?2023,19819, HTTP/1.1" 200 10288
186.103.157.98 - - [27/Mar/2023:09:59:06 -0300] "GET /cormun/servlet/trsolicitudadjuntos?2023,19819, HTTP/1.1" 200 10283
190.171.149.90 - - [27/Mar/2023:09:59:06 -0300] "POST /cormun/servlet/trpermisosgoce?1a14d2a85cb6f9242c3458533882d3ae,,gx-no-cache=1679921062303 HTTP/1.1" 200 7712
190.171.149.90 - - [27/Mar/2023:09:59:07 -0300] "GET /cormun/static/Shared/jqueryui/images/ui-bg_highlight-soft_100_c6c2c8_1x100.png HTTP/1.1" 404 1117
190.171.149.90 - - [27/Mar/2023:09:59:07 -0300] "GET /cormun/static/Shared/jqueryui/images/ui-icons_82798d_256x240.png HTTP/1.1" 404 1089
190.171.149.90 - - [27/Mar/2023:09:59:07 -0300] "GET /cormun/static/Shared/jqueryui/images/ui-bg_flat_55_fafafa_40x100.png HTTP/1.1" 404 1097
190.171.149.90 - - [27/Mar/2023:09:59:07 -0300] "GET /cormun/static/Shared/jqueryui/images/ui-icons_8d78a5_256x240.png HTTP/1.1" 404 1089
186.103.157.98 - - [27/Mar/2023:09:59:08 -0300] "GET /cormun/servlet/solicitudotadjuntos?INS,2023,19819,,1, HTTP/1.1" 200 6326
186.103.157.98 - - [27/Mar/2023:09:59:08 -0300] "GET /cormun/static/about:blank HTTP/1.1" 404 1011
186.103.157.98 - - [27/Mar/2023:09:59:08 -0300] "GET /cormun/servlet/solicitudotadjuntos?INS,2023,19819,,1, HTTP/1.1" 200 6320
186.103.157.98 - - [27/Mar/2023:09:59:08 -0300] "GET /cormun/servlet/solicitudotadjuntos?c6ae5be5b1fd71b2c2669eec29f73dfc3df79c98fcdc2d0cf3bbe1fccce7798e8fdf03bb475c54341c1e68a33458eff6,gx-no-cache=1679921026336 HTTP/1.1" 200 30
186.103.157.98 - - [27/Mar/2023:09:59:08 -0300] "POST /cormun/servlet/solicitudotadjuntos?751525f52423fc0b68630286b45a26a3,INS,2023,19819,,1,,gx-no-cache=1679921026353 HTTP/1.1" 200 4198
190.171.149.90 - - [27/Mar/2023:09:59:09 -0300] "GET /cormun/servlet/trpermisosadjuntos?15805214,20230323102851,P, HTTP/1.1" 200 6270
190.171.149.90 - - [27/Mar/2023:09:59:10 -0300] "GET /cormun/servlet/trpermisosadjuntos?15805214,20230323102851,P, HTTP/1.1" 200 6270
186.103.157.98 - - [27/Mar/2023:09:59:10 -0300] "POST /cormun/servlet/solicitudotadjuntos?gx-no-cache=1679921028156 HTTP/1.1" 200 26
190.171.149.90 - - [27/Mar/2023:09:59:12 -0300] "GET /cormun/servlet/permisosadjuntos?INS,15805214,P,20230323102851,, HTTP/1.1" 200 5591
190.171.149.90 - - [27/Mar/2023:09:59:12 -0300] "GET /cormun/static/about:blank HTTP/1.1" 404 1011
190.171.149.90 - - [27/Mar/2023:09:59:12 -0300] "GET /cormun/servlet/permisosadjuntos?INS,15805214,P,20230323102851,, HTTP/1.1" 200 5581
186.103.157.98 - - [27/Mar/2023:09:59:18 -0300] "GET /cormun/servlet/solicitudotadjuntos?c6ae5be5b1fd71b2c2669eec29f73dfc9f903a1fa68922e4d2db44001ae68824,gx-no-cache=1679921035741 HTTP/1.1" 200 30
186.103.157.98 - - [27/Mar/2023:09:59:18 -0300] "GET /cormun/servlet/solicitudotadjuntos?c6ae5be5b1fd71b2c2669eec29f73dfc9f903a1fa68922e4d2db44001ae68824,gx-no-cache=1679921035759 HTTP/1.1" 200 30
186.103.157.98 - - [27/Mar/2023:09:59:18 -0300] "POST /cormun/servlet/solicitudotadjuntos?751525f52423fc0b68630286b45a26a3,INS,2023,19819,,1, HTTP/1.1" 200 116
186.103.157.98 - - [27/Mar/2023:09:59:18 -0300] "GET /cormun/servlet/hpexe_return? HTTP/1.1" 200 1033
186.103.157.98 - - [27/Mar/2023:09:59:19 -0300] "GET /cormun/servlet/trsolicitudadjuntos?2023,19819, HTTP/1.1" 200 10443
186.103.157.98 - - [27/Mar/2023:09:59:19 -0300] "GET /cormun/servlet/trsolicitudadjuntos?2023,19819, HTTP/1.1" 200 10442
190.171.149.90 - - [27/Mar/2023:09:59:21 -0300] "POST /cormun/servlet/permisosadjuntos?1a14d2a85cb6f9242c3458533882d3ae,INS,15805214,P,20230323102851,, HTTP/1.1" 200 116
190.171.149.90 - - [27/Mar/2023:09:59:21 -0300] "GET /cormun/servlet/hpexe_return? HTTP/1.1" 200 1041
190.171.149.90 - - [27/Mar/2023:09:59:21 -0300] "GET /cormun/servlet/trpermisosadjuntos?15805214,20230323102851,P, HTTP/1.1" 200 6763
186.103.157.98 - - [27/Mar/2023:09:59:21 -0300] "GET /cormun/servlet/trsolicitudot? HTTP/1.1" 200 8956
186.103.157.98 - - [27/Mar/2023:09:59:21 -0300] "GET /cormun/servlet/trsolicitudot? HTTP/1.1" 200 8946
190.171.149.90 - - [27/Mar/2023:09:59:21 -0300] "GET /cormun/servlet/trpermisosadjuntos?15805214,20230323102851,P, HTTP/1.1" 200 6761
190.171.149.90 - - [27/Mar/2023:09:59:23 -0300] "GET /cormun/servlet/trpermisosgoce? HTTP/1.1" 200 10345
190.171.149.90 - - [27/Mar/2023:09:59:24 -0300] "GET /cormun/servlet/trpermisosgoce? HTTP/1.1" 200 10344
190.171.149.90 - - [27/Mar/2023:09:59:27 -0300] "POST /cormun/servlet/trpermisosgoce?1a14d2a85cb6f9242c3458533882d3ae,,gx-no-cache=1679921082975 HTTP/1.1" 200 7707
190.171.149.90 - - [27/Mar/2023:09:59:27 -0300] "GET /cormun/static/Shared/jqueryui/images/ui-bg_highlight-soft_100_c6c2c8_1x100.png HTTP/1.1" 404 1117
190.171.149.90 - - [27/Mar/2023:09:59:27 -0300] "GET /cormun/static/Shared/jqueryui/images/ui-icons_82798d_256x240.png HTTP/1.1" 404 1089
190.171.149.90 - - [27/Mar/2023:09:59:27 -0300] "GET /cormun/static/Shared/jqueryui/images/ui-bg_flat_55_fafafa_40x100.png HTTP/1.1" 404 1097
190.171.149.90 - - [27/Mar/2023:09:59:27 -0300] "GET /cormun/static/Shared/jqueryui/images/ui-icons_8d78a5_256x240.png HTTP/1.1" 404 1089
190.171.149.90 - - [27/Mar/2023:09:59:29 -0300] "GET /cormun/servlet/trpermisosadjuntos?18015367,20230323085440,P, HTTP/1.1" 200 6263
190.171.149.90 - - [27/Mar/2023:09:59:30 -0300] "GET /cormun/servlet/trpermisosadjuntos?18015367,20230323085440,P, HTTP/1.1" 200 6264
190.171.149.90 - - [27/Mar/2023:09:59:32 -0300] "GET /cormun/servlet/permisosadjuntos?INS,18015367,P,20230323085440,, HTTP/1.1" 200 5585
190.171.149.90 - - [27/Mar/2023:09:59:32 -0300] "GET /cormun/static/about:blank HTTP/1.1" 404 1011
190.171.149.90 - - [27/Mar/2023:09:59:32 -0300] "GET /cormun/servlet/permisosadjuntos?INS,18015367,P,20230323085440,, HTTP/1.1" 200 5575
190.171.149.90 - - [27/Mar/2023:09:59:40 -0300] "POST /cormun/servlet/permisosadjuntos?1a14d2a85cb6f9242c3458533882d3ae,INS,18015367,P,20230323085440,, HTTP/1.1" 200 116
190.171.149.90 - - [27/Mar/2023:09:59:40 -0300] "GET /cormun/servlet/hpexe_return? HTTP/1.1" 200 1042
190.171.149.90 - - [27/Mar/2023:09:59:41 -0300] "GET /cormun/servlet/trpermisosadjuntos?18015367,20230323085440,P, HTTP/1.1" 200 6760
190.171.149.90 - - [27/Mar/2023:09:59:42 -0300] "GET /cormun/servlet/trpermisosadjuntos?18015367,20230323085440,P, HTTP/1.1" 200 6756
190.171.149.90 - - [27/Mar/2023:09:59:43 -0300] "GET /cormun/servlet/trpermisosgoce? HTTP/1.1" 200 10330
190.171.149.90 - - [27/Mar/2023:09:59:45 -0300] "GET /cormun/servlet/trpermisosgoce? HTTP/1.1" 200 10329
190.171.149.90 - - [27/Mar/2023:09:59:49 -0300] "POST /cormun/servlet/trpermisosgoce?1a14d2a85cb6f9242c3458533882d3ae,,gx-no-cache=1679921104554 HTTP/1.1" 200 7703
190.171.149.90 - - [27/Mar/2023:09:59:49 -0300] "GET /cormun/static/Shared/jqueryui/images/ui-bg_highlight-soft_100_c6c2c8_1x100.png HTTP/1.1" 404 1117
190.171.149.90 - - [27/Mar/2023:09:59:49 -0300] "GET /cormun/static/Shared/jqueryui/images/ui-icons_82798d_256x240.png HTTP/1.1" 404 1089
190.171.149.90 - - [27/Mar/2023:09:59:49 -0300] "GET /cormun/static/Shared/jqueryui/images/ui-bg_flat_55_fafafa_40x100.png HTTP/1.1" 404 1097
190.171.149.90 - - [27/Mar/2023:09:59:49 -0300] "GET /cormun/static/Shared/jqueryui/images/ui-icons_8d78a5_256x240.png HTTP/1.1" 404 1089
186.103.157.98 - - [27/Mar/2023:09:59:52 -0300] "POST /cormun/servlet/trsolicitudot?751525f52423fc0b68630286b45a26a3,,gx-no-cache=1679921070204 HTTP/1.1" 200 4907
186.103.157.98 - - [27/Mar/2023:09:59:52 -0300] "GET /cormun/static/Shared/jqueryui/images/ui-bg_highlight-soft_100_c6c2c8_1x100.png HTTP/1.1" 404 1117
186.103.157.98 - - [27/Mar/2023:09:59:52 -0300] "GET /cormun/static/Shared/jqueryui/images/ui-icons_82798d_256x240.png HTTP/1.1" 404 1089
186.103.157.98 - - [27/Mar/2023:09:59:52 -0300] "GET /cormun/static/Shared/jqueryui/images/ui-bg_flat_55_fafafa_40x100.png HTTP/1.1" 404 1097
186.103.157.98 - - [27/Mar/2023:09:59:52 -0300] "GET /cormun/static/Shared/jqueryui/images/ui-icons_8d78a5_256x240.png HTTP/1.1" 404 1089
186.103.157.98 - - [27/Mar/2023:09:59:53 -0300] "POST /cormun/servlet/trsolicitudot?751525f52423fc0b68630286b45a26a3,,gx-no-cache=1679921070402 HTTP/1.1" 200 4643
190.171.134.178 - - [27/Mar/2023:09:59:56 -0300] "GET /cormun/servlet/hhome HTTP/1.1" 200 3936
190.171.134.178 - - [27/Mar/2023:09:59:56 -0300] "GET /cormun/servlet/hhome HTTP/1.1" 200 3932
186.103.157.98 - - [27/Mar/2023:09:59:57 -0300] "GET /cormun/servlet/trpermisosgoce? HTTP/1.1" 200 9236
186.103.157.98 - - [27/Mar/2023:09:59:57 -0300] "GET /cormun/servlet/trpermisosgoce? HTTP/1.1" 200 9236
190.171.149.90 - - [27/Mar/2023:10:00:06 -0300] "POST /cormun/servlet/trpermisosgoce?1a14d2a85cb6f9242c3458533882d3ae,,gx-no-cache=1679921121951 HTTP/1.1" 200 7393
190.171.149.90 - - [27/Mar/2023:10:00:07 -0300] "POST /cormun/servlet/trpermisosgoce?1a14d2a85cb6f9242c3458533882d3ae,,gx-no-cache=1679921122809 HTTP/1.1" 200 7373
181.212.42.153 - - [27/Mar/2023:10:00:21 -0300] "GET /cormun/servlet/trlicencias? HTTP/1.1" 200 14716
181.212.42.153 - - [27/Mar/2023:10:00:21 -0300] "GET /cormun/servlet/trlicencias? HTTP/1.1" 200 14714
190.171.142.42 - - [27/Mar/2023:10:00:45 -0300] "GET /cormun/servlet/permisogoce?INS,0,,, HTTP/1.1" 200 7124
190.171.142.42 - - [27/Mar/2023:10:00:45 -0300] "GET /cormun/servlet/permisogoce?INS,0,,, HTTP/1.1" 200 7123
40.77.167.188 - - [27/Mar/2023:10:01:27 -0300] "GET /cormun/servlet/trlicencias HTTP/1.1" 200 9459
190.171.142.18 - - [27/Mar/2023:10:01:28 -0300] "POST /cormun/servlet/solicitudot?6ef733d080ab4058608e06157b219de3,INS,0,0,false,,gx-no-cache=1679921370732 HTTP/1.1" 200 93
190.171.142.18 - - [27/Mar/2023:10:01:28 -0300] "GET /cormun/servlet/hpexe_return? HTTP/1.1" 200 1009
190.171.142.18 - - [27/Mar/2023:10:01:29 -0300] "GET /cormun/servlet/trsolicitudot HTTP/1.1" 200 11527
190.171.142.18 - - [27/Mar/2023:10:01:29 -0300] "GET /cormun/servlet/trsolicitudot HTTP/1.1" 200 11522
190.171.142.18 - - [27/Mar/2023:10:01:35 -0300] "POST /cormun/servlet/trsolicitudot?6ef733d080ab4058608e06157b219de3,gx-no-cache=1679921377530 HTTP/1.1" 200 8688
190.171.142.18 - - [27/Mar/2023:10:01:35 -0300] "GET /cormun/static/Shared/jqueryui/images/ui-icons_82798d_256x240.png HTTP/1.1" 404 1089
190.171.142.18 - - [27/Mar/2023:10:01:35 -0300] "GET /cormun/static/Shared/jqueryui/images/ui-bg_highlight-soft_100_c6c2c8_1x100.png HTTP/1.1" 404 1117
