190.171.141.114 - - [23/Mar/2023:09:07:00 -0300] "POST /cormun/servlet/trsolicitudot?c4aac4993b8762210024dccd3e3585aa,gx-no-cache=1679572300210 HTTP/1.1" 200 113
190.171.141.114 - - [23/Mar/2023:09:07:00 -0300] "GET /cormun/servlet/solicitudot?UPD,2023,19775,false, HTTP/1.1" 200 16654
190.171.141.114 - - [23/Mar/2023:09:07:01 -0300] "GET /cormun/servlet/solicitudot?UPD,2023,19775,false, HTTP/1.1" 200 16665
190.171.152.234 - - [23/Mar/2023:09:07:01 -0300] "GET /cormun/servlet/solicitudotadjuntos?INS,2023,19776,,1, HTTP/1.1" 200 6327
190.171.152.234 - - [23/Mar/2023:09:07:01 -0300] "GET /cormun/static/about:blank HTTP/1.1" 404 1011
190.171.152.234 - - [23/Mar/2023:09:07:01 -0300] "GET /cormun/servlet/solicitudotadjuntos?INS,2023,19776,,1, HTTP/1.1" 200 6320
190.171.141.114 - - [23/Mar/2023:09:07:01 -0300] "POST /cormun/servlet/solicitudot?gx-no-cache=1679572301197 HTTP/1.1" 200 4038
190.171.141.114 - - [23/Mar/2023:09:07:01 -0300] "POST /cormun/servlet/solicitudot?c4aac4993b8762210024dccd3e3585aa,UPD,2023,19775,false,,gx-no-cache=1679572301355 HTTP/1.1" 200 12709
190.171.152.234 - - [23/Mar/2023:09:07:02 -0300] "GET /cormun/servlet/solicitudotadjuntos?b97ea46421ee6039a95a5bfd399fac18260f67772507433cce8e5f417b395c2955b3b179356b1a797c87f4a1a4563ec8,gx-no-cache=1679572421500 HTTP/1.1" 200 30
190.171.152.234 - - [23/Mar/2023:09:07:02 -0300] "POST /cormun/servlet/solicitudotadjuntos?c19135f4cc77469505ebacbc9f8a2d27,INS,2023,19776,,1,,gx-no-cache=1679572421533 HTTP/1.1" 200 4197
190.171.141.114 - - [23/Mar/2023:09:07:02 -0300] "GET /cormun/servlet/solicitudot?4aedd69a7b454c0af1cfc0e211cbcf24bac894b32c41ffd18efe65f3eab6144eab1a6052c80faa319ccdf0feec769595,gx-no-cache=1679572301874 HTTP/1.1" 200 30
190.171.141.114 - - [23/Mar/2023:09:07:02 -0300] "GET /cormun/servlet/solicitudot?4aedd69a7b454c0af1cfc0e211cbcf2470de7f2cbc65c5c557bfd54ea50885604c881023061b8911b9902e4ff0a5ffd7ffc419a5aa308772450ac737bdb72dd6,gx-no-cache=1679572301917 HTTP/1.1" 200 30
190.171.141.114 - - [23/Mar/2023:09:07:02 -0300] "GET /cormun/servlet/solicitudot?4aedd69a7b454c0af1cfc0e211cbcf24f428a0d897fcb7110a87125e37f7a4ab5a67e160008234dddf71504d35ca8773b3933f3a87d57e7f157626a82e2eccf1,gx-no-cache=1679572301953 HTTP/1.1" 200 53
190.171.141.114 - - [23/Mar/2023:09:07:02 -0300] "POST /cormun/servlet/solicitudot?gx-no-cache=1679572301998 HTTP/1.1" 200 256
190.171.141.114 - - [23/Mar/2023:09:07:02 -0300] "GET /cormun/servlet/solicitudot?4aedd69a7b454c0af1cfc0e211cbcf24e454b256478b2197fc494c58a32b39153b3ea153d3a0ff7a5e904a513f15e39e9b640988609da4bac4db7d127983c1340239dbb6b7b9f88c847eb258981a121776cdefbdb406cbec088f7e23716b5fa9cc17281e4f6bd886b2f6d087d515f3646cb5207103dd0a28ffd8ca7ffa9fb92d57f7a33ee16b29f665f56bcbdbd508d09114d2964ff3105baf40753907c89c48c19d5acd453b663a60f70ea414a1af50b04160d74c67c74fa0aedb31a562913de825cd07ea613b8cdaf81a299a21b4e0033fa0a32c8eddc1982455d5abb4e646d8463fa382091e5a1a4fb6ecfcadd526dd079d655f39628138295ea07d5b4f9762b652e6bd4766a263a3ce2953d1433b60e40f4937eef66413d26319094e68d4a5c7fd8c9e862d35ffcf41d67541a6eeaaf0f6766310fd9fae08168393f64fc07f92b5c48b605dbe1687e26f354e90cb4c41c307e9f82fdbef549fce6d66b78c672e993f3ec632b61ed0939c8101b800b9dfd62ecdf7586bf0eea528199d4533,gx-no-cache=1679572302038 HTTP/1.1" 200 30
190.171.141.114 - - [23/Mar/2023:09:07:02 -0300] "POST /cormun/servlet/solicitudot?gx-no-cache=1679572302066 HTTP/1.1" 200 30
190.171.141.114 - - [23/Mar/2023:09:07:02 -0300] "POST /cormun/servlet/solicitudot?gx-no-cache=1679572302113 HTTP/1.1" 200 1468
190.171.141.114 - - [23/Mar/2023:09:07:02 -0300] "POST /cormun/servlet/solicitudot?gx-no-cache=1679572302177 HTTP/1.1" 200 41
190.171.141.114 - - [23/Mar/2023:09:07:04 -0300] "GET /cormun/servlet/solicitudot?4aedd69a7b454c0af1cfc0e211cbcf240ac1e68c3081ce2bdd09e2dfcfe6e1f8bb1d082ac5ca793960aed2b51c56d25262e0206964381853ede6ebd9be1cd8c00373059c6266607c3eb2d9e15e14756d1061a8f39ecee55e258cefdf593b64b19e2e44f54ef2c4eadffae277c4531a98,gx-no-cache=1679572304182 HTTP/1.1" 200 110
190.171.141.114 - - [23/Mar/2023:09:07:04 -0300] "POST /cormun/servlet/solicitudot?gx-no-cache=1679572304219 HTTP/1.1" 200 97
190.171.141.114 - - [23/Mar/2023:09:07:04 -0300] "GET /cormun/servlet/solicitudot?4aedd69a7b454c0af1cfc0e211cbcf248a0227e17a5531522c0d0c551db701ff4bcb6533755d1a3f6c558de7cdfef57ae876cc8cbc4f16594865c1193537bfa6daae29853b02c965dd29cee07fd3f83b0a419bdbbce34387d0de7093728b5b03a0601c9f008327633f546671bb67af7e8b3cc09276eda9d693cab5c406fd2adbff5ab719154fc857c6fcf381e7d240d8aeecfcb2bc7eafbb21a02673ecd107d3,gx-no-cache=1679572304262 HTTP/1.1" 200 29
190.171.141.114 - - [23/Mar/2023:09:07:04 -0300] "GET /cormun/servlet/solicitudot?4aedd69a7b454c0af1cfc0e211cbcf24b520595ece9396d071247e55b061a35de99e6ca50c13682ee88c86b1eb3a2cf0,gx-no-cache=1679572304288 HTTP/1.1" 200 30
190.171.141.114 - - [23/Mar/2023:09:07:04 -0300] "GET /cormun/static/menuarrow.gif HTTP/1.1" 404 1015
190.171.152.234 - - [23/Mar/2023:09:07:05 -0300] "POST /cormun/servlet/solicitudotadjuntos?gx-no-cache=1679572424698 HTTP/1.1" 200 26
190.171.141.114 - - [23/Mar/2023:09:07:07 -0300] "GET /cormun/servlet/solicitudot?4aedd69a7b454c0af1cfc0e211cbcf240ac1e68c3081ce2bdd09e2dfcfe6e1f8bb1d082ac5ca793960aed2b51c56d25262e0206964381853ede6ebd9be1cd8c00373059c6266607c3eb2d9e15e14756d1061a8f39ecee55e258cefdf593b64b19e2e44f54ef2c4eadffae277c4531a98,gx-no-cache=1679572307289 HTTP/1.1" 200 110
190.171.152.234 - - [23/Mar/2023:09:07:10 -0300] "GET /cormun/servlet/solicitudotadjuntos?b97ea46421ee6039a95a5bfd399fac18f82afb82a3e4dd0016316b683d9faf79,gx-no-cache=1679572429777 HTTP/1.1" 200 30
190.171.152.234 - - [23/Mar/2023:09:07:10 -0300] "GET /cormun/servlet/solicitudotadjuntos?b97ea46421ee6039a95a5bfd399fac18f82afb82a3e4dd0016316b683d9faf79,gx-no-cache=1679572429798 HTTP/1.1" 200 30
190.171.152.234 - - [23/Mar/2023:09:07:10 -0300] "POST /cormun/servlet/solicitudotadjuntos?c19135f4cc77469505ebacbc9f8a2d27,INS,2023,19776,,1, HTTP/1.1" 200 116
190.171.152.234 - - [23/Mar/2023:09:07:10 -0300] "GET /cormun/servlet/hpexe_return? HTTP/1.1" 200 1029
190.171.152.234 - - [23/Mar/2023:09:07:10 -0300] "GET /cormun/servlet/trsolicitudadjuntos?2023,19776, HTTP/1.1" 200 9754
190.171.152.234 - - [23/Mar/2023:09:07:11 -0300] "GET /cormun/servlet/trsolicitudadjuntos?2023,19776, HTTP/1.1" 200 9752
190.171.152.234 - - [23/Mar/2023:09:07:13 -0300] "GET /cormun/servlet/solicitudotadjuntos?INS,2023,19776,,1, HTTP/1.1" 200 6327
190.171.152.234 - - [23/Mar/2023:09:07:13 -0300] "GET /cormun/static/about:blank HTTP/1.1" 404 1011
190.171.152.234 - - [23/Mar/2023:09:07:13 -0300] "GET /cormun/servlet/solicitudotadjuntos?INS,2023,19776,,1, HTTP/1.1" 200 6320
190.171.152.234 - - [23/Mar/2023:09:07:13 -0300] "GET /cormun/servlet/solicitudotadjuntos?b97ea46421ee6039a95a5bfd399fac18260f67772507433cce8e5f417b395c2955b3b179356b1a797c87f4a1a4563ec8,gx-no-cache=1679572433412 HTTP/1.1" 200 30
190.171.152.234 - - [23/Mar/2023:09:07:14 -0300] "POST /cormun/servlet/solicitudotadjuntos?c19135f4cc77469505ebacbc9f8a2d27,INS,2023,19776,,1,,gx-no-cache=1679572433437 HTTP/1.1" 200 4197
190.171.152.234 - - [23/Mar/2023:09:07:16 -0300] "POST /cormun/servlet/solicitudotadjuntos?gx-no-cache=1679572436394 HTTP/1.1" 200 26
190.171.141.114 - - [23/Mar/2023:09:07:20 -0300] "POST /cormun/servlet/solicitudot?gx-no-cache=1679572319661 HTTP/1.1" 200 33
190.171.141.114 - - [23/Mar/2023:09:07:20 -0300] "POST /cormun/servlet/solicitudot?c4aac4993b8762210024dccd3e3585aa,UPD,2023,19775,false,,gx-no-cache=1679572319752 HTTP/1.1" 200 93
190.171.141.114 - - [23/Mar/2023:09:07:20 -0300] "GET /cormun/servlet/hpexe_return? HTTP/1.1" 200 1018
190.171.141.114 - - [23/Mar/2023:09:07:20 -0300] "GET /cormun/servlet/trsolicitudot HTTP/1.1" 200 9427
190.171.141.114 - - [23/Mar/2023:09:07:20 -0300] "GET /cormun/servlet/trsolicitudot HTTP/1.1" 200 9422
190.171.152.234 - - [23/Mar/2023:09:07:22 -0300] "GET /cormun/servlet/solicitudotadjuntos?b97ea46421ee6039a95a5bfd399fac18f82afb82a3e4dd0016316b683d9faf79,gx-no-cache=1679572441874 HTTP/1.1" 200 30
190.171.152.234 - - [23/Mar/2023:09:07:22 -0300] "GET /cormun/servlet/solicitudotadjuntos?b97ea46421ee6039a95a5bfd399fac18f82afb82a3e4dd0016316b683d9faf79,gx-no-cache=1679572441894 HTTP/1.1" 200 30
190.171.152.234 - - [23/Mar/2023:09:07:22 -0300] "POST /cormun/servlet/solicitudotadjuntos?c19135f4cc77469505ebacbc9f8a2d27,INS,2023,19776,,1, HTTP/1.1" 200 116
190.171.152.234 - - [23/Mar/2023:09:07:22 -0300] "GET /cormun/servlet/hpexe_return? HTTP/1.1" 200 1029
190.171.152.234 - - [23/Mar/2023:09:07:22 -0300] "GET /cormun/servlet/trsolicitudadjuntos?2023,19776, HTTP/1.1" 200 9982
190.171.152.234 - - [23/Mar/2023:09:07:23 -0300] "GET /cormun/servlet/trsolicitudadjuntos?2023,19776, HTTP/1.1" 200 9982
190.171.152.234 - - [23/Mar/2023:09:07:25 -0300] "GET /cormun/servlet/solicitudotadjuntos?INS,2023,19776,,1, HTTP/1.1" 200 6327
190.171.152.234 - - [23/Mar/2023:09:07:25 -0300] "GET /cormun/static/about:blank HTTP/1.1" 404 1011
190.171.152.234 - - [23/Mar/2023:09:07:25 -0300] "GET /cormun/servlet/solicitudotadjuntos?INS,2023,19776,,1, HTTP/1.1" 200 6320
190.171.152.234 - - [23/Mar/2023:09:07:26 -0300] "GET /cormun/servlet/solicitudotadjuntos?b97ea46421ee6039a95a5bfd399fac18260f67772507433cce8e5f417b395c2955b3b179356b1a797c87f4a1a4563ec8,gx-no-cache=1679572445434 HTTP/1.1" 200 30
190.171.152.234 - - [23/Mar/2023:09:07:26 -0300] "POST /cormun/servlet/solicitudotadjuntos?c19135f4cc77469505ebacbc9f8a2d27,INS,2023,19776,,1,,gx-no-cache=1679572445467 HTTP/1.1" 200 4198
190.171.141.114 - - [23/Mar/2023:09:07:28 -0300] "POST /cormun/servlet/trsolicitudot?c4aac4993b8762210024dccd3e3585aa,gx-no-cache=1679572327971 HTTP/1.1" 200 6233
190.171.152.234 - - [23/Mar/2023:09:07:28 -0300] "POST /cormun/servlet/solicitudotadjuntos?gx-no-cache=1679572447946 HTTP/1.1" 200 26
190.171.141.114 - - [23/Mar/2023:09:07:28 -0300] "GET /cormun/static/Shared/jqueryui/images/ui-bg_highlight-soft_100_c6c2c8_1x100.png HTTP/1.1" 404 1117
190.171.141.114 - - [23/Mar/2023:09:07:28 -0300] "GET /cormun/static/Shared/jqueryui/images/ui-icons_82798d_256x240.png HTTP/1.1" 404 1089
190.171.141.114 - - [23/Mar/2023:09:07:28 -0300] "GET /cormun/static/Shared/jqueryui/images/ui-bg_flat_55_fafafa_40x100.png HTTP/1.1" 404 1097
190.171.141.114 - - [23/Mar/2023:09:07:28 -0300] "GET /cormun/static/Shared/jqueryui/images/ui-icons_8d78a5_256x240.png HTTP/1.1" 404 1089
190.171.141.114 - - [23/Mar/2023:09:07:28 -0300] "POST /cormun/servlet/trsolicitudot?c4aac4993b8762210024dccd3e3585aa,gx-no-cache=1679572328192 HTTP/1.1" 200 6177
190.171.141.114 - - [23/Mar/2023:09:07:29 -0300] "POST /cormun/servlet/trsolicitudot?c4aac4993b8762210024dccd3e3585aa,gx-no-cache=1679572329384 HTTP/1.1" 200 5802
190.171.141.114 - - [23/Mar/2023:09:07:30 -0300] "POST /cormun/servlet/trsolicitudot?c4aac4993b8762210024dccd3e3585aa,gx-no-cache=1679572329572 HTTP/1.1" 200 5746
190.171.141.114 - - [23/Mar/2023:09:07:31 -0300] "POST /cormun/servlet/trsolicitudot?c4aac4993b8762210024dccd3e3585aa,gx-no-cache=1679572330682 HTTP/1.1" 200 4567
190.171.141.114 - - [23/Mar/2023:09:07:31 -0300] "POST /cormun/servlet/trsolicitudot?c4aac4993b8762210024dccd3e3585aa,gx-no-cache=1679572330814 HTTP/1.1" 200 4336
190.171.141.114 - - [23/Mar/2023:09:07:35 -0300] "GET /cormun/servlet/hlogin HTTP/1.1" 200 1726
190.171.152.234 - - [23/Mar/2023:09:07:36 -0300] "GET /cormun/servlet/solicitudotadjuntos?b97ea46421ee6039a95a5bfd399fac18f82afb82a3e4dd0016316b683d9faf79,gx-no-cache=1679572455745 HTTP/1.1" 200 30
190.171.152.234 - - [23/Mar/2023:09:07:36 -0300] "GET /cormun/servlet/solicitudotadjuntos?b97ea46421ee6039a95a5bfd399fac18f82afb82a3e4dd0016316b683d9faf79,gx-no-cache=1679572455758 HTTP/1.1" 200 30
190.171.152.234 - - [23/Mar/2023:09:07:36 -0300] "POST /cormun/servlet/solicitudotadjuntos?c19135f4cc77469505ebacbc9f8a2d27,INS,2023,19776,,1, HTTP/1.1" 200 116
190.171.152.234 - - [23/Mar/2023:09:07:36 -0300] "GET /cormun/servlet/hpexe_return? HTTP/1.1" 200 1029
190.171.152.234 - - [23/Mar/2023:09:07:37 -0300] "GET /cormun/servlet/trsolicitudadjuntos?2023,19776, HTTP/1.1" 200 10243
190.171.152.234 - - [23/Mar/2023:09:07:37 -0300] "GET /cormun/servlet/trsolicitudadjuntos?2023,19776, HTTP/1.1" 200 10240
190.171.152.234 - - [23/Mar/2023:09:07:40 -0300] "GET /cormun/servlet/solicitudotadjuntos?INS,2023,19776,,1, HTTP/1.1" 200 6327
190.171.152.234 - - [23/Mar/2023:09:07:40 -0300] "GET /cormun/static/about:blank HTTP/1.1" 404 1011
190.171.152.234 - - [23/Mar/2023:09:07:40 -0300] "GET /cormun/servlet/solicitudotadjuntos?INS,2023,19776,,1, HTTP/1.1" 200 6320
190.171.152.234 - - [23/Mar/2023:09:07:40 -0300] "GET /cormun/servlet/solicitudotadjuntos?b97ea46421ee6039a95a5bfd399fac18260f67772507433cce8e5f417b395c2955b3b179356b1a797c87f4a1a4563ec8,gx-no-cache=1679572460413 HTTP/1.1" 200 30
190.171.152.234 - - [23/Mar/2023:09:07:41 -0300] "POST /cormun/servlet/solicitudotadjuntos?c19135f4cc77469505ebacbc9f8a2d27,INS,2023,19776,,1,,gx-no-cache=1679572460428 HTTP/1.1" 200 4198
190.171.152.234 - - [23/Mar/2023:09:07:42 -0300] "POST /cormun/servlet/solicitudotadjuntos?gx-no-cache=1679572462402 HTTP/1.1" 200 26
190.171.141.114 - - [23/Mar/2023:09:07:43 -0300] "POST /cormun/servlet/hlogin?c4aac4993b8762210024dccd3e3585aa,gx-no-cache=1679572343021 HTTP/1.1" 200 90
190.171.141.114 - - [23/Mar/2023:09:07:43 -0300] "GET /cormun/servlet/hpexe_link HTTP/1.1" 200 954
190.171.141.114 - - [23/Mar/2023:09:07:43 -0300] "GET /cormun/servlet/hhome HTTP/1.1" 200 4308
190.171.141.114 - - [23/Mar/2023:09:07:43 -0300] "GET /cormun/servlet/hhome HTTP/1.1" 200 4304
190.171.141.114 - - [23/Mar/2023:09:07:48 -0300] "GET /cormun/servlet/trautorizarsolicitud? HTTP/1.1" 200 9604
190.171.141.114 - - [23/Mar/2023:09:07:48 -0300] "GET /cormun/static/gxcfg.js?201991422414522 HTTP/1.1" 200 953
190.171.141.114 - - [23/Mar/2023:09:07:48 -0300] "GET /cormun/static/trautorizarsolicitud.js?201991422415463 HTTP/1.1" 200 53910
190.171.141.114 - - [23/Mar/2023:09:07:49 -0300] "GET /cormun/servlet/trautorizarsolicitud? HTTP/1.1" 200 9602
190.171.152.234 - - [23/Mar/2023:09:08:08 -0300] "GET /cormun/servlet/solicitudotadjuntos?b97ea46421ee6039a95a5bfd399fac18f82afb82a3e4dd0016316b683d9faf79,gx-no-cache=1679572488417 HTTP/1.1" 200 30
190.171.152.234 - - [23/Mar/2023:09:08:09 -0300] "GET /cormun/servlet/solicitudotadjuntos?b97ea46421ee6039a95a5bfd399fac18f82afb82a3e4dd0016316b683d9faf79,gx-no-cache=1679572488434 HTTP/1.1" 200 30
190.171.152.234 - - [23/Mar/2023:09:08:09 -0300] "POST /cormun/servlet/solicitudotadjuntos?c19135f4cc77469505ebacbc9f8a2d27,INS,2023,19776,,1, HTTP/1.1" 200 116
190.171.152.234 - - [23/Mar/2023:09:08:09 -0300] "GET /cormun/servlet/hpexe_return? HTTP/1.1" 200 1029
190.171.152.234 - - [23/Mar/2023:09:08:09 -0300] "GET /cormun/servlet/trsolicitudadjuntos?2023,19776, HTTP/1.1" 200 10406
190.171.152.234 - - [23/Mar/2023:09:08:10 -0300] "GET /cormun/servlet/trsolicitudadjuntos?2023,19776, HTTP/1.1" 200 10407
190.171.152.234 - - [23/Mar/2023:09:08:14 -0300] "GET /cormun/servlet/trsolicitudot? HTTP/1.1" 200 8923
190.171.152.234 - - [23/Mar/2023:09:08:14 -0300] "GET /cormun/servlet/trsolicitudot? HTTP/1.1" 200 8914
190.171.152.234 - - [23/Mar/2023:09:08:20 -0300] "POST /cormun/servlet/trsolicitudot?c19135f4cc77469505ebacbc9f8a2d27,,gx-no-cache=1679572499687 HTTP/1.1" 200 4878
190.171.152.234 - - [23/Mar/2023:09:08:20 -0300] "GET /cormun/static/Shared/jqueryui/images/ui-bg_highlight-soft_100_c6c2c8_1x100.png HTTP/1.1" 404 1117
190.171.152.234 - - [23/Mar/2023:09:08:20 -0300] "GET /cormun/static/Shared/jqueryui/images/ui-icons_82798d_256x240.png HTTP/1.1" 404 1089
190.171.152.234 - - [23/Mar/2023:09:08:20 -0300] "GET /cormun/static/Shared/jqueryui/images/ui-bg_flat_55_fafafa_40x100.png HTTP/1.1" 404 1097
190.171.152.234 - - [23/Mar/2023:09:08:20 -0300] "GET /cormun/static/Shared/jqueryui/images/ui-icons_8d78a5_256x240.png HTTP/1.1" 404 1089
190.171.152.234 - - [23/Mar/2023:09:08:20 -0300] "POST /cormun/servlet/trsolicitudot?c19135f4cc77469505ebacbc9f8a2d27,,gx-no-cache=1679572499862 HTTP/1.1" 200 4637
190.171.152.234 - - [23/Mar/2023:09:08:25 -0300] "GET /cormun/servlet/trautorizarsolicitud? HTTP/1.1" 200 8806
190.171.152.234 - - [23/Mar/2023:09:08:26 -0300] "GET /cormun/servlet/trautorizarsolicitud? HTTP/1.1" 200 8805
190.171.152.234 - - [23/Mar/2023:09:08:30 -0300] "POST /cormun/servlet/trautorizarsolicitud?c19135f4cc77469505ebacbc9f8a2d27,,gx-no-cache=1679572509974 HTTP/1.1" 200 4797
190.171.152.234 - - [23/Mar/2023:09:08:30 -0300] "GET /cormun/static/Shared/jqueryui/images/ui-bg_highlight-soft_100_c6c2c8_1x100.png HTTP/1.1" 404 1117
190.171.152.234 - - [23/Mar/2023:09:08:30 -0300] "GET /cormun/static/Shared/jqueryui/images/ui-icons_82798d_256x240.png HTTP/1.1" 404 1089
190.171.152.234 - - [23/Mar/2023:09:08:30 -0300] "GET /cormun/static/Shared/jqueryui/images/ui-bg_flat_55_fafafa_40x100.png HTTP/1.1" 404 1097
190.171.152.234 - - [23/Mar/2023:09:08:30 -0300] "GET /cormun/static/Shared/jqueryui/images/ui-icons_8d78a5_256x240.png HTTP/1.1" 404 1089
190.171.152.234 - - [23/Mar/2023:09:08:30 -0300] "POST /cormun/servlet/trautorizarsolicitud?c19135f4cc77469505ebacbc9f8a2d27,,gx-no-cache=1679572510124 HTTP/1.1" 200 4556
190.171.149.90 - - [23/Mar/2023:09:09:51 -0300] "GET /cormun/servlet/hlogin HTTP/1.1" 200 1725
190.171.149.90 - - [23/Mar/2023:09:09:55 -0300] "POST /cormun/servlet/hlogin?3cb02fc10145cbfdc364c57e8da088d1,gx-no-cache=1679572510308 HTTP/1.1" 200 90
190.171.149.90 - - [23/Mar/2023:09:09:55 -0300] "GET /cormun/servlet/hpexe_link HTTP/1.1" 200 952
190.171.149.90 - - [23/Mar/2023:09:09:55 -0300] "GET /cormun/servlet/hhome HTTP/1.1" 200 3946
190.171.149.90 - - [23/Mar/2023:09:09:56 -0300] "GET /cormun/servlet/hhome HTTP/1.1" 200 3944
190.171.141.114 - - [23/Mar/2023:09:09:58 -0300] "POST /cormun/servlet/trautorizarsolicitud?c4aac4993b8762210024dccd3e3585aa,,gx-no-cache=1679572477834 HTTP/1.1" 200 7693
190.171.149.90 - - [23/Mar/2023:09:09:59 -0300] "GET /cormun/servlet/trpermisosgoce? HTTP/1.1" 200 9656
190.171.149.90 - - [23/Mar/2023:09:10:00 -0300] "GET /cormun/servlet/trpermisosgoce? HTTP/1.1" 200 9655
190.171.149.90 - - [23/Mar/2023:09:10:02 -0300] "GET /cormun/servlet/permisogoce?INS,0,,, HTTP/1.1" 200 6813
190.171.149.90 - - [23/Mar/2023:09:10:02 -0300] "GET /cormun/static/permisogoce.js?20201215124939 HTTP/1.1" 304 -
190.171.149.90 - - [23/Mar/2023:09:10:03 -0300] "GET /cormun/servlet/permisogoce?INS,0,,, HTTP/1.1" 200 6813
190.171.141.114 - - [23/Mar/2023:09:10:08 -0300] "POST /cormun/servlet/trautorizarsolicitud?c4aac4993b8762210024dccd3e3585aa,,gx-no-cache=1679572488345 HTTP/1.1" 200 7705
190.171.141.114 - - [23/Mar/2023:09:10:08 -0300] "GET /cormun/static/Shared/jqueryui/images/ui-bg_highlight-soft_100_c6c2c8_1x100.png HTTP/1.1" 404 1117
190.171.141.114 - - [23/Mar/2023:09:10:08 -0300] "GET /cormun/static/Shared/jqueryui/images/ui-icons_82798d_256x240.png HTTP/1.1" 404 1089
190.171.141.114 - - [23/Mar/2023:09:10:08 -0300] "GET /cormun/static/Shared/jqueryui/images/ui-bg_flat_55_fafafa_40x100.png HTTP/1.1" 404 1097
190.171.141.114 - - [23/Mar/2023:09:10:08 -0300] "GET /cormun/static/Shared/jqueryui/images/ui-icons_8d78a5_256x240.png HTTP/1.1" 404 1089
190.171.149.90 - - [23/Mar/2023:09:10:10 -0300] "GET /cormun/servlet/permisogoce?18908678a01c75bbcd64eb92d9ed79be2ab55bdbc25b873fece2245485ca5558acfe1f5530b29798bd51d94b2a299f13cd198a2a829469285639ce923f9e5b8e,gx-no-cache=1679572524713 HTTP/1.1" 200 76
190.171.149.90 - - [23/Mar/2023:09:10:11 -0300] "GET /cormun/static/menuarrow.gif HTTP/1.1" 404 1015
190.171.141.114 - - [23/Mar/2023:09:10:12 -0300] "POST /cormun/servlet/trautorizarsolicitud?c4aac4993b8762210024dccd3e3585aa,,gx-no-cache=1679572492219 HTTP/1.1" 200 7705
190.171.141.114 - - [23/Mar/2023:09:10:16 -0300] "POST /cormun/servlet/trautorizarsolicitud?c4aac4993b8762210024dccd3e3585aa,,gx-no-cache=1679572496095 HTTP/1.1" 200 7732
190.171.141.114 - - [23/Mar/2023:09:10:16 -0300] "POST /cormun/servlet/trautorizarsolicitud?c4aac4993b8762210024dccd3e3585aa,,gx-no-cache=1679572496352 HTTP/1.1" 200 7676
190.171.149.90 - - [23/Mar/2023:09:10:17 -0300] "GET /cormun/servlet/permisogoce?18908678a01c75bbcd64eb92d9ed79bec14170070e667796ac0fc995a26d76d92d725875709986fa69d19ff519842d87a7c2aa2a08b9c592341e4fc3ab0e5e0e,gx-no-cache=1679572531691 HTTP/1.1" 200 47
190.171.149.90 - - [23/Mar/2023:09:10:20 -0300] "POST /cormun/servlet/permisogoce?3cb02fc10145cbfdc364c57e8da088d1,INS,0,,,,gx-no-cache=1679572534158 HTTP/1.1" 200 93
190.171.149.90 - - [23/Mar/2023:09:10:20 -0300] "GET /cormun/servlet/hpexe_return? HTTP/1.1" 200 1010
190.171.149.90 - - [23/Mar/2023:09:10:20 -0300] "GET /cormun/static/hpexe_return.js?201991422392984 HTTP/1.1" 304 -
190.171.141.114 - - [23/Mar/2023:09:10:20 -0300] "POST /cormun/servlet/trautorizarsolicitud?c4aac4993b8762210024dccd3e3585aa,,gx-no-cache=1679572500386 HTTP/1.1" 200 7733
190.171.149.90 - - [23/Mar/2023:09:10:21 -0300] "GET /cormun/servlet/trpermisosgoce HTTP/1.1" 200 9884
190.171.141.114 - - [23/Mar/2023:09:10:21 -0300] "POST /cormun/servlet/trautorizarsolicitud?c4aac4993b8762210024dccd3e3585aa,,gx-no-cache=1679572500707 HTTP/1.1" 200 7677
190.171.149.90 - - [23/Mar/2023:09:10:21 -0300] "GET /cormun/servlet/trpermisosgoce HTTP/1.1" 200 9879
190.171.141.114 - - [23/Mar/2023:09:10:22 -0300] "POST /cormun/servlet/trautorizarsolicitud?c4aac4993b8762210024dccd3e3585aa,,gx-no-cache=1679572502170 HTTP/1.1" 200 7724
190.171.141.114 - - [23/Mar/2023:09:10:22 -0300] "POST /cormun/servlet/trautorizarsolicitud?c4aac4993b8762210024dccd3e3585aa,,gx-no-cache=1679572502441 HTTP/1.1" 200 7669
190.171.149.90 - - [23/Mar/2023:09:10:23 -0300] "GET /cormun/servlet/apermisogoceprn?18015367,P,20230323085440,PU HTTP/1.1" 200 1658
190.171.152.234 - - [23/Mar/2023:09:11:59 -0300] "GET /cormun/servlet/trlicencias? HTTP/1.1" 200 9941
190.171.152.234 - - [23/Mar/2023:09:11:59 -0300] "GET /cormun/servlet/trlicencias? HTTP/1.1" 200 9939
190.171.149.90 - - [23/Mar/2023:09:16:32 -0300] "GET /cormun/servlet/hlogin HTTP/1.1" 200 1725
190.171.149.90 - - [23/Mar/2023:09:16:35 -0300] "POST /cormun/servlet/hlogin?3cb02fc10145cbfdc364c57e8da088d1,gx-no-cache=1679572910410 HTTP/1.1" 200 90
190.171.149.90 - - [23/Mar/2023:09:16:35 -0300] "GET /cormun/servlet/hpexe_link HTTP/1.1" 200 958
190.171.149.90 - - [23/Mar/2023:09:16:36 -0300] "GET /cormun/servlet/trpermisosgoce HTTP/1.1" 200 9881
190.171.149.90 - - [23/Mar/2023:09:16:36 -0300] "GET /cormun/servlet/trpermisosgoce HTTP/1.1" 200 9879
190.171.149.90 - - [23/Mar/2023:09:16:38 -0300] "GET /cormun/servlet/trpermisosgoce? HTTP/1.1" 200 9879
190.171.149.90 - - [23/Mar/2023:09:16:38 -0300] "GET /cormun/servlet/trpermisosgoce? HTTP/1.1" 200 9879
190.171.149.90 - - [23/Mar/2023:09:16:40 -0300] "GET /cormun/servlet/permisogoce?INS,0,,, HTTP/1.1" 200 6813
190.171.149.90 - - [23/Mar/2023:09:16:40 -0300] "GET /cormun/servlet/permisogoce?INS,0,,, HTTP/1.1" 200 6813
190.171.149.90 - - [23/Mar/2023:09:16:47 -0300] "GET /cormun/servlet/permisogoce?18908678a01c75bbcd64eb92d9ed79bee24a215297c60ea0e11404eb690ad225acfe1f5530b29798bd51d94b2a299f13cd198a2a829469285639ce923f9e5b8e,gx-no-cache=1679572922062 HTTP/1.1" 200 68
190.171.149.90 - - [23/Mar/2023:09:16:48 -0300] "GET /cormun/static/menuarrow.gif HTTP/1.1" 404 1015
190.171.149.90 - - [23/Mar/2023:09:16:52 -0300] "GET /cormun/servlet/permisogoce?18908678a01c75bbcd64eb92d9ed79be43883bb13d4a2d526f5a8caed6a387484689265e9bdf6bf7e197f674d948d7d6a7c2aa2a08b9c592341e4fc3ab0e5e0e,gx-no-cache=1679572927153 HTTP/1.1" 200 47
190.171.149.90 - - [23/Mar/2023:09:16:54 -0300] "POST /cormun/servlet/permisogoce?3cb02fc10145cbfdc364c57e8da088d1,INS,0,,,,gx-no-cache=1679572928902 HTTP/1.1" 200 93
190.171.149.90 - - [23/Mar/2023:09:16:55 -0300] "GET /cormun/servlet/hpexe_return? HTTP/1.1" 200 1010
190.171.149.90 - - [23/Mar/2023:09:16:55 -0300] "GET /cormun/servlet/trpermisosgoce HTTP/1.1" 200 10105
190.171.149.90 - - [23/Mar/2023:09:16:55 -0300] "GET /cormun/servlet/trpermisosgoce HTTP/1.1" 200 10101
190.171.143.82 - - [23/Mar/2023:09:16:57 -0300] "GET /cormun/servlet/trpermisosgoce?gx-no-cache=1679427958071 HTTP/1.1" 200 6031
190.171.149.90 - - [23/Mar/2023:09:16:58 -0300] "GET /cormun/servlet/apermisogoceprn?15737806,P,20230323090117,PU HTTP/1.1" 200 1644
190.171.143.82 - - [23/Mar/2023:09:17:07 -0300] "GET /cormun/servlet/hlogin HTTP/1.1" 200 1763
190.171.143.82 - - [23/Mar/2023:09:17:07 -0300] "GET /cormun/servlet/trpermisosgoce?gx-no-cache=1679427958071 HTTP/1.1" 200 6050
190.171.143.82 - - [23/Mar/2023:09:17:07 -0300] "GET /cormun/servlet/trpermisosgoce?gx-no-cache=1679427958071 HTTP/1.1" 200 6050
190.171.152.234 - - [23/Mar/2023:09:17:44 -0300] "GET /cormun/servlet/trlicencias? HTTP/1.1" 200 9939
190.171.152.234 - - [23/Mar/2023:09:17:44 -0300] "GET /cormun/servlet/trlicencias? HTTP/1.1" 200 9939
190.171.141.106 - - [23/Mar/2023:09:17:57 -0300] "GET /cormun/servlet/hlogin HTTP/1.1" 200 1734
190.171.141.106 - - [23/Mar/2023:09:17:57 -0300] "GET /cormun/static/gxtimezone.js?85251 HTTP/1.1" 200 5781
190.171.141.106 - - [23/Mar/2023:09:17:57 -0300] "GET /cormun/static/gxcfg.js?201910216285969 HTTP/1.1" 200 953
190.171.141.106 - - [23/Mar/2023:09:17:57 -0300] "GET /cormun/static/Resources/Spanish/PXTools.css?2294816 HTTP/1.1" 200 100853
190.171.141.106 - - [23/Mar/2023:09:17:57 -0300] "GET /cormun/static/messages.spa.js?85251 HTTP/1.1" 200 30736
190.171.141.106 - - [23/Mar/2023:09:17:57 -0300] "GET /cormun/static/gxgral.js?85251 HTTP/1.1" 200 384558
190.171.141.106 - - [23/Mar/2023:09:17:57 -0300] "GET /cormun/static/hlogin.js?201910216285995 HTTP/1.1" 200 2136
190.171.141.106 - - [23/Mar/2023:09:17:57 -0300] "GET /cormun/static/Resources/Logo2019_Grande.png HTTP/1.1" 200 31733
190.171.141.106 - - [23/Mar/2023:09:17:57 -0300] "GET /cormun/static/Resources/PXToolsLoginTop.png HTTP/1.1" 200 1337
190.171.141.106 - - [23/Mar/2023:09:17:57 -0300] "GET /cormun/static/Resources/PXToolsButtonLeft.png HTTP/1.1" 200 1310
190.171.141.106 - - [23/Mar/2023:09:17:57 -0300] "GET /cormun/static/Resources/PXToolsLoginBackground.png HTTP/1.1" 200 1164
190.171.141.106 - - [23/Mar/2023:09:17:57 -0300] "GET /cormun/servlet/hlogin HTTP/1.1" 200 1745
190.171.141.106 - - [23/Mar/2023:09:17:57 -0300] "GET /cormun/static/Resources/PXToolsButtonRight.png HTTP/1.1" 200 1294
190.171.141.106 - - [23/Mar/2023:09:17:57 -0300] "GET /cormun/static/Resources/PXToolsButtonBackground.png HTTP/1.1" 200 1176
190.171.141.106 - - [23/Mar/2023:09:17:57 -0300] "GET /cormun/static/Resources/indicator.gif HTTP/1.1" 200 1553
190.171.141.106 - - [23/Mar/2023:09:17:57 -0300] "GET /cormun/static/Resources/PXToolsLoginBottom.png HTTP/1.1" 200 1389
190.171.141.106 - - [23/Mar/2023:09:17:57 -0300] "GET /cormun/static/Resources/PXToolsLoginBottom.png HTTP/1.1" 200 1389
190.171.141.106 - - [23/Mar/2023:09:17:57 -0300] "GET /cormun/static/Resources/indicator.gif HTTP/1.1" 200 1553
190.171.141.106 - - [23/Mar/2023:09:17:57 -0300] "GET /favicon.ico HTTP/1.1" 200 21630
190.171.141.106 - - [23/Mar/2023:09:18:15 -0300] "POST /cormun/servlet/hlogin?9270c16bc1ff6cdddd5c87c47b3e6b13,gx-no-cache=1679572972873 HTTP/1.1" 200 450
190.171.153.26 - - [23/Mar/2023:09:21:17 -0300] "GET /cormun/servlet/hlogin HTTP/1.1" 200 1730
190.171.153.26 - - [23/Mar/2023:09:21:21 -0300] "GET /cormun/servlet/hlogin HTTP/1.1" 200 1741
190.171.153.26 - - [23/Mar/2023:09:21:21 -0300] "GET /cormun/static/Resources/indicator.gif HTTP/1.1" 200 1553
190.171.153.26 - - [23/Mar/2023:09:21:21 -0300] "GET /cormun/static/Resources/PXToolsButtonBackground.png HTTP/1.1" 200 1176
190.171.153.26 - - [23/Mar/2023:09:21:21 -0300] "GET /cormun/static/Resources/PXToolsLoginBottom.png HTTP/1.1" 200 1389
190.171.153.26 - - [23/Mar/2023:09:21:30 -0300] "POST /cormun/servlet/hlogin?7865a0a8124b0d48b31bed155c6b5df7,gx-no-cache=1679573171892 HTTP/1.1" 200 90
190.171.153.26 - - [23/Mar/2023:09:21:30 -0300] "GET /cormun/servlet/hpexe_link HTTP/1.1" 200 957
190.171.153.26 - - [23/Mar/2023:09:21:30 -0300] "GET /cormun/servlet/hhome HTTP/1.1" 200 3967
190.171.153.26 - - [23/Mar/2023:09:21:31 -0300] "GET /cormun/servlet/hhome HTTP/1.1" 200 3964
190.171.153.26 - - [23/Mar/2023:09:21:44 -0300] "GET /cormun/servlet/trpermisosgoce? HTTP/1.1" 200 8484
190.171.153.26 - - [23/Mar/2023:09:21:45 -0300] "GET /cormun/servlet/trpermisosgoce? HTTP/1.1" 200 8482
190.171.153.26 - - [23/Mar/2023:09:21:50 -0300] "GET /cormun/servlet/permisogoce?INS,0,,, HTTP/1.1" 200 6831
190.171.153.26 - - [23/Mar/2023:09:21:50 -0300] "GET /cormun/servlet/permisogoce?INS,0,,, HTTP/1.1" 200 6830
190.171.153.26 - - [23/Mar/2023:09:22:08 -0300] "GET /cormun/servlet/permisogoce?c3043c1e807bc4a7b8d6a26c630fdcee8096d21cc07dacde12db7ac3abb98a2f0e88e33217f5a087f64d7950fe233b38c837090c567888bac7e7716cedbe6e48,gx-no-cache=1679573210124 HTTP/1.1" 200 91
190.171.153.26 - - [23/Mar/2023:09:22:49 -0300] "GET /cormun/static/menuarrow.gif HTTP/1.1" 404 1015
190.171.153.26 - - [23/Mar/2023:09:23:06 -0300] "GET /cormun/servlet/permisogoce?c3043c1e807bc4a7b8d6a26c630fdcee29624b8c3573d0afac2e73968d3a6929aebab85f9367b369c391b8fec002bbdea7b03ce0fa648cb91c59b686c0838ba3,gx-no-cache=1679573267994 HTTP/1.1" 200 47
190.171.153.26 - - [23/Mar/2023:09:23:12 -0300] "POST /cormun/servlet/permisogoce?7865a0a8124b0d48b31bed155c6b5df7,INS,0,,,,gx-no-cache=1679573272806 HTTP/1.1" 200 93
190.171.153.26 - - [23/Mar/2023:09:23:12 -0300] "GET /cormun/servlet/hpexe_return? HTTP/1.1" 200 1015
190.171.153.26 - - [23/Mar/2023:09:23:12 -0300] "GET /cormun/servlet/trpermisosgoce HTTP/1.1" 200 8722
190.171.153.26 - - [23/Mar/2023:09:23:13 -0300] "GET /cormun/servlet/trpermisosgoce HTTP/1.1" 200 8718
190.171.153.26 - - [23/Mar/2023:09:23:15 -0300] "GET /cormun/servlet/apermisogoceprn?9749217,P,20230323090627,PU HTTP/1.1" 200 1674
190.171.153.26 - - [23/Mar/2023:09:23:36 -0300] "GET /cormun/servlet/permisogoce?INS,0,,, HTTP/1.1" 200 6830
190.171.153.26 - - [23/Mar/2023:09:23:37 -0300] "GET /cormun/servlet/permisogoce?INS,0,,, HTTP/1.1" 200 6830
190.171.153.26 - - [23/Mar/2023:09:23:55 -0300] "GET /cormun/servlet/permisogoce?c3043c1e807bc4a7b8d6a26c630fdcee2ea51fe73f5aea4481431c54365591733b4dbbc20d4e24f817cafc7d3590c0673c92f7a5c30ddc89ae7400ef8115adfe,gx-no-cache=1679573316242 HTTP/1.1" 200 80
190.171.153.26 - - [23/Mar/2023:09:23:57 -0300] "GET /cormun/static/menuarrow.gif HTTP/1.1" 404 1015
190.171.153.26 - - [23/Mar/2023:09:24:07 -0300] "GET /cormun/servlet/permisogoce?c3043c1e807bc4a7b8d6a26c630fdcee3986da6b7bb25df18810c61c69c0c58f9b0b81d3d2716e502fd424564131a6be73cdddc348d17c232dad7d09c53914fd,gx-no-cache=1679573328563 HTTP/1.1" 200 47
190.171.153.26 - - [23/Mar/2023:09:24:10 -0300] "POST /cormun/servlet/permisogoce?7865a0a8124b0d48b31bed155c6b5df7,INS,0,,,,gx-no-cache=1679573330922 HTTP/1.1" 200 93
190.171.153.26 - - [23/Mar/2023:09:24:10 -0300] "GET /cormun/servlet/hpexe_return? HTTP/1.1" 200 1015
190.171.153.26 - - [23/Mar/2023:09:24:10 -0300] "GET /cormun/servlet/trpermisosgoce HTTP/1.1" 200 8949
190.171.153.26 - - [23/Mar/2023:09:24:10 -0300] "GET /cormun/servlet/trpermisosgoce HTTP/1.1" 200 8945
190.171.153.26 - - [23/Mar/2023:09:24:14 -0300] "GET /cormun/servlet/apermisogoceprn?19021489,P,20230323090814,PU HTTP/1.1" 200 1653
190.95.15.15 - - [23/Mar/2023:09:24:18 -0300] "GET /cormun/servlet/hlogin HTTP/1.1" 200 1720
190.95.15.15 - - [23/Mar/2023:09:24:18 -0300] "GET /cormun/servlet/hlogin HTTP/1.1" 200 1730
190.95.15.15 - - [23/Mar/2023:09:24:30 -0300] "POST /cormun/servlet/hlogin?d3474b1c6cbe7bfa769c3b8658b623e3,gx-no-cache=1679573345869 HTTP/1.1" 200 90
190.95.15.15 - - [23/Mar/2023:09:24:30 -0300] "GET /cormun/servlet/hpexe_link HTTP/1.1" 200 947
190.95.15.15 - - [23/Mar/2023:09:24:30 -0300] "GET /cormun/servlet/hhome HTTP/1.1" 200 3942
190.95.15.15 - - [23/Mar/2023:09:24:30 -0300] "GET /cormun/servlet/hhome HTTP/1.1" 200 3938
190.171.153.26 - - [23/Mar/2023:09:24:32 -0300] "GET /cormun/servlet/permisogoce?INS,0,,, HTTP/1.1" 200 6829
190.171.153.26 - - [23/Mar/2023:09:24:33 -0300] "GET /cormun/servlet/permisogoce?INS,0,,, HTTP/1.1" 200 6829
190.95.15.15 - - [23/Mar/2023:09:24:43 -0300] "GET /cormun/servlet/trlicencias? HTTP/1.1" 200 11046
190.95.15.15 - - [23/Mar/2023:09:24:44 -0300] "GET /cormun/servlet/trlicencias? HTTP/1.1" 200 11043
190.171.153.26 - - [23/Mar/2023:09:24:45 -0300] "GET /cormun/servlet/permisogoce?c3043c1e807bc4a7b8d6a26c630fdceeadd1d4197433edac6c714cb0dda4b4cf3b4dbbc20d4e24f817cafc7d3590c0673c92f7a5c30ddc89ae7400ef8115adfe,gx-no-cache=1679573366758 HTTP/1.1" 200 81
190.171.153.26 - - [23/Mar/2023:09:24:50 -0300] "GET /cormun/static/menuarrow.gif HTTP/1.1" 404 1015
190.171.153.26 - - [23/Mar/2023:09:24:57 -0300] "GET /cormun/servlet/permisogoce?c3043c1e807bc4a7b8d6a26c630fdceee7cd93caee0f65541089f6689146daf21f25782531f8aea01019ceecd6a3d24573cdddc348d17c232dad7d09c53914fd,gx-no-cache=1679573378521 HTTP/1.1" 200 47
190.171.153.26 - - [23/Mar/2023:09:25:00 -0300] "POST /cormun/servlet/permisogoce?7865a0a8124b0d48b31bed155c6b5df7,INS,0,,,,gx-no-cache=1679573380953 HTTP/1.1" 200 93
190.171.153.26 - - [23/Mar/2023:09:25:00 -0300] "GET /cormun/servlet/hpexe_return? HTTP/1.1" 200 1015
190.171.153.26 - - [23/Mar/2023:09:25:00 -0300] "GET /cormun/servlet/trpermisosgoce HTTP/1.1" 200 9168
190.171.153.26 - - [23/Mar/2023:09:25:01 -0300] "GET /cormun/servlet/trpermisosgoce HTTP/1.1" 200 9163
190.171.153.26 - - [23/Mar/2023:09:25:03 -0300] "GET /cormun/servlet/apermisogoceprn?18379597,P,20230323090910,PU HTTP/1.1" 200 1653
190.171.153.26 - - [23/Mar/2023:09:25:19 -0300] "GET /cormun/servlet/permisogoce?INS,0,,, HTTP/1.1" 200 6829
190.171.153.26 - - [23/Mar/2023:09:25:19 -0300] "GET /cormun/servlet/permisogoce?INS,0,,, HTTP/1.1" 200 6829
190.171.153.26 - - [23/Mar/2023:09:25:35 -0300] "GET /cormun/servlet/permisogoce?c3043c1e807bc4a7b8d6a26c630fdcee359026d810885cc4b3750271ef1b19ad3b4dbbc20d4e24f817cafc7d3590c0673c92f7a5c30ddc89ae7400ef8115adfe,gx-no-cache=1679573416663 HTTP/1.1" 200 81
190.171.153.26 - - [23/Mar/2023:09:25:42 -0300] "GET /cormun/static/menuarrow.gif HTTP/1.1" 404 1015
190.171.153.26 - - [23/Mar/2023:09:25:46 -0300] "GET /cormun/servlet/permisogoce?c3043c1e807bc4a7b8d6a26c630fdcee0a6c062894faa15d92123d80c32e6b3e4dcc414652c8af2e7e4504f24aa4e13873cdddc348d17c232dad7d09c53914fd,gx-no-cache=1679573427770 HTTP/1.1" 200 47
190.171.153.26 - - [23/Mar/2023:09:25:50 -0300] "POST /cormun/servlet/permisogoce?7865a0a8124b0d48b31bed155c6b5df7,INS,0,,,,gx-no-cache=1679573430718 HTTP/1.1" 200 93
190.171.153.26 - - [23/Mar/2023:09:25:50 -0300] "GET /cormun/servlet/hpexe_return? HTTP/1.1" 200 1015
190.171.153.26 - - [23/Mar/2023:09:25:50 -0300] "GET /cormun/servlet/trpermisosgoce HTTP/1.1" 200 9385
190.171.153.26 - - [23/Mar/2023:09:25:50 -0300] "GET /cormun/servlet/trpermisosgoce HTTP/1.1" 200 9380
190.171.153.26 - - [23/Mar/2023:09:25:54 -0300] "GET /cormun/servlet/apermisogoceprn?13095601,P,20230323090957,PU HTTP/1.1" 200 1647
190.171.153.26 - - [23/Mar/2023:09:26:11 -0300] "GET /cormun/servlet/permisogoce?INS,0,,, HTTP/1.1" 200 6830
190.171.153.26 - - [23/Mar/2023:09:26:11 -0300] "GET /cormun/servlet/permisogoce?INS,0,,, HTTP/1.1" 200 6830
200.54.237.82 - - [23/Mar/2023:09:26:23 -0300] "GET /cormun/servlet/hlogin HTTP/1.1" 200 1725
200.54.237.82 - - [23/Mar/2023:09:26:26 -0300] "POST /cormun/servlet/hlogin?0bfc585190283c52c5655c8775006b42,gx-no-cache=1679573463775 HTTP/1.1" 200 90
200.54.237.82 - - [23/Mar/2023:09:26:26 -0300] "GET /cormun/servlet/hpexe_link HTTP/1.1" 200 953
200.54.237.82 - - [23/Mar/2023:09:26:26 -0300] "GET /cormun/servlet/hhome HTTP/1.1" 200 4334
200.54.237.82 - - [23/Mar/2023:09:26:27 -0300] "GET /cormun/servlet/hhome HTTP/1.1" 200 4330
190.171.153.26 - - [23/Mar/2023:09:26:28 -0300] "GET /cormun/servlet/permisogoce?c3043c1e807bc4a7b8d6a26c630fdcee6d5724c5cf679a455571e9d33dc910513b4dbbc20d4e24f817cafc7d3590c0673c92f7a5c30ddc89ae7400ef8115adfe,gx-no-cache=1679573469220 HTTP/1.1" 200 180
190.171.153.26 - - [23/Mar/2023:09:26:28 -0300] "GET /cormun/static/Shared/jqueryui/images/ui-icons_82798d_256x240.png HTTP/1.1" 404 1089
190.171.153.26 - - [23/Mar/2023:09:26:28 -0300] "GET /cormun/static/Shared/jqueryui/images/ui-bg_flat_55_994d53_40x100.png HTTP/1.1" 404 1097
190.171.153.26 - - [23/Mar/2023:09:26:28 -0300] "GET /cormun/static/Shared/jqueryui/images/ui-bg_highlight-soft_100_c6c2c8_1x100.png HTTP/1.1" 404 1117
190.171.153.26 - - [23/Mar/2023:09:26:28 -0300] "GET /cormun/static/Shared/jqueryui/images/ui-icons_ebccce_256x240.png HTTP/1.1" 404 1089
200.54.237.82 - - [23/Mar/2023:09:26:30 -0300] "GET /cormun/servlet/trcontratounov2? HTTP/1.1" 200 12309
200.54.237.82 - - [23/Mar/2023:09:26:31 -0300] "GET /cormun/servlet/trcontratounov2? HTTP/1.1" 200 12306
190.171.153.26 - - [23/Mar/2023:09:26:42 -0300] "GET /cormun/servlet/permisogoce?c3043c1e807bc4a7b8d6a26c630fdcee6d5724c5cf679a455571e9d33dc910513b4dbbc20d4e24f817cafc7d3590c0673c92f7a5c30ddc89ae7400ef8115adfe,gx-no-cache=1679573483781 HTTP/1.1" 200 180
190.171.153.26 - - [23/Mar/2023:09:27:13 -0300] "GET /cormun/servlet/permisogoce?c3043c1e807bc4a7b8d6a26c630fdcee6d5724c5cf679a455571e9d33dc910513b4dbbc20d4e24f817cafc7d3590c0673c92f7a5c30ddc89ae7400ef8115adfe,gx-no-cache=1679573514948 HTTP/1.1" 200 180
190.171.153.26 - - [23/Mar/2023:09:27:49 -0300] "GET /cormun/servlet/permisogoce?c3043c1e807bc4a7b8d6a26c630fdcee6d5724c5cf679a455571e9d33dc910513b4dbbc20d4e24f817cafc7d3590c0673c92f7a5c30ddc89ae7400ef8115adfe,gx-no-cache=1679573550923 HTTP/1.1" 200 180
181.212.42.153 - - [23/Mar/2023:09:27:51 -0300] "GET /cormun/servlet/trsolicitudot? HTTP/1.1" 200 6332
181.212.42.153 - - [23/Mar/2023:09:27:51 -0300] "GET /cormun/servlet/hlogin HTTP/1.1" 200 1745
181.212.42.153 - - [23/Mar/2023:09:27:51 -0300] "GET /cormun/servlet/trsolicitudot? HTTP/1.1" 200 6328
181.212.42.153 - - [23/Mar/2023:09:27:55 -0300] "POST /cormun/servlet/hlogin?4c05abb27959ba34562afa78a09d8098,gx-no-cache=1679573553784 HTTP/1.1" 200 90
181.212.42.153 - - [23/Mar/2023:09:27:55 -0300] "GET /cormun/servlet/hpexe_link HTTP/1.1" 200 959
181.212.42.153 - - [23/Mar/2023:09:27:56 -0300] "GET /cormun/servlet/trsolicitudot HTTP/1.1" 200 7013
181.212.42.153 - - [23/Mar/2023:09:27:56 -0300] "GET /cormun/servlet/trsolicitudot HTTP/1.1" 200 7012
181.212.42.153 - - [23/Mar/2023:09:27:58 -0300] "GET /cormun/servlet/solicitudot?INS,0,0,false, HTTP/1.1" 200 15821
181.212.42.153 - - [23/Mar/2023:09:27:58 -0300] "GET /cormun/servlet/solicitudot?INS,0,0,false, HTTP/1.1" 200 15828
181.212.42.153 - - [23/Mar/2023:09:28:03 -0300] "POST /cormun/servlet/solicitudot?gx-no-cache=1679573560865 HTTP/1.1" 200 3943
181.212.42.153 - - [23/Mar/2023:09:28:03 -0300] "POST /cormun/servlet/solicitudot?4c05abb27959ba34562afa78a09d8098,INS,0,0,false,,gx-no-cache=1679573560992 HTTP/1.1" 200 12494
181.212.42.153 - - [23/Mar/2023:09:28:03 -0300] "GET /cormun/servlet/solicitudot?0df0c749621a111270ed3581b53ce68bf4f8aa72428aab88fd1b34e92e1b142d48711a7107c6c5f28f6402973e80d5d8,gx-no-cache=1679573561855 HTTP/1.1" 200 30
190.171.153.26 - - [23/Mar/2023:09:28:11 -0300] "GET /cormun/servlet/permisogoce?c3043c1e807bc4a7b8d6a26c630fdceea7e9def5f9324b49a170d1bef8727fe53b4dbbc20d4e24f817cafc7d3590c0673c92f7a5c30ddc89ae7400ef8115adfe,gx-no-cache=1679573572474 HTTP/1.1" 200 78
190.171.153.26 - - [23/Mar/2023:09:28:15 -0300] "GET /cormun/static/menuarrow.gif HTTP/1.1" 404 1015
190.171.153.26 - - [23/Mar/2023:09:28:24 -0300] "GET /cormun/servlet/permisogoce?c3043c1e807bc4a7b8d6a26c630fdcee176d5bff3cb617ec0bcb6f9d696e4f66c4484809991a8542eac5bb34a6f08e7073cdddc348d17c232dad7d09c53914fd,gx-no-cache=1679573586127 HTTP/1.1" 200 46
190.171.153.26 - - [23/Mar/2023:09:28:27 -0300] "POST /cormun/servlet/permisogoce?7865a0a8124b0d48b31bed155c6b5df7,INS,0,,,,gx-no-cache=1679573588594 HTTP/1.1" 200 93
190.171.153.26 - - [23/Mar/2023:09:28:27 -0300] "GET /cormun/servlet/hpexe_return? HTTP/1.1" 200 1015
190.171.153.26 - - [23/Mar/2023:09:28:28 -0300] "GET /cormun/servlet/trpermisosgoce HTTP/1.1" 200 9599
190.171.153.26 - - [23/Mar/2023:09:28:28 -0300] "GET /cormun/servlet/trpermisosgoce HTTP/1.1" 200 9594
190.171.153.26 - - [23/Mar/2023:09:28:35 -0300] "GET /cormun/servlet/apermisogoceprn?16253896,P,20230323091048,PU HTTP/1.1" 200 1652
190.171.153.26 - - [23/Mar/2023:09:28:47 -0300] "GET /cormun/servlet/trlicencias? HTTP/1.1" 200 10966
190.171.153.26 - - [23/Mar/2023:09:28:48 -0300] "GET /cormun/servlet/trlicencias? HTTP/1.1" 200 10965
181.212.42.153 - - [23/Mar/2023:09:28:53 -0300] "GET /cormun/servlet/prbanco?,MD,,gxPopupLevel%3D0%3B HTTP/1.1" 200 6524
190.171.153.26 - - [23/Mar/2023:09:28:57 -0300] "GET /cormun/servlet/trpermisosgoce? HTTP/1.1" 200 9594
190.171.153.26 - - [23/Mar/2023:09:28:57 -0300] "GET /cormun/servlet/trpermisosgoce? HTTP/1.1" 200 9594
181.212.42.153 - - [23/Mar/2023:09:28:58 -0300] "GET /cormun/servlet/solicitudot?0df0c749621a111270ed3581b53ce68bacbf56aecc842e95beffd71af9cd6dab1caab22a8af8ec42b477f7541c2fd9a34e287be312b70e794ae8d00dc38b9fda,gx-no-cache=1679573616490 HTTP/1.1" 200 30
181.212.42.153 - - [23/Mar/2023:09:28:59 -0300] "GET /cormun/servlet/solicitudot?0df0c749621a111270ed3581b53ce68b29a1772e92a0e818c2e448aba53d77d7,gx-no-cache=1679573617627 HTTP/1.1" 200 53
190.171.153.26 - - [23/Mar/2023:09:29:01 -0300] "GET /cormun/servlet/permisogoce?INS,0,,, HTTP/1.1" 200 6830
190.171.153.26 - - [23/Mar/2023:09:29:01 -0300] "GET /cormun/servlet/permisogoce?INS,0,,, HTTP/1.1" 200 6830
181.212.42.153 - - [23/Mar/2023:09:29:07 -0300] "POST /cormun/servlet/solicitudot?gx-no-cache=1679573625725 HTTP/1.1" 200 240
181.212.42.153 - - [23/Mar/2023:09:29:09 -0300] "GET /cormun/servlet/solicitudot?0df0c749621a111270ed3581b53ce68ba37126ec1dd34632919b0b53c40c2d6d7a88dc7c0531e19cf99487f1084000512f7687c69bd0200ac2b9a97763280e04a1baf8bccc96ec2bc0d15cb861d3818b44a28f5645dd979d9654c13a393c2dc6fccc1d2bea670750a4504b428bd51ff9a53d5bae691dcd3bae17359fbd921d3308c3ec785dc69d5a096cca0f8cab149639f995ef740810e8db31b9db00bdb014ce5301dd0e1d6adf003969a29dd2f2482fdcad8b675910fa2a2ad8902d412bb790fb827e8629ec290438b0dff4b9f1e549342dda3d6c16aa180c2125509e694ac5874c6cbd8a6ac25353dcd9dd32e7a64eaa9763a5ef1fe25c5cff648ec5cfc571f12e707b1d3e1ec29e6eab6545028b45c9d471c1396c10bbc4c0651a95a079155a54eb5940dd66762fa746feeac5505211041cc6dd668d884c82be26806afe195ce28c53fbb36362b71010f0798cee1aeeb20d43e73d4d2ad1759a6bed0b74695c114bd8f45c2e1513ee937a2fabb115d52e48cc33d9caf19521c563b1b3c4,gx-no-cache=1679573627070 HTTP/1.1" 200 30
181.212.42.153 - - [23/Mar/2023:09:29:11 -0300] "POST /cormun/servlet/solicitudot?gx-no-cache=1679573629647 HTTP/1.1" 200 30
181.212.42.153 - - [23/Mar/2023:09:29:13 -0300] "GET /cormun/servlet/prfichaempleado?,MD,,gxPopupLevel%3D0%3B HTTP/1.1" 200 9260
200.54.237.82 - - [23/Mar/2023:09:29:16 -0300] "GET /cormun/servlet/trlicencias? HTTP/1.1" 200 9244
200.54.237.82 - - [23/Mar/2023:09:29:17 -0300] "GET /cormun/servlet/trlicencias? HTTP/1.1" 200 9243
181.212.42.153 - - [23/Mar/2023:09:29:20 -0300] "POST /cormun/servlet/prfichaempleado?4c05abb27959ba34562afa78a09d8098,,MD,,gxPopupLevel%3D0%3B,gx-no-cache=1679573638501 HTTP/1.1" 200 3403
181.212.42.153 - - [23/Mar/2023:09:29:24 -0300] "POST /cormun/servlet/solicitudot?gx-no-cache=1679573642356 HTTP/1.1" 200 1469
181.212.42.153 - - [23/Mar/2023:09:29:25 -0300] "GET /cormun/servlet/prlicenciaspermisos?16492811,L,,MD,,gxPopupLevel%3D0%3B HTTP/1.1" 200 6737
181.212.42.153 - - [23/Mar/2023:09:29:30 -0300] "POST /cormun/servlet/solicitudot?gx-no-cache=1679573648223 HTTP/1.1" 200 41
190.171.153.26 - - [23/Mar/2023:09:29:36 -0300] "GET /cormun/servlet/permisogoce?c3043c1e807bc4a7b8d6a26c630fdceea7e9def5f9324b49a170d1bef8727fe53b4dbbc20d4e24f817cafc7d3590c0673c92f7a5c30ddc89ae7400ef8115adfe,gx-no-cache=1679573657726 HTTP/1.1" 200 81
190.171.153.26 - - [23/Mar/2023:09:29:49 -0300] "GET /cormun/static/menuarrow.gif HTTP/1.1" 404 1015
181.212.42.153 - - [23/Mar/2023:09:29:52 -0300] "GET /cormun/servlet/solicitudot?0df0c749621a111270ed3581b53ce68b6b08641db24aa0e39b1d97ecf4d4ded2d26a06ef4a8b2148da81aca206a891ac7b2f986911a42cda21740862107e515dc2b8886c2642a018aa20279c8cccce1f1084a3ed0c5d8291e87866f1f5326de9cbc9d65f4de4d1391129e1184b72c20f,gx-no-cache=1679573669999 HTTP/1.1" 200 110
181.212.42.153 - - [23/Mar/2023:09:29:52 -0300] "POST /cormun/servlet/solicitudot?gx-no-cache=1679573670027 HTTP/1.1" 200 97
181.212.42.153 - - [23/Mar/2023:09:29:55 -0300] "GET /cormun/servlet/solicitudot?0df0c749621a111270ed3581b53ce68b02ad5ca77e9c285cdba1d9dd12cfbb9260d53ba8b077fa34568593d4f3e6771662b223bd60d3c3c5bade1d8bdc9a088e41cf7b91dfce9d9ef17b2b49a46bb6001cedea3a721a01c724a4f556087e559d38e57720c096d95a181c83eac15c7038,gx-no-cache=1679573673088 HTTP/1.1" 200 29
181.212.42.153 - - [23/Mar/2023:09:29:55 -0300] "GET /cormun/static/menuarrow.gif HTTP/1.1" 404 1015
190.171.153.26 - - [23/Mar/2023:09:29:56 -0300] "GET /cormun/servlet/permisogoce?c3043c1e807bc4a7b8d6a26c630fdcee176d5bff3cb617ec0bcb6f9d696e4f661f0a1ec235d52b6d6394d1719e6c794673cdddc348d17c232dad7d09c53914fd,gx-no-cache=1679573677262 HTTP/1.1" 200 47
190.171.153.26 - - [23/Mar/2023:09:29:58 -0300] "POST /cormun/servlet/permisogoce?7865a0a8124b0d48b31bed155c6b5df7,INS,0,,,,gx-no-cache=1679573679088 HTTP/1.1" 200 93
190.171.153.26 - - [23/Mar/2023:09:29:58 -0300] "GET /cormun/servlet/hpexe_return? HTTP/1.1" 200 1015
190.171.153.26 - - [23/Mar/2023:09:29:58 -0300] "GET /cormun/servlet/trpermisosgoce HTTP/1.1" 200 9775
181.212.42.153 - - [23/Mar/2023:09:29:58 -0300] "GET /cormun/servlet/solicitudot?0df0c749621a111270ed3581b53ce68b96a476f11874e0dbcd6e2a153830bc3601166152a5afd730de5350f0616ed2cd,gx-no-cache=1679573676531 HTTP/1.1" 200 30
181.212.42.153 - - [23/Mar/2023:09:29:58 -0300] "POST /cormun/servlet/solicitudot?gx-no-cache=1679573676550 HTTP/1.1" 200 34
190.171.153.26 - - [23/Mar/2023:09:29:59 -0300] "GET /cormun/servlet/trpermisosgoce HTTP/1.1" 200 9771
190.171.153.26 - - [23/Mar/2023:09:30:16 -0300] "GET /cormun/servlet/apermisogoceprn?16253896,P,20230323091338,PU HTTP/1.1" 200 1662
181.212.42.153 - - [23/Mar/2023:09:30:21 -0300] "POST /cormun/servlet/solicitudot?4c05abb27959ba34562afa78a09d8098,INS,0,0,false,,gx-no-cache=1679573698155 HTTP/1.1" 200 93
181.212.42.153 - - [23/Mar/2023:09:30:21 -0300] "GET /cormun/servlet/hpexe_return? HTTP/1.1" 200 1011
181.212.42.153 - - [23/Mar/2023:09:30:21 -0300] "GET /cormun/servlet/trsolicitudot HTTP/1.1" 200 8509
181.212.42.153 - - [23/Mar/2023:09:30:21 -0300] "GET /cormun/servlet/trsolicitudot HTTP/1.1" 200 8507
181.212.42.153 - - [23/Mar/2023:09:30:23 -0300] "POST /cormun/servlet/trsolicitudot?4c05abb27959ba34562afa78a09d8098,gx-no-cache=1679573701211 HTTP/1.1" 200 107
181.212.42.153 - - [23/Mar/2023:09:30:23 -0300] "GET /cormun/servlet/trsolicitudadjuntos?2023,19777, HTTP/1.1" 200 6071
181.212.42.153 - - [23/Mar/2023:09:30:23 -0300] "GET /cormun/servlet/trsolicitudadjuntos?2023,19777, HTTP/1.1" 200 6071
181.212.42.153 - - [23/Mar/2023:09:30:25 -0300] "GET /cormun/servlet/solicitudotadjuntos?INS,2023,19777,,1, HTTP/1.1" 200 6018
181.212.42.153 - - [23/Mar/2023:09:30:25 -0300] "GET /cormun/static/about:blank HTTP/1.1" 404 1011
181.212.42.153 - - [23/Mar/2023:09:30:26 -0300] "GET /cormun/servlet/solicitudotadjuntos?INS,2023,19777,,1, HTTP/1.1" 200 6011
181.212.42.153 - - [23/Mar/2023:09:30:26 -0300] "GET /cormun/servlet/solicitudotadjuntos?0df0c749621a111270ed3581b53ce68b04c0f793995ea751d1b6288f658fbae4f7b778d6129e6fa7b5d0ee179acef02d,gx-no-cache=1679573704342 HTTP/1.1" 200 30
181.212.42.153 - - [23/Mar/2023:09:30:26 -0300] "POST /cormun/servlet/solicitudotadjuntos?4c05abb27959ba34562afa78a09d8098,INS,2023,19777,,1,,gx-no-cache=1679573704357 HTTP/1.1" 200 3898
181.212.42.153 - - [23/Mar/2023:09:30:29 -0300] "POST /cormun/servlet/solicitudotadjuntos?gx-no-cache=1679573707033 HTTP/1.1" 200 26
190.171.153.26 - - [23/Mar/2023:09:30:43 -0300] "GET /cormun/servlet/permisogoce?INS,0,,, HTTP/1.1" 200 6830
190.171.153.26 - - [23/Mar/2023:09:30:44 -0300] "GET /cormun/servlet/permisogoce?INS,0,,, HTTP/1.1" 200 6830
200.54.107.2 - - [23/Mar/2023:09:30:45 -0300] "GET /cormun/servlet/hlogin HTTP/1.1" 200 1731
200.54.107.2 - - [23/Mar/2023:09:30:46 -0300] "GET /cormun/servlet/hlogin HTTP/1.1" 200 1740
200.54.107.2 - - [23/Mar/2023:09:30:49 -0300] "POST /cormun/servlet/hlogin?bdca0caa1447a36edfa1afcc9ee9fdcf,gx-no-cache=1679573726582 HTTP/1.1" 200 90
200.54.107.2 - - [23/Mar/2023:09:30:49 -0300] "GET /cormun/servlet/hpexe_link HTTP/1.1" 200 955
200.54.107.2 - - [23/Mar/2023:09:30:49 -0300] "GET /cormun/static/hpexe_link.js?201991422392963 HTTP/1.1" 200 625
200.54.107.2 - - [23/Mar/2023:09:30:49 -0300] "GET /cormun/servlet/hhome HTTP/1.1" 200 4359
200.54.107.2 - - [23/Mar/2023:09:30:51 -0300] "GET /cormun/servlet/hhome HTTP/1.1" 200 4355
200.54.107.2 - - [23/Mar/2023:09:30:55 -0300] "GET /cormun/servlet/trpermisosgoce? HTTP/1.1" 200 8981
200.54.107.2 - - [23/Mar/2023:09:30:55 -0300] "GET /cormun//static/Resources/PXToolsGridDisplay.png HTTP/1.1" 200 525
200.54.107.2 - - [23/Mar/2023:09:30:55 -0300] "GET /cormun/servlet/trpermisosgoce? HTTP/1.1" 200 8979
200.54.107.2 - - [23/Mar/2023:09:30:55 -0300] "GET /cormun//static/Resources/PXTools/ActionInsert.png HTTP/1.1" 200 1482
200.54.107.2 - - [23/Mar/2023:09:30:58 -0300] "GET /cormun/servlet/permisogoce?INS,0,,, HTTP/1.1" 200 7253
200.54.107.2 - - [23/Mar/2023:09:30:59 -0300] "GET /cormun/servlet/permisogoce?INS,0,,, HTTP/1.1" 200 7254
190.171.153.26 - - [23/Mar/2023:09:30:59 -0300] "GET /cormun/servlet/permisogoce?c3043c1e807bc4a7b8d6a26c630fdcee225fd3dd218687eba122275ea340648a3b4dbbc20d4e24f817cafc7d3590c0673c92f7a5c30ddc89ae7400ef8115adfe,gx-no-cache=1679573740916 HTTP/1.1" 200 81
181.212.42.153 - - [23/Mar/2023:09:31:01 -0300] "GET /cormun/servlet/solicitudotadjuntos?0df0c749621a111270ed3581b53ce68b7c12928a0c285d9d654a856d52ff3198,gx-no-cache=1679573738903 HTTP/1.1" 200 30
181.212.42.153 - - [23/Mar/2023:09:31:01 -0300] "GET /cormun/servlet/solicitudotadjuntos?0df0c749621a111270ed3581b53ce68b7c12928a0c285d9d654a856d52ff3198,gx-no-cache=1679573738922 HTTP/1.1" 200 30
181.212.42.153 - - [23/Mar/2023:09:31:01 -0300] "POST /cormun/servlet/solicitudotadjuntos?4c05abb27959ba34562afa78a09d8098,INS,2023,19777,,1, HTTP/1.1" 200 116
