192.168.10.17 - - [20/Mar/2023:13:57:56 -0300] "GET /cormun/pexe_scrolldiv.js HTTP/1.1" 404 1009
192.168.10.17 - - [20/Mar/2023:13:57:56 -0300] "GET /cormun/servlet/vesolicitudgral?2023,19522,,General HTTP/1.1" 200 8421
192.168.10.17 - - [20/Mar/2023:13:57:59 -0300] "GET /cormun/servlet/trsolicitudgral? HTTP/1.1" 200 15240
192.168.10.17 - - [20/Mar/2023:13:58:00 -0300] "GET /cormun/servlet/trsolicitudgral? HTTP/1.1" 200 15236
200.54.103.162 - - [20/Mar/2023:13:58:12 -0300] "POST /cormun/servlet/solicitudotadjuntos?gx-no-cache=1679330626793 HTTP/1.1" 200 26
200.54.103.162 - - [20/Mar/2023:13:58:26 -0300] "POST /cormun/servlet/solicitudotadjuntos?gx-no-cache=1679330641607 HTTP/1.1" 200 26
192.168.10.17 - - [20/Mar/2023:13:58:31 -0300] "GET /cormun/servlet/vesolicitudgral?2023,19606,, HTTP/1.1" 200 8391
192.168.10.17 - - [20/Mar/2023:13:58:31 -0300] "GET /cormun/pexe_scrolldiv.js HTTP/1.1" 404 1009
192.168.10.17 - - [20/Mar/2023:13:58:31 -0300] "GET /cormun/servlet/vesolicitudgral?2023,19606,, HTTP/1.1" 200 8390
200.54.103.162 - - [20/Mar/2023:13:58:34 -0300] "GET /cormun/servlet/solicitudotadjuntos?ecfb96d0386c53e2301271e330a19c29ac9cc1ec5441ce3682cb5178654ed440,gx-no-cache=1679330649679 HTTP/1.1" 200 30
200.54.103.162 - - [20/Mar/2023:13:58:34 -0300] "GET /cormun/servlet/solicitudotadjuntos?ecfb96d0386c53e2301271e330a19c29ac9cc1ec5441ce3682cb5178654ed440,gx-no-cache=1679330649699 HTTP/1.1" 200 30
200.54.103.162 - - [20/Mar/2023:13:58:35 -0300] "POST /cormun/servlet/solicitudotadjuntos?de349210fd279af3cf34fe48c89e57b7,INS,2023,19711,,1, HTTP/1.1" 200 116
200.54.103.162 - - [20/Mar/2023:13:58:35 -0300] "GET /cormun/servlet/hpexe_return? HTTP/1.1" 200 1033
200.54.103.162 - - [20/Mar/2023:13:58:35 -0300] "GET /cormun/servlet/trsolicitudadjuntos?2023,19711, HTTP/1.1" 200 10046
200.54.103.162 - - [20/Mar/2023:13:58:36 -0300] "GET /cormun/servlet/trsolicitudadjuntos?2023,19711, HTTP/1.1" 200 10045
200.54.103.162 - - [20/Mar/2023:13:58:38 -0300] "GET /cormun/servlet/solicitudotadjuntos?INS,2023,19711,,1, HTTP/1.1" 200 6395
200.54.103.162 - - [20/Mar/2023:13:58:39 -0300] "GET /cormun/static/about:blank HTTP/1.1" 404 1011
200.54.103.162 - - [20/Mar/2023:13:58:39 -0300] "GET /cormun/servlet/solicitudotadjuntos?INS,2023,19711,,1, HTTP/1.1" 200 6388
200.54.103.162 - - [20/Mar/2023:13:58:39 -0300] "GET /cormun/servlet/solicitudotadjuntos?ecfb96d0386c53e2301271e330a19c296d9684d713ee61d9f8b9ec054e957aac89e0081e20164eb35d5a29708a111e20,gx-no-cache=1679330654524 HTTP/1.1" 200 30
200.54.103.162 - - [20/Mar/2023:13:58:39 -0300] "POST /cormun/servlet/solicitudotadjuntos?de349210fd279af3cf34fe48c89e57b7,INS,2023,19711,,1,,gx-no-cache=1679330654536 HTTP/1.1" 200 4158
200.54.103.162 - - [20/Mar/2023:13:58:43 -0300] "POST /cormun/servlet/solicitudotadjuntos?gx-no-cache=1679330658591 HTTP/1.1" 200 26
200.54.103.162 - - [20/Mar/2023:13:58:51 -0300] "GET /cormun/servlet/solicitudotadjuntos?ecfb96d0386c53e2301271e330a19c29ac9cc1ec5441ce3682cb5178654ed440,gx-no-cache=1679330665984 HTTP/1.1" 200 30
200.54.103.162 - - [20/Mar/2023:13:58:51 -0300] "GET /cormun/servlet/solicitudotadjuntos?ecfb96d0386c53e2301271e330a19c29ac9cc1ec5441ce3682cb5178654ed440,gx-no-cache=1679330665995 HTTP/1.1" 200 30
200.54.103.162 - - [20/Mar/2023:13:58:51 -0300] "POST /cormun/servlet/solicitudotadjuntos?de349210fd279af3cf34fe48c89e57b7,INS,2023,19711,,1, HTTP/1.1" 200 6755
200.54.103.162 - - [20/Mar/2023:13:58:51 -0300] "GET /cormun/static/Shared/jqueryui/images/ui-bg_highlight-soft_100_c6c2c8_1x100.png HTTP/1.1" 404 1117
200.54.103.162 - - [20/Mar/2023:13:58:51 -0300] "GET /cormun/static/Shared/jqueryui/images/ui-icons_82798d_256x240.png HTTP/1.1" 404 1089
200.54.103.162 - - [20/Mar/2023:13:58:51 -0300] "GET /cormun/static/Shared/jqueryui/images/ui-bg_flat_55_994d53_40x100.png HTTP/1.1" 404 1097
200.54.103.162 - - [20/Mar/2023:13:58:51 -0300] "GET /cormun/static/Shared/jqueryui/images/ui-icons_ebccce_256x240.png HTTP/1.1" 404 1089
200.54.103.162 - - [20/Mar/2023:13:58:51 -0300] "GET /cormun/PrivateTempStorage/upload_00011502.pdf HTTP/1.1" 200 525391
200.54.103.162 - - [20/Mar/2023:13:58:55 -0300] "POST /cormun/servlet/solicitudotadjuntos?gx-no-cache=1679330670319 HTTP/1.1" 200 26
200.54.103.162 - - [20/Mar/2023:13:59:01 -0300] "GET /cormun/servlet/solicitudotadjuntos?ecfb96d0386c53e2301271e330a19c29b46219390291ff9f076971b835e5e452c81b763bff3ffd9522048896d5fa0c23,gx-no-cache=1679330676280 HTTP/1.1" 200 30
200.54.103.162 - - [20/Mar/2023:13:59:01 -0300] "GET /cormun/servlet/solicitudotadjuntos?ecfb96d0386c53e2301271e330a19c292f6e0bad6784556bfcc4985a9477abfdc81b763bff3ffd9522048896d5fa0c23,gx-no-cache=1679330676358 HTTP/1.1" 200 30
200.54.103.162 - - [20/Mar/2023:13:59:02 -0300] "POST /cormun/servlet/solicitudotadjuntos?de349210fd279af3cf34fe48c89e57b7,INS,2023,19711,,1, HTTP/1.1" 200 116
200.54.103.162 - - [20/Mar/2023:13:59:02 -0300] "GET /cormun/servlet/hpexe_return? HTTP/1.1" 200 1033
200.54.103.162 - - [20/Mar/2023:13:59:03 -0300] "GET /cormun/servlet/trsolicitudadjuntos?2023,19711, HTTP/1.1" 200 10322
192.168.10.17 - - [20/Mar/2023:13:59:04 -0300] "GET /cormun/servlet/trsolicitudgral? HTTP/1.1" 200 15237
200.54.103.162 - - [20/Mar/2023:13:59:04 -0300] "GET /cormun/servlet/trsolicitudadjuntos?2023,19711, HTTP/1.1" 200 10318
192.168.10.17 - - [20/Mar/2023:13:59:04 -0300] "GET /cormun/servlet/trsolicitudgral? HTTP/1.1" 200 15236
192.168.10.17 - - [20/Mar/2023:13:59:17 -0300] "GET /cormun/servlet/vesolicitudgral?2023,19607,, HTTP/1.1" 200 8373
192.168.10.17 - - [20/Mar/2023:13:59:17 -0300] "GET /cormun/pexe_scrolldiv.js HTTP/1.1" 404 1009
192.168.10.17 - - [20/Mar/2023:13:59:17 -0300] "GET /cormun/servlet/vesolicitudgral?2023,19607,, HTTP/1.1" 200 8371
190.171.143.106 - - [20/Mar/2023:13:59:24 -0300] "GET /cormun/servlet/hlogin HTTP/1.1" 200 1721
192.168.10.17 - - [20/Mar/2023:13:59:39 -0300] "POST /cormun/servlet/vesolicitudgral?0ec73a0cf5206bd8c64102f42e66906a,2023,19607,,,gx-no-cache=1679330659774 HTTP/1.1" 200 12167
192.168.10.17 - - [20/Mar/2023:13:59:39 -0300] "GET /cormun/static/Shared/jqueryui/images/ui-bg_highlight-soft_100_c6c2c8_1x100.png HTTP/1.1" 404 1117
192.168.10.17 - - [20/Mar/2023:13:59:39 -0300] "GET /cormun/static/Shared/jqueryui/images/ui-icons_82798d_256x240.png HTTP/1.1" 404 1089
192.168.10.17 - - [20/Mar/2023:13:59:39 -0300] "GET /cormun/static/Shared/jqueryui/images/ui-icons_8d78a5_256x240.png HTTP/1.1" 404 1089
192.168.10.17 - - [20/Mar/2023:13:59:39 -0300] "GET /cormun/static/Shared/jqueryui/images/ui-bg_flat_55_fafafa_40x100.png HTTP/1.1" 404 1097
192.168.10.17 - - [20/Mar/2023:13:59:39 -0300] "POST /cormun/servlet/vesolicitudgral?0ec73a0cf5206bd8c64102f42e66906a,2023,19607,,,gx-no-cache=1679330659983 HTTP/1.1" 200 12101
192.168.10.17 - - [20/Mar/2023:13:59:41 -0300] "GET /cormun/servlet/trsolicitudgral? HTTP/1.1" 200 14881
192.168.10.17 - - [20/Mar/2023:13:59:41 -0300] "GET /cormun/servlet/trsolicitudgral? HTTP/1.1" 200 14877
192.168.10.17 - - [20/Mar/2023:13:59:45 -0300] "GET /cormun/servlet/vesolicitudgral?2023,19608,, HTTP/1.1" 200 8359
192.168.10.17 - - [20/Mar/2023:13:59:45 -0300] "GET /cormun/pexe_scrolldiv.js HTTP/1.1" 404 1009
190.171.143.106 - - [20/Mar/2023:13:59:45 -0300] "POST /cormun/servlet/hlogin?2e9d9297955b17c388b8d5c889f2b980,gx-no-cache=1679330828715 HTTP/1.1" 200 90
190.171.143.106 - - [20/Mar/2023:13:59:46 -0300] "GET /cormun/servlet/hpexe_link HTTP/1.1" 200 947
190.171.143.106 - - [20/Mar/2023:13:59:46 -0300] "GET /cormun/servlet/hhome HTTP/1.1" 200 4165
192.168.10.17 - - [20/Mar/2023:13:59:46 -0300] "GET /cormun/servlet/vesolicitudgral?2023,19608,, HTTP/1.1" 200 8356
190.171.143.106 - - [20/Mar/2023:13:59:46 -0300] "GET /cormun/servlet/hhome HTTP/1.1" 200 4163
190.171.143.106 - - [20/Mar/2023:13:59:48 -0300] "GET /cormun/servlet/trsolicitudot? HTTP/1.1" 200 9317
190.171.143.106 - - [20/Mar/2023:13:59:48 -0300] "GET /cormun/servlet/trsolicitudot? HTTP/1.1" 200 9315
200.54.103.162 - - [20/Mar/2023:14:00:04 -0300] "GET /cormun/servlet/solicitudotadjuntos?INS,2023,19711,,1, HTTP/1.1" 200 6395
200.54.103.162 - - [20/Mar/2023:14:00:04 -0300] "GET /cormun/static/about:blank HTTP/1.1" 404 1011
200.54.103.162 - - [20/Mar/2023:14:00:04 -0300] "GET /cormun/servlet/solicitudotadjuntos?INS,2023,19711,,1, HTTP/1.1" 200 6388
200.54.103.162 - - [20/Mar/2023:14:00:05 -0300] "GET /cormun/servlet/solicitudotadjuntos?ecfb96d0386c53e2301271e330a19c296d9684d713ee61d9f8b9ec054e957aac89e0081e20164eb35d5a29708a111e20,gx-no-cache=1679330740067 HTTP/1.1" 200 30
200.54.103.162 - - [20/Mar/2023:14:00:05 -0300] "POST /cormun/servlet/solicitudotadjuntos?de349210fd279af3cf34fe48c89e57b7,INS,2023,19711,,1,,gx-no-cache=1679330740081 HTTP/1.1" 200 4159
192.168.10.17 - - [20/Mar/2023:14:00:11 -0300] "POST /cormun/servlet/vesolicitudgral?0ec73a0cf5206bd8c64102f42e66906a,2023,19608,,,gx-no-cache=1679330692140 HTTP/1.1" 200 12175
192.168.10.17 - - [20/Mar/2023:14:00:12 -0300] "GET /cormun/static/Shared/jqueryui/images/ui-icons_82798d_256x240.png HTTP/1.1" 404 1089
192.168.10.17 - - [20/Mar/2023:14:00:12 -0300] "GET /cormun/static/Shared/jqueryui/images/ui-bg_highlight-soft_100_c6c2c8_1x100.png HTTP/1.1" 404 1117
192.168.10.17 - - [20/Mar/2023:14:00:12 -0300] "GET /cormun/static/Shared/jqueryui/images/ui-bg_flat_55_fafafa_40x100.png HTTP/1.1" 404 1097
192.168.10.17 - - [20/Mar/2023:14:00:12 -0300] "GET /cormun/static/Shared/jqueryui/images/ui-icons_8d78a5_256x240.png HTTP/1.1" 404 1089
192.168.10.17 - - [20/Mar/2023:14:00:12 -0300] "POST /cormun/servlet/vesolicitudgral?0ec73a0cf5206bd8c64102f42e66906a,2023,19608,,,gx-no-cache=1679330692318 HTTP/1.1" 200 12109
192.168.10.17 - - [20/Mar/2023:14:00:13 -0300] "GET /cormun/servlet/trsolicitudgral? HTTP/1.1" 200 14566
200.54.103.162 - - [20/Mar/2023:14:00:13 -0300] "POST /cormun/servlet/solicitudotadjuntos?gx-no-cache=1679330748747 HTTP/1.1" 200 26
192.168.10.17 - - [20/Mar/2023:14:00:13 -0300] "GET /cormun/servlet/trsolicitudgral? HTTP/1.1" 200 14562
200.54.103.162 - - [20/Mar/2023:14:00:22 -0300] "GET /cormun/servlet/solicitudotadjuntos?ecfb96d0386c53e2301271e330a19c29ac9cc1ec5441ce3682cb5178654ed440,gx-no-cache=1679330757351 HTTP/1.1" 200 30
200.54.103.162 - - [20/Mar/2023:14:00:22 -0300] "GET /cormun/servlet/solicitudotadjuntos?ecfb96d0386c53e2301271e330a19c29ac9cc1ec5441ce3682cb5178654ed440,gx-no-cache=1679330757362 HTTP/1.1" 200 30
200.54.103.162 - - [20/Mar/2023:14:00:22 -0300] "POST /cormun/servlet/solicitudotadjuntos?de349210fd279af3cf34fe48c89e57b7,INS,2023,19711,,1, HTTP/1.1" 200 116
200.54.103.162 - - [20/Mar/2023:14:00:22 -0300] "GET /cormun/servlet/hpexe_return? HTTP/1.1" 200 1033
200.54.103.162 - - [20/Mar/2023:14:00:23 -0300] "GET /cormun/servlet/trsolicitudadjuntos?2023,19711, HTTP/1.1" 200 10480
200.54.103.162 - - [20/Mar/2023:14:00:23 -0300] "GET /cormun/servlet/trsolicitudadjuntos?2023,19711, HTTP/1.1" 200 10480
192.168.10.17 - - [20/Mar/2023:14:00:26 -0300] "GET /cormun/servlet/vesolicitudgral?2023,19609,, HTTP/1.1" 200 8354
192.168.10.17 - - [20/Mar/2023:14:00:26 -0300] "GET /cormun/pexe_scrolldiv.js HTTP/1.1" 404 1009
192.168.10.17 - - [20/Mar/2023:14:00:27 -0300] "GET /cormun/servlet/vesolicitudgral?2023,19609,, HTTP/1.1" 200 8354
200.54.103.162 - - [20/Mar/2023:14:00:29 -0300] "GET /cormun/servlet/trsolicitudot? HTTP/1.1" 200 8955
200.54.103.162 - - [20/Mar/2023:14:00:29 -0300] "GET /cormun/servlet/trsolicitudot? HTTP/1.1" 200 8948
200.54.103.162 - - [20/Mar/2023:14:00:32 -0300] "POST /cormun/servlet/trsolicitudot?de349210fd279af3cf34fe48c89e57b7,,gx-no-cache=1679330767642 HTTP/1.1" 200 4864
200.54.103.162 - - [20/Mar/2023:14:00:32 -0300] "GET /cormun/static/Shared/jqueryui/images/ui-bg_highlight-soft_100_c6c2c8_1x100.png HTTP/1.1" 404 1117
200.54.103.162 - - [20/Mar/2023:14:00:32 -0300] "GET /cormun/static/Shared/jqueryui/images/ui-icons_82798d_256x240.png HTTP/1.1" 404 1089
200.54.103.162 - - [20/Mar/2023:14:00:32 -0300] "GET /cormun/static/Shared/jqueryui/images/ui-bg_flat_55_fafafa_40x100.png HTTP/1.1" 404 1097
200.54.103.162 - - [20/Mar/2023:14:00:32 -0300] "GET /cormun/static/Shared/jqueryui/images/ui-icons_8d78a5_256x240.png HTTP/1.1" 404 1089
200.54.103.162 - - [20/Mar/2023:14:00:32 -0300] "POST /cormun/servlet/trsolicitudot?de349210fd279af3cf34fe48c89e57b7,,gx-no-cache=1679330767798 HTTP/1.1" 200 4635
200.54.103.162 - - [20/Mar/2023:14:00:35 -0300] "GET /cormun/servlet/trautorizarsolicitud? HTTP/1.1" 200 8839
200.54.103.162 - - [20/Mar/2023:14:00:36 -0300] "GET /cormun/servlet/trautorizarsolicitud? HTTP/1.1" 200 8839
192.168.10.17 - - [20/Mar/2023:14:00:38 -0300] "POST /cormun/servlet/vesolicitudgral?0ec73a0cf5206bd8c64102f42e66906a,2023,19609,,,gx-no-cache=1679330718652 HTTP/1.1" 200 12169
192.168.10.17 - - [20/Mar/2023:14:00:38 -0300] "GET /cormun/static/Shared/jqueryui/images/ui-bg_highlight-soft_100_c6c2c8_1x100.png HTTP/1.1" 404 1117
192.168.10.17 - - [20/Mar/2023:14:00:38 -0300] "GET /cormun/static/Shared/jqueryui/images/ui-icons_82798d_256x240.png HTTP/1.1" 404 1089
192.168.10.17 - - [20/Mar/2023:14:00:38 -0300] "GET /cormun/static/Shared/jqueryui/images/ui-bg_flat_55_fafafa_40x100.png HTTP/1.1" 404 1097
192.168.10.17 - - [20/Mar/2023:14:00:38 -0300] "GET /cormun/static/Shared/jqueryui/images/ui-icons_8d78a5_256x240.png HTTP/1.1" 404 1089
192.168.10.17 - - [20/Mar/2023:14:00:38 -0300] "POST /cormun/servlet/vesolicitudgral?0ec73a0cf5206bd8c64102f42e66906a,2023,19609,,,gx-no-cache=1679330718830 HTTP/1.1" 200 12102
192.168.10.17 - - [20/Mar/2023:14:00:39 -0300] "GET /cormun/servlet/trsolicitudgral? HTTP/1.1" 200 14122
192.168.10.17 - - [20/Mar/2023:14:00:40 -0300] "GET /cormun/servlet/trsolicitudgral? HTTP/1.1" 200 14118
200.54.103.162 - - [20/Mar/2023:14:00:41 -0300] "POST /cormun/servlet/trautorizarsolicitud?de349210fd279af3cf34fe48c89e57b7,,gx-no-cache=1679330776465 HTTP/1.1" 200 4781
200.54.103.162 - - [20/Mar/2023:14:00:41 -0300] "GET /cormun/static/Shared/jqueryui/images/ui-bg_highlight-soft_100_c6c2c8_1x100.png HTTP/1.1" 404 1117
200.54.103.162 - - [20/Mar/2023:14:00:41 -0300] "GET /cormun/static/Shared/jqueryui/images/ui-icons_82798d_256x240.png HTTP/1.1" 404 1089
200.54.103.162 - - [20/Mar/2023:14:00:41 -0300] "GET /cormun/static/Shared/jqueryui/images/ui-bg_flat_55_fafafa_40x100.png HTTP/1.1" 404 1097
200.54.103.162 - - [20/Mar/2023:14:00:41 -0300] "GET /cormun/static/Shared/jqueryui/images/ui-icons_8d78a5_256x240.png HTTP/1.1" 404 1089
200.54.103.162 - - [20/Mar/2023:14:00:41 -0300] "POST /cormun/servlet/trautorizarsolicitud?de349210fd279af3cf34fe48c89e57b7,,gx-no-cache=1679330776595 HTTP/1.1" 200 4550
192.168.10.17 - - [20/Mar/2023:14:00:47 -0300] "GET /cormun/servlet/vesolicitudgral?2023,19612,, HTTP/1.1" 200 8373
192.168.10.17 - - [20/Mar/2023:14:00:47 -0300] "GET /cormun/pexe_scrolldiv.js HTTP/1.1" 404 1009
192.168.10.17 - - [20/Mar/2023:14:00:48 -0300] "GET /cormun/servlet/vesolicitudgral?2023,19612,, HTTP/1.1" 200 8369
192.168.10.17 - - [20/Mar/2023:14:01:07 -0300] "POST /cormun/servlet/vesolicitudgral?0ec73a0cf5206bd8c64102f42e66906a,2023,19612,,,gx-no-cache=1679330747933 HTTP/1.1" 200 12172
192.168.10.17 - - [20/Mar/2023:14:01:07 -0300] "GET /cormun/static/Shared/jqueryui/images/ui-bg_highlight-soft_100_c6c2c8_1x100.png HTTP/1.1" 404 1117
192.168.10.17 - - [20/Mar/2023:14:01:07 -0300] "GET /cormun/static/Shared/jqueryui/images/ui-bg_flat_55_fafafa_40x100.png HTTP/1.1" 404 1097
192.168.10.17 - - [20/Mar/2023:14:01:07 -0300] "GET /cormun/static/Shared/jqueryui/images/ui-icons_8d78a5_256x240.png HTTP/1.1" 404 1089
192.168.10.17 - - [20/Mar/2023:14:01:07 -0300] "GET /cormun/static/Shared/jqueryui/images/ui-icons_82798d_256x240.png HTTP/1.1" 404 1089
192.168.10.17 - - [20/Mar/2023:14:01:07 -0300] "POST /cormun/servlet/vesolicitudgral?0ec73a0cf5206bd8c64102f42e66906a,2023,19612,,,gx-no-cache=1679330748118 HTTP/1.1" 200 12106
192.168.10.17 - - [20/Mar/2023:14:01:09 -0300] "GET /cormun/servlet/trsolicitudgral? HTTP/1.1" 200 13676
192.168.10.17 - - [20/Mar/2023:14:01:09 -0300] "GET /cormun/servlet/trsolicitudgral? HTTP/1.1" 200 13673
192.168.10.17 - - [20/Mar/2023:14:01:13 -0300] "GET /cormun/servlet/vesolicitudgral?2023,19613,, HTTP/1.1" 200 8361
192.168.10.17 - - [20/Mar/2023:14:01:13 -0300] "GET /cormun/pexe_scrolldiv.js HTTP/1.1" 404 1009
192.168.10.17 - - [20/Mar/2023:14:01:14 -0300] "GET /cormun/servlet/vesolicitudgral?2023,19613,, HTTP/1.1" 200 8360
192.168.10.17 - - [20/Mar/2023:14:01:38 -0300] "POST /cormun/servlet/vesolicitudgral?0ec73a0cf5206bd8c64102f42e66906a,2023,19613,,,gx-no-cache=1679330778490 HTTP/1.1" 200 12168
192.168.10.17 - - [20/Mar/2023:14:01:38 -0300] "GET /cormun/static/Shared/jqueryui/images/ui-bg_highlight-soft_100_c6c2c8_1x100.png HTTP/1.1" 404 1117
192.168.10.17 - - [20/Mar/2023:14:01:38 -0300] "GET /cormun/static/Shared/jqueryui/images/ui-icons_82798d_256x240.png HTTP/1.1" 404 1089
192.168.10.17 - - [20/Mar/2023:14:01:38 -0300] "GET /cormun/static/Shared/jqueryui/images/ui-icons_8d78a5_256x240.png HTTP/1.1" 404 1089
192.168.10.17 - - [20/Mar/2023:14:01:38 -0300] "GET /cormun/static/Shared/jqueryui/images/ui-bg_flat_55_fafafa_40x100.png HTTP/1.1" 404 1097
192.168.10.17 - - [20/Mar/2023:14:01:38 -0300] "POST /cormun/servlet/vesolicitudgral?0ec73a0cf5206bd8c64102f42e66906a,2023,19613,,,gx-no-cache=1679330778672 HTTP/1.1" 200 12101
192.168.10.17 - - [20/Mar/2023:14:01:43 -0300] "GET /cormun/servlet/trsolicitudgral? HTTP/1.1" 200 13218
192.168.10.17 - - [20/Mar/2023:14:01:44 -0300] "GET /cormun/servlet/trsolicitudgral? HTTP/1.1" 200 13213
192.168.10.17 - - [20/Mar/2023:14:01:52 -0300] "GET /cormun/servlet/vesolicitudgral?2023,19614,, HTTP/1.1" 200 8378
192.168.10.17 - - [20/Mar/2023:14:01:52 -0300] "GET /cormun/pexe_scrolldiv.js HTTP/1.1" 404 1009
192.168.10.17 - - [20/Mar/2023:14:01:53 -0300] "GET /cormun/servlet/vesolicitudgral?2023,19614,, HTTP/1.1" 200 8377
186.103.157.98 - - [20/Mar/2023:14:02:07 -0300] "GET /cormun/servlet/trsolicitudot? HTTP/1.1" 200 7499
186.103.157.98 - - [20/Mar/2023:14:02:07 -0300] "GET /cormun/servlet/trsolicitudot? HTTP/1.1" 200 7498
186.103.157.98 - - [20/Mar/2023:14:02:09 -0300] "GET /cormun/servlet/solicitudot?INS,0,0,false, HTTP/1.1" 200 16134
192.168.10.17 - - [20/Mar/2023:14:02:09 -0300] "POST /cormun/servlet/vesolicitudgral?0ec73a0cf5206bd8c64102f42e66906a,2023,19614,,,gx-no-cache=1679330809556 HTTP/1.1" 200 12177
192.168.10.17 - - [20/Mar/2023:14:02:09 -0300] "GET /cormun/static/Shared/jqueryui/images/ui-bg_highlight-soft_100_c6c2c8_1x100.png HTTP/1.1" 404 1117
192.168.10.17 - - [20/Mar/2023:14:02:09 -0300] "GET /cormun/static/Shared/jqueryui/images/ui-icons_82798d_256x240.png HTTP/1.1" 404 1089
192.168.10.17 - - [20/Mar/2023:14:02:09 -0300] "GET /cormun/static/Shared/jqueryui/images/ui-icons_8d78a5_256x240.png HTTP/1.1" 404 1089
192.168.10.17 - - [20/Mar/2023:14:02:09 -0300] "GET /cormun/static/Shared/jqueryui/images/ui-bg_flat_55_fafafa_40x100.png HTTP/1.1" 404 1097
186.103.157.98 - - [20/Mar/2023:14:02:09 -0300] "GET /cormun/servlet/solicitudot?INS,0,0,false, HTTP/1.1" 200 16141
192.168.10.17 - - [20/Mar/2023:14:02:09 -0300] "POST /cormun/servlet/vesolicitudgral?0ec73a0cf5206bd8c64102f42e66906a,2023,19614,,,gx-no-cache=1679330809742 HTTP/1.1" 200 12111
192.168.10.17 - - [20/Mar/2023:14:02:10 -0300] "GET /cormun/servlet/trsolicitudgral? HTTP/1.1" 200 12765
192.168.10.17 - - [20/Mar/2023:14:02:11 -0300] "GET /cormun/servlet/trsolicitudgral? HTTP/1.1" 200 12761
186.103.157.98 - - [20/Mar/2023:14:02:19 -0300] "POST /cormun/servlet/solicitudot?gx-no-cache=1679330817982 HTTP/1.1" 200 4054
186.103.157.98 - - [20/Mar/2023:14:02:19 -0300] "POST /cormun/servlet/solicitudot?6b598232b0322ade4d855a9aa2ceb5b5,INS,0,0,false,,gx-no-cache=1679330818210 HTTP/1.1" 200 12897
192.168.10.17 - - [20/Mar/2023:14:02:25 -0300] "GET /cormun/servlet/vesolicitudgral?2023,19616,, HTTP/1.1" 200 8359
192.168.10.17 - - [20/Mar/2023:14:02:25 -0300] "GET /cormun/pexe_scrolldiv.js HTTP/1.1" 404 1009
192.168.10.17 - - [20/Mar/2023:14:02:25 -0300] "GET /cormun/servlet/vesolicitudgral?2023,19616,, HTTP/1.1" 200 8359
192.168.10.17 - - [20/Mar/2023:14:02:42 -0300] "POST /cormun/servlet/vesolicitudgral?0ec73a0cf5206bd8c64102f42e66906a,2023,19616,,,gx-no-cache=1679330842426 HTTP/1.1" 200 12177
192.168.10.17 - - [20/Mar/2023:14:02:42 -0300] "GET /cormun/static/Shared/jqueryui/images/ui-bg_flat_55_fafafa_40x100.png HTTP/1.1" 404 1097
192.168.10.17 - - [20/Mar/2023:14:02:42 -0300] "GET /cormun/static/Shared/jqueryui/images/ui-bg_highlight-soft_100_c6c2c8_1x100.png HTTP/1.1" 404 1117
192.168.10.17 - - [20/Mar/2023:14:02:42 -0300] "GET /cormun/static/Shared/jqueryui/images/ui-icons_8d78a5_256x240.png HTTP/1.1" 404 1089
192.168.10.17 - - [20/Mar/2023:14:02:42 -0300] "GET /cormun/static/Shared/jqueryui/images/ui-icons_82798d_256x240.png HTTP/1.1" 404 1089
192.168.10.17 - - [20/Mar/2023:14:02:42 -0300] "POST /cormun/servlet/vesolicitudgral?0ec73a0cf5206bd8c64102f42e66906a,2023,19616,,,gx-no-cache=1679330842632 HTTP/1.1" 200 12111
192.168.10.17 - - [20/Mar/2023:14:02:44 -0300] "GET /cormun/servlet/trsolicitudgral? HTTP/1.1" 200 12411
192.168.10.17 - - [20/Mar/2023:14:02:44 -0300] "GET /cormun/servlet/trsolicitudgral? HTTP/1.1" 200 12406
192.168.10.17 - - [20/Mar/2023:14:02:48 -0300] "GET /cormun/servlet/vesolicitudgral?2023,19617,, HTTP/1.1" 200 8378
192.168.10.17 - - [20/Mar/2023:14:02:48 -0300] "GET /cormun/pexe_scrolldiv.js HTTP/1.1" 404 1009
192.168.10.17 - - [20/Mar/2023:14:02:48 -0300] "GET /cormun/servlet/vesolicitudgral?2023,19617,, HTTP/1.1" 200 8377
192.168.10.17 - - [20/Mar/2023:14:03:14 -0300] "POST /cormun/servlet/vesolicitudgral?0ec73a0cf5206bd8c64102f42e66906a,2023,19617,,,gx-no-cache=1679330874461 HTTP/1.1" 200 12192
192.168.10.17 - - [20/Mar/2023:14:03:14 -0300] "GET /cormun/static/Shared/jqueryui/images/ui-icons_82798d_256x240.png HTTP/1.1" 404 1089
192.168.10.17 - - [20/Mar/2023:14:03:14 -0300] "GET /cormun/static/Shared/jqueryui/images/ui-bg_highlight-soft_100_c6c2c8_1x100.png HTTP/1.1" 404 1117
192.168.10.17 - - [20/Mar/2023:14:03:14 -0300] "GET /cormun/static/Shared/jqueryui/images/ui-bg_flat_55_fafafa_40x100.png HTTP/1.1" 404 1097
192.168.10.17 - - [20/Mar/2023:14:03:14 -0300] "GET /cormun/static/Shared/jqueryui/images/ui-icons_8d78a5_256x240.png HTTP/1.1" 404 1089
192.168.10.17 - - [20/Mar/2023:14:03:14 -0300] "POST /cormun/servlet/vesolicitudgral?0ec73a0cf5206bd8c64102f42e66906a,2023,19617,,,gx-no-cache=1679330874640 HTTP/1.1" 200 12125
192.168.10.17 - - [20/Mar/2023:14:03:16 -0300] "GET /cormun/servlet/trsolicitudgral? HTTP/1.1" 200 12038
192.168.10.17 - - [20/Mar/2023:14:03:17 -0300] "GET /cormun/servlet/trsolicitudgral? HTTP/1.1" 200 12034
192.168.10.17 - - [20/Mar/2023:14:03:22 -0300] "GET /cormun/servlet/vesolicitudgral?2023,19620,, HTTP/1.1" 200 8371
192.168.10.17 - - [20/Mar/2023:14:03:22 -0300] "GET /cormun/pexe_scrolldiv.js HTTP/1.1" 404 1009
192.168.10.17 - - [20/Mar/2023:14:03:22 -0300] "GET /cormun/servlet/vesolicitudgral?2023,19620,, HTTP/1.1" 200 8371
192.168.10.17 - - [20/Mar/2023:14:03:56 -0300] "GET /cormun/servlet/trsolicitudgral? HTTP/1.1" 200 12035
192.168.10.17 - - [20/Mar/2023:14:03:56 -0300] "GET /cormun/servlet/trsolicitudgral? HTTP/1.1" 200 12034
192.168.10.17 - - [20/Mar/2023:14:04:10 -0300] "GET /cormun/servlet/vesolicitudgral?2023,19621,, HTTP/1.1" 200 8353
192.168.10.17 - - [20/Mar/2023:14:04:10 -0300] "GET /cormun/pexe_scrolldiv.js HTTP/1.1" 404 1009
192.168.10.17 - - [20/Mar/2023:14:04:10 -0300] "GET /cormun/servlet/vesolicitudgral?2023,19621,, HTTP/1.1" 200 8352
192.168.10.17 - - [20/Mar/2023:14:04:35 -0300] "GET /cormun/servlet/trsolicitudgral? HTTP/1.1" 200 12035
192.168.10.17 - - [20/Mar/2023:14:04:35 -0300] "GET /cormun/servlet/trsolicitudgral? HTTP/1.1" 200 12034
192.168.10.17 - - [20/Mar/2023:14:04:39 -0300] "GET /cormun/servlet/vesolicitudgral?2023,19622,, HTTP/1.1" 200 8369
192.168.10.17 - - [20/Mar/2023:14:04:39 -0300] "GET /cormun/pexe_scrolldiv.js HTTP/1.1" 404 1009
192.168.10.17 - - [20/Mar/2023:14:04:39 -0300] "GET /cormun/servlet/vesolicitudgral?2023,19622,, HTTP/1.1" 200 8367
192.168.10.17 - - [20/Mar/2023:14:05:03 -0300] "POST /cormun/servlet/vesolicitudgral?0ec73a0cf5206bd8c64102f42e66906a,2023,19622,,,gx-no-cache=1679330983153 HTTP/1.1" 200 12186
192.168.10.17 - - [20/Mar/2023:14:05:03 -0300] "GET /cormun/static/Shared/jqueryui/images/ui-icons_82798d_256x240.png HTTP/1.1" 404 1089
192.168.10.17 - - [20/Mar/2023:14:05:03 -0300] "GET /cormun/static/Shared/jqueryui/images/ui-bg_flat_55_fafafa_40x100.png HTTP/1.1" 404 1097
192.168.10.17 - - [20/Mar/2023:14:05:03 -0300] "GET /cormun/static/Shared/jqueryui/images/ui-bg_highlight-soft_100_c6c2c8_1x100.png HTTP/1.1" 404 1117
192.168.10.17 - - [20/Mar/2023:14:05:03 -0300] "GET /cormun/static/Shared/jqueryui/images/ui-icons_8d78a5_256x240.png HTTP/1.1" 404 1089
192.168.10.17 - - [20/Mar/2023:14:05:03 -0300] "POST /cormun/servlet/vesolicitudgral?0ec73a0cf5206bd8c64102f42e66906a,2023,19622,,,gx-no-cache=1679330983398 HTTP/1.1" 200 12119
192.168.10.17 - - [20/Mar/2023:14:05:04 -0300] "GET /cormun/servlet/trsolicitudgral? HTTP/1.1" 200 11686
192.168.10.17 - - [20/Mar/2023:14:05:04 -0300] "GET /cormun/servlet/trsolicitudgral? HTTP/1.1" 200 11682
192.168.10.17 - - [20/Mar/2023:14:05:09 -0300] "GET /cormun/servlet/vesolicitudgral?2023,19669,, HTTP/1.1" 200 8366
192.168.10.17 - - [20/Mar/2023:14:05:09 -0300] "GET /cormun/pexe_scrolldiv.js HTTP/1.1" 404 1009
192.168.10.17 - - [20/Mar/2023:14:05:09 -0300] "GET /cormun/servlet/vesolicitudgral?2023,19669,, HTTP/1.1" 200 8365
192.168.10.17 - - [20/Mar/2023:14:05:40 -0300] "GET /cormun/servlet/trsolicitudgral? HTTP/1.1" 200 11683
192.168.10.17 - - [20/Mar/2023:14:05:40 -0300] "GET /cormun/servlet/trsolicitudgral? HTTP/1.1" 200 11682
192.168.10.17 - - [20/Mar/2023:14:05:54 -0300] "GET /cormun/servlet/trautorizarot? HTTP/1.1" 200 12537
192.168.10.17 - - [20/Mar/2023:14:05:54 -0300] "GET /cormun/servlet/trautorizarot? HTTP/1.1" 200 12536
192.168.10.17 - - [20/Mar/2023:14:05:57 -0300] "POST /cormun/servlet/trautorizarot?0ec73a0cf5206bd8c64102f42e66906a,,gx-no-cache=1679331037974 HTTP/1.1" 200 5344
192.168.10.17 - - [20/Mar/2023:14:06:00 -0300] "GET /cormun/servlet/trsolicitudgral? HTTP/1.1" 200 11682
192.168.10.17 - - [20/Mar/2023:14:06:00 -0300] "GET /cormun/servlet/trsolicitudgral? HTTP/1.1" 200 11682
190.171.143.106 - - [20/Mar/2023:14:12:43 -0300] "GET /cormun/servlet/trsolicitudot? HTTP/1.1" 200 9315
190.171.143.106 - - [20/Mar/2023:14:12:43 -0300] "GET /cormun/servlet/trsolicitudot? HTTP/1.1" 200 9315
190.171.143.106 - - [20/Mar/2023:14:12:45 -0300] "GET /cormun/servlet/solicitudot?INS,0,0,false, HTTP/1.1" 200 16025
190.171.143.106 - - [20/Mar/2023:14:12:45 -0300] "GET /cormun/servlet/solicitudot?INS,0,0,false, HTTP/1.1" 200 16032
190.171.141.138 - - [20/Mar/2023:14:12:54 -0300] "GET /cormun/servlet/hlogin HTTP/1.1" 200 1726
190.171.141.138 - - [20/Mar/2023:14:12:54 -0300] "GET /cormun/servlet/hlogin HTTP/1.1" 200 1737
186.103.157.98 - - [20/Mar/2023:14:12:55 -0300] "GET /cormun/servlet/solicitudot?8c4c13bcfb81c4f7dca3ee7d57fe239498789459c44523a052ab960739ea16d528bebfb91aa206e0327d5a3ca9aa0210,gx-no-cache=1679331453958 HTTP/1.1" 200 30
190.171.141.138 - - [20/Mar/2023:14:12:57 -0300] "POST /cormun/servlet/hlogin?0f1f74cc054c78a3ae77a6137141f7fb,gx-no-cache=1679331457924 HTTP/1.1" 200 90
190.171.141.138 - - [20/Mar/2023:14:12:57 -0300] "GET /cormun/servlet/hpexe_link HTTP/1.1" 200 954
190.171.141.138 - - [20/Mar/2023:14:12:58 -0300] "GET /cormun/servlet/hhome HTTP/1.1" 200 4480
190.171.141.138 - - [20/Mar/2023:14:12:58 -0300] "GET /cormun/servlet/hhome HTTP/1.1" 200 4476
190.171.143.106 - - [20/Mar/2023:14:13:02 -0300] "POST /cormun/servlet/solicitudot?gx-no-cache=1679331624841 HTTP/1.1" 200 3943
190.171.143.106 - - [20/Mar/2023:14:13:02 -0300] "POST /cormun/servlet/solicitudot?2e9d9297955b17c388b8d5c889f2b980,INS,0,0,false,,gx-no-cache=1679331624982 HTTP/1.1" 200 12766
190.171.141.138 - - [20/Mar/2023:14:13:02 -0300] "GET /cormun/servlet/trlicencias? HTTP/1.1" 200 11297
190.171.141.138 - - [20/Mar/2023:14:13:03 -0300] "GET /cormun/servlet/trlicencias? HTTP/1.1" 200 11294
190.171.143.106 - - [20/Mar/2023:14:13:04 -0300] "GET /cormun/servlet/solicitudot?2b8a028cf8bab03b1d5d98b5901cfe5ed962947fda724c7a252c5849f694eceb3c955a3b3dfb56ff9fa65e94df062c43,gx-no-cache=1679331626799 HTTP/1.1" 200 111
190.171.143.106 - - [20/Mar/2023:14:13:04 -0300] "GET /cormun/static/Shared/jqueryui/images/ui-bg_highlight-soft_100_c6c2c8_1x100.png HTTP/1.1" 404 1117
190.171.143.106 - - [20/Mar/2023:14:13:04 -0300] "GET /cormun/static/Shared/jqueryui/images/ui-icons_82798d_256x240.png HTTP/1.1" 404 1089
190.171.143.106 - - [20/Mar/2023:14:13:04 -0300] "GET /cormun/static/Shared/jqueryui/images/ui-icons_ebccce_256x240.png HTTP/1.1" 404 1089
190.171.143.106 - - [20/Mar/2023:14:13:04 -0300] "GET /cormun/static/Shared/jqueryui/images/ui-bg_flat_55_994d53_40x100.png HTTP/1.1" 404 1097
190.171.143.106 - - [20/Mar/2023:14:13:11 -0300] "GET /cormun/servlet/solicitudot?2b8a028cf8bab03b1d5d98b5901cfe5ed6cd5e7b3e6845d7b1ef4ce56527812db526d98c24288c2bc3d5217344073636,gx-no-cache=1679331634291 HTTP/1.1" 200 30
40.77.167.229 - - [20/Mar/2023:14:13:37 -0300] "GET /cormun/servlet/solicitudot?INS,0,0,false, HTTP/1.1" 200 14983
186.103.157.98 - - [20/Mar/2023:14:13:42 -0300] "GET /cormun/servlet/solicitudot?8c4c13bcfb81c4f7dca3ee7d57fe239426a9de961f5a2a8012ce35b98fd33e945e501588194da9a0c01776647e3fc3bf28bebfb91aa206e0327d5a3ca9aa0210,gx-no-cache=1679331500866 HTTP/1.1" 200 30
186.103.157.98 - - [20/Mar/2023:14:13:42 -0300] "GET /cormun/servlet/solicitudot?8c4c13bcfb81c4f7dca3ee7d57fe23943f49fcba5d434ea8d428445a5b77fed4,gx-no-cache=1679331500898 HTTP/1.1" 200 53
186.103.157.98 - - [20/Mar/2023:14:13:42 -0300] "POST /cormun/servlet/solicitudot?gx-no-cache=1679331500925 HTTP/1.1" 200 255
186.103.157.98 - - [20/Mar/2023:14:13:42 -0300] "GET /cormun/servlet/solicitudot?8c4c13bcfb81c4f7dca3ee7d57fe239447ff0bf497455ac1cb5540bd231d75d1d613f216c58eb4dcc53377dd77c808ee98246a6a4b0ed7f9f9e17a0b8d760240d86c479fa11dc716fbb76a3c8dc285ed03288c70820cfbb16c90baeda5b3927dc5121509ae0a76c5f368c9db096e901ace7a09a04e404e52e4e3f0ae72172bdf5de55da4d1cca43fa4c5361c23dc61dce1ed1e1dcdb32e3b9b30c527884bc4ccc21512134b3549ae36bda0f1a54fe8cdc5c27e8dc97e76dbd6b5aa0b4be8c1c3ff64f8033a21ff3b9924f7c1bbaefafff11950bbddb538f455028f6e33e07a547ab29afb6d2274cea1f9343a2f06dd5fb03a8355fd31bbd7ce5c03ef75b116d9d42de157cd3bb3152cf7a87af127725867ff64709554d193c33914a8136eca7aca1d70f6dd9d487dc0d37d9b9a0b482e3a3e0150e3c6b63865901a5fe0b3778bc12219b3dae5f676aea2209471040fe1e03589fea111af55909ad4ecabc9530fbefcccf3cb9634be49eb48e3a004377ff50bf47eece5d396e52b62598af3a088,gx-no-cache=1679331500955 HTTP/1.1" 200 30
186.103.157.98 - - [20/Mar/2023:14:13:43 -0300] "POST /cormun/servlet/solicitudot?gx-no-cache=1679331502678 HTTP/1.1" 200 30
186.103.157.98 - - [20/Mar/2023:14:13:46 -0300] "POST /cormun/servlet/solicitudot?gx-no-cache=1679331505072 HTTP/1.1" 200 1468
186.103.157.98 - - [20/Mar/2023:14:13:46 -0300] "POST /cormun/servlet/solicitudot?gx-no-cache=1679331505108 HTTP/1.1" 200 38
186.103.157.98 - - [20/Mar/2023:14:13:46 -0300] "GET /cormun/servlet/solicitudot?8c4c13bcfb81c4f7dca3ee7d57fe239416dea31d50d6ee9fa32b369b52cfe41e28423648bebc0d9ba41efa46bff9205b891ab9129d856282f66d6fa5e1a9a2d294e8184e2fea3d716eb4c18ad1be10e0866b2d26f4609370cd9e9abfb9329dc0c33f786c3d197fefa0953385d21cada6,gx-no-cache=1679331505132 HTTP/1.1" 200 110
186.103.157.98 - - [20/Mar/2023:14:13:50 -0300] "POST /cormun/servlet/solicitudot?gx-no-cache=1679331509065 HTTP/1.1" 200 97
186.103.157.98 - - [20/Mar/2023:14:14:09 -0300] "GET /cormun/servlet/solicitudot?8c4c13bcfb81c4f7dca3ee7d57fe239493920e0e57982eb58a4b4bef78c1821a61593edb3ddf57f5a35a999d7c10986cd24d2f7a606aa4a8fd6616d457f00825258ce6b19b60702d48a9b07d017de4d1c7be5f509c242bb6898779a8f9d6aa9d51bf14a48acf31ebfc5c3657e236f3ef8fe3945ec104801fe31728573e5f9bc59001b6637123bd7fd84156f85e7d70f53437d47823bb0d323f50a34c0ab5b538,gx-no-cache=1679331528032 HTTP/1.1" 200 29
186.103.157.98 - - [20/Mar/2023:14:14:09 -0300] "GET /cormun/static/menuarrow.gif HTTP/1.1" 404 1015
186.103.157.98 - - [20/Mar/2023:14:14:11 -0300] "GET /cormun/servlet/solicitudot?8c4c13bcfb81c4f7dca3ee7d57fe23941e33235a55f28480dcecd03530c9d35f74cc2446988c7f1725c00c1ad206f9d0,gx-no-cache=1679331530172 HTTP/1.1" 200 30
186.103.157.98 - - [20/Mar/2023:14:14:17 -0300] "POST /cormun/servlet/solicitudot?gx-no-cache=1679331536626 HTTP/1.1" 200 30
190.171.143.106 - - [20/Mar/2023:14:15:53 -0300] "POST /cormun/servlet/solicitudot?gx-no-cache=1679331796136 HTTP/1.1" 200 4023
186.103.157.98 - - [20/Mar/2023:14:16:47 -0300] "POST /cormun/servlet/solicitudot?6b598232b0322ade4d855a9aa2ceb5b5,INS,0,0,false,,gx-no-cache=1679331685604 HTTP/1.1" 200 93
186.103.157.98 - - [20/Mar/2023:14:16:47 -0300] "GET /cormun/servlet/hpexe_return? HTTP/1.1" 200 1013
186.103.157.98 - - [20/Mar/2023:14:16:47 -0300] "GET /cormun/servlet/trsolicitudot HTTP/1.1" 200 8907
186.103.157.98 - - [20/Mar/2023:14:16:47 -0300] "GET /cormun/servlet/trsolicitudot HTTP/1.1" 200 8905
186.103.157.98 - - [20/Mar/2023:14:16:54 -0300] "POST /cormun/servlet/trsolicitudot?6b598232b0322ade4d855a9aa2ceb5b5,gx-no-cache=1679331693047 HTTP/1.1" 200 107
186.103.157.98 - - [20/Mar/2023:14:16:54 -0300] "GET /cormun/servlet/trsolicitudadjuntos?2023,19712, HTTP/1.1" 200 6374
186.103.157.98 - - [20/Mar/2023:14:16:54 -0300] "GET /cormun/servlet/trsolicitudadjuntos?2023,19712, HTTP/1.1" 200 6373
186.103.157.98 - - [20/Mar/2023:14:16:57 -0300] "GET /cormun/servlet/solicitudotadjuntos?INS,2023,19712,,1, HTTP/1.1" 200 6320
186.103.157.98 - - [20/Mar/2023:14:16:57 -0300] "GET /cormun/static/about:blank HTTP/1.1" 404 1011
186.103.157.98 - - [20/Mar/2023:14:16:57 -0300] "GET /cormun/servlet/solicitudotadjuntos?INS,2023,19712,,1, HTTP/1.1" 200 6314
186.103.157.98 - - [20/Mar/2023:14:16:57 -0300] "GET /cormun/servlet/solicitudotadjuntos?8c4c13bcfb81c4f7dca3ee7d57fe2394a50f52678a7fb1101f1365848e39b1186197c72430eb6e9f9c903d86c786069f,gx-no-cache=1679331696524 HTTP/1.1" 200 30
186.103.157.98 - - [20/Mar/2023:14:16:57 -0300] "POST /cormun/servlet/solicitudotadjuntos?6b598232b0322ade4d855a9aa2ceb5b5,INS,2023,19712,,1,,gx-no-cache=1679331696540 HTTP/1.1" 200 4193
186.103.157.98 - - [20/Mar/2023:14:17:00 -0300] "POST /cormun/servlet/solicitudotadjuntos?gx-no-cache=1679331699368 HTTP/1.1" 200 26
186.103.157.98 - - [20/Mar/2023:14:17:15 -0300] "GET /cormun/servlet/solicitudotadjuntos?8c4c13bcfb81c4f7dca3ee7d57fe2394be2a0b44101bea4afb461d454f63e12a,gx-no-cache=1679331713929 HTTP/1.1" 200 30
186.103.157.98 - - [20/Mar/2023:14:17:15 -0300] "GET /cormun/servlet/solicitudotadjuntos?8c4c13bcfb81c4f7dca3ee7d57fe2394be2a0b44101bea4afb461d454f63e12a,gx-no-cache=1679331713942 HTTP/1.1" 200 30
186.103.157.98 - - [20/Mar/2023:14:17:15 -0300] "POST /cormun/servlet/solicitudotadjuntos?6b598232b0322ade4d855a9aa2ceb5b5,INS,2023,19712,,1, HTTP/1.1" 200 116
186.103.157.98 - - [20/Mar/2023:14:17:15 -0300] "GET /cormun/servlet/hpexe_return? HTTP/1.1" 200 1031
186.103.157.98 - - [20/Mar/2023:14:17:15 -0300] "GET /cormun/servlet/trsolicitudadjuntos?2023,19712, HTTP/1.1" 200 9266
186.103.157.98 - - [20/Mar/2023:14:17:15 -0300] "GET /cormun/servlet/trsolicitudadjuntos?2023,19712, HTTP/1.1" 200 9265
186.103.157.98 - - [20/Mar/2023:14:17:18 -0300] "GET /cormun/servlet/solicitudotadjuntos?INS,2023,19712,,1, HTTP/1.1" 200 6320
186.103.157.98 - - [20/Mar/2023:14:17:18 -0300] "GET /cormun/static/about:blank HTTP/1.1" 404 1011
186.103.157.98 - - [20/Mar/2023:14:17:18 -0300] "GET /cormun/servlet/solicitudotadjuntos?INS,2023,19712,,1, HTTP/1.1" 200 6314
186.103.157.98 - - [20/Mar/2023:14:17:19 -0300] "GET /cormun/servlet/solicitudotadjuntos?8c4c13bcfb81c4f7dca3ee7d57fe2394a50f52678a7fb1101f1365848e39b1186197c72430eb6e9f9c903d86c786069f,gx-no-cache=1679331718320 HTTP/1.1" 200 30
186.103.157.98 - - [20/Mar/2023:14:17:19 -0300] "POST /cormun/servlet/solicitudotadjuntos?6b598232b0322ade4d855a9aa2ceb5b5,INS,2023,19712,,1,,gx-no-cache=1679331718334 HTTP/1.1" 200 4193
186.103.157.98 - - [20/Mar/2023:14:17:21 -0300] "POST /cormun/servlet/solicitudotadjuntos?gx-no-cache=1679331720432 HTTP/1.1" 200 26
186.103.157.98 - - [20/Mar/2023:14:17:27 -0300] "GET /cormun/servlet/solicitudotadjuntos?8c4c13bcfb81c4f7dca3ee7d57fe2394be2a0b44101bea4afb461d454f63e12a,gx-no-cache=1679331725881 HTTP/1.1" 200 30
186.103.157.98 - - [20/Mar/2023:14:17:27 -0300] "GET /cormun/servlet/solicitudotadjuntos?8c4c13bcfb81c4f7dca3ee7d57fe2394be2a0b44101bea4afb461d454f63e12a,gx-no-cache=1679331725896 HTTP/1.1" 200 30
186.103.157.98 - - [20/Mar/2023:14:17:27 -0300] "POST /cormun/servlet/solicitudotadjuntos?6b598232b0322ade4d855a9aa2ceb5b5,INS,2023,19712,,1, HTTP/1.1" 200 116
186.103.157.98 - - [20/Mar/2023:14:17:27 -0300] "GET /cormun/servlet/hpexe_return? HTTP/1.1" 200 1031
186.103.157.98 - - [20/Mar/2023:14:17:27 -0300] "GET /cormun/servlet/trsolicitudadjuntos?2023,19712, HTTP/1.1" 200 9511
186.103.157.98 - - [20/Mar/2023:14:17:27 -0300] "GET /cormun/servlet/trsolicitudadjuntos?2023,19712, HTTP/1.1" 200 9507
186.103.157.98 - - [20/Mar/2023:14:17:29 -0300] "GET /cormun/servlet/solicitudotadjuntos?INS,2023,19712,,1, HTTP/1.1" 200 6319
186.103.157.98 - - [20/Mar/2023:14:17:29 -0300] "GET /cormun/static/about:blank HTTP/1.1" 404 1011
186.103.157.98 - - [20/Mar/2023:14:17:29 -0300] "GET /cormun/servlet/solicitudotadjuntos?INS,2023,19712,,1, HTTP/1.1" 200 6313
186.103.157.98 - - [20/Mar/2023:14:17:30 -0300] "GET /cormun/servlet/solicitudotadjuntos?8c4c13bcfb81c4f7dca3ee7d57fe2394a50f52678a7fb1101f1365848e39b1186197c72430eb6e9f9c903d86c786069f,gx-no-cache=1679331729225 HTTP/1.1" 200 30
186.103.157.98 - - [20/Mar/2023:14:17:30 -0300] "POST /cormun/servlet/solicitudotadjuntos?6b598232b0322ade4d855a9aa2ceb5b5,INS,2023,19712,,1,,gx-no-cache=1679331729240 HTTP/1.1" 200 4192
186.103.157.98 - - [20/Mar/2023:14:17:32 -0300] "POST /cormun/servlet/solicitudotadjuntos?gx-no-cache=1679331731694 HTTP/1.1" 200 26
186.103.157.98 - - [20/Mar/2023:14:17:38 -0300] "GET /cormun/servlet/solicitudotadjuntos?8c4c13bcfb81c4f7dca3ee7d57fe2394be2a0b44101bea4afb461d454f63e12a,gx-no-cache=1679331737607 HTTP/1.1" 200 30
186.103.157.98 - - [20/Mar/2023:14:17:38 -0300] "GET /cormun/servlet/solicitudotadjuntos?8c4c13bcfb81c4f7dca3ee7d57fe2394be2a0b44101bea4afb461d454f63e12a,gx-no-cache=1679331737620 HTTP/1.1" 200 30
186.103.157.98 - - [20/Mar/2023:14:17:38 -0300] "POST /cormun/servlet/solicitudotadjuntos?6b598232b0322ade4d855a9aa2ceb5b5,INS,2023,19712,,1, HTTP/1.1" 200 116
186.103.157.98 - - [20/Mar/2023:14:17:38 -0300] "GET /cormun/servlet/hpexe_return? HTTP/1.1" 200 1031
186.103.157.98 - - [20/Mar/2023:14:17:39 -0300] "GET /cormun/servlet/trsolicitudadjuntos?2023,19712, HTTP/1.1" 200 9751
186.103.157.98 - - [20/Mar/2023:14:17:39 -0300] "GET /cormun/servlet/trsolicitudadjuntos?2023,19712, HTTP/1.1" 200 9749
186.103.157.98 - - [20/Mar/2023:14:17:44 -0300] "GET /cormun/servlet/solicitudotadjuntos?INS,2023,19712,,1, HTTP/1.1" 200 6319
186.103.157.98 - - [20/Mar/2023:14:17:44 -0300] "GET /cormun/static/about:blank HTTP/1.1" 404 1011
186.103.157.98 - - [20/Mar/2023:14:17:44 -0300] "GET /cormun/servlet/solicitudotadjuntos?INS,2023,19712,,1, HTTP/1.1" 200 6313
186.103.157.98 - - [20/Mar/2023:14:17:45 -0300] "GET /cormun/servlet/solicitudotadjuntos?8c4c13bcfb81c4f7dca3ee7d57fe2394a50f52678a7fb1101f1365848e39b1186197c72430eb6e9f9c903d86c786069f,gx-no-cache=1679331743918 HTTP/1.1" 200 30
186.103.157.98 - - [20/Mar/2023:14:17:45 -0300] "POST /cormun/servlet/solicitudotadjuntos?6b598232b0322ade4d855a9aa2ceb5b5,INS,2023,19712,,1,,gx-no-cache=1679331743933 HTTP/1.1" 200 4192
186.103.157.98 - - [20/Mar/2023:14:17:48 -0300] "POST /cormun/servlet/solicitudotadjuntos?gx-no-cache=1679331747332 HTTP/1.1" 200 26
186.103.157.98 - - [20/Mar/2023:14:17:53 -0300] "GET /cormun/servlet/solicitudotadjuntos?8c4c13bcfb81c4f7dca3ee7d57fe2394be2a0b44101bea4afb461d454f63e12a,gx-no-cache=1679331752039 HTTP/1.1" 200 30
186.103.157.98 - - [20/Mar/2023:14:17:53 -0300] "GET /cormun/servlet/solicitudotadjuntos?8c4c13bcfb81c4f7dca3ee7d57fe2394be2a0b44101bea4afb461d454f63e12a,gx-no-cache=1679331752052 HTTP/1.1" 200 30
186.103.157.98 - - [20/Mar/2023:14:17:53 -0300] "POST /cormun/servlet/solicitudotadjuntos?6b598232b0322ade4d855a9aa2ceb5b5,INS,2023,19712,,1, HTTP/1.1" 200 116
186.103.157.98 - - [20/Mar/2023:14:17:53 -0300] "GET /cormun/servlet/hpexe_return? HTTP/1.1" 200 1031
186.103.157.98 - - [20/Mar/2023:14:17:53 -0300] "GET /cormun/servlet/trsolicitudadjuntos?2023,19712, HTTP/1.1" 200 9990
186.103.157.98 - - [20/Mar/2023:14:17:54 -0300] "GET /cormun/servlet/trsolicitudadjuntos?2023,19712, HTTP/1.1" 200 9990
186.103.157.98 - - [20/Mar/2023:14:17:55 -0300] "GET /cormun/servlet/solicitudotadjuntos?INS,2023,19712,,1, HTTP/1.1" 200 6319
186.103.157.98 - - [20/Mar/2023:14:17:55 -0300] "GET /cormun/static/about:blank HTTP/1.1" 404 1011
186.103.157.98 - - [20/Mar/2023:14:17:56 -0300] "GET /cormun/servlet/solicitudotadjuntos?INS,2023,19712,,1, HTTP/1.1" 200 6313
186.103.157.98 - - [20/Mar/2023:14:17:56 -0300] "GET /cormun/servlet/solicitudotadjuntos?8c4c13bcfb81c4f7dca3ee7d57fe2394a50f52678a7fb1101f1365848e39b1186197c72430eb6e9f9c903d86c786069f,gx-no-cache=1679331755353 HTTP/1.1" 200 30
186.103.157.98 - - [20/Mar/2023:14:17:56 -0300] "POST /cormun/servlet/solicitudotadjuntos?6b598232b0322ade4d855a9aa2ceb5b5,INS,2023,19712,,1,,gx-no-cache=1679331755368 HTTP/1.1" 200 4192
190.171.141.138 - - [20/Mar/2023:14:17:58 -0300] "GET /cormun/servlet/licenciaspermisos?DSP,15126123,L,20230320000000, HTTP/1.1" 200 7581
190.171.141.138 - - [20/Mar/2023:14:17:58 -0300] "GET /cormun/servlet/licenciaspermisos?DSP,15126123,L,20230320000000, HTTP/1.1" 200 7598
186.103.157.98 - - [20/Mar/2023:14:17:59 -0300] "POST /cormun/servlet/solicitudotadjuntos?gx-no-cache=1679331757966 HTTP/1.1" 200 26
190.171.143.106 - - [20/Mar/2023:14:18:04 -0300] "POST /cormun/servlet/solicitudot?gx-no-cache=1679331927657 HTTP/1.1" 200 3961
190.171.143.106 - - [20/Mar/2023:14:18:05 -0300] "POST /cormun/servlet/solicitudot?2e9d9297955b17c388b8d5c889f2b980,INS,0,0,false,,gx-no-cache=1679331927818 HTTP/1.1" 200 12830
186.103.157.98 - - [20/Mar/2023:14:18:05 -0300] "GET /cormun/servlet/solicitudotadjuntos?8c4c13bcfb81c4f7dca3ee7d57fe2394be2a0b44101bea4afb461d454f63e12a,gx-no-cache=1679331764181 HTTP/1.1" 200 30
186.103.157.98 - - [20/Mar/2023:14:18:05 -0300] "GET /cormun/servlet/solicitudotadjuntos?8c4c13bcfb81c4f7dca3ee7d57fe2394be2a0b44101bea4afb461d454f63e12a,gx-no-cache=1679331764204 HTTP/1.1" 200 30
186.103.157.98 - - [20/Mar/2023:14:18:05 -0300] "POST /cormun/servlet/solicitudotadjuntos?6b598232b0322ade4d855a9aa2ceb5b5,INS,2023,19712,,1, HTTP/1.1" 200 116
186.103.157.98 - - [20/Mar/2023:14:18:05 -0300] "GET /cormun/servlet/hpexe_return? HTTP/1.1" 200 1031
186.103.157.98 - - [20/Mar/2023:14:18:06 -0300] "GET /cormun/servlet/trsolicitudadjuntos?2023,19712, HTTP/1.1" 200 10258
186.103.157.98 - - [20/Mar/2023:14:18:06 -0300] "GET /cormun/servlet/trsolicitudadjuntos?2023,19712, HTTP/1.1" 200 10255
190.171.143.106 - - [20/Mar/2023:14:18:07 -0300] "GET /cormun/servlet/solicitudot?2b8a028cf8bab03b1d5d98b5901cfe5ef2bede2536f9ee4fd071983d1cf6883439126f08da289b50a5f7f60c3fc1cf45,gx-no-cache=1679331930271 HTTP/1.1" 200 30
190.171.141.138 - - [20/Mar/2023:14:18:10 -0300] "GET /cormun/servlet/trlicencias? HTTP/1.1" 200 11297
186.103.157.98 - - [20/Mar/2023:14:18:10 -0300] "GET /cormun/servlet/trsolicitudot? HTTP/1.1" 200 8915
186.103.157.98 - - [20/Mar/2023:14:18:11 -0300] "GET /cormun/servlet/trsolicitudot? HTTP/1.1" 200 8905
190.171.141.138 - - [20/Mar/2023:14:18:11 -0300] "GET /cormun/servlet/trlicencias? HTTP/1.1" 200 11294
186.103.157.98 - - [20/Mar/2023:14:18:26 -0300] "POST /cormun/servlet/trsolicitudot?6b598232b0322ade4d855a9aa2ceb5b5,,gx-no-cache=1679331784913 HTTP/1.1" 200 4869
186.103.157.98 - - [20/Mar/2023:14:18:26 -0300] "GET /cormun/static/Shared/jqueryui/images/ui-bg_highlight-soft_100_c6c2c8_1x100.png HTTP/1.1" 404 1117
186.103.157.98 - - [20/Mar/2023:14:18:26 -0300] "GET /cormun/static/Shared/jqueryui/images/ui-bg_flat_55_fafafa_40x100.png HTTP/1.1" 404 1097
186.103.157.98 - - [20/Mar/2023:14:18:26 -0300] "GET /cormun/static/Shared/jqueryui/images/ui-icons_82798d_256x240.png HTTP/1.1" 404 1089
186.103.157.98 - - [20/Mar/2023:14:18:26 -0300] "GET /cormun/static/Shared/jqueryui/images/ui-icons_8d78a5_256x240.png HTTP/1.1" 404 1089
186.103.157.98 - - [20/Mar/2023:14:18:26 -0300] "POST /cormun/servlet/trsolicitudot?6b598232b0322ade4d855a9aa2ceb5b5,,gx-no-cache=1679331785075 HTTP/1.1" 200 4636
186.103.157.98 - - [20/Mar/2023:14:19:20 -0300] "GET /cormun/servlet/solicitudot?INS,0,0,false, HTTP/1.1" 200 16134
186.103.157.98 - - [20/Mar/2023:14:19:20 -0300] "GET /cormun/servlet/solicitudot?INS,0,0,false, HTTP/1.1" 200 16142
186.103.157.98 - - [20/Mar/2023:14:19:27 -0300] "POST /cormun/servlet/solicitudot?gx-no-cache=1679331845875 HTTP/1.1" 200 3951
186.103.157.98 - - [20/Mar/2023:14:19:27 -0300] "POST /cormun/servlet/solicitudot?6b598232b0322ade4d855a9aa2ceb5b5,INS,0,0,false,,gx-no-cache=1679331846003 HTTP/1.1" 200 12781
186.103.157.98 - - [20/Mar/2023:14:19:30 -0300] "GET /cormun/servlet/solicitudot?8c4c13bcfb81c4f7dca3ee7d57fe23948797f1a53ce8e58a0e990efc3c9ca26628bebfb91aa206e0327d5a3ca9aa0210,gx-no-cache=1679331849121 HTTP/1.1" 200 30
190.171.143.106 - - [20/Mar/2023:14:20:45 -0300] "GET /cormun/servlet/solicitudot?2b8a028cf8bab03b1d5d98b5901cfe5e7c20d9b8cb3daeb918bee171ad7c7084d7e603eb567d9740ee9c46227c303514b526d98c24288c2bc3d5217344073636,gx-no-cache=1679332088119 HTTP/1.1" 200 30
190.171.143.106 - - [20/Mar/2023:14:20:52 -0300] "GET /cormun/servlet/solicitudot?2b8a028cf8bab03b1d5d98b5901cfe5ebcca4b86e94b99ece52e86a15b3baf75,gx-no-cache=1679332095216 HTTP/1.1" 200 53
186.103.157.98 - - [20/Mar/2023:14:20:57 -0300] "GET /cormun/servlet/prbanco?,MD,,gxPopupLevel%3D0%3B HTTP/1.1" 200 6565
186.103.157.98 - - [20/Mar/2023:14:21:00 -0300] "GET /cormun/servlet/solicitudot?8c4c13bcfb81c4f7dca3ee7d57fe23948a05a97fcb488fded993767f7726c611e4b4b95561567519b3ccd47eedb25e80586d1c7124b42c2b8b01502bda83290c,gx-no-cache=1679331939269 HTTP/1.1" 200 30
186.103.157.98 - - [20/Mar/2023:14:21:03 -0300] "GET /cormun/servlet/solicitudot?8c4c13bcfb81c4f7dca3ee7d57fe23943f49fcba5d434ea8d428445a5b77fed4,gx-no-cache=1679331942819 HTTP/1.1" 200 53
190.171.143.106 - - [20/Mar/2023:14:21:25 -0300] "POST /cormun/servlet/solicitudot?gx-no-cache=1679332127976 HTTP/1.1" 200 256
190.171.143.106 - - [20/Mar/2023:14:21:31 -0300] "GET /cormun/servlet/solicitudot?2b8a028cf8bab03b1d5d98b5901cfe5e325f508eccaacbc1044102c69dfbf8604922ee2b2156469a28b291da6cf4403541af8d6b1241b11647d1b18d74d32d9dab80bccaeb75e391892e5a1d867a801627cb13c507e97578093fda35e4bfa5bcf290d50b8c47efda27ff5a4f6a609f69d2fa10e6ea4a318247feeaed6dab99aa47af1d9da88695ec36a769b6b6af038a335c5b836df49855a921bc80568a3b4d546fefc70fba41d9e0bd943f48d2f9b4a84afb09a3c54999b6822ba0e558cee2f8e031159455b1c27339dfa907dbd542abd2bee97af6055a79ca037f54d3c2076d7752f5f21c1bdc47f80bbfc57228d68740587bddb778b4916b4ce8ce420bbeb7bd67b9f3a907deef45740282461c066c95dfb2dfc5569ec62778d2f934d684860be41dae9cb02588468a2ebdddb07fc75b07e7d9559f5ce7fa076c8edba98e988769fe1c0f626ba7160107e2faa386339603a77c58e5aa5622a51591c7b061d26c1725f93dc01ecacf835ab1ab48f32b4632a4c1532de897a7bc2b8e191c61,gx-no-cache=1679332133993 HTTP/1.1" 200 30
191.125.136.71 - - [20/Mar/2023:14:21:35 -0300] "GET / HTTP/1.1" 200 11217
191.125.136.71 - - [20/Mar/2023:14:21:35 -0300] "GET /tomcat.css HTTP/1.1" 200 5576
191.125.136.71 - - [20/Mar/2023:14:21:35 -0300] "GET /tomcat.png HTTP/1.1" 200 5103
191.125.136.71 - - [20/Mar/2023:14:21:35 -0300] "GET /bg-upper.png HTTP/1.1" 200 3103
191.125.136.71 - - [20/Mar/2023:14:21:35 -0300] "GET /bg-nav.png HTTP/1.1" 200 1401
191.125.136.71 - - [20/Mar/2023:14:21:35 -0300] "GET /asf-logo.png HTTP/1.1" 200 17811
191.125.136.71 - - [20/Mar/2023:14:21:35 -0300] "GET /bg-button.png HTTP/1.1" 200 713
191.125.136.71 - - [20/Mar/2023:14:21:35 -0300] "GET /bg-middle.png HTTP/1.1" 200 1918
190.171.143.106 - - [20/Mar/2023:14:21:41 -0300] "POST /cormun/servlet/solicitudot?gx-no-cache=1679332143911 HTTP/1.1" 200 257
190.171.143.106 - - [20/Mar/2023:14:21:45 -0300] "GET /cormun/servlet/solicitudot?2b8a028cf8bab03b1d5d98b5901cfe5e325f508eccaacbc1044102c69dfbf860e315ed8240a1f35fc7c030d9a82313f041af8d6b1241b11647d1b18d74d32d9dab80bccaeb75e391892e5a1d867a801627cb13c507e97578093fda35e4bfa5bcf290d50b8c47efda27ff5a4f6a609f69d2fa10e6ea4a318247feeaed6dab99aa47af1d9da88695ec36a769b6b6af038a335c5b836df49855a921bc80568a3b4d546fefc70fba41d9e0bd943f48d2f9b4a84afb09a3c54999b6822ba0e558cee2f8e031159455b1c27339dfa907dbd542abd2bee97af6055a79ca037f54d3c2076d7752f5f21c1bdc47f80bbfc57228d68740587bddb778b4916b4ce8ce420bbeb7bd67b9f3a907deef45740282461c06a38d5389e23a8c33972df31f28d06532ae3e4a38cbe6012fdac756d701e321802091c34ff40f67ecb5dbeafe1b7f70a21a291d7bb382d4bd0eb7bf4e41b4e09f5851bd48d4be14424d3fc9345be4ffe53dcecda5ed77c14bc88aea2ace489b2044d964694ec25a1929aa9161f873dbdd,gx-no-cache=1679332148013 HTTP/1.1" 200 30
186.103.157.98 - - [20/Mar/2023:14:21:57 -0300] "POST /cormun/servlet/solicitudot?gx-no-cache=1679331996592 HTTP/1.1" 200 297
