181.212.42.153 - - [20/Mar/2023:11:20:55 -0300] "GET /cormun/servlet/solicitudotadjuntos?f3a1ddd0cde3bafb08640e5a14e16e0d3f9c8c3bf139d2a01d83305e689d33bc65574ef20fa5d094765344f5a36d46e3,gx-no-cache=1679321134013 HTTP/1.1" 200 30
181.212.42.153 - - [20/Mar/2023:11:20:55 -0300] "POST /cormun/servlet/solicitudotadjuntos?065af1a3a391c166b7c424f150a72256,INS,2023,19701,,1,,gx-no-cache=1679321134027 HTTP/1.1" 200 3874
181.212.42.153 - - [20/Mar/2023:11:20:57 -0300] "POST /cormun/servlet/solicitudotadjuntos?gx-no-cache=1679321135417 HTTP/1.1" 200 26
157.55.39.227 - - [20/Mar/2023:11:20:59 -0300] "GET /cormun/servlet/hpexe_return HTTP/1.1" 200 984
181.212.42.153 - - [20/Mar/2023:11:21:01 -0300] "GET /cormun/servlet/solicitudotadjuntos?f3a1ddd0cde3bafb08640e5a14e16e0dc6dd9b48d700fece0f26cbd3ce3c81a3,gx-no-cache=1679321139357 HTTP/1.1" 200 30
181.212.42.153 - - [20/Mar/2023:11:21:01 -0300] "GET /cormun/servlet/solicitudotadjuntos?f3a1ddd0cde3bafb08640e5a14e16e0dc6dd9b48d700fece0f26cbd3ce3c81a3,gx-no-cache=1679321139368 HTTP/1.1" 200 30
181.212.42.153 - - [20/Mar/2023:11:21:01 -0300] "POST /cormun/servlet/solicitudotadjuntos?065af1a3a391c166b7c424f150a72256,INS,2023,19701,,1, HTTP/1.1" 200 116
181.212.42.153 - - [20/Mar/2023:11:21:01 -0300] "GET /cormun/servlet/hpexe_return? HTTP/1.1" 200 1032
181.212.42.153 - - [20/Mar/2023:11:21:01 -0300] "GET /cormun/servlet/trsolicitudadjuntos?2023,19701, HTTP/1.1" 200 9194
181.212.42.153 - - [20/Mar/2023:11:21:01 -0300] "GET /cormun/servlet/trsolicitudadjuntos?2023,19701, HTTP/1.1" 200 9193
200.54.103.162 - - [20/Mar/2023:11:21:02 -0300] "GET /cormun/servlet/trpermisosgoce? HTTP/1.1" 200 8143
200.54.103.162 - - [20/Mar/2023:11:21:02 -0300] "GET /cormun/servlet/trpermisosgoce? HTTP/1.1" 200 8142
181.212.42.153 - - [20/Mar/2023:11:21:02 -0300] "GET /cormun/servlet/solicitudotadjuntos?INS,2023,19701,,1, HTTP/1.1" 200 6021
181.212.42.153 - - [20/Mar/2023:11:21:02 -0300] "GET /cormun/static/about:blank HTTP/1.1" 404 1011
181.212.42.153 - - [20/Mar/2023:11:21:03 -0300] "GET /cormun/servlet/solicitudotadjuntos?INS,2023,19701,,1, HTTP/1.1" 200 6014
181.212.42.153 - - [20/Mar/2023:11:21:03 -0300] "GET /cormun/servlet/solicitudotadjuntos?f3a1ddd0cde3bafb08640e5a14e16e0d3f9c8c3bf139d2a01d83305e689d33bc65574ef20fa5d094765344f5a36d46e3,gx-no-cache=1679321141797 HTTP/1.1" 200 30
181.212.42.153 - - [20/Mar/2023:11:21:03 -0300] "POST /cormun/servlet/solicitudotadjuntos?065af1a3a391c166b7c424f150a72256,INS,2023,19701,,1,,gx-no-cache=1679321141842 HTTP/1.1" 200 3874
181.212.42.153 - - [20/Mar/2023:11:21:05 -0300] "POST /cormun/servlet/solicitudotadjuntos?gx-no-cache=1679321143957 HTTP/1.1" 200 26
190.171.142.42 - - [20/Mar/2023:11:21:09 -0300] "POST /cormun/servlet/solicitudot?d017c9d009ec35bd2283ecd4ae051f9c,INS,0,0,false,,gx-no-cache=1679321146043 HTTP/1.1" 200 13199
190.171.142.42 - - [20/Mar/2023:11:21:09 -0300] "GET /cormun/static/Shared/jqueryui/images/ui-bg_highlight-soft_100_c6c2c8_1x100.png HTTP/1.1" 404 1117
190.171.142.42 - - [20/Mar/2023:11:21:09 -0300] "GET /cormun/static/Shared/jqueryui/images/ui-bg_flat_55_994d53_40x100.png HTTP/1.1" 404 1097
190.171.142.42 - - [20/Mar/2023:11:21:09 -0300] "GET /cormun/static/Shared/jqueryui/images/ui-icons_82798d_256x240.png HTTP/1.1" 404 1089
190.171.142.42 - - [20/Mar/2023:11:21:09 -0300] "GET /cormun/static/Shared/jqueryui/images/ui-icons_ebccce_256x240.png HTTP/1.1" 404 1089
181.212.42.153 - - [20/Mar/2023:11:21:10 -0300] "GET /cormun/servlet/solicitudotadjuntos?f3a1ddd0cde3bafb08640e5a14e16e0dc6dd9b48d700fece0f26cbd3ce3c81a3,gx-no-cache=1679321149080 HTTP/1.1" 200 30
181.212.42.153 - - [20/Mar/2023:11:21:10 -0300] "GET /cormun/servlet/solicitudotadjuntos?f3a1ddd0cde3bafb08640e5a14e16e0dc6dd9b48d700fece0f26cbd3ce3c81a3,gx-no-cache=1679321149091 HTTP/1.1" 200 30
181.212.42.153 - - [20/Mar/2023:11:21:10 -0300] "POST /cormun/servlet/solicitudotadjuntos?065af1a3a391c166b7c424f150a72256,INS,2023,19701,,1, HTTP/1.1" 200 116
181.212.42.153 - - [20/Mar/2023:11:21:10 -0300] "GET /cormun/servlet/hpexe_return? HTTP/1.1" 200 1032
181.212.42.153 - - [20/Mar/2023:11:21:11 -0300] "GET /cormun/servlet/trsolicitudadjuntos?2023,19701, HTTP/1.1" 200 9394
181.212.42.153 - - [20/Mar/2023:11:21:11 -0300] "GET /cormun/servlet/trsolicitudadjuntos?2023,19701, HTTP/1.1" 200 9393
181.212.42.153 - - [20/Mar/2023:11:21:12 -0300] "GET /cormun/servlet/solicitudotadjuntos?INS,2023,19701,,1, HTTP/1.1" 200 6021
181.212.42.153 - - [20/Mar/2023:11:21:12 -0300] "GET /cormun/static/about:blank HTTP/1.1" 404 1011
181.212.42.153 - - [20/Mar/2023:11:21:13 -0300] "GET /cormun/servlet/solicitudotadjuntos?INS,2023,19701,,1, HTTP/1.1" 200 6014
181.212.42.153 - - [20/Mar/2023:11:21:13 -0300] "GET /cormun/servlet/solicitudotadjuntos?f3a1ddd0cde3bafb08640e5a14e16e0d3f9c8c3bf139d2a01d83305e689d33bc65574ef20fa5d094765344f5a36d46e3,gx-no-cache=1679321151861 HTTP/1.1" 200 30
181.212.42.153 - - [20/Mar/2023:11:21:13 -0300] "POST /cormun/servlet/solicitudotadjuntos?065af1a3a391c166b7c424f150a72256,INS,2023,19701,,1,,gx-no-cache=1679321151873 HTTP/1.1" 200 3874
181.212.42.153 - - [20/Mar/2023:11:21:15 -0300] "POST /cormun/servlet/solicitudotadjuntos?gx-no-cache=1679321153633 HTTP/1.1" 200 26
181.212.42.153 - - [20/Mar/2023:11:21:19 -0300] "GET /cormun/servlet/solicitudotadjuntos?f3a1ddd0cde3bafb08640e5a14e16e0dc6dd9b48d700fece0f26cbd3ce3c81a3,gx-no-cache=1679321158249 HTTP/1.1" 200 30
181.212.42.153 - - [20/Mar/2023:11:21:19 -0300] "GET /cormun/servlet/solicitudotadjuntos?f3a1ddd0cde3bafb08640e5a14e16e0dc6dd9b48d700fece0f26cbd3ce3c81a3,gx-no-cache=1679321158259 HTTP/1.1" 200 30
181.212.42.153 - - [20/Mar/2023:11:21:20 -0300] "POST /cormun/servlet/solicitudotadjuntos?065af1a3a391c166b7c424f150a72256,INS,2023,19701,,1, HTTP/1.1" 200 116
181.212.42.153 - - [20/Mar/2023:11:21:20 -0300] "GET /cormun/servlet/hpexe_return? HTTP/1.1" 200 1032
181.212.42.153 - - [20/Mar/2023:11:21:20 -0300] "GET /cormun/servlet/trsolicitudadjuntos?2023,19701, HTTP/1.1" 200 9665
181.212.42.153 - - [20/Mar/2023:11:21:20 -0300] "GET /cormun/servlet/trsolicitudadjuntos?2023,19701, HTTP/1.1" 200 9663
181.212.42.153 - - [20/Mar/2023:11:21:22 -0300] "GET /cormun/servlet/solicitudotadjuntos?INS,2023,19701,,1, HTTP/1.1" 200 6020
181.212.42.153 - - [20/Mar/2023:11:21:22 -0300] "GET /cormun/static/about:blank HTTP/1.1" 404 1011
181.212.42.153 - - [20/Mar/2023:11:21:22 -0300] "GET /cormun/servlet/solicitudotadjuntos?INS,2023,19701,,1, HTTP/1.1" 200 6014
181.212.42.153 - - [20/Mar/2023:11:21:22 -0300] "GET /cormun/servlet/solicitudotadjuntos?f3a1ddd0cde3bafb08640e5a14e16e0d3f9c8c3bf139d2a01d83305e689d33bc65574ef20fa5d094765344f5a36d46e3,gx-no-cache=1679321161300 HTTP/1.1" 200 30
181.212.42.153 - - [20/Mar/2023:11:21:23 -0300] "POST /cormun/servlet/solicitudotadjuntos?065af1a3a391c166b7c424f150a72256,INS,2023,19701,,1,,gx-no-cache=1679321161313 HTTP/1.1" 200 3872
181.212.42.153 - - [20/Mar/2023:11:21:25 -0300] "POST /cormun/servlet/solicitudotadjuntos?gx-no-cache=1679321164169 HTTP/1.1" 200 26
181.212.42.153 - - [20/Mar/2023:11:21:30 -0300] "GET /cormun/servlet/solicitudotadjuntos?f3a1ddd0cde3bafb08640e5a14e16e0dc6dd9b48d700fece0f26cbd3ce3c81a3,gx-no-cache=1679321169117 HTTP/1.1" 200 30
181.212.42.153 - - [20/Mar/2023:11:21:30 -0300] "GET /cormun/servlet/solicitudotadjuntos?f3a1ddd0cde3bafb08640e5a14e16e0dc6dd9b48d700fece0f26cbd3ce3c81a3,gx-no-cache=1679321169127 HTTP/1.1" 200 30
181.212.42.153 - - [20/Mar/2023:11:21:30 -0300] "POST /cormun/servlet/solicitudotadjuntos?065af1a3a391c166b7c424f150a72256,INS,2023,19701,,1, HTTP/1.1" 200 116
181.212.42.153 - - [20/Mar/2023:11:21:30 -0300] "GET /cormun/servlet/hpexe_return? HTTP/1.1" 200 1032
181.212.42.153 - - [20/Mar/2023:11:21:31 -0300] "GET /cormun/servlet/trsolicitudadjuntos?2023,19701, HTTP/1.1" 200 9917
181.212.42.153 - - [20/Mar/2023:11:21:31 -0300] "GET /cormun/servlet/trsolicitudadjuntos?2023,19701, HTTP/1.1" 200 9917
181.212.42.153 - - [20/Mar/2023:11:21:32 -0300] "GET /cormun/servlet/solicitudotadjuntos?INS,2023,19701,,1, HTTP/1.1" 200 6020
181.212.42.153 - - [20/Mar/2023:11:21:32 -0300] "GET /cormun/static/about:blank HTTP/1.1" 404 1011
181.212.42.153 - - [20/Mar/2023:11:21:32 -0300] "GET /cormun/servlet/solicitudotadjuntos?INS,2023,19701,,1, HTTP/1.1" 200 6014
181.212.42.153 - - [20/Mar/2023:11:21:33 -0300] "GET /cormun/servlet/solicitudotadjuntos?f3a1ddd0cde3bafb08640e5a14e16e0d3f9c8c3bf139d2a01d83305e689d33bc65574ef20fa5d094765344f5a36d46e3,gx-no-cache=1679321171754 HTTP/1.1" 200 30
181.212.42.153 - - [20/Mar/2023:11:21:33 -0300] "POST /cormun/servlet/solicitudotadjuntos?065af1a3a391c166b7c424f150a72256,INS,2023,19701,,1,,gx-no-cache=1679321171774 HTTP/1.1" 200 3872
190.171.142.42 - - [20/Mar/2023:11:21:35 -0300] "POST /cormun/servlet/solicitudot?gx-no-cache=1679321168182 HTTP/1.1" 200 30
190.171.142.42 - - [20/Mar/2023:11:21:35 -0300] "POST /cormun/servlet/solicitudot?gx-no-cache=1679321171887 HTTP/1.1" 200 1468
190.171.142.42 - - [20/Mar/2023:11:21:35 -0300] "POST /cormun/servlet/solicitudot?gx-no-cache=1679321171990 HTTP/1.1" 200 117
200.54.103.162 - - [20/Mar/2023:11:21:35 -0300] "GET /cormun/servlet/trautorizarpermisogoce? HTTP/1.1" 200 7176
200.54.103.162 - - [20/Mar/2023:11:21:35 -0300] "GET /cormun/static/gxcfg.js?2020121645532 HTTP/1.1" 200 953
200.54.103.162 - - [20/Mar/2023:11:21:36 -0300] "GET /cormun/static/trautorizarpermisogoce.js?2020121651492 HTTP/1.1" 200 34948
181.212.42.153 - - [20/Mar/2023:11:21:36 -0300] "POST /cormun/servlet/solicitudotadjuntos?gx-no-cache=1679321174564 HTTP/1.1" 200 26
200.54.103.162 - - [20/Mar/2023:11:21:36 -0300] "GET /cormun/servlet/trautorizarpermisogoce? HTTP/1.1" 200 7176
181.212.42.153 - - [20/Mar/2023:11:21:40 -0300] "GET /cormun/servlet/solicitudotadjuntos?f3a1ddd0cde3bafb08640e5a14e16e0dc6dd9b48d700fece0f26cbd3ce3c81a3,gx-no-cache=1679321178893 HTTP/1.1" 200 30
181.212.42.153 - - [20/Mar/2023:11:21:40 -0300] "GET /cormun/servlet/solicitudotadjuntos?f3a1ddd0cde3bafb08640e5a14e16e0dc6dd9b48d700fece0f26cbd3ce3c81a3,gx-no-cache=1679321178903 HTTP/1.1" 200 30
181.212.42.153 - - [20/Mar/2023:11:21:40 -0300] "POST /cormun/servlet/solicitudotadjuntos?065af1a3a391c166b7c424f150a72256,INS,2023,19701,,1, HTTP/1.1" 200 116
181.212.42.153 - - [20/Mar/2023:11:21:40 -0300] "GET /cormun/servlet/hpexe_return? HTTP/1.1" 200 1032
181.212.42.153 - - [20/Mar/2023:11:21:40 -0300] "GET /cormun/servlet/trsolicitudadjuntos?2023,19701, HTTP/1.1" 200 10084
181.212.42.153 - - [20/Mar/2023:11:21:41 -0300] "GET /cormun/servlet/trsolicitudadjuntos?2023,19701, HTTP/1.1" 200 10081
181.212.42.153 - - [20/Mar/2023:11:21:44 -0300] "GET /cormun/servlet/trsolicitudot? HTTP/1.1" 200 8603
181.212.42.153 - - [20/Mar/2023:11:21:44 -0300] "GET /cormun/servlet/trsolicitudot? HTTP/1.1" 200 8597
181.212.42.153 - - [20/Mar/2023:11:21:45 -0300] "POST /cormun/servlet/trsolicitudot?065af1a3a391c166b7c424f150a72256,,gx-no-cache=1679321184232 HTTP/1.1" 200 4587
181.212.42.153 - - [20/Mar/2023:11:21:46 -0300] "GET /cormun/static/Shared/jqueryui/images/ui-bg_highlight-soft_100_c6c2c8_1x100.png HTTP/1.1" 404 1117
181.212.42.153 - - [20/Mar/2023:11:21:46 -0300] "GET /cormun/static/Shared/jqueryui/images/ui-icons_82798d_256x240.png HTTP/1.1" 404 1089
181.212.42.153 - - [20/Mar/2023:11:21:46 -0300] "GET /cormun/static/Shared/jqueryui/images/ui-bg_flat_55_fafafa_40x100.png HTTP/1.1" 404 1097
181.212.42.153 - - [20/Mar/2023:11:21:46 -0300] "GET /cormun/static/Shared/jqueryui/images/ui-icons_8d78a5_256x240.png HTTP/1.1" 404 1089
181.212.42.153 - - [20/Mar/2023:11:21:46 -0300] "POST /cormun/servlet/trsolicitudot?065af1a3a391c166b7c424f150a72256,,gx-no-cache=1679321184405 HTTP/1.1" 200 4344
181.212.42.153 - - [20/Mar/2023:11:21:48 -0300] "GET /cormun/servlet/trsolicitudot? HTTP/1.1" 200 7190
181.212.42.153 - - [20/Mar/2023:11:21:48 -0300] "GET /cormun/servlet/trsolicitudot? HTTP/1.1" 200 7190
181.212.42.153 - - [20/Mar/2023:11:21:49 -0300] "GET /cormun/servlet/hlogin HTTP/1.1" 200 1752
200.54.103.162 - - [20/Mar/2023:11:21:51 -0300] "POST /cormun/servlet/trautorizarpermisogoce?56f4e84f85b4640948b13de32d1eba0c,,gx-no-cache=1679321186835 HTTP/1.1" 200 112
200.54.103.162 - - [20/Mar/2023:11:21:51 -0300] "GET /cormun/AutorizarPermisoGoce-2416.xls HTTP/1.1" 200 4096
181.212.42.153 - - [20/Mar/2023:11:21:56 -0300] "POST /cormun/servlet/hlogin?065af1a3a391c166b7c424f150a72256,gx-no-cache=1679321194661 HTTP/1.1" 200 90
181.212.42.153 - - [20/Mar/2023:11:21:56 -0300] "GET /cormun/servlet/hpexe_link HTTP/1.1" 200 957
181.212.42.153 - - [20/Mar/2023:11:21:56 -0300] "GET /cormun/servlet/hhome HTTP/1.1" 200 4343
181.212.42.153 - - [20/Mar/2023:11:21:56 -0300] "GET /cormun/servlet/hhome HTTP/1.1" 200 4341
181.212.42.153 - - [20/Mar/2023:11:21:58 -0300] "GET /cormun/servlet/trautorizarsolicitud? HTTP/1.1" 200 8848
181.212.42.153 - - [20/Mar/2023:11:21:58 -0300] "GET /cormun/servlet/trautorizarsolicitud? HTTP/1.1" 200 8847
181.212.42.153 - - [20/Mar/2023:11:22:00 -0300] "POST /cormun/servlet/trautorizarsolicitud?065af1a3a391c166b7c424f150a72256,,gx-no-cache=1679321198371 HTTP/1.1" 200 4781
181.212.42.153 - - [20/Mar/2023:11:22:00 -0300] "POST /cormun/servlet/trautorizarsolicitud?065af1a3a391c166b7c424f150a72256,,gx-no-cache=1679321198496 HTTP/1.1" 200 4537
200.54.103.162 - - [20/Mar/2023:11:22:01 -0300] "GET /cormun/servlet/trpermisosgoce? HTTP/1.1" 200 8143
200.54.103.162 - - [20/Mar/2023:11:22:01 -0300] "GET /cormun/servlet/trpermisosgoce? HTTP/1.1" 200 8142
200.54.103.162 - - [20/Mar/2023:11:22:18 -0300] "POST /cormun/servlet/trpermisosgoce?56f4e84f85b4640948b13de32d1eba0c,,gx-no-cache=1679321215215 HTTP/1.1" 200 5341
200.54.103.162 - - [20/Mar/2023:11:22:18 -0300] "GET /cormun/static/Shared/jqueryui/images/ui-bg_highlight-soft_100_c6c2c8_1x100.png HTTP/1.1" 404 1117
200.54.103.162 - - [20/Mar/2023:11:22:18 -0300] "GET /cormun/static/Shared/jqueryui/images/ui-icons_82798d_256x240.png HTTP/1.1" 404 1089
200.54.103.162 - - [20/Mar/2023:11:22:18 -0300] "GET /cormun/static/Shared/jqueryui/images/ui-bg_flat_55_fafafa_40x100.png HTTP/1.1" 404 1097
200.54.103.162 - - [20/Mar/2023:11:22:18 -0300] "GET /cormun/static/Shared/jqueryui/images/ui-icons_8d78a5_256x240.png HTTP/1.1" 404 1089
200.54.103.162 - - [20/Mar/2023:11:22:26 -0300] "GET /cormun/servlet/trautorizarpermisogoce? HTTP/1.1" 200 8020
200.54.103.162 - - [20/Mar/2023:11:22:26 -0300] "GET /cormun/servlet/trautorizarpermisogoce? HTTP/1.1" 200 8018
200.54.103.162 - - [20/Mar/2023:11:22:30 -0300] "POST /cormun/servlet/trautorizarpermisogoce?56f4e84f85b4640948b13de32d1eba0c,,gx-no-cache=1679321227740 HTTP/1.1" 200 4518
200.54.103.162 - - [20/Mar/2023:11:22:30 -0300] "GET /cormun/static/Shared/jqueryui/images/ui-icons_82798d_256x240.png HTTP/1.1" 404 1089
200.54.103.162 - - [20/Mar/2023:11:22:30 -0300] "GET /cormun/static/Shared/jqueryui/images/ui-bg_highlight-soft_100_c6c2c8_1x100.png HTTP/1.1" 404 1117
200.54.103.162 - - [20/Mar/2023:11:22:30 -0300] "GET /cormun/static/Shared/jqueryui/images/ui-icons_8d78a5_256x240.png HTTP/1.1" 404 1089
200.54.103.162 - - [20/Mar/2023:11:22:30 -0300] "GET /cormun/static/Shared/jqueryui/images/ui-bg_flat_55_fafafa_40x100.png HTTP/1.1" 404 1097
200.54.103.162 - - [20/Mar/2023:11:22:39 -0300] "GET /cormun/servlet/trpermisosgoce? HTTP/1.1" 200 8124
200.54.103.162 - - [20/Mar/2023:11:22:39 -0300] "GET /cormun/servlet/trpermisosgoce? HTTP/1.1" 200 8123
190.171.142.26 - - [20/Mar/2023:11:22:43 -0300] "GET /cormun/servlet/hlogin HTTP/1.1" 200 1729
190.171.142.26 - - [20/Mar/2023:11:22:43 -0300] "GET /cormun/servlet/hlogin HTTP/1.1" 200 1739
190.171.142.26 - - [20/Mar/2023:11:22:43 -0300] "GET /favicon.ico HTTP/1.1" 200 21630
200.54.103.162 - - [20/Mar/2023:11:22:47 -0300] "GET /cormun/servlet/permisogoce?INS,0,,, HTTP/1.1" 200 7231
200.54.103.162 - - [20/Mar/2023:11:22:47 -0300] "GET /cormun/servlet/permisogoce?INS,0,,, HTTP/1.1" 200 7231
190.171.142.26 - - [20/Mar/2023:11:22:51 -0300] "POST /cormun/servlet/hlogin?822ef563e66bb6d228e8fb126a5d3710,gx-no-cache=1679321250693 HTTP/1.1" 200 90
190.171.142.26 - - [20/Mar/2023:11:22:51 -0300] "GET /cormun/servlet/hpexe_link HTTP/1.1" 200 956
190.171.142.26 - - [20/Mar/2023:11:22:51 -0300] "GET /cormun/servlet/hhome HTTP/1.1" 200 3976
190.171.142.26 - - [20/Mar/2023:11:22:51 -0300] "GET /cormun/servlet/hhome HTTP/1.1" 200 3973
200.54.103.162 - - [20/Mar/2023:11:23:01 -0300] "GET /cormun/servlet/permisogoce?b4dc01e10837de2eaf12d7f0eb3cd9ec3932e80851fa15cedd02ee0ddf310c852d59b1945fae9191707d217481ee704c0e0541a22b6c377977cbb7054e07e1d0,gx-no-cache=1679321258306 HTTP/1.1" 200 181
200.54.103.162 - - [20/Mar/2023:11:23:01 -0300] "GET /cormun/static/Shared/jqueryui/images/ui-bg_highlight-soft_100_c6c2c8_1x100.png HTTP/1.1" 404 1117
200.54.103.162 - - [20/Mar/2023:11:23:01 -0300] "GET /cormun/static/Shared/jqueryui/images/ui-bg_flat_55_994d53_40x100.png HTTP/1.1" 404 1097
200.54.103.162 - - [20/Mar/2023:11:23:01 -0300] "GET /cormun/static/Shared/jqueryui/images/ui-icons_82798d_256x240.png HTTP/1.1" 404 1089
200.54.103.162 - - [20/Mar/2023:11:23:01 -0300] "GET /cormun/static/Shared/jqueryui/images/ui-icons_ebccce_256x240.png HTTP/1.1" 404 1089
190.171.142.26 - - [20/Mar/2023:11:23:02 -0300] "GET /cormun/servlet/trlicencias? HTTP/1.1" 200 12034
190.171.142.26 - - [20/Mar/2023:11:23:03 -0300] "GET /cormun/servlet/trlicencias? HTTP/1.1" 200 12031
200.54.103.162 - - [20/Mar/2023:11:23:18 -0300] "GET /cormun/servlet/trpermisosgoce? HTTP/1.1" 200 8124
200.54.103.162 - - [20/Mar/2023:11:23:18 -0300] "GET /cormun/servlet/trpermisosgoce? HTTP/1.1" 200 8123
190.171.142.26 - - [20/Mar/2023:11:23:25 -0300] "GET /cormun/static/menuarrow.gif HTTP/1.1" 404 1015
200.54.103.162 - - [20/Mar/2023:11:23:26 -0300] "GET /cormun/servlet/permisogoce?INS,0,,, HTTP/1.1" 200 7231
200.54.103.162 - - [20/Mar/2023:11:23:26 -0300] "GET /cormun/servlet/permisogoce?INS,0,,, HTTP/1.1" 200 7231
190.171.142.26 - - [20/Mar/2023:11:23:31 -0300] "POST /cormun/servlet/trlicencias?822ef563e66bb6d228e8fb126a5d3710,,gx-no-cache=1679321290745 HTTP/1.1" 200 100
190.171.142.26 - - [20/Mar/2023:11:23:31 -0300] "GET /cormun/Licencias-424.xls HTTP/1.1" 200 10240
200.54.103.162 - - [20/Mar/2023:11:23:33 -0300] "GET /cormun/servlet/permisogoce?b4dc01e10837de2eaf12d7f0eb3cd9ec1b27fde237e81a4c930b02989d1d82262d59b1945fae9191707d217481ee704c0e0541a22b6c377977cbb7054e07e1d0,gx-no-cache=1679321290818 HTTP/1.1" 200 81
200.54.103.162 - - [20/Mar/2023:11:23:40 -0300] "GET /cormun/servlet/permisogoce?b4dc01e10837de2eaf12d7f0eb3cd9ec40e1fb810fdef3cbf71a5bd2a90a91f532df598565be52c9d1d8d08ce83f2f40249aa4ef0aa6c1f28a65aedfd59019ed,gx-no-cache=1679321298279 HTTP/1.1" 200 47
190.171.142.26 - - [20/Mar/2023:11:23:45 -0300] "POST /cormun/servlet/trlicencias?822ef563e66bb6d228e8fb126a5d3710,,gx-no-cache=1679321304869 HTTP/1.1" 200 10040
190.171.143.82 - - [20/Mar/2023:11:23:48 -0300] "POST /cormun/servlet/hlogin?358e5aa4722e4ece63b85efce2652323,gx-no-cache=1679321305602 HTTP/1.1" 200 449
200.54.103.162 - - [20/Mar/2023:11:23:50 -0300] "GET /cormun/servlet/puconsultapgoce?18159101,MD,gxPopupLevel%3D0%3B HTTP/1.1" 200 3775
200.54.103.162 - - [20/Mar/2023:11:23:50 -0300] "GET /cormun/pexe_menus.js HTTP/1.1" 404 1001
200.54.103.162 - - [20/Mar/2023:11:23:50 -0300] "GET /cormun/pexe_layers.js HTTP/1.1" 404 1003
200.54.103.162 - - [20/Mar/2023:11:23:50 -0300] "GET /cormun/pexe_windows.js HTTP/1.1" 404 1005
200.54.103.162 - - [20/Mar/2023:11:23:50 -0300] "GET /cormun/pexe_grid.js HTTP/1.1" 404 999
200.54.103.162 - - [20/Mar/2023:11:23:50 -0300] "GET /cormun/pexe_griddivfix.js HTTP/1.1" 404 1011
200.54.103.162 - - [20/Mar/2023:11:23:50 -0300] "GET /cormun/pexe_link.js HTTP/1.1" 404 999
200.54.103.162 - - [20/Mar/2023:11:23:50 -0300] "GET /cormun/pexe_picture.js HTTP/1.1" 404 1005
200.54.103.162 - - [20/Mar/2023:11:23:50 -0300] "GET /cormun/pexe_cookies.js HTTP/1.1" 404 1005
200.54.103.162 - - [20/Mar/2023:11:23:50 -0300] "GET /cormun/pexe_treedivfix.js HTTP/1.1" 404 1011
200.54.103.162 - - [20/Mar/2023:11:23:51 -0300] "GET /cormun/pexe_menudivfix.js HTTP/1.1" 404 1011
200.54.103.162 - - [20/Mar/2023:11:23:51 -0300] "GET /cormun/pexe_tabdivfix.js HTTP/1.1" 404 1009
200.54.103.162 - - [20/Mar/2023:11:23:51 -0300] "GET /cormun/pexe_autoreload.js HTTP/1.1" 404 1011
190.171.143.82 - - [20/Mar/2023:11:23:53 -0300] "POST /cormun/servlet/hlogin?358e5aa4722e4ece63b85efce2652323,gx-no-cache=1679321310498 HTTP/1.1" 200 449
200.54.103.162 - - [20/Mar/2023:11:23:53 -0300] "POST /cormun/servlet/puconsultapgoce?56f4e84f85b4640948b13de32d1eba0c,18159101,MD,gxPopupLevel%3D0%3B,gx-no-cache=1679321310743 HTTP/1.1" 200 60
200.54.103.162 - - [20/Mar/2023:11:23:54 -0300] "POST /cormun/servlet/permisogoce?56f4e84f85b4640948b13de32d1eba0c,INS,0,,,,gx-no-cache=1679321311882 HTTP/1.1" 200 93
200.54.103.162 - - [20/Mar/2023:11:23:54 -0300] "GET /cormun/servlet/hpexe_return? HTTP/1.1" 200 1008
200.54.103.162 - - [20/Mar/2023:11:23:55 -0300] "GET /cormun/servlet/trpermisosgoce HTTP/1.1" 200 8472
200.54.103.162 - - [20/Mar/2023:11:23:55 -0300] "GET /cormun/servlet/trpermisosgoce HTTP/1.1" 200 8468
190.171.143.82 - - [20/Mar/2023:11:23:56 -0300] "POST /cormun/servlet/hlogin?358e5aa4722e4ece63b85efce2652323,gx-no-cache=1679321313771 HTTP/1.1" 200 449
200.54.103.162 - - [20/Mar/2023:11:23:58 -0300] "GET /cormun/servlet/trpermisosadjuntos?18159101,20230320110806,P, HTTP/1.1" 200 6659
200.54.103.162 - - [20/Mar/2023:11:23:58 -0300] "GET /cormun/servlet/trpermisosadjuntos?18159101,20230320110806,P, HTTP/1.1" 200 6659
190.171.143.82 - - [20/Mar/2023:11:24:01 -0300] "POST /cormun/servlet/hlogin?358e5aa4722e4ece63b85efce2652323,gx-no-cache=1679321319466 HTTP/1.1" 200 449
200.54.103.162 - - [20/Mar/2023:11:24:01 -0300] "POST /cormun/servlet/trpermisosadjuntos?56f4e84f85b4640948b13de32d1eba0c,18159101,20230320110806,P,,gx-no-cache=1679321319307 HTTP/1.1" 200 4341
190.171.142.26 - - [20/Mar/2023:11:24:04 -0300] "POST /cormun/servlet/trlicencias?822ef563e66bb6d228e8fb126a5d3710,,gx-no-cache=1679321323087 HTTP/1.1" 200 10541
200.54.103.162 - - [20/Mar/2023:11:24:04 -0300] "GET /cormun/servlet/permisosadjuntos?INS,18159101,P,20230320110806,, HTTP/1.1" 200 5986
200.54.103.162 - - [20/Mar/2023:11:24:04 -0300] "GET /cormun/static/about:blank HTTP/1.1" 404 1011
200.54.103.162 - - [20/Mar/2023:11:24:04 -0300] "GET /cormun/servlet/permisosadjuntos?INS,18159101,P,20230320110806,, HTTP/1.1" 200 5976
190.171.143.82 - - [20/Mar/2023:11:24:06 -0300] "POST /cormun/servlet/hlogin?358e5aa4722e4ece63b85efce2652323,gx-no-cache=1679321324467 HTTP/1.1" 200 449
200.54.103.162 - - [20/Mar/2023:11:24:16 -0300] "POST /cormun/servlet/permisosadjuntos?56f4e84f85b4640948b13de32d1eba0c,INS,18159101,P,20230320110806,, HTTP/1.1" 200 116
200.54.103.162 - - [20/Mar/2023:11:24:16 -0300] "GET /cormun/servlet/hpexe_return? HTTP/1.1" 200 1038
200.54.103.162 - - [20/Mar/2023:11:24:16 -0300] "GET /cormun/servlet/trpermisosadjuntos?18159101,20230320110806,P, HTTP/1.1" 200 7150
200.54.103.162 - - [20/Mar/2023:11:24:16 -0300] "GET /cormun/servlet/trpermisosadjuntos?18159101,20230320110806,P, HTTP/1.1" 200 7150
200.54.103.162 - - [20/Mar/2023:11:24:20 -0300] "POST /cormun/servlet/trpermisosadjuntos?56f4e84f85b4640948b13de32d1eba0c,18159101,20230320110806,P,,gx-no-cache=1679321337443 HTTP/1.1" 200 4824
200.54.103.162 - - [20/Mar/2023:11:24:21 -0300] "POST /cormun/servlet/trpermisosadjuntos?56f4e84f85b4640948b13de32d1eba0c,18159101,20230320110806,P,,gx-no-cache=1679321338895 HTTP/1.1" 200 4825
200.54.103.162 - - [20/Mar/2023:11:24:23 -0300] "GET /cormun/servlet/permisosadjuntos?INS,18159101,P,20230320110806,, HTTP/1.1" 200 5988
200.54.103.162 - - [20/Mar/2023:11:24:23 -0300] "GET /cormun/static/about:blank HTTP/1.1" 404 1011
200.54.103.162 - - [20/Mar/2023:11:24:23 -0300] "GET /cormun/servlet/permisosadjuntos?INS,18159101,P,20230320110806,, HTTP/1.1" 200 5978
200.54.103.162 - - [20/Mar/2023:11:24:25 -0300] "POST /cormun/servlet/permisosadjuntos?56f4e84f85b4640948b13de32d1eba0c,INS,18159101,P,20230320110806,,,gx-no-cache=1679321343177 HTTP/1.1" 200 93
200.54.103.162 - - [20/Mar/2023:11:24:25 -0300] "GET /cormun/servlet/hpexe_return? HTTP/1.1" 200 1038
200.54.103.162 - - [20/Mar/2023:11:24:25 -0300] "GET /cormun/servlet/trpermisosadjuntos?18159101,20230320110806,P, HTTP/1.1" 200 7150
200.54.103.162 - - [20/Mar/2023:11:24:26 -0300] "GET /cormun/servlet/trpermisosadjuntos?18159101,20230320110806,P, HTTP/1.1" 200 7150
200.54.103.162 - - [20/Mar/2023:11:24:29 -0300] "GET /cormun/servlet/trpermisosgoce? HTTP/1.1" 200 8468
200.54.103.162 - - [20/Mar/2023:11:24:30 -0300] "GET /cormun/servlet/trpermisosgoce? HTTP/1.1" 200 8468
200.54.103.162 - - [20/Mar/2023:11:24:34 -0300] "POST /cormun/servlet/trpermisosgoce?56f4e84f85b4640948b13de32d1eba0c,,gx-no-cache=1679321351995 HTTP/1.1" 200 5638
200.54.103.162 - - [20/Mar/2023:11:24:34 -0300] "GET /cormun/static/Shared/jqueryui/images/ui-bg_highlight-soft_100_c6c2c8_1x100.png HTTP/1.1" 404 1117
200.54.103.162 - - [20/Mar/2023:11:24:34 -0300] "GET /cormun/static/Shared/jqueryui/images/ui-icons_82798d_256x240.png HTTP/1.1" 404 1089
200.54.103.162 - - [20/Mar/2023:11:24:34 -0300] "GET /cormun/static/Shared/jqueryui/images/ui-bg_flat_55_fafafa_40x100.png HTTP/1.1" 404 1097
200.54.103.162 - - [20/Mar/2023:11:24:34 -0300] "GET /cormun/static/Shared/jqueryui/images/ui-icons_8d78a5_256x240.png HTTP/1.1" 404 1089
200.54.103.162 - - [20/Mar/2023:11:24:39 -0300] "GET /cormun/servlet/trautorizarpermisogoce? HTTP/1.1" 200 8022
200.54.103.162 - - [20/Mar/2023:11:24:39 -0300] "GET /cormun/servlet/trautorizarpermisogoce? HTTP/1.1" 200 8021
200.54.103.162 - - [20/Mar/2023:11:24:43 -0300] "POST /cormun/servlet/trautorizarpermisogoce?56f4e84f85b4640948b13de32d1eba0c,,gx-no-cache=1679321360938 HTTP/1.1" 200 4520
200.54.103.162 - - [20/Mar/2023:11:24:43 -0300] "GET /cormun/static/Shared/jqueryui/images/ui-icons_82798d_256x240.png HTTP/1.1" 404 1089
200.54.103.162 - - [20/Mar/2023:11:24:43 -0300] "GET /cormun/static/Shared/jqueryui/images/ui-bg_highlight-soft_100_c6c2c8_1x100.png HTTP/1.1" 404 1117
200.54.103.162 - - [20/Mar/2023:11:24:43 -0300] "GET /cormun/static/Shared/jqueryui/images/ui-bg_flat_55_fafafa_40x100.png HTTP/1.1" 404 1097
200.54.103.162 - - [20/Mar/2023:11:24:43 -0300] "GET /cormun/static/Shared/jqueryui/images/ui-icons_8d78a5_256x240.png HTTP/1.1" 404 1089
200.54.103.162 - - [20/Mar/2023:11:24:51 -0300] "GET /cormun/servlet/trpermisosgoce? HTTP/1.1" 200 8433
200.54.103.162 - - [20/Mar/2023:11:24:51 -0300] "GET /cormun/servlet/trpermisosgoce? HTTP/1.1" 200 8432
200.54.103.162 - - [20/Mar/2023:11:25:00 -0300] "GET /cormun/servlet/permisogoce?INS,0,,, HTTP/1.1" 200 7232
200.54.103.162 - - [20/Mar/2023:11:25:00 -0300] "GET /cormun/servlet/permisogoce?INS,0,,, HTTP/1.1" 200 7232
200.54.103.162 - - [20/Mar/2023:11:25:10 -0300] "GET /cormun/servlet/permisogoce?b4dc01e10837de2eaf12d7f0eb3cd9ec2632cd4e852ee55ef4e50830e7be7d1d4154afd167841a9a487c5fec34f48805c33fc27ff1a59b9f5479a0b26d596e86,gx-no-cache=1679321387601 HTTP/1.1" 200 80
200.54.103.162 - - [20/Mar/2023:11:25:17 -0300] "GET /cormun/servlet/permisogoce?b4dc01e10837de2eaf12d7f0eb3cd9ec6723b8dc262fb5afc59b9316660a7967c5418d398ac1f8104a490c4f8d4f3e9a2faf470b59de06496d7294c7eddf4d68,gx-no-cache=1679321395246 HTTP/1.1" 200 47
200.54.103.162 - - [20/Mar/2023:11:25:27 -0300] "GET /cormun/servlet/puconsultapgoce?9138569,MD,gxPopupLevel%3D0%3B HTTP/1.1" 200 3772
200.54.103.162 - - [20/Mar/2023:11:25:27 -0300] "GET /cormun/pexe_menus.js HTTP/1.1" 404 1001
200.54.103.162 - - [20/Mar/2023:11:25:27 -0300] "GET /cormun/pexe_layers.js HTTP/1.1" 404 1003
200.54.103.162 - - [20/Mar/2023:11:25:27 -0300] "GET /cormun/pexe_cookies.js HTTP/1.1" 404 1005
200.54.103.162 - - [20/Mar/2023:11:25:27 -0300] "GET /cormun/pexe_link.js HTTP/1.1" 404 999
200.54.103.162 - - [20/Mar/2023:11:25:27 -0300] "GET /cormun/pexe_windows.js HTTP/1.1" 404 1005
200.54.103.162 - - [20/Mar/2023:11:25:27 -0300] "GET /cormun/pexe_grid.js HTTP/1.1" 404 999
200.54.103.162 - - [20/Mar/2023:11:25:27 -0300] "GET /cormun/pexe_griddivfix.js HTTP/1.1" 404 1011
200.54.103.162 - - [20/Mar/2023:11:25:27 -0300] "GET /cormun/pexe_picture.js HTTP/1.1" 404 1005
200.54.103.162 - - [20/Mar/2023:11:25:27 -0300] "GET /cormun/pexe_treedivfix.js HTTP/1.1" 404 1011
200.54.103.162 - - [20/Mar/2023:11:25:27 -0300] "GET /cormun/pexe_tabdivfix.js HTTP/1.1" 404 1009
200.54.103.162 - - [20/Mar/2023:11:25:27 -0300] "GET /cormun/pexe_autoreload.js HTTP/1.1" 404 1011
200.54.103.162 - - [20/Mar/2023:11:25:27 -0300] "GET /cormun/pexe_menudivfix.js HTTP/1.1" 404 1011
200.54.103.162 - - [20/Mar/2023:11:25:31 -0300] "POST /cormun/servlet/permisogoce?56f4e84f85b4640948b13de32d1eba0c,INS,0,,,,gx-no-cache=1679321408465 HTTP/1.1" 200 93
200.54.103.162 - - [20/Mar/2023:11:25:31 -0300] "GET /cormun/servlet/hpexe_return? HTTP/1.1" 200 1008
200.54.103.162 - - [20/Mar/2023:11:25:31 -0300] "GET /cormun/servlet/trpermisosgoce HTTP/1.1" 200 8709
200.54.103.162 - - [20/Mar/2023:11:25:31 -0300] "GET /cormun/servlet/trpermisosgoce HTTP/1.1" 200 8705
200.54.107.2 - - [20/Mar/2023:11:25:52 -0300] "POST /cormun/servlet/solicitudot?gx-no-cache=1679321430087 HTTP/1.1" 200 4063
200.54.107.2 - - [20/Mar/2023:11:25:53 -0300] "POST /cormun/servlet/solicitudot?0009effc3684cbe37f92db7b91e5e70c,INS,0,0,false,,gx-no-cache=1679321430294 HTTP/1.1" 200 12616
181.212.42.153 - - [20/Mar/2023:11:25:55 -0300] "GET /cormun/servlet/trsolicitudot? HTTP/1.1" 200 7566
181.212.42.153 - - [20/Mar/2023:11:25:55 -0300] "GET /cormun/servlet/trsolicitudot? HTTP/1.1" 200 7565
200.54.107.2 - - [20/Mar/2023:11:25:56 -0300] "GET /cormun/servlet/solicitudot?bfdd90cd51c203c94c38f34022bca16259c7ab2325ddc32f2aa313b5e180c8dd6f7fa840be7719891d2a57d1d3dca008,gx-no-cache=1679321433942 HTTP/1.1" 200 30
181.212.42.153 - - [20/Mar/2023:11:25:57 -0300] "GET /cormun/servlet/solicitudot?INS,0,0,false, HTTP/1.1" 200 16183
181.212.42.153 - - [20/Mar/2023:11:25:57 -0300] "GET /cormun/servlet/solicitudot?INS,0,0,false, HTTP/1.1" 200 16190
181.212.42.153 - - [20/Mar/2023:11:26:03 -0300] "POST /cormun/servlet/solicitudot?gx-no-cache=1679321441942 HTTP/1.1" 200 4040
181.212.42.153 - - [20/Mar/2023:11:26:03 -0300] "POST /cormun/servlet/solicitudot?065af1a3a391c166b7c424f150a72256,INS,0,0,false,,gx-no-cache=1679321442077 HTTP/1.1" 200 12866
181.212.42.153 - - [20/Mar/2023:11:26:08 -0300] "GET /cormun/servlet/solicitudot?f3a1ddd0cde3bafb08640e5a14e16e0d185e807d6d00ad1777b08eff584cb39347fddb47c8ddb7dd525c1bdfb1cd7a61,gx-no-cache=1679321446621 HTTP/1.1" 200 30
181.212.42.153 - - [20/Mar/2023:11:26:08 -0300] "GET /cormun/servlet/solicitudot?f3a1ddd0cde3bafb08640e5a14e16e0d6ceae75e66a42722e98ff4504d26c53c3dc691f22ac0522adb0f6f2d99d03ad6,gx-no-cache=1679321446644 HTTP/1.1" 200 30
181.212.42.153 - - [20/Mar/2023:11:26:08 -0300] "GET /cormun/servlet/solicitudot?f3a1ddd0cde3bafb08640e5a14e16e0dd548a08e5ddaa25734f78567c6cf2637,gx-no-cache=1679321446662 HTTP/1.1" 200 53
181.212.42.153 - - [20/Mar/2023:11:26:08 -0300] "POST /cormun/servlet/solicitudot?gx-no-cache=1679321446682 HTTP/1.1" 200 255
181.212.42.153 - - [20/Mar/2023:11:26:08 -0300] "GET /cormun/servlet/solicitudot?f3a1ddd0cde3bafb08640e5a14e16e0d631629edf1ecbb331a468cb7593313a64d7fd8df4dbb0d3c015cc3faab7a004ae1ccd97786085177e07140e60bd058f738a92c7fdf233bdfdaf31473b0fa07526885ecfcbff96c0c3cb72334b4c842bc0bf327e7818c95c46f341ef7faab762ca73f8fdd7df8dcb88c673fbc68e469b013500bd78375bbd8902b315fceade217e5a5d6f3ab561907709d012b53aab12adfc582236fb1d07d7780690177cf5448b180603d279a5b0e81dcba9a52c832318f5cb0ab7a7921a70c4abf71a4c6d94c94b6f97bc6adf341fcc09e64010d3e221ef15d90fe71429f57f74f6b8d00b37f9283c2755fe8fc2bda9b96e582ef04334a17af289885bfdb594b11a89f7b18fb7d27ab9da7fc1dd8c56020b6dacab98213a2ab52664f1fae0a7e9084e7320be0be13befcb23fbee32972b466f70409275de7ef09cc6e47a0cdc2e3ff5b83f5e091499d8e06f46ef932987ee6ee271b2623902a7a25ba814cd2418897ca9774141e215714287bc5eef7b9c0bca9be438e,gx-no-cache=1679321446706 HTTP/1.1" 200 30
200.54.103.162 - - [20/Mar/2023:11:26:20 -0300] "GET /cormun/servlet/trpermisosadjuntos?9138569,20230320110940,P, HTTP/1.1" 200 6658
200.54.103.162 - - [20/Mar/2023:11:26:20 -0300] "GET /cormun/servlet/trpermisosadjuntos?9138569,20230320110940,P, HTTP/1.1" 200 6658
200.54.103.162 - - [20/Mar/2023:11:26:23 -0300] "GET /cormun/servlet/permisosadjuntos?INS,9138569,P,20230320110940,, HTTP/1.1" 200 5984
200.54.103.162 - - [20/Mar/2023:11:26:23 -0300] "GET /cormun/static/about:blank HTTP/1.1" 404 1011
200.54.103.162 - - [20/Mar/2023:11:26:23 -0300] "GET /cormun/servlet/permisosadjuntos?INS,9138569,P,20230320110940,, HTTP/1.1" 200 5974
200.54.103.162 - - [20/Mar/2023:11:26:31 -0300] "POST /cormun/servlet/permisosadjuntos?56f4e84f85b4640948b13de32d1eba0c,INS,9138569,P,20230320110940,, HTTP/1.1" 200 116
200.54.103.162 - - [20/Mar/2023:11:26:31 -0300] "GET /cormun/servlet/hpexe_return? HTTP/1.1" 200 1036
200.54.103.162 - - [20/Mar/2023:11:26:32 -0300] "GET /cormun/servlet/trpermisosadjuntos?9138569,20230320110940,P, HTTP/1.1" 200 7149
200.54.103.162 - - [20/Mar/2023:11:26:32 -0300] "GET /cormun/servlet/trpermisosadjuntos?9138569,20230320110940,P, HTTP/1.1" 200 7146
181.212.42.153 - - [20/Mar/2023:11:26:34 -0300] "POST /cormun/servlet/solicitudot?gx-no-cache=1679321473253 HTTP/1.1" 200 30
200.54.103.162 - - [20/Mar/2023:11:26:37 -0300] "GET /cormun/servlet/trpermisosgoce? HTTP/1.1" 200 8705
200.54.103.162 - - [20/Mar/2023:11:26:38 -0300] "GET /cormun/servlet/trpermisosgoce? HTTP/1.1" 200 8705
181.212.42.153 - - [20/Mar/2023:11:26:39 -0300] "POST /cormun/servlet/solicitudot?gx-no-cache=1679321478329 HTTP/1.1" 200 30
200.54.103.162 - - [20/Mar/2023:11:26:41 -0300] "POST /cormun/servlet/trpermisosgoce?56f4e84f85b4640948b13de32d1eba0c,,gx-no-cache=1679321478652 HTTP/1.1" 200 5883
200.54.103.162 - - [20/Mar/2023:11:26:41 -0300] "GET /cormun/static/Shared/jqueryui/images/ui-bg_highlight-soft_100_c6c2c8_1x100.png HTTP/1.1" 404 1117
200.54.103.162 - - [20/Mar/2023:11:26:41 -0300] "GET /cormun/static/Shared/jqueryui/images/ui-bg_flat_55_fafafa_40x100.png HTTP/1.1" 404 1097
200.54.103.162 - - [20/Mar/2023:11:26:41 -0300] "GET /cormun/static/Shared/jqueryui/images/ui-icons_8d78a5_256x240.png HTTP/1.1" 404 1089
200.54.103.162 - - [20/Mar/2023:11:26:41 -0300] "GET /cormun/static/Shared/jqueryui/images/ui-icons_82798d_256x240.png HTTP/1.1" 404 1089
181.212.42.153 - - [20/Mar/2023:11:26:43 -0300] "GET /cormun/servlet/prcontratosol?10412708,,,,,MD,,gxPopupLevel%3D0%3B HTTP/1.1" 200 7932
181.212.42.153 - - [20/Mar/2023:11:26:43 -0300] "GET /cormun/static/gxcfg.js?2019914201458 HTTP/1.1" 200 953
181.212.42.153 - - [20/Mar/2023:11:26:43 -0300] "GET /cormun/static/prcontratosol.js?20199142014772 HTTP/1.1" 200 15806
181.212.42.153 - - [20/Mar/2023:11:26:43 -0300] "GET /cormun/static/Resources/Spanish/PXTools.css?19172979 HTTP/1.1" 200 100853
200.54.103.162 - - [20/Mar/2023:11:26:45 -0300] "GET /cormun/servlet/trautorizarpermisogoce? HTTP/1.1" 200 8022
200.54.103.162 - - [20/Mar/2023:11:26:46 -0300] "GET /cormun/servlet/trautorizarpermisogoce? HTTP/1.1" 200 8022
181.212.42.153 - - [20/Mar/2023:11:26:47 -0300] "POST /cormun/servlet/solicitudot?gx-no-cache=1679321486259 HTTP/1.1" 200 1550
181.212.42.153 - - [20/Mar/2023:11:26:47 -0300] "GET /cormun/static/Shared/jqueryui/images/ui-icons_ebccce_256x240.png HTTP/1.1" 404 1089
181.212.42.153 - - [20/Mar/2023:11:26:47 -0300] "GET /cormun/static/Shared/jqueryui/images/ui-bg_flat_55_994d53_40x100.png HTTP/1.1" 404 1097
181.212.42.153 - - [20/Mar/2023:11:26:47 -0300] "POST /cormun/servlet/solicitudot?gx-no-cache=1679321486292 HTTP/1.1" 200 117
181.212.42.153 - - [20/Mar/2023:11:26:47 -0300] "GET /cormun/servlet/solicitudot?f3a1ddd0cde3bafb08640e5a14e16e0d29e2582724b32038abb99c071646cd815c8ab8b05c7a12134a0341b7eb24e018a1cc02c3df7170ce6f53d4f26731990c7150c43d924bfac64e77ab8fd1d2e40afa9dfcad5366c4b1b65fe8837db3e68703c05b75b9038c3db51fb58561abcdf3,gx-no-cache=1679321486317 HTTP/1.1" 200 110
181.212.42.153 - - [20/Mar/2023:11:26:47 -0300] "POST /cormun/servlet/solicitudot?gx-no-cache=1679321486337 HTTP/1.1" 200 64
181.212.42.153 - - [20/Mar/2023:11:26:48 -0300] "GET /cormun/servlet/solicitudot?f3a1ddd0cde3bafb08640e5a14e16e0dfeafd2ee388bdd4beaee9d0b03325f1bc79c099f1336addca28363904b15bde05ca6101de0366155cec1384c611720fc01cd990cc55b85fb79dc7cd132fbb3852d550aa27d52365b09cf319a1dbb783606527f1dc008602ae0640dad55a5593897d551a3463c430436945727e7e8dd421f325f3421ca91e8e32f9b6b18775e551d7a8ff884ddc4bc19a69254e7c64f2a,gx-no-cache=1679321486361 HTTP/1.1" 200 29
181.212.42.153 - - [20/Mar/2023:11:26:48 -0300] "GET /cormun/servlet/solicitudot?f3a1ddd0cde3bafb08640e5a14e16e0da422966c783eb3fcc485b37438c02a9c,gx-no-cache=1679321486378 HTTP/1.1" 200 30
200.54.103.162 - - [20/Mar/2023:11:26:49 -0300] "POST /cormun/servlet/trautorizarpermisogoce?56f4e84f85b4640948b13de32d1eba0c,,gx-no-cache=1679321486509 HTTP/1.1" 200 4520
200.54.103.162 - - [20/Mar/2023:11:26:49 -0300] "GET /cormun/static/Shared/jqueryui/images/ui-icons_82798d_256x240.png HTTP/1.1" 404 1089
200.54.103.162 - - [20/Mar/2023:11:26:49 -0300] "GET /cormun/static/Shared/jqueryui/images/ui-bg_highlight-soft_100_c6c2c8_1x100.png HTTP/1.1" 404 1117
200.54.103.162 - - [20/Mar/2023:11:26:49 -0300] "GET /cormun/static/Shared/jqueryui/images/ui-bg_flat_55_fafafa_40x100.png HTTP/1.1" 404 1097
200.54.103.162 - - [20/Mar/2023:11:26:49 -0300] "GET /cormun/static/Shared/jqueryui/images/ui-icons_8d78a5_256x240.png HTTP/1.1" 404 1089
181.212.42.153 - - [20/Mar/2023:11:27:03 -0300] "POST /cormun/servlet/solicitudot?gx-no-cache=1679321501432 HTTP/1.1" 200 30
200.54.103.162 - - [20/Mar/2023:11:27:03 -0300] "GET /cormun/servlet/trpermisosgoce? HTTP/1.1" 200 8669
200.54.103.162 - - [20/Mar/2023:11:27:03 -0300] "GET /cormun/servlet/trpermisosgoce? HTTP/1.1" 200 8669
200.54.103.162 - - [20/Mar/2023:11:27:09 -0300] "GET /cormun/servlet/permisogoce?INS,0,,, HTTP/1.1" 200 7230
200.54.103.162 - - [20/Mar/2023:11:27:09 -0300] "GET /cormun/servlet/permisogoce?INS,0,,, HTTP/1.1" 200 7230
190.171.143.82 - - [20/Mar/2023:11:27:11 -0300] "POST /cormun/servlet/hlogin?358e5aa4722e4ece63b85efce2652323,gx-no-cache=1679321508981 HTTP/1.1" 200 449
181.212.42.153 - - [20/Mar/2023:11:27:14 -0300] "POST /cormun/servlet/solicitudot?gx-no-cache=1679321512800 HTTP/1.1" 200 30
181.212.42.153 - - [20/Mar/2023:11:27:16 -0300] "GET /cormun/servlet/prcontratosol?10412708,,,,,MD,,gxPopupLevel%3D0%3B HTTP/1.1" 200 7932
181.212.42.153 - - [20/Mar/2023:11:27:20 -0300] "POST /cormun/servlet/solicitudot?gx-no-cache=1679321518376 HTTP/1.1" 200 1550
181.212.42.153 - - [20/Mar/2023:11:27:20 -0300] "POST /cormun/servlet/solicitudot?gx-no-cache=1679321518718 HTTP/1.1" 200 117
181.212.42.153 - - [20/Mar/2023:11:27:20 -0300] "GET /cormun/servlet/solicitudot?f3a1ddd0cde3bafb08640e5a14e16e0d29e2582724b32038abb99c071646cd815c8ab8b05c7a12134a0341b7eb24e018a1cc02c3df7170ce6f53d4f26731990c7150c43d924bfac64e77ab8fd1d2e40afa9dfcad5366c4b1b65fe8837db3e68703c05b75b9038c3db51fb58561abcdf3,gx-no-cache=1679321518737 HTTP/1.1" 200 110
181.212.42.153 - - [20/Mar/2023:11:27:20 -0300] "GET /cormun/servlet/solicitudot?f3a1ddd0cde3bafb08640e5a14e16e0d6430ab722cde72674bc0c760c424529e312a4dc3dd04e21bb21b03da04fba9a3,gx-no-cache=1679321518757 HTTP/1.1" 200 134
200.54.103.162 - - [20/Mar/2023:11:27:23 -0300] "POST /cormun/servlet/permisogoce?56f4e84f85b4640948b13de32d1eba0c,INS,0,,,,gx-no-cache=1679321520844 HTTP/1.1" 200 4756
200.54.103.162 - - [20/Mar/2023:11:27:23 -0300] "GET /cormun/static/Shared/jqueryui/images/ui-bg_flat_55_994d53_40x100.png HTTP/1.1" 404 1097
200.54.103.162 - - [20/Mar/2023:11:27:23 -0300] "GET /cormun/static/Shared/jqueryui/images/ui-icons_82798d_256x240.png HTTP/1.1" 404 1089
200.54.103.162 - - [20/Mar/2023:11:27:23 -0300] "GET /cormun/static/Shared/jqueryui/images/ui-icons_ebccce_256x240.png HTTP/1.1" 404 1089
200.54.103.162 - - [20/Mar/2023:11:27:23 -0300] "GET /cormun/static/Shared/jqueryui/images/ui-bg_highlight-soft_100_c6c2c8_1x100.png HTTP/1.1" 404 1117
190.171.143.82 - - [20/Mar/2023:11:27:23 -0300] "POST /cormun/servlet/hlogin?358e5aa4722e4ece63b85efce2652323,gx-no-cache=1679321521273 HTTP/1.1" 200 449
181.212.42.153 - - [20/Mar/2023:11:27:24 -0300] "GET /cormun/servlet/prfichaempleado?,MD,,gxPopupLevel%3D0%3B HTTP/1.1" 200 9375
190.171.143.82 - - [20/Mar/2023:11:27:27 -0300] "POST /cormun/servlet/hlogin?358e5aa4722e4ece63b85efce2652323,gx-no-cache=1679321524505 HTTP/1.1" 200 449
181.212.42.153 - - [20/Mar/2023:11:27:30 -0300] "POST /cormun/servlet/prfichaempleado?065af1a3a391c166b7c424f150a72256,,MD,,gxPopupLevel%3D0%3B,gx-no-cache=1679321528650 HTTP/1.1" 200 3539
190.171.143.82 - - [20/Mar/2023:11:27:33 -0300] "POST /cormun/servlet/hlogin?358e5aa4722e4ece63b85efce2652323,gx-no-cache=1679321530561 HTTP/1.1" 200 449
181.212.42.153 - - [20/Mar/2023:11:27:33 -0300] "POST /cormun/servlet/solicitudot?gx-no-cache=1679321531692 HTTP/1.1" 200 1469
200.54.103.162 - - [20/Mar/2023:11:27:33 -0300] "GET /cormun/servlet/permisogoce?b4dc01e10837de2eaf12d7f0eb3cd9eceacedd7dcb3bf191f7df5a46c7f90ea42a60a53455e7aaa9058ccdddc1edfed3094055d5b8b8f2bacb87647ff3916b8cf17b1794cdf4e1219d856ecfaff02ac574236c44387cd6fac9e922c7d1c3861186d2237b48559834d1c784e0408c99b8f17b1794cdf4e1219d856ecfaff02ac574236c44387cd6fac9e922c7d1c38611094055d5b8b8f2bacb87647ff3916b8cfb2417da9b688ae78996040e22b7d9bba1aec22ad6193256977fb89e0d6e484c83b2990e41d248307f8fec17e38ac7e4cbb84865ea0af76dfb66c120d504c93a,gx-no-cache=1679321530736 HTTP/1.1" 200 73
181.212.42.153 - - [20/Mar/2023:11:27:34 -0300] "GET /cormun/servlet/prlicenciaspermisos?9742137,L,,MD,,gxPopupLevel%3D0%3B HTTP/1.1" 200 5897
190.171.143.82 - - [20/Mar/2023:11:27:36 -0300] "POST /cormun/servlet/hlogin?358e5aa4722e4ece63b85efce2652323,gx-no-cache=1679321534081 HTTP/1.1" 200 449
181.212.42.153 - - [20/Mar/2023:11:27:39 -0300] "POST /cormun/servlet/solicitudot?gx-no-cache=1679321537818 HTTP/1.1" 200 41
181.212.42.153 - - [20/Mar/2023:11:27:39 -0300] "GET /cormun/servlet/solicitudot?f3a1ddd0cde3bafb08640e5a14e16e0d29e2582724b32038abb99c071646cd815c8ab8b05c7a12134a0341b7eb24e018a1cc02c3df7170ce6f53d4f26731990c7150c43d924bfac64e77ab8fd1d2e40afa9dfcad5366c4b1b65fe8837db3e68703c05b75b9038c3db51fb58561abcdf3,gx-no-cache=1679321537838 HTTP/1.1" 200 110
181.212.42.153 - - [20/Mar/2023:11:27:39 -0300] "POST /cormun/servlet/solicitudot?gx-no-cache=1679321537858 HTTP/1.1" 200 97
181.212.42.153 - - [20/Mar/2023:11:27:42 -0300] "GET /cormun/static/menuarrow.gif HTTP/1.1" 404 1015
181.212.42.153 - - [20/Mar/2023:11:27:49 -0300] "GET /cormun/servlet/solicitudot?f3a1ddd0cde3bafb08640e5a14e16e0d03e60e2dc553fec70c8de9f675d6cea9c54c6f896932f99983b0633ed7f8da6f,gx-no-cache=1679321547416 HTTP/1.1" 200 30
181.212.42.153 - - [20/Mar/2023:11:27:49 -0300] "POST /cormun/servlet/solicitudot?gx-no-cache=1679321547435 HTTP/1.1" 200 107
190.171.142.42 - - [20/Mar/2023:11:27:55 -0300] "POST /cormun/servlet/solicitudot?gx-no-cache=1679321550770 HTTP/1.1" 200 30
190.171.142.42 - - [20/Mar/2023:11:28:05 -0300] "POST /cormun/servlet/solicitudot?gx-no-cache=1679321562275 HTTP/1.1" 200 30
190.171.143.82 - - [20/Mar/2023:11:28:09 -0300] "GET /cormun/servlet/trpermisosgoce HTTP/1.1" 200 6018
190.171.143.82 - - [20/Mar/2023:11:28:15 -0300] "GET /cormun/servlet/trpermisosgoce HTTP/1.1" 200 6028
190.171.143.82 - - [20/Mar/2023:11:28:15 -0300] "GET /cormun/servlet/hlogin HTTP/1.1" 200 1743
190.171.143.82 - - [20/Mar/2023:11:28:15 -0300] "GET /cormun/servlet/trpermisosgoce HTTP/1.1" 200 6028
181.212.42.153 - - [20/Mar/2023:11:28:48 -0300] "GET /cormun/servlet/prlicenciaspermisos?9742137,L,,MD,,gxPopupLevel%3D0%3B HTTP/1.1" 200 5897
181.212.42.153 - - [20/Mar/2023:11:28:52 -0300] "GET /cormun/servlet/solicitudot?f3a1ddd0cde3bafb08640e5a14e16e0d29e2582724b32038abb99c071646cd815c8ab8b05c7a12134a0341b7eb24e018a1cc02c3df7170ce6f53d4f26731990c7150c43d924bfac64e77ab8fd1d2e40afa9dfcad5366c4b1b65fe8837db3e68703c05b75b9038c3db51fb58561abcdf3,gx-no-cache=1679321610616 HTTP/1.1" 200 110
181.212.42.153 - - [20/Mar/2023:11:28:54 -0300] "GET /cormun/servlet/solicitudot?f3a1ddd0cde3bafb08640e5a14e16e0d29e2582724b32038abb99c071646cd815c8ab8b05c7a12134a0341b7eb24e018a1cc02c3df7170ce6f53d4f26731990c7150c43d924bfac64e77ab8fd1d2e40afa9dfcad5366c4b1b65fe8837db3e68703c05b75b9038c3db51fb58561abcdf3,gx-no-cache=1679321613003 HTTP/1.1" 200 110
199.195.248.153 - - [20/Mar/2023:11:28:56 -0300] "CONNECT google.com:443 HTTP/1.1" 400 -
190.171.142.42 - - [20/Mar/2023:11:28:57 -0300] "POST /cormun/servlet/solicitudot?gx-no-cache=1679321613640 HTTP/1.1" 200 30
181.212.42.153 - - [20/Mar/2023:11:28:57 -0300] "POST /cormun/servlet/solicitudot?gx-no-cache=1679321615936 HTTP/1.1" 200 135
181.212.42.153 - - [20/Mar/2023:11:28:57 -0300] "POST /cormun/servlet/solicitudot?065af1a3a391c166b7c424f150a72256,INS,0,0,false,,gx-no-cache=1679321615993 HTTP/1.1" 200 13320
181.212.42.153 - - [20/Mar/2023:11:29:13 -0300] "POST /cormun/servlet/solicitudot?gx-no-cache=1679321631696 HTTP/1.1" 200 30
181.212.42.153 - - [20/Mar/2023:11:29:25 -0300] "POST /cormun/servlet/solicitudot?gx-no-cache=1679321643812 HTTP/1.1" 200 30
190.171.142.42 - - [20/Mar/2023:11:29:39 -0300] "POST /cormun/servlet/solicitudot?gx-no-cache=1679321655454 HTTP/1.1" 200 1468
190.171.142.42 - - [20/Mar/2023:11:29:39 -0300] "POST /cormun/servlet/solicitudot?gx-no-cache=1679321655602 HTTP/1.1" 200 117
190.171.142.42 - - [20/Mar/2023:11:29:39 -0300] "GET /cormun/servlet/solicitudot?a1c032e9fc6f8914c668c96c78b25deb94c04f8bf2a90e6279e1111416ce34f01c847a8abad3f2cbddf9a6f95fef1cf3f974fafaa442a1375d9679d0808fa3c87618390d9ea625be958fcb8fe5b719065e8affdef28004b51dc74e12fc80bdafc945124acc79bd65c8786a4cf3e7170f,gx-no-cache=1679321655633 HTTP/1.1" 200 110
190.171.142.42 - - [20/Mar/2023:11:29:39 -0300] "POST /cormun/servlet/solicitudot?gx-no-cache=1679321655663 HTTP/1.1" 200 97
190.171.142.42 - - [20/Mar/2023:11:29:39 -0300] "GET /cormun/servlet/solicitudot?a1c032e9fc6f8914c668c96c78b25debadffaccfaf019582bb2ac501f9463af3633d3fd4e7bf99672267c7b1f3231c8d88160146e647aaaa56a6897f379f8844a41a60e4c83a825da8aa0ba3a37a2dede26b9afae7d5323063089e38a2dbf19699c24032be739ba140d7c69b1874314c,gx-no-cache=1679321655695 HTTP/1.1" 200 29
200.54.107.2 - - [20/Mar/2023:11:29:54 -0300] "GET /cormun/servlet/solicitudot?bfdd90cd51c203c94c38f34022bca162d2ac2c8a5019bd916e7de13da92dff4358844d05e54f8b202f2f3ee255f534589d59c87e79a3fda3a4fb0524c8bda7a0,gx-no-cache=1679321671866 HTTP/1.1" 200 30
200.54.107.2 - - [20/Mar/2023:11:29:54 -0300] "GET /cormun/servlet/solicitudot?bfdd90cd51c203c94c38f34022bca162ba5928684b35ade8cf12f35c4a5841d3,gx-no-cache=1679321672022 HTTP/1.1" 200 53
200.54.107.2 - - [20/Mar/2023:11:29:58 -0300] "POST /cormun/servlet/solicitudot?0009effc3684cbe37f92db7b91e5e70c,INS,0,0,false,,gx-no-cache=1679321676128 HTTP/1.1" 200 12735
200.54.107.2 - - [20/Mar/2023:11:29:59 -0300] "GET /cormun/static/Shared/jqueryui/images/ui-bg_highlight-soft_100_c6c2c8_1x100.png HTTP/1.1" 404 1117
200.54.107.2 - - [20/Mar/2023:11:29:59 -0300] "GET /cormun/static/Shared/jqueryui/images/ui-icons_82798d_256x240.png HTTP/1.1" 404 1089
200.54.107.2 - - [20/Mar/2023:11:29:59 -0300] "GET /cormun/static/Shared/jqueryui/images/ui-bg_flat_55_fafafa_40x100.png HTTP/1.1" 404 1097
200.54.107.2 - - [20/Mar/2023:11:29:59 -0300] "GET /cormun/static/Shared/jqueryui/images/ui-icons_8d78a5_256x240.png HTTP/1.1" 404 1089
200.54.107.2 - - [20/Mar/2023:11:30:02 -0300] "GET /cormun/servlet/solicitudot?bfdd90cd51c203c94c38f34022bca16259c7ab2325ddc32f2aa313b5e180c8ddb9befbf75c58e5162e1c9df59ddd5729,gx-no-cache=1679321679883 HTTP/1.1" 200 30
200.54.107.2 - - [20/Mar/2023:11:30:02 -0300] "GET /cormun/servlet/solicitudot?bfdd90cd51c203c94c38f34022bca162d2ac2c8a5019bd916e7de13da92dff4358844d05e54f8b202f2f3ee255f534586580bdc6fa6c5ba82e3a3dac52f392ae,gx-no-cache=1679321680033 HTTP/1.1" 200 30
200.54.107.2 - - [20/Mar/2023:11:30:02 -0300] "GET /cormun/servlet/solicitudot?bfdd90cd51c203c94c38f34022bca162f73fdc488e13d713d890167c3d3da5d9eb216a3b61b6d05f249f62a997a10a470a9bd59cf9ba5b3032175d0c3d3e8024,gx-no-cache=1679321680054 HTTP/1.1" 200 53
200.54.107.2 - - [20/Mar/2023:11:30:02 -0300] "POST /cormun/servlet/solicitudot?gx-no-cache=1679321680078 HTTP/1.1" 200 240
200.54.107.2 - - [20/Mar/2023:11:30:02 -0300] "GET /cormun/servlet/solicitudot?bfdd90cd51c203c94c38f34022bca1624f6333b339ed5d26c391e8f7b6d95458cdaf9e14ec52cc4e3bb949427512203eaf061315146765a6404acba71649f48bba281a7d9df749c2e9bc789c45af80633d703f0130a14e6d1403280822f18af899bd3f55d92eea886f404b3f335140fae3c81e01934f0f3d2a3bd43910a49dfae80ce027ec135f3e7083ed6d7aca5565ccd9dc919d1334aee5f756950ee3c8cae7d79b48b530126a5235b7d11fd91003d2b853e39cdd7ea60141a860adfe0e6450fd3333aa5c25fe0da202cc7385d31651fbcf790911417b2025aff2440e5e2d5e81095c0716e0f82d811199f2c089422c7466094eadcd257a61065013ad8e36bd0bdaed098516a66a0f39c5b6981c3872e02d90c85900a75c5b508cf0d12fe80fe2ef3f45fa5e8059f831df71dfb83453dc55874ea4559cb784e42c4e5abc388cb0b32eea43a4305d51b994d0426b6657cc964e9ab23dfde06bf3b54acb26d5e3a90f47dc0016199368d52f0172a1d876f1c2237a6a9f7310051448461a0ca3,gx-no-cache=1679321680106 HTTP/1.1" 200 30
200.54.107.2 - - [20/Mar/2023:11:30:05 -0300] "POST /cormun/servlet/solicitudot?gx-no-cache=1679321682887 HTTP/1.1" 200 30
190.171.153.26 - - [20/Mar/2023:11:30:07 -0300] "POST /cormun/servlet/solicitudot?gx-no-cache=1679321684658 HTTP/1.1" 200 30
190.171.143.82 - - [20/Mar/2023:11:30:08 -0300] "POST /cormun/servlet/hlogin?5e9069bd3fc528881174a4a046362b4d,gx-no-cache=1679321685844 HTTP/1.1" 200 90
190.171.143.82 - - [20/Mar/2023:11:30:08 -0300] "GET /cormun/servlet/hpexe_link HTTP/1.1" 200 955
190.171.143.82 - - [20/Mar/2023:11:30:08 -0300] "GET /cormun/servlet/trpermisosgoce HTTP/1.1" 200 8240
190.171.143.82 - - [20/Mar/2023:11:30:10 -0300] "GET /cormun/servlet/trpermisosgoce HTTP/1.1" 200 8238
190.171.143.82 - - [20/Mar/2023:11:30:13 -0300] "POST /cormun/servlet/trpermisosgoce?5e9069bd3fc528881174a4a046362b4d,gx-no-cache=1679321690895 HTTP/1.1" 200 5325
200.54.107.2 - - [20/Mar/2023:11:30:35 -0300] "GET /cormun/servlet/prlicenciaspermisos?9449907,L,,MD,,gxPopupLevel%3D0%3B HTTP/1.1" 200 6444
