186.103.157.98 - - [20/Mar/2023:13:32:04 -0300] "GET /cormun/servlet/trsolicitudadjuntos?2023,19709, HTTP/1.1" 200 9505
186.103.157.98 - - [20/Mar/2023:13:32:05 -0300] "GET /cormun/servlet/trsolicitudadjuntos?2023,19709, HTTP/1.1" 200 9502
190.171.153.26 - - [20/Mar/2023:13:32:12 -0300] "GET /cormun/servlet/trpermisosgoce HTTP/1.1" 200 8493
190.171.153.26 - - [20/Mar/2023:13:32:13 -0300] "GET /cormun/servlet/permisogoce?INS,0,,, HTTP/1.1" 200 6831
190.171.153.26 - - [20/Mar/2023:13:32:14 -0300] "GET /cormun/servlet/permisogoce?INS,0,,, HTTP/1.1" 200 6830
190.171.153.26 - - [20/Mar/2023:13:32:26 -0300] "POST /cormun/servlet/permisogoce?c6bda1310383ebe40e6f0de38285efaa,INS,0,,,,gx-no-cache=1679329023732 HTTP/1.1" 200 93
190.171.153.26 - - [20/Mar/2023:13:32:26 -0300] "GET /cormun/servlet/hpexe_return? HTTP/1.1" 200 1016
190.171.153.26 - - [20/Mar/2023:13:32:28 -0300] "GET /cormun/servlet/trpermisosgoce HTTP/1.1" 200 8493
190.171.153.26 - - [20/Mar/2023:13:32:29 -0300] "GET /cormun/servlet/trpermisosgoce HTTP/1.1" 200 8489
190.171.153.26 - - [20/Mar/2023:13:32:36 -0300] "GET /cormun/servlet/trsolicitudot? HTTP/1.1" 200 8491
190.171.153.26 - - [20/Mar/2023:13:32:36 -0300] "GET /cormun/servlet/trsolicitudot? HTTP/1.1" 200 8490
186.103.157.98 - - [20/Mar/2023:13:35:17 -0300] "GET /cormun/servlet/solicitudotadjuntos?INS,2023,19709,,1, HTTP/1.1" 200 6319
186.103.157.98 - - [20/Mar/2023:13:35:17 -0300] "GET /cormun/static/about:blank HTTP/1.1" 404 1011
186.103.157.98 - - [20/Mar/2023:13:35:17 -0300] "GET /cormun/servlet/solicitudotadjuntos?INS,2023,19709,,1, HTTP/1.1" 200 6313
186.103.157.98 - - [20/Mar/2023:13:35:17 -0300] "GET /cormun/servlet/solicitudotadjuntos?8c4c13bcfb81c4f7dca3ee7d57fe2394adcfa78616a4bd799f307831f6eab7c699a3e205a7ebab6b34aa66c54de56fef,gx-no-cache=1679329196622 HTTP/1.1" 200 30
186.103.157.98 - - [20/Mar/2023:13:35:17 -0300] "POST /cormun/servlet/solicitudotadjuntos?6b598232b0322ade4d855a9aa2ceb5b5,INS,2023,19709,,1,,gx-no-cache=1679329196637 HTTP/1.1" 200 4155
186.103.157.98 - - [20/Mar/2023:13:35:20 -0300] "POST /cormun/servlet/solicitudotadjuntos?gx-no-cache=1679329199060 HTTP/1.1" 200 26
186.103.157.98 - - [20/Mar/2023:13:35:26 -0300] "GET /cormun/servlet/solicitudotadjuntos?8c4c13bcfb81c4f7dca3ee7d57fe2394be2a0b44101bea4afb461d454f63e12a,gx-no-cache=1679329205201 HTTP/1.1" 200 30
186.103.157.98 - - [20/Mar/2023:13:35:26 -0300] "GET /cormun/servlet/solicitudotadjuntos?8c4c13bcfb81c4f7dca3ee7d57fe2394be2a0b44101bea4afb461d454f63e12a,gx-no-cache=1679329205215 HTTP/1.1" 200 30
186.103.157.98 - - [20/Mar/2023:13:35:26 -0300] "POST /cormun/servlet/solicitudotadjuntos?6b598232b0322ade4d855a9aa2ceb5b5,INS,2023,19709,,1, HTTP/1.1" 200 116
186.103.157.98 - - [20/Mar/2023:13:35:26 -0300] "GET /cormun/servlet/hpexe_return? HTTP/1.1" 200 1030
186.103.157.98 - - [20/Mar/2023:13:35:27 -0300] "GET /cormun/servlet/trsolicitudadjuntos?2023,19709, HTTP/1.1" 200 9812
186.103.157.98 - - [20/Mar/2023:13:35:27 -0300] "GET /cormun/servlet/trsolicitudadjuntos?2023,19709, HTTP/1.1" 200 9808
186.103.157.98 - - [20/Mar/2023:13:35:30 -0300] "GET /cormun/servlet/solicitudotadjuntos?INS,2023,19709,,1, HTTP/1.1" 200 6321
186.103.157.98 - - [20/Mar/2023:13:35:30 -0300] "GET /cormun/static/about:blank HTTP/1.1" 404 1011
186.103.157.98 - - [20/Mar/2023:13:35:30 -0300] "GET /cormun/servlet/solicitudotadjuntos?INS,2023,19709,,1, HTTP/1.1" 200 6315
186.103.157.98 - - [20/Mar/2023:13:35:30 -0300] "GET /cormun/servlet/solicitudotadjuntos?8c4c13bcfb81c4f7dca3ee7d57fe2394adcfa78616a4bd799f307831f6eab7c699a3e205a7ebab6b34aa66c54de56fef,gx-no-cache=1679329209451 HTTP/1.1" 200 30
186.103.157.98 - - [20/Mar/2023:13:35:30 -0300] "POST /cormun/servlet/solicitudotadjuntos?6b598232b0322ade4d855a9aa2ceb5b5,INS,2023,19709,,1,,gx-no-cache=1679329209487 HTTP/1.1" 200 4156
186.103.157.98 - - [20/Mar/2023:13:35:35 -0300] "POST /cormun/servlet/solicitudotadjuntos?gx-no-cache=1679329214570 HTTP/1.1" 200 26
186.103.157.98 - - [20/Mar/2023:13:35:42 -0300] "GET /cormun/servlet/solicitudotadjuntos?8c4c13bcfb81c4f7dca3ee7d57fe2394be2a0b44101bea4afb461d454f63e12a,gx-no-cache=1679329221553 HTTP/1.1" 200 30
186.103.157.98 - - [20/Mar/2023:13:35:42 -0300] "GET /cormun/servlet/solicitudotadjuntos?8c4c13bcfb81c4f7dca3ee7d57fe2394be2a0b44101bea4afb461d454f63e12a,gx-no-cache=1679329221567 HTTP/1.1" 200 30
186.103.157.98 - - [20/Mar/2023:13:35:42 -0300] "POST /cormun/servlet/solicitudotadjuntos?6b598232b0322ade4d855a9aa2ceb5b5,INS,2023,19709,,1, HTTP/1.1" 200 116
186.103.157.98 - - [20/Mar/2023:13:35:42 -0300] "GET /cormun/servlet/hpexe_return? HTTP/1.1" 200 1030
186.103.157.98 - - [20/Mar/2023:13:35:43 -0300] "GET /cormun/servlet/trsolicitudadjuntos?2023,19709, HTTP/1.1" 200 10050
186.103.157.98 - - [20/Mar/2023:13:35:43 -0300] "GET /cormun/servlet/trsolicitudadjuntos?2023,19709, HTTP/1.1" 200 10048
186.103.157.98 - - [20/Mar/2023:13:35:47 -0300] "GET /cormun/servlet/solicitudotadjuntos?INS,2023,19709,,1, HTTP/1.1" 200 6321
186.103.157.98 - - [20/Mar/2023:13:35:47 -0300] "GET /cormun/static/about:blank HTTP/1.1" 404 1011
186.103.157.98 - - [20/Mar/2023:13:35:47 -0300] "GET /cormun/servlet/solicitudotadjuntos?INS,2023,19709,,1, HTTP/1.1" 200 6315
186.103.157.98 - - [20/Mar/2023:13:35:47 -0300] "GET /cormun/servlet/solicitudotadjuntos?8c4c13bcfb81c4f7dca3ee7d57fe2394adcfa78616a4bd799f307831f6eab7c699a3e205a7ebab6b34aa66c54de56fef,gx-no-cache=1679329226567 HTTP/1.1" 200 30
186.103.157.98 - - [20/Mar/2023:13:35:47 -0300] "POST /cormun/servlet/solicitudotadjuntos?6b598232b0322ade4d855a9aa2ceb5b5,INS,2023,19709,,1,,gx-no-cache=1679329226582 HTTP/1.1" 200 4156
186.103.157.98 - - [20/Mar/2023:13:35:49 -0300] "POST /cormun/servlet/solicitudotadjuntos?gx-no-cache=1679329228532 HTTP/1.1" 200 26
186.103.157.98 - - [20/Mar/2023:13:35:57 -0300] "GET /cormun/servlet/solicitudotadjuntos?8c4c13bcfb81c4f7dca3ee7d57fe2394be2a0b44101bea4afb461d454f63e12a,gx-no-cache=1679329236475 HTTP/1.1" 200 30
186.103.157.98 - - [20/Mar/2023:13:35:57 -0300] "GET /cormun/servlet/solicitudotadjuntos?8c4c13bcfb81c4f7dca3ee7d57fe2394be2a0b44101bea4afb461d454f63e12a,gx-no-cache=1679329236488 HTTP/1.1" 200 30
186.103.157.98 - - [20/Mar/2023:13:35:58 -0300] "POST /cormun/servlet/solicitudotadjuntos?6b598232b0322ade4d855a9aa2ceb5b5,INS,2023,19709,,1, HTTP/1.1" 200 116
186.103.157.98 - - [20/Mar/2023:13:35:58 -0300] "GET /cormun/servlet/hpexe_return? HTTP/1.1" 200 1030
186.103.157.98 - - [20/Mar/2023:13:35:58 -0300] "GET /cormun/servlet/trsolicitudadjuntos?2023,19709, HTTP/1.1" 200 10339
186.103.157.98 - - [20/Mar/2023:13:35:58 -0300] "GET /cormun/servlet/trsolicitudadjuntos?2023,19709, HTTP/1.1" 200 10335
186.103.157.98 - - [20/Mar/2023:13:36:57 -0300] "GET /cormun/servlet/solicitudotadjuntos?INS,2023,19709,,1, HTTP/1.1" 200 6320
186.103.157.98 - - [20/Mar/2023:13:36:57 -0300] "GET /cormun/static/about:blank HTTP/1.1" 404 1011
186.103.157.98 - - [20/Mar/2023:13:36:57 -0300] "GET /cormun/servlet/solicitudotadjuntos?INS,2023,19709,,1, HTTP/1.1" 200 6314
186.103.157.98 - - [20/Mar/2023:13:36:58 -0300] "GET /cormun/servlet/solicitudotadjuntos?8c4c13bcfb81c4f7dca3ee7d57fe2394adcfa78616a4bd799f307831f6eab7c699a3e205a7ebab6b34aa66c54de56fef,gx-no-cache=1679329296948 HTTP/1.1" 200 30
186.103.157.98 - - [20/Mar/2023:13:36:58 -0300] "POST /cormun/servlet/solicitudotadjuntos?6b598232b0322ade4d855a9aa2ceb5b5,INS,2023,19709,,1,,gx-no-cache=1679329296964 HTTP/1.1" 200 4156
186.103.157.98 - - [20/Mar/2023:13:37:00 -0300] "POST /cormun/servlet/solicitudotadjuntos?gx-no-cache=1679329298954 HTTP/1.1" 200 26
190.171.149.74 - - [20/Mar/2023:13:37:01 -0300] "GET /cormun/servlet/hlogin HTTP/1.1" 200 1725
186.103.157.98 - - [20/Mar/2023:13:37:09 -0300] "GET /cormun/servlet/solicitudotadjuntos?8c4c13bcfb81c4f7dca3ee7d57fe2394be2a0b44101bea4afb461d454f63e12a,gx-no-cache=1679329308651 HTTP/1.1" 200 30
186.103.157.98 - - [20/Mar/2023:13:37:09 -0300] "GET /cormun/servlet/solicitudotadjuntos?8c4c13bcfb81c4f7dca3ee7d57fe2394be2a0b44101bea4afb461d454f63e12a,gx-no-cache=1679329308664 HTTP/1.1" 200 30
186.103.157.98 - - [20/Mar/2023:13:37:09 -0300] "POST /cormun/servlet/solicitudotadjuntos?6b598232b0322ade4d855a9aa2ceb5b5,INS,2023,19709,,1, HTTP/1.1" 200 116
186.103.157.98 - - [20/Mar/2023:13:37:09 -0300] "GET /cormun/servlet/hpexe_return? HTTP/1.1" 200 1030
186.103.157.98 - - [20/Mar/2023:13:37:10 -0300] "GET /cormun/servlet/trsolicitudadjuntos?2023,19709, HTTP/1.1" 200 10504
190.171.149.74 - - [20/Mar/2023:13:37:10 -0300] "POST /cormun/servlet/hlogin?c92b11ecdc0c802f8484a864951fa7cd,gx-no-cache=1679333024089 HTTP/1.1" 200 90
190.171.149.74 - - [20/Mar/2023:13:37:10 -0300] "GET /cormun/servlet/hpexe_link HTTP/1.1" 200 952
186.103.157.98 - - [20/Mar/2023:13:37:10 -0300] "GET /cormun/servlet/trsolicitudadjuntos?2023,19709, HTTP/1.1" 200 10505
190.171.149.74 - - [20/Mar/2023:13:37:10 -0300] "GET /cormun/servlet/hhome HTTP/1.1" 200 3978
190.171.149.74 - - [20/Mar/2023:13:37:11 -0300] "GET /cormun/servlet/hhome HTTP/1.1" 200 3974
186.103.157.98 - - [20/Mar/2023:13:37:16 -0300] "GET /cormun/servlet/trsolicitudot? HTTP/1.1" 200 8886
186.103.157.98 - - [20/Mar/2023:13:37:16 -0300] "GET /cormun/servlet/trsolicitudot? HTTP/1.1" 200 8879
186.103.157.98 - - [20/Mar/2023:13:37:22 -0300] "POST /cormun/servlet/trsolicitudot?6b598232b0322ade4d855a9aa2ceb5b5,,gx-no-cache=1679329321583 HTTP/1.1" 200 4870
186.103.157.98 - - [20/Mar/2023:13:37:22 -0300] "GET /cormun/static/Shared/jqueryui/images/ui-bg_highlight-soft_100_c6c2c8_1x100.png HTTP/1.1" 404 1117
186.103.157.98 - - [20/Mar/2023:13:37:22 -0300] "GET /cormun/static/Shared/jqueryui/images/ui-bg_flat_55_fafafa_40x100.png HTTP/1.1" 404 1097
186.103.157.98 - - [20/Mar/2023:13:37:22 -0300] "GET /cormun/static/Shared/jqueryui/images/ui-icons_8d78a5_256x240.png HTTP/1.1" 404 1089
186.103.157.98 - - [20/Mar/2023:13:37:22 -0300] "GET /cormun/static/Shared/jqueryui/images/ui-icons_82798d_256x240.png HTTP/1.1" 404 1089
186.103.157.98 - - [20/Mar/2023:13:37:23 -0300] "POST /cormun/servlet/trsolicitudot?6b598232b0322ade4d855a9aa2ceb5b5,,gx-no-cache=1679329321743 HTTP/1.1" 200 4634
190.171.149.74 - - [20/Mar/2023:13:37:25 -0300] "GET /cormun/servlet/trpermisosgoce? HTTP/1.1" 200 8489
190.171.149.74 - - [20/Mar/2023:13:37:25 -0300] "GET /cormun/servlet/trpermisosgoce? HTTP/1.1" 200 8487
190.171.149.74 - - [20/Mar/2023:13:37:27 -0300] "GET /cormun/servlet/permisogoce?INS,0,,, HTTP/1.1" 200 6841
190.171.149.74 - - [20/Mar/2023:13:37:28 -0300] "GET /cormun/servlet/permisogoce?INS,0,,, HTTP/1.1" 200 6841
186.103.157.98 - - [20/Mar/2023:13:38:21 -0300] "GET /cormun/servlet/solicitudot?INS,0,0,false, HTTP/1.1" 200 16131
186.103.157.98 - - [20/Mar/2023:13:38:21 -0300] "GET /cormun/servlet/solicitudot?INS,0,0,false, HTTP/1.1" 200 16138
190.171.149.74 - - [20/Mar/2023:13:38:36 -0300] "GET /cormun/servlet/permisogoce?565617db0701fb9818c0f7e2be83efee8d6e90d017b9261f31082ec600f6cc701b362c1b455a3c7cacc02245319730fbdb04245a06d1ebaa210e71d092eb5aef,gx-no-cache=1679333109535 HTTP/1.1" 200 76
190.171.149.74 - - [20/Mar/2023:13:38:37 -0300] "GET /cormun/static/menuarrow.gif HTTP/1.1" 404 1015
190.171.149.74 - - [20/Mar/2023:13:38:43 -0300] "GET /cormun/servlet/permisogoce?565617db0701fb9818c0f7e2be83efee2ae7c7ce3076c3f7d2b4d499cc789eca6d9c6a11ddeb471222ba25882534c52d6877e44472a6cda076216b1d3d875dda,gx-no-cache=1679333116985 HTTP/1.1" 200 47
190.171.149.74 - - [20/Mar/2023:13:38:57 -0300] "POST /cormun/servlet/permisogoce?c92b11ecdc0c802f8484a864951fa7cd,INS,0,,,,gx-no-cache=1679333130649 HTTP/1.1" 200 93
190.171.149.74 - - [20/Mar/2023:13:38:57 -0300] "GET /cormun/servlet/hpexe_return? HTTP/1.1" 200 1009
190.171.149.74 - - [20/Mar/2023:13:38:57 -0300] "GET /cormun/servlet/trpermisosgoce HTTP/1.1" 200 8736
190.171.149.74 - - [20/Mar/2023:13:38:58 -0300] "GET /cormun/servlet/trpermisosgoce HTTP/1.1" 200 8732
190.171.149.74 - - [20/Mar/2023:13:39:02 -0300] "GET /cormun/servlet/apermisogoceprn?15126301,P,20230320132208,PU HTTP/1.1" 200 1654
186.103.157.98 - - [20/Mar/2023:13:40:02 -0300] "GET /cormun/servlet/hlogin HTTP/1.1" 200 1752
200.54.103.162 - - [20/Mar/2023:13:41:17 -0300] "GET /cormun/servlet/trlicencias? HTTP/1.1" 200 8380
200.54.103.162 - - [20/Mar/2023:13:41:17 -0300] "GET /cormun/servlet/hlogin HTTP/1.1" 200 1744
200.54.103.162 - - [20/Mar/2023:13:41:18 -0300] "GET /cormun/servlet/trlicencias? HTTP/1.1" 200 8392
200.54.103.162 - - [20/Mar/2023:13:41:18 -0300] "GET /favicon.ico HTTP/1.1" 200 21630
200.54.103.162 - - [20/Mar/2023:13:41:20 -0300] "POST /cormun/servlet/hlogin?4c7682c6fd7271f7a1b081dc165ca21e,gx-no-cache=1679329647394 HTTP/1.1" 200 90
200.54.103.162 - - [20/Mar/2023:13:41:20 -0300] "GET /cormun/servlet/hpexe_link HTTP/1.1" 200 959
200.54.103.162 - - [20/Mar/2023:13:41:20 -0300] "GET /cormun/servlet/trlicencias HTTP/1.1" 200 11005
200.54.103.162 - - [20/Mar/2023:13:41:21 -0300] "GET /cormun/servlet/trlicencias HTTP/1.1" 200 11003
190.171.149.74 - - [20/Mar/2023:13:41:24 -0300] "GET /cormun/servlet/apermisogoceprn?13720244,P,20230310130131,PU HTTP/1.1" 200 1650
186.103.157.98 - - [20/Mar/2023:13:43:00 -0300] "POST /cormun/servlet/hlogin?6b598232b0322ade4d855a9aa2ceb5b5,gx-no-cache=1679329659372 HTTP/1.1" 200 90
186.103.157.98 - - [20/Mar/2023:13:43:00 -0300] "GET /cormun/servlet/hpexe_link HTTP/1.1" 200 971
186.103.157.98 - - [20/Mar/2023:13:43:00 -0300] "GET /cormun/servlet/solicitudot?INS,0,0,false, HTTP/1.1" 200 16136
186.103.157.98 - - [20/Mar/2023:13:43:01 -0300] "GET /cormun/servlet/solicitudot?INS,0,0,false, HTTP/1.1" 200 16141
186.103.157.98 - - [20/Mar/2023:13:44:31 -0300] "POST /cormun/servlet/solicitudot?gx-no-cache=1679329749794 HTTP/1.1" 200 4053
186.103.157.98 - - [20/Mar/2023:13:44:31 -0300] "POST /cormun/servlet/solicitudot?6b598232b0322ade4d855a9aa2ceb5b5,INS,0,0,false,,gx-no-cache=1679329749944 HTTP/1.1" 200 12891
186.103.157.98 - - [20/Mar/2023:13:44:43 -0300] "GET /cormun/servlet/solicitudot?8c4c13bcfb81c4f7dca3ee7d57fe2394bdea8bc96a94557d95edb868b442695928bebfb91aa206e0327d5a3ca9aa0210,gx-no-cache=1679329762148 HTTP/1.1" 200 30
186.103.157.98 - - [20/Mar/2023:13:46:40 -0300] "GET /cormun/servlet/solicitudot?8c4c13bcfb81c4f7dca3ee7d57fe2394a61e217415e8141ad9b337d15c7a668a50e3935066c07664d1d7ef925911679fbb23fffb0b80cec43dd566989e248083,gx-no-cache=1679329879134 HTTP/1.1" 200 30
186.103.157.98 - - [20/Mar/2023:13:46:40 -0300] "GET /cormun/servlet/solicitudot?8c4c13bcfb81c4f7dca3ee7d57fe23943f49fcba5d434ea8d428445a5b77fed4,gx-no-cache=1679329879166 HTTP/1.1" 200 53
186.103.157.98 - - [20/Mar/2023:13:46:40 -0300] "POST /cormun/servlet/solicitudot?gx-no-cache=1679329879193 HTTP/1.1" 200 255
186.103.157.98 - - [20/Mar/2023:13:46:40 -0300] "GET /cormun/servlet/solicitudot?8c4c13bcfb81c4f7dca3ee7d57fe239447ff0bf497455ac1cb5540bd231d75d1d613f216c58eb4dcc53377dd77c808ee98246a6a4b0ed7f9f9e17a0b8d760240d86c479fa11dc716fbb76a3c8dc285ed03288c70820cfbb16c90baeda5b3927dc5121509ae0a76c5f368c9db096e901ace7a09a04e404e52e4e3f0ae72172bdf5de55da4d1cca43fa4c5361c23dc61dce1ed1e1dcdb32e3b9b30c527884bc4ccc21512134b3549ae36bda0f1a54fe8cdc5c27e8dc97e76dbd6b5aa0b4be8c1c3ff64f8033a21ff3b9924f7c1bbaefafff11950bbddb538f455028f6e33e07a547ab29afb6d2274cea1f9343a2f06dd5fb03a8355fd31bbd7ce5c03ef75b116d9d42de157cd3bb3152cf7a87af127725867ff64709554d193c33914a8136eca7aca1d70f6dd9d487dc0d37d9b9a0b482e3a3e0150e3c6b63865901a5fe0b3778bc12219b3dae5f676aea2209471040fe1e03589fea111af55909ad4ecabc9530fbefcccf3cb9634be49eb48e3a004377ff50bf47eece5d396e52b62598af3a088,gx-no-cache=1679329879222 HTTP/1.1" 200 30
186.103.157.98 - - [20/Mar/2023:13:46:41 -0300] "POST /cormun/servlet/solicitudot?gx-no-cache=1679329880150 HTTP/1.1" 200 30
186.103.157.98 - - [20/Mar/2023:13:46:43 -0300] "POST /cormun/servlet/solicitudot?gx-no-cache=1679329882581 HTTP/1.1" 200 1467
186.103.157.98 - - [20/Mar/2023:13:46:43 -0300] "POST /cormun/servlet/solicitudot?gx-no-cache=1679329882618 HTTP/1.1" 200 38
186.103.157.98 - - [20/Mar/2023:13:46:43 -0300] "GET /cormun/servlet/solicitudot?8c4c13bcfb81c4f7dca3ee7d57fe239416dea31d50d6ee9fa32b369b52cfe41e28423648bebc0d9ba41efa46bff9205b891ab9129d856282f66d6fa5e1a9a2d294e8184e2fea3d716eb4c18ad1be10e0866b2d26f4609370cd9e9abfb9329dc0c33f786c3d197fefa0953385d21cada6,gx-no-cache=1679329882640 HTTP/1.1" 200 110
186.103.157.98 - - [20/Mar/2023:13:46:47 -0300] "POST /cormun/servlet/solicitudot?gx-no-cache=1679329886603 HTTP/1.1" 200 97
192.168.10.17 - - [20/Mar/2023:13:47:45 -0300] "GET /cormun/servlet/hlogin HTTP/1.1" 200 1731
186.103.157.98 - - [20/Mar/2023:13:48:26 -0300] "GET /cormun/servlet/solicitudot?8c4c13bcfb81c4f7dca3ee7d57fe239493920e0e57982eb58a4b4bef78c1821a61593edb3ddf57f5a35a999d7c10986c0cba098dec49a3e20913f6a0ad2ae070258ce6b19b60702d48a9b07d017de4d1c7be5f509c242bb6898779a8f9d6aa9d51bf14a48acf31ebfc5c3657e236f3ef8fe3945ec104801fe31728573e5f9bc59001b6637123bd7fd84156f85e7d70f53437d47823bb0d323f50a34c0ab5b538,gx-no-cache=1679329985169 HTTP/1.1" 200 29
186.103.157.98 - - [20/Mar/2023:13:48:28 -0300] "GET /cormun/static/menuarrow.gif HTTP/1.1" 404 1015
186.103.157.98 - - [20/Mar/2023:13:48:30 -0300] "GET /cormun/servlet/solicitudot?8c4c13bcfb81c4f7dca3ee7d57fe23941e33235a55f28480dcecd03530c9d35f74cc2446988c7f1725c00c1ad206f9d0,gx-no-cache=1679329989812 HTTP/1.1" 200 30
186.103.157.98 - - [20/Mar/2023:13:48:39 -0300] "POST /cormun/servlet/solicitudot?gx-no-cache=1679329997997 HTTP/1.1" 200 30
186.103.157.98 - - [20/Mar/2023:13:48:47 -0300] "POST /cormun/servlet/solicitudot?gx-no-cache=1679330005877 HTTP/1.1" 200 30
192.168.10.17 - - [20/Mar/2023:13:48:51 -0300] "POST /cormun/servlet/hlogin?0ec73a0cf5206bd8c64102f42e66906a,gx-no-cache=1679330011900 HTTP/1.1" 200 90
192.168.10.17 - - [20/Mar/2023:13:48:51 -0300] "GET /cormun/servlet/hpexe_link HTTP/1.1" 200 954
192.168.10.17 - - [20/Mar/2023:13:48:51 -0300] "GET /cormun/servlet/hhome HTTP/1.1" 200 3791
192.168.10.17 - - [20/Mar/2023:13:48:51 -0300] "GET /cormun/servlet/hhome HTTP/1.1" 200 3788
186.103.157.98 - - [20/Mar/2023:13:48:52 -0300] "POST /cormun/servlet/solicitudot?6b598232b0322ade4d855a9aa2ceb5b5,INS,0,0,false,,gx-no-cache=1679330011217 HTTP/1.1" 200 93
186.103.157.98 - - [20/Mar/2023:13:48:52 -0300] "GET /cormun/servlet/hpexe_return? HTTP/1.1" 200 1013
186.103.157.98 - - [20/Mar/2023:13:48:52 -0300] "GET /cormun/servlet/trsolicitudot? HTTP/1.1" 200 8880
186.103.157.98 - - [20/Mar/2023:13:48:53 -0300] "GET /cormun/servlet/trsolicitudot? HTTP/1.1" 200 8876
192.168.10.17 - - [20/Mar/2023:13:48:55 -0300] "GET /cormun/servlet/trsolicitudgral? HTTP/1.1" 200 28332
200.54.237.82 - - [20/Mar/2023:13:48:55 -0300] "GET /cormun/servlet/hlogin HTTP/1.1" 200 1729
192.168.10.17 - - [20/Mar/2023:13:48:56 -0300] "GET /cormun/servlet/trsolicitudgral? HTTP/1.1" 200 28331
200.54.237.82 - - [20/Mar/2023:13:48:59 -0300] "POST /cormun/servlet/hlogin?77c61f4a4e861a6eacdd1dd6ae4de45d,gx-no-cache=1679330015978 HTTP/1.1" 200 90
200.54.237.82 - - [20/Mar/2023:13:48:59 -0300] "GET /cormun/servlet/hpexe_link HTTP/1.1" 200 953
200.54.237.82 - - [20/Mar/2023:13:48:59 -0300] "GET /cormun/servlet/hhome HTTP/1.1" 200 4336
200.54.237.82 - - [20/Mar/2023:13:48:59 -0300] "GET /cormun/servlet/hhome HTTP/1.1" 200 4332
186.103.157.98 - - [20/Mar/2023:13:49:00 -0300] "POST /cormun/servlet/trsolicitudot?6b598232b0322ade4d855a9aa2ceb5b5,,gx-no-cache=1679330019052 HTTP/1.1" 200 107
186.103.157.98 - - [20/Mar/2023:13:49:00 -0300] "GET /cormun/servlet/trsolicitudadjuntos?2023,19710, HTTP/1.1" 200 6373
186.103.157.98 - - [20/Mar/2023:13:49:00 -0300] "GET /cormun/servlet/trsolicitudadjuntos?2023,19710, HTTP/1.1" 200 6373
186.103.157.98 - - [20/Mar/2023:13:49:02 -0300] "GET /cormun/servlet/solicitudotadjuntos?INS,2023,19710,,1, HTTP/1.1" 200 6320
186.103.157.98 - - [20/Mar/2023:13:49:02 -0300] "GET /cormun/static/about:blank HTTP/1.1" 404 1011
186.103.157.98 - - [20/Mar/2023:13:49:02 -0300] "GET /cormun/servlet/solicitudotadjuntos?INS,2023,19710,,1, HTTP/1.1" 200 6313
200.54.237.82 - - [20/Mar/2023:13:49:02 -0300] "GET /cormun/servlet/trlicencias? HTTP/1.1" 200 9016
200.54.237.82 - - [20/Mar/2023:13:49:02 -0300] "GET /cormun/servlet/trlicencias? HTTP/1.1" 200 9014
186.103.157.98 - - [20/Mar/2023:13:49:02 -0300] "GET /cormun/servlet/solicitudotadjuntos?8c4c13bcfb81c4f7dca3ee7d57fe239418130a1d5652e684a65058d2ad00993b6197c72430eb6e9f9c903d86c786069f,gx-no-cache=1679330021615 HTTP/1.1" 200 30
186.103.157.98 - - [20/Mar/2023:13:49:02 -0300] "POST /cormun/servlet/solicitudotadjuntos?6b598232b0322ade4d855a9aa2ceb5b5,INS,2023,19710,,1,,gx-no-cache=1679330021631 HTTP/1.1" 200 4192
186.103.157.98 - - [20/Mar/2023:13:49:04 -0300] "POST /cormun/servlet/solicitudotadjuntos?gx-no-cache=1679330023103 HTTP/1.1" 200 26
186.103.157.98 - - [20/Mar/2023:13:49:16 -0300] "POST /cormun/servlet/solicitudotadjuntos?gx-no-cache=1679330035578 HTTP/1.1" 200 26
192.168.10.17 - - [20/Mar/2023:13:49:21 -0300] "POST /cormun/servlet/trsolicitudgral?0ec73a0cf5206bd8c64102f42e66906a,,gx-no-cache=1679330041689 HTTP/1.1" 200 6677
186.103.157.98 - - [20/Mar/2023:13:49:45 -0300] "GET /cormun/servlet/solicitudotadjuntos?8c4c13bcfb81c4f7dca3ee7d57fe2394be2a0b44101bea4afb461d454f63e12a,gx-no-cache=1679330064659 HTTP/1.1" 200 30
186.103.157.98 - - [20/Mar/2023:13:49:45 -0300] "GET /cormun/servlet/solicitudotadjuntos?8c4c13bcfb81c4f7dca3ee7d57fe2394be2a0b44101bea4afb461d454f63e12a,gx-no-cache=1679330064680 HTTP/1.1" 200 30
186.103.157.98 - - [20/Mar/2023:13:49:46 -0300] "POST /cormun/servlet/solicitudotadjuntos?6b598232b0322ade4d855a9aa2ceb5b5,INS,2023,19710,,1, HTTP/1.1" 200 116
186.103.157.98 - - [20/Mar/2023:13:49:46 -0300] "GET /cormun/servlet/hpexe_return? HTTP/1.1" 200 1030
186.103.157.98 - - [20/Mar/2023:13:49:46 -0300] "GET /cormun/servlet/trsolicitudadjuntos?2023,19710, HTTP/1.1" 200 9276
186.103.157.98 - - [20/Mar/2023:13:49:46 -0300] "GET /cormun/servlet/trsolicitudadjuntos?2023,19710, HTTP/1.1" 200 9273
186.103.157.98 - - [20/Mar/2023:13:49:48 -0300] "GET /cormun/servlet/solicitudotadjuntos?INS,2023,19710,,1, HTTP/1.1" 200 6320
186.103.157.98 - - [20/Mar/2023:13:49:48 -0300] "GET /cormun/static/about:blank HTTP/1.1" 404 1011
186.103.157.98 - - [20/Mar/2023:13:49:48 -0300] "GET /cormun/servlet/solicitudotadjuntos?INS,2023,19710,,1, HTTP/1.1" 200 6314
186.103.157.98 - - [20/Mar/2023:13:49:49 -0300] "GET /cormun/servlet/solicitudotadjuntos?8c4c13bcfb81c4f7dca3ee7d57fe239418130a1d5652e684a65058d2ad00993b6197c72430eb6e9f9c903d86c786069f,gx-no-cache=1679330068120 HTTP/1.1" 200 30
186.103.157.98 - - [20/Mar/2023:13:49:49 -0300] "POST /cormun/servlet/solicitudotadjuntos?6b598232b0322ade4d855a9aa2ceb5b5,INS,2023,19710,,1,,gx-no-cache=1679330068137 HTTP/1.1" 200 4193
186.103.157.98 - - [20/Mar/2023:13:49:51 -0300] "POST /cormun/servlet/solicitudotadjuntos?gx-no-cache=1679330069881 HTTP/1.1" 200 26
186.103.157.98 - - [20/Mar/2023:13:49:57 -0300] "GET /cormun/servlet/solicitudotadjuntos?8c4c13bcfb81c4f7dca3ee7d57fe2394be2a0b44101bea4afb461d454f63e12a,gx-no-cache=1679330076003 HTTP/1.1" 200 30
186.103.157.98 - - [20/Mar/2023:13:49:57 -0300] "GET /cormun/servlet/solicitudotadjuntos?8c4c13bcfb81c4f7dca3ee7d57fe2394be2a0b44101bea4afb461d454f63e12a,gx-no-cache=1679330076016 HTTP/1.1" 200 30
186.103.157.98 - - [20/Mar/2023:13:49:57 -0300] "POST /cormun/servlet/solicitudotadjuntos?6b598232b0322ade4d855a9aa2ceb5b5,INS,2023,19710,,1, HTTP/1.1" 200 116
186.103.157.98 - - [20/Mar/2023:13:49:57 -0300] "GET /cormun/servlet/hpexe_return? HTTP/1.1" 200 1030
186.103.157.98 - - [20/Mar/2023:13:49:57 -0300] "GET /cormun/servlet/trsolicitudadjuntos?2023,19710, HTTP/1.1" 200 9551
186.103.157.98 - - [20/Mar/2023:13:49:57 -0300] "GET /cormun/servlet/trsolicitudadjuntos?2023,19710, HTTP/1.1" 200 9550
186.103.157.98 - - [20/Mar/2023:13:49:59 -0300] "GET /cormun/servlet/solicitudotadjuntos?INS,2023,19710,,1, HTTP/1.1" 200 6320
186.103.157.98 - - [20/Mar/2023:13:50:00 -0300] "GET /cormun/static/about:blank HTTP/1.1" 404 1011
186.103.157.98 - - [20/Mar/2023:13:50:00 -0300] "GET /cormun/servlet/solicitudotadjuntos?INS,2023,19710,,1, HTTP/1.1" 200 6314
186.103.157.98 - - [20/Mar/2023:13:50:00 -0300] "GET /cormun/servlet/solicitudotadjuntos?8c4c13bcfb81c4f7dca3ee7d57fe239418130a1d5652e684a65058d2ad00993b6197c72430eb6e9f9c903d86c786069f,gx-no-cache=1679330079422 HTTP/1.1" 200 30
186.103.157.98 - - [20/Mar/2023:13:50:00 -0300] "POST /cormun/servlet/solicitudotadjuntos?6b598232b0322ade4d855a9aa2ceb5b5,INS,2023,19710,,1,,gx-no-cache=1679330079437 HTTP/1.1" 200 4193
186.103.157.98 - - [20/Mar/2023:13:50:04 -0300] "POST /cormun/servlet/solicitudotadjuntos?gx-no-cache=1679330083359 HTTP/1.1" 200 26
186.103.157.98 - - [20/Mar/2023:13:50:55 -0300] "GET /cormun/servlet/solicitudotadjuntos?8c4c13bcfb81c4f7dca3ee7d57fe2394be2a0b44101bea4afb461d454f63e12a,gx-no-cache=1679330133763 HTTP/1.1" 200 30
186.103.157.98 - - [20/Mar/2023:13:50:55 -0300] "GET /cormun/servlet/solicitudotadjuntos?8c4c13bcfb81c4f7dca3ee7d57fe2394be2a0b44101bea4afb461d454f63e12a,gx-no-cache=1679330133926 HTTP/1.1" 200 30
186.103.157.98 - - [20/Mar/2023:13:50:55 -0300] "POST /cormun/servlet/solicitudotadjuntos?6b598232b0322ade4d855a9aa2ceb5b5,INS,2023,19710,,1, HTTP/1.1" 200 116
186.103.157.98 - - [20/Mar/2023:13:50:55 -0300] "GET /cormun/servlet/hpexe_return? HTTP/1.1" 200 1030
186.103.157.98 - - [20/Mar/2023:13:50:55 -0300] "GET /cormun/servlet/trsolicitudadjuntos?2023,19710, HTTP/1.1" 200 9799
186.103.157.98 - - [20/Mar/2023:13:50:55 -0300] "GET /cormun/servlet/trsolicitudadjuntos?2023,19710, HTTP/1.1" 200 9797
186.103.157.98 - - [20/Mar/2023:13:50:59 -0300] "GET /cormun/servlet/solicitudotadjuntos?INS,2023,19710,,1, HTTP/1.1" 200 6318
186.103.157.98 - - [20/Mar/2023:13:50:59 -0300] "GET /cormun/static/about:blank HTTP/1.1" 404 1011
186.103.157.98 - - [20/Mar/2023:13:50:59 -0300] "GET /cormun/servlet/solicitudotadjuntos?INS,2023,19710,,1, HTTP/1.1" 200 6312
186.103.157.98 - - [20/Mar/2023:13:50:59 -0300] "GET /cormun/servlet/solicitudotadjuntos?8c4c13bcfb81c4f7dca3ee7d57fe239418130a1d5652e684a65058d2ad00993b6197c72430eb6e9f9c903d86c786069f,gx-no-cache=1679330138501 HTTP/1.1" 200 30
186.103.157.98 - - [20/Mar/2023:13:50:59 -0300] "POST /cormun/servlet/solicitudotadjuntos?6b598232b0322ade4d855a9aa2ceb5b5,INS,2023,19710,,1,,gx-no-cache=1679330138516 HTTP/1.1" 200 4191
186.103.157.98 - - [20/Mar/2023:13:51:02 -0300] "POST /cormun/servlet/solicitudotadjuntos?gx-no-cache=1679330141016 HTTP/1.1" 200 26
186.103.157.98 - - [20/Mar/2023:13:51:11 -0300] "GET /cormun/servlet/solicitudotadjuntos?8c4c13bcfb81c4f7dca3ee7d57fe2394be2a0b44101bea4afb461d454f63e12a,gx-no-cache=1679330150219 HTTP/1.1" 200 30
186.103.157.98 - - [20/Mar/2023:13:51:11 -0300] "GET /cormun/servlet/solicitudotadjuntos?8c4c13bcfb81c4f7dca3ee7d57fe2394be2a0b44101bea4afb461d454f63e12a,gx-no-cache=1679330150244 HTTP/1.1" 200 30
186.103.157.98 - - [20/Mar/2023:13:51:11 -0300] "POST /cormun/servlet/solicitudotadjuntos?6b598232b0322ade4d855a9aa2ceb5b5,INS,2023,19710,,1, HTTP/1.1" 200 116
186.103.157.98 - - [20/Mar/2023:13:51:11 -0300] "GET /cormun/servlet/hpexe_return? HTTP/1.1" 200 1030
186.103.157.98 - - [20/Mar/2023:13:51:11 -0300] "GET /cormun/servlet/trsolicitudadjuntos?2023,19710, HTTP/1.1" 200 10061
186.103.157.98 - - [20/Mar/2023:13:51:12 -0300] "GET /cormun/servlet/trsolicitudadjuntos?2023,19710, HTTP/1.1" 200 10060
186.103.157.98 - - [20/Mar/2023:13:51:14 -0300] "GET /cormun/servlet/solicitudotadjuntos?INS,2023,19710,,1, HTTP/1.1" 200 6318
186.103.157.98 - - [20/Mar/2023:13:51:14 -0300] "GET /cormun/static/about:blank HTTP/1.1" 404 1011
186.103.157.98 - - [20/Mar/2023:13:51:14 -0300] "GET /cormun/servlet/solicitudotadjuntos?INS,2023,19710,,1, HTTP/1.1" 200 6312
186.103.157.98 - - [20/Mar/2023:13:51:15 -0300] "GET /cormun/servlet/solicitudotadjuntos?8c4c13bcfb81c4f7dca3ee7d57fe239418130a1d5652e684a65058d2ad00993b6197c72430eb6e9f9c903d86c786069f,gx-no-cache=1679330153925 HTTP/1.1" 200 30
186.103.157.98 - - [20/Mar/2023:13:51:15 -0300] "POST /cormun/servlet/solicitudotadjuntos?6b598232b0322ade4d855a9aa2ceb5b5,INS,2023,19710,,1,,gx-no-cache=1679330153941 HTTP/1.1" 200 4191
186.103.157.98 - - [20/Mar/2023:13:51:18 -0300] "POST /cormun/servlet/solicitudotadjuntos?gx-no-cache=1679330156852 HTTP/1.1" 200 26
186.103.157.98 - - [20/Mar/2023:13:51:25 -0300] "GET /cormun/servlet/solicitudotadjuntos?8c4c13bcfb81c4f7dca3ee7d57fe2394be2a0b44101bea4afb461d454f63e12a,gx-no-cache=1679330164425 HTTP/1.1" 200 30
186.103.157.98 - - [20/Mar/2023:13:51:25 -0300] "GET /cormun/servlet/solicitudotadjuntos?8c4c13bcfb81c4f7dca3ee7d57fe2394be2a0b44101bea4afb461d454f63e12a,gx-no-cache=1679330164439 HTTP/1.1" 200 30
186.103.157.98 - - [20/Mar/2023:13:51:26 -0300] "POST /cormun/servlet/solicitudotadjuntos?6b598232b0322ade4d855a9aa2ceb5b5,INS,2023,19710,,1, HTTP/1.1" 200 6798
186.103.157.98 - - [20/Mar/2023:13:51:26 -0300] "GET /cormun/static/Shared/jqueryui/images/ui-bg_highlight-soft_100_c6c2c8_1x100.png HTTP/1.1" 404 1117
186.103.157.98 - - [20/Mar/2023:13:51:26 -0300] "GET /cormun/static/Shared/jqueryui/images/ui-icons_82798d_256x240.png HTTP/1.1" 404 1089
186.103.157.98 - - [20/Mar/2023:13:51:26 -0300] "GET /cormun/static/Shared/jqueryui/images/ui-bg_flat_55_994d53_40x100.png HTTP/1.1" 404 1097
186.103.157.98 - - [20/Mar/2023:13:51:26 -0300] "GET /cormun/static/Shared/jqueryui/images/ui-icons_ebccce_256x240.png HTTP/1.1" 404 1089
186.103.157.98 - - [20/Mar/2023:13:51:27 -0300] "GET /cormun/PrivateTempStorage/upload_00011418.jpg HTTP/1.1" 200 3637939
200.54.103.162 - - [20/Mar/2023:13:53:01 -0300] "POST /cormun/servlet/solicitudot?gx-no-cache=1679330316313 HTTP/1.1" 440 972
200.54.103.162 - - [20/Mar/2023:13:53:04 -0300] "POST /cormun/servlet/solicitudot?2a2646b877c1b4c6bc4349ae1c6ed69e,INS,0,0,false,,gx-no-cache=1679330319715 HTTP/1.1" 440 972
200.54.103.162 - - [20/Mar/2023:13:53:04 -0300] "GET /cormun/servlet/solicitudot?INS,0,0,false, HTTP/1.1" 200 15012
200.54.103.162 - - [20/Mar/2023:13:53:07 -0300] "GET /cormun/servlet/solicitudot?INS,0,0,false, HTTP/1.1" 200 15012
200.54.103.162 - - [20/Mar/2023:13:53:07 -0300] "GET /cormun/servlet/hlogin HTTP/1.1" 200 1757
200.54.103.162 - - [20/Mar/2023:13:53:07 -0300] "GET /cormun/servlet/solicitudot?INS,0,0,false, HTTP/1.1" 200 15012
200.54.103.162 - - [20/Mar/2023:13:53:11 -0300] "POST /cormun/servlet/hlogin?de349210fd279af3cf34fe48c89e57b7,gx-no-cache=1679330325926 HTTP/1.1" 200 90
200.54.103.162 - - [20/Mar/2023:13:53:11 -0300] "GET /cormun/servlet/hpexe_link HTTP/1.1" 200 973
200.54.103.162 - - [20/Mar/2023:13:53:11 -0300] "GET /cormun/servlet/solicitudot?INS,0,0,false, HTTP/1.1" 200 16028
200.54.103.162 - - [20/Mar/2023:13:53:11 -0300] "GET /cormun/servlet/solicitudot?INS,0,0,false, HTTP/1.1" 200 16035
200.54.103.162 - - [20/Mar/2023:13:53:15 -0300] "GET /cormun/servlet/trsolicitudot? HTTP/1.1" 200 7568
200.54.103.162 - - [20/Mar/2023:13:53:15 -0300] "GET /cormun/servlet/trsolicitudot? HTTP/1.1" 200 7567
200.54.103.162 - - [20/Mar/2023:13:53:18 -0300] "GET /cormun/servlet/solicitudot?INS,0,0,false, HTTP/1.1" 200 16027
200.54.103.162 - - [20/Mar/2023:13:53:19 -0300] "GET /cormun/servlet/solicitudot?INS,0,0,false, HTTP/1.1" 200 16035
186.103.157.98 - - [20/Mar/2023:13:53:22 -0300] "POST /cormun/servlet/solicitudotadjuntos?6b598232b0322ade4d855a9aa2ceb5b5,INS,2023,19710,,1, HTTP/1.1" 200 116
186.103.157.98 - - [20/Mar/2023:13:53:22 -0300] "GET /cormun/servlet/hpexe_return? HTTP/1.1" 200 1030
186.103.157.98 - - [20/Mar/2023:13:53:23 -0300] "GET /cormun/servlet/trsolicitudadjuntos?2023,19710, HTTP/1.1" 200 10061
186.103.157.98 - - [20/Mar/2023:13:53:23 -0300] "GET /cormun/servlet/trsolicitudadjuntos?2023,19710, HTTP/1.1" 200 10057
186.103.157.98 - - [20/Mar/2023:13:53:25 -0300] "GET /cormun/servlet/solicitudotadjuntos?INS,2023,19710,,1, HTTP/1.1" 200 6320
186.103.157.98 - - [20/Mar/2023:13:53:25 -0300] "GET /cormun/static/about:blank HTTP/1.1" 404 1011
186.103.157.98 - - [20/Mar/2023:13:53:25 -0300] "GET /cormun/servlet/solicitudotadjuntos?INS,2023,19710,,1, HTTP/1.1" 200 6314
186.103.157.98 - - [20/Mar/2023:13:53:26 -0300] "GET /cormun/servlet/solicitudotadjuntos?8c4c13bcfb81c4f7dca3ee7d57fe239418130a1d5652e684a65058d2ad00993b6197c72430eb6e9f9c903d86c786069f,gx-no-cache=1679330285027 HTTP/1.1" 200 30
186.103.157.98 - - [20/Mar/2023:13:53:26 -0300] "POST /cormun/servlet/solicitudotadjuntos?6b598232b0322ade4d855a9aa2ceb5b5,INS,2023,19710,,1,,gx-no-cache=1679330285042 HTTP/1.1" 200 4193
186.103.157.98 - - [20/Mar/2023:13:53:28 -0300] "POST /cormun/servlet/solicitudotadjuntos?gx-no-cache=1679330287043 HTTP/1.1" 200 26
200.54.103.162 - - [20/Mar/2023:13:53:32 -0300] "POST /cormun/servlet/solicitudot?gx-no-cache=1679330346830 HTTP/1.1" 200 3943
200.54.103.162 - - [20/Mar/2023:13:53:32 -0300] "POST /cormun/servlet/solicitudot?de349210fd279af3cf34fe48c89e57b7,INS,0,0,false,,gx-no-cache=1679330346940 HTTP/1.1" 200 12511
186.103.157.98 - - [20/Mar/2023:13:53:34 -0300] "GET /cormun/servlet/solicitudotadjuntos?8c4c13bcfb81c4f7dca3ee7d57fe2394be2a0b44101bea4afb461d454f63e12a,gx-no-cache=1679330293547 HTTP/1.1" 200 30
186.103.157.98 - - [20/Mar/2023:13:53:34 -0300] "GET /cormun/servlet/solicitudotadjuntos?8c4c13bcfb81c4f7dca3ee7d57fe2394be2a0b44101bea4afb461d454f63e12a,gx-no-cache=1679330293567 HTTP/1.1" 200 30
186.103.157.98 - - [20/Mar/2023:13:53:34 -0300] "POST /cormun/servlet/solicitudotadjuntos?6b598232b0322ade4d855a9aa2ceb5b5,INS,2023,19710,,1, HTTP/1.1" 200 116
186.103.157.98 - - [20/Mar/2023:13:53:34 -0300] "GET /cormun/servlet/hpexe_return? HTTP/1.1" 200 1030
186.103.157.98 - - [20/Mar/2023:13:53:35 -0300] "GET /cormun/servlet/trsolicitudadjuntos?2023,19710, HTTP/1.1" 200 10334
186.103.157.98 - - [20/Mar/2023:13:53:35 -0300] "GET /cormun/servlet/trsolicitudadjuntos?2023,19710, HTTP/1.1" 200 10335
200.54.103.162 - - [20/Mar/2023:13:53:35 -0300] "GET /cormun/servlet/solicitudot?ecfb96d0386c53e2301271e330a19c294a27c8423f05d4919606e7b71d0137b042928a87733bcb44553e656e69e732c5,gx-no-cache=1679330350792 HTTP/1.1" 200 30
186.103.157.98 - - [20/Mar/2023:13:53:39 -0300] "GET /cormun/servlet/trsolicitudot? HTTP/1.1" 200 8883
186.103.157.98 - - [20/Mar/2023:13:53:39 -0300] "GET /cormun/servlet/trsolicitudot? HTTP/1.1" 200 8876
186.103.157.98 - - [20/Mar/2023:13:53:44 -0300] "POST /cormun/servlet/trsolicitudot?6b598232b0322ade4d855a9aa2ceb5b5,,gx-no-cache=1679330303503 HTTP/1.1" 200 4855
186.103.157.98 - - [20/Mar/2023:13:53:44 -0300] "GET /cormun/static/Shared/jqueryui/images/ui-bg_flat_55_fafafa_40x100.png HTTP/1.1" 404 1097
186.103.157.98 - - [20/Mar/2023:13:53:44 -0300] "GET /cormun/static/Shared/jqueryui/images/ui-icons_8d78a5_256x240.png HTTP/1.1" 404 1089
186.103.157.98 - - [20/Mar/2023:13:53:44 -0300] "POST /cormun/servlet/trsolicitudot?6b598232b0322ade4d855a9aa2ceb5b5,,gx-no-cache=1679330303640 HTTP/1.1" 200 4635
200.54.103.162 - - [20/Mar/2023:13:54:37 -0300] "GET /cormun/servlet/prbanco?,MD,,gxPopupLevel%3D0%3B HTTP/1.1" 200 6651
186.103.157.98 - - [20/Mar/2023:13:54:38 -0300] "GET /cormun/servlet/trpermisosgoce? HTTP/1.1" 200 8998
186.103.157.98 - - [20/Mar/2023:13:54:39 -0300] "GET /cormun/servlet/trpermisosgoce? HTTP/1.1" 200 8997
200.54.103.162 - - [20/Mar/2023:13:54:40 -0300] "GET /cormun/servlet/solicitudot?ecfb96d0386c53e2301271e330a19c29b382979849327c3f1adcb19b1386e408ec11e72848fdbb82794075d246020db216c518170c84ba099d61fc69a4443da6,gx-no-cache=1679330415061 HTTP/1.1" 200 30
200.54.103.162 - - [20/Mar/2023:13:54:41 -0300] "GET /cormun/servlet/solicitudot?ecfb96d0386c53e2301271e330a19c29fb92aea045772ee24dadf6953caab2f0,gx-no-cache=1679330416163 HTTP/1.1" 200 53
186.103.157.98 - - [20/Mar/2023:13:54:43 -0300] "GET /cormun/servlet/permisogoce?INS,0,,, HTTP/1.1" 200 7160
186.103.157.98 - - [20/Mar/2023:13:54:43 -0300] "GET /cormun/servlet/permisogoce?INS,0,,, HTTP/1.1" 200 7160
200.54.103.162 - - [20/Mar/2023:13:54:53 -0300] "POST /cormun/servlet/solicitudot?gx-no-cache=1679330428760 HTTP/1.1" 200 256
186.103.157.98 - - [20/Mar/2023:13:54:57 -0300] "GET /cormun/servlet/permisogoce?021bc0eb0ff30eb919a54c160ba94a5325b772f53a1783eddc5f04b8f02eef5d684109e28944857970013b3bc16c61ab35f178eb08bed16166391606fe9e565c,gx-no-cache=1679330376209 HTTP/1.1" 200 182
200.54.103.162 - - [20/Mar/2023:13:54:58 -0300] "GET /cormun/servlet/solicitudot?ecfb96d0386c53e2301271e330a19c298f286c21e94f31a4320f82c09ba1cb37a196175310afbd020c392fe7b48ac485a271441d4d2d07af5d36b7c41a01a4a10ce1eee42e0f7c003c35b365ee86816c0be47eddd86db8e9552045eec44429f2cdb4c36e381a366750fd1af4fb457a21658beba3f22d716a11bbb6705e50ffd58268299c4a9aa6362258099b25740aae599156cca3f3518ca71d25999e57377e3f821cbad161f24af32bd8289bf8eb40a1caac06c151d63ee639b784a7a5318b85aa33b853620b954b2525d143e2bd7c564107c2a75e62e7e7c3e142fa0340d15ca1a3e58240d0747652ceafa4de643e749be808ffaca83035d0ae726a7f5ced777db5da6ecf5e80a4ff562212cc7d17078dd9562191e05da31a76245421f3baa9750440620623f644432f1dfb9f03be69cd2c3e34ba596f3b258da3477a9ba3bc4939894938af1d119f0d08e8e7e0910e351686cd8102d43a071c624d7c22f92208c0a01078269baa6fbfd99a3b07d77598e06891e80156f9677f785d436d31,gx-no-cache=1679330433553 HTTP/1.1" 200 30
200.54.103.162 - - [20/Mar/2023:13:55:00 -0300] "POST /cormun/servlet/solicitudot?gx-no-cache=1679330435263 HTTP/1.1" 200 30
200.54.103.162 - - [20/Mar/2023:13:55:01 -0300] "POST /cormun/servlet/solicitudot?gx-no-cache=1679330436605 HTTP/1.1" 200 1466
200.54.103.162 - - [20/Mar/2023:13:55:01 -0300] "POST /cormun/servlet/solicitudot?gx-no-cache=1679330436633 HTTP/1.1" 200 38
200.54.103.162 - - [20/Mar/2023:13:55:58 -0300] "GET /cormun/servlet/solicitudot?ecfb96d0386c53e2301271e330a19c2911ea0cafe5e969d59f042a70090d00876ea30de9a38f494496c40c9b4e39e09b3c22b97e9ad5ffd843179d5e372d31288fc03dfb44db9db851ceb517f21295bda62c3d4e967f1fa43971eb607150f5dca44189d9119dc618b6875d5b70b680c1,gx-no-cache=1679330493224 HTTP/1.1" 200 110
200.54.103.162 - - [20/Mar/2023:13:56:04 -0300] "POST /cormun/servlet/solicitudot?gx-no-cache=1679330499802 HTTP/1.1" 200 97
200.54.103.162 - - [20/Mar/2023:13:56:11 -0300] "GET /cormun/servlet/solicitudot?ecfb96d0386c53e2301271e330a19c29aa5bde591be22a0971f8c848f41bd2a0b223fd0cf2ee406d782cdd73b24071ec1d282844dbe84e044ee218054a96f10359b4564d71bb3c6f5662d5d09bbe5fe3ce7118e5a756fd1f906e8fdc11aebb18fbe369600cf8e0b35f5b99cd4d85e305,gx-no-cache=1679330506496 HTTP/1.1" 200 29
200.54.103.162 - - [20/Mar/2023:13:56:11 -0300] "GET /cormun/static/menuarrow.gif HTTP/1.1" 404 1015
200.54.103.162 - - [20/Mar/2023:13:56:14 -0300] "GET /cormun/servlet/solicitudot?ecfb96d0386c53e2301271e330a19c29420e5a1d3825aa77bbe04ef82d19ee70041da50723b47e5cdbdc29246d3acd90,gx-no-cache=1679330509295 HTTP/1.1" 200 30
200.54.103.162 - - [20/Mar/2023:13:56:21 -0300] "POST /cormun/servlet/solicitudot?gx-no-cache=1679330516825 HTTP/1.1" 200 30
200.54.103.162 - - [20/Mar/2023:13:56:26 -0300] "POST /cormun/servlet/solicitudot?de349210fd279af3cf34fe48c89e57b7,INS,0,0,false,,gx-no-cache=1679330520762 HTTP/1.1" 200 93
200.54.103.162 - - [20/Mar/2023:13:56:26 -0300] "GET /cormun/servlet/hpexe_return? HTTP/1.1" 200 1016
200.54.103.162 - - [20/Mar/2023:13:56:26 -0300] "GET /cormun/servlet/hhome HTTP/1.1" 200 4350
200.54.103.162 - - [20/Mar/2023:13:56:26 -0300] "GET /cormun/servlet/hhome HTTP/1.1" 200 4344
192.168.10.17 - - [20/Mar/2023:13:56:27 -0300] "GET /cormun/servlet/vesolicitudgral?2023,19582,, HTTP/1.1" 200 8377
192.168.10.17 - - [20/Mar/2023:13:56:27 -0300] "GET /cormun/pexe_scrolldiv.js HTTP/1.1" 404 1009
192.168.10.17 - - [20/Mar/2023:13:56:27 -0300] "GET /cormun/servlet/vesolicitudgral?2023,19582,, HTTP/1.1" 200 8376
200.54.103.162 - - [20/Mar/2023:13:56:32 -0300] "GET /cormun/servlet/trsolicitudot? HTTP/1.1" 200 8950
200.54.103.162 - - [20/Mar/2023:13:56:33 -0300] "GET /cormun/servlet/trsolicitudot? HTTP/1.1" 200 8948
200.54.103.162 - - [20/Mar/2023:13:56:37 -0300] "POST /cormun/servlet/trsolicitudot?de349210fd279af3cf34fe48c89e57b7,,gx-no-cache=1679330532590 HTTP/1.1" 200 107
200.54.103.162 - - [20/Mar/2023:13:56:37 -0300] "GET /cormun/servlet/trsolicitudadjuntos?2023,19711, HTTP/1.1" 200 6455
200.54.103.162 - - [20/Mar/2023:13:56:38 -0300] "GET /cormun/servlet/trsolicitudadjuntos?2023,19711, HTTP/1.1" 200 6455
200.54.103.162 - - [20/Mar/2023:13:56:40 -0300] "GET /cormun/servlet/solicitudotadjuntos?INS,2023,19711,,1, HTTP/1.1" 200 6394
200.54.103.162 - - [20/Mar/2023:13:56:40 -0300] "GET /cormun/static/about:blank HTTP/1.1" 404 1011
200.54.103.162 - - [20/Mar/2023:13:56:40 -0300] "GET /cormun/servlet/solicitudotadjuntos?INS,2023,19711,,1, HTTP/1.1" 200 6387
200.54.103.162 - - [20/Mar/2023:13:56:41 -0300] "GET /cormun/servlet/solicitudotadjuntos?ecfb96d0386c53e2301271e330a19c296d9684d713ee61d9f8b9ec054e957aac89e0081e20164eb35d5a29708a111e20,gx-no-cache=1679330535990 HTTP/1.1" 200 30
200.54.103.162 - - [20/Mar/2023:13:56:41 -0300] "POST /cormun/servlet/solicitudotadjuntos?de349210fd279af3cf34fe48c89e57b7,INS,2023,19711,,1,,gx-no-cache=1679330536004 HTTP/1.1" 200 4158
200.54.103.162 - - [20/Mar/2023:13:56:45 -0300] "POST /cormun/servlet/solicitudotadjuntos?gx-no-cache=1679330540336 HTTP/1.1" 200 26
200.54.103.162 - - [20/Mar/2023:13:56:58 -0300] "GET /cormun/servlet/solicitudotadjuntos?ecfb96d0386c53e2301271e330a19c29ac9cc1ec5441ce3682cb5178654ed440,gx-no-cache=1679330553423 HTTP/1.1" 200 30
200.54.103.162 - - [20/Mar/2023:13:56:58 -0300] "GET /cormun/servlet/solicitudotadjuntos?ecfb96d0386c53e2301271e330a19c29ac9cc1ec5441ce3682cb5178654ed440,gx-no-cache=1679330553434 HTTP/1.1" 200 30
200.54.103.162 - - [20/Mar/2023:13:56:58 -0300] "POST /cormun/servlet/solicitudotadjuntos?de349210fd279af3cf34fe48c89e57b7,INS,2023,19711,,1, HTTP/1.1" 200 116
200.54.103.162 - - [20/Mar/2023:13:56:58 -0300] "GET /cormun/servlet/hpexe_return? HTTP/1.1" 200 1033
200.54.103.162 - - [20/Mar/2023:13:56:58 -0300] "GET /cormun/servlet/trsolicitudadjuntos?2023,19711, HTTP/1.1" 200 9342
200.54.103.162 - - [20/Mar/2023:13:56:59 -0300] "GET /cormun/servlet/trsolicitudadjuntos?2023,19711, HTTP/1.1" 200 9341
200.54.103.162 - - [20/Mar/2023:13:57:01 -0300] "GET /cormun/servlet/solicitudotadjuntos?INS,2023,19711,,1, HTTP/1.1" 200 6394
200.54.103.162 - - [20/Mar/2023:13:57:01 -0300] "GET /cormun/static/about:blank HTTP/1.1" 404 1011
200.54.103.162 - - [20/Mar/2023:13:57:01 -0300] "GET /cormun/servlet/solicitudotadjuntos?INS,2023,19711,,1, HTTP/1.1" 200 6387
200.54.103.162 - - [20/Mar/2023:13:57:01 -0300] "GET /cormun/servlet/solicitudotadjuntos?ecfb96d0386c53e2301271e330a19c296d9684d713ee61d9f8b9ec054e957aac89e0081e20164eb35d5a29708a111e20,gx-no-cache=1679330556735 HTTP/1.1" 200 30
200.54.103.162 - - [20/Mar/2023:13:57:01 -0300] "POST /cormun/servlet/solicitudotadjuntos?de349210fd279af3cf34fe48c89e57b7,INS,2023,19711,,1,,gx-no-cache=1679330556747 HTTP/1.1" 200 4158
192.168.10.17 - - [20/Mar/2023:13:57:03 -0300] "POST /cormun/servlet/vesolicitudgral?0ec73a0cf5206bd8c64102f42e66906a,2023,19582,,,gx-no-cache=1679330503279 HTTP/1.1" 200 12147
192.168.10.17 - - [20/Mar/2023:13:57:03 -0300] "GET /cormun/static/Shared/jqueryui/images/ui-bg_highlight-soft_100_c6c2c8_1x100.png HTTP/1.1" 404 1117
192.168.10.17 - - [20/Mar/2023:13:57:03 -0300] "GET /cormun/static/Shared/jqueryui/images/ui-icons_82798d_256x240.png HTTP/1.1" 404 1089
192.168.10.17 - - [20/Mar/2023:13:57:03 -0300] "GET /cormun/static/Shared/jqueryui/images/ui-icons_8d78a5_256x240.png HTTP/1.1" 404 1089
192.168.10.17 - - [20/Mar/2023:13:57:03 -0300] "GET /cormun/static/Shared/jqueryui/images/ui-bg_flat_55_fafafa_40x100.png HTTP/1.1" 404 1097
192.168.10.17 - - [20/Mar/2023:13:57:03 -0300] "POST /cormun/servlet/vesolicitudgral?0ec73a0cf5206bd8c64102f42e66906a,2023,19582,,,gx-no-cache=1679330503546 HTTP/1.1" 200 12080
192.168.10.17 - - [20/Mar/2023:13:57:05 -0300] "GET /cormun/servlet/trsolicitudgral? HTTP/1.1" 200 8301
192.168.10.17 - - [20/Mar/2023:13:57:05 -0300] "GET /cormun/servlet/trsolicitudgral? HTTP/1.1" 200 8289
200.54.103.162 - - [20/Mar/2023:13:57:07 -0300] "POST /cormun/servlet/solicitudotadjuntos?gx-no-cache=1679330562171 HTTP/1.1" 200 26
192.168.10.17 - - [20/Mar/2023:13:57:07 -0300] "GET /cormun/servlet/trautorizarot? HTTP/1.1" 200 9596
192.168.10.17 - - [20/Mar/2023:13:57:07 -0300] "GET /cormun/servlet/trautorizarot? HTTP/1.1" 200 9595
192.168.10.17 - - [20/Mar/2023:13:57:10 -0300] "POST /cormun/servlet/trautorizarot?0ec73a0cf5206bd8c64102f42e66906a,,gx-no-cache=1679330510527 HTTP/1.1" 200 5357
200.54.103.162 - - [20/Mar/2023:13:57:13 -0300] "GET /cormun/servlet/solicitudotadjuntos?ecfb96d0386c53e2301271e330a19c29ac9cc1ec5441ce3682cb5178654ed440,gx-no-cache=1679330568312 HTTP/1.1" 200 30
200.54.103.162 - - [20/Mar/2023:13:57:13 -0300] "GET /cormun/servlet/solicitudotadjuntos?ecfb96d0386c53e2301271e330a19c29ac9cc1ec5441ce3682cb5178654ed440,gx-no-cache=1679330568327 HTTP/1.1" 200 30
200.54.103.162 - - [20/Mar/2023:13:57:13 -0300] "POST /cormun/servlet/solicitudotadjuntos?de349210fd279af3cf34fe48c89e57b7,INS,2023,19711,,1, HTTP/1.1" 200 116
200.54.103.162 - - [20/Mar/2023:13:57:13 -0300] "GET /cormun/servlet/hpexe_return? HTTP/1.1" 200 1033
200.54.103.162 - - [20/Mar/2023:13:57:14 -0300] "GET /cormun/servlet/trsolicitudadjuntos?2023,19711, HTTP/1.1" 200 9566
200.54.103.162 - - [20/Mar/2023:13:57:14 -0300] "GET /cormun/servlet/trsolicitudadjuntos?2023,19711, HTTP/1.1" 200 9562
200.54.103.162 - - [20/Mar/2023:13:57:17 -0300] "GET /cormun/servlet/solicitudotadjuntos?INS,2023,19711,,1, HTTP/1.1" 200 6394
200.54.103.162 - - [20/Mar/2023:13:57:17 -0300] "GET /cormun/static/about:blank HTTP/1.1" 404 1011
200.54.103.162 - - [20/Mar/2023:13:57:17 -0300] "GET /cormun/servlet/solicitudotadjuntos?INS,2023,19711,,1, HTTP/1.1" 200 6387
200.54.103.162 - - [20/Mar/2023:13:57:18 -0300] "GET /cormun/servlet/solicitudotadjuntos?ecfb96d0386c53e2301271e330a19c296d9684d713ee61d9f8b9ec054e957aac89e0081e20164eb35d5a29708a111e20,gx-no-cache=1679330573098 HTTP/1.1" 200 30
200.54.103.162 - - [20/Mar/2023:13:57:18 -0300] "POST /cormun/servlet/solicitudotadjuntos?de349210fd279af3cf34fe48c89e57b7,INS,2023,19711,,1,,gx-no-cache=1679330573111 HTTP/1.1" 200 4158
200.54.103.162 - - [20/Mar/2023:13:57:20 -0300] "POST /cormun/servlet/solicitudotadjuntos?gx-no-cache=1679330575871 HTTP/1.1" 200 26
186.103.157.98 - - [20/Mar/2023:13:57:22 -0300] "GET /cormun/servlet/prfichaempleado?,MD,,gxPopupLevel%3D0%3B HTTP/1.1" 200 9303
192.168.10.17 - - [20/Mar/2023:13:57:26 -0300] "GET /cormun/servlet/trsolicitudgral? HTTP/1.1" 200 8289
192.168.10.17 - - [20/Mar/2023:13:57:26 -0300] "GET /cormun/servlet/trsolicitudgral? HTTP/1.1" 200 8289
186.103.157.98 - - [20/Mar/2023:13:57:32 -0300] "POST /cormun/servlet/prfichaempleado?6b598232b0322ade4d855a9aa2ceb5b5,,MD,,gxPopupLevel%3D0%3B,gx-no-cache=1679330530824 HTTP/1.1" 200 3473
192.168.10.17 - - [20/Mar/2023:13:57:33 -0300] "POST /cormun/servlet/trsolicitudgral?0ec73a0cf5206bd8c64102f42e66906a,,gx-no-cache=1679330533843 HTTP/1.1" 200 12123
200.54.103.162 - - [20/Mar/2023:13:57:34 -0300] "GET /cormun/servlet/solicitudotadjuntos?ecfb96d0386c53e2301271e330a19c29ac9cc1ec5441ce3682cb5178654ed440,gx-no-cache=1679330588975 HTTP/1.1" 200 30
200.54.103.162 - - [20/Mar/2023:13:57:34 -0300] "GET /cormun/servlet/solicitudotadjuntos?ecfb96d0386c53e2301271e330a19c29ac9cc1ec5441ce3682cb5178654ed440,gx-no-cache=1679330588996 HTTP/1.1" 200 30
200.54.103.162 - - [20/Mar/2023:13:57:34 -0300] "POST /cormun/servlet/solicitudotadjuntos?de349210fd279af3cf34fe48c89e57b7,INS,2023,19711,,1, HTTP/1.1" 200 116
200.54.103.162 - - [20/Mar/2023:13:57:34 -0300] "GET /cormun/servlet/hpexe_return? HTTP/1.1" 200 1033
200.54.103.162 - - [20/Mar/2023:13:57:34 -0300] "GET /cormun/servlet/trsolicitudadjuntos?2023,19711, HTTP/1.1" 200 9821
200.54.103.162 - - [20/Mar/2023:13:57:35 -0300] "GET /cormun/servlet/trsolicitudadjuntos?2023,19711, HTTP/1.1" 200 9818
186.103.157.98 - - [20/Mar/2023:13:57:35 -0300] "GET /cormun/servlet/permisogoce?021bc0eb0ff30eb919a54c160ba94a5325b772f53a1783eddc5f04b8f02eef5d684109e28944857970013b3bc16c61ab35f178eb08bed16166391606fe9e565c,gx-no-cache=1679330534282 HTTP/1.1" 200 182
200.54.103.162 - - [20/Mar/2023:13:57:42 -0300] "GET /cormun/servlet/solicitudotadjuntos?INS,2023,19711,,1, HTTP/1.1" 200 6394
200.54.103.162 - - [20/Mar/2023:13:57:42 -0300] "GET /cormun/static/about:blank HTTP/1.1" 404 1011
200.54.103.162 - - [20/Mar/2023:13:57:42 -0300] "GET /cormun/servlet/solicitudotadjuntos?INS,2023,19711,,1, HTTP/1.1" 200 6387
200.54.103.162 - - [20/Mar/2023:13:57:43 -0300] "GET /cormun/servlet/solicitudotadjuntos?ecfb96d0386c53e2301271e330a19c296d9684d713ee61d9f8b9ec054e957aac89e0081e20164eb35d5a29708a111e20,gx-no-cache=1679330598040 HTTP/1.1" 200 30
200.54.103.162 - - [20/Mar/2023:13:57:43 -0300] "POST /cormun/servlet/solicitudotadjuntos?de349210fd279af3cf34fe48c89e57b7,INS,2023,19711,,1,,gx-no-cache=1679330598054 HTTP/1.1" 200 4157
186.103.157.98 - - [20/Mar/2023:13:57:44 -0300] "GET /cormun/servlet/trsolicitudot? HTTP/1.1" 200 7504
186.103.157.98 - - [20/Mar/2023:13:57:45 -0300] "GET /cormun/servlet/trsolicitudot? HTTP/1.1" 200 7498
186.103.157.98 - - [20/Mar/2023:13:57:48 -0300] "GET /cormun/servlet/trautorizarsolicitud? HTTP/1.1" 200 9991
186.103.157.98 - - [20/Mar/2023:13:57:49 -0300] "GET /cormun/servlet/trautorizarsolicitud? HTTP/1.1" 200 9991
192.168.10.17 - - [20/Mar/2023:13:57:49 -0300] "GET /cormun/servlet/vesolicitudgral?2023,19522,, HTTP/1.1" 200 8419
192.168.10.17 - - [20/Mar/2023:13:57:49 -0300] "GET /cormun/pexe_scrolldiv.js HTTP/1.1" 404 1009
192.168.10.17 - - [20/Mar/2023:13:57:50 -0300] "GET /cormun/servlet/vesolicitudgral?2023,19522,, HTTP/1.1" 200 8419
192.168.10.17 - - [20/Mar/2023:13:57:55 -0300] "GET /cormun/servlet/vesolicitudgral?2023,19522,,SolicitudOTAdjuntos HTTP/1.1" 200 7051
192.168.10.17 - - [20/Mar/2023:13:57:55 -0300] "GET /cormun/pexe_scrolldiv.js HTTP/1.1" 404 1009
192.168.10.17 - - [20/Mar/2023:13:57:55 -0300] "GET /cormun/servlet/vesolicitudgral?2023,19522,,SolicitudOTAdjuntos HTTP/1.1" 200 7051
192.168.10.17 - - [20/Mar/2023:13:57:56 -0300] "POST /cormun/servlet/acontrolpreferencessavestate?None,RRHH+DANIELA,true HTTP/1.1" 200 35
192.168.10.17 - - [20/Mar/2023:13:57:56 -0300] "GET /cormun/servlet/vesolicitudgral?2023,19522,,General HTTP/1.1" 200 8421
