190.171.154.42 - - [20/Mar/2023:15:11:56 -0300] "GET /cormun/servlet/solicitudot?a3060cd9c9aa65885fb61a20e3267181a8950c37b6ba0710209837c17699059ee64d6113c556f872b0f8e27f428d6e84aef90ff73de6c110474f2313fa099def883eab35a0fecf95d2d8e5f77244e4033cab579d4283d85c41314b678db65e635779bcf89827ec658f80ff79b90b9f610901df7556911e09a65541b6692f416b3d331b5bf6e7e94029e0cc2f1094757e725467f0f4beaa284949a053500bd08e151ae6dd9f4935e0590ac6a32d9992c8444507b0a48dae79be109f4cefdadaff4c307ee7f0c3500f634643b2876e68ddebecbcf063d16653c3f990da5676ed585fd89aeb8cb4e8e00cbb067c1d1a8aee172d45a3b2b2fb217d309a300e79262ce5f4277e71f5147be5b86b309a0db10c945ffab1b055d00a156918064d159f80bea2284bbeaa1bd12ad01bdf4df47e99dd3a0fffbdb841bb5eeabe5396f3c97f059ab99e5ccbd3a67de36551814ad1d31df0a9469691175b7ab3f1d3b8ee749c31b0966f91ab832084eb6cd932beb2863995a645bf67d4c90c6fd6225c1e268f214c75abd05d4de1dd1d162cd932f49a,gx-no-cache=1679334993809 HTTP/1.1" 200 30
190.171.154.42 - - [20/Mar/2023:15:11:58 -0300] "POST /cormun/servlet/solicitudot?gx-no-cache=1679334996024 HTTP/1.1" 200 30
190.171.154.42 - - [20/Mar/2023:15:12:23 -0300] "POST /cormun/servlet/solicitudot?gx-no-cache=1679335020515 HTTP/1.1" 200 1468
190.171.154.42 - - [20/Mar/2023:15:12:23 -0300] "POST /cormun/servlet/solicitudot?gx-no-cache=1679335020608 HTTP/1.1" 200 38
190.171.154.42 - - [20/Mar/2023:15:12:29 -0300] "GET /cormun/servlet/solicitudot?a3060cd9c9aa65885fb61a20e3267181324f6a15cbcf2eefb265a0129147b5a91a9e89f6a5281ee667908b1a88cb597739a45e56dc8f23e154b0f037d59b1f4f0d85e94fb7cedaf6c6129ac52be8b440c368e66ee53ee5673204cd7b04f1941498cce2d1d23ff44396d4287868210c17,gx-no-cache=1679335026740 HTTP/1.1" 200 110
190.171.154.42 - - [20/Mar/2023:15:12:40 -0300] "POST /cormun/servlet/solicitudot?gx-no-cache=1679335037387 HTTP/1.1" 200 64
186.103.157.98 - - [20/Mar/2023:15:13:06 -0300] "GET /cormun/servlet/prbanco?,MD,,gxPopupLevel%3D0%3B HTTP/1.1" 200 6565
186.103.157.98 - - [20/Mar/2023:15:13:12 -0300] "GET /cormun/servlet/solicitudot?8c4c13bcfb81c4f7dca3ee7d57fe2394b5eac0e30566d75bda072e5ea1f048a93dc5d4dd5c49bca096a9b36bd9a252418cc3bf0161fcbf19810b7eb080c4a0c9,gx-no-cache=1679335071774 HTTP/1.1" 200 30
186.103.157.98 - - [20/Mar/2023:15:13:13 -0300] "GET /cormun/servlet/solicitudot?8c4c13bcfb81c4f7dca3ee7d57fe23943f49fcba5d434ea8d428445a5b77fed4,gx-no-cache=1679335072716 HTTP/1.1" 200 53
186.103.157.98 - - [20/Mar/2023:15:13:28 -0300] "POST /cormun/servlet/solicitudot?gx-no-cache=1679335087363 HTTP/1.1" 200 255
186.103.157.98 - - [20/Mar/2023:15:13:29 -0300] "GET /cormun/servlet/solicitudot?8c4c13bcfb81c4f7dca3ee7d57fe239447ff0bf497455ac1cb5540bd231d75d1d613f216c58eb4dcc53377dd77c808ee98246a6a4b0ed7f9f9e17a0b8d760240d86c479fa11dc716fbb76a3c8dc285ed03288c70820cfbb16c90baeda5b3927dc5121509ae0a76c5f368c9db096e901ace7a09a04e404e52e4e3f0ae72172bdf5de55da4d1cca43fa4c5361c23dc61dce1ed1e1dcdb32e3b9b30c527884bc4ccc21512134b3549ae36bda0f1a54fe8cdc5c27e8dc97e76dbd6b5aa0b4be8c1c3ff64f8033a21ff3b9924f7c1bbaefafff11950bbddb538f455028f6e33e07a547ab29afb6d2274cea1f9343a2f06dd5fb03a8355fd31bbd7ce5c03ef75b116d9d42de157cd3bb3152cf7a87af127725867ff64709554d193c33914a8136eca7aca1d70f6dd9d487dc0d37d9b9a0b482e3a3e0150e3c6b63865901a5fe0b3778bc12219b3dae5f676aea2209471040fe1e03589fea111af55909ad4ecabc9530fbefcccf3cb9634be49eb48e3a004377ff50bf47eece5d396e52b62598af3a088,gx-no-cache=1679335088789 HTTP/1.1" 200 30
186.103.157.98 - - [20/Mar/2023:15:13:32 -0300] "POST /cormun/servlet/solicitudot?gx-no-cache=1679335091016 HTTP/1.1" 200 30
186.103.157.98 - - [20/Mar/2023:15:13:33 -0300] "POST /cormun/servlet/solicitudot?gx-no-cache=1679335092676 HTTP/1.1" 200 1468
186.103.157.98 - - [20/Mar/2023:15:13:33 -0300] "POST /cormun/servlet/solicitudot?gx-no-cache=1679335092710 HTTP/1.1" 200 38
190.171.154.42 - - [20/Mar/2023:15:13:41 -0300] "GET /cormun/servlet/solicitudot?a3060cd9c9aa65885fb61a20e3267181a8950c37b6ba0710209837c17699059ee64d6113c556f872b0f8e27f428d6e84aef90ff73de6c110474f2313fa099def883eab35a0fecf95d2d8e5f77244e4033cab579d4283d85c41314b678db65e635779bcf89827ec658f80ff79b90b9f610901df7556911e09a65541b6692f416b3d331b5bf6e7e94029e0cc2f1094757e725467f0f4beaa284949a053500bd08e151ae6dd9f4935e0590ac6a32d9992c8444507b0a48dae79be109f4cefdadaff4c307ee7f0c3500f634643b2876e68ddebecbcf063d16653c3f990da5676ed585fd89aeb8cb4e8e00cbb067c1d1a8aee1483d7bf7703ad67131c5ec3342033e3e5f4277e71f5147be5b86b309a0db10c945ffab1b055d00a156918064d159f80bea2284bbeaa1bd12ad01bdf4df47e99dd3a0fffbdb841bb5eeabe5396f3c97f059ab99e5ccbd3a67de36551814ad1d31df0a9469691175b7ab3f1d3b8ee749c31b0966f91ab832084eb6cd932beb2864b0c0416add128f28151e8919ca54a74214c75abd05d4de1dd1d162cd932f49a,gx-no-cache=1679335098937 HTTP/1.1" 200 30
186.103.157.98 - - [20/Mar/2023:15:14:06 -0300] "GET /cormun/servlet/solicitudot?8c4c13bcfb81c4f7dca3ee7d57fe239416dea31d50d6ee9fa32b369b52cfe41e28423648bebc0d9ba41efa46bff9205b891ab9129d856282f66d6fa5e1a9a2d294e8184e2fea3d716eb4c18ad1be10e0866b2d26f4609370cd9e9abfb9329dc0c33f786c3d197fefa0953385d21cada6,gx-no-cache=1679335125616 HTTP/1.1" 200 110
186.103.157.98 - - [20/Mar/2023:15:14:06 -0300] "POST /cormun/servlet/solicitudot?gx-no-cache=1679335125660 HTTP/1.1" 200 110
186.103.157.98 - - [20/Mar/2023:15:14:41 -0300] "GET /cormun/servlet/solicitudot?8c4c13bcfb81c4f7dca3ee7d57fe239493920e0e57982eb58a4b4bef78c1821a61593edb3ddf57f5a35a999d7c10986c0cba098dec49a3e20913f6a0ad2ae0708ae24bc229cf2744f4bdcc001c15ba243d93ec01cf7885cf7ca23db18b29415121bfb54ef88663b7bf0f779418e3e7b3,gx-no-cache=1679335160283 HTTP/1.1" 200 29
186.103.157.98 - - [20/Mar/2023:15:14:41 -0300] "GET /cormun/static/menuarrow.gif HTTP/1.1" 404 1015
186.103.157.98 - - [20/Mar/2023:15:14:45 -0300] "GET /cormun/servlet/solicitudot?8c4c13bcfb81c4f7dca3ee7d57fe23941e33235a55f28480dcecd03530c9d35f74cc2446988c7f1725c00c1ad206f9d0,gx-no-cache=1679335164488 HTTP/1.1" 200 30
181.162.130.11 - - [20/Mar/2023:15:14:52 -0300] "GET /cormun/servlet/hlogin HTTP/1.1" 200 1733
186.103.157.98 - - [20/Mar/2023:15:14:53 -0300] "POST /cormun/servlet/solicitudot?gx-no-cache=1679335171991 HTTP/1.1" 200 30
181.162.130.11 - - [20/Mar/2023:15:14:53 -0300] "GET /cormun/static/gxtimezone.js?85251 HTTP/1.1" 200 5781
181.162.130.11 - - [20/Mar/2023:15:14:53 -0300] "GET /cormun/static/gxcfg.js?201910216285969 HTTP/1.1" 200 953
181.162.130.11 - - [20/Mar/2023:15:14:53 -0300] "GET /cormun/static/Resources/Spanish/PXTools.css?2294816 HTTP/1.1" 200 100853
181.162.130.11 - - [20/Mar/2023:15:14:53 -0300] "GET /cormun/static/messages.spa.js?85251 HTTP/1.1" 200 30736
181.162.130.11 - - [20/Mar/2023:15:14:53 -0300] "GET /cormun/static/hlogin.js?201910216285995 HTTP/1.1" 200 2136
181.162.130.11 - - [20/Mar/2023:15:14:53 -0300] "GET /cormun/static/Resources/Logo2019_Grande.png HTTP/1.1" 200 31733
181.162.130.11 - - [20/Mar/2023:15:14:53 -0300] "GET /cormun/static/gxgral.js?85251 HTTP/1.1" 200 384558
181.162.130.11 - - [20/Mar/2023:15:14:53 -0300] "GET /cormun/static/Resources/PXToolsLoginTop.png HTTP/1.1" 200 1337
181.162.130.11 - - [20/Mar/2023:15:14:53 -0300] "GET /cormun/static/Resources/PXToolsLoginBackground.png HTTP/1.1" 200 1164
181.162.130.11 - - [20/Mar/2023:15:14:53 -0300] "GET /cormun/static/Resources/PXToolsButtonLeft.png HTTP/1.1" 200 1310
181.162.130.11 - - [20/Mar/2023:15:14:53 -0300] "GET /cormun/static/Resources/PXToolsButtonBackground.png HTTP/1.1" 200 1176
181.162.130.11 - - [20/Mar/2023:15:14:53 -0300] "GET /cormun/static/Resources/PXToolsButtonRight.png HTTP/1.1" 200 1294
181.162.130.11 - - [20/Mar/2023:15:14:53 -0300] "GET /cormun/static/Resources/PXToolsLoginBottom.png HTTP/1.1" 200 1389
181.162.130.11 - - [20/Mar/2023:15:14:53 -0300] "GET /cormun/servlet/hlogin HTTP/1.1" 200 1743
181.162.130.11 - - [20/Mar/2023:15:14:53 -0300] "GET /cormun/static/Resources/indicator.gif HTTP/1.1" 200 1553
181.162.130.11 - - [20/Mar/2023:15:14:53 -0300] "GET /favicon.ico HTTP/1.1" 200 21630
190.171.152.114 - - [20/Mar/2023:15:15:03 -0300] "GET /cormun/servlet/trautorizarsolicitud? HTTP/1.1" 200 7443
190.171.152.114 - - [20/Mar/2023:15:15:03 -0300] "GET /cormun/servlet/trautorizarsolicitud? HTTP/1.1" 200 7443
181.162.130.11 - - [20/Mar/2023:15:15:11 -0300] "POST /cormun/servlet/hlogin?dcedbfa878bf271f6ba23b2b00a44a9d,gx-no-cache=1679335187775 HTTP/1.1" 200 448
186.103.157.98 - - [20/Mar/2023:15:15:21 -0300] "POST /cormun/servlet/solicitudot?6b598232b0322ade4d855a9aa2ceb5b5,INS,0,0,false,,gx-no-cache=1679335199607 HTTP/1.1" 200 93
186.103.157.98 - - [20/Mar/2023:15:15:21 -0300] "GET /cormun/servlet/hpexe_return? HTTP/1.1" 200 1013
186.103.157.98 - - [20/Mar/2023:15:15:21 -0300] "GET /cormun/servlet/trsolicitudot HTTP/1.1" 200 8908
186.103.157.98 - - [20/Mar/2023:15:15:21 -0300] "GET /cormun/servlet/trsolicitudot HTTP/1.1" 200 8905
181.162.130.11 - - [20/Mar/2023:15:15:24 -0300] "POST /cormun/servlet/hlogin?dcedbfa878bf271f6ba23b2b00a44a9d,gx-no-cache=1679335200911 HTTP/1.1" 200 449
186.103.157.98 - - [20/Mar/2023:15:15:25 -0300] "POST /cormun/servlet/trsolicitudot?6b598232b0322ade4d855a9aa2ceb5b5,gx-no-cache=1679335204077 HTTP/1.1" 200 107
186.103.157.98 - - [20/Mar/2023:15:15:25 -0300] "GET /cormun/servlet/trsolicitudadjuntos?2023,19718, HTTP/1.1" 200 6375
186.103.157.98 - - [20/Mar/2023:15:15:25 -0300] "GET /cormun/servlet/trsolicitudadjuntos?2023,19718, HTTP/1.1" 200 6374
181.162.130.11 - - [20/Mar/2023:15:15:26 -0300] "POST /cormun/servlet/hlogin?dcedbfa878bf271f6ba23b2b00a44a9d,gx-no-cache=1679335203166 HTTP/1.1" 200 447
186.103.157.98 - - [20/Mar/2023:15:15:26 -0300] "GET /cormun/servlet/solicitudotadjuntos?INS,2023,19718,,1, HTTP/1.1" 200 6320
186.103.157.98 - - [20/Mar/2023:15:15:27 -0300] "GET /cormun/static/about:blank HTTP/1.1" 404 1011
186.103.157.98 - - [20/Mar/2023:15:15:27 -0300] "GET /cormun/servlet/solicitudotadjuntos?INS,2023,19718,,1, HTTP/1.1" 200 6314
186.103.157.98 - - [20/Mar/2023:15:15:27 -0300] "GET /cormun/servlet/solicitudotadjuntos?8c4c13bcfb81c4f7dca3ee7d57fe2394e833ca38cbd496cdcc97b86920eae67f6197c72430eb6e9f9c903d86c786069f,gx-no-cache=1679335206595 HTTP/1.1" 200 30
186.103.157.98 - - [20/Mar/2023:15:15:27 -0300] "POST /cormun/servlet/solicitudotadjuntos?6b598232b0322ade4d855a9aa2ceb5b5,INS,2023,19718,,1,,gx-no-cache=1679335206610 HTTP/1.1" 200 4190
186.103.157.98 - - [20/Mar/2023:15:15:29 -0300] "POST /cormun/servlet/solicitudotadjuntos?gx-no-cache=1679335208339 HTTP/1.1" 200 26
190.95.15.15 - - [20/Mar/2023:15:15:34 -0300] "GET /cormun/servlet/trlicencias HTTP/1.1" 200 8652
190.95.15.15 - - [20/Mar/2023:15:15:34 -0300] "GET /cormun/servlet/hlogin HTTP/1.1" 200 1731
190.95.15.15 - - [20/Mar/2023:15:15:34 -0300] "GET /cormun/servlet/trlicencias HTTP/1.1" 200 8650
181.162.130.11 - - [20/Mar/2023:15:15:39 -0300] "POST /cormun/servlet/hlogin?dcedbfa878bf271f6ba23b2b00a44a9d,gx-no-cache=1679335215692 HTTP/1.1" 200 448
186.103.157.98 - - [20/Mar/2023:15:15:39 -0300] "GET /cormun/servlet/solicitudotadjuntos?8c4c13bcfb81c4f7dca3ee7d57fe2394be2a0b44101bea4afb461d454f63e12a,gx-no-cache=1679335218945 HTTP/1.1" 200 30
186.103.157.98 - - [20/Mar/2023:15:15:39 -0300] "GET /cormun/servlet/solicitudotadjuntos?8c4c13bcfb81c4f7dca3ee7d57fe2394be2a0b44101bea4afb461d454f63e12a,gx-no-cache=1679335218959 HTTP/1.1" 200 30
186.103.157.98 - - [20/Mar/2023:15:15:40 -0300] "POST /cormun/servlet/solicitudotadjuntos?6b598232b0322ade4d855a9aa2ceb5b5,INS,2023,19718,,1, HTTP/1.1" 200 116
186.103.157.98 - - [20/Mar/2023:15:15:40 -0300] "GET /cormun/servlet/hpexe_return? HTTP/1.1" 200 1031
186.103.157.98 - - [20/Mar/2023:15:15:40 -0300] "GET /cormun/servlet/trsolicitudadjuntos?2023,19718, HTTP/1.1" 200 9267
186.103.157.98 - - [20/Mar/2023:15:15:40 -0300] "GET /cormun/servlet/trsolicitudadjuntos?2023,19718, HTTP/1.1" 200 9266
186.103.157.98 - - [20/Mar/2023:15:15:42 -0300] "GET /cormun/servlet/solicitudotadjuntos?INS,2023,19718,,1, HTTP/1.1" 200 6320
186.103.157.98 - - [20/Mar/2023:15:15:42 -0300] "GET /cormun/static/about:blank HTTP/1.1" 404 1011
186.103.157.98 - - [20/Mar/2023:15:15:42 -0300] "GET /cormun/servlet/solicitudotadjuntos?INS,2023,19718,,1, HTTP/1.1" 200 6314
186.103.157.98 - - [20/Mar/2023:15:15:42 -0300] "GET /cormun/servlet/solicitudotadjuntos?8c4c13bcfb81c4f7dca3ee7d57fe2394e833ca38cbd496cdcc97b86920eae67f6197c72430eb6e9f9c903d86c786069f,gx-no-cache=1679335221698 HTTP/1.1" 200 30
186.103.157.98 - - [20/Mar/2023:15:15:42 -0300] "POST /cormun/servlet/solicitudotadjuntos?6b598232b0322ade4d855a9aa2ceb5b5,INS,2023,19718,,1,,gx-no-cache=1679335221714 HTTP/1.1" 200 4190
190.171.142.42 - - [20/Mar/2023:15:15:43 -0300] "GET /cormun/servlet/hlogin HTTP/1.1" 200 1728
186.103.157.98 - - [20/Mar/2023:15:15:44 -0300] "POST /cormun/servlet/solicitudotadjuntos?gx-no-cache=1679335223158 HTTP/1.1" 200 26
186.103.157.98 - - [20/Mar/2023:15:15:49 -0300] "GET /cormun/servlet/solicitudotadjuntos?8c4c13bcfb81c4f7dca3ee7d57fe2394be2a0b44101bea4afb461d454f63e12a,gx-no-cache=1679335228061 HTTP/1.1" 200 30
186.103.157.98 - - [20/Mar/2023:15:15:49 -0300] "GET /cormun/servlet/solicitudotadjuntos?8c4c13bcfb81c4f7dca3ee7d57fe2394be2a0b44101bea4afb461d454f63e12a,gx-no-cache=1679335228075 HTTP/1.1" 200 30
186.103.157.98 - - [20/Mar/2023:15:15:49 -0300] "POST /cormun/servlet/solicitudotadjuntos?6b598232b0322ade4d855a9aa2ceb5b5,INS,2023,19718,,1, HTTP/1.1" 200 116
186.103.157.98 - - [20/Mar/2023:15:15:49 -0300] "GET /cormun/servlet/hpexe_return? HTTP/1.1" 200 1031
186.103.157.98 - - [20/Mar/2023:15:15:49 -0300] "GET /cormun/servlet/trsolicitudadjuntos?2023,19718, HTTP/1.1" 200 9502
186.103.157.98 - - [20/Mar/2023:15:15:49 -0300] "GET /cormun/servlet/trsolicitudadjuntos?2023,19718, HTTP/1.1" 200 9500
190.171.142.42 - - [20/Mar/2023:15:15:50 -0300] "POST /cormun/servlet/hlogin?c6769dc6c4fd4240da55557e1ab94920,gx-no-cache=1679335225886 HTTP/1.1" 200 90
190.171.142.42 - - [20/Mar/2023:15:15:50 -0300] "GET /cormun/servlet/hpexe_link HTTP/1.1" 200 955
190.171.142.42 - - [20/Mar/2023:15:15:50 -0300] "GET /cormun/servlet/hhome HTTP/1.1" 200 4234
190.171.142.42 - - [20/Mar/2023:15:15:50 -0300] "GET /cormun/servlet/hhome HTTP/1.1" 200 4232
186.103.157.98 - - [20/Mar/2023:15:15:51 -0300] "GET /cormun/servlet/solicitudotadjuntos?INS,2023,19718,,1, HTTP/1.1" 200 6320
186.103.157.98 - - [20/Mar/2023:15:15:51 -0300] "GET /cormun/static/about:blank HTTP/1.1" 404 1011
186.103.157.98 - - [20/Mar/2023:15:15:51 -0300] "GET /cormun/servlet/solicitudotadjuntos?INS,2023,19718,,1, HTTP/1.1" 200 6314
186.103.157.98 - - [20/Mar/2023:15:15:52 -0300] "GET /cormun/servlet/solicitudotadjuntos?8c4c13bcfb81c4f7dca3ee7d57fe2394e833ca38cbd496cdcc97b86920eae67f6197c72430eb6e9f9c903d86c786069f,gx-no-cache=1679335231231 HTTP/1.1" 200 30
186.103.157.98 - - [20/Mar/2023:15:15:52 -0300] "POST /cormun/servlet/solicitudotadjuntos?6b598232b0322ade4d855a9aa2ceb5b5,INS,2023,19718,,1,,gx-no-cache=1679335231246 HTTP/1.1" 200 4190
190.171.142.42 - - [20/Mar/2023:15:15:53 -0300] "GET /cormun/servlet/trsolicitudot? HTTP/1.1" 200 8839
190.171.142.42 - - [20/Mar/2023:15:15:53 -0300] "GET /cormun/servlet/trsolicitudot? HTTP/1.1" 200 8837
186.103.157.98 - - [20/Mar/2023:15:15:53 -0300] "POST /cormun/servlet/solicitudotadjuntos?gx-no-cache=1679335232900 HTTP/1.1" 200 26
190.171.142.42 - - [20/Mar/2023:15:15:57 -0300] "GET /cormun/servlet/solicitudot?INS,0,0,false, HTTP/1.1" 200 16089
190.171.142.42 - - [20/Mar/2023:15:15:57 -0300] "GET /cormun/servlet/solicitudot?INS,0,0,false, HTTP/1.1" 200 16096
186.103.157.98 - - [20/Mar/2023:15:15:59 -0300] "GET /cormun/servlet/solicitudotadjuntos?8c4c13bcfb81c4f7dca3ee7d57fe2394be2a0b44101bea4afb461d454f63e12a,gx-no-cache=1679335238941 HTTP/1.1" 200 30
186.103.157.98 - - [20/Mar/2023:15:15:59 -0300] "GET /cormun/servlet/solicitudotadjuntos?8c4c13bcfb81c4f7dca3ee7d57fe2394be2a0b44101bea4afb461d454f63e12a,gx-no-cache=1679335238954 HTTP/1.1" 200 30
186.103.157.98 - - [20/Mar/2023:15:16:00 -0300] "POST /cormun/servlet/solicitudotadjuntos?6b598232b0322ade4d855a9aa2ceb5b5,INS,2023,19718,,1, HTTP/1.1" 200 116
186.103.157.98 - - [20/Mar/2023:15:16:00 -0300] "GET /cormun/servlet/hpexe_return? HTTP/1.1" 200 1031
186.103.157.98 - - [20/Mar/2023:15:16:00 -0300] "GET /cormun/servlet/trsolicitudadjuntos?2023,19718, HTTP/1.1" 200 9734
186.103.157.98 - - [20/Mar/2023:15:16:00 -0300] "GET /cormun/servlet/trsolicitudadjuntos?2023,19718, HTTP/1.1" 200 9730
186.103.157.98 - - [20/Mar/2023:15:16:02 -0300] "GET /cormun/servlet/solicitudotadjuntos?INS,2023,19718,,1, HTTP/1.1" 200 6320
186.103.157.98 - - [20/Mar/2023:15:16:02 -0300] "GET /cormun/static/about:blank HTTP/1.1" 404 1011
186.103.157.98 - - [20/Mar/2023:15:16:02 -0300] "GET /cormun/servlet/solicitudotadjuntos?INS,2023,19718,,1, HTTP/1.1" 200 6314
186.103.157.98 - - [20/Mar/2023:15:16:02 -0300] "GET /cormun/servlet/solicitudotadjuntos?8c4c13bcfb81c4f7dca3ee7d57fe2394e833ca38cbd496cdcc97b86920eae67f6197c72430eb6e9f9c903d86c786069f,gx-no-cache=1679335241920 HTTP/1.1" 200 30
186.103.157.98 - - [20/Mar/2023:15:16:03 -0300] "POST /cormun/servlet/solicitudotadjuntos?6b598232b0322ade4d855a9aa2ceb5b5,INS,2023,19718,,1,,gx-no-cache=1679335241935 HTTP/1.1" 200 4190
186.103.157.98 - - [20/Mar/2023:15:16:04 -0300] "POST /cormun/servlet/solicitudotadjuntos?gx-no-cache=1679335243882 HTTP/1.1" 200 26
186.103.157.98 - - [20/Mar/2023:15:16:10 -0300] "GET /cormun/servlet/solicitudotadjuntos?8c4c13bcfb81c4f7dca3ee7d57fe2394be2a0b44101bea4afb461d454f63e12a,gx-no-cache=1679335249037 HTTP/1.1" 200 30
186.103.157.98 - - [20/Mar/2023:15:16:10 -0300] "GET /cormun/servlet/solicitudotadjuntos?8c4c13bcfb81c4f7dca3ee7d57fe2394be2a0b44101bea4afb461d454f63e12a,gx-no-cache=1679335249054 HTTP/1.1" 200 30
186.103.157.98 - - [20/Mar/2023:15:16:10 -0300] "POST /cormun/servlet/solicitudotadjuntos?6b598232b0322ade4d855a9aa2ceb5b5,INS,2023,19718,,1, HTTP/1.1" 200 116
186.103.157.98 - - [20/Mar/2023:15:16:10 -0300] "GET /cormun/servlet/hpexe_return? HTTP/1.1" 200 1031
186.103.157.98 - - [20/Mar/2023:15:16:10 -0300] "GET /cormun/servlet/trsolicitudadjuntos?2023,19718, HTTP/1.1" 200 9975
186.103.157.98 - - [20/Mar/2023:15:16:10 -0300] "GET /cormun/servlet/trsolicitudadjuntos?2023,19718, HTTP/1.1" 200 9971
186.103.157.98 - - [20/Mar/2023:15:16:12 -0300] "GET /cormun/servlet/solicitudotadjuntos?INS,2023,19718,,1, HTTP/1.1" 200 6320
186.103.157.98 - - [20/Mar/2023:15:16:12 -0300] "GET /cormun/static/about:blank HTTP/1.1" 404 1011
186.103.157.98 - - [20/Mar/2023:15:16:12 -0300] "GET /cormun/servlet/solicitudotadjuntos?INS,2023,19718,,1, HTTP/1.1" 200 6314
186.103.157.98 - - [20/Mar/2023:15:16:13 -0300] "GET /cormun/servlet/solicitudotadjuntos?8c4c13bcfb81c4f7dca3ee7d57fe2394e833ca38cbd496cdcc97b86920eae67f6197c72430eb6e9f9c903d86c786069f,gx-no-cache=1679335252206 HTTP/1.1" 200 30
186.103.157.98 - - [20/Mar/2023:15:16:13 -0300] "POST /cormun/servlet/solicitudotadjuntos?6b598232b0322ade4d855a9aa2ceb5b5,INS,2023,19718,,1,,gx-no-cache=1679335252294 HTTP/1.1" 200 4190
190.171.142.42 - - [20/Mar/2023:15:16:15 -0300] "POST /cormun/servlet/solicitudot?gx-no-cache=1679335251125 HTTP/1.1" 200 4080
190.171.142.42 - - [20/Mar/2023:15:16:15 -0300] "POST /cormun/servlet/solicitudot?c6769dc6c4fd4240da55557e1ab94920,INS,0,0,false,,gx-no-cache=1679335251417 HTTP/1.1" 200 12926
186.103.157.98 - - [20/Mar/2023:15:16:15 -0300] "POST /cormun/servlet/solicitudotadjuntos?gx-no-cache=1679335254894 HTTP/1.1" 200 26
186.103.157.98 - - [20/Mar/2023:15:16:18 -0300] "POST /cormun/servlet/solicitudotadjuntos?gx-no-cache=1679335257798 HTTP/1.1" 200 26
186.103.157.98 - - [20/Mar/2023:15:16:23 -0300] "GET /cormun/servlet/solicitudotadjuntos?8c4c13bcfb81c4f7dca3ee7d57fe2394be2a0b44101bea4afb461d454f63e12a,gx-no-cache=1679335262233 HTTP/1.1" 200 30
186.103.157.98 - - [20/Mar/2023:15:16:23 -0300] "GET /cormun/servlet/solicitudotadjuntos?8c4c13bcfb81c4f7dca3ee7d57fe2394be2a0b44101bea4afb461d454f63e12a,gx-no-cache=1679335262250 HTTP/1.1" 200 30
186.103.157.98 - - [20/Mar/2023:15:16:23 -0300] "POST /cormun/servlet/solicitudotadjuntos?6b598232b0322ade4d855a9aa2ceb5b5,INS,2023,19718,,1, HTTP/1.1" 200 6672
186.103.157.98 - - [20/Mar/2023:15:16:23 -0300] "GET /cormun/static/Shared/jqueryui/images/ui-bg_highlight-soft_100_c6c2c8_1x100.png HTTP/1.1" 404 1117
186.103.157.98 - - [20/Mar/2023:15:16:23 -0300] "GET /cormun/static/Shared/jqueryui/images/ui-icons_82798d_256x240.png HTTP/1.1" 404 1089
186.103.157.98 - - [20/Mar/2023:15:16:23 -0300] "GET /cormun/static/Shared/jqueryui/images/ui-bg_flat_55_994d53_40x100.png HTTP/1.1" 404 1097
186.103.157.98 - - [20/Mar/2023:15:16:23 -0300] "GET /cormun/static/Shared/jqueryui/images/ui-icons_ebccce_256x240.png HTTP/1.1" 404 1089
186.103.157.98 - - [20/Mar/2023:15:16:23 -0300] "GET /cormun/PrivateTempStorage/upload_00011826.pdf HTTP/1.1" 200 180147
186.103.157.98 - - [20/Mar/2023:15:16:28 -0300] "POST /cormun/servlet/solicitudotadjuntos?gx-no-cache=1679335267769 HTTP/1.1" 200 26
190.171.142.42 - - [20/Mar/2023:15:16:29 -0300] "GET /cormun/servlet/solicitudot?5d7cda96bdc09fba2be15091ff713e6f4299ab554281d478fdaec4bb954fb816e599dd5766e6f556b084851d0d9d6204,gx-no-cache=1679335265038 HTTP/1.1" 200 30
186.103.157.98 - - [20/Mar/2023:15:16:35 -0300] "GET /cormun/servlet/solicitudotadjuntos?8c4c13bcfb81c4f7dca3ee7d57fe23942e89eb6b40f2dd55bc7d2cbcecdaeccb412a128c9227af894f39d15300d966c6,gx-no-cache=1679335274955 HTTP/1.1" 200 30
186.103.157.98 - - [20/Mar/2023:15:16:35 -0300] "GET /cormun/servlet/solicitudotadjuntos?8c4c13bcfb81c4f7dca3ee7d57fe23946dbd1861e0c698d7528202cdced25265412a128c9227af894f39d15300d966c6,gx-no-cache=1679335274970 HTTP/1.1" 200 30
186.103.157.98 - - [20/Mar/2023:15:16:36 -0300] "POST /cormun/servlet/solicitudotadjuntos?6b598232b0322ade4d855a9aa2ceb5b5,INS,2023,19718,,1, HTTP/1.1" 200 116
186.103.157.98 - - [20/Mar/2023:15:16:36 -0300] "GET /cormun/servlet/hpexe_return? HTTP/1.1" 200 1031
186.103.157.98 - - [20/Mar/2023:15:16:36 -0300] "GET /cormun/servlet/trsolicitudadjuntos?2023,19718, HTTP/1.1" 200 10247
186.103.157.98 - - [20/Mar/2023:15:16:36 -0300] "GET /cormun/servlet/trsolicitudadjuntos?2023,19718, HTTP/1.1" 200 10245
186.103.157.98 - - [20/Mar/2023:15:16:39 -0300] "GET /cormun/servlet/solicitudotadjuntos?INS,2023,19718,,1, HTTP/1.1" 200 6320
186.103.157.98 - - [20/Mar/2023:15:16:39 -0300] "GET /cormun/static/about:blank HTTP/1.1" 404 1011
186.103.157.98 - - [20/Mar/2023:15:16:39 -0300] "GET /cormun/servlet/solicitudotadjuntos?INS,2023,19718,,1, HTTP/1.1" 200 6314
186.103.157.98 - - [20/Mar/2023:15:16:40 -0300] "GET /cormun/servlet/solicitudotadjuntos?8c4c13bcfb81c4f7dca3ee7d57fe2394e833ca38cbd496cdcc97b86920eae67f6197c72430eb6e9f9c903d86c786069f,gx-no-cache=1679335279200 HTTP/1.1" 200 30
186.103.157.98 - - [20/Mar/2023:15:16:40 -0300] "POST /cormun/servlet/solicitudotadjuntos?6b598232b0322ade4d855a9aa2ceb5b5,INS,2023,19718,,1,,gx-no-cache=1679335279215 HTTP/1.1" 200 4192
186.103.157.98 - - [20/Mar/2023:15:16:42 -0300] "POST /cormun/servlet/solicitudotadjuntos?gx-no-cache=1679335281224 HTTP/1.1" 200 26
186.103.157.98 - - [20/Mar/2023:15:16:47 -0300] "GET /cormun/servlet/solicitudotadjuntos?8c4c13bcfb81c4f7dca3ee7d57fe2394be2a0b44101bea4afb461d454f63e12a,gx-no-cache=1679335286515 HTTP/1.1" 200 30
186.103.157.98 - - [20/Mar/2023:15:16:47 -0300] "GET /cormun/servlet/solicitudotadjuntos?8c4c13bcfb81c4f7dca3ee7d57fe2394be2a0b44101bea4afb461d454f63e12a,gx-no-cache=1679335286528 HTTP/1.1" 200 30
186.103.157.98 - - [20/Mar/2023:15:16:47 -0300] "POST /cormun/servlet/solicitudotadjuntos?6b598232b0322ade4d855a9aa2ceb5b5,INS,2023,19718,,1, HTTP/1.1" 200 116
186.103.157.98 - - [20/Mar/2023:15:16:47 -0300] "GET /cormun/servlet/hpexe_return? HTTP/1.1" 200 1031
186.103.157.98 - - [20/Mar/2023:15:16:48 -0300] "GET /cormun/servlet/trsolicitudadjuntos?2023,19718, HTTP/1.1" 200 10395
186.103.157.98 - - [20/Mar/2023:15:16:48 -0300] "GET /cormun/servlet/trsolicitudadjuntos?2023,19718, HTTP/1.1" 200 10396
186.103.157.98 - - [20/Mar/2023:15:16:51 -0300] "GET /cormun/servlet/trsolicitudot? HTTP/1.1" 200 8912
186.103.157.98 - - [20/Mar/2023:15:16:51 -0300] "GET /cormun/servlet/trsolicitudot? HTTP/1.1" 200 8905
190.171.142.42 - - [20/Mar/2023:15:16:53 -0300] "GET /cormun/servlet/solicitudot?5d7cda96bdc09fba2be15091ff713e6f00d6efaf496446d30e201d0c20a1b1abb9d6f16df630f13458a78ef7391788d5f3bd697f7315af48afb6ab6caaffad9f,gx-no-cache=1679335289305 HTTP/1.1" 200 30
190.171.142.42 - - [20/Mar/2023:15:16:53 -0300] "GET /cormun/servlet/solicitudot?5d7cda96bdc09fba2be15091ff713e6f30daffc7a01a2326df0591c0fc2f8156,gx-no-cache=1679335289405 HTTP/1.1" 200 60
190.171.142.42 - - [20/Mar/2023:15:16:53 -0300] "POST /cormun/servlet/solicitudot?gx-no-cache=1679335289430 HTTP/1.1" 200 255
190.171.142.42 - - [20/Mar/2023:15:16:53 -0300] "GET /cormun/servlet/solicitudot?5d7cda96bdc09fba2be15091ff713e6fd8ab23728c89ba0c1c51c1d749d9873cfa552899cfb4c073e33e0cad7bd6ab800cc6671a73298ac54cbc19a9da8e0ac878e99c810a758aae760758ccfea975cf65c21cde02f62ce2e763aaf98617c1d27f04c318456f4b7138b4dad46873834d7cc5edfc5aed3f6ac2854908b347762ee285d8fd3f2783797068a9580e0d85a77d6c5baa08340e7bf8b0a30fcddda444945ff99abf44968f9ed9a9ab32814612e65cc24add42b85cb488324d32e9f15d3934bf73cdb632e08af96c48b8521f240204a63a77b950e2f411afdea708e2134a3186dfe642dcaf6b0a015055b27b9a888ccb01779f8352f69df961acdaa40f91751ba56285d44febbb56485f24318be542e95b96811a9295e0b91208c6b053f6662c42f0d5848b8251600e2cae4a3c92bc176e334058cf8e13e1619da280bae6be729e6ab4032745768c61d3d7d7302cc723e100f191a62b6c982ba18504b72dc12e22b9176fff238f5a84a4153201de06c8e6a24c7f115f492f5e6897cc1e,gx-no-cache=1679335289458 HTTP/1.1" 200 30
190.171.142.42 - - [20/Mar/2023:15:16:55 -0300] "POST /cormun/servlet/solicitudot?gx-no-cache=1679335290869 HTTP/1.1" 200 30
186.103.157.98 - - [20/Mar/2023:15:16:56 -0300] "POST /cormun/servlet/trsolicitudot?6b598232b0322ade4d855a9aa2ceb5b5,,gx-no-cache=1679335295622 HTTP/1.1" 200 4872
186.103.157.98 - - [20/Mar/2023:15:16:56 -0300] "GET /cormun/static/Shared/jqueryui/images/ui-bg_highlight-soft_100_c6c2c8_1x100.png HTTP/1.1" 404 1117
186.103.157.98 - - [20/Mar/2023:15:16:56 -0300] "GET /cormun/static/Shared/jqueryui/images/ui-icons_82798d_256x240.png HTTP/1.1" 404 1089
186.103.157.98 - - [20/Mar/2023:15:16:56 -0300] "GET /cormun/static/Shared/jqueryui/images/ui-icons_8d78a5_256x240.png HTTP/1.1" 404 1089
186.103.157.98 - - [20/Mar/2023:15:16:56 -0300] "GET /cormun/static/Shared/jqueryui/images/ui-bg_flat_55_fafafa_40x100.png HTTP/1.1" 404 1097
186.103.157.98 - - [20/Mar/2023:15:16:56 -0300] "POST /cormun/servlet/trsolicitudot?6b598232b0322ade4d855a9aa2ceb5b5,,gx-no-cache=1679335295765 HTTP/1.1" 200 4636
190.171.142.42 - - [20/Mar/2023:15:16:57 -0300] "POST /cormun/servlet/solicitudot?gx-no-cache=1679335293169 HTTP/1.1" 200 1468
190.171.142.42 - - [20/Mar/2023:15:16:57 -0300] "POST /cormun/servlet/solicitudot?gx-no-cache=1679335293203 HTTP/1.1" 200 38
190.171.142.42 - - [20/Mar/2023:15:17:02 -0300] "POST /cormun/servlet/solicitudot?gx-no-cache=1679335298005 HTTP/1.1" 200 30
190.171.142.42 - - [20/Mar/2023:15:17:03 -0300] "POST /cormun/servlet/solicitudot?gx-no-cache=1679335299558 HTTP/1.1" 200 1468
190.171.142.42 - - [20/Mar/2023:15:17:03 -0300] "POST /cormun/servlet/solicitudot?gx-no-cache=1679335299619 HTTP/1.1" 200 38
190.171.154.42 - - [20/Mar/2023:15:17:19 -0300] "POST /cormun/servlet/solicitudot?gx-no-cache=1679335317182 HTTP/1.1" 200 30
190.171.142.42 - - [20/Mar/2023:15:17:27 -0300] "GET /cormun/servlet/solicitudot?5d7cda96bdc09fba2be15091ff713e6f1c82212d85ffd3254fadaa84e443ab51f02baec5c50d702b0dd2a53bd38d7c3da455a52caead3f0d11220d83e4772bca1aa966f23f4f399d96d85e30e839440187146a02c1d27ef3640c5d350f8198c3400009e9fdb7980f637affd252b13649,gx-no-cache=1679335323422 HTTP/1.1" 200 110
190.171.142.42 - - [20/Mar/2023:15:17:27 -0300] "POST /cormun/servlet/solicitudot?gx-no-cache=1679335323459 HTTP/1.1" 200 110
190.171.154.42 - - [20/Mar/2023:15:17:29 -0300] "POST /cormun/servlet/solicitudot?gx-no-cache=1679335326518 HTTP/1.1" 200 1468
190.171.154.42 - - [20/Mar/2023:15:17:29 -0300] "POST /cormun/servlet/solicitudot?gx-no-cache=1679335326575 HTTP/1.1" 200 38
190.171.154.42 - - [20/Mar/2023:15:17:29 -0300] "GET /cormun/servlet/solicitudot?a3060cd9c9aa65885fb61a20e3267181324f6a15cbcf2eefb265a0129147b5a91a9e89f6a5281ee667908b1a88cb597739a45e56dc8f23e154b0f037d59b1f4f0d85e94fb7cedaf6c6129ac52be8b440c368e66ee53ee5673204cd7b04f1941498cce2d1d23ff44396d4287868210c17,gx-no-cache=1679335326609 HTTP/1.1" 200 110
190.171.154.42 - - [20/Mar/2023:15:17:29 -0300] "POST /cormun/servlet/solicitudot?gx-no-cache=1679335326646 HTTP/1.1" 200 79
190.171.142.42 - - [20/Mar/2023:15:17:31 -0300] "GET /cormun/servlet/solicitudot?5d7cda96bdc09fba2be15091ff713e6f0a0c500bbe8759894391594ce72b74eedf6c11e91f7a551541af50816e539a101d80eb8ed40970b0f5df1d79197977718dd73fc34c001c095b1de192218c245af3a520d99207753a73a89f1eaf280fb90770499b42205b382a459a140c9f53f76aa22855b520375334c28c43236c42c5564e0bda4b6af80f1e350b7c9d5a912880f745123198bd0588176d97fcdd8c20,gx-no-cache=1679335327828 HTTP/1.1" 200 29
190.171.142.42 - - [20/Mar/2023:15:17:31 -0300] "GET /cormun/static/menuarrow.gif HTTP/1.1" 404 1015
190.171.142.42 - - [20/Mar/2023:15:17:34 -0300] "GET /cormun/servlet/solicitudot?5d7cda96bdc09fba2be15091ff713e6ff6f2733753eca92a60d10b1925f73ab7d5318ebe040c1f4487154b7a0e02f7f4,gx-no-cache=1679335330521 HTTP/1.1" 200 30
190.171.154.42 - - [20/Mar/2023:15:17:36 -0300] "GET /cormun/servlet/solicitudot?a3060cd9c9aa65885fb61a20e3267181c0142b29b1bdf89205b3ccd863435f2d85947f44420b11eaff33d1686d7efb62ec429798d215c9c2de41f7a1ff1c011acac218b876aa87e1091edeb5a488d880566329c2898ae59ffef424eb2cc252386da1070df9d06b6f4aa3df3113aea87f,gx-no-cache=1679335333661 HTTP/1.1" 200 29
190.171.154.42 - - [20/Mar/2023:15:17:36 -0300] "GET /cormun/static/menuarrow.gif HTTP/1.1" 404 1015
190.171.154.42 - - [20/Mar/2023:15:17:40 -0300] "GET /cormun/servlet/solicitudot?a3060cd9c9aa65885fb61a20e32671817aa4bb9bf9a5dbdcb416ed21822f8338475b7e252ec4f6221476e3b936ce1918,gx-no-cache=1679335337708 HTTP/1.1" 200 30
190.171.142.42 - - [20/Mar/2023:15:17:41 -0300] "POST /cormun/servlet/solicitudot?gx-no-cache=1679335337454 HTTP/1.1" 200 30
190.171.142.42 - - [20/Mar/2023:15:17:47 -0300] "POST /cormun/servlet/solicitudot?c6769dc6c4fd4240da55557e1ab94920,INS,0,0,false,,gx-no-cache=1679335342828 HTTP/1.1" 200 93
190.171.142.42 - - [20/Mar/2023:15:17:47 -0300] "GET /cormun/servlet/hpexe_return? HTTP/1.1" 200 1012
190.171.142.42 - - [20/Mar/2023:15:17:47 -0300] "GET /cormun/servlet/trsolicitudot HTTP/1.1" 200 9293
190.171.142.42 - - [20/Mar/2023:15:17:47 -0300] "GET /cormun/servlet/trsolicitudot HTTP/1.1" 200 9288
186.103.157.98 - - [20/Mar/2023:15:17:54 -0300] "GET /cormun/servlet/solicitudot?INS,0,0,false, HTTP/1.1" 200 16134
186.103.157.98 - - [20/Mar/2023:15:17:54 -0300] "GET /cormun/servlet/solicitudot?INS,0,0,false, HTTP/1.1" 200 16142
190.171.142.42 - - [20/Mar/2023:15:17:58 -0300] "POST /cormun/servlet/trsolicitudot?c6769dc6c4fd4240da55557e1ab94920,gx-no-cache=1679335354676 HTTP/1.1" 200 113
190.171.142.42 - - [20/Mar/2023:15:17:59 -0300] "GET /cormun/servlet/solicitudot?UPD,2023,19719,false, HTTP/1.1" 200 16872
190.171.142.42 - - [20/Mar/2023:15:17:59 -0300] "GET /cormun/servlet/solicitudot?UPD,2023,19719,false, HTTP/1.1" 200 16883
190.171.142.42 - - [20/Mar/2023:15:17:59 -0300] "POST /cormun/servlet/solicitudot?gx-no-cache=1679335355559 HTTP/1.1" 200 4027
190.171.142.42 - - [20/Mar/2023:15:17:59 -0300] "POST /cormun/servlet/solicitudot?c6769dc6c4fd4240da55557e1ab94920,UPD,2023,19719,false,,gx-no-cache=1679335355699 HTTP/1.1" 200 13000
190.171.142.42 - - [20/Mar/2023:15:18:00 -0300] "GET /cormun/servlet/solicitudot?5d7cda96bdc09fba2be15091ff713e6f4299ab554281d478fdaec4bb954fb8164ee95292abe6880485b087fc134bcd6e,gx-no-cache=1679335355900 HTTP/1.1" 200 30
190.171.142.42 - - [20/Mar/2023:15:18:00 -0300] "GET /cormun/servlet/solicitudot?5d7cda96bdc09fba2be15091ff713e6f00d6efaf496446d30e201d0c20a1b1abb9d6f16df630f13458a78ef7391788d5ca162d29e82b0201959540af9e9e1541,gx-no-cache=1679335355927 HTTP/1.1" 200 30
190.171.142.42 - - [20/Mar/2023:15:18:00 -0300] "GET /cormun/servlet/solicitudot?5d7cda96bdc09fba2be15091ff713e6f47fcf76998090a400fa27c3d1c079b745bd20ad0e721e5c426de6b11092777696eb2fd785c70ac564625709f3b32fdbf19a264b888858e5ad079ab876ed477d2,gx-no-cache=1679335355948 HTTP/1.1" 200 60
190.171.142.42 - - [20/Mar/2023:15:18:00 -0300] "POST /cormun/servlet/solicitudot?gx-no-cache=1679335355972 HTTP/1.1" 200 254
190.171.142.42 - - [20/Mar/2023:15:18:00 -0300] "GET /cormun/servlet/solicitudot?5d7cda96bdc09fba2be15091ff713e6fd8ab23728c89ba0c1c51c1d749d9873cfa552899cfb4c073e33e0cad7bd6ab800cc6671a73298ac54cbc19a9da8e0ac878e99c810a758aae760758ccfea975cf65c21cde02f62ce2e763aaf98617c1d27f04c318456f4b7138b4dad46873834d7cc5edfc5aed3f6ac2854908b347762ee285d8fd3f2783797068a9580e0d85a77d6c5baa08340e7bf8b0a30fcddda444945ff99abf44968f9ed9a9ab32814612e65cc24add42b85cb488324d32e9f15d3934bf73cdb632e08af96c48b8521f240204a63a77b950e2f411afdea708e2134a3186dfe642dcaf6b0a015055b27b9a888ccb01779f8352f69df961acdaa40f91751ba56285d44febbb56485f24318be542e95b96811a9295e0b91208c6b053f6662c42f0d5848b8251600e2cae4a3c92bc176e334058cf8e13e1619da280bae6be729e6ab4032745768c61d3d7d7302cc723e100f191a62b6c982ba18504b72dc12e22b9176fff238f5a84a41532014b29321737114e8841e621c9cf1c4fdb,gx-no-cache=1679335355999 HTTP/1.1" 200 30
190.171.142.42 - - [20/Mar/2023:15:18:00 -0300] "POST /cormun/servlet/solicitudot?gx-no-cache=1679335356021 HTTP/1.1" 200 30
190.171.142.42 - - [20/Mar/2023:15:18:00 -0300] "POST /cormun/servlet/solicitudot?gx-no-cache=1679335356047 HTTP/1.1" 200 1468
190.171.142.42 - - [20/Mar/2023:15:18:00 -0300] "POST /cormun/servlet/solicitudot?gx-no-cache=1679335356081 HTTP/1.1" 200 41
186.103.157.98 - - [20/Mar/2023:15:18:00 -0300] "POST /cormun/servlet/solicitudot?gx-no-cache=1679335359180 HTTP/1.1" 200 3952
186.103.157.98 - - [20/Mar/2023:15:18:00 -0300] "POST /cormun/servlet/solicitudot?6b598232b0322ade4d855a9aa2ceb5b5,INS,0,0,false,,gx-no-cache=1679335359313 HTTP/1.1" 200 12779
190.171.154.42 - - [20/Mar/2023:15:18:02 -0300] "POST /cormun/servlet/solicitudot?gx-no-cache=1679335359599 HTTP/1.1" 200 30
186.103.157.98 - - [20/Mar/2023:15:18:02 -0300] "GET /cormun/servlet/solicitudot?8c4c13bcfb81c4f7dca3ee7d57fe23946df8f79e40cfa8562f70a616d5b0655e28bebfb91aa206e0327d5a3ca9aa0210,gx-no-cache=1679335361917 HTTP/1.1" 200 30
190.171.142.42 - - [20/Mar/2023:15:18:23 -0300] "GET /cormun/servlet/solicitudot?5d7cda96bdc09fba2be15091ff713e6f1c82212d85ffd3254fadaa84e443ab51f02baec5c50d702b0dd2a53bd38d7c3da455a52caead3f0d11220d83e4772bca1aa966f23f4f399d96d85e30e839440187146a02c1d27ef3640c5d350f8198c3400009e9fdb7980f637affd252b13649,gx-no-cache=1679335376266 HTTP/1.1" 200 110
190.171.142.42 - - [20/Mar/2023:15:18:23 -0300] "POST /cormun/servlet/solicitudot?gx-no-cache=1679335379359 HTTP/1.1" 200 110
190.171.142.42 - - [20/Mar/2023:15:18:23 -0300] "GET /cormun/servlet/solicitudot?5d7cda96bdc09fba2be15091ff713e6fc312c6c06f4bcc660921ea4a4a8cdebd898318a912c05e67f4e46733e23a9466eeb72c7f95d09951f392bed43277ae571fe191ca50bc4d839adc12799ee32e14506e46b889cb7ff852efddab324daea9ac912b91e000619e7289e5c78a72025fb28c3a0d5fa95f7fbe274627b784ab924b09b2e4b2be2748e9696c636c314c6987e18d2d159dafc95331c3db0d021377,gx-no-cache=1679335379388 HTTP/1.1" 200 29
190.171.142.42 - - [20/Mar/2023:15:18:23 -0300] "GET /cormun/servlet/solicitudot?5d7cda96bdc09fba2be15091ff713e6ff6f2733753eca92a60d10b1925f73ab7d5318ebe040c1f4487154b7a0e02f7f4,gx-no-cache=1679335379411 HTTP/1.1" 200 30
190.171.142.42 - - [20/Mar/2023:15:18:23 -0300] "POST /cormun/servlet/solicitudot?gx-no-cache=1679335379435 HTTP/1.1" 200 30
190.171.142.42 - - [20/Mar/2023:15:18:23 -0300] "POST /cormun/servlet/solicitudot?c6769dc6c4fd4240da55557e1ab94920,UPD,2023,19719,false,,gx-no-cache=1679335379459 HTTP/1.1" 200 93
190.171.142.42 - - [20/Mar/2023:15:18:23 -0300] "GET /cormun/servlet/hpexe_return? HTTP/1.1" 200 1019
190.171.142.42 - - [20/Mar/2023:15:18:23 -0300] "GET /cormun/servlet/trsolicitudot HTTP/1.1" 200 9301
190.171.142.42 - - [20/Mar/2023:15:18:24 -0300] "GET /cormun/servlet/trsolicitudot HTTP/1.1" 200 9296
190.171.154.42 - - [20/Mar/2023:15:18:52 -0300] "POST /cormun/servlet/solicitudot?c5baff667a54cbb07e535db29a16170c,INS,0,0,false,,gx-no-cache=1679335409766 HTTP/1.1" 200 93
190.171.154.42 - - [20/Mar/2023:15:18:52 -0300] "GET /cormun/servlet/hpexe_return? HTTP/1.1" 200 1009
190.171.154.42 - - [20/Mar/2023:15:18:52 -0300] "GET /cormun/servlet/hhome HTTP/1.1" 200 4237
190.171.154.42 - - [20/Mar/2023:15:18:53 -0300] "GET /cormun/servlet/hhome HTTP/1.1" 200 4231
190.171.154.42 - - [20/Mar/2023:15:18:57 -0300] "GET /cormun/servlet/trsolicitudot? HTTP/1.1" 200 8885
190.171.154.42 - - [20/Mar/2023:15:18:57 -0300] "GET /cormun/servlet/trsolicitudot? HTTP/1.1" 200 8883
192.168.10.17 - - [20/Mar/2023:15:20:27 -0300] "POST /cormun/servlet/trsolicitudgral?0ec73a0cf5206bd8c64102f42e66906a,,gx-no-cache=1679335507498 HTTP/1.1" 440 972
192.168.10.17 - - [20/Mar/2023:15:20:28 -0300] "GET /cormun/servlet/trsolicitudgral? HTTP/1.1" 500 10
192.168.10.17 - - [20/Mar/2023:15:20:30 -0300] "GET /cormun/servlet/trsolicitudgral? HTTP/1.1" 500 10
192.168.10.17 - - [20/Mar/2023:15:20:36 -0300] "GET /cormun/servlet/trsolicitudgral? HTTP/1.1" 500 10
192.168.10.17 - - [20/Mar/2023:15:20:40 -0300] "GET /cormun/servlet/trsolicitudgral? HTTP/1.1" 500 10
192.168.10.17 - - [20/Mar/2023:15:20:43 -0300] "GET /cormun/servlet/trsolicitudgral? HTTP/1.1" 500 10
192.168.10.17 - - [20/Mar/2023:15:20:45 -0300] "GET /cormun/servlet/hlogin HTTP/1.1" 200 1729
192.168.10.17 - - [20/Mar/2023:15:20:51 -0300] "POST /cormun/servlet/hlogin?97551af95addefadf1b3d700c340b112,gx-no-cache=1679335532040 HTTP/1.1" 200 433
192.168.10.17 - - [20/Mar/2023:15:20:56 -0300] "POST /cormun/servlet/hlogin?97551af95addefadf1b3d700c340b112,gx-no-cache=1679335536902 HTTP/1.1" 200 90
192.168.10.17 - - [20/Mar/2023:15:20:56 -0300] "GET /cormun/servlet/hpexe_link HTTP/1.1" 200 957
192.168.10.17 - - [20/Mar/2023:15:20:56 -0300] "GET /cormun/servlet/hhome HTTP/1.1" 200 3793
192.168.10.17 - - [20/Mar/2023:15:20:56 -0300] "GET /cormun/servlet/hhome HTTP/1.1" 200 3790
192.168.10.17 - - [20/Mar/2023:15:21:00 -0300] "GET /cormun/servlet/trsolicitudgral? HTTP/1.1" 200 28124
192.168.10.17 - - [20/Mar/2023:15:21:01 -0300] "GET /cormun/servlet/trsolicitudgral? HTTP/1.1" 200 28123
190.171.142.42 - - [20/Mar/2023:15:22:22 -0300] "GET /cormun/servlet/trautorizarsolicitud? HTTP/1.1" 200 9565
190.171.142.42 - - [20/Mar/2023:15:22:22 -0300] "GET /cormun/servlet/trautorizarsolicitud? HTTP/1.1" 200 9564
190.171.142.42 - - [20/Mar/2023:15:22:28 -0300] "POST /cormun/servlet/trautorizarsolicitud?c6769dc6c4fd4240da55557e1ab94920,,gx-no-cache=1679335624510 HTTP/1.1" 200 116
190.171.142.42 - - [20/Mar/2023:15:22:28 -0300] "GET /cormun/servlet/solicitudotlog?INS,2023,19615,0,ANU, HTTP/1.1" 200 6050
190.171.142.42 - - [20/Mar/2023:15:22:29 -0300] "GET /cormun/servlet/solicitudotlog?INS,2023,19615,0,ANU, HTTP/1.1" 200 6050
190.171.142.42 - - [20/Mar/2023:15:22:29 -0300] "GET /cormun/servlet/solicitudotlog?5d7cda96bdc09fba2be15091ff713e6ff9785e9afe31c3d3be04295bef5cf169898318a912c05e67f4e46733e23a94663ebf32e8ac1e82cfc65d8c4721861fcd2f618463f280002dd67d8b837e1b3dea193746f17cd4ba88b653b455b30dc3069805c71f402861c648e97e2776febba7b6e65a9dadd7b17762652221b2a890922de2733ab7c5949d6440f0d8722834b105db8614f38bcf45216b2be17a22bcaf,gx-no-cache=1679335625331 HTTP/1.1" 200 94
190.171.142.42 - - [20/Mar/2023:15:23:00 -0300] "POST /cormun/servlet/solicitudotlog?c6769dc6c4fd4240da55557e1ab94920,INS,2023,19615,0,ANU,,gx-no-cache=1679335655876 HTTP/1.1" 200 93
190.171.142.42 - - [20/Mar/2023:15:23:00 -0300] "GET /cormun/servlet/hpexe_return? HTTP/1.1" 200 1032
190.171.142.42 - - [20/Mar/2023:15:23:00 -0300] "GET /cormun/servlet/trautorizarsolicitud HTTP/1.1" 200 9180
190.171.142.42 - - [20/Mar/2023:15:23:00 -0300] "GET /cormun/servlet/trautorizarsolicitud HTTP/1.1" 200 9176
190.171.142.42 - - [20/Mar/2023:15:23:13 -0300] "GET /cormun/servlet/trsolicitudot? HTTP/1.1" 200 9297
190.171.142.42 - - [20/Mar/2023:15:23:13 -0300] "GET /cormun/servlet/trsolicitudot? HTTP/1.1" 200 9296
190.171.142.42 - - [20/Mar/2023:15:23:30 -0300] "GET /cormun/servlet/trautorizarsolicitud? HTTP/1.1" 200 9177
190.171.142.42 - - [20/Mar/2023:15:23:31 -0300] "GET /cormun/servlet/trautorizarsolicitud? HTTP/1.1" 200 9176
190.171.142.42 - - [20/Mar/2023:15:23:34 -0300] "GET /cormun/servlet/veautorizarsolicitud?2023,19526,, HTTP/1.1" 200 8604
190.171.142.42 - - [20/Mar/2023:15:23:34 -0300] "GET /cormun/static/gxcfg.js?201991422424023 HTTP/1.1" 200 953
190.171.142.42 - - [20/Mar/2023:15:23:34 -0300] "GET /cormun/pexe_scrolldiv.js HTTP/1.1" 404 1009
190.171.142.42 - - [20/Mar/2023:15:23:34 -0300] "GET /cormun/static/veautorizarsolicitud.js?201991422424092 HTTP/1.1" 200 6140
190.171.142.42 - - [20/Mar/2023:15:23:34 -0300] "GET /cormun/static/Resources/PXToolsTabFirstSelected.png HTTP/1.1" 200 1270
190.171.142.42 - - [20/Mar/2023:15:23:34 -0300] "GET /cormun/static/hpexe_tabsview.js?2020121447381 HTTP/1.1" 200 1661
190.171.142.42 - - [20/Mar/2023:15:23:34 -0300] "GET /cormun/static/Resources/PXToolsTabLastUnselected.png HTTP/1.1" 200 1297
190.171.142.42 - - [20/Mar/2023:15:23:34 -0300] "GET /cormun/static/Resources/PXToolsTabPrevious.gif HTTP/1.1" 200 172
190.171.142.42 - - [20/Mar/2023:15:23:34 -0300] "GET /cormun/static/tbautorizarsolicitud01.js?201991419252835 HTTP/1.1" 200 30580
190.171.142.42 - - [20/Mar/2023:15:23:34 -0300] "GET /cormun/static/hwcviewtabs.js?201991422154026 HTTP/1.1" 200 1074
190.171.142.42 - - [20/Mar/2023:15:23:34 -0300] "GET /cormun/static/Resources/PXToolsTabNext.gif HTTP/1.1" 200 168
190.171.142.42 - - [20/Mar/2023:15:23:34 -0300] "GET /cormun/static/calendar-system.css HTTP/1.1" 200 5572
190.171.142.42 - - [20/Mar/2023:15:23:34 -0300] "GET /cormun/static/Resources/PXToolsTabBackSelected.png HTTP/1.1" 200 1157
190.171.142.42 - - [20/Mar/2023:15:23:34 -0300] "GET /cormun/static/Resources/PXToolsTabBackUnselected.png HTTP/1.1" 200 1175
190.171.142.42 - - [20/Mar/2023:15:23:34 -0300] "GET /cormun/static/Resources/PXToolsTabUnselectedUnselected.png HTTP/1.1" 200 1470
190.171.142.42 - - [20/Mar/2023:15:23:34 -0300] "GET /cormun/static/Resources/PXToolsTabSelectedUnselected.png HTTP/1.1" 200 1451
190.171.142.42 - - [20/Mar/2023:15:23:34 -0300] "GET /cormun/servlet/veautorizarsolicitud?2023,19526,, HTTP/1.1" 200 8603
190.171.142.42 - - [20/Mar/2023:15:24:02 -0300] "GET /cormun/servlet/trautorizarsolicitud? HTTP/1.1" 200 9177
190.171.142.42 - - [20/Mar/2023:15:24:02 -0300] "GET /cormun/servlet/trautorizarsolicitud? HTTP/1.1" 200 9176
190.171.142.42 - - [20/Mar/2023:15:24:05 -0300] "POST /cormun/servlet/trautorizarsolicitud?c6769dc6c4fd4240da55557e1ab94920,,gx-no-cache=1679335721458 HTTP/1.1" 200 116
190.171.142.42 - - [20/Mar/2023:15:24:05 -0300] "GET /cormun/servlet/solicitudotlog?INS,2023,19526,0,ANU, HTTP/1.1" 200 6050
190.171.142.42 - - [20/Mar/2023:15:24:05 -0300] "GET /cormun/servlet/solicitudotlog?INS,2023,19526,0,ANU, HTTP/1.1" 200 6050
190.171.142.42 - - [20/Mar/2023:15:24:06 -0300] "GET /cormun/servlet/solicitudotlog?5d7cda96bdc09fba2be15091ff713e6ff79dfdb6d65db0d31775a2f03abb9389898318a912c05e67f4e46733e23a94663ebf32e8ac1e82cfc65d8c4721861fcd2f618463f280002dd67d8b837e1b3dea193746f17cd4ba88b653b455b30dc3069805c71f402861c648e97e2776febba7b6e65a9dadd7b17762652221b2a890922de2733ab7c5949d6440f0d8722834b105db8614f38bcf45216b2be17a22bcaf,gx-no-cache=1679335722230 HTTP/1.1" 200 94
190.171.142.42 - - [20/Mar/2023:15:24:28 -0300] "POST /cormun/servlet/solicitudotlog?c6769dc6c4fd4240da55557e1ab94920,INS,2023,19526,0,ANU,,gx-no-cache=1679335744370 HTTP/1.1" 200 93
190.171.142.42 - - [20/Mar/2023:15:24:28 -0300] "GET /cormun/servlet/hpexe_return? HTTP/1.1" 200 1032
190.171.142.42 - - [20/Mar/2023:15:24:28 -0300] "GET /cormun/servlet/trautorizarsolicitud HTTP/1.1" 200 8758
190.171.142.42 - - [20/Mar/2023:15:24:28 -0300] "GET /cormun/servlet/trautorizarsolicitud HTTP/1.1" 200 8754
190.171.142.42 - - [20/Mar/2023:15:24:32 -0300] "GET /cormun/servlet/trsolicitudot? HTTP/1.1" 200 9297
190.171.142.42 - - [20/Mar/2023:15:24:32 -0300] "GET /cormun/servlet/trsolicitudot? HTTP/1.1" 200 9296
190.171.142.42 - - [20/Mar/2023:15:24:41 -0300] "GET /cormun/servlet/vesolicitudot?2023,19716,, HTTP/1.1" 200 8572
190.171.142.42 - - [20/Mar/2023:15:24:41 -0300] "GET /cormun/static/gxcfg.js?201991422423914 HTTP/1.1" 200 953
190.171.142.42 - - [20/Mar/2023:15:24:41 -0300] "GET /cormun/pexe_scrolldiv.js HTTP/1.1" 404 1009
190.171.142.42 - - [20/Mar/2023:15:24:41 -0300] "GET /cormun/static/vesolicitudot.js?201991422423984 HTTP/1.1" 200 6091
190.171.142.42 - - [20/Mar/2023:15:24:41 -0300] "GET /cormun/static/tbsolicitudot01.js?20201214462316 HTTP/1.1" 200 30566
190.171.142.42 - - [20/Mar/2023:15:24:41 -0300] "GET /cormun/servlet/vesolicitudot?2023,19716,, HTTP/1.1" 200 8572
190.171.142.42 - - [20/Mar/2023:15:24:43 -0300] "GET /cormun/servlet/vesolicitudot?2023,19716,,SolicitudOTAdjuntos HTTP/1.1" 200 7623
190.171.142.42 - - [20/Mar/2023:15:24:43 -0300] "GET /cormun/pexe_scrolldiv.js HTTP/1.1" 404 1009
190.171.142.42 - - [20/Mar/2023:15:24:43 -0300] "GET /cormun/static/Resources/PXToolsGridNew.png HTTP/1.1" 200 427
190.171.142.42 - - [20/Mar/2023:15:24:43 -0300] "GET /cormun/static/tbsolicitudot02.js?20199142224537 HTTP/1.1" 200 15626
190.171.142.42 - - [20/Mar/2023:15:24:43 -0300] "GET /cormun/static/gxui/gxui-all.css HTTP/1.1" 200 2179
190.171.142.42 - - [20/Mar/2023:15:24:43 -0300] "GET /cormun/static/Resources/PXToolsTabUnselectedSelected.png HTTP/1.1" 200 1458
190.171.142.42 - - [20/Mar/2023:15:24:43 -0300] "GET /cormun/static/Resources/PXToolsTabFirstUnselected.png HTTP/1.1" 200 1278
190.171.142.42 - - [20/Mar/2023:15:24:43 -0300] "GET /cormun/servlet/vesolicitudot?2023,19716,,SolicitudOTAdjuntos HTTP/1.1" 200 7623
190.171.142.42 - - [20/Mar/2023:15:24:43 -0300] "GET /cormun/static/Shared/ext/resources/css/ext-all.css HTTP/1.1" 200 416045
190.171.142.42 - - [20/Mar/2023:15:24:44 -0300] "POST /cormun/servlet/acontrolpreferencessavestate?None,ICESPEDES,true HTTP/1.1" 200 35
190.171.142.42 - - [20/Mar/2023:15:24:51 -0300] "GET /cormun/servlet/solicitudotadjuntos?INS,2023,19716,,1, HTTP/1.1" 200 6291
190.171.142.42 - - [20/Mar/2023:15:24:51 -0300] "GET /cormun/static/gxcfg.js?202012157947 HTTP/1.1" 200 953
190.171.142.42 - - [20/Mar/2023:15:24:51 -0300] "GET /cormun/static/solicitudotadjuntos.js?202012157966 HTTP/1.1" 200 11771
190.171.142.42 - - [20/Mar/2023:15:24:51 -0300] "GET /cormun/static/about:blank HTTP/1.1" 404 1011
190.171.142.42 - - [20/Mar/2023:15:24:51 -0300] "GET /cormun/servlet/solicitudotadjuntos?INS,2023,19716,,1, HTTP/1.1" 200 6284
190.171.142.42 - - [20/Mar/2023:15:24:52 -0300] "GET /cormun/servlet/solicitudotadjuntos?5d7cda96bdc09fba2be15091ff713e6f31728124fabae26fca07c354a4ea8dfedab6f54298f1f39bb9798ae306cbe0be,gx-no-cache=1679335768298 HTTP/1.1" 200 30
190.171.142.42 - - [20/Mar/2023:15:24:52 -0300] "POST /cormun/servlet/solicitudotadjuntos?c6769dc6c4fd4240da55557e1ab94920,INS,2023,19716,,1,,gx-no-cache=1679335768316 HTTP/1.1" 200 4191
190.171.143.106 - - [20/Mar/2023:15:25:41 -0300] "GET /cormun/servlet/solicitudot?de797fc2ebee4b475a2fa32435081057e948d9513404418bdeb3baf45fb32bd9,gx-no-cache=1679335984275 HTTP/1.1" 200 30
190.171.143.106 - - [20/Mar/2023:15:25:41 -0300] "POST /cormun/servlet/solicitudot?gx-no-cache=1679335984298 HTTP/1.1" 200 30
190.171.143.106 - - [20/Mar/2023:15:25:41 -0300] "POST /cormun/servlet/solicitudot?84b4832bc38bf6594475a721e2dde0b7,INS,0,0,false,,gx-no-cache=1679335984321 HTTP/1.1" 200 13076
190.171.142.42 - - [20/Mar/2023:15:25:59 -0300] "GET /cormun/servlet/vesolicitudot?2023,19716,,SolicitudOTAdjuntos HTTP/1.1" 200 7623
190.171.142.42 - - [20/Mar/2023:15:25:59 -0300] "GET /cormun/servlet/vesolicitudot?2023,19716,,SolicitudOTAdjuntos HTTP/1.1" 200 7623
190.171.142.42 - - [20/Mar/2023:15:26:00 -0300] "POST /cormun/servlet/acontrolpreferencessavestate?None,ICESPEDES,true HTTP/1.1" 200 35
190.171.142.42 - - [20/Mar/2023:15:26:04 -0300] "GET /cormun/servlet/trsolicitudot? HTTP/1.1" 200 9303
190.171.142.42 - - [20/Mar/2023:15:26:04 -0300] "GET /cormun/servlet/trsolicitudot? HTTP/1.1" 200 9296
190.171.142.42 - - [20/Mar/2023:15:26:07 -0300] "GET /cormun/servlet/solicitudot?INS,0,0,false, HTTP/1.1" 200 16089
190.171.142.42 - - [20/Mar/2023:15:26:08 -0300] "GET /cormun/servlet/solicitudot?INS,0,0,false, HTTP/1.1" 200 16096
192.168.10.17 - - [20/Mar/2023:15:26:18 -0300] "POST /cormun/servlet/trsolicitudgral?97551af95addefadf1b3d700c340b112,,gx-no-cache=1679335858710 HTTP/1.1" 200 9088
190.171.142.42 - - [20/Mar/2023:15:26:19 -0300] "POST /cormun/servlet/solicitudot?gx-no-cache=1679335855443 HTTP/1.1" 200 3952
190.171.142.42 - - [20/Mar/2023:15:26:19 -0300] "POST /cormun/servlet/solicitudot?c6769dc6c4fd4240da55557e1ab94920,INS,0,0,false,,gx-no-cache=1679335855622 HTTP/1.1" 200 12782
190.171.142.42 - - [20/Mar/2023:15:26:20 -0300] "POST /cormun/servlet/solicitudot?c6769dc6c4fd4240da55557e1ab94920,INS,0,0,false,,gx-no-cache=1679335856637 HTTP/1.1" 200 13152
190.171.142.42 - - [20/Mar/2023:15:26:20 -0300] "GET /cormun/static/Shared/jqueryui/images/ui-bg_highlight-soft_100_c6c2c8_1x100.png HTTP/1.1" 404 1117
190.171.142.42 - - [20/Mar/2023:15:26:21 -0300] "GET /cormun/static/Shared/jqueryui/images/ui-icons_82798d_256x240.png HTTP/1.1" 404 1089
190.171.142.42 - - [20/Mar/2023:15:26:21 -0300] "GET /cormun/static/Shared/jqueryui/images/ui-icons_ebccce_256x240.png HTTP/1.1" 404 1089
190.171.142.42 - - [20/Mar/2023:15:26:21 -0300] "GET /cormun/static/Shared/jqueryui/images/ui-bg_flat_55_994d53_40x100.png HTTP/1.1" 404 1097
192.168.10.17 - - [20/Mar/2023:15:26:25 -0300] "POST /cormun/servlet/trsolicitudgral?97551af95addefadf1b3d700c340b112,,gx-no-cache=1679335865371 HTTP/1.1" 200 8697
192.168.10.17 - - [20/Mar/2023:15:26:25 -0300] "GET /cormun/static/Shared/jqueryui/images/ui-bg_highlight-soft_100_c6c2c8_1x100.png HTTP/1.1" 404 1117
192.168.10.17 - - [20/Mar/2023:15:26:25 -0300] "GET /cormun/static/Shared/jqueryui/images/ui-icons_82798d_256x240.png HTTP/1.1" 404 1089
