190.171.144.234 - - [17/Mar/2023:11:54:48 -0300] "GET /cormun/servlet/trsolicitudot HTTP/1.1" 200 8610
190.171.144.234 - - [17/Mar/2023:11:54:52 -0300] "POST /cormun/servlet/trsolicitudot?399047d81fc2b17f31a356c1e3b11455,gx-no-cache=1679063970083 HTTP/1.1" 200 107
190.171.144.234 - - [17/Mar/2023:11:54:52 -0300] "GET /cormun/servlet/trsolicitudadjuntos?2023,19692, HTTP/1.1" 200 6100
190.171.144.234 - - [17/Mar/2023:11:54:52 -0300] "GET /cormun/servlet/trsolicitudadjuntos?2023,19692, HTTP/1.1" 200 6100
190.95.15.15 - - [17/Mar/2023:11:54:56 -0300] "POST /cormun/servlet/solicitudot?gx-no-cache=1679063973845 HTTP/1.1" 200 30
190.95.15.15 - - [17/Mar/2023:11:54:56 -0300] "POST /cormun/servlet/solicitudot?gx-no-cache=1679063973927 HTTP/1.1" 200 1468
190.95.15.15 - - [17/Mar/2023:11:54:56 -0300] "POST /cormun/servlet/solicitudot?gx-no-cache=1679063973976 HTTP/1.1" 200 41
190.95.15.15 - - [17/Mar/2023:11:54:56 -0300] "GET /cormun/servlet/solicitudot?eb9e237d591befd1495386b08f1f0152cfa64ee04b5a7c4d0842d3f9cfa324c09f26989cd1dc87cc6422bbd5246abdc145bd0539445cb116c669d9baf1798d35a805c6630c40c75d25088dc439719950632f3ea41355370eba8a807a5b777a904681bd3f4f5d21c03a2224c59f39ca32,gx-no-cache=1679063974004 HTTP/1.1" 200 110
190.95.15.15 - - [17/Mar/2023:11:54:56 -0300] "POST /cormun/servlet/solicitudot?gx-no-cache=1679063974027 HTTP/1.1" 200 109
190.171.144.234 - - [17/Mar/2023:11:54:56 -0300] "GET /cormun/servlet/solicitudotadjuntos?INS,2023,19692,,1, HTTP/1.1" 200 6044
190.95.15.15 - - [17/Mar/2023:11:54:56 -0300] "GET /cormun/servlet/solicitudot?eb9e237d591befd1495386b08f1f0152b5ff03a7bd06249f7a950b59a109fb6eeba716703c37912af5a399873b65f6b50412bc79aacdbf979a3cb400a9dd176fc0849932d8a09ea68a2d047d4879aa426689a18fe97e21d25208cabb33483abc942d4997fae8be7660c8f15e4a1e3d753f1f040a7b33edc113e9d319ec05b64cc6d0c9bb4c0a7328af67d13062998eef50fd7c190e926fc1037a583038536f29042a8b515411c59d8236d5eb841ec2775b731fa3ad543cd02746692d8c5a111e028140974d33c4414c3cd23f5d5a5e70,gx-no-cache=1679063974057 HTTP/1.1" 200 29
190.95.15.15 - - [17/Mar/2023:11:54:56 -0300] "GET /cormun/servlet/solicitudot?eb9e237d591befd1495386b08f1f015219a431b293205ec135407c2db0f8e05d0041710411c0a1784d5416664e32f7f6,gx-no-cache=1679063974076 HTTP/1.1" 200 30
190.95.15.15 - - [17/Mar/2023:11:54:56 -0300] "POST /cormun/servlet/solicitudot?gx-no-cache=1679063974095 HTTP/1.1" 200 30
190.95.15.15 - - [17/Mar/2023:11:54:56 -0300] "POST /cormun/servlet/solicitudot?14c36e716f727ea72b1180653ed971c9,UPD,2023,19689,false,,gx-no-cache=1679063974150 HTTP/1.1" 200 93
190.95.15.15 - - [17/Mar/2023:11:54:56 -0300] "GET /cormun/servlet/hpexe_return? HTTP/1.1" 200 1023
190.95.15.15 - - [17/Mar/2023:11:54:56 -0300] "GET /cormun/servlet/trsolicitudot HTTP/1.1" 200 9276
190.171.144.234 - - [17/Mar/2023:11:54:56 -0300] "GET /cormun/servlet/solicitudotadjuntos?INS,2023,19692,,1, HTTP/1.1" 200 6037
190.171.144.234 - - [17/Mar/2023:11:54:57 -0300] "GET /cormun/static/about:blank HTTP/1.1" 404 1011
190.95.15.15 - - [17/Mar/2023:11:54:57 -0300] "GET /cormun/servlet/trsolicitudot HTTP/1.1" 200 9273
190.171.144.234 - - [17/Mar/2023:11:54:57 -0300] "GET /cormun/servlet/solicitudotadjuntos?c402abe43ab090ce429876209d6a1c8e0356810e5bd4802dfb71eabdf1b09eb66d2ad8e2826cd4d19e338dbb39c86989,gx-no-cache=1679063975319 HTTP/1.1" 200 30
190.171.144.234 - - [17/Mar/2023:11:54:57 -0300] "POST /cormun/servlet/solicitudotadjuntos?399047d81fc2b17f31a356c1e3b11455,INS,2023,19692,,1,,gx-no-cache=1679063975376 HTTP/1.1" 200 3871
190.171.144.234 - - [17/Mar/2023:11:54:59 -0300] "POST /cormun/servlet/solicitudotadjuntos?gx-no-cache=1679063977310 HTTP/1.1" 200 26
198.235.24.182 - - [17/Mar/2023:11:55:00 -0300] "GET / HTTP/1.1" 200 11217
190.95.15.15 - - [17/Mar/2023:11:55:19 -0300] "POST /cormun/servlet/trsolicitudot?14c36e716f727ea72b1180653ed971c9,gx-no-cache=1679063997303 HTTP/1.1" 200 6057
190.95.15.15 - - [17/Mar/2023:11:55:19 -0300] "GET /cormun/static/Shared/jqueryui/images/ui-bg_highlight-soft_100_c6c2c8_1x100.png HTTP/1.1" 404 1117
190.95.15.15 - - [17/Mar/2023:11:55:19 -0300] "GET /cormun/static/Shared/jqueryui/images/ui-icons_8d78a5_256x240.png HTTP/1.1" 404 1089
190.95.15.15 - - [17/Mar/2023:11:55:19 -0300] "GET /cormun/static/Shared/jqueryui/images/ui-bg_flat_55_fafafa_40x100.png HTTP/1.1" 404 1097
190.95.15.15 - - [17/Mar/2023:11:55:19 -0300] "GET /cormun/static/Shared/jqueryui/images/ui-icons_82798d_256x240.png HTTP/1.1" 404 1089
190.95.15.15 - - [17/Mar/2023:11:55:19 -0300] "POST /cormun/servlet/trsolicitudot?14c36e716f727ea72b1180653ed971c9,gx-no-cache=1679063997602 HTTP/1.1" 200 6001
190.95.15.15 - - [17/Mar/2023:11:55:21 -0300] "POST /cormun/servlet/trsolicitudot?14c36e716f727ea72b1180653ed971c9,gx-no-cache=1679063998360 HTTP/1.1" 200 5642
190.95.15.15 - - [17/Mar/2023:11:55:21 -0300] "POST /cormun/servlet/trsolicitudot?14c36e716f727ea72b1180653ed971c9,gx-no-cache=1679063998856 HTTP/1.1" 200 5586
190.95.15.15 - - [17/Mar/2023:11:55:21 -0300] "POST /cormun/servlet/trsolicitudot?14c36e716f727ea72b1180653ed971c9,gx-no-cache=1679063999494 HTTP/1.1" 200 4329
190.95.15.15 - - [17/Mar/2023:11:55:21 -0300] "POST /cormun/servlet/trsolicitudot?14c36e716f727ea72b1180653ed971c9,gx-no-cache=1679063999617 HTTP/1.1" 200 4079
190.95.15.15 - - [17/Mar/2023:11:55:41 -0300] "GET /cormun/servlet/hlogin HTTP/1.1" 200 1750
190.95.15.15 - - [17/Mar/2023:11:55:50 -0300] "POST /cormun/servlet/hlogin?14c36e716f727ea72b1180653ed971c9,gx-no-cache=1679064028232 HTTP/1.1" 200 90
190.95.15.15 - - [17/Mar/2023:11:55:50 -0300] "GET /cormun/servlet/hpexe_link HTTP/1.1" 200 959
190.95.15.15 - - [17/Mar/2023:11:55:50 -0300] "GET /cormun/servlet/hhome HTTP/1.1" 200 4219
190.95.15.15 - - [17/Mar/2023:11:55:50 -0300] "GET /cormun/servlet/hhome HTTP/1.1" 200 4216
190.95.15.15 - - [17/Mar/2023:11:55:53 -0300] "GET /cormun/servlet/trautorizarsolicitud? HTTP/1.1" 200 9552
190.95.15.15 - - [17/Mar/2023:11:55:53 -0300] "GET /cormun/servlet/trautorizarsolicitud? HTTP/1.1" 200 9550
190.171.141.138 - - [17/Mar/2023:11:55:58 -0300] "GET /cormun/servlet/trlicencias? HTTP/1.1" 200 8659
190.171.141.138 - - [17/Mar/2023:11:55:58 -0300] "GET /cormun/servlet/hlogin HTTP/1.1" 200 1743
190.171.141.138 - - [17/Mar/2023:11:55:58 -0300] "GET /cormun/servlet/trlicencias? HTTP/1.1" 200 8659
190.171.141.138 - - [17/Mar/2023:11:56:00 -0300] "POST /cormun/servlet/hlogin?f75a6f8f3db10c5b6fbef4f0fdd2f445,gx-no-cache=1679064037859 HTTP/1.1" 200 90
190.171.141.138 - - [17/Mar/2023:11:56:00 -0300] "GET /cormun/servlet/hpexe_link HTTP/1.1" 200 957
190.171.141.138 - - [17/Mar/2023:11:56:00 -0300] "GET /cormun/servlet/trlicencias HTTP/1.1" 200 10295
190.171.141.138 - - [17/Mar/2023:11:56:01 -0300] "GET /cormun/servlet/trlicencias HTTP/1.1" 200 10293
190.95.15.15 - - [17/Mar/2023:11:56:03 -0300] "POST /cormun/servlet/trautorizarsolicitud?14c36e716f727ea72b1180653ed971c9,,gx-no-cache=1679064041277 HTTP/1.1" 200 6475
190.95.15.15 - - [17/Mar/2023:11:56:03 -0300] "GET /cormun/static/Shared/jqueryui/images/ui-bg_highlight-soft_100_c6c2c8_1x100.png HTTP/1.1" 404 1117
190.95.15.15 - - [17/Mar/2023:11:56:03 -0300] "GET /cormun/static/Shared/jqueryui/images/ui-icons_8d78a5_256x240.png HTTP/1.1" 404 1089
190.95.15.15 - - [17/Mar/2023:11:56:03 -0300] "GET /cormun/static/Shared/jqueryui/images/ui-bg_flat_55_fafafa_40x100.png HTTP/1.1" 404 1097
190.95.15.15 - - [17/Mar/2023:11:56:03 -0300] "GET /cormun/static/Shared/jqueryui/images/ui-icons_82798d_256x240.png HTTP/1.1" 404 1089
190.95.15.15 - - [17/Mar/2023:11:56:04 -0300] "POST /cormun/servlet/trautorizarsolicitud?14c36e716f727ea72b1180653ed971c9,,gx-no-cache=1679064041467 HTTP/1.1" 200 6419
190.95.15.15 - - [17/Mar/2023:11:56:04 -0300] "POST /cormun/servlet/trautorizarsolicitud?14c36e716f727ea72b1180653ed971c9,,gx-no-cache=1679064042456 HTTP/1.1" 200 6049
190.95.15.15 - - [17/Mar/2023:11:56:04 -0300] "POST /cormun/servlet/trautorizarsolicitud?14c36e716f727ea72b1180653ed971c9,,gx-no-cache=1679064042584 HTTP/1.1" 200 5993
190.95.15.15 - - [17/Mar/2023:11:56:05 -0300] "POST /cormun/servlet/trautorizarsolicitud?14c36e716f727ea72b1180653ed971c9,,gx-no-cache=1679064043558 HTTP/1.1" 200 4797
190.95.15.15 - - [17/Mar/2023:11:56:05 -0300] "POST /cormun/servlet/trautorizarsolicitud?14c36e716f727ea72b1180653ed971c9,,gx-no-cache=1679064043679 HTTP/1.1" 200 4542
186.67.172.234 - - [17/Mar/2023:11:56:37 -0300] "GET /cormun/servlet/trsolicitudot HTTP/1.1" 200 6329
186.67.172.234 - - [17/Mar/2023:11:56:38 -0300] "GET /cormun/servlet/trsolicitudot HTTP/1.1" 200 6325
186.67.172.234 - - [17/Mar/2023:11:56:38 -0300] "GET /cormun/servlet/hlogin HTTP/1.1" 200 1740
40.77.167.229 - - [17/Mar/2023:11:56:39 -0300] "GET /cormun/servlet/trsolicitudot HTTP/1.1" 200 6319
190.171.144.234 - - [17/Mar/2023:11:56:42 -0300] "GET /cormun/servlet/solicitudotadjuntos?c402abe43ab090ce429876209d6a1c8e15cb0d3881417808a70eebbe0510788a,gx-no-cache=1679064080918 HTTP/1.1" 200 30
190.171.144.234 - - [17/Mar/2023:11:56:42 -0300] "GET /cormun/servlet/solicitudotadjuntos?c402abe43ab090ce429876209d6a1c8e15cb0d3881417808a70eebbe0510788a,gx-no-cache=1679064081007 HTTP/1.1" 200 30
52.167.144.85 - - [17/Mar/2023:11:56:44 -0300] "GET /cormun/servlet/hpexe_return HTTP/1.1" 200 992
186.67.172.234 - - [17/Mar/2023:11:56:52 -0300] "POST /cormun/servlet/hlogin?962f6df99cb076b9082816607d883bc3,gx-no-cache=1679064088295 HTTP/1.1" 200 90
186.67.172.234 - - [17/Mar/2023:11:56:52 -0300] "GET /cormun/servlet/hpexe_link HTTP/1.1" 200 956
186.67.172.234 - - [17/Mar/2023:11:56:53 -0300] "GET /cormun/servlet/trsolicitudot HTTP/1.1" 200 8608
186.67.172.234 - - [17/Mar/2023:11:56:53 -0300] "GET /cormun/servlet/trsolicitudot HTTP/1.1" 200 8607
190.171.144.234 - - [17/Mar/2023:11:56:54 -0300] "POST /cormun/servlet/solicitudotadjuntos?399047d81fc2b17f31a356c1e3b11455,INS,2023,19692,,1, HTTP/1.1" 200 116
190.171.144.234 - - [17/Mar/2023:11:56:54 -0300] "GET /cormun/servlet/hpexe_return? HTTP/1.1" 200 1029
52.167.144.91 - - [17/Mar/2023:11:56:55 -0300] "GET /cormun/servlet/trlicenciaspermisoslog?20026533,l,20230108000000,&_escaped_fragment_= HTTP/1.1" 200 5246
190.171.144.234 - - [17/Mar/2023:11:56:56 -0300] "GET /cormun/servlet/trsolicitudadjuntos?2023,19692, HTTP/1.1" 200 8982
190.171.144.234 - - [17/Mar/2023:11:56:57 -0300] "GET /cormun/servlet/trsolicitudadjuntos?2023,19692, HTTP/1.1" 200 8978
186.67.172.234 - - [17/Mar/2023:11:56:59 -0300] "POST /cormun/servlet/trsolicitudot?962f6df99cb076b9082816607d883bc3,gx-no-cache=1679064097212 HTTP/1.1" 200 107
186.67.172.234 - - [17/Mar/2023:11:56:59 -0300] "GET /cormun/servlet/trsolicitudadjuntos?2023,19684, HTTP/1.1" 200 6192
186.67.172.234 - - [17/Mar/2023:11:56:59 -0300] "GET /cormun/servlet/trsolicitudadjuntos?2023,19684, HTTP/1.1" 200 6192
186.67.172.234 - - [17/Mar/2023:11:57:00 -0300] "POST /cormun/servlet/acontrolpreferencessavestate?None,MDROGUETT,true HTTP/1.1" 200 35
186.67.172.234 - - [17/Mar/2023:11:57:02 -0300] "GET /cormun/servlet/solicitudotadjuntos?INS,2023,19684,,1, HTTP/1.1" 200 6139
186.67.172.234 - - [17/Mar/2023:11:57:02 -0300] "GET /cormun/servlet/solicitudotadjuntos?INS,2023,19684,,1, HTTP/1.1" 200 6132
186.67.172.234 - - [17/Mar/2023:11:57:02 -0300] "GET /cormun/static/about:blank HTTP/1.1" 404 1011
186.67.172.234 - - [17/Mar/2023:11:57:03 -0300] "GET /cormun/servlet/solicitudotadjuntos?cc39e56587a66e78d3ef1263930c7a25df0ada2f6afe7a651a9271c464e04e700b1d496e135b9d53eb9f1c9f8eb96833,gx-no-cache=1679064101219 HTTP/1.1" 200 30
186.67.172.234 - - [17/Mar/2023:11:57:03 -0300] "POST /cormun/servlet/solicitudotadjuntos?962f6df99cb076b9082816607d883bc3,INS,2023,19684,,1,,gx-no-cache=1679064101241 HTTP/1.1" 200 4185
190.171.144.234 - - [17/Mar/2023:11:57:03 -0300] "GET /cormun/servlet/solicitudotadjuntos?INS,2023,19692,,1, HTTP/1.1" 200 6044
190.171.144.234 - - [17/Mar/2023:11:57:03 -0300] "GET /cormun/static/about:blank HTTP/1.1" 404 1011
190.171.144.234 - - [17/Mar/2023:11:57:03 -0300] "GET /cormun/servlet/solicitudotadjuntos?INS,2023,19692,,1, HTTP/1.1" 200 6037
190.171.144.234 - - [17/Mar/2023:11:57:04 -0300] "GET /cormun/servlet/solicitudotadjuntos?c402abe43ab090ce429876209d6a1c8e0356810e5bd4802dfb71eabdf1b09eb66d2ad8e2826cd4d19e338dbb39c86989,gx-no-cache=1679064102321 HTTP/1.1" 200 30
190.171.144.234 - - [17/Mar/2023:11:57:04 -0300] "POST /cormun/servlet/solicitudotadjuntos?399047d81fc2b17f31a356c1e3b11455,INS,2023,19692,,1,,gx-no-cache=1679064102345 HTTP/1.1" 200 3870
186.67.172.234 - - [17/Mar/2023:11:57:05 -0300] "POST /cormun/servlet/solicitudotadjuntos?gx-no-cache=1679064103395 HTTP/1.1" 200 26
190.171.144.234 - - [17/Mar/2023:11:57:09 -0300] "POST /cormun/servlet/solicitudotadjuntos?gx-no-cache=1679064107340 HTTP/1.1" 200 26
190.171.144.234 - - [17/Mar/2023:11:57:20 -0300] "GET /cormun/servlet/solicitudotadjuntos?c402abe43ab090ce429876209d6a1c8e15cb0d3881417808a70eebbe0510788a,gx-no-cache=1679064118460 HTTP/1.1" 200 30
190.171.144.234 - - [17/Mar/2023:11:57:20 -0300] "GET /cormun/servlet/solicitudotadjuntos?c402abe43ab090ce429876209d6a1c8e15cb0d3881417808a70eebbe0510788a,gx-no-cache=1679064118480 HTTP/1.1" 200 30
190.171.144.234 - - [17/Mar/2023:11:57:20 -0300] "POST /cormun/servlet/solicitudotadjuntos?399047d81fc2b17f31a356c1e3b11455,INS,2023,19692,,1, HTTP/1.1" 200 116
190.171.144.234 - - [17/Mar/2023:11:57:20 -0300] "GET /cormun/servlet/hpexe_return? HTTP/1.1" 200 1029
190.171.144.234 - - [17/Mar/2023:11:57:22 -0300] "GET /cormun/servlet/trsolicitudadjuntos?2023,19692, HTTP/1.1" 200 9251
190.171.144.234 - - [17/Mar/2023:11:57:23 -0300] "GET /cormun/servlet/trsolicitudadjuntos?2023,19692, HTTP/1.1" 200 9250
190.171.144.234 - - [17/Mar/2023:11:57:26 -0300] "GET /cormun/servlet/solicitudotadjuntos?INS,2023,19692,,1, HTTP/1.1" 200 6043
190.171.144.234 - - [17/Mar/2023:11:57:26 -0300] "GET /cormun/static/about:blank HTTP/1.1" 404 1011
190.171.144.234 - - [17/Mar/2023:11:57:26 -0300] "GET /cormun/servlet/solicitudotadjuntos?INS,2023,19692,,1, HTTP/1.1" 200 6036
190.171.144.234 - - [17/Mar/2023:11:57:27 -0300] "GET /cormun/servlet/solicitudotadjuntos?c402abe43ab090ce429876209d6a1c8e0356810e5bd4802dfb71eabdf1b09eb66d2ad8e2826cd4d19e338dbb39c86989,gx-no-cache=1679064125279 HTTP/1.1" 200 30
190.171.144.234 - - [17/Mar/2023:11:57:27 -0300] "POST /cormun/servlet/solicitudotadjuntos?399047d81fc2b17f31a356c1e3b11455,INS,2023,19692,,1,,gx-no-cache=1679064125348 HTTP/1.1" 200 3870
190.171.144.234 - - [17/Mar/2023:11:57:33 -0300] "POST /cormun/servlet/solicitudotadjuntos?gx-no-cache=1679064131698 HTTP/1.1" 200 26
190.171.144.234 - - [17/Mar/2023:11:57:42 -0300] "GET /cormun/servlet/solicitudotadjuntos?c402abe43ab090ce429876209d6a1c8e15cb0d3881417808a70eebbe0510788a,gx-no-cache=1679064140487 HTTP/1.1" 200 30
190.171.144.234 - - [17/Mar/2023:11:57:42 -0300] "GET /cormun/servlet/solicitudotadjuntos?c402abe43ab090ce429876209d6a1c8e15cb0d3881417808a70eebbe0510788a,gx-no-cache=1679064140531 HTTP/1.1" 200 30
190.171.144.234 - - [17/Mar/2023:11:57:42 -0300] "POST /cormun/servlet/solicitudotadjuntos?399047d81fc2b17f31a356c1e3b11455,INS,2023,19692,,1, HTTP/1.1" 200 116
190.171.144.234 - - [17/Mar/2023:11:57:42 -0300] "GET /cormun/servlet/hpexe_return? HTTP/1.1" 200 1029
200.54.237.82 - - [17/Mar/2023:11:57:43 -0300] "GET /cormun/servlet/trautorizarsolicitud? HTTP/1.1" 200 7458
190.171.144.234 - - [17/Mar/2023:11:57:43 -0300] "GET /cormun/servlet/trsolicitudadjuntos?2023,19692, HTTP/1.1" 200 9459
200.54.237.82 - - [17/Mar/2023:11:57:44 -0300] "GET /cormun/servlet/trautorizarsolicitud? HTTP/1.1" 200 7450
190.171.144.234 - - [17/Mar/2023:11:57:45 -0300] "GET /cormun/servlet/trsolicitudadjuntos?2023,19692, HTTP/1.1" 200 9462
190.171.144.234 - - [17/Mar/2023:11:57:46 -0300] "GET /cormun/servlet/solicitudotadjuntos?INS,2023,19692,,1, HTTP/1.1" 200 6043
190.171.144.234 - - [17/Mar/2023:11:57:46 -0300] "GET /cormun/static/about:blank HTTP/1.1" 404 1011
200.54.237.82 - - [17/Mar/2023:11:57:46 -0300] "GET /cormun/servlet/trsolicitudot? HTTP/1.1" 200 12956
190.171.144.234 - - [17/Mar/2023:11:57:47 -0300] "GET /cormun/servlet/solicitudotadjuntos?INS,2023,19692,,1, HTTP/1.1" 200 6036
200.54.237.82 - - [17/Mar/2023:11:57:47 -0300] "GET /cormun/servlet/trsolicitudot? HTTP/1.1" 200 12955
190.171.144.234 - - [17/Mar/2023:11:57:47 -0300] "GET /cormun/servlet/solicitudotadjuntos?c402abe43ab090ce429876209d6a1c8e0356810e5bd4802dfb71eabdf1b09eb66d2ad8e2826cd4d19e338dbb39c86989,gx-no-cache=1679064145523 HTTP/1.1" 200 30
190.171.144.234 - - [17/Mar/2023:11:57:47 -0300] "POST /cormun/servlet/solicitudotadjuntos?399047d81fc2b17f31a356c1e3b11455,INS,2023,19692,,1,,gx-no-cache=1679064145543 HTTP/1.1" 200 3870
190.171.144.234 - - [17/Mar/2023:11:57:51 -0300] "POST /cormun/servlet/solicitudotadjuntos?gx-no-cache=1679064149754 HTTP/1.1" 200 26
186.67.172.234 - - [17/Mar/2023:11:57:57 -0300] "POST /cormun/servlet/solicitudotadjuntos?gx-no-cache=1679064155944 HTTP/1.1" 200 26
200.54.237.82 - - [17/Mar/2023:11:58:00 -0300] "POST /cormun/servlet/trsolicitudot?a27bb035dd107c487f2fb7607a2a77d7,,gx-no-cache=1679064157516 HTTP/1.1" 200 107
200.54.237.82 - - [17/Mar/2023:11:58:00 -0300] "GET /cormun/servlet/trsolicitudadjuntos?2023,19650, HTTP/1.1" 200 6435
200.54.237.82 - - [17/Mar/2023:11:58:00 -0300] "GET /cormun/static/gxcfg.js?20201215574222 HTTP/1.1" 200 953
200.54.237.82 - - [17/Mar/2023:11:58:00 -0300] "GET /cormun/static/Resources/PXToolsGridNew.png HTTP/1.1" 200 427
200.54.237.82 - - [17/Mar/2023:11:58:00 -0300] "GET /cormun/static/trsolicitudadjuntos.js?20201215574932 HTTP/1.1" 200 17922
200.54.237.82 - - [17/Mar/2023:11:58:00 -0300] "GET /cormun/servlet/trsolicitudadjuntos?2023,19650, HTTP/1.1" 200 6435
190.171.144.234 - - [17/Mar/2023:11:58:02 -0300] "GET /cormun/servlet/solicitudotadjuntos?c402abe43ab090ce429876209d6a1c8e15cb0d3881417808a70eebbe0510788a,gx-no-cache=1679064160608 HTTP/1.1" 200 30
190.171.144.234 - - [17/Mar/2023:11:58:02 -0300] "GET /cormun/servlet/solicitudotadjuntos?c402abe43ab090ce429876209d6a1c8e15cb0d3881417808a70eebbe0510788a,gx-no-cache=1679064160653 HTTP/1.1" 200 30
190.171.144.234 - - [17/Mar/2023:11:58:02 -0300] "POST /cormun/servlet/solicitudotadjuntos?399047d81fc2b17f31a356c1e3b11455,INS,2023,19692,,1, HTTP/1.1" 200 116
190.171.144.234 - - [17/Mar/2023:11:58:02 -0300] "GET /cormun/servlet/hpexe_return? HTTP/1.1" 200 1029
190.171.144.234 - - [17/Mar/2023:11:58:03 -0300] "GET /cormun/servlet/trsolicitudadjuntos?2023,19692, HTTP/1.1" 200 9727
190.171.144.234 - - [17/Mar/2023:11:58:05 -0300] "GET /cormun/servlet/trsolicitudadjuntos?2023,19692, HTTP/1.1" 200 9723
190.171.144.234 - - [17/Mar/2023:11:58:06 -0300] "GET /cormun/servlet/solicitudotadjuntos?INS,2023,19692,,1, HTTP/1.1" 200 6043
190.171.144.234 - - [17/Mar/2023:11:58:06 -0300] "GET /cormun/static/about:blank HTTP/1.1" 404 1011
200.54.237.82 - - [17/Mar/2023:11:58:06 -0300] "GET /cormun/servlet/solicitudotadjuntos?INS,2023,19650,,1, HTTP/1.1" 200 6379
200.54.237.82 - - [17/Mar/2023:11:58:06 -0300] "GET /cormun/static/gxcfg.js?202012157947 HTTP/1.1" 200 953
190.171.144.234 - - [17/Mar/2023:11:58:06 -0300] "GET /cormun/servlet/solicitudotadjuntos?INS,2023,19692,,1, HTTP/1.1" 200 6036
200.54.237.82 - - [17/Mar/2023:11:58:06 -0300] "GET /cormun/static/about:blank HTTP/1.1" 404 1011
200.54.237.82 - - [17/Mar/2023:11:58:06 -0300] "GET /cormun/static/solicitudotadjuntos.js?202012157966 HTTP/1.1" 200 11771
200.54.237.82 - - [17/Mar/2023:11:58:07 -0300] "GET /cormun/servlet/solicitudotadjuntos?INS,2023,19650,,1, HTTP/1.1" 200 6373
190.171.144.234 - - [17/Mar/2023:11:58:07 -0300] "GET /cormun/servlet/solicitudotadjuntos?c402abe43ab090ce429876209d6a1c8e0356810e5bd4802dfb71eabdf1b09eb66d2ad8e2826cd4d19e338dbb39c86989,gx-no-cache=1679064165417 HTTP/1.1" 200 30
190.171.144.234 - - [17/Mar/2023:11:58:07 -0300] "POST /cormun/servlet/solicitudotadjuntos?399047d81fc2b17f31a356c1e3b11455,INS,2023,19692,,1,,gx-no-cache=1679064165448 HTTP/1.1" 200 3870
200.54.237.82 - - [17/Mar/2023:11:58:07 -0300] "GET /cormun/servlet/solicitudotadjuntos?43f02adbe44d0706207e6a6e990eb37279145a9c12cb2c8d1ff333f53181655be39134c373947c9b8470f5c3cb2f03f3,gx-no-cache=1679064164879 HTTP/1.1" 200 30
200.54.237.82 - - [17/Mar/2023:11:58:07 -0300] "POST /cormun/servlet/solicitudotadjuntos?a27bb035dd107c487f2fb7607a2a77d7,INS,2023,19650,,1,,gx-no-cache=1679064164893 HTTP/1.1" 200 4185
200.54.237.82 - - [17/Mar/2023:11:58:10 -0300] "POST /cormun/servlet/solicitudotadjuntos?gx-no-cache=1679064168291 HTTP/1.1" 200 26
190.171.144.234 - - [17/Mar/2023:11:58:12 -0300] "POST /cormun/servlet/solicitudotadjuntos?gx-no-cache=1679064170645 HTTP/1.1" 200 26
200.54.237.82 - - [17/Mar/2023:11:58:17 -0300] "GET /cormun/servlet/trsolicitudadjuntos?2023,19650, HTTP/1.1" 200 6435
200.54.237.82 - - [17/Mar/2023:11:58:17 -0300] "GET /cormun/servlet/trsolicitudadjuntos?2023,19650, HTTP/1.1" 200 6435
200.54.237.82 - - [17/Mar/2023:11:58:20 -0300] "GET /cormun/servlet/trsolicitudot? HTTP/1.1" 200 12956
200.54.237.82 - - [17/Mar/2023:11:58:21 -0300] "GET /cormun/servlet/trsolicitudot? HTTP/1.1" 200 12955
190.171.144.234 - - [17/Mar/2023:11:58:22 -0300] "GET /cormun/servlet/solicitudotadjuntos?c402abe43ab090ce429876209d6a1c8e15cb0d3881417808a70eebbe0510788a,gx-no-cache=1679064180073 HTTP/1.1" 200 30
190.171.144.234 - - [17/Mar/2023:11:58:22 -0300] "GET /cormun/servlet/solicitudotadjuntos?c402abe43ab090ce429876209d6a1c8e15cb0d3881417808a70eebbe0510788a,gx-no-cache=1679064180091 HTTP/1.1" 200 30
190.171.144.234 - - [17/Mar/2023:11:58:22 -0300] "POST /cormun/servlet/solicitudotadjuntos?399047d81fc2b17f31a356c1e3b11455,INS,2023,19692,,1, HTTP/1.1" 200 116
190.171.144.234 - - [17/Mar/2023:11:58:22 -0300] "GET /cormun/servlet/hpexe_return? HTTP/1.1" 200 1029
190.171.144.234 - - [17/Mar/2023:11:58:23 -0300] "GET /cormun/servlet/trsolicitudadjuntos?2023,19692, HTTP/1.1" 200 10029
190.171.144.234 - - [17/Mar/2023:11:58:24 -0300] "GET /cormun/servlet/trsolicitudadjuntos?2023,19692, HTTP/1.1" 200 10029
200.54.237.82 - - [17/Mar/2023:11:58:25 -0300] "POST /cormun/servlet/trsolicitudot?a27bb035dd107c487f2fb7607a2a77d7,,gx-no-cache=1679064183347 HTTP/1.1" 200 107
200.54.237.82 - - [17/Mar/2023:11:58:26 -0300] "GET /cormun/servlet/trsolicitudadjuntos?2023,19650, HTTP/1.1" 200 6435
200.54.237.82 - - [17/Mar/2023:11:58:26 -0300] "GET /cormun/servlet/trsolicitudadjuntos?2023,19650, HTTP/1.1" 200 6435
190.171.144.234 - - [17/Mar/2023:11:58:29 -0300] "GET /cormun/servlet/solicitudotadjuntos?INS,2023,19692,,1, HTTP/1.1" 200 6044
190.171.144.234 - - [17/Mar/2023:11:58:30 -0300] "GET /cormun/static/about:blank HTTP/1.1" 404 1011
190.171.144.234 - - [17/Mar/2023:11:58:30 -0300] "GET /cormun/servlet/solicitudotadjuntos?INS,2023,19692,,1, HTTP/1.1" 200 6037
190.171.144.234 - - [17/Mar/2023:11:58:30 -0300] "GET /cormun/servlet/solicitudotadjuntos?c402abe43ab090ce429876209d6a1c8e0356810e5bd4802dfb71eabdf1b09eb66d2ad8e2826cd4d19e338dbb39c86989,gx-no-cache=1679064188881 HTTP/1.1" 200 30
190.171.144.234 - - [17/Mar/2023:11:58:30 -0300] "POST /cormun/servlet/solicitudotadjuntos?399047d81fc2b17f31a356c1e3b11455,INS,2023,19692,,1,,gx-no-cache=1679064188901 HTTP/1.1" 200 3870
200.54.237.82 - - [17/Mar/2023:11:58:32 -0300] "GET /cormun/servlet/trsolicitudot? HTTP/1.1" 200 12956
200.54.237.82 - - [17/Mar/2023:11:58:32 -0300] "GET /cormun/servlet/trsolicitudot? HTTP/1.1" 200 12955
190.171.144.234 - - [17/Mar/2023:11:58:34 -0300] "POST /cormun/servlet/solicitudotadjuntos?gx-no-cache=1679064192458 HTTP/1.1" 200 26
200.54.237.82 - - [17/Mar/2023:11:58:38 -0300] "POST /cormun/servlet/trsolicitudot?a27bb035dd107c487f2fb7607a2a77d7,,gx-no-cache=1679064195522 HTTP/1.1" 200 107
200.54.237.82 - - [17/Mar/2023:11:58:38 -0300] "GET /cormun/servlet/trsolicitudadjuntos?2023,19650, HTTP/1.1" 200 6435
200.54.237.82 - - [17/Mar/2023:11:58:38 -0300] "GET /cormun/servlet/trsolicitudadjuntos?2023,19650, HTTP/1.1" 200 6435
200.54.237.82 - - [17/Mar/2023:11:58:41 -0300] "GET /cormun/servlet/solicitudotadjuntos?INS,2023,19650,,1, HTTP/1.1" 200 6380
200.54.237.82 - - [17/Mar/2023:11:58:41 -0300] "GET /cormun/static/about:blank HTTP/1.1" 404 1011
200.54.237.82 - - [17/Mar/2023:11:58:41 -0300] "GET /cormun/servlet/solicitudotadjuntos?INS,2023,19650,,1, HTTP/1.1" 200 6373
200.54.237.82 - - [17/Mar/2023:11:58:42 -0300] "GET /cormun/servlet/solicitudotadjuntos?43f02adbe44d0706207e6a6e990eb37279145a9c12cb2c8d1ff333f53181655be39134c373947c9b8470f5c3cb2f03f3,gx-no-cache=1679064199590 HTTP/1.1" 200 30
200.54.237.82 - - [17/Mar/2023:11:58:42 -0300] "POST /cormun/servlet/solicitudotadjuntos?a27bb035dd107c487f2fb7607a2a77d7,INS,2023,19650,,1,,gx-no-cache=1679064199604 HTTP/1.1" 200 4184
200.54.237.82 - - [17/Mar/2023:11:58:44 -0300] "POST /cormun/servlet/solicitudotadjuntos?gx-no-cache=1679064201916 HTTP/1.1" 200 26
200.54.237.82 - - [17/Mar/2023:11:58:58 -0300] "GET /cormun/servlet/solicitudotadjuntos?43f02adbe44d0706207e6a6e990eb3729e221af05f13502b5f499e47077db728,gx-no-cache=1679064215878 HTTP/1.1" 200 30
200.54.237.82 - - [17/Mar/2023:11:58:58 -0300] "GET /cormun/servlet/solicitudotadjuntos?43f02adbe44d0706207e6a6e990eb3729e221af05f13502b5f499e47077db728,gx-no-cache=1679064215891 HTTP/1.1" 200 30
200.54.237.82 - - [17/Mar/2023:11:58:58 -0300] "POST /cormun/servlet/solicitudotadjuntos?a27bb035dd107c487f2fb7607a2a77d7,INS,2023,19650,,1, HTTP/1.1" 200 6755
200.54.237.82 - - [17/Mar/2023:11:58:58 -0300] "GET /cormun/PrivateTempStorage/upload_00010423.JPG HTTP/1.1" 200 101428
200.54.237.82 - - [17/Mar/2023:11:59:02 -0300] "POST /cormun/servlet/solicitudotadjuntos?gx-no-cache=1679064220150 HTTP/1.1" 200 26
190.171.143.106 - - [17/Mar/2023:11:59:09 -0300] "POST /cormun/servlet/solicitudot?gx-no-cache=1679064389470 HTTP/1.1" 200 3955
190.171.143.106 - - [17/Mar/2023:11:59:09 -0300] "POST /cormun/servlet/solicitudot?ba940abd7c0cfd4afd8be33b0f5439ae,INS,0,0,false,,gx-no-cache=1679064389618 HTTP/1.1" 200 12835
190.171.143.106 - - [17/Mar/2023:11:59:10 -0300] "GET /cormun/servlet/solicitudot?cb65e8dc8e582f1569bd23d24c7c000e010b184aad970ac0ecaef09e5c14a2f6d8fee35c70b311e01a369499b9dff072,gx-no-cache=1679064389801 HTTP/1.1" 200 30
190.171.141.106 - - [17/Mar/2023:11:59:54 -0300] "GET /cormun/servlet/hlogin HTTP/1.1" 200 1731
200.54.237.82 - - [17/Mar/2023:11:59:54 -0300] "POST /cormun/servlet/solicitudotadjuntos?a27bb035dd107c487f2fb7607a2a77d7,INS,2023,19650,,1, HTTP/1.1" 200 116
200.54.237.82 - - [17/Mar/2023:11:59:54 -0300] "GET /cormun/servlet/hpexe_return? HTTP/1.1" 200 1027
200.54.237.82 - - [17/Mar/2023:11:59:54 -0300] "GET /cormun/static/gxcfg.js?201991422392976 HTTP/1.1" 200 953
200.54.237.82 - - [17/Mar/2023:11:59:54 -0300] "GET /cormun/static/hpexe_return.js?201991422392984 HTTP/1.1" 200 1633
200.54.237.82 - - [17/Mar/2023:11:59:54 -0300] "GET /cormun/servlet/trsolicitudadjuntos?2023,19650, HTTP/1.1" 200 6439
200.54.237.82 - - [17/Mar/2023:11:59:55 -0300] "GET /cormun/servlet/trsolicitudadjuntos?2023,19650, HTTP/1.1" 200 6435
190.171.141.106 - - [17/Mar/2023:11:59:55 -0300] "GET /cormun/servlet/hlogin HTTP/1.1" 200 1741
190.171.141.106 - - [17/Mar/2023:12:00:01 -0300] "POST /cormun/servlet/hlogin?45569ebcb69e318d762273454094f0a2,gx-no-cache=1679064278188 HTTP/1.1" 200 90
190.171.141.106 - - [17/Mar/2023:12:00:01 -0300] "GET /cormun/servlet/hpexe_link HTTP/1.1" 200 955
190.171.141.106 - - [17/Mar/2023:12:00:01 -0300] "GET /cormun/servlet/hhome HTTP/1.1" 200 4289
190.171.141.106 - - [17/Mar/2023:12:00:01 -0300] "GET /cormun/servlet/hhome HTTP/1.1" 200 4285
190.171.141.106 - - [17/Mar/2023:12:00:04 -0300] "GET /cormun/servlet/trsolicitudot? HTTP/1.1" 200 7514
190.171.141.106 - - [17/Mar/2023:12:00:04 -0300] "GET /cormun/servlet/trsolicitudot? HTTP/1.1" 200 7512
190.171.141.106 - - [17/Mar/2023:12:00:07 -0300] "GET /cormun/servlet/solicitudot?INS,0,0,false, HTTP/1.1" 200 16144
190.171.141.106 - - [17/Mar/2023:12:00:08 -0300] "GET /cormun/servlet/solicitudot?INS,0,0,false, HTTP/1.1" 200 16152
190.171.144.234 - - [17/Mar/2023:12:00:41 -0300] "GET /cormun/servlet/solicitudotadjuntos?c402abe43ab090ce429876209d6a1c8e15cb0d3881417808a70eebbe0510788a,gx-no-cache=1679064319146 HTTP/1.1" 200 30
190.171.144.234 - - [17/Mar/2023:12:00:41 -0300] "GET /cormun/servlet/solicitudotadjuntos?c402abe43ab090ce429876209d6a1c8e15cb0d3881417808a70eebbe0510788a,gx-no-cache=1679064319168 HTTP/1.1" 200 30
190.171.144.234 - - [17/Mar/2023:12:00:41 -0300] "POST /cormun/servlet/solicitudotadjuntos?399047d81fc2b17f31a356c1e3b11455,INS,2023,19692,,1, HTTP/1.1" 200 116
190.171.144.234 - - [17/Mar/2023:12:00:41 -0300] "GET /cormun/servlet/hpexe_return? HTTP/1.1" 200 1029
190.171.144.234 - - [17/Mar/2023:12:00:42 -0300] "GET /cormun/servlet/trsolicitudadjuntos?2023,19692, HTTP/1.1" 200 10294
190.171.144.234 - - [17/Mar/2023:12:00:44 -0300] "GET /cormun/servlet/trsolicitudadjuntos?2023,19692, HTTP/1.1" 200 10290
190.171.141.106 - - [17/Mar/2023:12:00:45 -0300] "POST /cormun/servlet/solicitudot?gx-no-cache=1679064322243 HTTP/1.1" 200 3951
190.171.141.106 - - [17/Mar/2023:12:00:45 -0300] "POST /cormun/servlet/solicitudot?45569ebcb69e318d762273454094f0a2,INS,0,0,false,,gx-no-cache=1679064322405 HTTP/1.1" 200 12782
190.171.141.106 - - [17/Mar/2023:12:00:50 -0300] "GET /cormun/servlet/solicitudot?0726ef7518cc5fa1f1775ecd6ca6afd5b71919eeb96ef499f9ca52eef0e46856c7bc114e702f5f702eaf6249854d0b2a,gx-no-cache=1679064327423 HTTP/1.1" 200 30
190.171.144.234 - - [17/Mar/2023:12:00:55 -0300] "GET /cormun/servlet/trsolicitudot? HTTP/1.1" 200 8617
190.171.144.234 - - [17/Mar/2023:12:00:56 -0300] "GET /cormun/servlet/trsolicitudot? HTTP/1.1" 200 8610
200.54.237.82 - - [17/Mar/2023:12:00:56 -0300] "GET /cormun/servlet/solicitudotadjuntos?INS,2023,19650,,1, HTTP/1.1" 200 6379
200.54.237.82 - - [17/Mar/2023:12:00:57 -0300] "GET /cormun/static/about:blank HTTP/1.1" 404 1011
200.54.237.82 - - [17/Mar/2023:12:00:57 -0300] "GET /cormun/servlet/solicitudotadjuntos?INS,2023,19650,,1, HTTP/1.1" 200 6373
200.54.237.82 - - [17/Mar/2023:12:00:57 -0300] "GET /cormun/servlet/solicitudotadjuntos?43f02adbe44d0706207e6a6e990eb37279145a9c12cb2c8d1ff333f53181655be39134c373947c9b8470f5c3cb2f03f3,gx-no-cache=1679064335013 HTTP/1.1" 200 30
200.54.237.82 - - [17/Mar/2023:12:00:57 -0300] "POST /cormun/servlet/solicitudotadjuntos?a27bb035dd107c487f2fb7607a2a77d7,INS,2023,19650,,1,,gx-no-cache=1679064335026 HTTP/1.1" 200 4185
200.54.237.82 - - [17/Mar/2023:12:01:02 -0300] "POST /cormun/servlet/solicitudotadjuntos?gx-no-cache=1679064339770 HTTP/1.1" 200 26
190.171.144.234 - - [17/Mar/2023:12:01:04 -0300] "POST /cormun/servlet/trsolicitudot?399047d81fc2b17f31a356c1e3b11455,,gx-no-cache=1679064342917 HTTP/1.1" 200 4584
190.171.144.234 - - [17/Mar/2023:12:01:05 -0300] "GET /cormun/static/Shared/jqueryui/images/ui-icons_82798d_256x240.png HTTP/1.1" 404 1089
190.171.144.234 - - [17/Mar/2023:12:01:05 -0300] "GET /cormun/static/Shared/jqueryui/images/ui-bg_flat_55_fafafa_40x100.png HTTP/1.1" 404 1097
190.171.144.234 - - [17/Mar/2023:12:01:05 -0300] "GET /cormun/static/Shared/jqueryui/images/ui-bg_highlight-soft_100_c6c2c8_1x100.png HTTP/1.1" 404 1117
190.171.144.234 - - [17/Mar/2023:12:01:05 -0300] "GET /cormun/static/Shared/jqueryui/images/ui-icons_8d78a5_256x240.png HTTP/1.1" 404 1089
190.171.144.234 - - [17/Mar/2023:12:01:05 -0300] "POST /cormun/servlet/trsolicitudot?399047d81fc2b17f31a356c1e3b11455,,gx-no-cache=1679064343081 HTTP/1.1" 200 4349
200.54.237.82 - - [17/Mar/2023:12:01:07 -0300] "GET /cormun/servlet/solicitudotadjuntos?43f02adbe44d0706207e6a6e990eb3729e221af05f13502b5f499e47077db728,gx-no-cache=1679064344766 HTTP/1.1" 200 30
200.54.237.82 - - [17/Mar/2023:12:01:07 -0300] "GET /cormun/servlet/solicitudotadjuntos?43f02adbe44d0706207e6a6e990eb3729e221af05f13502b5f499e47077db728,gx-no-cache=1679064344784 HTTP/1.1" 200 30
200.54.237.82 - - [17/Mar/2023:12:01:07 -0300] "POST /cormun/servlet/solicitudotadjuntos?a27bb035dd107c487f2fb7607a2a77d7,INS,2023,19650,,1, HTTP/1.1" 200 6676
200.54.237.82 - - [17/Mar/2023:12:01:07 -0300] "GET /cormun/PrivateTempStorage/upload_00010459.JPG HTTP/1.1" 200 104378
190.171.144.234 - - [17/Mar/2023:12:01:19 -0300] "GET /cormun/servlet/hlogin HTTP/1.1" 200 1721
190.171.144.234 - - [17/Mar/2023:12:01:26 -0300] "POST /cormun/servlet/hlogin?9f5d2760c9616886cf3cd3158a253c60,gx-no-cache=1679064364510 HTTP/1.1" 200 90
190.171.144.234 - - [17/Mar/2023:12:01:26 -0300] "GET /cormun/servlet/hpexe_link HTTP/1.1" 200 948
190.171.144.234 - - [17/Mar/2023:12:01:27 -0300] "GET /cormun/servlet/hhome HTTP/1.1" 200 4130
190.171.144.234 - - [17/Mar/2023:12:01:27 -0300] "GET /cormun/servlet/hhome HTTP/1.1" 200 4128
190.171.144.234 - - [17/Mar/2023:12:01:31 -0300] "GET /cormun/servlet/trautorizarsolicitud? HTTP/1.1" 200 8625
190.171.144.234 - - [17/Mar/2023:12:01:31 -0300] "GET /cormun/servlet/trautorizarsolicitud? HTTP/1.1" 200 8623
190.171.144.234 - - [17/Mar/2023:12:01:43 -0300] "POST /cormun/servlet/trautorizarsolicitud?9f5d2760c9616886cf3cd3158a253c60,,gx-no-cache=1679064381564 HTTP/1.1" 200 4771
190.171.144.234 - - [17/Mar/2023:12:01:43 -0300] "GET /cormun/static/Shared/jqueryui/images/ui-bg_highlight-soft_100_c6c2c8_1x100.png HTTP/1.1" 404 1117
190.171.144.234 - - [17/Mar/2023:12:01:43 -0300] "GET /cormun/static/Shared/jqueryui/images/ui-icons_82798d_256x240.png HTTP/1.1" 404 1089
190.171.144.234 - - [17/Mar/2023:12:01:43 -0300] "GET /cormun/static/Shared/jqueryui/images/ui-bg_flat_55_fafafa_40x100.png HTTP/1.1" 404 1097
190.171.144.234 - - [17/Mar/2023:12:01:43 -0300] "GET /cormun/static/Shared/jqueryui/images/ui-icons_8d78a5_256x240.png HTTP/1.1" 404 1089
190.171.144.234 - - [17/Mar/2023:12:01:43 -0300] "POST /cormun/servlet/trautorizarsolicitud?9f5d2760c9616886cf3cd3158a253c60,,gx-no-cache=1679064381734 HTTP/1.1" 200 4530
190.171.141.106 - - [17/Mar/2023:12:02:30 -0300] "GET /cormun/servlet/solicitudot?0726ef7518cc5fa1f1775ecd6ca6afd54dde02e166fcc9afba736b54dcc9adc3e1da08e19a1024c5e320265178847cfeec3123ec01c26016a0c75130d8ca7add,gx-no-cache=1679064427814 HTTP/1.1" 200 30
190.171.141.106 - - [17/Mar/2023:12:02:37 -0300] "GET /cormun/servlet/solicitudot?0726ef7518cc5fa1f1775ecd6ca6afd5a4b0ca8d8884dd65181fe653e889ad34,gx-no-cache=1679064434988 HTTP/1.1" 200 53
190.171.141.106 - - [17/Mar/2023:12:02:53 -0300] "POST /cormun/servlet/solicitudot?gx-no-cache=1679064450815 HTTP/1.1" 200 255
186.67.172.234 - - [17/Mar/2023:12:02:56 -0300] "GET /cormun/servlet/solicitudotadjuntos?cc39e56587a66e78d3ef1263930c7a255803cf304524ca6dc6f328bb6866a4a6,gx-no-cache=1679064454960 HTTP/1.1" 200 30
186.67.172.234 - - [17/Mar/2023:12:02:56 -0300] "GET /cormun/servlet/solicitudotadjuntos?cc39e56587a66e78d3ef1263930c7a255803cf304524ca6dc6f328bb6866a4a6,gx-no-cache=1679064454982 HTTP/1.1" 200 30
190.171.141.106 - - [17/Mar/2023:12:02:56 -0300] "GET /cormun/servlet/solicitudot?0726ef7518cc5fa1f1775ecd6ca6afd5910cf46ec943c773ac88f8db6e7ae9ff300b0ffd4fdada651e8437034107e8024c9ec5b83672d36d0a398f3c1c284633ddd057961e1007b57361ca2894cd3db3c523430338465eedfe58a1d1509fe20379c2fda8683846ba671a6157f317b43cb9f76614a03ccd4bccdaff09b378913016a44964658311af7fd8977cfa77366c78e00ba2c1aa57b47e595d324fbd9ff26bac7929c836af44a45d2cb29db91776cf96ce0de357be9f02fb96ae3e6fddebe65962ed6d912218549a15f2a60bba64597cb0b7a27855973cc009a9a2be892ca13188f7e228a7bb217c51d8ade79002396fa9ed4227efd8ef8caf3743c61e2e7792f1ea1a1c3641df1c6512fa2261c37f349df85229aa6e8afa8c59a1b95c6234d23b34bf30ab3878ea620f3411bfb1e561f88276c0036780188ad394358e4fc457b0ad9be380196e4fd9eda2f507ae6088f9f6077cbb73c1ede75ebdff8405648e8cdc4cdabde25b56e8bb62ed25597f1377eeecb5172d00ae6e61ec90d5e5,gx-no-cache=1679064453929 HTTP/1.1" 200 30
186.67.172.234 - - [17/Mar/2023:12:02:56 -0300] "POST /cormun/servlet/solicitudotadjuntos?962f6df99cb076b9082816607d883bc3,INS,2023,19684,,1, HTTP/1.1" 200 116
186.67.172.234 - - [17/Mar/2023:12:02:57 -0300] "GET /cormun/servlet/hpexe_return? HTTP/1.1" 200 1026
186.67.172.234 - - [17/Mar/2023:12:02:57 -0300] "GET /cormun/servlet/trsolicitudadjuntos?2023,19684, HTTP/1.1" 200 9111
186.67.172.234 - - [17/Mar/2023:12:02:57 -0300] "GET /cormun/servlet/trsolicitudadjuntos?2023,19684, HTTP/1.1" 200 9104
186.67.172.234 - - [17/Mar/2023:12:02:59 -0300] "GET /cormun/servlet/solicitudotadjuntos?INS,2023,19684,,1, HTTP/1.1" 200 6139
186.67.172.234 - - [17/Mar/2023:12:02:59 -0300] "GET /cormun/static/about:blank HTTP/1.1" 404 1011
186.67.172.234 - - [17/Mar/2023:12:02:59 -0300] "GET /cormun/servlet/solicitudotadjuntos?INS,2023,19684,,1, HTTP/1.1" 200 6132
186.67.172.234 - - [17/Mar/2023:12:03:00 -0300] "GET /cormun/servlet/solicitudotadjuntos?cc39e56587a66e78d3ef1263930c7a25df0ada2f6afe7a651a9271c464e04e700b1d496e135b9d53eb9f1c9f8eb96833,gx-no-cache=1679064458360 HTTP/1.1" 200 30
186.67.172.234 - - [17/Mar/2023:12:03:00 -0300] "POST /cormun/servlet/solicitudotadjuntos?962f6df99cb076b9082816607d883bc3,INS,2023,19684,,1,,gx-no-cache=1679064458437 HTTP/1.1" 200 4186
186.67.172.234 - - [17/Mar/2023:12:03:02 -0300] "POST /cormun/servlet/solicitudotadjuntos?gx-no-cache=1679064460495 HTTP/1.1" 200 26
190.171.141.106 - - [17/Mar/2023:12:03:10 -0300] "POST /cormun/servlet/solicitudot?gx-no-cache=1679064467566 HTTP/1.1" 200 30
186.67.172.234 - - [17/Mar/2023:12:03:11 -0300] "POST /cormun/servlet/solicitudotadjuntos?962f6df99cb076b9082816607d883bc3,INS,2023,19684,,1,,gx-no-cache=1679064469634 HTTP/1.1" 200 93
186.67.172.234 - - [17/Mar/2023:12:03:11 -0300] "GET /cormun/servlet/hpexe_return? HTTP/1.1" 200 1026
186.67.172.234 - - [17/Mar/2023:12:03:11 -0300] "GET /cormun/servlet/trsolicitudadjuntos?2023,19684, HTTP/1.1" 200 9111
186.67.172.234 - - [17/Mar/2023:12:03:12 -0300] "GET /cormun/servlet/trsolicitudadjuntos?2023,19684, HTTP/1.1" 200 9104
190.171.141.106 - - [17/Mar/2023:12:03:13 -0300] "POST /cormun/servlet/solicitudot?gx-no-cache=1679064470143 HTTP/1.1" 200 1469
190.171.141.106 - - [17/Mar/2023:12:03:13 -0300] "POST /cormun/servlet/solicitudot?gx-no-cache=1679064470181 HTTP/1.1" 200 38
186.67.172.234 - - [17/Mar/2023:12:03:17 -0300] "GET /cormun/servlet/solicitudotadjuntos?DLT,2023,19684,CERTIF3,0, HTTP/1.1" 200 6130
186.67.172.234 - - [17/Mar/2023:12:03:17 -0300] "GET /cormun/static/Shared/jqueryui/images/ui-bg_highlight-soft_100_c6c2c8_1x100.png HTTP/1.1" 404 1117
186.67.172.234 - - [17/Mar/2023:12:03:17 -0300] "GET /cormun/static/Shared/jqueryui/images/ui-icons_82798d_256x240.png HTTP/1.1" 404 1089
186.67.172.234 - - [17/Mar/2023:12:03:17 -0300] "GET /cormun/static/Shared/jqueryui/images/ui-bg_flat_55_fafafa_40x100.png HTTP/1.1" 404 1097
186.67.172.234 - - [17/Mar/2023:12:03:17 -0300] "GET /cormun/static/Shared/jqueryui/images/ui-icons_8d78a5_256x240.png HTTP/1.1" 404 1089
186.67.172.234 - - [17/Mar/2023:12:03:17 -0300] "GET /cormun/servlet/solicitudotadjuntos?DLT,2023,19684,CERTIF3,0, HTTP/1.1" 200 6122
186.67.172.234 - - [17/Mar/2023:12:03:17 -0300] "GET /cormun/PublicTempStorage/certificado_afp_%282%293295831.pdf HTTP/1.1" 200 68664
186.67.172.234 - - [17/Mar/2023:12:03:20 -0300] "POST /cormun/servlet/solicitudotadjuntos?962f6df99cb076b9082816607d883bc3,DLT,2023,19684,CERTIF3,0,,gx-no-cache=1679064478401 HTTP/1.1" 200 93
186.67.172.234 - - [17/Mar/2023:12:03:20 -0300] "GET /cormun/servlet/hpexe_return? HTTP/1.1" 200 1032
186.67.172.234 - - [17/Mar/2023:12:03:20 -0300] "GET /cormun/servlet/trsolicitudadjuntos?2023,19684, HTTP/1.1" 200 9111
186.67.172.234 - - [17/Mar/2023:12:03:20 -0300] "GET /cormun/servlet/trsolicitudadjuntos?2023,19684, HTTP/1.1" 200 9104
186.67.172.234 - - [17/Mar/2023:12:03:24 -0300] "POST /cormun/servlet/trsolicitudadjuntos?962f6df99cb076b9082816607d883bc3,2023,19684,,gx-no-cache=1679064482201 HTTP/1.1" 200 90
186.67.172.234 - - [17/Mar/2023:12:03:24 -0300] "GET /cormun/servlet/hpexe_link HTTP/1.1" 200 969
186.67.172.234 - - [17/Mar/2023:12:03:24 -0300] "GET /cormun/servlet/trsolicitudot HTTP/1.1" 200 8613
186.67.172.234 - - [17/Mar/2023:12:03:24 -0300] "GET /cormun/servlet/trsolicitudot HTTP/1.1" 200 8612
186.67.172.234 - - [17/Mar/2023:12:03:31 -0300] "GET /cormun/servlet/trlicencias? HTTP/1.1" 200 13084
186.67.172.234 - - [17/Mar/2023:12:03:31 -0300] "GET /cormun/servlet/trlicencias? HTTP/1.1" 200 13083
190.171.141.106 - - [17/Mar/2023:12:04:00 -0300] "GET /cormun/servlet/solicitudot?0726ef7518cc5fa1f1775ecd6ca6afd5ded416e9cdb6f27efc2a38ef3f50bfd51644475a0d0f6f7414b5df159110e3fbb61874fc1ed9a7df094062d9acb1018e833244a7e8a40973277c4129b509928c1b200a4540c1c56482dd54a64b737f01c47ef9b8956cb169f7c515a5ddc06610,gx-no-cache=1679064518003 HTTP/1.1" 200 110
190.171.141.106 - - [17/Mar/2023:12:04:00 -0300] "POST /cormun/servlet/solicitudot?gx-no-cache=1679064518044 HTTP/1.1" 200 97
190.171.144.234 - - [17/Mar/2023:12:04:07 -0300] "GET /cormun/servlet/hlogin HTTP/1.1" 200 1726
190.171.141.106 - - [17/Mar/2023:12:04:11 -0300] "GET /cormun/servlet/solicitudot?0726ef7518cc5fa1f1775ecd6ca6afd5dc2a30baf27baed65378d1a07145be506d9d9dfc4b7a508fffad5468e0bef1fb65d797a28af219c81a33483f502170b2096c6f3230ca062f2382d4f963f3d5b32de447505b6a3348aa80941d0d38e8ad104c9be3a5de7a955c820e845a1bcc89,gx-no-cache=1679064528559 HTTP/1.1" 200 29
190.171.141.106 - - [17/Mar/2023:12:04:20 -0300] "GET /cormun/servlet/solicitudot?0726ef7518cc5fa1f1775ecd6ca6afd568ce76e6e4f4567b016348f7cf5173023a3607c5a946a53ea45961c59021b0e9,gx-no-cache=1679064537914 HTTP/1.1" 200 30
190.171.141.106 - - [17/Mar/2023:12:04:37 -0300] "POST /cormun/servlet/solicitudot?gx-no-cache=1679064554910 HTTP/1.1" 200 30
200.54.237.82 - - [17/Mar/2023:12:05:00 -0300] "POST /cormun/servlet/solicitudotadjuntos?a27bb035dd107c487f2fb7607a2a77d7,INS,2023,19650,,1, HTTP/1.1" 200 116
200.54.237.82 - - [17/Mar/2023:12:05:01 -0300] "GET /cormun/servlet/hpexe_return? HTTP/1.1" 200 1027
200.54.237.82 - - [17/Mar/2023:12:05:01 -0300] "GET /cormun/servlet/trsolicitudadjuntos?2023,19650, HTTP/1.1" 200 6439
200.54.237.82 - - [17/Mar/2023:12:05:01 -0300] "GET /cormun/servlet/trsolicitudadjuntos?2023,19650, HTTP/1.1" 200 6435
200.54.237.82 - - [17/Mar/2023:12:05:04 -0300] "GET /cormun/servlet/trsolicitudot? HTTP/1.1" 200 12962
200.54.237.82 - - [17/Mar/2023:12:05:05 -0300] "GET /cormun/servlet/trsolicitudot? HTTP/1.1" 200 12955
200.54.237.82 - - [17/Mar/2023:12:05:09 -0300] "POST /cormun/servlet/trsolicitudot?a27bb035dd107c487f2fb7607a2a77d7,,gx-no-cache=1679064586369 HTTP/1.1" 200 107
200.54.237.82 - - [17/Mar/2023:12:05:09 -0300] "GET /cormun/servlet/trsolicitudadjuntos?2023,19663, HTTP/1.1" 200 6436
200.54.237.82 - - [17/Mar/2023:12:05:09 -0300] "GET /cormun/servlet/trsolicitudadjuntos?2023,19663, HTTP/1.1" 200 6436
200.54.237.82 - - [17/Mar/2023:12:05:13 -0300] "GET /cormun/servlet/solicitudotadjuntos?INS,2023,19663,,1, HTTP/1.1" 200 6380
200.54.237.82 - - [17/Mar/2023:12:05:13 -0300] "GET /cormun/static/about:blank HTTP/1.1" 404 1011
200.54.237.82 - - [17/Mar/2023:12:05:13 -0300] "GET /cormun/servlet/solicitudotadjuntos?INS,2023,19663,,1, HTTP/1.1" 200 6373
200.54.237.82 - - [17/Mar/2023:12:05:13 -0300] "GET /cormun/servlet/solicitudotadjuntos?43f02adbe44d0706207e6a6e990eb37250b581aa5316818616b937bd9a25ddfee39134c373947c9b8470f5c3cb2f03f3,gx-no-cache=1679064591111 HTTP/1.1" 200 30
200.54.237.82 - - [17/Mar/2023:12:05:13 -0300] "POST /cormun/servlet/solicitudotadjuntos?a27bb035dd107c487f2fb7607a2a77d7,INS,2023,19663,,1,,gx-no-cache=1679064591125 HTTP/1.1" 200 4184
200.54.237.82 - - [17/Mar/2023:12:05:16 -0300] "POST /cormun/servlet/solicitudotadjuntos?gx-no-cache=1679064593747 HTTP/1.1" 200 26
190.171.141.106 - - [17/Mar/2023:12:05:17 -0300] "POST /cormun/servlet/solicitudot?45569ebcb69e318d762273454094f0a2,INS,0,0,false,,gx-no-cache=1679064594552 HTTP/1.1" 200 93
190.171.141.106 - - [17/Mar/2023:12:05:17 -0300] "GET /cormun/servlet/hpexe_return? HTTP/1.1" 200 1012
190.171.141.106 - - [17/Mar/2023:12:05:18 -0300] "GET /cormun/servlet/trsolicitudot HTTP/1.1" 200 8940
190.171.141.106 - - [17/Mar/2023:12:05:18 -0300] "GET /cormun/servlet/trsolicitudot HTTP/1.1" 200 8936
200.54.237.82 - - [17/Mar/2023:12:05:26 -0300] "GET /cormun/servlet/solicitudotadjuntos?43f02adbe44d0706207e6a6e990eb3729e221af05f13502b5f499e47077db728,gx-no-cache=1679064604134 HTTP/1.1" 200 30
200.54.237.82 - - [17/Mar/2023:12:05:26 -0300] "GET /cormun/servlet/solicitudotadjuntos?43f02adbe44d0706207e6a6e990eb3729e221af05f13502b5f499e47077db728,gx-no-cache=1679064604145 HTTP/1.1" 200 30
200.54.237.82 - - [17/Mar/2023:12:05:26 -0300] "POST /cormun/servlet/solicitudotadjuntos?a27bb035dd107c487f2fb7607a2a77d7,INS,2023,19663,,1, HTTP/1.1" 200 116
200.54.237.82 - - [17/Mar/2023:12:05:26 -0300] "GET /cormun/servlet/hpexe_return? HTTP/1.1" 200 1027
200.54.237.82 - - [17/Mar/2023:12:05:27 -0300] "GET /cormun/servlet/trsolicitudadjuntos?2023,19663, HTTP/1.1" 200 9351
200.54.237.82 - - [17/Mar/2023:12:05:27 -0300] "GET /cormun/servlet/trsolicitudadjuntos?2023,19663, HTTP/1.1" 200 9350
190.171.141.106 - - [17/Mar/2023:12:05:28 -0300] "POST /cormun/servlet/trsolicitudot?45569ebcb69e318d762273454094f0a2,gx-no-cache=1679064605769 HTTP/1.1" 200 107
190.171.141.106 - - [17/Mar/2023:12:05:28 -0300] "GET /cormun/servlet/trsolicitudadjuntos?2023,19693, HTTP/1.1" 200 6390
190.171.141.106 - - [17/Mar/2023:12:05:29 -0300] "GET /cormun/servlet/trsolicitudadjuntos?2023,19693, HTTP/1.1" 200 6390
200.54.237.82 - - [17/Mar/2023:12:05:30 -0300] "GET /cormun/servlet/solicitudotadjuntos?INS,2023,19663,,1, HTTP/1.1" 200 6380
200.54.237.82 - - [17/Mar/2023:12:05:30 -0300] "GET /cormun/static/about:blank HTTP/1.1" 404 1011
200.54.237.82 - - [17/Mar/2023:12:05:30 -0300] "GET /cormun/servlet/solicitudotadjuntos?INS,2023,19663,,1, HTTP/1.1" 200 6373
200.54.237.82 - - [17/Mar/2023:12:05:31 -0300] "GET /cormun/servlet/solicitudotadjuntos?43f02adbe44d0706207e6a6e990eb37250b581aa5316818616b937bd9a25ddfee39134c373947c9b8470f5c3cb2f03f3,gx-no-cache=1679064608708 HTTP/1.1" 200 30
200.54.237.82 - - [17/Mar/2023:12:05:31 -0300] "POST /cormun/servlet/solicitudotadjuntos?a27bb035dd107c487f2fb7607a2a77d7,INS,2023,19663,,1,,gx-no-cache=1679064608723 HTTP/1.1" 200 4184
190.171.141.106 - - [17/Mar/2023:12:05:33 -0300] "GET /cormun/servlet/solicitudotadjuntos?INS,2023,19693,,1, HTTP/1.1" 200 6335
190.171.141.106 - - [17/Mar/2023:12:05:33 -0300] "GET /cormun/static/about:blank HTTP/1.1" 404 1011
190.171.141.106 - - [17/Mar/2023:12:05:33 -0300] "GET /cormun/servlet/solicitudotadjuntos?INS,2023,19693,,1, HTTP/1.1" 200 6328
190.171.141.106 - - [17/Mar/2023:12:05:34 -0300] "GET /cormun/servlet/solicitudotadjuntos?0726ef7518cc5fa1f1775ecd6ca6afd56b8d6fa7206e7b526da4a2a7ac0c331746b6bbc3e5ae9cf8f6283c18b0f4c442,gx-no-cache=1679064611200 HTTP/1.1" 200 30
190.171.141.106 - - [17/Mar/2023:12:05:34 -0300] "POST /cormun/servlet/solicitudotadjuntos?45569ebcb69e318d762273454094f0a2,INS,2023,19693,,1,,gx-no-cache=1679064611215 HTTP/1.1" 200 4194
200.54.237.82 - - [17/Mar/2023:12:05:35 -0300] "POST /cormun/servlet/solicitudotadjuntos?gx-no-cache=1679064612662 HTTP/1.1" 200 26
200.54.237.82 - - [17/Mar/2023:12:05:42 -0300] "GET /cormun/servlet/solicitudotadjuntos?43f02adbe44d0706207e6a6e990eb3729e221af05f13502b5f499e47077db728,gx-no-cache=1679064620190 HTTP/1.1" 200 30
200.54.237.82 - - [17/Mar/2023:12:05:42 -0300] "GET /cormun/servlet/solicitudotadjuntos?43f02adbe44d0706207e6a6e990eb3729e221af05f13502b5f499e47077db728,gx-no-cache=1679064620202 HTTP/1.1" 200 30
200.54.237.82 - - [17/Mar/2023:12:05:43 -0300] "POST /cormun/servlet/solicitudotadjuntos?a27bb035dd107c487f2fb7607a2a77d7,INS,2023,19663,,1, HTTP/1.1" 200 116
200.54.237.82 - - [17/Mar/2023:12:05:43 -0300] "GET /cormun/servlet/hpexe_return? HTTP/1.1" 200 1027
200.54.237.82 - - [17/Mar/2023:12:05:43 -0300] "GET /cormun/servlet/trsolicitudadjuntos?2023,19663, HTTP/1.1" 200 9574
200.54.237.82 - - [17/Mar/2023:12:05:43 -0300] "GET /cormun/servlet/trsolicitudadjuntos?2023,19663, HTTP/1.1" 200 9571
200.54.237.82 - - [17/Mar/2023:12:05:46 -0300] "GET /cormun/servlet/solicitudotadjuntos?INS,2023,19663,,1, HTTP/1.1" 200 6380
200.54.237.82 - - [17/Mar/2023:12:05:46 -0300] "GET /cormun/static/about:blank HTTP/1.1" 404 1011
200.54.237.82 - - [17/Mar/2023:12:05:46 -0300] "GET /cormun/servlet/solicitudotadjuntos?INS,2023,19663,,1, HTTP/1.1" 200 6373
200.54.237.82 - - [17/Mar/2023:12:05:46 -0300] "GET /cormun/servlet/solicitudotadjuntos?43f02adbe44d0706207e6a6e990eb37250b581aa5316818616b937bd9a25ddfee39134c373947c9b8470f5c3cb2f03f3,gx-no-cache=1679064624359 HTTP/1.1" 200 30
200.54.237.82 - - [17/Mar/2023:12:05:47 -0300] "POST /cormun/servlet/solicitudotadjuntos?a27bb035dd107c487f2fb7607a2a77d7,INS,2023,19663,,1,,gx-no-cache=1679064624373 HTTP/1.1" 200 4184
190.171.141.106 - - [17/Mar/2023:12:06:30 -0300] "POST /cormun/servlet/solicitudotadjuntos?gx-no-cache=1679064667768 HTTP/1.1" 200 26
190.171.141.106 - - [17/Mar/2023:12:06:55 -0300] "GET /cormun/servlet/solicitudotadjuntos?0726ef7518cc5fa1f1775ecd6ca6afd5023939cedabed0536fc3c56cc1e945ff,gx-no-cache=1679064692933 HTTP/1.1" 200 30
190.171.141.106 - - [17/Mar/2023:12:06:55 -0300] "GET /cormun/servlet/solicitudotadjuntos?0726ef7518cc5fa1f1775ecd6ca6afd5023939cedabed0536fc3c56cc1e945ff,gx-no-cache=1679064692961 HTTP/1.1" 200 30
190.171.141.106 - - [17/Mar/2023:12:06:55 -0300] "POST /cormun/servlet/solicitudotadjuntos?45569ebcb69e318d762273454094f0a2,INS,2023,19693,,1, HTTP/1.1" 200 116
190.171.141.106 - - [17/Mar/2023:12:06:56 -0300] "GET /cormun/servlet/hpexe_return? HTTP/1.1" 200 1030
190.171.141.106 - - [17/Mar/2023:12:06:56 -0300] "GET /cormun/servlet/trsolicitudadjuntos?2023,19693, HTTP/1.1" 200 9291
190.171.141.106 - - [17/Mar/2023:12:06:56 -0300] "GET /cormun/servlet/trsolicitudadjuntos?2023,19693, HTTP/1.1" 200 9289
190.171.141.106 - - [17/Mar/2023:12:07:00 -0300] "GET /cormun/servlet/solicitudotadjuntos?INS,2023,19693,,1, HTTP/1.1" 200 6335
190.171.141.106 - - [17/Mar/2023:12:07:00 -0300] "GET /cormun/static/about:blank HTTP/1.1" 404 1011
190.171.141.106 - - [17/Mar/2023:12:07:01 -0300] "GET /cormun/servlet/solicitudotadjuntos?INS,2023,19693,,1, HTTP/1.1" 200 6329
190.171.141.106 - - [17/Mar/2023:12:07:01 -0300] "GET /cormun/servlet/solicitudotadjuntos?0726ef7518cc5fa1f1775ecd6ca6afd56b8d6fa7206e7b526da4a2a7ac0c331746b6bbc3e5ae9cf8f6283c18b0f4c442,gx-no-cache=1679064698556 HTTP/1.1" 200 30
