200.54.103.162 - - [17/Mar/2023:11:47:52 -0300] "POST /cormun/servlet/solicitudotadjuntos?72fd5a27abf9a7e76403697f1c3c45dc,DLT,2023,19688,CARNET,0,,gx-no-cache=1679063600688 HTTP/1.1" 200 93
200.54.103.162 - - [17/Mar/2023:11:47:52 -0300] "GET /cormun/servlet/hpexe_return? HTTP/1.1" 200 1038
190.95.15.15 - - [17/Mar/2023:11:47:53 -0300] "POST /cormun/servlet/solicitudot?gx-no-cache=1679063550862 HTTP/1.1" 200 4059
200.54.103.162 - - [17/Mar/2023:11:47:53 -0300] "GET /cormun/servlet/trsolicitudadjuntos?2023,19688, HTTP/1.1" 200 10054
190.95.15.15 - - [17/Mar/2023:11:47:53 -0300] "POST /cormun/servlet/solicitudot?14c36e716f727ea72b1180653ed971c9,INS,0,0,false,,gx-no-cache=1679063551161 HTTP/1.1" 200 12643
200.54.103.162 - - [17/Mar/2023:11:47:53 -0300] "GET /cormun/servlet/trsolicitudadjuntos?2023,19688, HTTP/1.1" 200 10053
200.54.103.162 - - [17/Mar/2023:11:47:55 -0300] "GET /cormun/servlet/solicitudotadjuntos?DLT,2023,19688,CERTIF3,0, HTTP/1.1" 200 6357
200.54.103.162 - - [17/Mar/2023:11:47:55 -0300] "GET /cormun/static/Shared/jqueryui/images/ui-bg_highlight-soft_100_c6c2c8_1x100.png HTTP/1.1" 404 1117
200.54.103.162 - - [17/Mar/2023:11:47:55 -0300] "GET /cormun/static/Shared/jqueryui/images/ui-icons_82798d_256x240.png HTTP/1.1" 404 1089
200.54.103.162 - - [17/Mar/2023:11:47:55 -0300] "GET /cormun/static/Shared/jqueryui/images/ui-icons_8d78a5_256x240.png HTTP/1.1" 404 1089
200.54.103.162 - - [17/Mar/2023:11:47:55 -0300] "GET /cormun/static/Shared/jqueryui/images/ui-bg_flat_55_fafafa_40x100.png HTTP/1.1" 404 1097
200.54.103.162 - - [17/Mar/2023:11:47:55 -0300] "GET /cormun/PublicTempStorage/afp2156288.pdf HTTP/1.1" 200 272289
200.54.103.162 - - [17/Mar/2023:11:47:55 -0300] "GET /cormun/servlet/solicitudotadjuntos?DLT,2023,19688,CERTIF3,0, HTTP/1.1" 200 6351
200.54.103.162 - - [17/Mar/2023:11:47:57 -0300] "POST /cormun/servlet/solicitudotadjuntos?72fd5a27abf9a7e76403697f1c3c45dc,DLT,2023,19688,CERTIF3,0,,gx-no-cache=1679063605175 HTTP/1.1" 200 93
200.54.103.162 - - [17/Mar/2023:11:47:57 -0300] "GET /cormun/servlet/hpexe_return? HTTP/1.1" 200 1038
200.54.103.162 - - [17/Mar/2023:11:47:57 -0300] "GET /cormun/servlet/trsolicitudadjuntos?2023,19688, HTTP/1.1" 200 9849
200.54.103.162 - - [17/Mar/2023:11:47:58 -0300] "GET /cormun/servlet/trsolicitudadjuntos?2023,19688, HTTP/1.1" 200 9845
200.54.103.162 - - [17/Mar/2023:11:47:59 -0300] "GET /cormun/servlet/solicitudotadjuntos?DLT,2023,19688,CERTIF4,0, HTTP/1.1" 200 6362
200.54.103.162 - - [17/Mar/2023:11:47:59 -0300] "GET /cormun/static/Shared/jqueryui/images/ui-bg_highlight-soft_100_c6c2c8_1x100.png HTTP/1.1" 404 1117
200.54.103.162 - - [17/Mar/2023:11:47:59 -0300] "GET /cormun/static/Shared/jqueryui/images/ui-icons_8d78a5_256x240.png HTTP/1.1" 404 1089
200.54.103.162 - - [17/Mar/2023:11:47:59 -0300] "GET /cormun/static/Shared/jqueryui/images/ui-bg_flat_55_fafafa_40x100.png HTTP/1.1" 404 1097
200.54.103.162 - - [17/Mar/2023:11:47:59 -0300] "GET /cormun/static/Shared/jqueryui/images/ui-icons_82798d_256x240.png HTTP/1.1" 404 1089
200.54.103.162 - - [17/Mar/2023:11:47:59 -0300] "GET /cormun/PublicTempStorage/fonasa6977109.pdf HTTP/1.1" 200 259978
200.54.103.162 - - [17/Mar/2023:11:47:59 -0300] "GET /cormun/servlet/solicitudotadjuntos?DLT,2023,19688,CERTIF4,0, HTTP/1.1" 200 6354
200.54.103.162 - - [17/Mar/2023:11:48:01 -0300] "POST /cormun/servlet/solicitudotadjuntos?72fd5a27abf9a7e76403697f1c3c45dc,DLT,2023,19688,CERTIF4,0,,gx-no-cache=1679063608919 HTTP/1.1" 200 93
200.54.103.162 - - [17/Mar/2023:11:48:01 -0300] "GET /cormun/servlet/hpexe_return? HTTP/1.1" 200 1038
200.54.103.162 - - [17/Mar/2023:11:48:01 -0300] "GET /cormun/servlet/trsolicitudadjuntos?2023,19688, HTTP/1.1" 200 9586
200.54.103.162 - - [17/Mar/2023:11:48:01 -0300] "GET /cormun/servlet/trsolicitudadjuntos?2023,19688, HTTP/1.1" 200 9584
190.95.15.15 - - [17/Mar/2023:11:48:02 -0300] "GET /cormun/servlet/solicitudot?eb9e237d591befd1495386b08f1f01521b445b3fb1cd4d54cb7fa90c1d12909f78da9fba405cec25a7931be5cc899041,gx-no-cache=1679063560770 HTTP/1.1" 200 30
190.95.15.15 - - [17/Mar/2023:11:48:02 -0300] "GET /cormun/servlet/solicitudot?eb9e237d591befd1495386b08f1f015205256b94c0fc384e5e1bdb31513ed12765b801499b5b5aa55778388285273bcf78da9fba405cec25a7931be5cc899041,gx-no-cache=1679063560797 HTTP/1.1" 200 30
190.95.15.15 - - [17/Mar/2023:11:48:03 -0300] "GET /cormun/servlet/solicitudot?eb9e237d591befd1495386b08f1f0152eec32fb2320f4ceefcbdb2b9da80334d,gx-no-cache=1679063560816 HTTP/1.1" 200 51
190.95.15.15 - - [17/Mar/2023:11:48:03 -0300] "POST /cormun/servlet/solicitudot?gx-no-cache=1679063560838 HTTP/1.1" 200 255
190.95.15.15 - - [17/Mar/2023:11:48:03 -0300] "GET /cormun/servlet/solicitudot?eb9e237d591befd1495386b08f1f0152c9f14970b2012aced1aab77c78add55c808b9d617aaeec0249f712d2d0551995e59f247dbf68fd91b5a4c148700e89cb58d081c8c8f0fc8c836fda0f258278b7cc33474001e632121c87a8742dfd7b2725055ac0cd885a6af55c665ca25d83d15498cec0840dd54e5509f43adfcd231ba889ea2a015b87f24acf55dddbe114c606ff4a76efd5ce442e61e10a2cf4305a6027ee05c266fb29a0c0b88c20fc83675145f007d39fc5b86137aba5d67dc0e07d8c59f6f245308322476f5d3454e5c96f9bbb879bde72df3381eb5f4096757cecfc197f45a04d57b52f3efd34df9dff87be5b467447bc4b5d27c20d330d5fc7db45e6e426935283e9bc49776e0fa0cdfeb579f484a31c49ee2d3727986f1c4858c0ae3edf9d7dbbc261a85a7b2dfd86e84ced5a4a44b5b30bcfb7890823260657ac8fea3a77e69d4d1ef9dcb0762660b1a296bd74aaaf10bab6c0def0ecc3477fbb1ad4c7a315fad9f1dce6c1e100416c77c083ab1e69522ffa34837e84edb8,gx-no-cache=1679063560865 HTTP/1.1" 200 30
200.54.103.162 - - [17/Mar/2023:11:48:03 -0300] "GET /cormun/servlet/solicitudotadjuntos?DLT,2023,19688,CERTIF5,0, HTTP/1.1" 200 6369
200.54.103.162 - - [17/Mar/2023:11:48:03 -0300] "GET /cormun/static/Shared/jqueryui/images/ui-icons_82798d_256x240.png HTTP/1.1" 404 1089
200.54.103.162 - - [17/Mar/2023:11:48:03 -0300] "GET /cormun/static/Shared/jqueryui/images/ui-bg_flat_55_fafafa_40x100.png HTTP/1.1" 404 1097
200.54.103.162 - - [17/Mar/2023:11:48:03 -0300] "GET /cormun/static/Shared/jqueryui/images/ui-icons_8d78a5_256x240.png HTTP/1.1" 404 1089
200.54.103.162 - - [17/Mar/2023:11:48:03 -0300] "GET /cormun/static/Shared/jqueryui/images/ui-bg_highlight-soft_100_c6c2c8_1x100.png HTTP/1.1" 404 1117
200.54.103.162 - - [17/Mar/2023:11:48:03 -0300] "GET /cormun/PublicTempStorage/antecedentes4149773.pdf HTTP/1.1" 200 530343
200.54.103.162 - - [17/Mar/2023:11:48:04 -0300] "GET /cormun/servlet/solicitudotadjuntos?DLT,2023,19688,CERTIF5,0, HTTP/1.1" 200 6362
200.54.103.162 - - [17/Mar/2023:11:48:04 -0300] "POST /cormun/servlet/solicitudotadjuntos?72fd5a27abf9a7e76403697f1c3c45dc,DLT,2023,19688,CERTIF5,0,,gx-no-cache=1679063612711 HTTP/1.1" 200 93
200.54.103.162 - - [17/Mar/2023:11:48:04 -0300] "GET /cormun/servlet/hpexe_return? HTTP/1.1" 200 1039
200.54.103.162 - - [17/Mar/2023:11:48:05 -0300] "GET /cormun/servlet/trsolicitudadjuntos?2023,19688, HTTP/1.1" 200 9349
200.54.103.162 - - [17/Mar/2023:11:48:05 -0300] "GET /cormun/servlet/trsolicitudadjuntos?2023,19688, HTTP/1.1" 200 9347
200.54.103.162 - - [17/Mar/2023:11:48:06 -0300] "GET /cormun/servlet/solicitudotadjuntos?DLT,2023,19688,CV,0, HTTP/1.1" 200 6358
190.95.15.15 - - [17/Mar/2023:11:48:06 -0300] "POST /cormun/servlet/solicitudot?gx-no-cache=1679063564678 HTTP/1.1" 200 30
200.54.103.162 - - [17/Mar/2023:11:48:07 -0300] "GET /cormun/static/Shared/jqueryui/images/ui-bg_highlight-soft_100_c6c2c8_1x100.png HTTP/1.1" 404 1117
200.54.103.162 - - [17/Mar/2023:11:48:07 -0300] "GET /cormun/static/Shared/jqueryui/images/ui-icons_82798d_256x240.png HTTP/1.1" 404 1089
200.54.103.162 - - [17/Mar/2023:11:48:07 -0300] "GET /cormun/static/Shared/jqueryui/images/ui-bg_flat_55_fafafa_40x100.png HTTP/1.1" 404 1097
200.54.103.162 - - [17/Mar/2023:11:48:07 -0300] "GET /cormun/static/Shared/jqueryui/images/ui-icons_8d78a5_256x240.png HTTP/1.1" 404 1089
200.54.103.162 - - [17/Mar/2023:11:48:07 -0300] "GET /cormun/PublicTempStorage/curriculum653484.pdf HTTP/1.1" 200 617277
200.54.103.162 - - [17/Mar/2023:11:48:07 -0300] "GET /cormun/servlet/solicitudotadjuntos?DLT,2023,19688,CV,0, HTTP/1.1" 200 6352
200.54.103.162 - - [17/Mar/2023:11:48:07 -0300] "POST /cormun/servlet/solicitudotadjuntos?72fd5a27abf9a7e76403697f1c3c45dc,DLT,2023,19688,CV,0,,gx-no-cache=1679063615686 HTTP/1.1" 200 93
200.54.103.162 - - [17/Mar/2023:11:48:07 -0300] "GET /cormun/servlet/hpexe_return? HTTP/1.1" 200 1034
200.54.103.162 - - [17/Mar/2023:11:48:08 -0300] "GET /cormun/servlet/trsolicitudadjuntos?2023,19688, HTTP/1.1" 200 6456
200.54.103.162 - - [17/Mar/2023:11:48:08 -0300] "GET /cormun/servlet/trsolicitudadjuntos?2023,19688, HTTP/1.1" 200 6453
190.95.15.15 - - [17/Mar/2023:11:48:09 -0300] "GET /cormun/servlet/prcontratosol?16817362,,,,,MD,,gxPopupLevel%3D0%3B HTTP/1.1" 200 8590
190.171.144.234 - - [17/Mar/2023:11:48:10 -0300] "POST /cormun/servlet/hlogin?399047d81fc2b17f31a356c1e3b11455,gx-no-cache=1679063568736 HTTP/1.1" 200 90
190.171.144.234 - - [17/Mar/2023:11:48:10 -0300] "GET /cormun/servlet/hpexe_link HTTP/1.1" 200 955
190.171.144.234 - - [17/Mar/2023:11:48:11 -0300] "GET /cormun/servlet/hhome HTTP/1.1" 200 3993
190.171.144.234 - - [17/Mar/2023:11:48:12 -0300] "GET /cormun/servlet/hhome HTTP/1.1" 200 3989
190.95.15.15 - - [17/Mar/2023:11:48:13 -0300] "POST /cormun/servlet/solicitudot?gx-no-cache=1679063571444 HTTP/1.1" 200 1468
190.95.15.15 - - [17/Mar/2023:11:48:13 -0300] "POST /cormun/servlet/solicitudot?gx-no-cache=1679063571499 HTTP/1.1" 200 38
190.95.15.15 - - [17/Mar/2023:11:48:13 -0300] "GET /cormun/servlet/solicitudot?eb9e237d591befd1495386b08f1f0152cfa64ee04b5a7c4d0842d3f9cfa324c09f26989cd1dc87cc6422bbd5246abdc145bd0539445cb116c669d9baf1798d35a805c6630c40c75d25088dc439719950632f3ea41355370eba8a807a5b777a904681bd3f4f5d21c03a2224c59f39ca32,gx-no-cache=1679063571570 HTTP/1.1" 200 110
190.95.15.15 - - [17/Mar/2023:11:48:13 -0300] "POST /cormun/servlet/solicitudot?gx-no-cache=1679063571648 HTTP/1.1" 200 110
190.95.15.15 - - [17/Mar/2023:11:48:13 -0300] "GET /cormun/servlet/solicitudot?eb9e237d591befd1495386b08f1f01526e138f1035345721bb69bab905d4e03bf10170c88c723e1f6e9a2053b8d0ac7ae90a1dc9dd21eab1601084d2e3b271f0277db7c898028a202151a3b6beb172939c41d780c99658eafa96b29b6341a36eabb2eff92a49f14e4ab907f222c60b856bda2759e7cfeed3259f1f1fe8f004828eede517f5073c880dc67f66dda66181a933949426b32d7aedd2eea2806c3d1f5cf471e16c448152da819c41cba1e474b9f46166f53592448a9ca8f70d93a82c6dda01fe7bcfcfae820cfb185f1eb6d7,gx-no-cache=1679063571730 HTTP/1.1" 200 29
190.95.15.15 - - [17/Mar/2023:11:48:14 -0300] "GET /cormun/servlet/solicitudot?eb9e237d591befd1495386b08f1f0152e0cbd6992a50663c77c3c293f056e7cb79d5466896cf7d80feebb5b3484854c4,gx-no-cache=1679063571803 HTTP/1.1" 200 134
190.95.15.15 - - [17/Mar/2023:11:48:14 -0300] "GET /cormun/static/Shared/jqueryui/images/ui-bg_highlight-soft_100_c6c2c8_1x100.png HTTP/1.1" 404 1117
190.95.15.15 - - [17/Mar/2023:11:48:14 -0300] "GET /cormun/static/Shared/jqueryui/images/ui-bg_flat_55_994d53_40x100.png HTTP/1.1" 404 1097
190.95.15.15 - - [17/Mar/2023:11:48:14 -0300] "GET /cormun/static/Shared/jqueryui/images/ui-icons_82798d_256x240.png HTTP/1.1" 404 1089
190.95.15.15 - - [17/Mar/2023:11:48:14 -0300] "GET /cormun/static/Shared/jqueryui/images/ui-icons_ebccce_256x240.png HTTP/1.1" 404 1089
190.171.144.234 - - [17/Mar/2023:11:48:15 -0300] "GET /cormun/servlet/trsolicitudot? HTTP/1.1" 200 7214
190.171.144.234 - - [17/Mar/2023:11:48:15 -0300] "GET /cormun/servlet/trsolicitudot? HTTP/1.1" 200 7214
200.54.103.162 - - [17/Mar/2023:11:48:16 -0300] "GET /cormun/servlet/trsolicitudot? HTTP/1.1" 200 9389
200.54.103.162 - - [17/Mar/2023:11:48:16 -0300] "GET /cormun/servlet/trsolicitudot? HTTP/1.1" 200 9382
200.54.237.82 - - [17/Mar/2023:11:48:30 -0300] "GET /cormun/servlet/trsolicitudot? HTTP/1.1" 200 12955
200.54.237.82 - - [17/Mar/2023:11:48:30 -0300] "GET /cormun/static/gxcfg.js?201991910464971 HTTP/1.1" 200 953
200.54.237.82 - - [17/Mar/2023:11:48:30 -0300] "GET /cormun/static/trsolicitudot.js?201991910465845 HTTP/1.1" 200 54041
200.54.237.82 - - [17/Mar/2023:11:48:30 -0300] "GET /cormun//static/Resources/PXToolsActionView.png HTTP/1.1" 200 398
200.54.237.82 - - [17/Mar/2023:11:48:31 -0300] "GET /cormun//static/Resources/PXToolsGridDelete.png HTTP/1.1" 200 538
200.54.237.82 - - [17/Mar/2023:11:48:31 -0300] "GET /cormun//static/Resources/PXToolsRemoveAllAction.png HTTP/1.1" 200 487
200.54.237.82 - - [17/Mar/2023:11:48:31 -0300] "GET /cormun//static/Resources/PXToolsGridUpdate.png HTTP/1.1" 200 470
200.54.237.82 - - [17/Mar/2023:11:48:31 -0300] "GET /cormun/servlet/trsolicitudot? HTTP/1.1" 200 12955
190.95.15.15 - - [17/Mar/2023:11:48:33 -0300] "GET /cormun/static/menuarrow.gif HTTP/1.1" 404 1015
190.95.15.15 - - [17/Mar/2023:11:48:45 -0300] "GET /cormun/servlet/solicitudot?eb9e237d591befd1495386b08f1f015219a431b293205ec135407c2db0f8e05d0041710411c0a1784d5416664e32f7f6,gx-no-cache=1679063603458 HTTP/1.1" 200 30
190.171.144.234 - - [17/Mar/2023:11:48:47 -0300] "GET /cormun/servlet/solicitudot?INS,0,0,false, HTTP/1.1" 200 15849
190.171.144.234 - - [17/Mar/2023:11:48:48 -0300] "GET /cormun/servlet/solicitudot?INS,0,0,false, HTTP/1.1" 200 15856
200.54.103.162 - - [17/Mar/2023:11:49:24 -0300] "POST /cormun/servlet/trsolicitudot?72fd5a27abf9a7e76403697f1c3c45dc,,gx-no-cache=1679063692401 HTTP/1.1" 200 107
200.54.103.162 - - [17/Mar/2023:11:49:24 -0300] "GET /cormun/servlet/trsolicitudadjuntos?2023,19688, HTTP/1.1" 200 6453
200.54.103.162 - - [17/Mar/2023:11:49:25 -0300] "GET /cormun/servlet/trsolicitudadjuntos?2023,19688, HTTP/1.1" 200 6453
200.54.103.162 - - [17/Mar/2023:11:49:27 -0300] "GET /cormun/servlet/solicitudotadjuntos?INS,2023,19688,,1, HTTP/1.1" 200 6396
200.54.103.162 - - [17/Mar/2023:11:49:27 -0300] "GET /cormun/static/about:blank HTTP/1.1" 404 1011
200.54.103.162 - - [17/Mar/2023:11:49:27 -0300] "GET /cormun/servlet/solicitudotadjuntos?INS,2023,19688,,1, HTTP/1.1" 200 6389
200.54.103.162 - - [17/Mar/2023:11:49:28 -0300] "GET /cormun/servlet/solicitudotadjuntos?bf4668be0b6a7fdb257269339f6f02c4b59a832dc2b88f69f000941ae9f53b5b07de5e4b65bac451f1b8003ae852e2ac,gx-no-cache=1679063696124 HTTP/1.1" 200 30
200.54.103.162 - - [17/Mar/2023:11:49:28 -0300] "POST /cormun/servlet/solicitudotadjuntos?72fd5a27abf9a7e76403697f1c3c45dc,INS,2023,19688,,1,,gx-no-cache=1679063696136 HTTP/1.1" 200 4192
200.54.103.162 - - [17/Mar/2023:11:49:30 -0300] "POST /cormun/servlet/solicitudotadjuntos?gx-no-cache=1679063698105 HTTP/1.1" 200 26
200.54.103.162 - - [17/Mar/2023:11:49:36 -0300] "GET /cormun/servlet/solicitudotadjuntos?bf4668be0b6a7fdb257269339f6f02c4a43732e15dc47c02c62933cac431f0a9,gx-no-cache=1679063704014 HTTP/1.1" 200 30
200.54.103.162 - - [17/Mar/2023:11:49:36 -0300] "GET /cormun/servlet/solicitudotadjuntos?bf4668be0b6a7fdb257269339f6f02c4a43732e15dc47c02c62933cac431f0a9,gx-no-cache=1679063704025 HTTP/1.1" 200 30
200.54.103.162 - - [17/Mar/2023:11:49:36 -0300] "POST /cormun/servlet/solicitudotadjuntos?72fd5a27abf9a7e76403697f1c3c45dc,INS,2023,19688,,1, HTTP/1.1" 200 116
200.54.103.162 - - [17/Mar/2023:11:49:36 -0300] "GET /cormun/servlet/hpexe_return? HTTP/1.1" 200 1032
200.54.103.162 - - [17/Mar/2023:11:49:37 -0300] "GET /cormun/servlet/trsolicitudadjuntos?2023,19688, HTTP/1.1" 200 9347
200.54.103.162 - - [17/Mar/2023:11:49:37 -0300] "GET /cormun/servlet/trsolicitudadjuntos?2023,19688, HTTP/1.1" 200 9345
190.171.144.234 - - [17/Mar/2023:11:49:38 -0300] "POST /cormun/servlet/solicitudot?gx-no-cache=1679063656028 HTTP/1.1" 200 3951
200.54.237.82 - - [17/Mar/2023:11:49:38 -0300] "GET /cormun/servlet/trautorizarsolicitud? HTTP/1.1" 200 7450
200.54.237.82 - - [17/Mar/2023:11:49:38 -0300] "GET /cormun/static/gxcfg.js?201991422414522 HTTP/1.1" 200 953
190.171.144.234 - - [17/Mar/2023:11:49:38 -0300] "POST /cormun/servlet/solicitudot?399047d81fc2b17f31a356c1e3b11455,INS,0,0,false,,gx-no-cache=1679063656238 HTTP/1.1" 200 12497
200.54.237.82 - - [17/Mar/2023:11:49:38 -0300] "GET /cormun/static/trautorizarsolicitud.js?201991422415463 HTTP/1.1" 200 53910
200.54.237.82 - - [17/Mar/2023:11:49:38 -0300] "GET /cormun/servlet/trautorizarsolicitud? HTTP/1.1" 200 7450
200.54.103.162 - - [17/Mar/2023:11:49:39 -0300] "GET /cormun/servlet/solicitudotadjuntos?INS,2023,19688,,1, HTTP/1.1" 200 6396
200.54.103.162 - - [17/Mar/2023:11:49:39 -0300] "GET /cormun/static/about:blank HTTP/1.1" 404 1011
200.54.103.162 - - [17/Mar/2023:11:49:39 -0300] "GET /cormun/servlet/solicitudotadjuntos?INS,2023,19688,,1, HTTP/1.1" 200 6389
200.54.103.162 - - [17/Mar/2023:11:49:40 -0300] "GET /cormun/servlet/solicitudotadjuntos?bf4668be0b6a7fdb257269339f6f02c4b59a832dc2b88f69f000941ae9f53b5b07de5e4b65bac451f1b8003ae852e2ac,gx-no-cache=1679063708182 HTTP/1.1" 200 30
200.54.103.162 - - [17/Mar/2023:11:49:40 -0300] "POST /cormun/servlet/solicitudotadjuntos?72fd5a27abf9a7e76403697f1c3c45dc,INS,2023,19688,,1,,gx-no-cache=1679063708193 HTTP/1.1" 200 4192
190.171.144.234 - - [17/Mar/2023:11:49:42 -0300] "GET /cormun/servlet/solicitudot?c402abe43ab090ce429876209d6a1c8e849e2f46ae9a7062c59977fcc5601b3baa02a9f10b01945550d331e6c772ff47,gx-no-cache=1679063660752 HTTP/1.1" 200 30
200.54.103.162 - - [17/Mar/2023:11:49:44 -0300] "POST /cormun/servlet/solicitudotadjuntos?gx-no-cache=1679063711893 HTTP/1.1" 200 26
200.54.237.82 - - [17/Mar/2023:11:49:45 -0300] "GET /cormun/servlet/trsolicitudot? HTTP/1.1" 200 12956
200.54.237.82 - - [17/Mar/2023:11:49:45 -0300] "GET /cormun/servlet/trsolicitudot? HTTP/1.1" 200 12955
200.54.103.162 - - [17/Mar/2023:11:49:50 -0300] "GET /cormun/servlet/solicitudotadjuntos?bf4668be0b6a7fdb257269339f6f02c4a43732e15dc47c02c62933cac431f0a9,gx-no-cache=1679063718021 HTTP/1.1" 200 30
200.54.103.162 - - [17/Mar/2023:11:49:50 -0300] "GET /cormun/servlet/solicitudotadjuntos?bf4668be0b6a7fdb257269339f6f02c4a43732e15dc47c02c62933cac431f0a9,gx-no-cache=1679063718032 HTTP/1.1" 200 30
200.54.103.162 - - [17/Mar/2023:11:49:50 -0300] "POST /cormun/servlet/solicitudotadjuntos?72fd5a27abf9a7e76403697f1c3c45dc,INS,2023,19688,,1, HTTP/1.1" 200 116
200.54.103.162 - - [17/Mar/2023:11:49:50 -0300] "GET /cormun/servlet/hpexe_return? HTTP/1.1" 200 1032
200.54.103.162 - - [17/Mar/2023:11:49:50 -0300] "GET /cormun/servlet/trsolicitudadjuntos?2023,19688, HTTP/1.1" 200 9569
200.54.103.162 - - [17/Mar/2023:11:49:51 -0300] "GET /cormun/servlet/trsolicitudadjuntos?2023,19688, HTTP/1.1" 200 9567
200.54.103.162 - - [17/Mar/2023:11:49:58 -0300] "GET /cormun/servlet/solicitudotadjuntos?INS,2023,19688,,1, HTTP/1.1" 200 6396
200.54.103.162 - - [17/Mar/2023:11:49:58 -0300] "GET /cormun/static/about:blank HTTP/1.1" 404 1011
200.54.103.162 - - [17/Mar/2023:11:49:58 -0300] "GET /cormun/servlet/solicitudotadjuntos?INS,2023,19688,,1, HTTP/1.1" 200 6389
200.54.103.162 - - [17/Mar/2023:11:49:59 -0300] "GET /cormun/servlet/solicitudotadjuntos?bf4668be0b6a7fdb257269339f6f02c4b59a832dc2b88f69f000941ae9f53b5b07de5e4b65bac451f1b8003ae852e2ac,gx-no-cache=1679063726990 HTTP/1.1" 200 30
200.54.103.162 - - [17/Mar/2023:11:49:59 -0300] "POST /cormun/servlet/solicitudotadjuntos?72fd5a27abf9a7e76403697f1c3c45dc,INS,2023,19688,,1,,gx-no-cache=1679063727003 HTTP/1.1" 200 4192
200.54.103.162 - - [17/Mar/2023:11:50:01 -0300] "POST /cormun/servlet/solicitudotadjuntos?gx-no-cache=1679063728917 HTTP/1.1" 200 26
190.95.15.15 - - [17/Mar/2023:11:50:04 -0300] "POST /cormun/servlet/solicitudot?gx-no-cache=1679063682477 HTTP/1.1" 200 33
190.95.15.15 - - [17/Mar/2023:11:50:05 -0300] "POST /cormun/servlet/solicitudot?14c36e716f727ea72b1180653ed971c9,INS,0,0,false,,gx-no-cache=1679063682548 HTTP/1.1" 200 93
190.95.15.15 - - [17/Mar/2023:11:50:05 -0300] "GET /cormun/servlet/hpexe_return? HTTP/1.1" 200 1017
190.95.15.15 - - [17/Mar/2023:11:50:05 -0300] "GET /cormun/servlet/trsolicitudot HTTP/1.1" 200 8929
190.95.15.15 - - [17/Mar/2023:11:50:05 -0300] "GET /cormun/servlet/trsolicitudot HTTP/1.1" 200 8923
190.95.15.15 - - [17/Mar/2023:11:50:19 -0300] "GET /cormun/servlet/solicitudot?INS,0,0,false, HTTP/1.1" 200 15817
190.95.15.15 - - [17/Mar/2023:11:50:19 -0300] "GET /cormun/servlet/solicitudot?INS,0,0,false, HTTP/1.1" 200 15824
200.54.103.162 - - [17/Mar/2023:11:50:26 -0300] "GET /cormun/servlet/solicitudotadjuntos?bf4668be0b6a7fdb257269339f6f02c4a43732e15dc47c02c62933cac431f0a9,gx-no-cache=1679063754166 HTTP/1.1" 200 30
200.54.103.162 - - [17/Mar/2023:11:50:26 -0300] "GET /cormun/servlet/solicitudotadjuntos?bf4668be0b6a7fdb257269339f6f02c4a43732e15dc47c02c62933cac431f0a9,gx-no-cache=1679063754185 HTTP/1.1" 200 30
200.54.103.162 - - [17/Mar/2023:11:50:26 -0300] "POST /cormun/servlet/solicitudotadjuntos?72fd5a27abf9a7e76403697f1c3c45dc,INS,2023,19688,,1, HTTP/1.1" 200 116
200.54.103.162 - - [17/Mar/2023:11:50:26 -0300] "GET /cormun/servlet/hpexe_return? HTTP/1.1" 200 1032
200.54.103.162 - - [17/Mar/2023:11:50:27 -0300] "GET /cormun/servlet/trsolicitudadjuntos?2023,19688, HTTP/1.1" 200 9827
200.54.103.162 - - [17/Mar/2023:11:50:27 -0300] "GET /cormun/servlet/trsolicitudadjuntos?2023,19688, HTTP/1.1" 200 9825
200.54.103.162 - - [17/Mar/2023:11:50:30 -0300] "GET /cormun/servlet/solicitudotadjuntos?INS,2023,19688,,1, HTTP/1.1" 200 6396
200.54.103.162 - - [17/Mar/2023:11:50:31 -0300] "GET /cormun/static/about:blank HTTP/1.1" 404 1011
200.54.103.162 - - [17/Mar/2023:11:50:31 -0300] "GET /cormun/servlet/solicitudotadjuntos?INS,2023,19688,,1, HTTP/1.1" 200 6389
200.54.103.162 - - [17/Mar/2023:11:50:31 -0300] "GET /cormun/servlet/solicitudotadjuntos?bf4668be0b6a7fdb257269339f6f02c4b59a832dc2b88f69f000941ae9f53b5b07de5e4b65bac451f1b8003ae852e2ac,gx-no-cache=1679063759455 HTTP/1.1" 200 30
200.54.103.162 - - [17/Mar/2023:11:50:31 -0300] "POST /cormun/servlet/solicitudotadjuntos?72fd5a27abf9a7e76403697f1c3c45dc,INS,2023,19688,,1,,gx-no-cache=1679063759468 HTTP/1.1" 200 4192
200.54.103.162 - - [17/Mar/2023:11:50:34 -0300] "POST /cormun/servlet/solicitudotadjuntos?gx-no-cache=1679063761845 HTTP/1.1" 200 26
190.95.15.15 - - [17/Mar/2023:11:50:36 -0300] "POST /cormun/servlet/solicitudot?gx-no-cache=1679063714314 HTTP/1.1" 200 3952
190.95.15.15 - - [17/Mar/2023:11:50:37 -0300] "POST /cormun/servlet/solicitudot?14c36e716f727ea72b1180653ed971c9,INS,0,0,false,,gx-no-cache=1679063714436 HTTP/1.1" 200 12505
190.95.15.15 - - [17/Mar/2023:11:50:39 -0300] "GET /cormun/servlet/solicitudot?eb9e237d591befd1495386b08f1f01520950b6a6b390c32d46c858ce559dac8b78da9fba405cec25a7931be5cc899041,gx-no-cache=1679063717659 HTTP/1.1" 200 30
200.54.103.162 - - [17/Mar/2023:11:50:40 -0300] "GET /cormun/servlet/solicitudotadjuntos?bf4668be0b6a7fdb257269339f6f02c4a43732e15dc47c02c62933cac431f0a9,gx-no-cache=1679063767885 HTTP/1.1" 200 30
200.54.103.162 - - [17/Mar/2023:11:50:40 -0300] "GET /cormun/servlet/solicitudotadjuntos?bf4668be0b6a7fdb257269339f6f02c4a43732e15dc47c02c62933cac431f0a9,gx-no-cache=1679063767896 HTTP/1.1" 200 30
200.54.103.162 - - [17/Mar/2023:11:50:40 -0300] "POST /cormun/servlet/solicitudotadjuntos?72fd5a27abf9a7e76403697f1c3c45dc,INS,2023,19688,,1, HTTP/1.1" 200 116
200.54.103.162 - - [17/Mar/2023:11:50:40 -0300] "GET /cormun/servlet/hpexe_return? HTTP/1.1" 200 1032
200.54.103.162 - - [17/Mar/2023:11:50:40 -0300] "GET /cormun/servlet/trsolicitudadjuntos?2023,19688, HTTP/1.1" 200 10046
200.54.103.162 - - [17/Mar/2023:11:50:41 -0300] "GET /cormun/servlet/trsolicitudadjuntos?2023,19688, HTTP/1.1" 200 10043
200.54.103.162 - - [17/Mar/2023:11:50:44 -0300] "GET /cormun/servlet/solicitudotadjuntos?INS,2023,19688,,1, HTTP/1.1" 200 6396
200.54.103.162 - - [17/Mar/2023:11:50:44 -0300] "GET /cormun/static/about:blank HTTP/1.1" 404 1011
200.54.103.162 - - [17/Mar/2023:11:50:44 -0300] "GET /cormun/servlet/solicitudotadjuntos?INS,2023,19688,,1, HTTP/1.1" 200 6389
200.54.103.162 - - [17/Mar/2023:11:50:44 -0300] "GET /cormun/servlet/solicitudotadjuntos?bf4668be0b6a7fdb257269339f6f02c4b59a832dc2b88f69f000941ae9f53b5b07de5e4b65bac451f1b8003ae852e2ac,gx-no-cache=1679063772703 HTTP/1.1" 200 30
200.54.103.162 - - [17/Mar/2023:11:50:44 -0300] "POST /cormun/servlet/solicitudotadjuntos?72fd5a27abf9a7e76403697f1c3c45dc,INS,2023,19688,,1,,gx-no-cache=1679063772714 HTTP/1.1" 200 4192
200.54.103.162 - - [17/Mar/2023:11:50:47 -0300] "POST /cormun/servlet/solicitudotadjuntos?gx-no-cache=1679063775397 HTTP/1.1" 200 26
200.54.103.162 - - [17/Mar/2023:11:50:52 -0300] "GET /cormun/servlet/solicitudotadjuntos?bf4668be0b6a7fdb257269339f6f02c4a43732e15dc47c02c62933cac431f0a9,gx-no-cache=1679063780117 HTTP/1.1" 200 30
200.54.103.162 - - [17/Mar/2023:11:50:52 -0300] "GET /cormun/servlet/solicitudotadjuntos?bf4668be0b6a7fdb257269339f6f02c4a43732e15dc47c02c62933cac431f0a9,gx-no-cache=1679063780128 HTTP/1.1" 200 30
200.54.103.162 - - [17/Mar/2023:11:50:52 -0300] "POST /cormun/servlet/solicitudotadjuntos?72fd5a27abf9a7e76403697f1c3c45dc,INS,2023,19688,,1, HTTP/1.1" 200 116
200.54.103.162 - - [17/Mar/2023:11:50:52 -0300] "GET /cormun/servlet/hpexe_return? HTTP/1.1" 200 1032
200.54.103.162 - - [17/Mar/2023:11:50:53 -0300] "GET /cormun/servlet/trsolicitudadjuntos?2023,19688, HTTP/1.1" 200 10319
200.54.103.162 - - [17/Mar/2023:11:50:53 -0300] "GET /cormun/servlet/trsolicitudadjuntos?2023,19688, HTTP/1.1" 200 10317
200.54.103.162 - - [17/Mar/2023:11:51:02 -0300] "GET /cormun/servlet/trsolicitudot? HTTP/1.1" 200 9389
200.54.103.162 - - [17/Mar/2023:11:51:02 -0300] "GET /cormun/servlet/trsolicitudot? HTTP/1.1" 200 9382
200.54.103.162 - - [17/Mar/2023:11:51:07 -0300] "POST /cormun/servlet/trsolicitudot?72fd5a27abf9a7e76403697f1c3c45dc,,gx-no-cache=1679063795313 HTTP/1.1" 200 6082
200.54.103.162 - - [17/Mar/2023:11:51:07 -0300] "GET /cormun/static/Shared/jqueryui/images/ui-bg_highlight-soft_100_c6c2c8_1x100.png HTTP/1.1" 404 1117
200.54.103.162 - - [17/Mar/2023:11:51:07 -0300] "GET /cormun/static/Shared/jqueryui/images/ui-icons_82798d_256x240.png HTTP/1.1" 404 1089
200.54.103.162 - - [17/Mar/2023:11:51:07 -0300] "GET /cormun/static/Shared/jqueryui/images/ui-bg_flat_55_fafafa_40x100.png HTTP/1.1" 404 1097
200.54.103.162 - - [17/Mar/2023:11:51:07 -0300] "GET /cormun/static/Shared/jqueryui/images/ui-icons_8d78a5_256x240.png HTTP/1.1" 404 1089
200.54.103.162 - - [17/Mar/2023:11:51:07 -0300] "POST /cormun/servlet/trsolicitudot?72fd5a27abf9a7e76403697f1c3c45dc,,gx-no-cache=1679063795502 HTTP/1.1" 200 6027
200.54.237.82 - - [17/Mar/2023:11:51:08 -0300] "GET /cormun/servlet/trsolicitudot? HTTP/1.1" 200 12955
200.54.237.82 - - [17/Mar/2023:11:51:08 -0300] "GET /cormun/servlet/trsolicitudot? HTTP/1.1" 200 12955
190.171.144.234 - - [17/Mar/2023:11:51:09 -0300] "GET /cormun/servlet/prbanco?,MD,,gxPopupLevel%3D0%3B HTTP/1.1" 200 6557
200.54.103.162 - - [17/Mar/2023:11:51:10 -0300] "POST /cormun/servlet/trsolicitudot?72fd5a27abf9a7e76403697f1c3c45dc,,gx-no-cache=1679063798605 HTTP/1.1" 200 4865
200.54.103.162 - - [17/Mar/2023:11:51:10 -0300] "POST /cormun/servlet/trsolicitudot?72fd5a27abf9a7e76403697f1c3c45dc,,gx-no-cache=1679063798765 HTTP/1.1" 200 4635
190.171.144.234 - - [17/Mar/2023:11:51:14 -0300] "GET /cormun/servlet/solicitudot?c402abe43ab090ce429876209d6a1c8e1d60b2de32cfb1d4810cbf53d164aa2e8b13ff66c5e5a3452fb7426ff3e954756fd39eb5b6996f827ff23d2d3ff5a6d8,gx-no-cache=1679063752448 HTTP/1.1" 200 30
200.54.237.82 - - [17/Mar/2023:11:51:17 -0300] "GET /cormun/servlet/solicitudot?INS,0,0,false, HTTP/1.1" 200 16193
200.54.237.82 - - [17/Mar/2023:11:51:17 -0300] "GET /cormun/static/gxcfg.js?20203414241232 HTTP/1.1" 200 953
200.54.237.82 - - [17/Mar/2023:11:51:17 -0300] "GET /cormun/static/Resources/prompt.gif HTTP/1.1" 200 902
200.54.237.82 - - [17/Mar/2023:11:51:17 -0300] "GET /cormun/static/solicitudot.js?20203414242792 HTTP/1.1" 200 74114
200.54.103.162 - - [17/Mar/2023:11:51:17 -0300] "GET /cormun/servlet/trautorizarsolicitud? HTTP/1.1" 200 9270
200.54.237.82 - - [17/Mar/2023:11:51:17 -0300] "GET /cormun/servlet/solicitudot?INS,0,0,false, HTTP/1.1" 200 16201
200.54.103.162 - - [17/Mar/2023:11:51:18 -0300] "GET /cormun/servlet/trautorizarsolicitud? HTTP/1.1" 200 9270
200.54.103.162 - - [17/Mar/2023:11:51:21 -0300] "POST /cormun/servlet/trautorizarsolicitud?72fd5a27abf9a7e76403697f1c3c45dc,,gx-no-cache=1679063809192 HTTP/1.1" 200 5997
200.54.103.162 - - [17/Mar/2023:11:51:21 -0300] "GET /cormun/static/Shared/jqueryui/images/ui-bg_highlight-soft_100_c6c2c8_1x100.png HTTP/1.1" 404 1117
200.54.103.162 - - [17/Mar/2023:11:51:21 -0300] "GET /cormun/static/Shared/jqueryui/images/ui-icons_82798d_256x240.png HTTP/1.1" 404 1089
200.54.103.162 - - [17/Mar/2023:11:51:21 -0300] "GET /cormun/static/Shared/jqueryui/images/ui-bg_flat_55_fafafa_40x100.png HTTP/1.1" 404 1097
200.54.103.162 - - [17/Mar/2023:11:51:21 -0300] "GET /cormun/static/Shared/jqueryui/images/ui-icons_8d78a5_256x240.png HTTP/1.1" 404 1089
200.54.103.162 - - [17/Mar/2023:11:51:21 -0300] "POST /cormun/servlet/trautorizarsolicitud?72fd5a27abf9a7e76403697f1c3c45dc,,gx-no-cache=1679063809376 HTTP/1.1" 200 5943
200.54.103.162 - - [17/Mar/2023:11:51:23 -0300] "POST /cormun/servlet/trautorizarsolicitud?72fd5a27abf9a7e76403697f1c3c45dc,,gx-no-cache=1679063811509 HTTP/1.1" 200 4778
200.54.103.162 - - [17/Mar/2023:11:51:23 -0300] "POST /cormun/servlet/trautorizarsolicitud?72fd5a27abf9a7e76403697f1c3c45dc,,gx-no-cache=1679063811673 HTTP/1.1" 200 4547
200.54.103.162 - - [17/Mar/2023:11:51:34 -0300] "GET /cormun/servlet/hlogin HTTP/1.1" 200 1755
200.54.237.82 - - [17/Mar/2023:11:51:42 -0300] "POST /cormun/servlet/solicitudot?gx-no-cache=1679063779916 HTTP/1.1" 200 3943
200.54.237.82 - - [17/Mar/2023:11:51:42 -0300] "POST /cormun/servlet/solicitudot?a27bb035dd107c487f2fb7607a2a77d7,INS,0,0,false,,gx-no-cache=1679063780038 HTTP/1.1" 200 12775
190.171.142.42 - - [17/Mar/2023:11:51:42 -0300] "GET /cormun/servlet/hlogin HTTP/1.1" 200 1747
190.171.142.42 - - [17/Mar/2023:11:51:42 -0300] "GET /cormun/servlet/hlogin HTTP/1.1" 200 1740
200.54.237.82 - - [17/Mar/2023:11:51:45 -0300] "GET /cormun/servlet/solicitudot?43f02adbe44d0706207e6a6e990eb3722fe4590d5838f225aaab5de4706605ec4c8cfbcf6dd6c40f4d34caa267fd0f3e,gx-no-cache=1679063783161 HTTP/1.1" 200 111
200.54.237.82 - - [17/Mar/2023:11:51:45 -0300] "GET /cormun/static/Shared/jqueryui/images/ui-icons_82798d_256x240.png HTTP/1.1" 404 1089
200.54.237.82 - - [17/Mar/2023:11:51:45 -0300] "GET /cormun/static/Shared/jqueryui/images/ui-icons_ebccce_256x240.png HTTP/1.1" 404 1089
200.54.237.82 - - [17/Mar/2023:11:51:45 -0300] "GET /cormun/static/Shared/jqueryui/images/ui-bg_flat_55_994d53_40x100.png HTTP/1.1" 404 1097
200.54.237.82 - - [17/Mar/2023:11:51:45 -0300] "GET /cormun/static/Shared/jqueryui/images/ui-bg_highlight-soft_100_c6c2c8_1x100.png HTTP/1.1" 404 1117
190.171.143.106 - - [17/Mar/2023:11:51:52 -0300] "GET /cormun/servlet/hlogin HTTP/1.1" 200 1729
190.171.144.234 - - [17/Mar/2023:11:52:13 -0300] "GET /cormun/servlet/prbanco?,MD,,gxPopupLevel%3D0%3B HTTP/1.1" 200 6557
190.171.143.106 - - [17/Mar/2023:11:52:13 -0300] "POST /cormun/servlet/hlogin?ba940abd7c0cfd4afd8be33b0f5439ae,gx-no-cache=1679063973190 HTTP/1.1" 200 90
190.171.143.106 - - [17/Mar/2023:11:52:13 -0300] "GET /cormun/servlet/hpexe_link HTTP/1.1" 200 953
190.171.143.106 - - [17/Mar/2023:11:52:13 -0300] "GET /cormun/servlet/hhome HTTP/1.1" 200 4153
190.171.143.106 - - [17/Mar/2023:11:52:13 -0300] "GET /cormun/servlet/hhome HTTP/1.1" 200 4149
190.171.144.234 - - [17/Mar/2023:11:52:18 -0300] "GET /cormun/servlet/solicitudot?c402abe43ab090ce429876209d6a1c8e3e8a0a0a15b881c0bedf0a820bb6e3fc,gx-no-cache=1679063816825 HTTP/1.1" 200 45
190.171.143.106 - - [17/Mar/2023:11:52:42 -0300] "GET /cormun/servlet/trsolicitudot? HTTP/1.1" 200 7374
190.171.143.106 - - [17/Mar/2023:11:52:42 -0300] "GET /cormun/servlet/trsolicitudot? HTTP/1.1" 200 7374
190.95.15.15 - - [17/Mar/2023:11:52:48 -0300] "GET /cormun/servlet/solicitudot?eb9e237d591befd1495386b08f1f0152ad56516616f44d2de4167f925652a73f78ff157b2c68ab82e713c071c661483ff4f59e5b6b0f1dcc6fdefb1b0280b467d3372fb351f5c9c11e6b1efb467ea05d,gx-no-cache=1679063845679 HTTP/1.1" 200 30
190.95.15.15 - - [17/Mar/2023:11:52:48 -0300] "GET /cormun/servlet/solicitudot?eb9e237d591befd1495386b08f1f0152f295b9bc8e2131f59232644579f5679f,gx-no-cache=1679063845913 HTTP/1.1" 200 29
190.95.15.15 - - [17/Mar/2023:11:52:49 -0300] "POST /cormun/servlet/solicitudot?gx-no-cache=1679063847487 HTTP/1.1" 200 255
190.95.15.15 - - [17/Mar/2023:11:52:51 -0300] "GET /cormun/servlet/solicitudot?eb9e237d591befd1495386b08f1f0152c9f14970b2012aced1aab77c78add55c808b9d617aaeec0249f712d2d0551995e59f247dbf68fd91b5a4c148700e89cb58d081c8c8f0fc8c836fda0f258278b7cc33474001e632121c87a8742dfd7b2725055ac0cd885a6af55c665ca25d83d15498cec0840dd54e5509f43adfcd231ba889ea2a015b87f24acf55dddbe114c606ff4a76efd5ce442e61e10a2cf4305a6027ee05c266fb29a0c0b88c20fc83675145f007d39fc5b86137aba5d67dc0e07d8c59f6f245308322476f5d3454e5c96f9bbb879bde72df3381eb5f4096757cecfc197f45a04d57b52f3efd34df9dff87be5b467447bc4b5d27c20d330d5fc7db45e6e426935283e9bc49776e0fa0cdfeb579f484a31c49ee2d3727986f1c4858c0ae3edf9d7dbbc261a85a7b2dfd86e84ced5a4a44b5b30bcfb7890823260657ac8fea3a77e69d4d1ef9dcb0762660b1a296bd74aaaf10bab6c0def0ecc3477fbb1ad4c7a315fad9f1dce6c1e100416c77c083ab1e69522ffa34837e84edb8,gx-no-cache=1679063849363 HTTP/1.1" 200 30
190.95.15.15 - - [17/Mar/2023:11:52:56 -0300] "POST /cormun/servlet/solicitudot?gx-no-cache=1679063853870 HTTP/1.1" 200 30
190.171.144.234 - - [17/Mar/2023:11:52:57 -0300] "POST /cormun/servlet/solicitudot?399047d81fc2b17f31a356c1e3b11455,INS,0,0,false,,gx-no-cache=1679063855842 HTTP/1.1" 200 12685
190.171.144.234 - - [17/Mar/2023:11:52:58 -0300] "GET /cormun/static/Shared/jqueryui/images/ui-icons_82798d_256x240.png HTTP/1.1" 404 1089
190.171.144.234 - - [17/Mar/2023:11:52:58 -0300] "GET /cormun/static/Shared/jqueryui/images/ui-bg_highlight-soft_100_c6c2c8_1x100.png HTTP/1.1" 404 1117
190.171.144.234 - - [17/Mar/2023:11:52:58 -0300] "GET /cormun/static/Shared/jqueryui/images/ui-icons_8d78a5_256x240.png HTTP/1.1" 404 1089
190.171.144.234 - - [17/Mar/2023:11:52:58 -0300] "GET /cormun/static/Shared/jqueryui/images/ui-bg_flat_55_fafafa_40x100.png HTTP/1.1" 404 1097
190.95.15.15 - - [17/Mar/2023:11:52:58 -0300] "GET /cormun/servlet/prcontratosol?15991825,,,,,MD,,gxPopupLevel%3D0%3B HTTP/1.1" 200 8104
190.95.15.15 - - [17/Mar/2023:11:53:01 -0300] "POST /cormun/servlet/solicitudot?gx-no-cache=1679063859236 HTTP/1.1" 200 1468
190.95.15.15 - - [17/Mar/2023:11:53:01 -0300] "POST /cormun/servlet/solicitudot?gx-no-cache=1679063859333 HTTP/1.1" 200 38
190.95.15.15 - - [17/Mar/2023:11:53:01 -0300] "GET /cormun/servlet/solicitudot?eb9e237d591befd1495386b08f1f0152cfa64ee04b5a7c4d0842d3f9cfa324c09f26989cd1dc87cc6422bbd5246abdc145bd0539445cb116c669d9baf1798d35a805c6630c40c75d25088dc439719950632f3ea41355370eba8a807a5b777a904681bd3f4f5d21c03a2224c59f39ca32,gx-no-cache=1679063859400 HTTP/1.1" 200 110
190.95.15.15 - - [17/Mar/2023:11:53:01 -0300] "POST /cormun/servlet/solicitudot?gx-no-cache=1679063859465 HTTP/1.1" 200 110
190.95.15.15 - - [17/Mar/2023:11:53:01 -0300] "GET /cormun/servlet/solicitudot?eb9e237d591befd1495386b08f1f01526e138f1035345721bb69bab905d4e03bf10170c88c723e1f6e9a2053b8d0ac7a26ba310546db89a9cbf181e67b98cbf2fae421a3970f6646d4397c09ba888a1a1633e3a77f5a36c654de486e1fdd1d7477504c21a5a4fce93d961d64178b5433,gx-no-cache=1679063859541 HTTP/1.1" 200 29
190.95.15.15 - - [17/Mar/2023:11:53:01 -0300] "GET /cormun/servlet/solicitudot?eb9e237d591befd1495386b08f1f0152c15d77401b1f4d6528a58a22e8ac115244c94fa36db329721f929cbd424c2749,gx-no-cache=1679063859582 HTTP/1.1" 200 134
190.95.15.15 - - [17/Mar/2023:11:53:01 -0300] "GET /cormun/static/Shared/jqueryui/images/ui-bg_highlight-soft_100_c6c2c8_1x100.png HTTP/1.1" 404 1117
190.95.15.15 - - [17/Mar/2023:11:53:01 -0300] "GET /cormun/static/Shared/jqueryui/images/ui-icons_82798d_256x240.png HTTP/1.1" 404 1089
190.95.15.15 - - [17/Mar/2023:11:53:01 -0300] "GET /cormun/static/Shared/jqueryui/images/ui-bg_flat_55_994d53_40x100.png HTTP/1.1" 404 1097
190.95.15.15 - - [17/Mar/2023:11:53:01 -0300] "GET /cormun/static/Shared/jqueryui/images/ui-icons_ebccce_256x240.png HTTP/1.1" 404 1089
190.171.143.106 - - [17/Mar/2023:11:53:02 -0300] "GET /cormun/servlet/solicitudot?INS,0,0,false, HTTP/1.1" 200 16009
190.171.143.106 - - [17/Mar/2023:11:53:02 -0300] "GET /cormun/servlet/solicitudot?INS,0,0,false, HTTP/1.1" 200 16016
190.171.144.234 - - [17/Mar/2023:11:53:03 -0300] "GET /cormun/servlet/solicitudot?c402abe43ab090ce429876209d6a1c8e1d60b2de32cfb1d4810cbf53d164aa2e8b13ff66c5e5a3452fb7426ff3e954759274da0e76347ffd5e3324b03a4f586f,gx-no-cache=1679063861498 HTTP/1.1" 200 30
190.171.144.234 - - [17/Mar/2023:11:53:03 -0300] "GET /cormun/servlet/solicitudot?c402abe43ab090ce429876209d6a1c8ef79369c159fceee12a9161a4e4692c92954f23d841d0a3c6ffd8cde63100b974,gx-no-cache=1679063861518 HTTP/1.1" 200 45
190.171.144.234 - - [17/Mar/2023:11:53:05 -0300] "POST /cormun/servlet/solicitudot?gx-no-cache=1679063863706 HTTP/1.1" 200 297
190.171.144.234 - - [17/Mar/2023:11:53:08 -0300] "GET /cormun/servlet/solicitudot?c402abe43ab090ce429876209d6a1c8e27557133c99a9f7e99f04c2381bb84bfcf3ff0c5f3b33ff7ad7506badb3bd6d1c95f18f42e9c8bd7e67eacc714dd4a2a6754e1e3b7f2f048f675e6435aaf31e91d79fcf30a1664fc37047d320cfbb1e7124f2f624165466a63ebda2ddfc4a25203cd4d993cbacbb58c2384e5cb79b69cc0d11e069712e143e3d33f782a54c2023cb32948a43f3d4901925161f548c781e4f3f163dfa89f9e118440458706e3a0645331fd834294483a9697d1900374784c5fb2c08b8e202d1181e961628f5d13f473a7d4c7e1c478bbfabb6e7a57bf8ac18c63703b43475e0be0ad77fba5981cf00e2bf7b20eb970250d0a96c326765d0109f34733a8c3af6c365edeebc20e96328975c0d34ffeca26fba90257e76cbb0e6f9df8848d341d834f9bc10e6f5943187f37ea70adee01e3893b78a86f68bdd39f6d3c5f735223739b8b8c3927810b8edc0e41a2696a540834068a258c4e532702b3183bde274366d7658013783565ea4528cc6a1529dc6d732fc4edfdd4a468be7373c4d6f4b5b0bef253adc51243,gx-no-cache=1679063866684 HTTP/1.1" 200 30
190.171.144.234 - - [17/Mar/2023:11:53:11 -0300] "POST /cormun/servlet/solicitudot?gx-no-cache=1679063869968 HTTP/1.1" 200 30
190.171.144.234 - - [17/Mar/2023:11:53:13 -0300] "POST /cormun/servlet/solicitudot?gx-no-cache=1679063871819 HTTP/1.1" 200 1469
190.171.144.234 - - [17/Mar/2023:11:53:13 -0300] "POST /cormun/servlet/solicitudot?gx-no-cache=1679063871855 HTTP/1.1" 200 38
200.54.237.82 - - [17/Mar/2023:11:53:19 -0300] "POST /cormun/servlet/solicitudot?gx-no-cache=1679063875556 HTTP/1.1" 200 3955
200.54.237.82 - - [17/Mar/2023:11:53:21 -0300] "POST /cormun/servlet/solicitudot?a27bb035dd107c487f2fb7607a2a77d7,INS,0,0,false,,gx-no-cache=1679063877368 HTTP/1.1" 200 12830
200.54.237.82 - - [17/Mar/2023:11:53:21 -0300] "GET /cormun/servlet/solicitudot?43f02adbe44d0706207e6a6e990eb372c7f9699ba01d7f7acf8aeeee8246320ad409523c3cb458c29906c5a46425b0f0,gx-no-cache=1679063878939 HTTP/1.1" 200 30
190.95.15.15 - - [17/Mar/2023:11:53:24 -0300] "GET /cormun/servlet/solicitudot?eb9e237d591befd1495386b08f1f0152cfa64ee04b5a7c4d0842d3f9cfa324c09f26989cd1dc87cc6422bbd5246abdc145bd0539445cb116c669d9baf1798d35a805c6630c40c75d25088dc439719950632f3ea41355370eba8a807a5b777a904681bd3f4f5d21c03a2224c59f39ca32,gx-no-cache=1679063882290 HTTP/1.1" 200 110
190.95.15.15 - - [17/Mar/2023:11:53:30 -0300] "GET /cormun/static/menuarrow.gif HTTP/1.1" 404 1015
190.95.15.15 - - [17/Mar/2023:11:53:41 -0300] "GET /cormun/servlet/solicitudot?eb9e237d591befd1495386b08f1f0152016a205eb0e5d418899750dce233259c81f5dfcb267174b0ca5c53aa38138ad3,gx-no-cache=1679063898995 HTTP/1.1" 200 30
190.95.15.15 - - [17/Mar/2023:11:53:51 -0300] "POST /cormun/servlet/solicitudot?gx-no-cache=1679063909765 HTTP/1.1" 200 30
190.95.15.15 - - [17/Mar/2023:11:53:52 -0300] "POST /cormun/servlet/solicitudot?14c36e716f727ea72b1180653ed971c9,INS,0,0,false,,gx-no-cache=1679063909827 HTTP/1.1" 200 93
190.95.15.15 - - [17/Mar/2023:11:53:52 -0300] "GET /cormun/servlet/hpexe_return? HTTP/1.1" 200 1017
190.95.15.15 - - [17/Mar/2023:11:53:52 -0300] "GET /cormun/servlet/trsolicitudot HTTP/1.1" 200 9266
190.95.15.15 - - [17/Mar/2023:11:53:52 -0300] "GET /cormun/servlet/trsolicitudot HTTP/1.1" 200 9263
190.95.15.15 - - [17/Mar/2023:11:53:57 -0300] "POST /cormun/servlet/trsolicitudot?14c36e716f727ea72b1180653ed971c9,gx-no-cache=1679063915614 HTTP/1.1" 200 113
190.95.15.15 - - [17/Mar/2023:11:53:58 -0300] "GET /cormun/servlet/solicitudot?UPD,2023,19691,false, HTTP/1.1" 200 16390
190.95.15.15 - - [17/Mar/2023:11:53:58 -0300] "GET /cormun/servlet/solicitudot?UPD,2023,19691,false, HTTP/1.1" 200 16401
190.95.15.15 - - [17/Mar/2023:11:53:58 -0300] "POST /cormun/servlet/solicitudot?gx-no-cache=1679063916495 HTTP/1.1" 200 4020
190.95.15.15 - - [17/Mar/2023:11:53:58 -0300] "POST /cormun/servlet/solicitudot?14c36e716f727ea72b1180653ed971c9,UPD,2023,19691,false,,gx-no-cache=1679063916606 HTTP/1.1" 200 12662
190.95.15.15 - - [17/Mar/2023:11:53:58 -0300] "GET /cormun/servlet/solicitudot?eb9e237d591befd1495386b08f1f01520950b6a6b390c32d46c858ce559dac8b31272bbb4cb04a888bc2f73cb55f1158,gx-no-cache=1679063916746 HTTP/1.1" 200 30
190.95.15.15 - - [17/Mar/2023:11:53:58 -0300] "GET /cormun/servlet/solicitudot?eb9e237d591befd1495386b08f1f0152ad56516616f44d2de4167f925652a73f78ff157b2c68ab82e713c071c661483fac206f9fc98cc99a4618c1736f8da8ffd3372fb351f5c9c11e6b1efb467ea05d,gx-no-cache=1679063916769 HTTP/1.1" 200 30
190.95.15.15 - - [17/Mar/2023:11:53:58 -0300] "GET /cormun/servlet/solicitudot?eb9e237d591befd1495386b08f1f0152f295b9bc8e2131f59232644579f5679f,gx-no-cache=1679063916788 HTTP/1.1" 200 29
190.95.15.15 - - [17/Mar/2023:11:53:59 -0300] "POST /cormun/servlet/solicitudot?gx-no-cache=1679063916810 HTTP/1.1" 200 256
190.95.15.15 - - [17/Mar/2023:11:53:59 -0300] "GET /cormun/servlet/solicitudot?eb9e237d591befd1495386b08f1f0152c9f14970b2012aced1aab77c78add55c808b9d617aaeec0249f712d2d0551995e59f247dbf68fd91b5a4c148700e89cb58d081c8c8f0fc8c836fda0f258278b7cc33474001e632121c87a8742dfd7b2725055ac0cd885a6af55c665ca25d83d15498cec0840dd54e5509f43adfcd231ba889ea2a015b87f24acf55dddbe114c606ff4a76efd5ce442e61e10a2cf4305a6027ee05c266fb29a0c0b88c20fc83675145f007d39fc5b86137aba5d67dc0e07d8c59f6f245308322476f5d3454e5c96f9bbb879bde72df3381eb5f4096757cecfc197f45a04d57b52f3efd34df9dff87be5b467447bc4b5d27c20d330d5fc7db45e6e426935283e9bc49776e0fa0cdfeb579f484a31c49ee2d3727986f1c4858c0ae3edf9d7dbbc261a85a7b2dfd86e84ced5a4a44b5b30bcfb7890823260657ac8fea3a77e69d4d1ef9dcb0762660b1a296bd74aaaf10bab6c0def0ecc3477fbb1ad4c7a315fad9f1dce6c1e100412bdfaf066034270e5eb83db0706eed63,gx-no-cache=1679063916833 HTTP/1.1" 200 30
190.95.15.15 - - [17/Mar/2023:11:53:59 -0300] "POST /cormun/servlet/solicitudot?gx-no-cache=1679063916851 HTTP/1.1" 200 30
190.95.15.15 - - [17/Mar/2023:11:53:59 -0300] "POST /cormun/servlet/solicitudot?gx-no-cache=1679063916874 HTTP/1.1" 200 1468
190.95.15.15 - - [17/Mar/2023:11:53:59 -0300] "POST /cormun/servlet/solicitudot?gx-no-cache=1679063916903 HTTP/1.1" 200 41
190.95.15.15 - - [17/Mar/2023:11:54:00 -0300] "GET /cormun/servlet/solicitudot?eb9e237d591befd1495386b08f1f0152cfa64ee04b5a7c4d0842d3f9cfa324c09f26989cd1dc87cc6422bbd5246abdc145bd0539445cb116c669d9baf1798d35a805c6630c40c75d25088dc439719950632f3ea41355370eba8a807a5b777a904681bd3f4f5d21c03a2224c59f39ca32,gx-no-cache=1679063918758 HTTP/1.1" 200 110
190.95.15.15 - - [17/Mar/2023:11:54:00 -0300] "POST /cormun/servlet/solicitudot?gx-no-cache=1679063918778 HTTP/1.1" 200 109
190.95.15.15 - - [17/Mar/2023:11:54:02 -0300] "GET /cormun/servlet/solicitudot?eb9e237d591befd1495386b08f1f015281eab058eb427b25cefc9b42bb73af5eeba716703c37912af5a399873b65f6b50412bc79aacdbf979a3cb400a9dd176fc0849932d8a09ea68a2d047d4879aa426689a18fe97e21d25208cabb33483abc942d4997fae8be7660c8f15e4a1e3d753f1f040a7b33edc113e9d319ec05b64cc6d0c9bb4c0a7328af67d13062998eef50fd7c190e926fc1037a583038536f29042a8b515411c59d8236d5eb841ec2775b731fa3ad543cd02746692d8c5a111e028140974d33c4414c3cd23f5d5a5e70,gx-no-cache=1679063920370 HTTP/1.1" 200 30
190.171.144.234 - - [17/Mar/2023:11:54:06 -0300] "GET /cormun/servlet/solicitudot?c402abe43ab090ce429876209d6a1c8e3292dd3898c6be557e19499b00d3f5fc32407af13a3c9172da9859af8a834726a4e244a430e3ea5d616cabcd4c120deb60ce3d88c3d56660f675bf6372a2ed103379e780a75804a41c205c35f35710574d8c47d65a34005920fab6590ab0798a,gx-no-cache=1679063925000 HTTP/1.1" 200 110
190.95.15.15 - - [17/Mar/2023:11:54:07 -0300] "GET /cormun/servlet/solicitudot?eb9e237d591befd1495386b08f1f015281eab058eb427b25cefc9b42bb73af5eeba716703c37912af5a399873b65f6b577aa55f76de9c1b2c42a6df8bf9e3a28c0849932d8a09ea68a2d047d4879aa426689a18fe97e21d25208cabb33483abc942d4997fae8be7660c8f15e4a1e3d753f1f040a7b33edc113e9d319ec05b64cc6d0c9bb4c0a7328af67d13062998eef50fd7c190e926fc1037a583038536f29042a8b515411c59d8236d5eb841ec2775b731fa3ad543cd02746692d8c5a111e6c6ef2b4f47c66f810b2a50c8947d3db,gx-no-cache=1679063925570 HTTP/1.1" 200 30
190.95.15.15 - - [17/Mar/2023:11:54:09 -0300] "GET /cormun/servlet/solicitudot?eb9e237d591befd1495386b08f1f0152016a205eb0e5d418899750dce233259c81f5dfcb267174b0ca5c53aa38138ad3,gx-no-cache=1679063927418 HTTP/1.1" 200 30
190.95.15.15 - - [17/Mar/2023:11:54:09 -0300] "POST /cormun/servlet/solicitudot?gx-no-cache=1679063927467 HTTP/1.1" 200 30
190.95.15.15 - - [17/Mar/2023:11:54:09 -0300] "POST /cormun/servlet/solicitudot?14c36e716f727ea72b1180653ed971c9,UPD,2023,19691,false,,gx-no-cache=1679063927544 HTTP/1.1" 200 93
190.95.15.15 - - [17/Mar/2023:11:54:09 -0300] "GET /cormun/servlet/hpexe_return? HTTP/1.1" 200 1022
190.95.15.15 - - [17/Mar/2023:11:54:10 -0300] "GET /cormun/servlet/trsolicitudot HTTP/1.1" 200 9255
190.95.15.15 - - [17/Mar/2023:11:54:10 -0300] "GET /cormun/servlet/trsolicitudot HTTP/1.1" 200 9252
190.171.144.234 - - [17/Mar/2023:11:54:12 -0300] "POST /cormun/servlet/solicitudot?gx-no-cache=1679063930138 HTTP/1.1" 200 83
190.171.144.234 - - [17/Mar/2023:11:54:12 -0300] "GET /cormun/servlet/solicitudot?c402abe43ab090ce429876209d6a1c8ed62b9388d427ae113ab11048fbe77ee8c9196341cace85c224f45a6b56902c01bdd5c3cf7fb6ee65e880b70b7e35bbc6a66c38e34b01d42a0ac233b35c8d5ef881823c648d4137401d8e1423e62b2f2fd41185bac606a134ade7aefb9c386297,gx-no-cache=1679063930206 HTTP/1.1" 200 29
190.95.15.15 - - [17/Mar/2023:11:54:14 -0300] "POST /cormun/servlet/trsolicitudot?14c36e716f727ea72b1180653ed971c9,gx-no-cache=1679063932669 HTTP/1.1" 200 113
190.95.15.15 - - [17/Mar/2023:11:54:15 -0300] "GET /cormun/servlet/solicitudot?UPD,2023,19689,false, HTTP/1.1" 200 16391
190.95.15.15 - - [17/Mar/2023:11:54:15 -0300] "GET /cormun/servlet/solicitudot?UPD,2023,19689,false, HTTP/1.1" 200 16402
190.95.15.15 - - [17/Mar/2023:11:54:16 -0300] "POST /cormun/servlet/solicitudot?gx-no-cache=1679063933634 HTTP/1.1" 200 4023
190.95.15.15 - - [17/Mar/2023:11:54:16 -0300] "POST /cormun/servlet/solicitudot?14c36e716f727ea72b1180653ed971c9,UPD,2023,19689,false,,gx-no-cache=1679063933889 HTTP/1.1" 200 12658
190.95.15.15 - - [17/Mar/2023:11:54:16 -0300] "GET /cormun/servlet/solicitudot?eb9e237d591befd1495386b08f1f0152d860766b284000b83e800b21392c019031272bbb4cb04a888bc2f73cb55f1158,gx-no-cache=1679063934273 HTTP/1.1" 200 30
190.95.15.15 - - [17/Mar/2023:11:54:16 -0300] "GET /cormun/servlet/solicitudot?eb9e237d591befd1495386b08f1f01526e819aac76519f4666c1ac11e478fff5603500e04e726589c4ec5227949eea3473c0278e9155764bbd56b7c35d837c301b896c556daa7a2c7d99f8c82f6ffaaf,gx-no-cache=1679063934380 HTTP/1.1" 200 30
190.95.15.15 - - [17/Mar/2023:11:54:16 -0300] "GET /cormun/servlet/solicitudot?eb9e237d591befd1495386b08f1f0152f295b9bc8e2131f59232644579f5679f,gx-no-cache=1679063934443 HTTP/1.1" 200 29
190.95.15.15 - - [17/Mar/2023:11:54:16 -0300] "POST /cormun/servlet/solicitudot?gx-no-cache=1679063934502 HTTP/1.1" 200 256
190.95.15.15 - - [17/Mar/2023:11:54:16 -0300] "GET /cormun/servlet/solicitudot?eb9e237d591befd1495386b08f1f0152c9f14970b2012aced1aab77c78add55c808b9d617aaeec0249f712d2d0551995e59f247dbf68fd91b5a4c148700e89cb58d081c8c8f0fc8c836fda0f258278b7cc33474001e632121c87a8742dfd7b2725055ac0cd885a6af55c665ca25d83d15498cec0840dd54e5509f43adfcd231ba889ea2a015b87f24acf55dddbe114c606ff4a76efd5ce442e61e10a2cf4305a6027ee05c266fb29a0c0b88c20fc83675145f007d39fc5b86137aba5d67dc0e07d8c59f6f245308322476f5d3454e5c96f9bbb879bde72df3381eb5f4096757cecfc197f45a04d57b52f3efd34df9dff87be5b467447bc4b5d27c20d330d5fc7db45e6e426935283e9bc49776e0fa0cdfeb579f484a31c49ee2d3727986f1c4858c0ae3edf9d7dbbc261a85a7b2dfd86e84ced5a4a44b5b30bcfb7890823260657ac8fea3a77e69d4d1ef9dcb0762660b1a296bd74aaaf10bab6c0def0ecc3477fbb1ad4c7a315fad9f1dce6c1e100412bdfaf066034270e5eb83db0706eed63,gx-no-cache=1679063934577 HTTP/1.1" 200 30
190.95.15.15 - - [17/Mar/2023:11:54:16 -0300] "POST /cormun/servlet/solicitudot?gx-no-cache=1679063934651 HTTP/1.1" 200 30
190.95.15.15 - - [17/Mar/2023:11:54:16 -0300] "POST /cormun/servlet/solicitudot?gx-no-cache=1679063934707 HTTP/1.1" 200 1468
190.95.15.15 - - [17/Mar/2023:11:54:16 -0300] "POST /cormun/servlet/solicitudot?gx-no-cache=1679063934763 HTTP/1.1" 200 41
190.171.143.106 - - [17/Mar/2023:11:54:18 -0300] "POST /cormun/servlet/solicitudot?gx-no-cache=1679064098118 HTTP/1.1" 200 3943
190.171.143.106 - - [17/Mar/2023:11:54:18 -0300] "POST /cormun/servlet/solicitudot?ba940abd7c0cfd4afd8be33b0f5439ae,INS,0,0,false,,gx-no-cache=1679064098310 HTTP/1.1" 200 12779
190.171.144.234 - - [17/Mar/2023:11:54:22 -0300] "GET /cormun/static/menuarrow.gif HTTP/1.1" 404 1015
190.171.144.234 - - [17/Mar/2023:11:54:27 -0300] "GET /cormun/servlet/solicitudot?c402abe43ab090ce429876209d6a1c8e63a148f22cb8c9d9bb97540d36b7129c04dd24416374d295ded36d209495b6e4,gx-no-cache=1679063945443 HTTP/1.1" 200 30
190.171.144.234 - - [17/Mar/2023:11:54:35 -0300] "POST /cormun/servlet/solicitudot?gx-no-cache=1679063953717 HTTP/1.1" 200 30
190.171.144.234 - - [17/Mar/2023:11:54:43 -0300] "GET /cormun/servlet/solicitudot?c402abe43ab090ce429876209d6a1c8e63a148f22cb8c9d9bb97540d36b7129c04dd24416374d295ded36d209495b6e4,gx-no-cache=1679063961724 HTTP/1.1" 200 30
190.171.144.234 - - [17/Mar/2023:11:54:43 -0300] "POST /cormun/servlet/solicitudot?gx-no-cache=1679063961755 HTTP/1.1" 200 30
190.171.144.234 - - [17/Mar/2023:11:54:47 -0300] "POST /cormun/servlet/solicitudot?399047d81fc2b17f31a356c1e3b11455,INS,0,0,false,,gx-no-cache=1679063964583 HTTP/1.1" 200 93
190.171.144.234 - - [17/Mar/2023:11:54:47 -0300] "GET /cormun/servlet/hpexe_return? HTTP/1.1" 200 1012
190.171.144.234 - - [17/Mar/2023:11:54:47 -0300] "GET /cormun/servlet/trsolicitudot HTTP/1.1" 200 8614
