192.168.10.17 - - [16/Mar/2023:11:11:04 -0300] "GET /cormun/servlet/vesolicitudgral?2023,19455,,SolicitudOTAdjuntos HTTP/1.1" 200 11237
192.168.10.17 - - [16/Mar/2023:11:11:05 -0300] "POST /cormun/servlet/acontrolpreferencessavestate?None,RRHH+DANIELA,true HTTP/1.1" 200 35
192.168.10.17 - - [16/Mar/2023:11:11:06 -0300] "GET /cormun/servlet/vesolicitudgral?2023,19455,,General HTTP/1.1" 200 8374
192.168.10.17 - - [16/Mar/2023:11:11:06 -0300] "GET /cormun/pexe_scrolldiv.js HTTP/1.1" 404 1009
192.168.10.17 - - [16/Mar/2023:11:11:06 -0300] "GET /cormun/servlet/vesolicitudgral?2023,19455,,General HTTP/1.1" 200 8374
200.54.237.82 - - [16/Mar/2023:11:13:07 -0300] "GET /cormun/servlet/solicitudot?651fcabecb5041bb2363f571340eee0411d265e165023df4eddfea7dd66b796cde01d44ce0114e87a7a08c444326764818c80f7c7518a0c87097e9457b1fb731161950d0893a5063f728f9feb44ce674f7f5cdb925dfd8cbd1005e10332085cbb752a5678d5370228e53f4cc6d8b2a9f,gx-no-cache=1678975065946 HTTP/1.1" 200 110
200.54.237.82 - - [16/Mar/2023:11:13:07 -0300] "POST /cormun/servlet/solicitudot?gx-no-cache=1678975066011 HTTP/1.1" 200 83
192.168.10.17 - - [16/Mar/2023:11:13:08 -0300] "GET /cormun/servlet/trsolicitudgral? HTTP/1.1" 200 10563
192.168.10.17 - - [16/Mar/2023:11:13:09 -0300] "GET /cormun/servlet/trsolicitudgral? HTTP/1.1" 200 10556
186.103.157.98 - - [16/Mar/2023:11:13:09 -0300] "GET /cormun/servlet/hlogin HTTP/1.1" 200 1727
186.103.157.98 - - [16/Mar/2023:11:13:16 -0300] "POST /cormun/servlet/hlogin?78fbb1a1119ee0734ca68e5ad2a847bc,gx-no-cache=1678975073842 HTTP/1.1" 200 90
186.103.157.98 - - [16/Mar/2023:11:13:16 -0300] "GET /cormun/servlet/hpexe_link HTTP/1.1" 200 952
186.103.157.98 - - [16/Mar/2023:11:13:16 -0300] "GET /cormun/servlet/hhome HTTP/1.1" 200 4265
186.103.157.98 - - [16/Mar/2023:11:13:16 -0300] "GET /cormun/servlet/hhome HTTP/1.1" 200 4261
192.168.10.17 - - [16/Mar/2023:11:13:18 -0300] "GET /cormun/servlet/vesolicitudgral?2023,19472,, HTTP/1.1" 200 8353
192.168.10.17 - - [16/Mar/2023:11:13:18 -0300] "GET /cormun/pexe_scrolldiv.js HTTP/1.1" 404 1009
192.168.10.17 - - [16/Mar/2023:11:13:18 -0300] "GET /cormun/servlet/vesolicitudgral?2023,19472,, HTTP/1.1" 200 8352
190.171.149.82 - - [16/Mar/2023:11:13:30 -0300] "POST /cormun/servlet/permisogoce?c9ee875bbc2597c9e81c3aa959b8560d,INS,0,,,,gx-no-cache=1678978778718 HTTP/1.1" 200 4537
190.171.149.82 - - [16/Mar/2023:11:13:44 -0300] "POST /cormun/servlet/permisogoce?c9ee875bbc2597c9e81c3aa959b8560d,INS,0,,,,gx-no-cache=1678978792558 HTTP/1.1" 200 4524
200.54.237.82 - - [16/Mar/2023:11:14:01 -0300] "GET /cormun/servlet/solicitudot?651fcabecb5041bb2363f571340eee047555c043e3748449aaadd01ea803d476b24ea8cb074b26c2d00f277168afe81a7577ea8518281f5a4d48d9f99a349f98b846e5c8055c9cfa097b7d9664f14a7ebdf5d8ac73bff22b87a0f78da3df3115f7ba152d146314c2b9b92452789795fe,gx-no-cache=1678975120001 HTTP/1.1" 200 29
200.54.237.82 - - [16/Mar/2023:11:14:01 -0300] "GET /cormun/static/menuarrow.gif HTTP/1.1" 404 1015
190.171.149.82 - - [16/Mar/2023:11:14:05 -0300] "POST /cormun/servlet/permisogoce?c9ee875bbc2597c9e81c3aa959b8560d,INS,0,,,,gx-no-cache=1678978813422 HTTP/1.1" 200 4536
200.54.237.82 - - [16/Mar/2023:11:14:05 -0300] "GET /cormun/servlet/solicitudot?651fcabecb5041bb2363f571340eee04f1db5d56354941a8c2487b50c3728bb94ab4279636dd84f8842d0af7870b19ac,gx-no-cache=1678975124399 HTTP/1.1" 200 30
200.54.237.82 - - [16/Mar/2023:11:14:14 -0300] "POST /cormun/servlet/solicitudot?gx-no-cache=1678975133172 HTTP/1.1" 200 30
200.54.237.82 - - [16/Mar/2023:11:14:26 -0300] "POST /cormun/servlet/solicitudot?452ee15b5448c8efac2c97d193f246d9,INS,0,0,false,,gx-no-cache=1678975145492 HTTP/1.1" 200 93
200.54.237.82 - - [16/Mar/2023:11:14:26 -0300] "GET /cormun/servlet/hpexe_return? HTTP/1.1" 200 1014
200.54.237.82 - - [16/Mar/2023:11:14:27 -0300] "GET /cormun/servlet/trsolicitudot HTTP/1.1" 200 11710
200.54.237.82 - - [16/Mar/2023:11:14:27 -0300] "GET /cormun/servlet/trsolicitudot HTTP/1.1" 200 11705
200.54.237.82 - - [16/Mar/2023:11:14:34 -0300] "GET /cormun/servlet/solicitudot?INS,0,0,false, HTTP/1.1" 200 16196
200.54.237.82 - - [16/Mar/2023:11:14:34 -0300] "GET /cormun/servlet/solicitudot?INS,0,0,false, HTTP/1.1" 200 16203
192.168.10.17 - - [16/Mar/2023:11:14:37 -0300] "GET /cormun/servlet/trsolicitudgral? HTTP/1.1" 200 10175
192.168.10.17 - - [16/Mar/2023:11:14:37 -0300] "GET /cormun/servlet/trsolicitudgral? HTTP/1.1" 200 10169
192.168.10.17 - - [16/Mar/2023:11:14:41 -0300] "GET /cormun/servlet/vesolicitudgral?2023,19512,, HTTP/1.1" 200 8370
192.168.10.17 - - [16/Mar/2023:11:14:41 -0300] "GET /cormun/pexe_scrolldiv.js HTTP/1.1" 404 1009
190.171.149.82 - - [16/Mar/2023:11:14:41 -0300] "POST /cormun/servlet/permisogoce?c9ee875bbc2597c9e81c3aa959b8560d,INS,0,,,,gx-no-cache=1678978849766 HTTP/1.1" 200 4520
192.168.10.17 - - [16/Mar/2023:11:14:41 -0300] "GET /cormun/servlet/vesolicitudgral?2023,19512,, HTTP/1.1" 200 8369
190.171.149.82 - - [16/Mar/2023:11:14:52 -0300] "POST /cormun/servlet/permisogoce?c9ee875bbc2597c9e81c3aa959b8560d,INS,0,,,,gx-no-cache=1678978860821 HTTP/1.1" 200 4537
181.212.42.153 - - [16/Mar/2023:11:15:00 -0300] "POST /cormun/servlet/hlogin?7ded4cc4b7c8529b1c1a96d0763b5779,gx-no-cache=1678975180553 HTTP/1.1" 440 972
181.212.42.153 - - [16/Mar/2023:11:15:02 -0300] "GET /cormun/servlet/hlogin HTTP/1.1" 200 1743
190.171.149.82 - - [16/Mar/2023:11:15:02 -0300] "POST /cormun/servlet/permisogoce?c9ee875bbc2597c9e81c3aa959b8560d,INS,0,,,,gx-no-cache=1678978870717 HTTP/1.1" 200 4523
181.212.42.153 - - [16/Mar/2023:11:15:06 -0300] "POST /cormun/servlet/hlogin?ff0cb889b09b6a3e3810a9fd92cb9ba6,gx-no-cache=1678975186410 HTTP/1.1" 200 90
181.212.42.153 - - [16/Mar/2023:11:15:06 -0300] "GET /cormun/servlet/hpexe_link HTTP/1.1" 200 957
181.212.42.153 - - [16/Mar/2023:11:15:06 -0300] "GET /cormun/servlet/hhome HTTP/1.1" 200 3967
181.212.42.153 - - [16/Mar/2023:11:15:07 -0300] "GET /cormun/servlet/hhome HTTP/1.1" 200 3964
190.171.149.82 - - [16/Mar/2023:11:15:13 -0300] "POST /cormun/servlet/permisogoce?c9ee875bbc2597c9e81c3aa959b8560d,INS,0,,,,gx-no-cache=1678978881782 HTTP/1.1" 200 4483
190.171.149.82 - - [16/Mar/2023:11:15:20 -0300] "POST /cormun/servlet/permisogoce?c9ee875bbc2597c9e81c3aa959b8560d,INS,0,,,,gx-no-cache=1678978888422 HTTP/1.1" 200 4523
192.168.10.17 - - [16/Mar/2023:11:15:42 -0300] "GET /cormun/servlet/vesolicitudgral?2023,19512,,SolicitudOTAdjuntos HTTP/1.1" 200 11053
186.103.157.98 - - [16/Mar/2023:11:15:42 -0300] "GET /cormun/servlet/hlogin HTTP/1.1" 200 1739
192.168.10.17 - - [16/Mar/2023:11:15:43 -0300] "GET /cormun/servlet/vesolicitudgral?2023,19512,,SolicitudOTAdjuntos HTTP/1.1" 200 11053
192.168.10.17 - - [16/Mar/2023:11:15:44 -0300] "GET /cormun/servlet/vesolicitudgral?2023,19512,,SolicitudOTAdjuntos HTTP/1.1" 200 11055
192.168.10.17 - - [16/Mar/2023:11:15:44 -0300] "GET /cormun/servlet/vesolicitudgral?2023,19512,,SolicitudOTAdjuntos HTTP/1.1" 200 11054
192.168.10.17 - - [16/Mar/2023:11:15:45 -0300] "GET /cormun/pexe_scrolldiv.js HTTP/1.1" 404 1009
192.168.10.17 - - [16/Mar/2023:11:15:47 -0300] "POST /cormun/servlet/acontrolpreferencessavestate?None,RRHH+DANIELA,true HTTP/1.1" 200 35
192.168.10.17 - - [16/Mar/2023:11:15:48 -0300] "GET /cormun/servlet/vesolicitudgral?2023,19512,,SolicitudOTAdjuntos HTTP/1.1" 200 11055
200.54.237.82 - - [16/Mar/2023:11:15:57 -0300] "POST /cormun/servlet/solicitudot?gx-no-cache=1678975236450 HTTP/1.1" 200 3951
200.54.237.82 - - [16/Mar/2023:11:15:57 -0300] "POST /cormun/servlet/solicitudot?452ee15b5448c8efac2c97d193f246d9,INS,0,0,false,,gx-no-cache=1678975236617 HTTP/1.1" 200 12782
200.54.237.82 - - [16/Mar/2023:11:16:00 -0300] "GET /cormun/servlet/solicitudot?651fcabecb5041bb2363f571340eee04939dcdd5419a536937ab900345f04d4488729968f6d6424aa90db7693cabb909,gx-no-cache=1678975239620 HTTP/1.1" 200 30
190.171.142.42 - - [16/Mar/2023:11:17:27 -0300] "GET /cormun/servlet/hlogin HTTP/1.1" 200 1743
200.54.237.82 - - [16/Mar/2023:11:18:31 -0300] "GET /cormun/servlet/prbanco?,MD,,gxPopupLevel%3D0%3B HTTP/1.1" 200 6632
200.54.237.82 - - [16/Mar/2023:11:18:35 -0300] "GET /cormun/servlet/solicitudot?651fcabecb5041bb2363f571340eee04926ba94b28df00b6e18feaf1c627c6edcdc7030a64219f53b27639f02010f593,gx-no-cache=1678975394773 HTTP/1.1" 200 30
200.54.237.82 - - [16/Mar/2023:11:18:40 -0300] "GET /cormun/servlet/solicitudot?651fcabecb5041bb2363f571340eee04828fdc0a5acf8d3072a848dbc0fa4be2,gx-no-cache=1678975398912 HTTP/1.1" 200 53
190.95.15.15 - - [16/Mar/2023:11:18:52 -0300] "GET /cormun/servlet/trlicencias HTTP/1.1" 200 9498
190.95.15.15 - - [16/Mar/2023:11:18:52 -0300] "GET /cormun/servlet/trlicencias HTTP/1.1" 200 9498
190.171.142.42 - - [16/Mar/2023:11:19:03 -0300] "POST /cormun/servlet/hlogin?e2c998090e14c3565fc0428803b54ed3,gx-no-cache=1678975418826 HTTP/1.1" 200 90
190.171.142.42 - - [16/Mar/2023:11:19:03 -0300] "GET /cormun/servlet/hpexe_link HTTP/1.1" 200 951
190.171.142.42 - - [16/Mar/2023:11:19:03 -0300] "GET /cormun/servlet/hhome HTTP/1.1" 200 4214
190.171.142.42 - - [16/Mar/2023:11:19:03 -0300] "GET /cormun/servlet/hhome HTTP/1.1" 200 4210
200.54.237.82 - - [16/Mar/2023:11:19:09 -0300] "POST /cormun/servlet/solicitudot?gx-no-cache=1678975428584 HTTP/1.1" 200 297
200.54.237.82 - - [16/Mar/2023:11:19:09 -0300] "GET /cormun/servlet/solicitudot?651fcabecb5041bb2363f571340eee0436125d672fb607b8cfd70235a653f044c4c8d18c0b7ab386633a112570fb0da355cfc32d1fe335a92f438bf1bb06372ab017a652b7525945d217c511790783e15b7762cfe5059bfc34c01512578174acaa1b56902a9d6afed8f9b3eaf1200051d40ec3ace3f9b843ca3f50865bb1a404e690e6583fbb78b11433483c2cccc84e10868675f43678ef8b5790a80a2fa05ce7efe1eef9ca1686d4dd107386aa06260f2eaa809efeeebdf3d9137144ccdb848f156e6cea782d48c8c20b881645bf99ccb0fc1ca6c0dc2212240fa001a33f81866b4b4dce6da61e2227aa9bd756a441264c66cd3176f64d07948f68cb43559a7c4cd4b89f54c80ed289be750980372693246ade6add1bb0ed5ab08b54057d674a9ed24179ae2f5707f3a0763a74c70d277909102756c2cfefc39fd3797a2f56c9e552358971b24cdc4f5a211af257c48c6feabe5122b20a15e46bb3b32fb21901647458979b79d32f258f38c21e60f2d6d52cb5dbc8d100da7414ce3f7b5561a86c1250224080ac3923a0602615ffbd,gx-no-cache=1678975428639 HTTP/1.1" 200 30
200.54.237.82 - - [16/Mar/2023:11:19:12 -0300] "POST /cormun/servlet/solicitudot?gx-no-cache=1678975431387 HTTP/1.1" 200 30
200.54.237.82 - - [16/Mar/2023:11:19:16 -0300] "POST /cormun/servlet/solicitudot?gx-no-cache=1678975435466 HTTP/1.1" 200 1468
200.54.237.82 - - [16/Mar/2023:11:19:16 -0300] "POST /cormun/servlet/solicitudot?gx-no-cache=1678975435527 HTTP/1.1" 200 38
190.171.142.42 - - [16/Mar/2023:11:19:43 -0300] "GET /cormun/servlet/trcargahoraria? HTTP/1.1" 200 6595
190.171.142.42 - - [16/Mar/2023:11:19:43 -0300] "GET /cormun/static/gxcfg.js?202012113392337 HTTP/1.1" 200 953
190.171.142.42 - - [16/Mar/2023:11:19:43 -0300] "GET /cormun/static/trcargahoraria.js?202012113392783 HTTP/1.1" 200 28768
190.171.142.42 - - [16/Mar/2023:11:19:43 -0300] "GET /cormun/servlet/trcargahoraria? HTTP/1.1" 200 6594
190.171.142.42 - - [16/Mar/2023:11:19:44 -0300] "POST /cormun/servlet/acontrolpreferencessavestate?None,ICESPEDES,true HTTP/1.1" 200 35
190.171.142.42 - - [16/Mar/2023:11:19:46 -0300] "GET /cormun/servlet/trsolicitudot? HTTP/1.1" 200 9275
190.171.142.42 - - [16/Mar/2023:11:19:46 -0300] "GET /cormun/servlet/trsolicitudot? HTTP/1.1" 200 9274
200.54.237.82 - - [16/Mar/2023:11:19:46 -0300] "GET /cormun/servlet/solicitudot?651fcabecb5041bb2363f571340eee0411d265e165023df4eddfea7dd66b796cde01d44ce0114e87a7a08c444326764818c80f7c7518a0c87097e9457b1fb731161950d0893a5063f728f9feb44ce674f7f5cdb925dfd8cbd1005e10332085cbb752a5678d5370228e53f4cc6d8b2a9f,gx-no-cache=1678975465616 HTTP/1.1" 200 110
200.54.237.82 - - [16/Mar/2023:11:19:46 -0300] "POST /cormun/servlet/solicitudot?gx-no-cache=1678975465669 HTTP/1.1" 200 83
200.54.237.82 - - [16/Mar/2023:11:19:57 -0300] "GET /cormun/servlet/solicitudot?651fcabecb5041bb2363f571340eee047555c043e3748449aaadd01ea803d476b24ea8cb074b26c2d00f277168afe81a7577ea8518281f5a4d48d9f99a349f98b846e5c8055c9cfa097b7d9664f14a7ebdf5d8ac73bff22b87a0f78da3df3115f7ba152d146314c2b9b92452789795fe,gx-no-cache=1678975475977 HTTP/1.1" 200 29
200.54.237.82 - - [16/Mar/2023:11:19:57 -0300] "GET /cormun/static/menuarrow.gif HTTP/1.1" 404 1015
200.54.237.82 - - [16/Mar/2023:11:20:00 -0300] "GET /cormun/servlet/solicitudot?651fcabecb5041bb2363f571340eee04f1db5d56354941a8c2487b50c3728bb94ab4279636dd84f8842d0af7870b19ac,gx-no-cache=1678975479160 HTTP/1.1" 200 30
200.54.237.82 - - [16/Mar/2023:11:20:08 -0300] "POST /cormun/servlet/solicitudot?gx-no-cache=1678975487470 HTTP/1.1" 200 30
200.54.237.82 - - [16/Mar/2023:11:20:13 -0300] "POST /cormun/servlet/solicitudot?452ee15b5448c8efac2c97d193f246d9,INS,0,0,false,,gx-no-cache=1678975492277 HTTP/1.1" 200 93
200.54.237.82 - - [16/Mar/2023:11:20:13 -0300] "GET /cormun/servlet/hpexe_return? HTTP/1.1" 200 1014
200.54.237.82 - - [16/Mar/2023:11:20:14 -0300] "GET /cormun/servlet/trsolicitudot HTTP/1.1" 200 12086
200.54.237.82 - - [16/Mar/2023:11:20:14 -0300] "GET /cormun/servlet/trsolicitudot HTTP/1.1" 200 12081
200.54.237.82 - - [16/Mar/2023:11:20:18 -0300] "GET /cormun/servlet/solicitudot?INS,0,0,false, HTTP/1.1" 200 16196
200.54.237.82 - - [16/Mar/2023:11:20:19 -0300] "GET /cormun/servlet/solicitudot?INS,0,0,false, HTTP/1.1" 200 16203
200.54.237.82 - - [16/Mar/2023:11:20:38 -0300] "POST /cormun/servlet/solicitudot?gx-no-cache=1678975517147 HTTP/1.1" 200 3952
200.54.237.82 - - [16/Mar/2023:11:20:38 -0300] "POST /cormun/servlet/solicitudot?452ee15b5448c8efac2c97d193f246d9,INS,0,0,false,,gx-no-cache=1678975517307 HTTP/1.1" 200 12782
200.54.237.82 - - [16/Mar/2023:11:20:40 -0300] "GET /cormun/servlet/solicitudot?651fcabecb5041bb2363f571340eee042c4b1e4d87b23bdbd1c5c8e9246b19bc88729968f6d6424aa90db7693cabb909,gx-no-cache=1678975519526 HTTP/1.1" 200 30
190.171.142.42 - - [16/Mar/2023:11:20:56 -0300] "POST /cormun/servlet/trsolicitudot?e2c998090e14c3565fc0428803b54ed3,,gx-no-cache=1678975531625 HTTP/1.1" 200 6077
190.171.142.42 - - [16/Mar/2023:11:20:56 -0300] "GET /cormun/static/Shared/jqueryui/images/ui-bg_highlight-soft_100_c6c2c8_1x100.png HTTP/1.1" 404 1117
190.171.142.42 - - [16/Mar/2023:11:20:56 -0300] "GET /cormun/static/Shared/jqueryui/images/ui-bg_flat_55_fafafa_40x100.png HTTP/1.1" 404 1097
190.171.142.42 - - [16/Mar/2023:11:20:56 -0300] "GET /cormun/static/Shared/jqueryui/images/ui-icons_8d78a5_256x240.png HTTP/1.1" 404 1089
190.171.142.42 - - [16/Mar/2023:11:20:56 -0300] "GET /cormun/static/Shared/jqueryui/images/ui-icons_82798d_256x240.png HTTP/1.1" 404 1089
190.171.142.42 - - [16/Mar/2023:11:20:56 -0300] "POST /cormun/servlet/trsolicitudot?e2c998090e14c3565fc0428803b54ed3,,gx-no-cache=1678975531812 HTTP/1.1" 200 6019
190.171.142.42 - - [16/Mar/2023:11:20:57 -0300] "POST /cormun/servlet/trsolicitudot?e2c998090e14c3565fc0428803b54ed3,,gx-no-cache=1678975532785 HTTP/1.1" 200 4847
190.171.142.42 - - [16/Mar/2023:11:20:57 -0300] "POST /cormun/servlet/trsolicitudot?e2c998090e14c3565fc0428803b54ed3,,gx-no-cache=1678975532923 HTTP/1.1" 200 4612
190.95.15.15 - - [16/Mar/2023:11:21:07 -0300] "GET /cormun/servlet/trlicencias HTTP/1.1" 200 9498
190.95.15.15 - - [16/Mar/2023:11:21:07 -0300] "GET /cormun/servlet/trlicencias HTTP/1.1" 200 9498
200.54.237.82 - - [16/Mar/2023:11:23:07 -0300] "GET /cormun/servlet/prbanco?,MD,,gxPopupLevel%3D0%3B HTTP/1.1" 200 6632
200.54.237.82 - - [16/Mar/2023:11:23:12 -0300] "GET /cormun/servlet/solicitudot?651fcabecb5041bb2363f571340eee04f064ca5a10982a01503ee02d66f80b22136065cc6b4ad9f02799290703450752a86c1250224080ac3923a0602615ffbd,gx-no-cache=1678975671589 HTTP/1.1" 200 30
200.54.237.82 - - [16/Mar/2023:11:23:16 -0300] "GET /cormun/servlet/solicitudot?651fcabecb5041bb2363f571340eee04828fdc0a5acf8d3072a848dbc0fa4be2,gx-no-cache=1678975675622 HTTP/1.1" 200 53
190.171.144.234 - - [16/Mar/2023:11:23:25 -0300] "GET /cormun/servlet/hlogin HTTP/1.1" 200 1731
192.168.10.17 - - [16/Mar/2023:11:23:27 -0300] "GET /cormun/PublicTempStorage/antecedentes_rodrigo_quijada2717806.pdf HTTP/1.1" 200 34382
200.54.237.82 - - [16/Mar/2023:11:23:29 -0300] "POST /cormun/servlet/solicitudot?gx-no-cache=1678975687963 HTTP/1.1" 200 297
200.54.237.82 - - [16/Mar/2023:11:23:29 -0300] "GET /cormun/servlet/solicitudot?651fcabecb5041bb2363f571340eee0436125d672fb607b8cfd70235a653f044c4c8d18c0b7ab386633a112570fb0da355cfc32d1fe335a92f438bf1bb06372ab017a652b7525945d217c511790783e15b7762cfe5059bfc34c01512578174acaa1b56902a9d6afed8f9b3eaf1200051d40ec3ace3f9b843ca3f50865bb1a404e690e6583fbb78b11433483c2cccc84e10868675f43678ef8b5790a80a2fa05ce7efe1eef9ca1686d4dd107386aa06260f2eaa809efeeebdf3d9137144ccdb848f156e6cea782d48c8c20b881645bf99ccb0fc1ca6c0dc2212240fa001a33f81866b4b4dce6da61e2227aa9bd756a441264c66cd3176f64d07948f68cb43559a7c4cd4b89f54c80ed289be750980372693246ade6add1bb0ed5ab08b54057d674a9ed24179ae2f5707f3a0763a74c70d277909102756c2cfefc39fd3797a2f56c9e552358971b24cdc4f5a211af257c48c6feabe5122b20a15e46bb3b32fb21901647458979b79d32f258f38c21e60f2d6d52cb5dbc8d100da7414ce3f7b5561a86c1250224080ac3923a0602615ffbd,gx-no-cache=1678975688014 HTTP/1.1" 200 30
200.54.237.82 - - [16/Mar/2023:11:23:31 -0300] "POST /cormun/servlet/solicitudot?gx-no-cache=1678975689986 HTTP/1.1" 200 30
192.168.10.17 - - [16/Mar/2023:11:23:44 -0300] "GET /cormun/servlet/vesolicitudgral?2023,19512,,SolicitudOTAdjuntos HTTP/1.1" 200 11056
192.168.10.17 - - [16/Mar/2023:11:23:47 -0300] "POST /cormun/servlet/acontrolpreferencessavestate?None,RRHH+DANIELA,true HTTP/1.1" 200 35
192.168.10.17 - - [16/Mar/2023:11:23:48 -0300] "GET /cormun/servlet/vesolicitudgral?2023,19512,,SolicitudOTAdjuntos HTTP/1.1" 200 11056
200.54.237.82 - - [16/Mar/2023:11:23:48 -0300] "POST /cormun/servlet/solicitudot?gx-no-cache=1678975707575 HTTP/1.1" 200 1468
200.54.237.82 - - [16/Mar/2023:11:23:48 -0300] "POST /cormun/servlet/solicitudot?gx-no-cache=1678975707618 HTTP/1.1" 200 38
192.168.10.17 - - [16/Mar/2023:11:23:49 -0300] "GET /cormun/PublicTempStorage/afp_rodrigo_quijada5666964.PDF HTTP/1.1" 200 447972
192.168.10.17 - - [16/Mar/2023:11:24:14 -0300] "GET /cormun/servlet/vesolicitudgral?2023,19512,,SolicitudOTAdjuntos HTTP/1.1" 200 11056
192.168.10.17 - - [16/Mar/2023:11:24:17 -0300] "POST /cormun/servlet/acontrolpreferencessavestate?None,RRHH+DANIELA,true HTTP/1.1" 200 35
192.168.10.17 - - [16/Mar/2023:11:24:17 -0300] "GET /cormun/PublicTempStorage/fonasa_rodrigo_quijada6250269.pdf HTTP/1.1" 200 71800
192.168.10.17 - - [16/Mar/2023:11:24:18 -0300] "GET /cormun/servlet/vesolicitudgral?2023,19512,,SolicitudOTAdjuntos HTTP/1.1" 200 11054
200.54.237.82 - - [16/Mar/2023:11:24:26 -0300] "GET /cormun/servlet/solicitudot?651fcabecb5041bb2363f571340eee0411d265e165023df4eddfea7dd66b796cde01d44ce0114e87a7a08c444326764818c80f7c7518a0c87097e9457b1fb731161950d0893a5063f728f9feb44ce674f7f5cdb925dfd8cbd1005e10332085cbb752a5678d5370228e53f4cc6d8b2a9f,gx-no-cache=1678975745497 HTTP/1.1" 200 110
200.54.237.82 - - [16/Mar/2023:11:24:26 -0300] "POST /cormun/servlet/solicitudot?gx-no-cache=1678975745573 HTTP/1.1" 200 64
192.168.10.17 - - [16/Mar/2023:11:24:34 -0300] "GET /cormun/servlet/vesolicitudgral?2023,19512,,SolicitudOTAdjuntos HTTP/1.1" 200 11056
192.168.10.17 - - [16/Mar/2023:11:24:36 -0300] "POST /cormun/servlet/acontrolpreferencessavestate?None,RRHH+DANIELA,true HTTP/1.1" 200 35
200.54.237.82 - - [16/Mar/2023:11:24:36 -0300] "GET /cormun/servlet/solicitudot?651fcabecb5041bb2363f571340eee047555c043e3748449aaadd01ea803d476b24ea8cb074b26c2d00f277168afe81a7577ea8518281f5a4d48d9f99a349f98b846e5c8055c9cfa097b7d9664f14a7ebdf5d8ac73bff22b87a0f78da3df3115f7ba152d146314c2b9b92452789795fe,gx-no-cache=1678975754761 HTTP/1.1" 200 29
200.54.237.82 - - [16/Mar/2023:11:24:36 -0300] "GET /cormun/static/menuarrow.gif HTTP/1.1" 404 1015
192.168.10.17 - - [16/Mar/2023:11:24:37 -0300] "GET /cormun/servlet/vesolicitudgral?2023,19512,,SolicitudOTAdjuntos HTTP/1.1" 200 11057
200.54.237.82 - - [16/Mar/2023:11:24:40 -0300] "GET /cormun/servlet/solicitudot?651fcabecb5041bb2363f571340eee04f1db5d56354941a8c2487b50c3728bb94ab4279636dd84f8842d0af7870b19ac,gx-no-cache=1678975759393 HTTP/1.1" 200 30
200.54.237.82 - - [16/Mar/2023:11:24:49 -0300] "POST /cormun/servlet/solicitudot?gx-no-cache=1678975768389 HTTP/1.1" 200 30
200.54.237.82 - - [16/Mar/2023:11:24:54 -0300] "POST /cormun/servlet/solicitudot?452ee15b5448c8efac2c97d193f246d9,INS,0,0,false,,gx-no-cache=1678975772181 HTTP/1.1" 200 93
200.54.237.82 - - [16/Mar/2023:11:24:54 -0300] "GET /cormun/servlet/hpexe_return? HTTP/1.1" 200 1014
200.54.237.82 - - [16/Mar/2023:11:24:54 -0300] "GET /cormun/servlet/trsolicitudot HTTP/1.1" 200 12556
200.54.237.82 - - [16/Mar/2023:11:24:55 -0300] "GET /cormun/servlet/trsolicitudot HTTP/1.1" 200 12551
192.168.10.17 - - [16/Mar/2023:11:24:59 -0300] "GET /cormun/PublicTempStorage/curriculum_rodrigo_alberto_quijada_ojeda9149189.pdf HTTP/1.1" 200 6162747
190.95.15.15 - - [16/Mar/2023:11:25:05 -0300] "GET /cormun/servlet/trlicencias HTTP/1.1" 200 9498
190.95.15.15 - - [16/Mar/2023:11:25:05 -0300] "GET /cormun/servlet/trlicencias HTTP/1.1" 200 9498
200.54.237.82 - - [16/Mar/2023:11:25:22 -0300] "GET /cormun/servlet/solicitudot?INS,0,0,false, HTTP/1.1" 200 16196
200.54.237.82 - - [16/Mar/2023:11:25:22 -0300] "GET /cormun/servlet/solicitudot?INS,0,0,false, HTTP/1.1" 200 16203
186.67.172.234 - - [16/Mar/2023:11:25:50 -0300] "GET /cormun/servlet/trlicencias? HTTP/1.1" 200 8666
186.67.172.234 - - [16/Mar/2023:11:25:51 -0300] "GET /cormun/servlet/trlicencias? HTTP/1.1" 200 8666
186.67.172.234 - - [16/Mar/2023:11:25:53 -0300] "GET /cormun/servlet/hlogin HTTP/1.1" 200 1746
186.67.172.234 - - [16/Mar/2023:11:25:53 -0300] "GET /cormun/servlet/trlicencias? HTTP/1.1" 200 8660
192.168.10.17 - - [16/Mar/2023:11:25:57 -0300] "GET /cormun/servlet/vesolicitudgral?2023,19512,,SolicitudOTAdjuntos HTTP/1.1" 200 11052
192.168.10.17 - - [16/Mar/2023:11:25:59 -0300] "POST /cormun/servlet/acontrolpreferencessavestate?None,RRHH+DANIELA,true HTTP/1.1" 200 35
192.168.10.17 - - [16/Mar/2023:11:25:59 -0300] "GET /cormun/servlet/vesolicitudgral?2023,19512,,General HTTP/1.1" 200 8373
192.168.10.17 - - [16/Mar/2023:11:25:59 -0300] "GET /cormun/pexe_scrolldiv.js HTTP/1.1" 404 1009
192.168.10.17 - - [16/Mar/2023:11:26:00 -0300] "GET /cormun/servlet/vesolicitudgral?2023,19512,,General HTTP/1.1" 200 8373
192.168.10.17 - - [16/Mar/2023:11:26:00 -0300] "GET /cormun/servlet/vesolicitudgral?2023,19512,,SolicitudOTAdjuntos HTTP/1.1" 200 11008
190.95.15.15 - - [16/Mar/2023:11:26:57 -0300] "GET /cormun/servlet/hlogin HTTP/1.1" 200 1721
190.95.15.15 - - [16/Mar/2023:11:27:15 -0300] "POST /cormun/servlet/hlogin?0ec2b4df1e9f3c5425ac2099bedc7f61,gx-no-cache=1678975913263 HTTP/1.1" 200 90
190.95.15.15 - - [16/Mar/2023:11:27:15 -0300] "GET /cormun/servlet/hpexe_link HTTP/1.1" 200 952
190.95.15.15 - - [16/Mar/2023:11:27:15 -0300] "GET /cormun/servlet/trlicencias HTTP/1.1" 200 9732
190.95.15.15 - - [16/Mar/2023:11:27:16 -0300] "GET /cormun/servlet/trlicencias HTTP/1.1" 200 9730
190.171.141.90 - - [16/Mar/2023:11:27:29 -0300] "GET /cormun/servlet/trsolicitudot? HTTP/1.1" 200 6325
190.171.141.90 - - [16/Mar/2023:11:27:30 -0300] "GET /cormun/servlet/trsolicitudot? HTTP/1.1" 200 6321
190.171.141.90 - - [16/Mar/2023:11:27:30 -0300] "GET /cormun/servlet/hlogin HTTP/1.1" 200 1738
192.168.10.17 - - [16/Mar/2023:11:27:53 -0300] "GET /cormun/servlet/trsolicitudgral? HTTP/1.1" 200 9668
192.168.10.17 - - [16/Mar/2023:11:27:54 -0300] "GET /cormun/servlet/trsolicitudgral? HTTP/1.1" 200 9661
192.168.10.17 - - [16/Mar/2023:11:27:56 -0300] "GET /cormun/servlet/vesolicitudgral?2023,19533,, HTTP/1.1" 200 8378
192.168.10.17 - - [16/Mar/2023:11:27:56 -0300] "GET /cormun/pexe_scrolldiv.js HTTP/1.1" 404 1009
192.168.10.17 - - [16/Mar/2023:11:27:56 -0300] "GET /cormun/servlet/vesolicitudgral?2023,19533,, HTTP/1.1" 200 8377
190.95.15.15 - - [16/Mar/2023:11:28:05 -0300] "GET /cormun/servlet/trlicencias HTTP/1.1" 200 9732
190.171.141.106 - - [16/Mar/2023:11:28:05 -0300] "GET /cormun/servlet/hlogin HTTP/1.1" 200 1720
190.95.15.15 - - [16/Mar/2023:11:28:05 -0300] "GET /cormun/servlet/trlicencias HTTP/1.1" 200 9730
190.171.141.106 - - [16/Mar/2023:11:28:31 -0300] "GET /cormun/servlet/hlogin HTTP/1.1" 200 1720
190.171.141.90 - - [16/Mar/2023:11:28:31 -0300] "POST /cormun/servlet/hlogin?f86b363e9d61a2d984ae40323e0c472c,gx-no-cache=1678975835347 HTTP/1.1" 200 90
190.171.141.90 - - [16/Mar/2023:11:28:32 -0300] "GET /cormun/servlet/hpexe_link HTTP/1.1" 200 951
190.171.141.90 - - [16/Mar/2023:11:28:32 -0300] "GET /cormun/servlet/trsolicitudot HTTP/1.1" 200 7014
190.171.141.90 - - [16/Mar/2023:11:28:32 -0300] "GET /cormun/servlet/trsolicitudot HTTP/1.1" 200 7012
190.171.141.90 - - [16/Mar/2023:11:28:36 -0300] "GET /cormun/servlet/trsolicitudot? HTTP/1.1" 200 7012
190.171.141.90 - - [16/Mar/2023:11:28:37 -0300] "GET /cormun/servlet/trsolicitudot? HTTP/1.1" 200 7012
190.171.141.90 - - [16/Mar/2023:11:28:39 -0300] "GET /cormun/servlet/solicitudot?INS,0,0,false, HTTP/1.1" 200 15828
190.171.141.106 - - [16/Mar/2023:11:28:39 -0300] "POST /cormun/servlet/hlogin?3db15fe49b578feddcbe42898cd6f1ae,gx-no-cache=1678975998058 HTTP/1.1" 200 90
190.171.141.106 - - [16/Mar/2023:11:28:39 -0300] "GET /cormun/servlet/hpexe_link HTTP/1.1" 200 948
190.171.141.106 - - [16/Mar/2023:11:28:39 -0300] "GET /cormun/servlet/hhome HTTP/1.1" 200 4279
190.171.141.90 - - [16/Mar/2023:11:28:39 -0300] "GET /cormun/servlet/solicitudot?INS,0,0,false, HTTP/1.1" 200 15835
190.171.141.106 - - [16/Mar/2023:11:28:40 -0300] "GET /cormun/servlet/hhome HTTP/1.1" 200 4276
190.171.141.90 - - [16/Mar/2023:11:28:47 -0300] "POST /cormun/servlet/solicitudot?gx-no-cache=1678975850879 HTTP/1.1" 200 4059
190.171.141.90 - - [16/Mar/2023:11:28:47 -0300] "POST /cormun/servlet/solicitudot?f86b363e9d61a2d984ae40323e0c472c,INS,0,0,false,,gx-no-cache=1678975851034 HTTP/1.1" 200 12618
190.171.141.90 - - [16/Mar/2023:11:28:47 -0300] "GET /cormun/servlet/solicitudot?6600555e4a5f09f889adc01dd802ac18cd2ab9fed553e8a2659e49962e1aedcf9f17504c2d9efd9e9c0ff148c30235b3,gx-no-cache=1678975851218 HTTP/1.1" 200 30
190.171.141.90 - - [16/Mar/2023:11:28:50 -0300] "GET /cormun/servlet/solicitudot?6600555e4a5f09f889adc01dd802ac1804d0f63161b0563a726772192d3061f3ef1d67ba1de80be9d0ec1943f14240ccab06f045fffe598f6074f3c2fdc62113,gx-no-cache=1678975854488 HTTP/1.1" 200 30
190.171.141.90 - - [16/Mar/2023:11:28:50 -0300] "GET /cormun/servlet/solicitudot?6600555e4a5f09f889adc01dd802ac183788cbea903c9734ee1de08165e9e979,gx-no-cache=1678975854511 HTTP/1.1" 200 53
190.171.141.90 - - [16/Mar/2023:11:28:50 -0300] "POST /cormun/servlet/solicitudot?gx-no-cache=1678975854536 HTTP/1.1" 200 255
190.171.141.90 - - [16/Mar/2023:11:28:51 -0300] "GET /cormun/servlet/solicitudot?6600555e4a5f09f889adc01dd802ac18b1f14732cf3a34e0dc56ab40379ce0d1c26a63b32e1bb1d16626a351695e990745858dcf04f1a96f15a184d2909314417cd876a82388358bc0b046bbe0565347b06bf6071313c2272504218d9d1c90290e4a62a5338e9399f413e3f216b37d9d95cfd3c6cfb375be7265cf4a827826111b8381bc3376d0daad8c96c6643e7b9aa8c4e3e8a077f139c3d52449944cd1235a45464255d15fc3350d06239977950e2f782935e3f8dcc34347a5dd9a3f6b95cfe6e2795d322cb92eae0238285944822b33c818b36d1da8c4eb30ce763e2b9782e7bcf76083f7426761052a5ae29067bc466b445682a63d88cc264fd2136f197881e8bdcf09e78b067b5ad735d879d9f281de651215eb54c32fd0cb755b7489069f7266d569941a858c20d7f58f4d417f542d2c531fed1f58e767a58eab96ff57cd2dc892b1fd8b59d89fba9831bef37c14774e4ef538023b3bb03a03d066052379da6e6a94606fe6c16a624b30e352e2b4dfcb0bcc04f00255425f8686fa1f,gx-no-cache=1678975854567 HTTP/1.1" 200 30
190.171.141.90 - - [16/Mar/2023:11:28:52 -0300] "POST /cormun/servlet/solicitudot?gx-no-cache=1678975855602 HTTP/1.1" 200 30
190.171.141.106 - - [16/Mar/2023:11:28:52 -0300] "GET /cormun/servlet/trsolicitudot? HTTP/1.1" 200 7505
190.171.141.106 - - [16/Mar/2023:11:28:53 -0300] "GET /cormun/servlet/trsolicitudot? HTTP/1.1" 200 7503
190.171.141.106 - - [16/Mar/2023:11:29:00 -0300] "GET /cormun/servlet/trautorizarsolicitud? HTTP/1.1" 200 10036
190.171.141.106 - - [16/Mar/2023:11:29:00 -0300] "GET /cormun/servlet/trautorizarsolicitud? HTTP/1.1" 200 10036
190.171.141.90 - - [16/Mar/2023:11:29:01 -0300] "POST /cormun/servlet/solicitudot?gx-no-cache=1678975865447 HTTP/1.1" 200 1468
190.171.141.90 - - [16/Mar/2023:11:29:01 -0300] "POST /cormun/servlet/solicitudot?gx-no-cache=1678975865482 HTTP/1.1" 200 38
190.171.141.106 - - [16/Mar/2023:11:29:10 -0300] "POST /cormun/servlet/trautorizarsolicitud?3db15fe49b578feddcbe42898cd6f1ae,,gx-no-cache=1678976028453 HTTP/1.1" 200 6885
190.171.141.106 - - [16/Mar/2023:11:29:10 -0300] "GET /cormun/static/Shared/jqueryui/images/ui-bg_highlight-soft_100_c6c2c8_1x100.png HTTP/1.1" 404 1117
190.171.141.106 - - [16/Mar/2023:11:29:10 -0300] "GET /cormun/static/Shared/jqueryui/images/ui-icons_8d78a5_256x240.png HTTP/1.1" 404 1089
190.171.141.106 - - [16/Mar/2023:11:29:10 -0300] "GET /cormun/static/Shared/jqueryui/images/ui-icons_82798d_256x240.png HTTP/1.1" 404 1089
190.171.141.106 - - [16/Mar/2023:11:29:10 -0300] "GET /cormun/static/Shared/jqueryui/images/ui-bg_flat_55_fafafa_40x100.png HTTP/1.1" 404 1097
190.171.141.106 - - [16/Mar/2023:11:29:10 -0300] "POST /cormun/servlet/trautorizarsolicitud?3db15fe49b578feddcbe42898cd6f1ae,,gx-no-cache=1678976028805 HTTP/1.1" 200 6828
190.171.141.90 - - [16/Mar/2023:11:29:39 -0300] "GET /cormun/servlet/solicitudot?6600555e4a5f09f889adc01dd802ac18d8e5383ea4aef0219ba658951df88368bf9c5993d13f8c20742c20d05d95940bffbad2653c723c5486ce0c11769ef78a6164a2253d36f327aef39a78c72bba6913f39d33519cb5887beb562de4dedf60e4c1ed03e614022a1ae52fa15a5f844a,gx-no-cache=1678975903257 HTTP/1.1" 200 110
190.171.141.90 - - [16/Mar/2023:11:29:39 -0300] "POST /cormun/servlet/solicitudot?gx-no-cache=1678975903285 HTTP/1.1" 200 72
190.171.141.90 - - [16/Mar/2023:11:29:46 -0300] "GET /cormun/servlet/solicitudot?6600555e4a5f09f889adc01dd802ac18096a60a30803b3134bebaab012ff9ef2e56539180f0563eb351f2b84f2196f284b457623c32ca8c79a8f4c2189b2c6d8e4316deae3da1b77b9322d26be177fd2cbd210473b1bd7dbabe989013d46e3490a7fd237d490ed25ffd67944206feca21ba1a3c29970e1385e765a7421213371383b0c5ba86b71d59a9f38fef4860cb57d22b8735ce2f668277c06bcbdc14cd2,gx-no-cache=1678975909874 HTTP/1.1" 200 29
190.171.141.90 - - [16/Mar/2023:11:29:46 -0300] "GET /cormun/static/menuarrow.gif HTTP/1.1" 404 1015
190.171.141.90 - - [16/Mar/2023:11:29:49 -0300] "GET /cormun/servlet/solicitudot?6600555e4a5f09f889adc01dd802ac185bcf2c9efd4981f5b9653fd19197f26bf8c8b72c16532467817abe812a92827a,gx-no-cache=1678975912902 HTTP/1.1" 200 30
190.171.141.90 - - [16/Mar/2023:11:29:56 -0300] "POST /cormun/servlet/solicitudot?gx-no-cache=1678975920379 HTTP/1.1" 200 30
190.171.141.90 - - [16/Mar/2023:11:29:59 -0300] "POST /cormun/servlet/solicitudot?f86b363e9d61a2d984ae40323e0c472c,INS,0,0,false,,gx-no-cache=1678975922707 HTTP/1.1" 200 93
190.171.141.90 - - [16/Mar/2023:11:29:59 -0300] "GET /cormun/servlet/hpexe_return? HTTP/1.1" 200 1003
190.171.141.90 - - [16/Mar/2023:11:29:59 -0300] "GET /cormun/servlet/trsolicitudot HTTP/1.1" 200 8469
190.171.141.90 - - [16/Mar/2023:11:30:00 -0300] "GET /cormun/servlet/trsolicitudot HTTP/1.1" 200 8464
190.171.141.90 - - [16/Mar/2023:11:30:03 -0300] "POST /cormun/servlet/trsolicitudot?f86b363e9d61a2d984ae40323e0c472c,gx-no-cache=1678975927079 HTTP/1.1" 200 4286
190.171.141.90 - - [16/Mar/2023:11:30:03 -0300] "GET /cormun/static/Shared/jqueryui/images/ui-bg_highlight-soft_100_c6c2c8_1x100.png HTTP/1.1" 404 1117
190.171.141.90 - - [16/Mar/2023:11:30:03 -0300] "GET /cormun/static/Shared/jqueryui/images/ui-icons_82798d_256x240.png HTTP/1.1" 404 1089
190.171.141.90 - - [16/Mar/2023:11:30:03 -0300] "GET /cormun/static/Shared/jqueryui/images/ui-bg_flat_55_fafafa_40x100.png HTTP/1.1" 404 1097
190.171.141.90 - - [16/Mar/2023:11:30:03 -0300] "GET /cormun/static/Shared/jqueryui/images/ui-icons_8d78a5_256x240.png HTTP/1.1" 404 1089
190.171.141.90 - - [16/Mar/2023:11:30:03 -0300] "POST /cormun/servlet/trsolicitudot?f86b363e9d61a2d984ae40323e0c472c,gx-no-cache=1678975927252 HTTP/1.1" 200 4060
192.168.10.17 - - [16/Mar/2023:11:30:09 -0300] "GET /cormun/servlet/vesolicitudgral?2023,19533,,SolicitudOTAdjuntos HTTP/1.1" 200 7047
192.168.10.17 - - [16/Mar/2023:11:30:09 -0300] "GET /cormun/pexe_scrolldiv.js HTTP/1.1" 404 1009
192.168.10.17 - - [16/Mar/2023:11:30:10 -0300] "GET /cormun/servlet/vesolicitudgral?2023,19533,,SolicitudOTAdjuntos HTTP/1.1" 200 7047
192.168.10.17 - - [16/Mar/2023:11:30:10 -0300] "POST /cormun/servlet/acontrolpreferencessavestate?None,RRHH+DANIELA,true HTTP/1.1" 200 35
192.168.10.17 - - [16/Mar/2023:11:30:11 -0300] "GET /cormun/servlet/vesolicitudgral?2023,19533,,General HTTP/1.1" 200 8381
192.168.10.17 - - [16/Mar/2023:11:30:11 -0300] "GET /cormun/pexe_scrolldiv.js HTTP/1.1" 404 1009
192.168.10.17 - - [16/Mar/2023:11:30:11 -0300] "GET /cormun/servlet/vesolicitudgral?2023,19533,,General HTTP/1.1" 200 8381
190.171.141.106 - - [16/Mar/2023:11:30:58 -0300] "GET /cormun/Manuales/InstructivoDirector.pdf HTTP/1.1" 404 1039
190.171.141.106 - - [16/Mar/2023:11:31:05 -0300] "GET /cormun/servlet/trautorizarsolicitud? HTTP/1.1" 200 9671
190.171.141.106 - - [16/Mar/2023:11:31:06 -0300] "GET /cormun/servlet/trautorizarsolicitud? HTTP/1.1" 200 9671
190.171.141.106 - - [16/Mar/2023:11:31:43 -0300] "GET /cormun/servlet/wbsecusr01? HTTP/1.1" 200 4156
190.171.141.106 - - [16/Mar/2023:11:31:43 -0300] "GET /cormun/static/gxcfg.js?20201215553817 HTTP/1.1" 200 953
190.171.141.106 - - [16/Mar/2023:11:31:43 -0300] "GET /cormun/static/wbsecusr01.js?20201215553975 HTTP/1.1" 200 4681
190.171.141.106 - - [16/Mar/2023:11:31:51 -0300] "GET /cormun/servlet/trautorizarsolicitud? HTTP/1.1" 200 9667
190.171.141.106 - - [16/Mar/2023:11:31:51 -0300] "GET /cormun/servlet/trautorizarsolicitud? HTTP/1.1" 200 9666
200.54.237.82 - - [16/Mar/2023:11:31:57 -0300] "GET /cormun/servlet/trcontratounov2? HTTP/1.1" 200 5906
190.171.141.106 - - [16/Mar/2023:11:31:57 -0300] "GET /cormun/servlet/hhome HTTP/1.1" 200 4278
190.171.141.106 - - [16/Mar/2023:11:31:57 -0300] "GET /cormun/servlet/hhome HTTP/1.1" 200 4276
200.54.237.82 - - [16/Mar/2023:11:31:58 -0300] "GET /cormun/servlet/trcontratounov2? HTTP/1.1" 200 5916
200.54.237.82 - - [16/Mar/2023:11:31:58 -0300] "GET /cormun/servlet/hlogin HTTP/1.1" 200 1744
190.95.15.15 - - [16/Mar/2023:11:32:38 -0300] "GET /cormun/servlet/trlicencias HTTP/1.1" 200 9732
190.95.15.15 - - [16/Mar/2023:11:32:38 -0300] "GET /cormun/servlet/trlicencias HTTP/1.1" 200 9730
190.171.141.106 - - [16/Mar/2023:11:32:58 -0300] "GET /cormun/servlet/trsolicitudot? HTTP/1.1" 200 7505
190.171.141.106 - - [16/Mar/2023:11:32:58 -0300] "GET /cormun/servlet/trsolicitudot? HTTP/1.1" 200 7503
190.171.141.106 - - [16/Mar/2023:11:33:04 -0300] "GET /cormun/servlet/trautorizarsolicitud? HTTP/1.1" 200 9671
190.171.141.106 - - [16/Mar/2023:11:33:04 -0300] "GET /cormun/servlet/trautorizarsolicitud? HTTP/1.1" 200 9671
190.95.15.15 - - [16/Mar/2023:11:33:06 -0300] "GET /cormun/servlet/trlicencias HTTP/1.1" 200 9732
190.95.15.15 - - [16/Mar/2023:11:33:06 -0300] "GET /cormun/servlet/trlicencias HTTP/1.1" 200 9730
192.168.10.17 - - [16/Mar/2023:11:33:36 -0300] "GET /cormun/servlet/trsolicitudgral? HTTP/1.1" 200 8307
192.168.10.17 - - [16/Mar/2023:11:33:36 -0300] "GET /cormun/servlet/trsolicitudgral? HTTP/1.1" 200 8292
192.168.10.17 - - [16/Mar/2023:11:33:41 -0300] "POST /cormun/servlet/trsolicitudgral?8c73989d22f6890bb1b48b21cbd97fbb,,gx-no-cache=1678976294236 HTTP/1.1" 200 7121
192.168.10.17 - - [16/Mar/2023:11:33:43 -0300] "POST /cormun/servlet/trsolicitudgral?8c73989d22f6890bb1b48b21cbd97fbb,,gx-no-cache=1678976296490 HTTP/1.1" 200 5492
192.168.10.17 - - [16/Mar/2023:11:33:43 -0300] "GET /cormun/static/Shared/jqueryui/images/ui-icons_82798d_256x240.png HTTP/1.1" 404 1089
192.168.10.17 - - [16/Mar/2023:11:33:43 -0300] "GET /cormun/static/Shared/jqueryui/images/ui-bg_highlight-soft_100_c6c2c8_1x100.png HTTP/1.1" 404 1117
192.168.10.17 - - [16/Mar/2023:11:33:43 -0300] "GET /cormun/static/Shared/jqueryui/images/ui-icons_8d78a5_256x240.png HTTP/1.1" 404 1089
192.168.10.17 - - [16/Mar/2023:11:33:43 -0300] "GET /cormun/static/Shared/jqueryui/images/ui-bg_flat_55_fafafa_40x100.png HTTP/1.1" 404 1097
192.168.10.17 - - [16/Mar/2023:11:33:46 -0300] "GET /cormun/servlet/trautorizarot? HTTP/1.1" 200 9988
192.168.10.17 - - [16/Mar/2023:11:33:46 -0300] "GET /cormun/servlet/trautorizarot? HTTP/1.1" 200 9987
192.168.10.17 - - [16/Mar/2023:11:33:49 -0300] "POST /cormun/servlet/trautorizarot?8c73989d22f6890bb1b48b21cbd97fbb,,gx-no-cache=1678976302682 HTTP/1.1" 200 5347
192.168.10.17 - - [16/Mar/2023:11:34:10 -0300] "GET /cormun/servlet/trsolicitudgral? HTTP/1.1" 200 8292
192.168.10.17 - - [16/Mar/2023:11:34:10 -0300] "GET /cormun/servlet/trsolicitudgral? HTTP/1.1" 200 8291
200.54.237.82 - - [16/Mar/2023:11:34:54 -0300] "POST /cormun/servlet/solicitudot?gx-no-cache=1678976373632 HTTP/1.1" 200 3952
200.54.237.82 - - [16/Mar/2023:11:34:55 -0300] "POST /cormun/servlet/solicitudot?452ee15b5448c8efac2c97d193f246d9,INS,0,0,false,,gx-no-cache=1678976373820 HTTP/1.1" 200 12783
200.54.237.82 - - [16/Mar/2023:11:34:59 -0300] "GET /cormun/servlet/solicitudot?651fcabecb5041bb2363f571340eee04188b97ddd5cfb22b41cf995ed578242788729968f6d6424aa90db7693cabb909,gx-no-cache=1678976378481 HTTP/1.1" 200 30
190.95.15.15 - - [16/Mar/2023:11:36:53 -0300] "GET /cormun/servlet/hlogin HTTP/1.1" 200 1721
190.95.15.15 - - [16/Mar/2023:11:36:59 -0300] "POST /cormun/servlet/hlogin?0ec2b4df1e9f3c5425ac2099bedc7f61,gx-no-cache=1678976497427 HTTP/1.1" 200 422
181.212.42.153 - - [16/Mar/2023:11:37:00 -0300] "GET /cormun/servlet/trlicencias? HTTP/1.1" 200 12236
181.212.42.153 - - [16/Mar/2023:11:37:00 -0300] "GET /cormun/static/Resources/desc.gif HTTP/1.1" 200 65
181.212.42.153 - - [16/Mar/2023:11:37:00 -0300] "GET /cormun//static/Resources/PXToolsHeaderFavorites.png HTTP/1.1" 200 1414
181.212.42.153 - - [16/Mar/2023:11:37:00 -0300] "GET /cormun/servlet/trlicencias? HTTP/1.1" 200 12233
190.95.15.15 - - [16/Mar/2023:11:37:05 -0300] "POST /cormun/servlet/hlogin?0ec2b4df1e9f3c5425ac2099bedc7f61,gx-no-cache=1678976502754 HTTP/1.1" 200 90
190.95.15.15 - - [16/Mar/2023:11:37:05 -0300] "GET /cormun/servlet/hpexe_link HTTP/1.1" 200 952
190.95.15.15 - - [16/Mar/2023:11:37:05 -0300] "GET /cormun/servlet/trlicencias HTTP/1.1" 200 9732
190.95.15.15 - - [16/Mar/2023:11:37:05 -0300] "GET /cormun/servlet/trlicencias HTTP/1.1" 200 9730
181.212.42.153 - - [16/Mar/2023:11:37:14 -0300] "GET /cormun/servlet/licenciaspermisos?DSP,13504206,L,20230314000000, HTTP/1.1" 200 7067
181.212.42.153 - - [16/Mar/2023:11:37:14 -0300] "GET /cormun/servlet/licenciaspermisos?DSP,13504206,L,20230314000000, HTTP/1.1" 200 7069
181.212.42.153 - - [16/Mar/2023:11:37:17 -0300] "POST /cormun/servlet/licenciaspermisos?ff0cb889b09b6a3e3810a9fd92cb9ba6,DSP,13504206,L,20230314000000,,gx-no-cache=1678976516822 HTTP/1.1" 200 93
181.212.42.153 - - [16/Mar/2023:11:37:17 -0300] "GET /cormun/servlet/hpexe_return? HTTP/1.1" 200 1034
181.212.42.153 - - [16/Mar/2023:11:37:17 -0300] "GET /cormun/servlet/trlicencias HTTP/1.1" 200 12239
181.212.42.153 - - [16/Mar/2023:11:37:17 -0300] "GET /cormun/servlet/trlicencias HTTP/1.1" 200 12233
192.168.10.96 - - [16/Mar/2023:11:41:17 -0300] "GET /cormun/servlet/hlogin HTTP/1.1" 200 1747
192.168.10.96 - - [16/Mar/2023:11:41:17 -0300] "GET /cormun/static/gxcfg.js?201910216285969 HTTP/1.1" 200 953
192.168.10.96 - - [16/Mar/2023:11:41:17 -0300] "GET /cormun/static/gxtimezone.js?85251 HTTP/1.1" 200 5781
192.168.10.96 - - [16/Mar/2023:11:41:17 -0300] "GET /cormun/static/Resources/Spanish/PXTools.css?2294816 HTTP/1.1" 200 100853
192.168.10.96 - - [16/Mar/2023:11:41:17 -0300] "GET /cormun/static/messages.spa.js?85251 HTTP/1.1" 200 30736
192.168.10.96 - - [16/Mar/2023:11:41:17 -0300] "GET /cormun/static/hlogin.js?201910216285995 HTTP/1.1" 200 2136
192.168.10.96 - - [16/Mar/2023:11:41:17 -0300] "GET /cormun/static/gxgral.js?85251 HTTP/1.1" 200 384558
192.168.10.96 - - [16/Mar/2023:11:41:17 -0300] "GET /cormun/static/Resources/Logo2019_Grande.png HTTP/1.1" 200 31733
192.168.10.96 - - [16/Mar/2023:11:41:17 -0300] "GET /cormun/static/Resources/PXToolsButtonLeft.png HTTP/1.1" 200 1310
192.168.10.96 - - [16/Mar/2023:11:41:17 -0300] "GET /cormun/static/Resources/PXToolsButtonRight.png HTTP/1.1" 200 1294
192.168.10.96 - - [16/Mar/2023:11:41:17 -0300] "GET /cormun/static/Resources/PXToolsLoginBottom.png HTTP/1.1" 200 1389
192.168.10.96 - - [16/Mar/2023:11:41:17 -0300] "GET /cormun/static/Resources/PXToolsLoginBackground.png HTTP/1.1" 200 1164
192.168.10.96 - - [16/Mar/2023:11:41:17 -0300] "GET /cormun/static/Resources/PXToolsLoginTop.png HTTP/1.1" 200 1337
192.168.10.96 - - [16/Mar/2023:11:41:17 -0300] "GET /cormun/static/Resources/indicator.gif HTTP/1.1" 200 1553
192.168.10.96 - - [16/Mar/2023:11:41:17 -0300] "GET /cormun/static/Resources/PXToolsButtonBackground.png HTTP/1.1" 200 1176
190.171.152.114 - - [16/Mar/2023:11:42:15 -0300] "GET /cormun/servlet/trlicencias? HTTP/1.1" 200 8652
190.171.152.114 - - [16/Mar/2023:11:42:16 -0300] "GET /cormun/servlet/hlogin HTTP/1.1" 200 1737
190.171.152.114 - - [16/Mar/2023:11:42:16 -0300] "GET /cormun/servlet/trlicencias? HTTP/1.1" 200 8652
190.171.152.114 - - [16/Mar/2023:11:42:31 -0300] "POST /cormun/servlet/hlogin?0dcacec2ff82bc201183613cdf7cca30,gx-no-cache=1678976829075 HTTP/1.1" 200 90
190.171.152.114 - - [16/Mar/2023:11:42:31 -0300] "GET /cormun/servlet/hpexe_link HTTP/1.1" 200 954
190.171.152.114 - - [16/Mar/2023:11:42:31 -0300] "GET /cormun/servlet/trlicencias HTTP/1.1" 200 11190
190.171.152.114 - - [16/Mar/2023:11:42:32 -0300] "GET /cormun/servlet/trlicencias HTTP/1.1" 200 11188
192.168.10.17 - - [16/Mar/2023:11:43:29 -0300] "GET /cormun/servlet/hlogin HTTP/1.1" 200 1749
181.212.42.153 - - [16/Mar/2023:11:44:15 -0300] "GET /cormun/servlet/licenciaspermisos?INS,0,,, HTTP/1.1" 200 7579
181.212.42.153 - - [16/Mar/2023:11:44:15 -0300] "GET /cormun/servlet/licenciaspermisos?INS,0,,, HTTP/1.1" 200 7587
190.171.141.106 - - [16/Mar/2023:11:44:41 -0300] "GET /cormun/servlet/hlogin HTTP/1.1" 200 1720
190.171.141.106 - - [16/Mar/2023:11:45:09 -0300] "GET /cormun/servlet/hlogin HTTP/1.1" 200 1720
181.212.42.153 - - [16/Mar/2023:11:45:11 -0300] "GET /cormun/servlet/trsolicitudot? HTTP/1.1" 200 8619
181.212.42.153 - - [16/Mar/2023:11:45:12 -0300] "GET /cormun/servlet/trsolicitudot? HTTP/1.1" 200 8611
181.212.42.153 - - [16/Mar/2023:11:45:20 -0300] "GET /cormun/servlet/solicitudot?INS,0,0,false, HTTP/1.1" 200 15826
181.212.42.153 - - [16/Mar/2023:11:45:20 -0300] "GET /cormun/servlet/solicitudot?INS,0,0,false, HTTP/1.1" 200 15834
181.212.42.153 - - [16/Mar/2023:11:45:26 -0300] "POST /cormun/servlet/solicitudot?gx-no-cache=1678977006025 HTTP/1.1" 200 3951
181.212.42.153 - - [16/Mar/2023:11:45:26 -0300] "POST /cormun/servlet/solicitudot?ff0cb889b09b6a3e3810a9fd92cb9ba6,INS,0,0,false,,gx-no-cache=1678977006204 HTTP/1.1" 200 12505
181.212.42.153 - - [16/Mar/2023:11:45:28 -0300] "GET /cormun/servlet/solicitudot?b0615f671a5ef0497ef0ce719f58fe3f016403cede9e067f5acb27b7b8afef87d1aeed754bf2332044036bfac46b3760,gx-no-cache=1678977007951 HTTP/1.1" 200 30
190.171.144.234 - - [16/Mar/2023:11:45:33 -0300] "GET /cormun/servlet/hlogin HTTP/1.1" 200 1731
190.171.144.234 - - [16/Mar/2023:11:45:40 -0300] "POST /cormun/servlet/hlogin?682dbf6b23de3874c3fc16795b68f322,gx-no-cache=1678977018913 HTTP/1.1" 200 90
190.171.144.234 - - [16/Mar/2023:11:45:40 -0300] "GET /cormun/servlet/hpexe_link HTTP/1.1" 200 957
190.171.144.234 - - [16/Mar/2023:11:45:41 -0300] "GET /cormun/servlet/hhome HTTP/1.1" 200 3998
190.171.144.234 - - [16/Mar/2023:11:45:41 -0300] "GET /cormun/servlet/hhome HTTP/1.1" 200 3994
190.171.144.234 - - [16/Mar/2023:11:45:44 -0300] "GET /cormun/servlet/trsolicitudot? HTTP/1.1" 200 7221
190.171.144.234 - - [16/Mar/2023:11:45:45 -0300] "GET /cormun/servlet/trsolicitudot? HTTP/1.1" 200 7220
190.171.142.42 - - [16/Mar/2023:11:45:53 -0300] "GET /cormun/servlet/hlogin HTTP/1.1" 200 1743
190.171.144.234 - - [16/Mar/2023:11:45:55 -0300] "GET /cormun/servlet/solicitudot?INS,0,0,false, HTTP/1.1" 200 15854
190.171.144.234 - - [16/Mar/2023:11:45:56 -0300] "GET /cormun/servlet/solicitudot?INS,0,0,false, HTTP/1.1" 200 15862
190.171.142.42 - - [16/Mar/2023:11:46:06 -0300] "POST /cormun/servlet/hlogin?e2c998090e14c3565fc0428803b54ed3,gx-no-cache=1678977041652 HTTP/1.1" 200 90
190.171.142.42 - - [16/Mar/2023:11:46:06 -0300] "GET /cormun/servlet/hpexe_link HTTP/1.1" 200 958
190.171.142.42 - - [16/Mar/2023:11:46:06 -0300] "GET /cormun/servlet/trsolicitudot? HTTP/1.1" 200 7440
190.171.142.42 - - [16/Mar/2023:11:46:06 -0300] "GET /cormun/servlet/trsolicitudot? HTTP/1.1" 200 7439
190.171.142.42 - - [16/Mar/2023:11:46:18 -0300] "GET /cormun/servlet/trsolicitudot? HTTP/1.1" 200 7439
190.171.142.42 - - [16/Mar/2023:11:46:18 -0300] "GET /cormun/servlet/trsolicitudot? HTTP/1.1" 200 7439
190.171.144.234 - - [16/Mar/2023:11:46:32 -0300] "POST /cormun/servlet/solicitudot?gx-no-cache=1678977070927 HTTP/1.1" 200 3943
190.171.144.234 - - [16/Mar/2023:11:46:32 -0300] "POST /cormun/servlet/solicitudot?682dbf6b23de3874c3fc16795b68f322,INS,0,0,false,,gx-no-cache=1678977071108 HTTP/1.1" 200 12501
190.171.144.234 - - [16/Mar/2023:11:46:37 -0300] "GET /cormun/servlet/solicitudot?7ab8229f42be3883a44091946af459d5b3d844cf084ea2446b1bf105a4d43434db532a21e4f31251beeb32e2e8ca1969,gx-no-cache=1678977076506 HTTP/1.1" 200 30
181.212.42.153 - - [16/Mar/2023:11:46:48 -0300] "GET /cormun/servlet/prbanco?,MD,,gxPopupLevel%3D0%3B HTTP/1.1" 200 6529
181.212.42.153 - - [16/Mar/2023:11:46:54 -0300] "GET /cormun/servlet/solicitudot?b0615f671a5ef0497ef0ce719f58fe3f88d42ac2cfc038f6f9b181a47dd2728205e28e883e044391e29a24a64c90e1aa387788a7dea9caca6d634663280cb5d1,gx-no-cache=1678977093871 HTTP/1.1" 200 30
181.212.42.153 - - [16/Mar/2023:11:46:55 -0300] "GET /cormun/servlet/solicitudot?b0615f671a5ef0497ef0ce719f58fe3fe5d7d55cd5d336aec7b2d31ece6d3a22,gx-no-cache=1678977095015 HTTP/1.1" 200 51
190.171.142.42 - - [16/Mar/2023:11:47:18 -0300] "GET /cormun/servlet/solicitudot?INS,0,0,false, HTTP/1.1" 200 16077
190.171.142.42 - - [16/Mar/2023:11:47:19 -0300] "GET /cormun/servlet/solicitudot?INS,0,0,false, HTTP/1.1" 200 16085
181.212.42.153 - - [16/Mar/2023:11:47:19 -0300] "POST /cormun/servlet/solicitudot?gx-no-cache=1678977119440 HTTP/1.1" 200 255
181.212.42.153 - - [16/Mar/2023:11:47:21 -0300] "GET /cormun/servlet/solicitudot?b0615f671a5ef0497ef0ce719f58fe3f6aafd82822d4f5445daecd188a2cf02138bcfb1282a29b7aec65d5f4629baee23df9094874de9c6e6ff008c9c9b9a9328767ad84dca492d232a8db767c2bc3e841874aa6bfabd6768c35659d30350b0fdb309f8eec587da1de8218725c5c3450377930838b3e552baa7490bf61612249a6ba35eced4644616ad9929472f98954ae643573b2849bb111d015b91767299dcc23d3e530fd02bfaa1620c8ae63ccdb12cc6845641fcbf7a092c406218e4f0e3a288c318846c09beed972e0ee8fe501fc176545258dd0dbedf287eeca8fc16d9596b50385937969213299e8a6fd33d988e1607f63a539c344811ff96082ebf7e1c519634c74a1b2cb8a0c5c6ee0a81a6c7ab79953ddd29b405dece4492b040c8e36573d035139d982fee336b1a6155d38f100c4e7991fa9b32b8f29edaeb562fa7748003d9d5debcc2ba03382a229eb21ac3e6c3aaa7d626d8106d7b99ccf2c8e4afbe1d9a1c623cf31ccb2f86950c0885f28bfbc6c1a78f068f6ab65c3c816,gx-no-cache=1678977121186 HTTP/1.1" 200 30
181.212.42.153 - - [16/Mar/2023:11:47:24 -0300] "POST /cormun/servlet/solicitudot?gx-no-cache=1678977123884 HTTP/1.1" 200 30
181.212.42.153 - - [16/Mar/2023:11:47:25 -0300] "POST /cormun/servlet/solicitudot?gx-no-cache=1678977124922 HTTP/1.1" 200 1469
181.212.42.153 - - [16/Mar/2023:11:47:25 -0300] "POST /cormun/servlet/solicitudot?gx-no-cache=1678977124950 HTTP/1.1" 200 38
181.212.42.153 - - [16/Mar/2023:11:47:47 -0300] "GET /cormun/servlet/solicitudot?b0615f671a5ef0497ef0ce719f58fe3f009ae160aadfb6396304f9b2005a7e74143cf308051b3bbc1ce0ba69221397faf85d7da84ac488652da052aea700bd7f3ded1315aafad617ba70f49aedb0f1a1055c8e8077ebb30b3698fa35ce7ee2df391c4fab88abea175e3085c9e9267839,gx-no-cache=1678977147086 HTTP/1.1" 200 110
181.212.42.153 - - [16/Mar/2023:11:47:47 -0300] "POST /cormun/servlet/solicitudot?gx-no-cache=1678977147112 HTTP/1.1" 200 97
181.212.42.153 - - [16/Mar/2023:11:47:53 -0300] "GET /cormun/servlet/solicitudot?b0615f671a5ef0497ef0ce719f58fe3f60a022bd99cea769377cafe6d5e1d958439e0dcbc7447bd3b6d7b14998e15d349370c0f6e8d6026e2b05265403026c4017dbf211054f95b8299c7cb030e1757d6a1f33fa14e6e28c8c3d121620cb4f7dfbe0053f96a1f9638b1f3abb749a1ea0,gx-no-cache=1678977153413 HTTP/1.1" 200 29
181.212.42.153 - - [16/Mar/2023:11:47:53 -0300] "GET /cormun/static/menuarrow.gif HTTP/1.1" 404 1015
190.171.142.42 - - [16/Mar/2023:11:47:58 -0300] "POST /cormun/servlet/solicitudot?gx-no-cache=1678977153818 HTTP/1.1" 200 4058
190.171.142.42 - - [16/Mar/2023:11:47:58 -0300] "POST /cormun/servlet/solicitudot?e2c998090e14c3565fc0428803b54ed3,INS,0,0,false,,gx-no-cache=1678977154016 HTTP/1.1" 200 12900
181.212.42.153 - - [16/Mar/2023:11:48:11 -0300] "GET /cormun/servlet/solicitudot?b0615f671a5ef0497ef0ce719f58fe3f6d56c610a021324077aa44a70ae01186e19deb68f2a0c2d217989cb185f641f0,gx-no-cache=1678977171259 HTTP/1.1" 200 30
181.212.42.153 - - [16/Mar/2023:11:48:16 -0300] "POST /cormun/servlet/solicitudot?gx-no-cache=1678977176370 HTTP/1.1" 200 30
181.212.42.153 - - [16/Mar/2023:11:48:45 -0300] "POST /cormun/servlet/solicitudot?ff0cb889b09b6a3e3810a9fd92cb9ba6,INS,0,0,false,,gx-no-cache=1678977204044 HTTP/1.1" 200 93
181.212.42.153 - - [16/Mar/2023:11:48:45 -0300] "GET /cormun/servlet/hpexe_return? HTTP/1.1" 200 1015
181.212.42.153 - - [16/Mar/2023:11:48:45 -0300] "GET /cormun/servlet/trsolicitudot HTTP/1.1" 200 9117
181.212.42.153 - - [16/Mar/2023:11:48:45 -0300] "GET /cormun/servlet/trsolicitudot HTTP/1.1" 200 9113
190.171.142.42 - - [16/Mar/2023:11:49:00 -0300] "GET /cormun/servlet/solicitudot?a3b5a3935bec9fbdccc10ecb9147ff00cecc452e2dc697c830abe9783d65830adbbbfc8fef4eef52f60087f2c7229315,gx-no-cache=1678977216563 HTTP/1.1" 200 30
190.171.144.234 - - [16/Mar/2023:11:49:14 -0300] "GET /cormun/servlet/prbanco?,MD,,gxPopupLevel%3D0%3B HTTP/1.1" 200 6560
181.212.42.153 - - [16/Mar/2023:11:49:15 -0300] "POST /cormun/servlet/trsolicitudot?ff0cb889b09b6a3e3810a9fd92cb9ba6,gx-no-cache=1678977235242 HTTP/1.1" 200 5804
