186.175.141.101 - - [16/Mar/2023:10:02:07 -0300] "GET /cormun/servlet/hpexe_return? HTTP/1.1" 200 1032
186.175.141.101 - - [16/Mar/2023:10:02:07 -0300] "GET /cormun/servlet/trsolicitudadjuntos?2023,19589, HTTP/1.1" 200 8959
186.175.141.101 - - [16/Mar/2023:10:02:08 -0300] "GET /cormun/servlet/trsolicitudadjuntos?2023,19589, HTTP/1.1" 200 8954
186.175.141.101 - - [16/Mar/2023:10:02:10 -0300] "GET /cormun/servlet/solicitudotadjuntos?INS,2023,19589,,1, HTTP/1.1" 200 5956
186.175.141.101 - - [16/Mar/2023:10:02:10 -0300] "GET /cormun/static/about:blank HTTP/1.1" 404 1011
186.175.141.101 - - [16/Mar/2023:10:02:10 -0300] "GET /cormun/servlet/solicitudotadjuntos?INS,2023,19589,,1, HTTP/1.1" 200 5950
186.175.141.101 - - [16/Mar/2023:10:02:10 -0300] "GET /cormun/servlet/solicitudotadjuntos?496d9a4c5ea0906fbd48467f18274ca7050acfff6456d952d47b1a4142c1214c24efbdfbec035dea7d3577e358a95547,gx-no-cache=1678970810363 HTTP/1.1" 200 30
186.175.141.101 - - [16/Mar/2023:10:02:11 -0300] "POST /cormun/servlet/solicitudotadjuntos?6182b4f49f2fd43267f0174cea7ff876,INS,2023,19589,,1,,gx-no-cache=1678970810410 HTTP/1.1" 200 3905
186.175.141.101 - - [16/Mar/2023:10:02:12 -0300] "POST /cormun/servlet/solicitudotadjuntos?gx-no-cache=1678970812354 HTTP/1.1" 200 26
190.171.141.82 - - [16/Mar/2023:10:02:18 -0300] "GET /cormun/servlet/solicitudot?572e7f5d848b18361342468a5c1c85994a41d27dc54050387113ce03ee4ed2db8d47f1e06c38e1f23839a9aa777071ac65015031906806856bf35c2b14a939c88a047182f209a2707c752cd969ee25ee4d6424727ab8c473645294d4ce93bf289a137e8860e91c9bf4478e5cfd6b349d,gx-no-cache=1678970817201 HTTP/1.1" 200 110
190.171.141.82 - - [16/Mar/2023:10:02:18 -0300] "POST /cormun/servlet/solicitudot?gx-no-cache=1678970817230 HTTP/1.1" 200 97
190.171.141.82 - - [16/Mar/2023:10:02:18 -0300] "GET /cormun/servlet/solicitudot?572e7f5d848b18361342468a5c1c85996eeabbbe00f329b89c5f162ddbbb65e03c60dbe28ec8bd76d137fee9444679e2701be21dfe8910d5386840e184d725e84b18acd99dbaa61ecf0fb83514e49e458c41cd6e4b43bf858351a6aace55abad5b7b1410788ede43648d6973ed6327dadc42b017d684a32a6ce5e115b680422894b84324e0009ed976563adb64f3de6bc783205eee943e64b8061a011037089f,gx-no-cache=1678970817253 HTTP/1.1" 200 29
190.171.141.82 - - [16/Mar/2023:10:02:19 -0300] "GET /cormun/static/menuarrow.gif HTTP/1.1" 404 1015
186.175.141.101 - - [16/Mar/2023:10:02:20 -0300] "GET /cormun/servlet/solicitudotadjuntos?496d9a4c5ea0906fbd48467f18274ca7425dc933ebe29e408d3e900923484c3a,gx-no-cache=1678970820185 HTTP/1.1" 200 30
186.175.141.101 - - [16/Mar/2023:10:02:20 -0300] "GET /cormun/servlet/solicitudotadjuntos?496d9a4c5ea0906fbd48467f18274ca7425dc933ebe29e408d3e900923484c3a,gx-no-cache=1678970820329 HTTP/1.1" 200 30
186.175.141.101 - - [16/Mar/2023:10:02:21 -0300] "POST /cormun/servlet/solicitudotadjuntos?6182b4f49f2fd43267f0174cea7ff876,INS,2023,19589,,1, HTTP/1.1" 200 116
186.175.141.101 - - [16/Mar/2023:10:02:21 -0300] "GET /cormun/servlet/hpexe_return? HTTP/1.1" 200 1032
186.175.141.101 - - [16/Mar/2023:10:02:21 -0300] "GET /cormun/servlet/trsolicitudadjuntos?2023,19589, HTTP/1.1" 200 9253
190.171.141.82 - - [16/Mar/2023:10:02:21 -0300] "GET /cormun/servlet/solicitudot?572e7f5d848b18361342468a5c1c85994a41d27dc54050387113ce03ee4ed2db8d47f1e06c38e1f23839a9aa777071ac65015031906806856bf35c2b14a939c88a047182f209a2707c752cd969ee25ee4d6424727ab8c473645294d4ce93bf289a137e8860e91c9bf4478e5cfd6b349d,gx-no-cache=1678970820223 HTTP/1.1" 200 110
186.175.141.101 - - [16/Mar/2023:10:02:22 -0300] "GET /cormun/servlet/trsolicitudadjuntos?2023,19589, HTTP/1.1" 200 9251
186.175.141.101 - - [16/Mar/2023:10:02:25 -0300] "GET /cormun/servlet/solicitudotadjuntos?INS,2023,19589,,1, HTTP/1.1" 200 5956
186.175.141.101 - - [16/Mar/2023:10:02:25 -0300] "GET /cormun/static/about:blank HTTP/1.1" 404 1011
186.175.141.101 - - [16/Mar/2023:10:02:25 -0300] "GET /cormun/servlet/solicitudotadjuntos?INS,2023,19589,,1, HTTP/1.1" 200 5950
186.175.141.101 - - [16/Mar/2023:10:02:26 -0300] "GET /cormun/servlet/solicitudotadjuntos?496d9a4c5ea0906fbd48467f18274ca7050acfff6456d952d47b1a4142c1214c24efbdfbec035dea7d3577e358a95547,gx-no-cache=1678970825484 HTTP/1.1" 200 30
186.175.141.101 - - [16/Mar/2023:10:02:26 -0300] "POST /cormun/servlet/solicitudotadjuntos?6182b4f49f2fd43267f0174cea7ff876,INS,2023,19589,,1,,gx-no-cache=1678970825525 HTTP/1.1" 200 3905
186.175.141.101 - - [16/Mar/2023:10:02:28 -0300] "POST /cormun/servlet/solicitudotadjuntos?gx-no-cache=1678970828218 HTTP/1.1" 200 26
190.171.152.114 - - [16/Mar/2023:10:02:31 -0300] "GET /cormun/servlet/alicenciaprn?18040024,L,20221210000000,PU HTTP/1.1" 200 1556
186.175.141.101 - - [16/Mar/2023:10:02:35 -0300] "GET /cormun/servlet/solicitudotadjuntos?496d9a4c5ea0906fbd48467f18274ca7425dc933ebe29e408d3e900923484c3a,gx-no-cache=1678970834497 HTTP/1.1" 200 30
186.175.141.101 - - [16/Mar/2023:10:02:35 -0300] "GET /cormun/servlet/solicitudotadjuntos?496d9a4c5ea0906fbd48467f18274ca7425dc933ebe29e408d3e900923484c3a,gx-no-cache=1678970834634 HTTP/1.1" 200 30
190.171.153.34 - - [16/Mar/2023:10:02:35 -0300] "POST /cormun/servlet/solicitudot?gx-no-cache=1678970834656 HTTP/1.1" 200 3943
186.175.141.101 - - [16/Mar/2023:10:02:35 -0300] "POST /cormun/servlet/solicitudotadjuntos?6182b4f49f2fd43267f0174cea7ff876,INS,2023,19589,,1, HTTP/1.1" 200 116
186.175.141.101 - - [16/Mar/2023:10:02:35 -0300] "GET /cormun/servlet/hpexe_return? HTTP/1.1" 200 1032
190.171.153.34 - - [16/Mar/2023:10:02:35 -0300] "POST /cormun/servlet/solicitudot?bd21fe1f92e4b62448352492093ab4e3,INS,0,0,false,,gx-no-cache=1678970834788 HTTP/1.1" 200 12626
186.175.141.101 - - [16/Mar/2023:10:02:36 -0300] "GET /cormun/servlet/trsolicitudadjuntos?2023,19589, HTTP/1.1" 200 9458
186.175.141.101 - - [16/Mar/2023:10:02:36 -0300] "GET /cormun/servlet/trsolicitudadjuntos?2023,19589, HTTP/1.1" 200 9455
186.175.141.101 - - [16/Mar/2023:10:02:39 -0300] "GET /cormun/servlet/solicitudotadjuntos?INS,2023,19589,,1, HTTP/1.1" 200 5956
186.175.141.101 - - [16/Mar/2023:10:02:39 -0300] "GET /cormun/static/about:blank HTTP/1.1" 404 1011
186.175.141.101 - - [16/Mar/2023:10:02:39 -0300] "GET /cormun/servlet/solicitudotadjuntos?INS,2023,19589,,1, HTTP/1.1" 200 5950
186.175.141.101 - - [16/Mar/2023:10:02:39 -0300] "GET /cormun/servlet/solicitudotadjuntos?496d9a4c5ea0906fbd48467f18274ca7050acfff6456d952d47b1a4142c1214c24efbdfbec035dea7d3577e358a95547,gx-no-cache=1678970839190 HTTP/1.1" 200 30
186.175.141.101 - - [16/Mar/2023:10:02:39 -0300] "POST /cormun/servlet/solicitudotadjuntos?6182b4f49f2fd43267f0174cea7ff876,INS,2023,19589,,1,,gx-no-cache=1678970839235 HTTP/1.1" 200 3905
186.175.141.101 - - [16/Mar/2023:10:02:43 -0300] "POST /cormun/servlet/solicitudotadjuntos?gx-no-cache=1678970842514 HTTP/1.1" 200 26
190.171.153.34 - - [16/Mar/2023:10:02:43 -0300] "GET /cormun/servlet/solicitudot?e6100f04c3883616773bdeba73bb72ca647440770b13b76b4f175fbe5959d9b1447724658b4a3adcd69de9d5777327b3,gx-no-cache=1678970842936 HTTP/1.1" 200 30
186.175.141.101 - - [16/Mar/2023:10:02:49 -0300] "GET /cormun/servlet/solicitudotadjuntos?496d9a4c5ea0906fbd48467f18274ca7425dc933ebe29e408d3e900923484c3a,gx-no-cache=1678970848985 HTTP/1.1" 200 30
186.175.141.101 - - [16/Mar/2023:10:02:49 -0300] "GET /cormun/servlet/solicitudotadjuntos?496d9a4c5ea0906fbd48467f18274ca7425dc933ebe29e408d3e900923484c3a,gx-no-cache=1678970849023 HTTP/1.1" 200 30
186.175.141.101 - - [16/Mar/2023:10:02:49 -0300] "POST /cormun/servlet/solicitudotadjuntos?6182b4f49f2fd43267f0174cea7ff876,INS,2023,19589,,1, HTTP/1.1" 200 116
186.175.141.101 - - [16/Mar/2023:10:02:49 -0300] "GET /cormun/servlet/hpexe_return? HTTP/1.1" 200 1032
186.175.141.101 - - [16/Mar/2023:10:02:50 -0300] "GET /cormun/servlet/trsolicitudadjuntos?2023,19589, HTTP/1.1" 200 9753
186.175.141.101 - - [16/Mar/2023:10:02:50 -0300] "GET /cormun/servlet/trsolicitudadjuntos?2023,19589, HTTP/1.1" 200 9750
190.171.141.82 - - [16/Mar/2023:10:02:51 -0300] "POST /cormun/servlet/solicitudot?gx-no-cache=1678970849774 HTTP/1.1" 200 79
190.171.152.114 - - [16/Mar/2023:10:02:52 -0300] "GET /cormun/servlet/alicenciaprn?18040024,L,20230112000000,PU HTTP/1.1" 200 1555
186.175.141.101 - - [16/Mar/2023:10:02:53 -0300] "GET /cormun/servlet/solicitudotadjuntos?INS,2023,19589,,1, HTTP/1.1" 200 5956
186.175.141.101 - - [16/Mar/2023:10:02:53 -0300] "GET /cormun/static/about:blank HTTP/1.1" 404 1011
186.175.141.101 - - [16/Mar/2023:10:02:53 -0300] "GET /cormun/servlet/solicitudotadjuntos?INS,2023,19589,,1, HTTP/1.1" 200 5950
186.175.141.101 - - [16/Mar/2023:10:02:53 -0300] "GET /cormun/servlet/solicitudotadjuntos?496d9a4c5ea0906fbd48467f18274ca7050acfff6456d952d47b1a4142c1214c24efbdfbec035dea7d3577e358a95547,gx-no-cache=1678970853308 HTTP/1.1" 200 30
186.175.141.101 - - [16/Mar/2023:10:02:54 -0300] "POST /cormun/servlet/solicitudotadjuntos?6182b4f49f2fd43267f0174cea7ff876,INS,2023,19589,,1,,gx-no-cache=1678970853348 HTTP/1.1" 200 3905
186.175.141.101 - - [16/Mar/2023:10:02:56 -0300] "POST /cormun/servlet/solicitudotadjuntos?gx-no-cache=1678970856226 HTTP/1.1" 200 26
186.175.141.101 - - [16/Mar/2023:10:03:03 -0300] "GET /cormun/servlet/solicitudotadjuntos?496d9a4c5ea0906fbd48467f18274ca7425dc933ebe29e408d3e900923484c3a,gx-no-cache=1678970862865 HTTP/1.1" 200 30
186.175.141.101 - - [16/Mar/2023:10:03:03 -0300] "GET /cormun/servlet/solicitudotadjuntos?496d9a4c5ea0906fbd48467f18274ca7425dc933ebe29e408d3e900923484c3a,gx-no-cache=1678970862903 HTTP/1.1" 200 30
190.171.141.82 - - [16/Mar/2023:10:03:03 -0300] "GET /cormun/servlet/solicitudot?572e7f5d848b18361342468a5c1c859953c3d32eb8daaa3d918341e7e6326d2f3df923c2cb807be2513afcd214402077,gx-no-cache=1678970862101 HTTP/1.1" 200 30
190.171.141.82 - - [16/Mar/2023:10:03:03 -0300] "POST /cormun/servlet/solicitudot?gx-no-cache=1678970862126 HTTP/1.1" 200 30
186.175.141.101 - - [16/Mar/2023:10:03:03 -0300] "POST /cormun/servlet/solicitudotadjuntos?6182b4f49f2fd43267f0174cea7ff876,INS,2023,19589,,1, HTTP/1.1" 200 116
186.175.141.101 - - [16/Mar/2023:10:03:04 -0300] "GET /cormun/servlet/hpexe_return? HTTP/1.1" 200 1032
190.171.141.82 - - [16/Mar/2023:10:03:04 -0300] "POST /cormun/servlet/solicitudot?42e1e6b6c6715ec4c943fbad2cc6d035,UPD,2023,19646,false,,gx-no-cache=1678970862149 HTTP/1.1" 200 93
190.171.141.82 - - [16/Mar/2023:10:03:04 -0300] "GET /cormun/servlet/hpexe_return? HTTP/1.1" 200 1018
186.175.141.101 - - [16/Mar/2023:10:03:04 -0300] "GET /cormun/servlet/trsolicitudadjuntos?2023,19589, HTTP/1.1" 200 10116
190.171.141.82 - - [16/Mar/2023:10:03:04 -0300] "GET /cormun/servlet/trsolicitudot HTTP/1.1" 200 8602
190.171.141.82 - - [16/Mar/2023:10:03:04 -0300] "GET /cormun/servlet/trsolicitudot HTTP/1.1" 200 8598
186.175.141.101 - - [16/Mar/2023:10:03:04 -0300] "GET /cormun/servlet/trsolicitudadjuntos?2023,19589, HTTP/1.1" 200 10114
186.175.141.101 - - [16/Mar/2023:10:03:07 -0300] "GET /cormun/servlet/solicitudotadjuntos?INS,2023,19589,,1, HTTP/1.1" 200 5956
186.175.141.101 - - [16/Mar/2023:10:03:07 -0300] "GET /cormun/static/about:blank HTTP/1.1" 404 1011
186.175.141.101 - - [16/Mar/2023:10:03:07 -0300] "GET /cormun/servlet/solicitudotadjuntos?INS,2023,19589,,1, HTTP/1.1" 200 5950
186.175.141.101 - - [16/Mar/2023:10:03:07 -0300] "GET /cormun/servlet/solicitudotadjuntos?496d9a4c5ea0906fbd48467f18274ca7050acfff6456d952d47b1a4142c1214c24efbdfbec035dea7d3577e358a95547,gx-no-cache=1678970867154 HTTP/1.1" 200 30
186.175.141.101 - - [16/Mar/2023:10:03:07 -0300] "POST /cormun/servlet/solicitudotadjuntos?6182b4f49f2fd43267f0174cea7ff876,INS,2023,19589,,1,,gx-no-cache=1678970867202 HTTP/1.1" 200 3905
186.175.141.101 - - [16/Mar/2023:10:03:11 -0300] "POST /cormun/servlet/solicitudotadjuntos?gx-no-cache=1678970871138 HTTP/1.1" 200 26
186.175.141.101 - - [16/Mar/2023:10:03:18 -0300] "GET /cormun/servlet/solicitudotadjuntos?496d9a4c5ea0906fbd48467f18274ca7425dc933ebe29e408d3e900923484c3a,gx-no-cache=1678970877569 HTTP/1.1" 200 30
186.175.141.101 - - [16/Mar/2023:10:03:18 -0300] "GET /cormun/servlet/solicitudotadjuntos?496d9a4c5ea0906fbd48467f18274ca7425dc933ebe29e408d3e900923484c3a,gx-no-cache=1678970877674 HTTP/1.1" 200 30
186.175.141.101 - - [16/Mar/2023:10:03:19 -0300] "POST /cormun/servlet/solicitudotadjuntos?6182b4f49f2fd43267f0174cea7ff876,INS,2023,19589,,1, HTTP/1.1" 200 116
186.175.141.101 - - [16/Mar/2023:10:03:19 -0300] "GET /cormun/servlet/hpexe_return? HTTP/1.1" 200 1032
186.175.141.101 - - [16/Mar/2023:10:03:19 -0300] "GET /cormun/servlet/trsolicitudadjuntos?2023,19589, HTTP/1.1" 200 10268
186.175.141.101 - - [16/Mar/2023:10:03:20 -0300] "GET /cormun/servlet/trsolicitudadjuntos?2023,19589, HTTP/1.1" 200 10263
190.171.141.82 - - [16/Mar/2023:10:03:20 -0300] "POST /cormun/servlet/trsolicitudot?42e1e6b6c6715ec4c943fbad2cc6d035,gx-no-cache=1678970878500 HTTP/1.1" 200 4575
190.171.141.82 - - [16/Mar/2023:10:03:20 -0300] "GET /cormun/static/Shared/jqueryui/images/ui-bg_highlight-soft_100_c6c2c8_1x100.png HTTP/1.1" 404 1117
190.171.141.82 - - [16/Mar/2023:10:03:20 -0300] "GET /cormun/static/Shared/jqueryui/images/ui-icons_82798d_256x240.png HTTP/1.1" 404 1089
190.171.141.82 - - [16/Mar/2023:10:03:20 -0300] "GET /cormun/static/Shared/jqueryui/images/ui-bg_flat_55_fafafa_40x100.png HTTP/1.1" 404 1097
190.171.141.82 - - [16/Mar/2023:10:03:20 -0300] "GET /cormun/static/Shared/jqueryui/images/ui-icons_8d78a5_256x240.png HTTP/1.1" 404 1089
190.171.141.82 - - [16/Mar/2023:10:03:20 -0300] "POST /cormun/servlet/trsolicitudot?42e1e6b6c6715ec4c943fbad2cc6d035,gx-no-cache=1678970879107 HTTP/1.1" 200 4334
186.175.141.101 - - [16/Mar/2023:10:03:23 -0300] "GET /cormun/servlet/trsolicitudot? HTTP/1.1" 200 8566
186.175.141.101 - - [16/Mar/2023:10:03:23 -0300] "GET /cormun/servlet/trsolicitudot? HTTP/1.1" 200 8559
186.175.141.101 - - [16/Mar/2023:10:03:29 -0300] "POST /cormun/servlet/trsolicitudot?6182b4f49f2fd43267f0174cea7ff876,,gx-no-cache=1678970888966 HTTP/1.1" 200 113
186.175.141.101 - - [16/Mar/2023:10:03:29 -0300] "GET /cormun/servlet/solicitudot?UPD,2023,19589,false, HTTP/1.1" 200 16318
186.175.141.101 - - [16/Mar/2023:10:03:30 -0300] "GET /cormun/servlet/solicitudot?UPD,2023,19589,false, HTTP/1.1" 200 16329
186.175.141.101 - - [16/Mar/2023:10:03:30 -0300] "POST /cormun/servlet/solicitudot?gx-no-cache=1678970890106 HTTP/1.1" 200 4031
186.175.141.101 - - [16/Mar/2023:10:03:31 -0300] "POST /cormun/servlet/solicitudot?6182b4f49f2fd43267f0174cea7ff876,UPD,2023,19589,false,,gx-no-cache=1678970890316 HTTP/1.1" 200 12642
186.175.141.101 - - [16/Mar/2023:10:03:31 -0300] "GET /cormun/servlet/solicitudot?496d9a4c5ea0906fbd48467f18274ca77d6c9ca775fbbb1af2feb07481a75a7024741356823dbc4934291af8e54111e4,gx-no-cache=1678970890509 HTTP/1.1" 200 30
186.175.141.101 - - [16/Mar/2023:10:03:31 -0300] "GET /cormun/servlet/solicitudot?496d9a4c5ea0906fbd48467f18274ca719a07b156dd18b8180eafcd89fcd7f41df3c436ee508e6c163b3b953c930d7249eaa1d1f73970747c7a9b9e8aff6c3fd,gx-no-cache=1678970890661 HTTP/1.1" 200 30
186.175.141.101 - - [16/Mar/2023:10:03:31 -0300] "GET /cormun/servlet/solicitudot?496d9a4c5ea0906fbd48467f18274ca7c90465ce314d2eaff4cbadac1ef16ba913211204ac503be53ca8efdaea1501be8d40e37aaa85b02a3db85852b14db97e,gx-no-cache=1678970890747 HTTP/1.1" 200 53
186.175.141.101 - - [16/Mar/2023:10:03:31 -0300] "POST /cormun/servlet/solicitudot?gx-no-cache=1678970890809 HTTP/1.1" 200 256
186.175.141.101 - - [16/Mar/2023:10:03:31 -0300] "GET /cormun/servlet/solicitudot?496d9a4c5ea0906fbd48467f18274ca7b7ac88df3db851f6b98536074cf2e101668c36dfa9bfb0d3c9c8b15ef9a30fa309a4b0c17a17250ef292dd3dce97fa5a90b7d33707a63333023165236f5686d467fb2e8c5897a9801c93bd56e9288c06849f232b4eb7688127ad46adaf4d76535400dd85fbe6772186d1be4ead88d4970323c3a40b5e5b4fbd0c20126de12033dff14b910d32d81eb4670a534fe501e5f3eee8dd079be17d174e87a1a5f48073fd38eb0c378e70fbc176eb5bd898703f65321a4b0988994322f1668d2a2f9f7c6b4270a2ce832800f2afb1626e9dda7f11ec4c6d80eb4e65c7a5faf74887aad9585f522409929b23c19baf930dcbeacf30eeb4d132fadfb6cc7dfd087dbb7ba88ef24b0580897a3cded8f645cb291705edf4f7d4127f2f2b3fbd18154c6f9dc10c427809810a701248c60b3477c9c7f3af01889ff009368cd319c5dea1a50a5a826e8b4600786fd8ddd87f17f5e2c8d80677d3ddeaedb3e8357cd75308953500b5675e8634c4be0fc93a57ff87d12261,gx-no-cache=1678970890875 HTTP/1.1" 200 30
186.175.141.101 - - [16/Mar/2023:10:03:31 -0300] "POST /cormun/servlet/solicitudot?gx-no-cache=1678970890922 HTTP/1.1" 200 30
186.175.141.101 - - [16/Mar/2023:10:03:31 -0300] "POST /cormun/servlet/solicitudot?gx-no-cache=1678970890990 HTTP/1.1" 200 1468
186.175.141.101 - - [16/Mar/2023:10:03:31 -0300] "POST /cormun/servlet/solicitudot?gx-no-cache=1678970891066 HTTP/1.1" 200 41
186.175.141.101 - - [16/Mar/2023:10:03:38 -0300] "GET /cormun/servlet/solicitudot?496d9a4c5ea0906fbd48467f18274ca7102851301af727a50975b8cc85e56cc8c68a6ddf647575ad6fee635172c1932b287403d89001cb6df7b3baac4e4e5f26cd7bfd639b90857717079679de6462e6e73f7af8e704a92d7d76d5a5bb01fd1ef016a06f269036709c7c66a7c5301a16,gx-no-cache=1678970897659 HTTP/1.1" 200 110
186.175.141.101 - - [16/Mar/2023:10:04:02 -0300] "POST /cormun/servlet/solicitudot?gx-no-cache=1678970921333 HTTP/1.1" 200 79
186.175.141.101 - - [16/Mar/2023:10:04:15 -0300] "POST /cormun/servlet/solicitudot?gx-no-cache=1678970935090 HTTP/1.1" 200 30
186.175.141.101 - - [16/Mar/2023:10:04:17 -0300] "POST /cormun/servlet/solicitudot?gx-no-cache=1678970936668 HTTP/1.1" 200 1468
186.175.141.101 - - [16/Mar/2023:10:04:17 -0300] "POST /cormun/servlet/solicitudot?gx-no-cache=1678970936751 HTTP/1.1" 200 41
186.175.141.101 - - [16/Mar/2023:10:04:17 -0300] "GET /cormun/servlet/solicitudot?496d9a4c5ea0906fbd48467f18274ca7102851301af727a50975b8cc85e56cc8c68a6ddf647575ad6fee635172c1932b287403d89001cb6df7b3baac4e4e5f26cd7bfd639b90857717079679de6462e6e73f7af8e704a92d7d76d5a5bb01fd1ef016a06f269036709c7c66a7c5301a16,gx-no-cache=1678970936815 HTTP/1.1" 200 110
186.175.141.101 - - [16/Mar/2023:10:04:17 -0300] "POST /cormun/servlet/solicitudot?gx-no-cache=1678970936881 HTTP/1.1" 200 79
186.175.141.101 - - [16/Mar/2023:10:04:17 -0300] "GET /cormun/servlet/solicitudot?496d9a4c5ea0906fbd48467f18274ca774ea85e7df762f5163e7cf72c3409e835eec71c9c39d54a8d136295da89a04f3f6b47c562d47dda685bad8dc91ce14357012b7f12443a589e58c295b872f2a4d4a7acac579586f3c74b974a7151fe434fb751c9eda79ba3b77bdffe8c9620e215acfd21c34fdaee9d301252b478264d4f673c65341aca3248b6dc430025304bceca3d515c3789318e86e28f7877ef97e,gx-no-cache=1678970937052 HTTP/1.1" 200 29
186.175.141.101 - - [16/Mar/2023:10:04:17 -0300] "GET /cormun/servlet/solicitudot?496d9a4c5ea0906fbd48467f18274ca707c8e908e79fcfc74d75d5b7d541c54bf6284356d557b76595e0ccdd5ba6b6d3,gx-no-cache=1678970937107 HTTP/1.1" 200 30
186.175.141.101 - - [16/Mar/2023:10:04:17 -0300] "POST /cormun/servlet/solicitudot?gx-no-cache=1678970937164 HTTP/1.1" 200 30
186.175.141.101 - - [16/Mar/2023:10:04:18 -0300] "POST /cormun/servlet/solicitudot?6182b4f49f2fd43267f0174cea7ff876,UPD,2023,19589,false,,gx-no-cache=1678970937375 HTTP/1.1" 200 93
186.175.141.101 - - [16/Mar/2023:10:04:18 -0300] "GET /cormun/servlet/hpexe_return? HTTP/1.1" 200 1020
186.175.141.101 - - [16/Mar/2023:10:04:18 -0300] "GET /cormun/servlet/trsolicitudot HTTP/1.1" 200 8566
186.175.141.101 - - [16/Mar/2023:10:04:18 -0300] "GET /cormun/servlet/trsolicitudot HTTP/1.1" 200 8562
186.175.141.101 - - [16/Mar/2023:10:04:27 -0300] "POST /cormun/servlet/trsolicitudot?6182b4f49f2fd43267f0174cea7ff876,gx-no-cache=1678970946717 HTTP/1.1" 200 4589
186.175.141.101 - - [16/Mar/2023:10:04:27 -0300] "GET /cormun/static/Shared/jqueryui/images/ui-bg_highlight-soft_100_c6c2c8_1x100.png HTTP/1.1" 404 1117
186.175.141.101 - - [16/Mar/2023:10:04:27 -0300] "GET /cormun/static/Shared/jqueryui/images/ui-icons_82798d_256x240.png HTTP/1.1" 404 1089
186.175.141.101 - - [16/Mar/2023:10:04:27 -0300] "GET /cormun/static/Shared/jqueryui/images/ui-bg_flat_55_fafafa_40x100.png HTTP/1.1" 404 1097
186.175.141.101 - - [16/Mar/2023:10:04:27 -0300] "GET /cormun/static/Shared/jqueryui/images/ui-icons_8d78a5_256x240.png HTTP/1.1" 404 1089
186.175.141.101 - - [16/Mar/2023:10:04:27 -0300] "POST /cormun/servlet/trsolicitudot?6182b4f49f2fd43267f0174cea7ff876,gx-no-cache=1678970947053 HTTP/1.1" 200 4336
186.175.141.101 - - [16/Mar/2023:10:04:29 -0300] "GET /cormun/static/menuarrow.gif HTTP/1.1" 404 1015
190.171.144.234 - - [16/Mar/2023:10:04:55 -0300] "GET /cormun/servlet/solicitudot?291f3686c62eb8710f97fe7d2a094bced6dae84cafd6bd80fb75e629f7763a3bd0fcd1753da1d1492bd10bb219e0640af5bdb45ade5d8153c2636299f0494346,gx-no-cache=1678970974057 HTTP/1.1" 200 30
190.171.144.234 - - [16/Mar/2023:10:04:58 -0300] "GET /cormun/servlet/prbanco?,MD,,gxPopupLevel%3D0%3B HTTP/1.1" 200 6551
190.171.144.234 - - [16/Mar/2023:10:05:04 -0300] "GET /cormun/servlet/solicitudot?291f3686c62eb8710f97fe7d2a094bce1c86037459533da9cfb98b74fd1cd839,gx-no-cache=1678970983369 HTTP/1.1" 200 53
186.175.141.101 - - [16/Mar/2023:10:05:15 -0300] "GET /cormun/servlet/solicitudot?INS,0,0,false, HTTP/1.1" 200 15775
186.175.141.101 - - [16/Mar/2023:10:05:16 -0300] "GET /cormun/servlet/solicitudot?INS,0,0,false, HTTP/1.1" 200 15782
190.171.144.234 - - [16/Mar/2023:10:05:26 -0300] "POST /cormun/servlet/solicitudot?3093067b7d9dbead87ae32f0b52dc42e,INS,0,0,false,,gx-no-cache=1678971004530 HTTP/1.1" 200 12679
190.171.144.234 - - [16/Mar/2023:10:05:26 -0300] "GET /cormun/static/Shared/jqueryui/images/ui-bg_highlight-soft_100_c6c2c8_1x100.png HTTP/1.1" 404 1117
190.171.144.234 - - [16/Mar/2023:10:05:26 -0300] "GET /cormun/static/Shared/jqueryui/images/ui-bg_flat_55_fafafa_40x100.png HTTP/1.1" 404 1097
190.171.144.234 - - [16/Mar/2023:10:05:26 -0300] "GET /cormun/static/Shared/jqueryui/images/ui-icons_82798d_256x240.png HTTP/1.1" 404 1089
190.171.144.234 - - [16/Mar/2023:10:05:26 -0300] "GET /cormun/static/Shared/jqueryui/images/ui-icons_8d78a5_256x240.png HTTP/1.1" 404 1089
186.175.141.101 - - [16/Mar/2023:10:05:28 -0300] "POST /cormun/servlet/solicitudot?gx-no-cache=1678971007336 HTTP/1.1" 200 4063
186.175.141.101 - - [16/Mar/2023:10:05:28 -0300] "POST /cormun/servlet/solicitudot?6182b4f49f2fd43267f0174cea7ff876,INS,0,0,false,,gx-no-cache=1678971007533 HTTP/1.1" 200 12609
190.171.144.234 - - [16/Mar/2023:10:05:28 -0300] "GET /cormun/servlet/solicitudot?291f3686c62eb8710f97fe7d2a094bced6dae84cafd6bd80fb75e629f7763a3bd0fcd1753da1d1492bd10bb219e0640ab5319409d532a67fcf2ccc54fc72831b,gx-no-cache=1678971007477 HTTP/1.1" 200 30
190.171.144.234 - - [16/Mar/2023:10:05:28 -0300] "GET /cormun/servlet/solicitudot?291f3686c62eb8710f97fe7d2a094bce026a56c6610c264380b2e677533d38cf4c2cdb211af1551d5d5523fc09755bf96a914f876da848d9663e238cd79bea2a,gx-no-cache=1678971007499 HTTP/1.1" 200 53
186.175.141.101 - - [16/Mar/2023:10:05:33 -0300] "GET /cormun/servlet/solicitudot?496d9a4c5ea0906fbd48467f18274ca77335922161655e9fc2ebfd2d048e88801ec9c9ab621c008f7f5a8fdad74dc67e,gx-no-cache=1678971012575 HTTP/1.1" 200 111
186.175.141.101 - - [16/Mar/2023:10:05:33 -0300] "GET /cormun/static/Shared/jqueryui/images/ui-bg_highlight-soft_100_c6c2c8_1x100.png HTTP/1.1" 404 1117
186.175.141.101 - - [16/Mar/2023:10:05:33 -0300] "GET /cormun/static/Shared/jqueryui/images/ui-icons_82798d_256x240.png HTTP/1.1" 404 1089
186.175.141.101 - - [16/Mar/2023:10:05:33 -0300] "GET /cormun/servlet/solicitudot?496d9a4c5ea0906fbd48467f18274ca7b9d770e6b68033deba8e7194f66cd0cecfc8d478793cae521c65bb67f22dafe3a1ce8777a05416282611efd9f73d1a95,gx-no-cache=1678971012707 HTTP/1.1" 200 30
186.175.141.101 - - [16/Mar/2023:10:05:33 -0300] "GET /cormun/static/Shared/jqueryui/images/ui-bg_flat_55_994d53_40x100.png HTTP/1.1" 404 1097
186.175.141.101 - - [16/Mar/2023:10:05:33 -0300] "GET /cormun/static/Shared/jqueryui/images/ui-icons_ebccce_256x240.png HTTP/1.1" 404 1089
186.175.141.101 - - [16/Mar/2023:10:05:33 -0300] "GET /cormun/servlet/solicitudot?496d9a4c5ea0906fbd48467f18274ca7eeba07c1f479d6c36e4441965856f3eb,gx-no-cache=1678971012856 HTTP/1.1" 200 53
186.175.141.101 - - [16/Mar/2023:10:05:33 -0300] "POST /cormun/servlet/solicitudot?gx-no-cache=1678971012928 HTTP/1.1" 200 255
186.175.141.101 - - [16/Mar/2023:10:05:33 -0300] "GET /cormun/servlet/solicitudot?496d9a4c5ea0906fbd48467f18274ca7b7ac88df3db851f6b98536074cf2e101668c36dfa9bfb0d3c9c8b15ef9a30fa309a4b0c17a17250ef292dd3dce97fa5a90b7d33707a63333023165236f5686d467fb2e8c5897a9801c93bd56e9288c06849f232b4eb7688127ad46adaf4d76535400dd85fbe6772186d1be4ead88d4970323c3a40b5e5b4fbd0c20126de12033dff14b910d32d81eb4670a534fe501e5f3eee8dd079be17d174e87a1a5f48073fd38eb0c378e70fbc176eb5bd898703f65321a4b0988994322f1668d2a2f9f7c6b4270a2ce832800f2afb1626e9dda7f11ec4c6d80eb4e65c7a5faf74887aad9585f522409929b23c19baf930dcbeacf30eeb4d132fadfb6cc7dfd087dbb7ba88ef24b0580897a3cded8f645cb291705edf4f7d4127f2f2b3fbd18154c6f9dc10c427809810a701248c60b3477c9c7f3af01889ff009368cd319c5dea1a50a5a826e8b4600786fd8ddd87f17f5e2c8d80677d3ddeaedb3e8357cd75308953500836d249ed78d8bea71dff6c40a26e92a,gx-no-cache=1678971013001 HTTP/1.1" 200 30
186.175.141.101 - - [16/Mar/2023:10:05:35 -0300] "POST /cormun/servlet/solicitudot?gx-no-cache=1678971014354 HTTP/1.1" 200 30
190.171.144.234 - - [16/Mar/2023:10:05:44 -0300] "POST /cormun/servlet/solicitudot?gx-no-cache=1678971022641 HTTP/1.1" 200 255
190.171.144.234 - - [16/Mar/2023:10:05:48 -0300] "GET /cormun/servlet/solicitudot?291f3686c62eb8710f97fe7d2a094bce7c7e096e73e5cec40e7bcc55e8b18ced48de6e000b6cce825d917159b3aeac1693e89836bd8a342f19df4bd7843cf4c6fd858fe92455f29be15587d0dfdcc0cbcc3867732737848a640cd448488537a340041b42114460e7c24a3aaa843b8e2ccca19c243e57390e93eaf03f053804ac8080d9e08c1285775688ee2c2a3de8ee6f36085352a2689777a6229de5c8bbdbb1cb29406690c295eb05ddd7c7d95f82b32cf92dfd5b07580a149fdd5f7c1ecc3cd25b8431dfae90532409aaee19709982617b802bd691d1d2fb0b27df523d7edd76574ea763046ca9f7f81b73138fbee56d46ab48d4967d3f1a7c5baefce9b9992e7e99c64782c5f2efd6dcbc6c24b8a99ae0f7fb266e042379fef1e3cf6a5f7fc227be707ec40dfcd511dfb91066e2f649e4787d2185bf6aadc495038cb3ff432904e9add5bb86281a86c0f08fad5a6501b6ad460a86113d238db5e87fbff263854e3c4d0bf95f59b71c5ac3e84d950900a2d6b8f050923558ec8ac11d7ce0,gx-no-cache=1678971027144 HTTP/1.1" 200 30
186.175.141.101 - - [16/Mar/2023:10:05:50 -0300] "GET /cormun/servlet/solicitudot?496d9a4c5ea0906fbd48467f18274ca7e2f0843bc7396138b6c6bbfd9118d12f1ec9c9ab621c008f7f5a8fdad74dc67e,gx-no-cache=1678971029837 HTTP/1.1" 200 30
190.171.144.234 - - [16/Mar/2023:10:05:52 -0300] "POST /cormun/servlet/solicitudot?gx-no-cache=1678971030825 HTTP/1.1" 200 30
190.171.144.234 - - [16/Mar/2023:10:05:53 -0300] "POST /cormun/servlet/solicitudot?gx-no-cache=1678971032115 HTTP/1.1" 200 1466
190.171.144.234 - - [16/Mar/2023:10:05:53 -0300] "POST /cormun/servlet/solicitudot?gx-no-cache=1678971032152 HTTP/1.1" 200 38
186.175.141.101 - - [16/Mar/2023:10:05:57 -0300] "POST /cormun/servlet/solicitudot?gx-no-cache=1678971037117 HTTP/1.1" 200 255
186.175.141.101 - - [16/Mar/2023:10:05:57 -0300] "GET /cormun/servlet/solicitudot?496d9a4c5ea0906fbd48467f18274ca7b7ac88df3db851f6b98536074cf2e101668c36dfa9bfb0d3c9c8b15ef9a30fa309a4b0c17a17250ef292dd3dce97fa5a90b7d33707a63333023165236f5686d467fb2e8c5897a9801c93bd56e9288c06849f232b4eb7688127ad46adaf4d76535400dd85fbe6772186d1be4ead88d4970323c3a40b5e5b4fbd0c20126de12033dff14b910d32d81eb4670a534fe501e5f3eee8dd079be17d174e87a1a5f48073fd38eb0c378e70fbc176eb5bd898703f65321a4b0988994322f1668d2a2f9f7c6b4270a2ce832800f2afb1626e9dda7f11ec4c6d80eb4e65c7a5faf74887aad9585f522409929b23c19baf930dcbeacf30eeb4d132fadfb6cc7dfd087dbb7ba88ef24b0580897a3cded8f645cb291705edf4f7d4127f2f2b3fbd18154c6f9dc10c427809810a701248c60b3477c9c7f3af01889ff009368cd319c5dea1a50a5a826e8b4600786fd8ddd87f17f5e2c8d80677d3ddeaedb3e8357cd75308953500b5675e8634c4be0fc93a57ff87d12261,gx-no-cache=1678971037249 HTTP/1.1" 200 30
186.175.141.101 - - [16/Mar/2023:10:05:57 -0300] "POST /cormun/servlet/solicitudot?gx-no-cache=1678971037310 HTTP/1.1" 200 30
186.175.141.101 - - [16/Mar/2023:10:05:58 -0300] "POST /cormun/servlet/solicitudot?gx-no-cache=1678971037406 HTTP/1.1" 200 1468
186.175.141.101 - - [16/Mar/2023:10:05:58 -0300] "POST /cormun/servlet/solicitudot?gx-no-cache=1678971037506 HTTP/1.1" 200 38
186.175.141.101 - - [16/Mar/2023:10:05:58 -0300] "GET /cormun/servlet/solicitudot?496d9a4c5ea0906fbd48467f18274ca7102851301af727a50975b8cc85e56cc8c68a6ddf647575ad6fee635172c1932b287403d89001cb6df7b3baac4e4e5f26cd7bfd639b90857717079679de6462e6e73f7af8e704a92d7d76d5a5bb01fd1ef016a06f269036709c7c66a7c5301a16,gx-no-cache=1678971037579 HTTP/1.1" 200 110
186.175.141.101 - - [16/Mar/2023:10:06:03 -0300] "POST /cormun/servlet/solicitudot?gx-no-cache=1678971042172 HTTP/1.1" 200 79
186.175.141.101 - - [16/Mar/2023:10:06:09 -0300] "GET /cormun/servlet/solicitudot?496d9a4c5ea0906fbd48467f18274ca75490c7d25c2b3e00222bad1ec1581a94784417726bd2ffcea48ff6302593dbbe338eaed06e9bb8a42e51d36322e8b9cbd432c86362af6566313defc924604a784c6bb3a228c5aeac152e1360a9bf68ebde64a1a2c39e5d82c0cb68aec8973a194eda3a45b4171834e77af74426796eef8aec61b5f36c56abcec9fbad29bd752af7c2c3326dadfd2a15227850765dd090,gx-no-cache=1678971048842 HTTP/1.1" 200 29
186.175.141.101 - - [16/Mar/2023:10:06:09 -0300] "GET /cormun/static/menuarrow.gif HTTP/1.1" 404 1015
186.175.141.101 - - [16/Mar/2023:10:06:12 -0300] "GET /cormun/servlet/solicitudot?496d9a4c5ea0906fbd48467f18274ca707c8e908e79fcfc74d75d5b7d541c54bf6284356d557b76595e0ccdd5ba6b6d3,gx-no-cache=1678971052064 HTTP/1.1" 200 30
190.171.149.74 - - [16/Mar/2023:10:06:56 -0300] "GET /cormun/servlet/hlogin HTTP/1.1" 200 1730
190.171.149.74 - - [16/Mar/2023:10:07:02 -0300] "POST /cormun/servlet/hlogin?4fad27a8e5ae75e6962b3698126412fc,gx-no-cache=1678974813765 HTTP/1.1" 200 90
190.171.149.74 - - [16/Mar/2023:10:07:02 -0300] "GET /cormun/servlet/hpexe_link HTTP/1.1" 200 954
190.171.149.74 - - [16/Mar/2023:10:07:02 -0300] "GET /cormun/servlet/hhome HTTP/1.1" 200 3980
190.171.149.74 - - [16/Mar/2023:10:07:02 -0300] "GET /cormun/servlet/hhome HTTP/1.1" 200 3976
190.171.144.234 - - [16/Mar/2023:10:07:04 -0300] "GET /cormun/servlet/solicitudot?291f3686c62eb8710f97fe7d2a094bce99151211064edc8d1241233b0a1be0d3d2d259003fcd1b30d717f4ffff9fc28130721b6ada9660ee19b3461100a4780fb78a41548571090d9e7af447c60de42184ea48cfebad972d66168f4c2fbc89c8a6db788eeb3e92711d5bae6c65101b31,gx-no-cache=1678971102613 HTTP/1.1" 200 110
190.171.149.74 - - [16/Mar/2023:10:07:05 -0300] "GET /cormun/servlet/trlicencias? HTTP/1.1" 200 10591
190.171.149.74 - - [16/Mar/2023:10:07:05 -0300] "GET /cormun/servlet/trlicencias? HTTP/1.1" 200 10589
190.171.144.234 - - [16/Mar/2023:10:07:10 -0300] "POST /cormun/servlet/solicitudot?gx-no-cache=1678971108858 HTTP/1.1" 200 97
190.171.144.234 - - [16/Mar/2023:10:07:26 -0300] "GET /cormun/servlet/solicitudot?291f3686c62eb8710f97fe7d2a094bcebd046a4e577873f09beea90a26aab293a43e55801e873a2d26568d70fa3efa16cbb36a577e66ecfb96d069c57753c02174a9fc2f9ba022bca4235da4773a1b6afe07a11a7ce722841c318185d7015b92a05ddbb5893aa959e4f14323bc2627fe,gx-no-cache=1678971124894 HTTP/1.1" 200 29
190.171.144.234 - - [16/Mar/2023:10:07:26 -0300] "GET /cormun/static/menuarrow.gif HTTP/1.1" 404 1015
190.171.144.234 - - [16/Mar/2023:10:07:30 -0300] "GET /cormun/servlet/solicitudot?291f3686c62eb8710f97fe7d2a094bce95baf7e469cf1093845f2ea0b4b267b6b4b1bbd94008a4bfa1e94db3a6445ae4,gx-no-cache=1678971129327 HTTP/1.1" 200 30
190.171.144.234 - - [16/Mar/2023:10:07:39 -0300] "POST /cormun/servlet/solicitudot?gx-no-cache=1678971137563 HTTP/1.1" 200 30
190.171.144.234 - - [16/Mar/2023:10:07:44 -0300] "POST /cormun/servlet/solicitudot?3093067b7d9dbead87ae32f0b52dc42e,INS,0,0,false,,gx-no-cache=1678971143056 HTTP/1.1" 200 93
190.171.144.234 - - [16/Mar/2023:10:07:44 -0300] "GET /cormun/servlet/hpexe_return? HTTP/1.1" 200 1006
190.171.144.234 - - [16/Mar/2023:10:07:45 -0300] "GET /cormun/servlet/trsolicitudot? HTTP/1.1" 200 8626
190.171.144.234 - - [16/Mar/2023:10:07:45 -0300] "GET /cormun/servlet/trsolicitudot? HTTP/1.1" 200 8622
190.46.88.50 - - [16/Mar/2023:10:09:22 -0300] "GET /cormun/servlet/licenciaspermisos?INS,0,,, HTTP/1.1" 200 6778
190.46.88.50 - - [16/Mar/2023:10:09:22 -0300] "GET /cormun/servlet/hlogin HTTP/1.1" 200 1749
190.46.88.50 - - [16/Mar/2023:10:09:22 -0300] "GET /cormun/servlet/licenciaspermisos?INS,0,,, HTTP/1.1" 200 6776
190.46.88.50 - - [16/Mar/2023:10:09:25 -0300] "POST /cormun/servlet/hlogin?cfca0eb9117a1906d7a3cdc57775b32d,gx-no-cache=1678971239252 HTTP/1.1" 200 90
190.46.88.50 - - [16/Mar/2023:10:09:25 -0300] "GET /cormun/servlet/hpexe_link HTTP/1.1" 200 966
190.46.88.50 - - [16/Mar/2023:10:09:26 -0300] "GET /cormun/servlet/licenciaspermisos?INS,0,,, HTTP/1.1" 200 7762
190.46.88.50 - - [16/Mar/2023:10:09:26 -0300] "GET /cormun/servlet/licenciaspermisos?INS,0,,, HTTP/1.1" 200 7768
190.46.88.50 - - [16/Mar/2023:10:09:32 -0300] "GET /cormun/servlet/trlicencias? HTTP/1.1" 200 9353
190.46.88.50 - - [16/Mar/2023:10:09:33 -0300] "GET /cormun/servlet/trlicencias? HTTP/1.1" 200 9345
190.46.88.50 - - [16/Mar/2023:10:09:36 -0300] "POST /cormun/servlet/trlicencias?cfca0eb9117a1906d7a3cdc57775b32d,,gx-no-cache=1678971249773 HTTP/1.1" 200 101
190.46.88.50 - - [16/Mar/2023:10:09:36 -0300] "GET /cormun/Licencias-1625.xls HTTP/1.1" 200 6144
190.171.144.234 - - [16/Mar/2023:10:11:07 -0300] "POST /cormun/servlet/trsolicitudot?3093067b7d9dbead87ae32f0b52dc42e,,gx-no-cache=1678971345958 HTTP/1.1" 200 107
190.171.144.234 - - [16/Mar/2023:10:11:07 -0300] "GET /cormun/servlet/trsolicitudadjuntos?2023,19658, HTTP/1.1" 200 6094
190.171.144.234 - - [16/Mar/2023:10:11:08 -0300] "GET /cormun/servlet/trsolicitudadjuntos?2023,19658, HTTP/1.1" 200 6094
190.171.144.234 - - [16/Mar/2023:10:11:10 -0300] "GET /cormun/servlet/solicitudotadjuntos?INS,2023,19658,,1, HTTP/1.1" 200 6039
190.171.144.234 - - [16/Mar/2023:10:11:11 -0300] "GET /cormun/static/about:blank HTTP/1.1" 404 1011
190.171.144.234 - - [16/Mar/2023:10:11:11 -0300] "GET /cormun/servlet/solicitudotadjuntos?INS,2023,19658,,1, HTTP/1.1" 200 6032
190.171.144.234 - - [16/Mar/2023:10:11:11 -0300] "GET /cormun/servlet/solicitudotadjuntos?291f3686c62eb8710f97fe7d2a094bce88142fcdff99a80cd04e7757c45faf256431961234ad21a2b23a44657ee69451,gx-no-cache=1678971350507 HTTP/1.1" 200 30
190.171.144.234 - - [16/Mar/2023:10:11:12 -0300] "POST /cormun/servlet/solicitudotadjuntos?3093067b7d9dbead87ae32f0b52dc42e,INS,2023,19658,,1,,gx-no-cache=1678971350529 HTTP/1.1" 200 3898
190.171.144.234 - - [16/Mar/2023:10:11:14 -0300] "POST /cormun/servlet/solicitudotadjuntos?gx-no-cache=1678971352962 HTTP/1.1" 200 26
190.171.153.34 - - [16/Mar/2023:10:12:17 -0300] "GET /cormun/servlet/prbanco?,MD,,gxPopupLevel%3D0%3B HTTP/1.1" 200 6645
190.171.153.34 - - [16/Mar/2023:10:12:21 -0300] "GET /cormun/servlet/solicitudot?e6100f04c3883616773bdeba73bb72cacca661da7c565f65ecf96b8802cb97765cd1d456297b2b20246e4ec9570a51274a09b66e6120c568490d3b8fd60b1ddd,gx-no-cache=1678971420248 HTTP/1.1" 200 30
190.171.153.34 - - [16/Mar/2023:10:12:23 -0300] "GET /cormun/servlet/solicitudot?e6100f04c3883616773bdeba73bb72ca494dd8c986be2340b2b59eeeb1fbea68,gx-no-cache=1678971422818 HTTP/1.1" 200 53
190.171.144.234 - - [16/Mar/2023:10:12:30 -0300] "GET /cormun/servlet/solicitudotadjuntos?291f3686c62eb8710f97fe7d2a094bce80bb84709292c4c3c7299bee57f051bd,gx-no-cache=1678971428972 HTTP/1.1" 200 30
190.171.144.234 - - [16/Mar/2023:10:12:30 -0300] "GET /cormun/servlet/solicitudotadjuntos?291f3686c62eb8710f97fe7d2a094bce80bb84709292c4c3c7299bee57f051bd,gx-no-cache=1678971429049 HTTP/1.1" 200 30
190.171.144.234 - - [16/Mar/2023:10:12:30 -0300] "POST /cormun/servlet/solicitudotadjuntos?3093067b7d9dbead87ae32f0b52dc42e,INS,2023,19658,,1, HTTP/1.1" 200 116
190.171.144.234 - - [16/Mar/2023:10:12:30 -0300] "GET /cormun/servlet/hpexe_return? HTTP/1.1" 200 1025
190.171.144.234 - - [16/Mar/2023:10:12:31 -0300] "GET /cormun/servlet/trsolicitudadjuntos?2023,19658, HTTP/1.1" 200 8988
190.171.144.234 - - [16/Mar/2023:10:12:31 -0300] "GET /cormun/servlet/trsolicitudadjuntos?2023,19658, HTTP/1.1" 200 8984
190.171.144.234 - - [16/Mar/2023:10:12:33 -0300] "GET /cormun/servlet/solicitudotadjuntos?INS,2023,19658,,1, HTTP/1.1" 200 6040
190.171.144.234 - - [16/Mar/2023:10:12:33 -0300] "GET /cormun/static/about:blank HTTP/1.1" 404 1011
190.171.144.234 - - [16/Mar/2023:10:12:33 -0300] "GET /cormun/servlet/solicitudotadjuntos?INS,2023,19658,,1, HTTP/1.1" 200 6033
190.171.144.234 - - [16/Mar/2023:10:12:34 -0300] "GET /cormun/servlet/solicitudotadjuntos?291f3686c62eb8710f97fe7d2a094bce88142fcdff99a80cd04e7757c45faf256431961234ad21a2b23a44657ee69451,gx-no-cache=1678971432795 HTTP/1.1" 200 30
190.171.144.234 - - [16/Mar/2023:10:12:34 -0300] "POST /cormun/servlet/solicitudotadjuntos?3093067b7d9dbead87ae32f0b52dc42e,INS,2023,19658,,1,,gx-no-cache=1678971432817 HTTP/1.1" 200 3899
190.171.144.234 - - [16/Mar/2023:10:12:38 -0300] "POST /cormun/servlet/solicitudotadjuntos?gx-no-cache=1678971437116 HTTP/1.1" 200 26
190.171.144.234 - - [16/Mar/2023:10:12:46 -0300] "GET /cormun/servlet/solicitudotadjuntos?291f3686c62eb8710f97fe7d2a094bce80bb84709292c4c3c7299bee57f051bd,gx-no-cache=1678971445333 HTTP/1.1" 200 30
190.171.144.234 - - [16/Mar/2023:10:12:46 -0300] "GET /cormun/servlet/solicitudotadjuntos?291f3686c62eb8710f97fe7d2a094bce80bb84709292c4c3c7299bee57f051bd,gx-no-cache=1678971445365 HTTP/1.1" 200 30
190.171.144.234 - - [16/Mar/2023:10:12:46 -0300] "POST /cormun/servlet/solicitudotadjuntos?3093067b7d9dbead87ae32f0b52dc42e,INS,2023,19658,,1, HTTP/1.1" 200 116
190.171.144.234 - - [16/Mar/2023:10:12:46 -0300] "GET /cormun/servlet/hpexe_return? HTTP/1.1" 200 1025
190.171.144.234 - - [16/Mar/2023:10:12:47 -0300] "GET /cormun/servlet/trsolicitudadjuntos?2023,19658, HTTP/1.1" 200 9237
190.171.144.234 - - [16/Mar/2023:10:12:47 -0300] "GET /cormun/servlet/trsolicitudadjuntos?2023,19658, HTTP/1.1" 200 9234
190.171.144.234 - - [16/Mar/2023:10:12:49 -0300] "GET /cormun/servlet/solicitudotadjuntos?INS,2023,19658,,1, HTTP/1.1" 200 6040
190.171.144.234 - - [16/Mar/2023:10:12:50 -0300] "GET /cormun/static/about:blank HTTP/1.1" 404 1011
190.171.144.234 - - [16/Mar/2023:10:12:50 -0300] "GET /cormun/servlet/solicitudotadjuntos?INS,2023,19658,,1, HTTP/1.1" 200 6033
190.171.144.234 - - [16/Mar/2023:10:12:50 -0300] "GET /cormun/servlet/solicitudotadjuntos?291f3686c62eb8710f97fe7d2a094bce88142fcdff99a80cd04e7757c45faf256431961234ad21a2b23a44657ee69451,gx-no-cache=1678971449316 HTTP/1.1" 200 30
190.171.144.234 - - [16/Mar/2023:10:12:50 -0300] "POST /cormun/servlet/solicitudotadjuntos?3093067b7d9dbead87ae32f0b52dc42e,INS,2023,19658,,1,,gx-no-cache=1678971449347 HTTP/1.1" 200 3899
190.171.153.34 - - [16/Mar/2023:10:12:52 -0300] "POST /cormun/servlet/solicitudot?gx-no-cache=1678971451274 HTTP/1.1" 200 297
190.171.153.34 - - [16/Mar/2023:10:12:52 -0300] "GET /cormun/servlet/solicitudot?e6100f04c3883616773bdeba73bb72ca1f90c90dc6452dcb03a9167367850f2ad70be12813982433c411df6145666e9afa17aad2ac6574a6a34c59dac5a05c43b653ab7d4d13ce8fff9e856c32654f703f84a4083f7f94a896004f5aeb1e736c545d327d86c3deab8e87ab62c193272ba0c145c6a70f08f5889a86d9cd5c3b733dcdbc8a5ed745586d21d9bd3173e51d53687ab30645998cd4062b0c9e3103a930718969f42b5660338607c5743fd21b28328e7daa52e4b93aeb46e3cf2c4c968bb572f86108e150b5c26f79ad57019fc3594fc88a990382585152850b23c65d455cae7905122b8ae4bc3b3a5b165bd1cb31b6518ea71d2f7135adb4b72aa094f6f117c388784c68badeb0e00d087b0ba04fe0be66bad659587b399d68843e82186441d4bac751a4db5aec3c9415af84cc1d7b9957b4506dd9009d67fe8a91c6ddcecf91ad1a4014093580a9e496ce707c595d4dff2efc7f7155ec71e082fbffea4a6f7bbebf82d54ecf4536b7553824add3083f6b6e4f838efa2d9213ee1c227ffbd5bdeb448800e49d403bb10e6693,gx-no-cache=1678971451308 HTTP/1.1" 200 30
190.171.144.234 - - [16/Mar/2023:10:12:54 -0300] "POST /cormun/servlet/solicitudotadjuntos?gx-no-cache=1678971453389 HTTP/1.1" 200 26
190.171.153.34 - - [16/Mar/2023:10:12:55 -0300] "POST /cormun/servlet/solicitudot?gx-no-cache=1678971455109 HTTP/1.1" 200 30
190.171.153.34 - - [16/Mar/2023:10:13:01 -0300] "POST /cormun/servlet/solicitudot?gx-no-cache=1678971460467 HTTP/1.1" 200 1466
190.171.153.34 - - [16/Mar/2023:10:13:01 -0300] "POST /cormun/servlet/solicitudot?gx-no-cache=1678971460499 HTTP/1.1" 200 38
190.171.144.234 - - [16/Mar/2023:10:13:06 -0300] "GET /cormun/servlet/solicitudotadjuntos?291f3686c62eb8710f97fe7d2a094bce80bb84709292c4c3c7299bee57f051bd,gx-no-cache=1678971464623 HTTP/1.1" 200 30
190.171.144.234 - - [16/Mar/2023:10:13:06 -0300] "GET /cormun/servlet/solicitudotadjuntos?291f3686c62eb8710f97fe7d2a094bce80bb84709292c4c3c7299bee57f051bd,gx-no-cache=1678971464642 HTTP/1.1" 200 30
190.171.144.234 - - [16/Mar/2023:10:13:06 -0300] "POST /cormun/servlet/solicitudotadjuntos?3093067b7d9dbead87ae32f0b52dc42e,INS,2023,19658,,1, HTTP/1.1" 200 116
190.171.144.234 - - [16/Mar/2023:10:13:06 -0300] "GET /cormun/servlet/hpexe_return? HTTP/1.1" 200 1025
190.171.144.234 - - [16/Mar/2023:10:13:06 -0300] "GET /cormun/servlet/trsolicitudadjuntos?2023,19658, HTTP/1.1" 200 9450
190.171.144.234 - - [16/Mar/2023:10:13:06 -0300] "GET /cormun/servlet/trsolicitudadjuntos?2023,19658, HTTP/1.1" 200 9450
190.171.144.234 - - [16/Mar/2023:10:13:17 -0300] "GET /cormun/servlet/solicitudotadjuntos?INS,2023,19658,,1, HTTP/1.1" 200 6040
190.171.144.234 - - [16/Mar/2023:10:13:17 -0300] "GET /cormun/static/about:blank HTTP/1.1" 404 1011
190.171.144.234 - - [16/Mar/2023:10:13:17 -0300] "GET /cormun/servlet/solicitudotadjuntos?INS,2023,19658,,1, HTTP/1.1" 200 6033
190.171.144.234 - - [16/Mar/2023:10:13:18 -0300] "GET /cormun/servlet/solicitudotadjuntos?291f3686c62eb8710f97fe7d2a094bce88142fcdff99a80cd04e7757c45faf256431961234ad21a2b23a44657ee69451,gx-no-cache=1678971476743 HTTP/1.1" 200 30
190.171.144.234 - - [16/Mar/2023:10:13:18 -0300] "POST /cormun/servlet/solicitudotadjuntos?3093067b7d9dbead87ae32f0b52dc42e,INS,2023,19658,,1,,gx-no-cache=1678971476767 HTTP/1.1" 200 3899
190.171.144.234 - - [16/Mar/2023:10:13:22 -0300] "POST /cormun/servlet/solicitudotadjuntos?gx-no-cache=1678971480657 HTTP/1.1" 200 26
190.171.144.234 - - [16/Mar/2023:10:13:30 -0300] "GET /cormun/servlet/solicitudotadjuntos?291f3686c62eb8710f97fe7d2a094bce80bb84709292c4c3c7299bee57f051bd,gx-no-cache=1678971488997 HTTP/1.1" 200 30
190.171.144.234 - - [16/Mar/2023:10:13:30 -0300] "GET /cormun/servlet/solicitudotadjuntos?291f3686c62eb8710f97fe7d2a094bce80bb84709292c4c3c7299bee57f051bd,gx-no-cache=1678971489022 HTTP/1.1" 200 30
190.171.144.234 - - [16/Mar/2023:10:13:30 -0300] "POST /cormun/servlet/solicitudotadjuntos?3093067b7d9dbead87ae32f0b52dc42e,INS,2023,19658,,1, HTTP/1.1" 200 116
190.171.144.234 - - [16/Mar/2023:10:13:30 -0300] "GET /cormun/servlet/hpexe_return? HTTP/1.1" 200 1025
190.171.144.234 - - [16/Mar/2023:10:13:31 -0300] "GET /cormun/servlet/trsolicitudadjuntos?2023,19658, HTTP/1.1" 200 9747
190.171.144.234 - - [16/Mar/2023:10:13:31 -0300] "GET /cormun/servlet/trsolicitudadjuntos?2023,19658, HTTP/1.1" 200 9744
190.171.153.34 - - [16/Mar/2023:10:13:33 -0300] "GET /cormun/servlet/solicitudot?e6100f04c3883616773bdeba73bb72ca20cff2abefc2f58f8861824c2d1bafdf5aa45d5141dff5da0017ae2e58b562c9bc409c8548bf013831b3526457594a2487d2f24a3f02e5be8a6c038b009ace9de3961ea49d5845cb01ff2db3b2083bb957784f437914237ec4ef6da1a1e426b8,gx-no-cache=1678971492849 HTTP/1.1" 200 110
190.171.144.234 - - [16/Mar/2023:10:13:34 -0300] "GET /cormun/servlet/solicitudotadjuntos?INS,2023,19658,,1, HTTP/1.1" 200 6038
190.171.144.234 - - [16/Mar/2023:10:13:34 -0300] "GET /cormun/static/about:blank HTTP/1.1" 404 1011
190.171.144.234 - - [16/Mar/2023:10:13:34 -0300] "GET /cormun/servlet/solicitudotadjuntos?INS,2023,19658,,1, HTTP/1.1" 200 6031
190.171.144.234 - - [16/Mar/2023:10:13:35 -0300] "GET /cormun/servlet/solicitudotadjuntos?291f3686c62eb8710f97fe7d2a094bce88142fcdff99a80cd04e7757c45faf256431961234ad21a2b23a44657ee69451,gx-no-cache=1678971493719 HTTP/1.1" 200 30
190.171.144.234 - - [16/Mar/2023:10:13:35 -0300] "POST /cormun/servlet/solicitudotadjuntos?3093067b7d9dbead87ae32f0b52dc42e,INS,2023,19658,,1,,gx-no-cache=1678971493738 HTTP/1.1" 200 3897
190.171.144.234 - - [16/Mar/2023:10:13:39 -0300] "POST /cormun/servlet/solicitudotadjuntos?gx-no-cache=1678971497775 HTTP/1.1" 200 26
190.171.144.234 - - [16/Mar/2023:10:13:50 -0300] "GET /cormun/servlet/solicitudotadjuntos?291f3686c62eb8710f97fe7d2a094bce80bb84709292c4c3c7299bee57f051bd,gx-no-cache=1678971508844 HTTP/1.1" 200 30
190.171.144.234 - - [16/Mar/2023:10:13:50 -0300] "GET /cormun/servlet/solicitudotadjuntos?291f3686c62eb8710f97fe7d2a094bce80bb84709292c4c3c7299bee57f051bd,gx-no-cache=1678971508862 HTTP/1.1" 200 30
190.171.144.234 - - [16/Mar/2023:10:13:50 -0300] "POST /cormun/servlet/solicitudotadjuntos?3093067b7d9dbead87ae32f0b52dc42e,INS,2023,19658,,1, HTTP/1.1" 200 116
190.171.144.234 - - [16/Mar/2023:10:13:50 -0300] "GET /cormun/servlet/hpexe_return? HTTP/1.1" 200 1025
190.171.144.234 - - [16/Mar/2023:10:13:50 -0300] "GET /cormun/servlet/trsolicitudadjuntos?2023,19658, HTTP/1.1" 200 10043
190.171.144.234 - - [16/Mar/2023:10:13:51 -0300] "GET /cormun/servlet/trsolicitudadjuntos?2023,19658, HTTP/1.1" 200 10040
190.171.144.234 - - [16/Mar/2023:10:13:54 -0300] "GET /cormun/servlet/solicitudotadjuntos?INS,2023,19658,,1, HTTP/1.1" 200 6038
190.171.144.234 - - [16/Mar/2023:10:13:54 -0300] "GET /cormun/static/about:blank HTTP/1.1" 404 1011
190.171.144.234 - - [16/Mar/2023:10:13:54 -0300] "GET /cormun/servlet/solicitudotadjuntos?INS,2023,19658,,1, HTTP/1.1" 200 6031
190.171.144.234 - - [16/Mar/2023:10:13:55 -0300] "GET /cormun/servlet/solicitudotadjuntos?291f3686c62eb8710f97fe7d2a094bce88142fcdff99a80cd04e7757c45faf256431961234ad21a2b23a44657ee69451,gx-no-cache=1678971513619 HTTP/1.1" 200 30
190.171.144.234 - - [16/Mar/2023:10:13:55 -0300] "POST /cormun/servlet/solicitudotadjuntos?3093067b7d9dbead87ae32f0b52dc42e,INS,2023,19658,,1,,gx-no-cache=1678971513644 HTTP/1.1" 200 3897
190.171.144.234 - - [16/Mar/2023:10:13:59 -0300] "POST /cormun/servlet/solicitudotadjuntos?gx-no-cache=1678971517692 HTTP/1.1" 200 26
190.171.153.34 - - [16/Mar/2023:10:14:02 -0300] "POST /cormun/servlet/solicitudot?gx-no-cache=1678971521263 HTTP/1.1" 200 83
190.171.144.234 - - [16/Mar/2023:10:14:14 -0300] "GET /cormun/servlet/solicitudotadjuntos?291f3686c62eb8710f97fe7d2a094bce80bb84709292c4c3c7299bee57f051bd,gx-no-cache=1678971532509 HTTP/1.1" 200 30
190.171.144.234 - - [16/Mar/2023:10:14:14 -0300] "GET /cormun/servlet/solicitudotadjuntos?291f3686c62eb8710f97fe7d2a094bce80bb84709292c4c3c7299bee57f051bd,gx-no-cache=1678971532584 HTTP/1.1" 200 30
190.171.144.234 - - [16/Mar/2023:10:14:14 -0300] "POST /cormun/servlet/solicitudotadjuntos?3093067b7d9dbead87ae32f0b52dc42e,INS,2023,19658,,1, HTTP/1.1" 200 116
190.171.144.234 - - [16/Mar/2023:10:14:14 -0300] "GET /cormun/servlet/hpexe_return? HTTP/1.1" 200 1025
190.171.144.234 - - [16/Mar/2023:10:14:14 -0300] "GET /cormun/servlet/trsolicitudadjuntos?2023,19658, HTTP/1.1" 200 10182
190.171.144.234 - - [16/Mar/2023:10:14:15 -0300] "GET /cormun/servlet/trsolicitudadjuntos?2023,19658, HTTP/1.1" 200 10179
190.171.144.234 - - [16/Mar/2023:10:14:19 -0300] "GET /cormun/servlet/trsolicitudot? HTTP/1.1" 200 8628
190.171.144.234 - - [16/Mar/2023:10:14:20 -0300] "GET /cormun/servlet/trsolicitudot? HTTP/1.1" 200 8622
190.171.144.234 - - [16/Mar/2023:10:14:24 -0300] "POST /cormun/servlet/trsolicitudot?3093067b7d9dbead87ae32f0b52dc42e,,gx-no-cache=1678971543073 HTTP/1.1" 200 4574
190.171.144.234 - - [16/Mar/2023:10:14:24 -0300] "GET /cormun/static/Shared/jqueryui/images/ui-bg_highlight-soft_100_c6c2c8_1x100.png HTTP/1.1" 404 1117
190.171.144.234 - - [16/Mar/2023:10:14:24 -0300] "GET /cormun/static/Shared/jqueryui/images/ui-icons_82798d_256x240.png HTTP/1.1" 404 1089
190.171.144.234 - - [16/Mar/2023:10:14:24 -0300] "GET /cormun/static/Shared/jqueryui/images/ui-bg_flat_55_fafafa_40x100.png HTTP/1.1" 404 1097
190.171.144.234 - - [16/Mar/2023:10:14:24 -0300] "GET /cormun/static/Shared/jqueryui/images/ui-icons_8d78a5_256x240.png HTTP/1.1" 404 1089
190.171.144.234 - - [16/Mar/2023:10:14:24 -0300] "POST /cormun/servlet/trsolicitudot?3093067b7d9dbead87ae32f0b52dc42e,,gx-no-cache=1678971543253 HTTP/1.1" 200 4345
190.171.144.234 - - [16/Mar/2023:10:14:34 -0300] "GET /cormun/servlet/solicitudot?INS,0,0,false, HTTP/1.1" 200 15847
190.171.144.234 - - [16/Mar/2023:10:14:34 -0300] "GET /cormun/servlet/solicitudot?INS,0,0,false, HTTP/1.1" 200 15855
190.171.144.234 - - [16/Mar/2023:10:14:56 -0300] "POST /cormun/servlet/solicitudot?gx-no-cache=1678971575007 HTTP/1.1" 200 3943
190.171.144.234 - - [16/Mar/2023:10:14:56 -0300] "POST /cormun/servlet/solicitudot?3093067b7d9dbead87ae32f0b52dc42e,INS,0,0,false,,gx-no-cache=1678971575152 HTTP/1.1" 200 12493
190.171.144.234 - - [16/Mar/2023:10:15:00 -0300] "GET /cormun/servlet/solicitudot?291f3686c62eb8710f97fe7d2a094bce3a9e930ee2d744472ab8848363566078e4318a4657640b8b331b50338764a62a,gx-no-cache=1678971578917 HTTP/1.1" 200 30
192.168.10.17 - - [16/Mar/2023:10:16:02 -0300] "GET /cormun/servlet/hlogin HTTP/1.1" 200 1728
192.168.10.17 - - [16/Mar/2023:10:16:02 -0300] "GET /cormun/servlet/hlogin HTTP/1.1" 200 1739
192.168.10.17 - - [16/Mar/2023:10:16:20 -0300] "POST /cormun/servlet/hlogin?8c73989d22f6890bb1b48b21cbd97fbb,gx-no-cache=1678971653049 HTTP/1.1" 200 90
192.168.10.17 - - [16/Mar/2023:10:16:20 -0300] "GET /cormun/servlet/hpexe_link HTTP/1.1" 200 956
192.168.10.17 - - [16/Mar/2023:10:16:20 -0300] "GET /cormun/servlet/hhome HTTP/1.1" 200 3792
192.168.10.17 - - [16/Mar/2023:10:16:20 -0300] "GET /cormun/servlet/hhome HTTP/1.1" 200 3789
192.168.10.17 - - [16/Mar/2023:10:16:36 -0300] "GET /cormun/servlet/trsolicitudgral? HTTP/1.1" 200 27639
192.168.10.17 - - [16/Mar/2023:10:16:38 -0300] "GET /cormun/servlet/trsolicitudgral? HTTP/1.1" 200 27638
192.168.10.17 - - [16/Mar/2023:10:16:53 -0300] "POST /cormun/servlet/trsolicitudgral?8c73989d22f6890bb1b48b21cbd97fbb,,gx-no-cache=1678971685977 HTTP/1.1" 200 10252
190.171.144.234 - - [16/Mar/2023:10:17:23 -0300] "GET /cormun/servlet/solicitudot?291f3686c62eb8710f97fe7d2a094bce5577c7a1463d5ab1023259b0d7971c8cf701d35937d1cf8e717966a719460b58dabc33e6608261239b8d115390c1dd91,gx-no-cache=1678971721849 HTTP/1.1" 200 30
190.171.144.234 - - [16/Mar/2023:10:17:36 -0300] "GET /cormun/servlet/prbanco?,MD,,gxPopupLevel%3D0%3B HTTP/1.1" 200 6551
