190.95.15.15 - - [14/Mar/2023:09:07:05 -0300] "GET /cormun/servlet/solicitudot?d2fffeea5e532f9d175f7f6f940196cc6de7032950f1011d9748ad4e2125a6c769f47c9286cf6c131ef044ff27b6c1ed42ee98e3864b1c546efaaec6a320f7bb9167aff9f23dbad014ddfca9725a147c5777f524927bed37175a73ca8929bfdff0959f3a683e6c9149e5918942b6d918,gx-no-cache=1678794703459 HTTP/1.1" 200 29
190.95.15.15 - - [14/Mar/2023:09:07:05 -0300] "GET /cormun/servlet/solicitudot?d2fffeea5e532f9d175f7f6f940196ccd9cb79aa71bb2b241f10fd202f63d35ac3c8fec8051f82aac6ea4897d0951914,gx-no-cache=1678794703478 HTTP/1.1" 200 30
181.212.42.153 - - [14/Mar/2023:09:07:22 -0300] "GET /cormun/servlet/trsolicitudot? HTTP/1.1" 200 6330
181.212.42.153 - - [14/Mar/2023:09:07:22 -0300] "GET /cormun/servlet/hlogin HTTP/1.1" 200 1744
181.212.42.153 - - [14/Mar/2023:09:07:23 -0300] "GET /cormun/servlet/trsolicitudot? HTTP/1.1" 200 6327
181.212.42.153 - - [14/Mar/2023:09:07:23 -0300] "GET /cormun/servlet/trsolicitudot? HTTP/1.1" 200 6327
181.212.42.153 - - [14/Mar/2023:09:07:28 -0300] "POST /cormun/servlet/hlogin?0b178994704ebff08068240a90e1073b,gx-no-cache=1678794726798 HTTP/1.1" 200 90
181.212.42.153 - - [14/Mar/2023:09:07:28 -0300] "GET /cormun/servlet/hpexe_link HTTP/1.1" 200 957
181.212.42.153 - - [14/Mar/2023:09:07:28 -0300] "GET /cormun/servlet/trsolicitudot HTTP/1.1" 200 7011
181.212.42.153 - - [14/Mar/2023:09:07:28 -0300] "GET /cormun/servlet/trsolicitudot HTTP/1.1" 200 7010
181.212.42.153 - - [14/Mar/2023:09:07:33 -0300] "POST /cormun/servlet/trsolicitudot?0b178994704ebff08068240a90e1073b,gx-no-cache=1678794731671 HTTP/1.1" 200 10250
190.95.15.15 - - [14/Mar/2023:09:07:37 -0300] "GET /cormun/servlet/solicitudot?d2fffeea5e532f9d175f7f6f940196ccfc8b2660fb5e10aa6134b9b4fb9c1dbddef619f01048c4f21f40cebe8a01de5f7b2cb3abc2fa704a3af6f83405e808c1c47398917c7ab8209ccd1295eb48402b8e5d6550f0032a4ad088b3ce3a4e51b7bd8fafc79748d759bd4e077e6247cb89,gx-no-cache=1678794735314 HTTP/1.1" 200 110
190.46.88.50 - - [14/Mar/2023:09:07:38 -0300] "POST /cormun/servlet/solicitudotadjuntos?gx-no-cache=1678795001397 HTTP/1.1" 200 26
190.95.15.15 - - [14/Mar/2023:09:07:41 -0300] "POST /cormun/servlet/solicitudot?gx-no-cache=1678794739392 HTTP/1.1" 200 97
190.46.88.50 - - [14/Mar/2023:09:07:45 -0300] "GET /cormun/servlet/solicitudotadjuntos?b75a1a61ec6f50660053b26684251ad0c07731c529e7d2c9754375933a71fab6,gx-no-cache=1678795008283 HTTP/1.1" 200 30
190.46.88.50 - - [14/Mar/2023:09:07:45 -0300] "GET /cormun/servlet/solicitudotadjuntos?b75a1a61ec6f50660053b26684251ad0c07731c529e7d2c9754375933a71fab6,gx-no-cache=1678795008315 HTTP/1.1" 200 30
190.46.88.50 - - [14/Mar/2023:09:07:45 -0300] "POST /cormun/servlet/solicitudotadjuntos?53a8648fdd387e5af5afe5a3985d9c72,INS,2023,19590,,1, HTTP/1.1" 200 116
190.46.88.50 - - [14/Mar/2023:09:07:45 -0300] "GET /cormun/servlet/hpexe_return? HTTP/1.1" 200 1028
190.46.88.50 - - [14/Mar/2023:09:07:46 -0300] "GET /cormun/servlet/trsolicitudadjuntos?2023,19590, HTTP/1.1" 200 9591
190.46.88.50 - - [14/Mar/2023:09:07:47 -0300] "GET /cormun/servlet/trsolicitudadjuntos?2023,19590, HTTP/1.1" 200 9588
190.95.15.15 - - [14/Mar/2023:09:07:53 -0300] "POST /cormun/servlet/solicitudot?gx-no-cache=1678794750260 HTTP/1.1" 200 33
190.95.15.15 - - [14/Mar/2023:09:07:53 -0300] "POST /cormun/servlet/solicitudot?2ac9f91d151f2abcd485c0df4146a25f,INS,0,0,false,,gx-no-cache=1678794751055 HTTP/1.1" 200 93
190.95.15.15 - - [14/Mar/2023:09:07:53 -0300] "GET /cormun/servlet/hpexe_return? HTTP/1.1" 200 1014
190.95.15.15 - - [14/Mar/2023:09:07:53 -0300] "GET /cormun/servlet/trsolicitudot HTTP/1.1" 200 8964
190.95.15.15 - - [14/Mar/2023:09:07:54 -0300] "GET /cormun/servlet/trsolicitudot HTTP/1.1" 200 8960
190.46.88.50 - - [14/Mar/2023:09:07:55 -0300] "GET /cormun/servlet/solicitudotadjuntos?INS,2023,19590,,1, HTTP/1.1" 200 6362
190.46.88.50 - - [14/Mar/2023:09:07:56 -0300] "GET /cormun/static/about:blank HTTP/1.1" 404 1011
190.46.88.50 - - [14/Mar/2023:09:07:56 -0300] "GET /cormun/servlet/solicitudotadjuntos?INS,2023,19590,,1, HTTP/1.1" 200 6356
190.46.88.50 - - [14/Mar/2023:09:07:56 -0300] "GET /cormun/servlet/solicitudotadjuntos?b75a1a61ec6f50660053b26684251ad0b2d7e5be929fc42594f8b6063558b941e99fdc051a2a577af3e97c183d062f31,gx-no-cache=1678795019668 HTTP/1.1" 200 30
190.46.88.50 - - [14/Mar/2023:09:07:57 -0300] "POST /cormun/servlet/solicitudotadjuntos?53a8648fdd387e5af5afe5a3985d9c72,INS,2023,19590,,1,,gx-no-cache=1678795019729 HTTP/1.1" 200 4183
190.46.88.50 - - [14/Mar/2023:09:08:02 -0300] "POST /cormun/servlet/solicitudotadjuntos?gx-no-cache=1678795025451 HTTP/1.1" 200 26
190.95.15.15 - - [14/Mar/2023:09:08:17 -0300] "POST /cormun/servlet/trsolicitudot?2ac9f91d151f2abcd485c0df4146a25f,gx-no-cache=1678794775321 HTTP/1.1" 200 113
190.95.15.15 - - [14/Mar/2023:09:08:18 -0300] "GET /cormun/servlet/solicitudot?UPD,2023,19592,false, HTTP/1.1" 200 16309
190.95.15.15 - - [14/Mar/2023:09:08:18 -0300] "GET /cormun/servlet/solicitudot?UPD,2023,19592,false, HTTP/1.1" 200 16320
190.95.15.15 - - [14/Mar/2023:09:08:18 -0300] "POST /cormun/servlet/solicitudot?gx-no-cache=1678794776367 HTTP/1.1" 200 4000
190.95.15.15 - - [14/Mar/2023:09:08:19 -0300] "POST /cormun/servlet/solicitudot?2ac9f91d151f2abcd485c0df4146a25f,UPD,2023,19592,false,,gx-no-cache=1678794776477 HTTP/1.1" 200 12611
190.95.15.15 - - [14/Mar/2023:09:08:19 -0300] "GET /cormun/servlet/solicitudot?d2fffeea5e532f9d175f7f6f940196cc4955e8b262a692defe2be1cf54462919474f5ad4b845258b9319ec3184a2cab5,gx-no-cache=1678794777066 HTTP/1.1" 200 30
190.95.15.15 - - [14/Mar/2023:09:08:19 -0300] "GET /cormun/servlet/solicitudot?d2fffeea5e532f9d175f7f6f940196cc42a9738f4a8f84d5e52247ca923b110ffd56662f0e84e01c72e1579effe20511,gx-no-cache=1678794777111 HTTP/1.1" 200 30
190.95.15.15 - - [14/Mar/2023:09:08:19 -0300] "GET /cormun/servlet/solicitudot?d2fffeea5e532f9d175f7f6f940196cc0d5d4f31ee056da96fcc6c0b8d28d988,gx-no-cache=1678794777131 HTTP/1.1" 200 29
190.95.15.15 - - [14/Mar/2023:09:08:19 -0300] "POST /cormun/servlet/solicitudot?gx-no-cache=1678794777152 HTTP/1.1" 200 256
190.95.15.15 - - [14/Mar/2023:09:08:19 -0300] "GET /cormun/servlet/solicitudot?d2fffeea5e532f9d175f7f6f940196ccaabef9e759face436713cd8814adfdc9d4f84d8d10f27e0aec78dbda2217b90b66bfc82703b1461e6ef27c7df773afeb3d0ba5d1ae047b4df5462b128b920dfc5984ae94e54925d7692722d2c31067212f64e2ea1213c4577f5eef15ada77f641fe3c00e514754dae0b3f382cc0220b361da72efe8995cd6781cd1a9d1d597f3bac46c021370e9406454dda009efa15e58861e080830eca53ebd023c32e5f03f9fce75bb512dc36d4e6feffe804d944fd2d34680b74b1be59620aabf8017ef8b4e55da9557c84651f1a8e9d0603dab6f7e20d3170c451a10aec26cf3f9cea79052b9414ca5680b3b3a2e09738d932b84e813db6025a8968856e0a334c989b207546eaefb1a93ad43df26a27a264d736ef9d54018302b4c186b3528466f755133e11cc31f37cfd7cfdf30cc83e463362cad001a25c77dd5ed31ff586da60b7c7ca176887a653264f956480a0e07347dee727a6bc0463d71baea4e8ba3df3038118c1c95923b4b2d3293385adcae6bbe54,gx-no-cache=1678794777175 HTTP/1.1" 200 30
190.95.15.15 - - [14/Mar/2023:09:08:19 -0300] "POST /cormun/servlet/solicitudot?gx-no-cache=1678794777194 HTTP/1.1" 200 30
190.95.15.15 - - [14/Mar/2023:09:08:19 -0300] "POST /cormun/servlet/solicitudot?gx-no-cache=1678794777216 HTTP/1.1" 200 1467
190.95.15.15 - - [14/Mar/2023:09:08:19 -0300] "POST /cormun/servlet/solicitudot?gx-no-cache=1678794777245 HTTP/1.1" 200 41
190.95.15.15 - - [14/Mar/2023:09:08:22 -0300] "GET /cormun/servlet/solicitudot?d2fffeea5e532f9d175f7f6f940196ccfc8b2660fb5e10aa6134b9b4fb9c1dbddef619f01048c4f21f40cebe8a01de5f7b2cb3abc2fa704a3af6f83405e808c1c47398917c7ab8209ccd1295eb48402b8e5d6550f0032a4ad088b3ce3a4e51b7bd8fafc79748d759bd4e077e6247cb89,gx-no-cache=1678794779610 HTTP/1.1" 200 110
190.46.88.50 - - [14/Mar/2023:09:08:22 -0300] "POST /cormun/servlet/solicitudotadjuntos?gx-no-cache=1678795044787 HTTP/1.1" 200 26
190.95.15.15 - - [14/Mar/2023:09:08:25 -0300] "POST /cormun/servlet/solicitudot?gx-no-cache=1678794782973 HTTP/1.1" 200 97
190.46.88.50 - - [14/Mar/2023:09:08:27 -0300] "POST /cormun/servlet/solicitudotadjuntos?gx-no-cache=1678795050090 HTTP/1.1" 200 26
190.95.15.15 - - [14/Mar/2023:09:08:29 -0300] "GET /cormun/servlet/solicitudot?d2fffeea5e532f9d175f7f6f940196cc749146dfa63eb5961a41cfbb065b47307a2d84d3b219cd44505ab42a24c7b7b67d6f77cc737bd10ec6e32f3806f2b5bc26664e1efbcf1439c0173f91e51bfbf6bc16de7a68de5f2bfd4a3c97e7aba77ff6eea67fca9ba8c2fa20de120779c7cb44b163920b3abba5c34390a0dd5aa65f9cc3c589467da1a9fe0721a872be27d9d6864a993721bf3535c0e65688eb9c68f68eda875fc7b94fa6cfee2e2bf58cab59e75b62430f7728158b7bc843dab96e3d5a2310b988bc6b36d10ac3e12a83bd,gx-no-cache=1678794786814 HTTP/1.1" 200 30
190.95.15.15 - - [14/Mar/2023:09:08:33 -0300] "GET /cormun/servlet/solicitudot?d2fffeea5e532f9d175f7f6f940196ccd9cb79aa71bb2b241f10fd202f63d35ac3c8fec8051f82aac6ea4897d0951914,gx-no-cache=1678794790945 HTTP/1.1" 200 30
190.95.15.15 - - [14/Mar/2023:09:08:33 -0300] "POST /cormun/servlet/solicitudot?gx-no-cache=1678794790975 HTTP/1.1" 200 33
190.171.154.42 - - [14/Mar/2023:09:10:49 -0300] "GET /cormun/servlet/solicitudot?INS,0,0,false, HTTP/1.1" 200 16098
190.171.154.42 - - [14/Mar/2023:09:10:50 -0300] "GET /cormun/servlet/solicitudot?INS,0,0,false, HTTP/1.1" 200 16106
190.171.154.42 - - [14/Mar/2023:09:11:02 -0300] "GET /cormun/servlet/prfichaempleado?,MD,,gxPopupLevel%3D0%3B HTTP/1.1" 200 9239
190.95.15.15 - - [14/Mar/2023:09:12:15 -0300] "POST /cormun/servlet/solicitudot?2ac9f91d151f2abcd485c0df4146a25f,UPD,2023,19592,false,,gx-no-cache=1678795012700 HTTP/1.1" 200 93
190.95.15.15 - - [14/Mar/2023:09:12:15 -0300] "GET /cormun/servlet/hpexe_return? HTTP/1.1" 200 1019
190.95.15.15 - - [14/Mar/2023:09:12:15 -0300] "GET /cormun/servlet/trsolicitudot HTTP/1.1" 200 8970
190.95.15.15 - - [14/Mar/2023:09:12:16 -0300] "GET /cormun/servlet/trsolicitudot HTTP/1.1" 200 8969
186.174.122.252 - - [14/Mar/2023:09:12:38 -0300] "GET /cormun/servlet/hlogin HTTP/1.1" 200 1728
186.174.122.252 - - [14/Mar/2023:09:12:45 -0300] "POST /cormun/servlet/hlogin?8ff02ec6bec6d3d1ff3841e5be461d3e,gx-no-cache=1678795044029 HTTP/1.1" 200 90
186.174.122.252 - - [14/Mar/2023:09:12:46 -0300] "GET /cormun/servlet/hpexe_link HTTP/1.1" 200 953
186.174.122.252 - - [14/Mar/2023:09:12:46 -0300] "GET /cormun/servlet/hhome HTTP/1.1" 200 3900
186.174.122.252 - - [14/Mar/2023:09:12:47 -0300] "GET /cormun/servlet/hhome HTTP/1.1" 200 3897
190.95.15.15 - - [14/Mar/2023:09:12:54 -0300] "POST /cormun/servlet/trsolicitudot?2ac9f91d151f2abcd485c0df4146a25f,gx-no-cache=1678795052221 HTTP/1.1" 200 5824
190.95.15.15 - - [14/Mar/2023:09:12:54 -0300] "GET /cormun/static/Shared/jqueryui/images/ui-bg_highlight-soft_100_c6c2c8_1x100.png HTTP/1.1" 404 1117
190.95.15.15 - - [14/Mar/2023:09:12:54 -0300] "GET /cormun/static/Shared/jqueryui/images/ui-icons_82798d_256x240.png HTTP/1.1" 404 1089
190.95.15.15 - - [14/Mar/2023:09:12:54 -0300] "GET /cormun/static/Shared/jqueryui/images/ui-icons_8d78a5_256x240.png HTTP/1.1" 404 1089
190.95.15.15 - - [14/Mar/2023:09:12:54 -0300] "GET /cormun/static/Shared/jqueryui/images/ui-bg_flat_55_fafafa_40x100.png HTTP/1.1" 404 1097
190.95.15.15 - - [14/Mar/2023:09:12:54 -0300] "POST /cormun/servlet/trsolicitudot?2ac9f91d151f2abcd485c0df4146a25f,gx-no-cache=1678795052403 HTTP/1.1" 200 5769
190.95.15.15 - - [14/Mar/2023:09:12:56 -0300] "POST /cormun/servlet/trsolicitudot?2ac9f91d151f2abcd485c0df4146a25f,gx-no-cache=1678795053443 HTTP/1.1" 200 4589
190.95.15.15 - - [14/Mar/2023:09:12:56 -0300] "POST /cormun/servlet/trsolicitudot?2ac9f91d151f2abcd485c0df4146a25f,gx-no-cache=1678795054025 HTTP/1.1" 200 4341
190.95.15.15 - - [14/Mar/2023:09:13:08 -0300] "GET /cormun/servlet/hlogin HTTP/1.1" 200 1747
186.174.122.252 - - [14/Mar/2023:09:13:09 -0300] "GET /cormun/servlet/trrenuncias? HTTP/1.1" 200 6769
186.174.122.252 - - [14/Mar/2023:09:13:09 -0300] "GET /cormun/static/gxcfg.js?2020121674068 HTTP/1.1" 200 953
186.174.122.252 - - [14/Mar/2023:09:13:09 -0300] "GET /cormun/static/trrenuncias.js?2020121674514 HTTP/1.1" 200 31925
186.174.122.252 - - [14/Mar/2023:09:13:09 -0300] "GET /cormun/servlet/trrenuncias? HTTP/1.1" 200 6768
190.171.154.42 - - [14/Mar/2023:09:13:16 -0300] "POST /cormun/servlet/prfichaempleado?0d2baacd3e50cb80087230a0c2fe2d4c,,MD,,gxPopupLevel%3D0%3B,gx-no-cache=1678795073979 HTTP/1.1" 200 6271
190.95.15.15 - - [14/Mar/2023:09:13:17 -0300] "POST /cormun/servlet/hlogin?2ac9f91d151f2abcd485c0df4146a25f,gx-no-cache=1678795074581 HTTP/1.1" 200 90
190.95.15.15 - - [14/Mar/2023:09:13:17 -0300] "GET /cormun/servlet/hpexe_link HTTP/1.1" 200 956
190.95.15.15 - - [14/Mar/2023:09:13:17 -0300] "GET /cormun/servlet/hhome HTTP/1.1" 200 4217
190.95.15.15 - - [14/Mar/2023:09:13:17 -0300] "GET /cormun/servlet/hhome HTTP/1.1" 200 4213
190.95.15.15 - - [14/Mar/2023:09:13:19 -0300] "GET /cormun/servlet/trautorizarsolicitud? HTTP/1.1" 200 9116
190.95.15.15 - - [14/Mar/2023:09:13:20 -0300] "GET /cormun/servlet/trautorizarsolicitud? HTTP/1.1" 200 9114
190.95.15.15 - - [14/Mar/2023:09:13:31 -0300] "POST /cormun/servlet/trautorizarsolicitud?2ac9f91d151f2abcd485c0df4146a25f,,gx-no-cache=1678795088659 HTTP/1.1" 200 6017
190.95.15.15 - - [14/Mar/2023:09:13:31 -0300] "GET /cormun/static/Shared/jqueryui/images/ui-bg_highlight-soft_100_c6c2c8_1x100.png HTTP/1.1" 404 1117
190.95.15.15 - - [14/Mar/2023:09:13:31 -0300] "GET /cormun/static/Shared/jqueryui/images/ui-bg_flat_55_fafafa_40x100.png HTTP/1.1" 404 1097
190.95.15.15 - - [14/Mar/2023:09:13:31 -0300] "GET /cormun/static/Shared/jqueryui/images/ui-icons_82798d_256x240.png HTTP/1.1" 404 1089
190.95.15.15 - - [14/Mar/2023:09:13:31 -0300] "GET /cormun/static/Shared/jqueryui/images/ui-icons_8d78a5_256x240.png HTTP/1.1" 404 1089
190.95.15.15 - - [14/Mar/2023:09:13:31 -0300] "POST /cormun/servlet/trautorizarsolicitud?2ac9f91d151f2abcd485c0df4146a25f,,gx-no-cache=1678795088816 HTTP/1.1" 200 5963
190.95.15.15 - - [14/Mar/2023:09:13:31 -0300] "POST /cormun/servlet/trautorizarsolicitud?2ac9f91d151f2abcd485c0df4146a25f,,gx-no-cache=1678795089479 HTTP/1.1" 200 4788
190.95.15.15 - - [14/Mar/2023:09:13:32 -0300] "POST /cormun/servlet/trautorizarsolicitud?2ac9f91d151f2abcd485c0df4146a25f,,gx-no-cache=1678795089599 HTTP/1.1" 200 4540
190.46.88.50 - - [14/Mar/2023:09:13:52 -0300] "POST /cormun/servlet/solicitudotadjuntos?gx-no-cache=1678795374970 HTTP/1.1" 200 26
186.174.122.252 - - [14/Mar/2023:09:13:52 -0300] "GET /cormun/static/menuarrow.gif HTTP/1.1" 404 1015
190.171.154.42 - - [14/Mar/2023:09:14:04 -0300] "POST /cormun/servlet/prfichaempleado?0d2baacd3e50cb80087230a0c2fe2d4c,,MD,,gxPopupLevel%3D0%3B,gx-no-cache=1678795122197 HTTP/1.1" 200 3535
190.46.88.50 - - [14/Mar/2023:09:14:18 -0300] "POST /cormun/servlet/solicitudotadjuntos?gx-no-cache=1678795401421 HTTP/1.1" 200 26
190.46.88.50 - - [14/Mar/2023:09:14:34 -0300] "GET /cormun/servlet/solicitudotadjuntos?b75a1a61ec6f50660053b26684251ad0c07731c529e7d2c9754375933a71fab6,gx-no-cache=1678795416898 HTTP/1.1" 200 30
190.46.88.50 - - [14/Mar/2023:09:14:34 -0300] "GET /cormun/servlet/solicitudotadjuntos?b75a1a61ec6f50660053b26684251ad0c07731c529e7d2c9754375933a71fab6,gx-no-cache=1678795416929 HTTP/1.1" 200 30
190.46.88.50 - - [14/Mar/2023:09:14:34 -0300] "POST /cormun/servlet/solicitudotadjuntos?53a8648fdd387e5af5afe5a3985d9c72,INS,2023,19590,,1, HTTP/1.1" 200 116
190.46.88.50 - - [14/Mar/2023:09:14:34 -0300] "GET /cormun/servlet/hpexe_return? HTTP/1.1" 200 1028
190.46.88.50 - - [14/Mar/2023:09:14:35 -0300] "GET /cormun/servlet/trsolicitudadjuntos?2023,19590, HTTP/1.1" 200 9867
190.46.88.50 - - [14/Mar/2023:09:14:36 -0300] "GET /cormun/servlet/trsolicitudadjuntos?2023,19590, HTTP/1.1" 200 9864
190.171.143.82 - - [14/Mar/2023:09:14:45 -0300] "POST /cormun/servlet/trsolicitudot?18bb3a4d37855331d12ad1ee8ee56c69,,gx-no-cache=1678795162016 HTTP/1.1" 440 972
190.95.15.15 - - [14/Mar/2023:09:14:49 -0300] "GET /cormun/servlet/hlogin HTTP/1.1" 200 1750
190.95.15.15 - - [14/Mar/2023:09:14:58 -0300] "POST /cormun/servlet/hlogin?2ac9f91d151f2abcd485c0df4146a25f,gx-no-cache=1678795175809 HTTP/1.1" 200 90
190.95.15.15 - - [14/Mar/2023:09:14:58 -0300] "GET /cormun/servlet/hpexe_link HTTP/1.1" 200 956
190.95.15.15 - - [14/Mar/2023:09:14:58 -0300] "GET /cormun/servlet/hhome HTTP/1.1" 200 3951
190.95.15.15 - - [14/Mar/2023:09:14:58 -0300] "GET /cormun/servlet/hhome HTTP/1.1" 200 3948
190.95.15.15 - - [14/Mar/2023:09:15:01 -0300] "GET /cormun/servlet/trsolicitudot? HTTP/1.1" 200 7177
190.95.15.15 - - [14/Mar/2023:09:15:01 -0300] "GET /cormun/servlet/trsolicitudot? HTTP/1.1" 200 7176
190.95.15.15 - - [14/Mar/2023:09:15:04 -0300] "GET /cormun/servlet/solicitudot?INS,0,0,false, HTTP/1.1" 200 15814
190.95.15.15 - - [14/Mar/2023:09:15:04 -0300] "GET /cormun/servlet/solicitudot?INS,0,0,false, HTTP/1.1" 200 15821
190.46.88.50 - - [14/Mar/2023:09:15:13 -0300] "GET /cormun/servlet/solicitudotadjuntos?INS,2023,19590,,1, HTTP/1.1" 200 6363
190.46.88.50 - - [14/Mar/2023:09:15:14 -0300] "GET /cormun/static/about:blank HTTP/1.1" 404 1011
190.46.88.50 - - [14/Mar/2023:09:15:14 -0300] "GET /cormun/servlet/solicitudotadjuntos?INS,2023,19590,,1, HTTP/1.1" 200 6356
190.46.88.50 - - [14/Mar/2023:09:15:15 -0300] "GET /cormun/servlet/solicitudotadjuntos?b75a1a61ec6f50660053b26684251ad0b2d7e5be929fc42594f8b6063558b941e99fdc051a2a577af3e97c183d062f31,gx-no-cache=1678795457915 HTTP/1.1" 200 30
190.46.88.50 - - [14/Mar/2023:09:15:15 -0300] "POST /cormun/servlet/solicitudotadjuntos?53a8648fdd387e5af5afe5a3985d9c72,INS,2023,19590,,1,,gx-no-cache=1678795458017 HTTP/1.1" 200 4183
190.95.15.15 - - [14/Mar/2023:09:15:22 -0300] "POST /cormun/servlet/solicitudot?gx-no-cache=1678795200384 HTTP/1.1" 200 3943
190.95.15.15 - - [14/Mar/2023:09:15:23 -0300] "POST /cormun/servlet/solicitudot?2ac9f91d151f2abcd485c0df4146a25f,INS,0,0,false,,gx-no-cache=1678795200533 HTTP/1.1" 200 12499
190.95.15.15 - - [14/Mar/2023:09:15:27 -0300] "GET /cormun/servlet/solicitudot?d2fffeea5e532f9d175f7f6f940196cc111a5b823a82761c123bf9bf0f43768d5951a03985f974d47297f915157b16ad,gx-no-cache=1678795205510 HTTP/1.1" 200 30
190.46.88.50 - - [14/Mar/2023:09:15:30 -0300] "POST /cormun/servlet/solicitudotadjuntos?gx-no-cache=1678795472776 HTTP/1.1" 200 26
190.171.154.42 - - [14/Mar/2023:09:15:38 -0300] "POST /cormun/servlet/solicitudot?gx-no-cache=1678795216406 HTTP/1.1" 200 4080
190.171.154.42 - - [14/Mar/2023:09:15:38 -0300] "POST /cormun/servlet/solicitudot?0d2baacd3e50cb80087230a0c2fe2d4c,INS,0,0,false,,gx-no-cache=1678795216593 HTTP/1.1" 200 12948
190.171.154.42 - - [14/Mar/2023:09:15:47 -0300] "GET /cormun/servlet/solicitudot?efca8701cc889a8affe9c1ac3487178354cd8408a8f6549fdeba1c0ffe3d3279ecfb9742da8d65c4f55f475deca94545,gx-no-cache=1678795224927 HTTP/1.1" 200 30
190.171.154.42 - - [14/Mar/2023:09:15:47 -0300] "GET /cormun/servlet/solicitudot?efca8701cc889a8affe9c1ac3487178309142e0a1762287a6574cd0e99e5e27623dcecf06e40cff23ac611ec220645f0ecfb9742da8d65c4f55f475deca94545,gx-no-cache=1678795224992 HTTP/1.1" 200 30
190.171.154.42 - - [14/Mar/2023:09:15:47 -0300] "GET /cormun/servlet/solicitudot?efca8701cc889a8affe9c1ac34871783aba1b5f77c68c20ecb311b582fca1ca1,gx-no-cache=1678795225055 HTTP/1.1" 200 51
190.171.154.42 - - [14/Mar/2023:09:15:47 -0300] "POST /cormun/servlet/solicitudot?gx-no-cache=1678795225175 HTTP/1.1" 200 297
190.171.154.42 - - [14/Mar/2023:09:15:47 -0300] "GET /cormun/servlet/solicitudot?efca8701cc889a8affe9c1ac3487178334944d3631414c51132dfa1571040f9dd0a088b4d95c0f35530f374e2ca34424ff0f25ca2191e6fc444d0859fe468652489ee9b11dad9959847b9b68c9f91e4629f23c0fb72c5581e01139fe70c2d5efd2a88224bedc93ab2b14f6c7dcc68a215e33b91bd211a20f61ab6cf5a60b20235b9745fde2e3772655bb9dca3317c2cf3c683d086db240fc920039e48802874e0460ec70f1765f56937e4bda6b52290ddcf9c38fb24c4530fac684a34caa544ed7e53af8fd30d724d5521ea23279a2a47d8fdb972f2bbbe36881ed372370e50ddec625919a9042904f07ad6956fddf0afb0e42d6efb17ac06bfab1b03ddc37aa7fa3d1be1b35eef5e5b56dd10edc8df23669ddff02419f3bc2405793eaee1bbd5f07ef05442cc4b1b2960459cf1922543ff285af7b8b3113dcffa27a3b3bad3ce8c42fdf481af04dfe7904fcdb00a8976b388dd89c9d5744e991c91a5be97fd74e9e34b71b72857c10c9b15478b8e42154e186ba27286b3e4a299b7f1549ad142439c2eb192bdcfb478f42407a44c1c8,gx-no-cache=1678795225695 HTTP/1.1" 200 30
190.46.88.50 - - [14/Mar/2023:09:15:54 -0300] "POST /cormun/servlet/solicitudotadjuntos?gx-no-cache=1678795496529 HTTP/1.1" 200 26
190.171.154.42 - - [14/Mar/2023:09:16:02 -0300] "POST /cormun/servlet/solicitudot?gx-no-cache=1678795240118 HTTP/1.1" 200 30
200.54.237.82 - - [14/Mar/2023:09:16:35 -0300] "GET /cormun/servlet/trcontratounov2? HTTP/1.1" 200 5911
200.54.237.82 - - [14/Mar/2023:09:16:36 -0300] "GET /cormun/servlet/trcontratounov2? HTTP/1.1" 200 5921
200.54.237.82 - - [14/Mar/2023:09:16:36 -0300] "GET /cormun/servlet/hlogin HTTP/1.1" 200 1746
190.46.88.50 - - [14/Mar/2023:09:16:37 -0300] "POST /cormun/servlet/solicitudotadjuntos?gx-no-cache=1678795540621 HTTP/1.1" 200 26
200.54.237.82 - - [14/Mar/2023:09:16:38 -0300] "POST /cormun/servlet/hlogin?63c37e8c1107e0ea4aa8569a45666098,gx-no-cache=1678795274871 HTTP/1.1" 200 90
200.54.237.82 - - [14/Mar/2023:09:16:39 -0300] "GET /cormun/servlet/hpexe_link HTTP/1.1" 200 961
200.54.237.82 - - [14/Mar/2023:09:16:39 -0300] "GET /cormun/servlet/trcontratounov2 HTTP/1.1" 200 12181
200.54.237.82 - - [14/Mar/2023:09:16:39 -0300] "GET /cormun/servlet/trcontratounov2 HTTP/1.1" 200 12178
181.212.42.153 - - [14/Mar/2023:09:16:47 -0300] "GET /cormun/servlet/solicitudot?INS,0,0,false, HTTP/1.1" 200 15822
181.212.42.153 - - [14/Mar/2023:09:16:47 -0300] "GET /cormun/servlet/solicitudot?INS,0,0,false, HTTP/1.1" 200 15829
181.212.42.153 - - [14/Mar/2023:09:16:53 -0300] "POST /cormun/servlet/solicitudot?gx-no-cache=1678795292693 HTTP/1.1" 200 3943
181.212.42.153 - - [14/Mar/2023:09:16:54 -0300] "POST /cormun/servlet/solicitudot?0b178994704ebff08068240a90e1073b,INS,0,0,false,,gx-no-cache=1678795292810 HTTP/1.1" 200 12493
181.212.42.153 - - [14/Mar/2023:09:16:56 -0300] "GET /cormun/servlet/solicitudot?1754c167f7ab01ffec6fb88a06d85b19004be6f0777a99b96dfcfd0e5f4b792269ffa0a8ba8f2332c98710eeb0cd5d6f,gx-no-cache=1678795295406 HTTP/1.1" 200 30
190.95.15.15 - - [14/Mar/2023:09:16:57 -0300] "GET /cormun/servlet/solicitudot?d2fffeea5e532f9d175f7f6f940196ccbfa8f4ad79c165e47f9335b2eea518e4b121fb147769e88a9a77e09321ed85fe9a16c2bac983617527b107748aeb0cac,gx-no-cache=1678795295313 HTTP/1.1" 200 30
190.95.15.15 - - [14/Mar/2023:09:16:57 -0300] "GET /cormun/servlet/solicitudot?d2fffeea5e532f9d175f7f6f940196cc0d5d4f31ee056da96fcc6c0b8d28d988,gx-no-cache=1678795295340 HTTP/1.1" 200 29
190.95.15.15 - - [14/Mar/2023:09:16:57 -0300] "POST /cormun/servlet/solicitudot?gx-no-cache=1678795295363 HTTP/1.1" 200 297
190.95.15.15 - - [14/Mar/2023:09:16:57 -0300] "GET /cormun/servlet/solicitudot?d2fffeea5e532f9d175f7f6f940196ccaabef9e759face436713cd8814adfdc96289f865c2b7dba5abaa33f32ac0a7a666bfc82703b1461e6ef27c7df773afeb3d0ba5d1ae047b4df5462b128b920dfc5984ae94e54925d7692722d2c31067212f64e2ea1213c4577f5eef15ada77f641fe3c00e514754dae0b3f382cc0220b361da72efe8995cd6781cd1a9d1d597f3bac46c021370e9406454dda009efa15e58861e080830eca53ebd023c32e5f03f9fce75bb512dc36d4e6feffe804d944fd2d34680b74b1be59620aabf8017ef8b4e55da9557c84651f1a8e9d0603dab6f7e20d3170c451a10aec26cf3f9cea7908a4109246f63c8e9a43c8d2e64ee4163e813db6025a8968856e0a334c989b207158d979abe086caaf564dbec07d7a74c0ddf8044136d170cd49b6d5bcd001e2889ecb4f221eb73dccddfb86eabb3d46d8d58697940f0d9f2e2c238b081522ad8e0a7325b0a807cca38f9d95f0073b0fc7ea8bc4d76d3ff22bc623761b98f8f7e1ed72be7d7faea26e7449c1d07df0cbc14a80d54bc4a3b582f8c1500cc95151a,gx-no-cache=1678795295389 HTTP/1.1" 200 30
190.95.15.15 - - [14/Mar/2023:09:16:59 -0300] "POST /cormun/servlet/solicitudot?gx-no-cache=1678795297420 HTTP/1.1" 200 30
190.95.15.15 - - [14/Mar/2023:09:17:02 -0300] "POST /cormun/servlet/solicitudot?gx-no-cache=1678795299684 HTTP/1.1" 200 1466
190.95.15.15 - - [14/Mar/2023:09:17:02 -0300] "POST /cormun/servlet/solicitudot?gx-no-cache=1678795299715 HTTP/1.1" 200 38
190.46.88.50 - - [14/Mar/2023:09:17:04 -0300] "GET /cormun/servlet/solicitudotadjuntos?b75a1a61ec6f50660053b26684251ad0c07731c529e7d2c9754375933a71fab6,gx-no-cache=1678795567489 HTTP/1.1" 200 30
190.46.88.50 - - [14/Mar/2023:09:17:04 -0300] "GET /cormun/servlet/solicitudotadjuntos?b75a1a61ec6f50660053b26684251ad0c07731c529e7d2c9754375933a71fab6,gx-no-cache=1678795567641 HTTP/1.1" 200 30
190.46.88.50 - - [14/Mar/2023:09:17:05 -0300] "POST /cormun/servlet/solicitudotadjuntos?53a8648fdd387e5af5afe5a3985d9c72,INS,2023,19590,,1, HTTP/1.1" 200 6732
190.46.88.50 - - [14/Mar/2023:09:17:05 -0300] "GET /cormun/static/Shared/jqueryui/images/ui-bg_highlight-soft_100_c6c2c8_1x100.png HTTP/1.1" 404 1117
190.46.88.50 - - [14/Mar/2023:09:17:05 -0300] "GET /cormun/static/Shared/jqueryui/images/ui-icons_82798d_256x240.png HTTP/1.1" 404 1089
190.46.88.50 - - [14/Mar/2023:09:17:05 -0300] "GET /cormun/static/Shared/jqueryui/images/ui-icons_ebccce_256x240.png HTTP/1.1" 404 1089
190.46.88.50 - - [14/Mar/2023:09:17:05 -0300] "GET /cormun/static/Shared/jqueryui/images/ui-bg_flat_55_994d53_40x100.png HTTP/1.1" 404 1097
190.46.88.50 - - [14/Mar/2023:09:17:06 -0300] "GET /cormun/PrivateTempStorage/upload_00007311.pdf HTTP/1.1" 200 25637
190.95.15.15 - - [14/Mar/2023:09:17:09 -0300] "GET /cormun/servlet/solicitudot?d2fffeea5e532f9d175f7f6f940196ccfc8b2660fb5e10aa6134b9b4fb9c1dbddef619f01048c4f21f40cebe8a01de5f7b2cb3abc2fa704a3af6f83405e808c1c47398917c7ab8209ccd1295eb48402b8e5d6550f0032a4ad088b3ce3a4e51b7bd8fafc79748d759bd4e077e6247cb89,gx-no-cache=1678795306743 HTTP/1.1" 200 110
190.95.15.15 - - [14/Mar/2023:09:17:22 -0300] "POST /cormun/servlet/solicitudot?gx-no-cache=1678795319811 HTTP/1.1" 200 79
190.95.15.15 - - [14/Mar/2023:09:17:27 -0300] "GET /cormun/servlet/solicitudot?d2fffeea5e532f9d175f7f6f940196cc6de7032950f1011d9748ad4e2125a6c769f47c9286cf6c131ef044ff27b6c1ed42ee98e3864b1c546efaaec6a320f7bb9167aff9f23dbad014ddfca9725a147c5777f524927bed37175a73ca8929bfdff0959f3a683e6c9149e5918942b6d918,gx-no-cache=1678795324833 HTTP/1.1" 200 29
190.95.15.15 - - [14/Mar/2023:09:17:27 -0300] "GET /cormun/static/menuarrow.gif HTTP/1.1" 404 1015
190.95.15.15 - - [14/Mar/2023:09:17:33 -0300] "GET /cormun/servlet/solicitudot?d2fffeea5e532f9d175f7f6f940196ccc283841afcb8a3f098c50a621ea2304caafd61be418da0cbe9eb377d372c252a,gx-no-cache=1678795330828 HTTP/1.1" 200 30
190.95.15.15 - - [14/Mar/2023:09:17:55 -0300] "POST /cormun/servlet/solicitudot?gx-no-cache=1678795353014 HTTP/1.1" 200 30
190.95.15.15 - - [14/Mar/2023:09:17:55 -0300] "POST /cormun/servlet/solicitudot?2ac9f91d151f2abcd485c0df4146a25f,INS,0,0,false,,gx-no-cache=1678795353052 HTTP/1.1" 200 93
190.95.15.15 - - [14/Mar/2023:09:17:55 -0300] "GET /cormun/servlet/hpexe_return? HTTP/1.1" 200 1014
190.95.15.15 - - [14/Mar/2023:09:17:55 -0300] "GET /cormun/servlet/trsolicitudot HTTP/1.1" 200 8599
190.95.15.15 - - [14/Mar/2023:09:17:56 -0300] "GET /cormun/servlet/trsolicitudot HTTP/1.1" 200 8595
190.95.15.15 - - [14/Mar/2023:09:18:06 -0300] "GET /cormun/servlet/solicitudot?INS,0,0,false, HTTP/1.1" 200 15813
190.95.15.15 - - [14/Mar/2023:09:18:06 -0300] "GET /cormun/servlet/solicitudot?INS,0,0,false, HTTP/1.1" 200 15821
190.95.15.15 - - [14/Mar/2023:09:18:25 -0300] "POST /cormun/servlet/solicitudot?gx-no-cache=1678795382745 HTTP/1.1" 200 3951
190.95.15.15 - - [14/Mar/2023:09:18:25 -0300] "POST /cormun/servlet/solicitudot?2ac9f91d151f2abcd485c0df4146a25f,INS,0,0,false,,gx-no-cache=1678795382864 HTTP/1.1" 200 12501
190.95.15.15 - - [14/Mar/2023:09:18:29 -0300] "GET /cormun/servlet/solicitudot?d2fffeea5e532f9d175f7f6f940196cc2deb1bddc69b6bf02a619f15a44955af5951a03985f974d47297f915157b16ad,gx-no-cache=1678795386656 HTTP/1.1" 200 30
190.46.88.50 - - [14/Mar/2023:09:19:44 -0300] "GET /cormun/servlet/solicitudotadjuntos?b75a1a61ec6f50660053b26684251ad0b79ac3e5871eed7acb172549e44e19aee44d3718ebeac37b00ad84e7fc32a6c2,gx-no-cache=1678795727605 HTTP/1.1" 200 30
190.46.88.50 - - [14/Mar/2023:09:19:45 -0300] "GET /cormun/servlet/solicitudotadjuntos?b75a1a61ec6f50660053b26684251ad0cd50a9c170c87499dce776a82245c6e2e44d3718ebeac37b00ad84e7fc32a6c2,gx-no-cache=1678795727738 HTTP/1.1" 200 30
190.46.88.50 - - [14/Mar/2023:09:19:45 -0300] "POST /cormun/servlet/solicitudotadjuntos?53a8648fdd387e5af5afe5a3985d9c72,INS,2023,19590,,1, HTTP/1.1" 200 6732
190.46.88.50 - - [14/Mar/2023:09:19:45 -0300] "GET /cormun/PrivateTempStorage/upload_00007323.pdf HTTP/1.1" 200 25637
190.46.88.50 - - [14/Mar/2023:09:20:00 -0300] "POST /cormun/servlet/solicitudotadjuntos?53a8648fdd387e5af5afe5a3985d9c72,INS,2023,19590,,1, HTTP/1.1" 200 116
190.46.88.50 - - [14/Mar/2023:09:20:00 -0300] "GET /cormun/servlet/hpexe_return? HTTP/1.1" 200 1028
190.46.88.50 - - [14/Mar/2023:09:20:01 -0300] "GET /cormun/servlet/trsolicitudadjuntos?2023,19590, HTTP/1.1" 200 9865
190.46.88.50 - - [14/Mar/2023:09:20:02 -0300] "GET /cormun/servlet/trsolicitudadjuntos?2023,19590, HTTP/1.1" 200 9865
190.46.88.50 - - [14/Mar/2023:09:20:27 -0300] "GET /cormun/servlet/solicitudotadjuntos?INS,2023,19590,,1, HTTP/1.1" 200 6363
190.46.88.50 - - [14/Mar/2023:09:20:28 -0300] "GET /cormun/static/about:blank HTTP/1.1" 404 1011
190.46.88.50 - - [14/Mar/2023:09:20:28 -0300] "GET /cormun/servlet/solicitudotadjuntos?INS,2023,19590,,1, HTTP/1.1" 200 6357
190.46.88.50 - - [14/Mar/2023:09:20:28 -0300] "GET /cormun/servlet/solicitudotadjuntos?b75a1a61ec6f50660053b26684251ad0b2d7e5be929fc42594f8b6063558b941e99fdc051a2a577af3e97c183d062f31,gx-no-cache=1678795771609 HTTP/1.1" 200 30
190.46.88.50 - - [14/Mar/2023:09:20:29 -0300] "POST /cormun/servlet/solicitudotadjuntos?53a8648fdd387e5af5afe5a3985d9c72,INS,2023,19590,,1,,gx-no-cache=1678795771647 HTTP/1.1" 200 4183
190.46.88.50 - - [14/Mar/2023:09:20:36 -0300] "POST /cormun/servlet/solicitudotadjuntos?gx-no-cache=1678795779649 HTTP/1.1" 200 26
190.95.15.15 - - [14/Mar/2023:09:20:48 -0300] "GET /cormun/servlet/solicitudot?d2fffeea5e532f9d175f7f6f940196ccdf5ad16d091c8f5bd666a374f154b07aff98d66c908909aa94fea7f7a8f31f5d5951a03985f974d47297f915157b16ad,gx-no-cache=1678795525956 HTTP/1.1" 200 30
190.95.15.15 - - [14/Mar/2023:09:20:48 -0300] "GET /cormun/servlet/solicitudot?d2fffeea5e532f9d175f7f6f940196cc0d5d4f31ee056da96fcc6c0b8d28d988,gx-no-cache=1678795526044 HTTP/1.1" 200 29
190.95.15.15 - - [14/Mar/2023:09:20:50 -0300] "POST /cormun/servlet/solicitudot?gx-no-cache=1678795527578 HTTP/1.1" 200 240
190.95.15.15 - - [14/Mar/2023:09:20:53 -0300] "GET /cormun/servlet/solicitudot?d2fffeea5e532f9d175f7f6f940196ccaabef9e759face436713cd8814adfdc9c9631d9371046e01de5cbe6a2249b8c366bfc82703b1461e6ef27c7df773afeb3d0ba5d1ae047b4df5462b128b920dfc5984ae94e54925d7692722d2c31067212f64e2ea1213c4577f5eef15ada77f641fe3c00e514754dae0b3f382cc0220b361da72efe8995cd6781cd1a9d1d597f3bac46c021370e9406454dda009efa15e58861e080830eca53ebd023c32e5f03f9fce75bb512dc36d4e6feffe804d944fd2d34680b74b1be59620aabf8017ef8b4e55da9557c84651f1a8e9d0603dab6f7e20d3170c451a10aec26cf3f9cea7908a4109246f63c8e9a43c8d2e64ee4163e813db6025a8968856e0a334c989b207158d979abe086caaf564dbec07d7a74c0ddf8044136d170cd49b6d5bcd001e2889ecb4f221eb73dccddfb86eabb3d46d6e52dd82db21f9bcad4002384d02631c404d846e2a694eb7f75584ea2a16db7a243d87c2d836b99baa79fcc76ab1260e2f218df1072ac0a5ead2e2b85126f548,gx-no-cache=1678795531558 HTTP/1.1" 200 30
190.95.15.15 - - [14/Mar/2023:09:20:56 -0300] "POST /cormun/servlet/solicitudot?gx-no-cache=1678795533857 HTTP/1.1" 200 30
190.95.15.15 - - [14/Mar/2023:09:20:58 -0300] "GET /cormun/servlet/prfichaempleado?,MD,,gxPopupLevel%3D0%3B HTTP/1.1" 200 9248
190.46.88.50 - - [14/Mar/2023:09:21:02 -0300] "GET /cormun/servlet/solicitudotadjuntos?b75a1a61ec6f50660053b26684251ad0c07731c529e7d2c9754375933a71fab6,gx-no-cache=1678795804674 HTTP/1.1" 200 30
190.46.88.50 - - [14/Mar/2023:09:21:02 -0300] "GET /cormun/servlet/solicitudotadjuntos?b75a1a61ec6f50660053b26684251ad0c07731c529e7d2c9754375933a71fab6,gx-no-cache=1678795804733 HTTP/1.1" 200 30
190.46.88.50 - - [14/Mar/2023:09:21:02 -0300] "POST /cormun/servlet/solicitudotadjuntos?53a8648fdd387e5af5afe5a3985d9c72,INS,2023,19590,,1, HTTP/1.1" 200 116
190.46.88.50 - - [14/Mar/2023:09:21:02 -0300] "GET /cormun/servlet/hpexe_return? HTTP/1.1" 200 1028
190.46.88.50 - - [14/Mar/2023:09:21:02 -0300] "GET /cormun/servlet/trsolicitudadjuntos?2023,19590, HTTP/1.1" 200 10100
190.46.88.50 - - [14/Mar/2023:09:21:03 -0300] "GET /cormun/servlet/trsolicitudadjuntos?2023,19590, HTTP/1.1" 200 10099
190.95.15.15 - - [14/Mar/2023:09:21:15 -0300] "POST /cormun/servlet/prfichaempleado?2ac9f91d151f2abcd485c0df4146a25f,,MD,,gxPopupLevel%3D0%3B,gx-no-cache=1678795552767 HTTP/1.1" 200 3410
190.46.88.50 - - [14/Mar/2023:09:21:18 -0300] "GET /cormun/servlet/solicitudotadjuntos?INS,2023,19590,,1, HTTP/1.1" 200 6363
190.46.88.50 - - [14/Mar/2023:09:21:19 -0300] "GET /cormun/static/about:blank HTTP/1.1" 404 1011
190.46.88.50 - - [14/Mar/2023:09:21:19 -0300] "GET /cormun/servlet/solicitudotadjuntos?INS,2023,19590,,1, HTTP/1.1" 200 6357
190.95.15.15 - - [14/Mar/2023:09:21:19 -0300] "GET /cormun/servlet/prlicenciaspermisos?16879638,L,,MD,,gxPopupLevel%3D0%3B HTTP/1.1" 200 5532
190.46.88.50 - - [14/Mar/2023:09:21:19 -0300] "GET /cormun/servlet/solicitudotadjuntos?b75a1a61ec6f50660053b26684251ad0b2d7e5be929fc42594f8b6063558b941e99fdc051a2a577af3e97c183d062f31,gx-no-cache=1678795822626 HTTP/1.1" 200 30
190.46.88.50 - - [14/Mar/2023:09:21:20 -0300] "POST /cormun/servlet/solicitudotadjuntos?53a8648fdd387e5af5afe5a3985d9c72,INS,2023,19590,,1, HTTP/1.1" 200 6953
190.46.88.50 - - [14/Mar/2023:09:21:21 -0300] "GET /cormun/PrivateTempStorage/upload_00007358.pdf HTTP/1.1" 200 76554
190.95.15.15 - - [14/Mar/2023:09:21:22 -0300] "POST /cormun/servlet/solicitudot?gx-no-cache=1678795559834 HTTP/1.1" 200 1470
190.95.15.15 - - [14/Mar/2023:09:21:26 -0300] "POST /cormun/servlet/solicitudot?gx-no-cache=1678795563766 HTTP/1.1" 200 41
190.46.88.50 - - [14/Mar/2023:09:21:28 -0300] "POST /cormun/servlet/solicitudotadjuntos?53a8648fdd387e5af5afe5a3985d9c72,INS,2023,19590,,1, HTTP/1.1" 200 116
190.46.88.50 - - [14/Mar/2023:09:21:28 -0300] "GET /cormun/servlet/hpexe_return? HTTP/1.1" 200 1028
190.46.88.50 - - [14/Mar/2023:09:21:28 -0300] "GET /cormun/servlet/trsolicitudadjuntos?2023,19590, HTTP/1.1" 200 10100
190.46.88.50 - - [14/Mar/2023:09:21:29 -0300] "GET /cormun/servlet/trsolicitudadjuntos?2023,19590, HTTP/1.1" 200 10098
190.95.15.15 - - [14/Mar/2023:09:21:36 -0300] "GET /cormun/servlet/solicitudot?d2fffeea5e532f9d175f7f6f940196ccfc8b2660fb5e10aa6134b9b4fb9c1dbddef619f01048c4f21f40cebe8a01de5f7b2cb3abc2fa704a3af6f83405e808c1c47398917c7ab8209ccd1295eb48402b8e5d6550f0032a4ad088b3ce3a4e51b7bd8fafc79748d759bd4e077e6247cb89,gx-no-cache=1678795573753 HTTP/1.1" 200 110
190.95.15.15 - - [14/Mar/2023:09:21:36 -0300] "POST /cormun/servlet/solicitudot?gx-no-cache=1678795573774 HTTP/1.1" 200 79
190.95.15.15 - - [14/Mar/2023:09:21:40 -0300] "GET /cormun/servlet/solicitudot?d2fffeea5e532f9d175f7f6f940196cc6de7032950f1011d9748ad4e2125a6c769f47c9286cf6c131ef044ff27b6c1ed42ee98e3864b1c546efaaec6a320f7bb9167aff9f23dbad014ddfca9725a147c5777f524927bed37175a73ca8929bfdff0959f3a683e6c9149e5918942b6d918,gx-no-cache=1678795577795 HTTP/1.1" 200 29
190.95.15.15 - - [14/Mar/2023:09:21:40 -0300] "GET /cormun/static/menuarrow.gif HTTP/1.1" 404 1015
190.95.15.15 - - [14/Mar/2023:09:21:44 -0300] "GET /cormun/servlet/solicitudot?d2fffeea5e532f9d175f7f6f940196ccc283841afcb8a3f098c50a621ea2304c9ee0453dfdce9a767db5cfb0f2682d4e,gx-no-cache=1678795582263 HTTP/1.1" 200 30
190.95.15.15 - - [14/Mar/2023:09:21:44 -0300] "POST /cormun/servlet/solicitudot?gx-no-cache=1678795582285 HTTP/1.1" 200 34
190.46.88.50 - - [14/Mar/2023:09:21:53 -0300] "GET /cormun/servlet/solicitudotadjuntos?INS,2023,19590,,1, HTTP/1.1" 200 6363
190.46.88.50 - - [14/Mar/2023:09:21:53 -0300] "GET /cormun/static/about:blank HTTP/1.1" 404 1011
190.46.88.50 - - [14/Mar/2023:09:21:53 -0300] "GET /cormun/servlet/solicitudotadjuntos?INS,2023,19590,,1, HTTP/1.1" 200 6357
190.46.88.50 - - [14/Mar/2023:09:21:54 -0300] "GET /cormun/servlet/solicitudotadjuntos?b75a1a61ec6f50660053b26684251ad0b2d7e5be929fc42594f8b6063558b941e99fdc051a2a577af3e97c183d062f31,gx-no-cache=1678795857183 HTTP/1.1" 200 30
190.46.88.50 - - [14/Mar/2023:09:21:54 -0300] "POST /cormun/servlet/solicitudotadjuntos?53a8648fdd387e5af5afe5a3985d9c72,INS,2023,19590,,1,,gx-no-cache=1678795857223 HTTP/1.1" 200 4183
190.46.88.50 - - [14/Mar/2023:09:22:01 -0300] "POST /cormun/servlet/solicitudotadjuntos?gx-no-cache=1678795863771 HTTP/1.1" 200 26
190.95.15.15 - - [14/Mar/2023:09:22:07 -0300] "POST /cormun/servlet/solicitudot?2ac9f91d151f2abcd485c0df4146a25f,INS,0,0,false,,gx-no-cache=1678795604907 HTTP/1.1" 200 93
190.95.15.15 - - [14/Mar/2023:09:22:07 -0300] "GET /cormun/servlet/hpexe_return? HTTP/1.1" 200 1014
190.95.15.15 - - [14/Mar/2023:09:22:07 -0300] "GET /cormun/servlet/trsolicitudot HTTP/1.1" 200 9073
190.95.15.15 - - [14/Mar/2023:09:22:08 -0300] "GET /cormun/servlet/trsolicitudot HTTP/1.1" 200 9067
190.46.88.50 - - [14/Mar/2023:09:22:11 -0300] "GET /cormun/servlet/solicitudotadjuntos?b75a1a61ec6f50660053b26684251ad0c07731c529e7d2c9754375933a71fab6,gx-no-cache=1678795874124 HTTP/1.1" 200 30
190.46.88.50 - - [14/Mar/2023:09:22:11 -0300] "GET /cormun/servlet/solicitudotadjuntos?b75a1a61ec6f50660053b26684251ad0c07731c529e7d2c9754375933a71fab6,gx-no-cache=1678795874156 HTTP/1.1" 200 30
190.46.88.50 - - [14/Mar/2023:09:22:11 -0300] "POST /cormun/servlet/solicitudotadjuntos?53a8648fdd387e5af5afe5a3985d9c72,INS,2023,19590,,1, HTTP/1.1" 200 116
190.46.88.50 - - [14/Mar/2023:09:22:11 -0300] "GET /cormun/servlet/hpexe_return? HTTP/1.1" 200 1028
190.46.88.50 - - [14/Mar/2023:09:22:12 -0300] "GET /cormun/servlet/trsolicitudadjuntos?2023,19590, HTTP/1.1" 200 10406
190.46.88.50 - - [14/Mar/2023:09:22:13 -0300] "GET /cormun/servlet/trsolicitudadjuntos?2023,19590, HTTP/1.1" 200 10402
190.46.88.50 - - [14/Mar/2023:09:22:27 -0300] "GET /cormun/servlet/solicitudotadjuntos?INS,2023,19590,,1, HTTP/1.1" 200 6363
190.46.88.50 - - [14/Mar/2023:09:22:28 -0300] "GET /cormun/static/about:blank HTTP/1.1" 404 1011
190.46.88.50 - - [14/Mar/2023:09:22:28 -0300] "GET /cormun/servlet/solicitudotadjuntos?INS,2023,19590,,1, HTTP/1.1" 200 6357
190.46.88.50 - - [14/Mar/2023:09:22:28 -0300] "GET /cormun/servlet/solicitudotadjuntos?b75a1a61ec6f50660053b26684251ad0b2d7e5be929fc42594f8b6063558b941e99fdc051a2a577af3e97c183d062f31,gx-no-cache=1678795891459 HTTP/1.1" 200 30
190.46.88.50 - - [14/Mar/2023:09:22:28 -0300] "POST /cormun/servlet/solicitudotadjuntos?53a8648fdd387e5af5afe5a3985d9c72,INS,2023,19590,,1,,gx-no-cache=1678795891517 HTTP/1.1" 200 4183
192.168.10.17 - - [14/Mar/2023:09:22:29 -0300] "POST /cormun/servlet/vesolicitudgral?c238c29491831f2ac596cb64d06fe0ba,2023,19476,,,gx-no-cache=1678795623781 HTTP/1.1" 200 12186
192.168.10.17 - - [14/Mar/2023:09:22:30 -0300] "GET /cormun/static/Shared/jqueryui/images/ui-bg_highlight-soft_100_c6c2c8_1x100.png HTTP/1.1" 404 1117
192.168.10.17 - - [14/Mar/2023:09:22:30 -0300] "GET /cormun/static/Shared/jqueryui/images/ui-icons_82798d_256x240.png HTTP/1.1" 404 1089
192.168.10.17 - - [14/Mar/2023:09:22:30 -0300] "GET /cormun/static/Shared/jqueryui/images/ui-icons_8d78a5_256x240.png HTTP/1.1" 404 1089
192.168.10.17 - - [14/Mar/2023:09:22:30 -0300] "GET /cormun/static/Shared/jqueryui/images/ui-bg_flat_55_fafafa_40x100.png HTTP/1.1" 404 1097
192.168.10.17 - - [14/Mar/2023:09:22:30 -0300] "POST /cormun/servlet/vesolicitudgral?c238c29491831f2ac596cb64d06fe0ba,2023,19476,,,gx-no-cache=1678795624544 HTTP/1.1" 200 12118
192.168.10.17 - - [14/Mar/2023:09:22:30 -0300] "GET /cormun//static/Resources/PXToolsTabLastUnselected.png HTTP/1.1" 200 1297
192.168.10.17 - - [14/Mar/2023:09:22:32 -0300] "GET /cormun/servlet/trsolicitudgral? HTTP/1.1" 200 13724
192.168.10.17 - - [14/Mar/2023:09:22:32 -0300] "GET /cormun/servlet/trsolicitudgral? HTTP/1.1" 200 13720
190.95.15.15 - - [14/Mar/2023:09:22:35 -0300] "POST /cormun/servlet/trsolicitudot?2ac9f91d151f2abcd485c0df4146a25f,gx-no-cache=1678795632832 HTTP/1.1" 200 5803
190.95.15.15 - - [14/Mar/2023:09:22:35 -0300] "GET /cormun/static/Shared/jqueryui/images/ui-bg_highlight-soft_100_c6c2c8_1x100.png HTTP/1.1" 404 1117
190.95.15.15 - - [14/Mar/2023:09:22:35 -0300] "GET /cormun/static/Shared/jqueryui/images/ui-bg_flat_55_fafafa_40x100.png HTTP/1.1" 404 1097
190.95.15.15 - - [14/Mar/2023:09:22:35 -0300] "GET /cormun/static/Shared/jqueryui/images/ui-icons_8d78a5_256x240.png HTTP/1.1" 404 1089
190.95.15.15 - - [14/Mar/2023:09:22:35 -0300] "GET /cormun/static/Shared/jqueryui/images/ui-icons_82798d_256x240.png HTTP/1.1" 404 1089
190.95.15.15 - - [14/Mar/2023:09:22:35 -0300] "POST /cormun/servlet/trsolicitudot?2ac9f91d151f2abcd485c0df4146a25f,gx-no-cache=1678795633057 HTTP/1.1" 200 5747
190.95.15.15 - - [14/Mar/2023:09:22:36 -0300] "POST /cormun/servlet/trsolicitudot?2ac9f91d151f2abcd485c0df4146a25f,gx-no-cache=1678795634058 HTTP/1.1" 200 4597
190.95.15.15 - - [14/Mar/2023:09:22:36 -0300] "POST /cormun/servlet/trsolicitudot?2ac9f91d151f2abcd485c0df4146a25f,gx-no-cache=1678795634173 HTTP/1.1" 200 4341
190.46.88.50 - - [14/Mar/2023:09:22:39 -0300] "POST /cormun/servlet/solicitudotadjuntos?gx-no-cache=1678795902568 HTTP/1.1" 200 26
192.168.10.17 - - [14/Mar/2023:09:22:41 -0300] "GET /cormun/servlet/vesolicitudgral?2023,19478,, HTTP/1.1" 200 8370
192.168.10.17 - - [14/Mar/2023:09:22:41 -0300] "GET /cormun/pexe_scrolldiv.js HTTP/1.1" 404 1009
192.168.10.17 - - [14/Mar/2023:09:22:42 -0300] "GET /cormun/servlet/vesolicitudgral?2023,19478,, HTTP/1.1" 200 8370
190.46.88.50 - - [14/Mar/2023:09:22:56 -0300] "GET /cormun/servlet/solicitudotadjuntos?b75a1a61ec6f50660053b26684251ad0c07731c529e7d2c9754375933a71fab6,gx-no-cache=1678795919009 HTTP/1.1" 200 30
190.46.88.50 - - [14/Mar/2023:09:22:56 -0300] "GET /cormun/servlet/solicitudotadjuntos?b75a1a61ec6f50660053b26684251ad0c07731c529e7d2c9754375933a71fab6,gx-no-cache=1678795919040 HTTP/1.1" 200 30
190.46.88.50 - - [14/Mar/2023:09:22:56 -0300] "POST /cormun/servlet/solicitudotadjuntos?53a8648fdd387e5af5afe5a3985d9c72,INS,2023,19590,,1, HTTP/1.1" 200 116
190.46.88.50 - - [14/Mar/2023:09:22:56 -0300] "GET /cormun/servlet/hpexe_return? HTTP/1.1" 200 1028
190.46.88.50 - - [14/Mar/2023:09:22:57 -0300] "GET /cormun/servlet/trsolicitudadjuntos?2023,19590, HTTP/1.1" 200 10577
190.46.88.50 - - [14/Mar/2023:09:22:57 -0300] "GET /cormun/servlet/trsolicitudadjuntos?2023,19590, HTTP/1.1" 200 10574
190.95.15.15 - - [14/Mar/2023:09:23:05 -0300] "GET /cormun/servlet/hlogin HTTP/1.1" 200 1747
192.168.10.17 - - [14/Mar/2023:09:23:06 -0300] "GET /cormun/servlet/trsolicitudgral? HTTP/1.1" 200 13721
192.168.10.17 - - [14/Mar/2023:09:23:06 -0300] "GET /cormun/servlet/trsolicitudgral? HTTP/1.1" 200 13720
190.95.15.15 - - [14/Mar/2023:09:23:12 -0300] "POST /cormun/servlet/hlogin?2ac9f91d151f2abcd485c0df4146a25f,gx-no-cache=1678795670002 HTTP/1.1" 200 90
190.95.15.15 - - [14/Mar/2023:09:23:12 -0300] "GET /cormun/servlet/hpexe_link HTTP/1.1" 200 956
190.95.15.15 - - [14/Mar/2023:09:23:12 -0300] "GET /cormun/servlet/hhome HTTP/1.1" 200 4217
190.95.15.15 - - [14/Mar/2023:09:23:12 -0300] "GET /cormun/servlet/hhome HTTP/1.1" 200 4213
190.95.15.15 - - [14/Mar/2023:09:23:15 -0300] "GET /cormun/servlet/trautorizarsolicitud? HTTP/1.1" 200 9217
190.95.15.15 - - [14/Mar/2023:09:23:15 -0300] "GET /cormun/servlet/trautorizarsolicitud? HTTP/1.1" 200 9215
190.95.15.15 - - [14/Mar/2023:09:23:23 -0300] "POST /cormun/servlet/trautorizarsolicitud?2ac9f91d151f2abcd485c0df4146a25f,,gx-no-cache=1678795681232 HTTP/1.1" 200 5996
190.95.15.15 - - [14/Mar/2023:09:23:23 -0300] "GET /cormun/static/Shared/jqueryui/images/ui-bg_highlight-soft_100_c6c2c8_1x100.png HTTP/1.1" 404 1117
190.95.15.15 - - [14/Mar/2023:09:23:23 -0300] "GET /cormun/static/Shared/jqueryui/images/ui-bg_flat_55_fafafa_40x100.png HTTP/1.1" 404 1097
190.95.15.15 - - [14/Mar/2023:09:23:23 -0300] "GET /cormun/static/Shared/jqueryui/images/ui-icons_82798d_256x240.png HTTP/1.1" 404 1089
190.95.15.15 - - [14/Mar/2023:09:23:23 -0300] "GET /cormun/static/Shared/jqueryui/images/ui-icons_8d78a5_256x240.png HTTP/1.1" 404 1089
190.95.15.15 - - [14/Mar/2023:09:23:23 -0300] "POST /cormun/servlet/trautorizarsolicitud?2ac9f91d151f2abcd485c0df4146a25f,,gx-no-cache=1678795681380 HTTP/1.1" 200 5940
190.95.15.15 - - [14/Mar/2023:09:23:26 -0300] "POST /cormun/servlet/trautorizarsolicitud?2ac9f91d151f2abcd485c0df4146a25f,,gx-no-cache=1678795683822 HTTP/1.1" 200 4797
190.95.15.15 - - [14/Mar/2023:09:23:26 -0300] "POST /cormun/servlet/trautorizarsolicitud?2ac9f91d151f2abcd485c0df4146a25f,,gx-no-cache=1678795683956 HTTP/1.1" 200 4539
192.168.10.17 - - [14/Mar/2023:09:24:34 -0300] "GET /cormun/servlet/vesolicitudgral?2023,19482,, HTTP/1.1" 200 8377
192.168.10.17 - - [14/Mar/2023:09:24:34 -0300] "GET /cormun/pexe_scrolldiv.js HTTP/1.1" 404 1009
192.168.10.17 - - [14/Mar/2023:09:24:34 -0300] "GET /cormun/servlet/vesolicitudgral?2023,19482,, HTTP/1.1" 200 8376
190.46.88.50 - - [14/Mar/2023:09:26:01 -0300] "GET /cormun/servlet/trautorizarsolicitud? HTTP/1.1" 200 7438
190.46.88.50 - - [14/Mar/2023:09:26:02 -0300] "GET /cormun/static/gxcfg.js?201991422414522 HTTP/1.1" 200 953
190.46.88.50 - - [14/Mar/2023:09:26:02 -0300] "GET /cormun/static/trautorizarsolicitud.js?201991422415463 HTTP/1.1" 200 53910
190.46.88.50 - - [14/Mar/2023:09:26:03 -0300] "GET /cormun/servlet/trautorizarsolicitud? HTTP/1.1" 200 7424
190.95.15.15 - - [14/Mar/2023:09:26:22 -0300] "GET /cormun/servlet/trlicencias? HTTP/1.1" 200 9926
190.95.15.15 - - [14/Mar/2023:09:26:22 -0300] "GET /cormun/servlet/trlicencias? HTTP/1.1" 200 9923
190.171.143.82 - - [14/Mar/2023:09:26:57 -0300] "GET /cormun/servlet/trsolicitudot? HTTP/1.1" 200 6327
190.171.143.82 - - [14/Mar/2023:09:26:59 -0300] "GET /cormun/servlet/trsolicitudot? HTTP/1.1" 200 6327
190.171.143.82 - - [14/Mar/2023:09:26:59 -0300] "GET /cormun/servlet/hlogin HTTP/1.1" 200 1745
190.171.143.82 - - [14/Mar/2023:09:26:59 -0300] "GET /cormun/servlet/trsolicitudot? HTTP/1.1" 200 6327
190.171.143.82 - - [14/Mar/2023:09:27:02 -0300] "POST /cormun/servlet/hlogin?015f993470df4d4613fd265dcfaa970d,gx-no-cache=1678795899260 HTTP/1.1" 200 90
190.171.143.82 - - [14/Mar/2023:09:27:02 -0300] "GET /cormun/servlet/hpexe_link HTTP/1.1" 200 959
190.171.143.82 - - [14/Mar/2023:09:27:02 -0300] "GET /cormun/servlet/trsolicitudot HTTP/1.1" 200 8848
190.171.143.82 - - [14/Mar/2023:09:27:04 -0300] "GET /cormun/servlet/trsolicitudot HTTP/1.1" 200 8847
190.171.143.82 - - [14/Mar/2023:09:27:08 -0300] "GET /cormun/servlet/trsolicitudot? HTTP/1.1" 200 8847
190.171.143.82 - - [14/Mar/2023:09:27:09 -0300] "GET /cormun/servlet/trsolicitudot? HTTP/1.1" 200 8847
190.171.143.82 - - [14/Mar/2023:09:27:14 -0300] "GET /cormun/servlet/solicitudot?INS,0,0,false, HTTP/1.1" 200 16223
190.171.143.82 - - [14/Mar/2023:09:27:15 -0300] "GET /cormun/servlet/solicitudot?INS,0,0,false, HTTP/1.1" 200 16231
190.171.143.82 - - [14/Mar/2023:09:27:45 -0300] "GET /cormun/servlet/hlogin HTTP/1.1" 200 1726
190.171.143.82 - - [14/Mar/2023:09:27:49 -0300] "POST /cormun/servlet/hlogin?015f993470df4d4613fd265dcfaa970d,gx-no-cache=1678795946127 HTTP/1.1" 200 90
190.171.143.82 - - [14/Mar/2023:09:27:49 -0300] "GET /cormun/servlet/hpexe_link HTTP/1.1" 200 968
190.171.143.82 - - [14/Mar/2023:09:27:49 -0300] "GET /cormun/servlet/solicitudot?INS,0,0,false, HTTP/1.1" 200 16224
190.171.143.82 - - [14/Mar/2023:09:27:51 -0300] "GET /cormun/servlet/solicitudot?INS,0,0,false, HTTP/1.1" 200 16231
190.171.143.82 - - [14/Mar/2023:09:28:56 -0300] "GET /cormun/servlet/hlogin HTTP/1.1" 200 1726
186.174.122.252 - - [14/Mar/2023:09:29:06 -0300] "GET /cormun/servlet/renuncias?INS,0, HTTP/1.1" 200 6150
186.174.122.252 - - [14/Mar/2023:09:29:06 -0300] "GET /cormun/static/gxcfg.js?20201215175974 HTTP/1.1" 200 953
186.174.122.252 - - [14/Mar/2023:09:29:06 -0300] "GET /cormun/static/renuncias.js?2020121518254 HTTP/1.1" 200 16029
186.174.122.252 - - [14/Mar/2023:09:29:06 -0300] "GET /cormun/servlet/renuncias?INS,0, HTTP/1.1" 200 6150
186.174.122.252 - - [14/Mar/2023:09:29:07 -0300] "GET /cormun/servlet/renuncias?INS,0, HTTP/1.1" 200 6150
186.174.122.252 - - [14/Mar/2023:09:29:07 -0300] "GET /cormun/servlet/renuncias?INS,0, HTTP/1.1" 200 6150
186.174.122.252 - - [14/Mar/2023:09:29:10 -0300] "GET /cormun/servlet/renuncias?f962b3a4199f6212b6fd180bac6e587bddc9a2ab77b8f73e35110effdec22c25748ab2407acbbe03f5a695b7c17810ab,gx-no-cache=1678796028428 HTTP/1.1" 200 33
190.171.143.82 - - [14/Mar/2023:09:29:23 -0300] "POST /cormun/servlet/hlogin?015f993470df4d4613fd265dcfaa970d,gx-no-cache=1678796040156 HTTP/1.1" 200 90
190.171.143.82 - - [14/Mar/2023:09:29:23 -0300] "GET /cormun/servlet/hpexe_link HTTP/1.1" 200 968
190.171.143.82 - - [14/Mar/2023:09:29:24 -0300] "GET /cormun/servlet/solicitudot?INS,0,0,false, HTTP/1.1" 200 16223
190.171.143.82 - - [14/Mar/2023:09:29:25 -0300] "GET /cormun/servlet/solicitudot?INS,0,0,false, HTTP/1.1" 200 16231
190.171.143.82 - - [14/Mar/2023:09:29:36 -0300] "GET /cormun/servlet/trsolicitudot? HTTP/1.1" 200 8848
190.171.143.82 - - [14/Mar/2023:09:29:38 -0300] "GET /cormun/servlet/trsolicitudot? HTTP/1.1" 200 8847
190.171.143.82 - - [14/Mar/2023:09:29:48 -0300] "GET /cormun/servlet/solicitudot?INS,0,0,false, HTTP/1.1" 200 16223
190.171.143.82 - - [14/Mar/2023:09:29:49 -0300] "GET /cormun/servlet/solicitudot?INS,0,0,false, HTTP/1.1" 200 16231
190.46.88.50 - - [14/Mar/2023:09:30:18 -0300] "GET /cormun/servlet/trsolicitudot? HTTP/1.1" 200 8903
190.46.88.50 - - [14/Mar/2023:09:30:19 -0300] "GET /cormun/servlet/trsolicitudot? HTTP/1.1" 200 8903
190.46.88.50 - - [14/Mar/2023:09:30:27 -0300] "GET /cormun/servlet/trsolicitudot? HTTP/1.1" 200 8903
190.46.88.50 - - [14/Mar/2023:09:30:29 -0300] "GET /cormun/servlet/trsolicitudot? HTTP/1.1" 200 8903
190.46.88.50 - - [14/Mar/2023:09:30:36 -0300] "POST /cormun/servlet/trsolicitudot?53a8648fdd387e5af5afe5a3985d9c72,,gx-no-cache=1678796379164 HTTP/1.1" 200 4823
190.46.88.50 - - [14/Mar/2023:09:30:36 -0300] "GET /cormun/static/Shared/jqueryui/images/ui-bg_highlight-soft_100_c6c2c8_1x100.png HTTP/1.1" 404 1117
190.46.88.50 - - [14/Mar/2023:09:30:36 -0300] "GET /cormun/static/Shared/jqueryui/images/ui-bg_flat_55_fafafa_40x100.png HTTP/1.1" 404 1097
