190.171.141.82 - - [13/Mar/2023:12:32:53 -0300] "GET /cormun/servlet/solicitudotadjuntos?6073a5d68b8b5d6b422dfbf6cf43976abc000bc33b0397c84c95b71ebdad44e1,gx-no-cache=1678720651326 HTTP/1.1" 200 30
190.171.141.82 - - [13/Mar/2023:12:32:53 -0300] "GET /cormun/servlet/solicitudotadjuntos?6073a5d68b8b5d6b422dfbf6cf43976abc000bc33b0397c84c95b71ebdad44e1,gx-no-cache=1678720651353 HTTP/1.1" 200 30
190.171.141.82 - - [13/Mar/2023:12:32:53 -0300] "POST /cormun/servlet/solicitudotadjuntos?ff85c394deccd3a55e0e557e24d70d5a,INS,2023,19553,,1, HTTP/1.1" 200 116
190.171.141.82 - - [13/Mar/2023:12:32:53 -0300] "GET /cormun/servlet/hpexe_return? HTTP/1.1" 200 1034
190.171.141.82 - - [13/Mar/2023:12:32:53 -0300] "GET /cormun/servlet/vesolicitudot?2023,19553,,SolicitudOTAdjuntos HTTP/1.1" 200 10489
190.171.141.82 - - [13/Mar/2023:12:32:53 -0300] "GET /cormun/pexe_scrolldiv.js HTTP/1.1" 404 1009
190.171.141.82 - - [13/Mar/2023:12:32:54 -0300] "GET /cormun/servlet/vesolicitudot?2023,19553,,SolicitudOTAdjuntos HTTP/1.1" 200 10484
190.171.141.82 - - [13/Mar/2023:12:32:54 -0300] "POST /cormun/servlet/acontrolpreferencessavestate?None,CD-06,true HTTP/1.1" 200 35
190.171.141.82 - - [13/Mar/2023:12:32:56 -0300] "GET /cormun/servlet/solicitudotadjuntos?INS,2023,19553,,1, HTTP/1.1" 200 6027
190.171.141.82 - - [13/Mar/2023:12:32:56 -0300] "GET /cormun/static/about:blank HTTP/1.1" 404 1011
190.171.141.82 - - [13/Mar/2023:12:32:56 -0300] "GET /cormun/servlet/solicitudotadjuntos?INS,2023,19553,,1, HTTP/1.1" 200 6020
190.171.141.82 - - [13/Mar/2023:12:32:56 -0300] "GET /cormun/servlet/solicitudotadjuntos?6073a5d68b8b5d6b422dfbf6cf43976aff12e7ec23fde17aad4e938d05624f6b7b1192b3858c6d9dc29fd64cfd478043,gx-no-cache=1678720655061 HTTP/1.1" 200 30
190.171.141.82 - - [13/Mar/2023:12:32:56 -0300] "POST /cormun/servlet/solicitudotadjuntos?ff85c394deccd3a55e0e557e24d70d5a,INS,2023,19553,,1,,gx-no-cache=1678720655075 HTTP/1.1" 200 3910
190.171.141.82 - - [13/Mar/2023:12:33:00 -0300] "POST /cormun/servlet/solicitudotadjuntos?gx-no-cache=1678720659159 HTTP/1.1" 200 26
190.171.141.82 - - [13/Mar/2023:12:33:07 -0300] "GET /cormun/servlet/solicitudotadjuntos?6073a5d68b8b5d6b422dfbf6cf43976abc000bc33b0397c84c95b71ebdad44e1,gx-no-cache=1678720665430 HTTP/1.1" 200 30
190.171.141.82 - - [13/Mar/2023:12:33:07 -0300] "GET /cormun/servlet/solicitudotadjuntos?6073a5d68b8b5d6b422dfbf6cf43976abc000bc33b0397c84c95b71ebdad44e1,gx-no-cache=1678720665442 HTTP/1.1" 200 30
190.171.141.82 - - [13/Mar/2023:12:33:07 -0300] "POST /cormun/servlet/solicitudotadjuntos?ff85c394deccd3a55e0e557e24d70d5a,INS,2023,19553,,1, HTTP/1.1" 200 116
190.171.141.82 - - [13/Mar/2023:12:33:07 -0300] "GET /cormun/servlet/hpexe_return? HTTP/1.1" 200 1034
190.171.141.82 - - [13/Mar/2023:12:33:07 -0300] "GET /cormun/servlet/vesolicitudot?2023,19553,,SolicitudOTAdjuntos HTTP/1.1" 200 10753
190.171.141.82 - - [13/Mar/2023:12:33:07 -0300] "GET /cormun/pexe_scrolldiv.js HTTP/1.1" 404 1009
190.171.141.82 - - [13/Mar/2023:12:33:08 -0300] "GET /cormun/servlet/vesolicitudot?2023,19553,,SolicitudOTAdjuntos HTTP/1.1" 200 10750
190.171.141.82 - - [13/Mar/2023:12:33:08 -0300] "POST /cormun/servlet/acontrolpreferencessavestate?None,CD-06,true HTTP/1.1" 200 35
190.171.141.82 - - [13/Mar/2023:12:33:10 -0300] "GET /cormun/servlet/solicitudotadjuntos?INS,2023,19553,,1, HTTP/1.1" 200 6027
190.171.141.82 - - [13/Mar/2023:12:33:10 -0300] "GET /cormun/static/about:blank HTTP/1.1" 404 1011
190.171.141.82 - - [13/Mar/2023:12:33:10 -0300] "GET /cormun/servlet/solicitudotadjuntos?INS,2023,19553,,1, HTTP/1.1" 200 6020
190.171.141.82 - - [13/Mar/2023:12:33:11 -0300] "GET /cormun/servlet/solicitudotadjuntos?6073a5d68b8b5d6b422dfbf6cf43976aff12e7ec23fde17aad4e938d05624f6b7b1192b3858c6d9dc29fd64cfd478043,gx-no-cache=1678720669192 HTTP/1.1" 200 30
190.171.141.82 - - [13/Mar/2023:12:33:11 -0300] "POST /cormun/servlet/solicitudotadjuntos?ff85c394deccd3a55e0e557e24d70d5a,INS,2023,19553,,1,,gx-no-cache=1678720669207 HTTP/1.1" 200 3910
190.171.141.82 - - [13/Mar/2023:12:33:14 -0300] "POST /cormun/servlet/solicitudotadjuntos?gx-no-cache=1678720672487 HTTP/1.1" 200 26
190.171.141.82 - - [13/Mar/2023:12:33:21 -0300] "GET /cormun/servlet/solicitudotadjuntos?6073a5d68b8b5d6b422dfbf6cf43976abc000bc33b0397c84c95b71ebdad44e1,gx-no-cache=1678720679630 HTTP/1.1" 200 30
190.171.141.82 - - [13/Mar/2023:12:33:21 -0300] "GET /cormun/servlet/solicitudotadjuntos?6073a5d68b8b5d6b422dfbf6cf43976abc000bc33b0397c84c95b71ebdad44e1,gx-no-cache=1678720679643 HTTP/1.1" 200 30
190.171.141.82 - - [13/Mar/2023:12:33:21 -0300] "POST /cormun/servlet/solicitudotadjuntos?ff85c394deccd3a55e0e557e24d70d5a,INS,2023,19553,,1, HTTP/1.1" 200 116
190.171.141.82 - - [13/Mar/2023:12:33:21 -0300] "GET /cormun/servlet/hpexe_return? HTTP/1.1" 200 1034
190.171.141.82 - - [13/Mar/2023:12:33:21 -0300] "GET /cormun/servlet/vesolicitudot?2023,19553,,SolicitudOTAdjuntos HTTP/1.1" 200 11080
190.171.141.82 - - [13/Mar/2023:12:33:21 -0300] "GET /cormun/pexe_scrolldiv.js HTTP/1.1" 404 1009
190.171.141.82 - - [13/Mar/2023:12:33:22 -0300] "GET /cormun/servlet/vesolicitudot?2023,19553,,SolicitudOTAdjuntos HTTP/1.1" 200 11082
190.171.141.82 - - [13/Mar/2023:12:33:23 -0300] "POST /cormun/servlet/acontrolpreferencessavestate?None,CD-06,true HTTP/1.1" 200 35
190.171.141.82 - - [13/Mar/2023:12:33:23 -0300] "GET /cormun/servlet/solicitudotadjuntos?INS,2023,19553,,1, HTTP/1.1" 200 6027
190.171.141.82 - - [13/Mar/2023:12:33:24 -0300] "GET /cormun/static/about:blank HTTP/1.1" 404 1011
190.171.141.82 - - [13/Mar/2023:12:33:24 -0300] "GET /cormun/servlet/solicitudotadjuntos?INS,2023,19553,,1, HTTP/1.1" 200 6020
190.171.141.82 - - [13/Mar/2023:12:33:24 -0300] "GET /cormun/servlet/solicitudotadjuntos?6073a5d68b8b5d6b422dfbf6cf43976aff12e7ec23fde17aad4e938d05624f6b7b1192b3858c6d9dc29fd64cfd478043,gx-no-cache=1678720682797 HTTP/1.1" 200 30
190.171.141.82 - - [13/Mar/2023:12:33:24 -0300] "POST /cormun/servlet/solicitudotadjuntos?ff85c394deccd3a55e0e557e24d70d5a,INS,2023,19553,,1,,gx-no-cache=1678720682814 HTTP/1.1" 200 3910
191.125.134.199 - - [13/Mar/2023:12:35:25 -0300] "-" 400 -
186.172.103.107 - - [13/Mar/2023:12:35:44 -0300] "GET /cormun/static/Resources/resize.gif HTTP/1.1" 200 77
186.172.103.107 - - [13/Mar/2023:12:35:44 -0300] "GET /cormun/static/Resources/PXTools/ClosePrompt.png HTTP/1.1" 200 1036
186.172.103.107 - - [13/Mar/2023:12:35:44 -0300] "GET /cormun/servlet/prbanco?,MD,,gxPopupLevel%3D0%3B HTTP/1.1" 200 6456
186.172.103.107 - - [13/Mar/2023:12:35:44 -0300] "GET /cormun/static/gxcfg.js?20201216131581 HTTP/1.1" 200 953
186.172.103.107 - - [13/Mar/2023:12:35:44 -0300] "GET /cormun/static/prbanco.js?20201216132311 HTTP/1.1" 200 10693
186.172.103.107 - - [13/Mar/2023:12:35:45 -0300] "GET /cormun/static/menusearch.js?20201214473581 HTTP/1.1" 200 1424
186.172.103.107 - - [13/Mar/2023:12:35:45 -0300] "GET /cormun/static/hmpwkw011.js?20201215495555 HTTP/1.1" 200 1968
186.172.103.107 - - [13/Mar/2023:12:35:45 -0300] "GET /cormun/static/Resources/PXToolsMenuSearch.png HTTP/1.1" 200 336
186.172.103.107 - - [13/Mar/2023:12:35:45 -0300] "GET /cormun/static/Resources/PXToolsMenuSearchCancel.png HTTP/1.1" 200 306
186.172.103.107 - - [13/Mar/2023:12:36:10 -0300] "GET /cormun/servlet/solicitudot?279859f8d092a77aacd48e7aec62da65a11552714d09f0713cde6d451f3ca60573d6b5270b4954dc6ce46700091b370fe50c73c462a46cb18a9fbb148c07058e,gx-no-cache=1678720848610 HTTP/1.1" 200 45
186.172.103.107 - - [13/Mar/2023:12:37:17 -0300] "GET /cormun/servlet/prbanco?,MD,,gxPopupLevel%3D0%3B HTTP/1.1" 200 6456
186.172.103.107 - - [13/Mar/2023:12:37:25 -0300] "GET /cormun/servlet/solicitudot?279859f8d092a77aacd48e7aec62da65ffa1f1ef679412579eef99440124711d1ced4d700195c3a5f427ad52ce860419,gx-no-cache=1678720923285 HTTP/1.1" 200 53
186.172.103.107 - - [13/Mar/2023:12:37:40 -0300] "POST /cormun/servlet/solicitudot?gx-no-cache=1678720939026 HTTP/1.1" 200 30
186.172.103.107 - - [13/Mar/2023:12:37:41 -0300] "POST /cormun/servlet/solicitudot?gx-no-cache=1678720939092 HTTP/1.1" 200 1469
186.172.103.107 - - [13/Mar/2023:12:37:41 -0300] "POST /cormun/servlet/solicitudot?gx-no-cache=1678720939182 HTTP/1.1" 200 38
186.172.103.107 - - [13/Mar/2023:12:37:41 -0300] "GET /cormun/servlet/solicitudot?279859f8d092a77aacd48e7aec62da6593581855e36af6d732ae059344f4685fe9339d534b77f7170b2c3c050fa37c484f84dfc4d5a10e0305e6344ea8c2616afcef72a1845a5809de7ca7e8ec8e3a050be8e5de37941186ef4902c7c9a16ad7000876b2bfdd2762f2e86de5396edfa6,gx-no-cache=1678720939243 HTTP/1.1" 200 110
190.171.141.82 - - [13/Mar/2023:12:37:41 -0300] "POST /cormun/servlet/solicitudotadjuntos?gx-no-cache=1678720939804 HTTP/1.1" 200 26
186.172.103.107 - - [13/Mar/2023:12:37:47 -0300] "POST /cormun/servlet/solicitudot?gx-no-cache=1678720945787 HTTP/1.1" 200 64
186.172.103.107 - - [13/Mar/2023:12:37:47 -0300] "GET /cormun/servlet/solicitudot?279859f8d092a77aacd48e7aec62da65956b3ea5b599f4aa6ddf08e12318c0c0271dd84f2de7bec7bb491c8e4d73f2d634caa307acccd2fce336c8b4bd4ae19a6c366b533e821951d1ed5823e410ab219ae6e05c72995edac2cdb4de3d8ab58b7f1ead8d93ee82a29376722c2f7d831d,gx-no-cache=1678720945848 HTTP/1.1" 200 29
190.171.141.82 - - [13/Mar/2023:12:37:47 -0300] "GET /cormun/servlet/solicitudotadjuntos?6073a5d68b8b5d6b422dfbf6cf43976abc000bc33b0397c84c95b71ebdad44e1,gx-no-cache=1678720946117 HTTP/1.1" 200 30
190.171.141.82 - - [13/Mar/2023:12:37:47 -0300] "GET /cormun/servlet/solicitudotadjuntos?6073a5d68b8b5d6b422dfbf6cf43976abc000bc33b0397c84c95b71ebdad44e1,gx-no-cache=1678720946131 HTTP/1.1" 200 30
186.172.103.107 - - [13/Mar/2023:12:37:47 -0300] "GET /cormun/servlet/solicitudot?279859f8d092a77aacd48e7aec62da65bde0f8ab736c6d6a66bde0844c219604,gx-no-cache=1678720946041 HTTP/1.1" 200 30
186.172.103.107 - - [13/Mar/2023:12:37:48 -0300] "POST /cormun/servlet/solicitudot?gx-no-cache=1678720946098 HTTP/1.1" 200 30
190.171.141.82 - - [13/Mar/2023:12:37:48 -0300] "POST /cormun/servlet/solicitudotadjuntos?ff85c394deccd3a55e0e557e24d70d5a,INS,2023,19553,,1, HTTP/1.1" 200 6265
190.171.141.82 - - [13/Mar/2023:12:37:48 -0300] "GET /home/sistema/apache-tomcat-7.0.65/webapps/cormun/PrivateTempStorage/upload_00005908.pdf HTTP/1.1" 404 1135
190.171.141.82 - - [13/Mar/2023:12:37:48 -0300] "GET /cormun/static/Shared/jqueryui/images/ui-icons_ebccce_256x240.png HTTP/1.1" 404 1089
190.171.141.82 - - [13/Mar/2023:12:37:48 -0300] "GET /cormun/static/Shared/jqueryui/images/ui-icons_82798d_256x240.png HTTP/1.1" 404 1089
190.171.141.82 - - [13/Mar/2023:12:37:48 -0300] "GET /cormun/static/Shared/jqueryui/images/ui-bg_highlight-soft_100_c6c2c8_1x100.png HTTP/1.1" 404 1117
190.171.141.82 - - [13/Mar/2023:12:37:48 -0300] "GET /cormun/static/Shared/jqueryui/images/ui-bg_flat_55_994d53_40x100.png HTTP/1.1" 404 1097
190.171.141.82 - - [13/Mar/2023:12:37:48 -0300] "GET /cormun/PrivateTempStorage/upload_00005908.pdf HTTP/1.1" 200 286488
186.172.103.107 - - [13/Mar/2023:12:37:48 -0300] "POST /cormun/servlet/solicitudot?c9fec872c227ac17e4718df1586a06c6,INS,0,0,false,,gx-no-cache=1678720946262 HTTP/1.1" 200 13085
186.172.103.107 - - [13/Mar/2023:12:37:51 -0300] "GET /cormun/static/menuarrow.gif HTTP/1.1" 404 1015
190.171.141.82 - - [13/Mar/2023:12:37:54 -0300] "POST /cormun/servlet/solicitudotadjuntos?gx-no-cache=1678720952646 HTTP/1.1" 200 26
186.172.103.107 - - [13/Mar/2023:12:37:54 -0300] "GET /cormun/servlet/solicitudot?279859f8d092a77aacd48e7aec62da652df109f50830d4d1e8ec9e31caec3ea4fa7d677fb2076e6d8862a8c62502eab5,gx-no-cache=1678720952866 HTTP/1.1" 200 30
190.171.141.82 - - [13/Mar/2023:12:38:01 -0300] "GET /cormun/servlet/solicitudotadjuntos?6073a5d68b8b5d6b422dfbf6cf43976a2b7f9343f3a88a0ad6b987f4f700f7d88dd6de8c23a5137a1e6672a6a7b35ac2,gx-no-cache=1678720960045 HTTP/1.1" 200 30
190.171.141.82 - - [13/Mar/2023:12:38:01 -0300] "GET /cormun/servlet/solicitudotadjuntos?6073a5d68b8b5d6b422dfbf6cf43976ab50ce367cc0cf0f56ce4883892edc79a8dd6de8c23a5137a1e6672a6a7b35ac2,gx-no-cache=1678720960086 HTTP/1.1" 200 30
190.171.141.82 - - [13/Mar/2023:12:38:02 -0300] "POST /cormun/servlet/solicitudotadjuntos?ff85c394deccd3a55e0e557e24d70d5a,INS,2023,19553,,1, HTTP/1.1" 200 6307
190.171.141.82 - - [13/Mar/2023:12:38:02 -0300] "GET /cormun/PrivateTempStorage/upload_00005920.pdf HTTP/1.1" 200 443348
186.172.103.107 - - [13/Mar/2023:12:38:04 -0300] "POST /cormun/servlet/solicitudot?gx-no-cache=1678720962098 HTTP/1.1" 200 30
186.172.103.107 - - [13/Mar/2023:12:38:04 -0300] "POST /cormun/servlet/solicitudot?c9fec872c227ac17e4718df1586a06c6,INS,0,0,false,,gx-no-cache=1678720962230 HTTP/1.1" 200 93
186.172.103.107 - - [13/Mar/2023:12:38:04 -0300] "GET /cormun/servlet/hpexe_return? HTTP/1.1" 200 1009
186.172.103.107 - - [13/Mar/2023:12:38:04 -0300] "GET /cormun/servlet/trsolicitudot HTTP/1.1" 200 13675
186.172.103.107 - - [13/Mar/2023:12:38:05 -0300] "GET /cormun/servlet/trsolicitudot HTTP/1.1" 200 13671
190.171.141.82 - - [13/Mar/2023:12:38:12 -0300] "POST /cormun/servlet/solicitudotadjuntos?gx-no-cache=1678720970366 HTTP/1.1" 200 26
190.171.141.82 - - [13/Mar/2023:12:38:18 -0300] "POST /cormun/servlet/solicitudotadjuntos?gx-no-cache=1678720976366 HTTP/1.1" 200 26
190.171.141.82 - - [13/Mar/2023:12:38:34 -0300] "GET /cormun/servlet/solicitudotadjuntos?6073a5d68b8b5d6b422dfbf6cf43976ab50ce367cc0cf0f56ce4883892edc79a8dd6de8c23a5137a1e6672a6a7b35ac2,gx-no-cache=1678720992325 HTTP/1.1" 200 30
190.171.141.82 - - [13/Mar/2023:12:38:34 -0300] "GET /cormun/servlet/solicitudotadjuntos?6073a5d68b8b5d6b422dfbf6cf43976ab50ce367cc0cf0f56ce4883892edc79a8dd6de8c23a5137a1e6672a6a7b35ac2,gx-no-cache=1678720992345 HTTP/1.1" 200 30
190.171.141.82 - - [13/Mar/2023:12:38:34 -0300] "POST /cormun/servlet/solicitudotadjuntos?ff85c394deccd3a55e0e557e24d70d5a,INS,2023,19553,,1, HTTP/1.1" 200 6265
190.171.141.82 - - [13/Mar/2023:12:38:34 -0300] "GET /home/sistema/apache-tomcat-7.0.65/webapps/cormun/PrivateTempStorage/upload_00005932.pdf HTTP/1.1" 404 1135
190.171.141.82 - - [13/Mar/2023:12:38:34 -0300] "GET /cormun/PrivateTempStorage/upload_00005932.pdf HTTP/1.1" 200 286488
190.171.141.82 - - [13/Mar/2023:12:38:37 -0300] "GET /cormun/servlet/solicitudotadjuntos?6073a5d68b8b5d6b422dfbf6cf43976ab50ce367cc0cf0f56ce4883892edc79a8dd6de8c23a5137a1e6672a6a7b35ac2,gx-no-cache=1678720995397 HTTP/1.1" 200 30
190.171.141.82 - - [13/Mar/2023:12:38:37 -0300] "POST /cormun/servlet/solicitudotadjuntos?ff85c394deccd3a55e0e557e24d70d5a,INS,2023,19553,,1, HTTP/1.1" 200 6265
190.171.141.82 - - [13/Mar/2023:12:38:37 -0300] "GET /home/sistema/apache-tomcat-7.0.65/webapps/cormun/PrivateTempStorage/upload_00005944.pdf HTTP/1.1" 404 1135
190.171.141.82 - - [13/Mar/2023:12:38:37 -0300] "GET /cormun/PrivateTempStorage/upload_00005944.pdf HTTP/1.1" 200 286488
190.171.141.82 - - [13/Mar/2023:12:38:39 -0300] "POST /cormun/servlet/solicitudotadjuntos?ff85c394deccd3a55e0e557e24d70d5a,INS,2023,19553,,1, HTTP/1.1" 200 116
190.171.141.82 - - [13/Mar/2023:12:38:39 -0300] "GET /cormun/servlet/hpexe_return? HTTP/1.1" 200 1034
190.171.141.82 - - [13/Mar/2023:12:38:40 -0300] "GET /cormun/servlet/vesolicitudot?2023,19553,,SolicitudOTAdjuntos HTTP/1.1" 200 11080
190.171.141.82 - - [13/Mar/2023:12:38:40 -0300] "GET /cormun/pexe_scrolldiv.js HTTP/1.1" 404 1009
190.171.141.82 - - [13/Mar/2023:12:38:40 -0300] "GET /cormun/servlet/vesolicitudot?2023,19553,,SolicitudOTAdjuntos HTTP/1.1" 200 11084
190.171.141.82 - - [13/Mar/2023:12:38:41 -0300] "POST /cormun/servlet/acontrolpreferencessavestate?None,CD-06,true HTTP/1.1" 200 35
190.171.141.82 - - [13/Mar/2023:12:39:05 -0300] "GET /cormun/servlet/solicitudotadjuntos?INS,2023,19553,,1, HTTP/1.1" 200 6026
190.171.141.82 - - [13/Mar/2023:12:39:05 -0300] "GET /cormun/static/about:blank HTTP/1.1" 404 1011
190.171.141.82 - - [13/Mar/2023:12:39:06 -0300] "GET /cormun/servlet/solicitudotadjuntos?INS,2023,19553,,1, HTTP/1.1" 200 6019
190.171.141.82 - - [13/Mar/2023:12:39:06 -0300] "GET /cormun/servlet/solicitudotadjuntos?6073a5d68b8b5d6b422dfbf6cf43976aff12e7ec23fde17aad4e938d05624f6b7b1192b3858c6d9dc29fd64cfd478043,gx-no-cache=1678721024700 HTTP/1.1" 200 30
190.171.141.82 - - [13/Mar/2023:12:39:06 -0300] "POST /cormun/servlet/solicitudotadjuntos?ff85c394deccd3a55e0e557e24d70d5a,INS,2023,19553,,1,,gx-no-cache=1678721024727 HTTP/1.1" 200 3909
190.171.141.82 - - [13/Mar/2023:12:39:09 -0300] "POST /cormun/servlet/solicitudotadjuntos?gx-no-cache=1678721027743 HTTP/1.1" 200 26
190.171.141.82 - - [13/Mar/2023:12:39:17 -0300] "GET /cormun/servlet/solicitudotadjuntos?6073a5d68b8b5d6b422dfbf6cf43976abc000bc33b0397c84c95b71ebdad44e1,gx-no-cache=1678721035670 HTTP/1.1" 200 30
190.171.141.82 - - [13/Mar/2023:12:39:17 -0300] "GET /cormun/servlet/solicitudotadjuntos?6073a5d68b8b5d6b422dfbf6cf43976abc000bc33b0397c84c95b71ebdad44e1,gx-no-cache=1678721035681 HTTP/1.1" 200 30
190.171.141.82 - - [13/Mar/2023:12:39:18 -0300] "POST /cormun/servlet/solicitudotadjuntos?ff85c394deccd3a55e0e557e24d70d5a,INS,2023,19553,,1, HTTP/1.1" 200 116
190.171.141.82 - - [13/Mar/2023:12:39:18 -0300] "GET /cormun/servlet/hpexe_return? HTTP/1.1" 200 1034
190.171.141.82 - - [13/Mar/2023:12:39:19 -0300] "GET /cormun/servlet/vesolicitudot?2023,19553,,SolicitudOTAdjuntos HTTP/1.1" 200 11331
190.171.141.82 - - [13/Mar/2023:12:39:19 -0300] "GET /cormun/pexe_scrolldiv.js HTTP/1.1" 404 1009
190.171.141.82 - - [13/Mar/2023:12:39:19 -0300] "GET /cormun/servlet/vesolicitudot?2023,19553,,SolicitudOTAdjuntos HTTP/1.1" 200 11337
190.171.141.82 - - [13/Mar/2023:12:39:20 -0300] "POST /cormun/servlet/acontrolpreferencessavestate?None,CD-06,true HTTP/1.1" 200 35
190.171.141.82 - - [13/Mar/2023:12:39:21 -0300] "GET /cormun/servlet/solicitudotadjuntos?INS,2023,19553,,1, HTTP/1.1" 200 6026
190.171.141.82 - - [13/Mar/2023:12:39:21 -0300] "GET /cormun/static/about:blank HTTP/1.1" 404 1011
190.171.141.82 - - [13/Mar/2023:12:39:22 -0300] "GET /cormun/servlet/solicitudotadjuntos?INS,2023,19553,,1, HTTP/1.1" 200 6019
190.171.141.82 - - [13/Mar/2023:12:39:22 -0300] "GET /cormun/servlet/solicitudotadjuntos?6073a5d68b8b5d6b422dfbf6cf43976aff12e7ec23fde17aad4e938d05624f6b7b1192b3858c6d9dc29fd64cfd478043,gx-no-cache=1678721040702 HTTP/1.1" 200 30
190.171.141.82 - - [13/Mar/2023:12:39:22 -0300] "POST /cormun/servlet/solicitudotadjuntos?ff85c394deccd3a55e0e557e24d70d5a,INS,2023,19553,,1,,gx-no-cache=1678721040724 HTTP/1.1" 200 3909
190.171.141.82 - - [13/Mar/2023:12:39:25 -0300] "POST /cormun/servlet/solicitudotadjuntos?gx-no-cache=1678721043735 HTTP/1.1" 200 26
190.171.141.82 - - [13/Mar/2023:12:43:11 -0300] "GET /cormun/servlet/solicitudotadjuntos?6073a5d68b8b5d6b422dfbf6cf43976abc000bc33b0397c84c95b71ebdad44e1,gx-no-cache=1678721269182 HTTP/1.1" 200 30
190.171.141.82 - - [13/Mar/2023:12:43:11 -0300] "GET /cormun/servlet/solicitudotadjuntos?6073a5d68b8b5d6b422dfbf6cf43976abc000bc33b0397c84c95b71ebdad44e1,gx-no-cache=1678721269228 HTTP/1.1" 200 30
190.171.141.82 - - [13/Mar/2023:12:43:12 -0300] "POST /cormun/servlet/solicitudotadjuntos?ff85c394deccd3a55e0e557e24d70d5a,INS,2023,19553,,1, HTTP/1.1" 200 116
190.171.141.82 - - [13/Mar/2023:12:43:12 -0300] "GET /cormun/servlet/hpexe_return? HTTP/1.1" 200 1034
190.171.141.82 - - [13/Mar/2023:12:43:12 -0300] "GET /cormun/servlet/vesolicitudot?2023,19553,,SolicitudOTAdjuntos HTTP/1.1" 200 11518
190.171.141.82 - - [13/Mar/2023:12:43:12 -0300] "GET /cormun/pexe_scrolldiv.js HTTP/1.1" 404 1009
190.171.141.82 - - [13/Mar/2023:12:43:13 -0300] "GET /cormun/servlet/vesolicitudot?2023,19553,,SolicitudOTAdjuntos HTTP/1.1" 200 11523
190.171.141.82 - - [13/Mar/2023:12:43:14 -0300] "POST /cormun/servlet/acontrolpreferencessavestate?None,CD-06,true HTTP/1.1" 200 35
190.171.141.82 - - [13/Mar/2023:12:43:18 -0300] "GET /cormun/servlet/vesolicitudot?2023,19553,,General HTTP/1.1" 200 8320
190.171.141.82 - - [13/Mar/2023:12:43:18 -0300] "GET /cormun/pexe_scrolldiv.js HTTP/1.1" 404 1009
190.171.141.82 - - [13/Mar/2023:12:43:19 -0300] "GET /cormun/servlet/vesolicitudot?2023,19553,,General HTTP/1.1" 200 8320
190.171.141.82 - - [13/Mar/2023:12:43:21 -0300] "POST /cormun/servlet/vesolicitudot?ff85c394deccd3a55e0e557e24d70d5a,2023,19553,,General,gx-no-cache=1678721280017 HTTP/1.1" 200 93
190.171.141.82 - - [13/Mar/2023:12:43:21 -0300] "GET /cormun/servlet/hpexe_return? HTTP/1.1" 200 1039
190.171.141.82 - - [13/Mar/2023:12:43:22 -0300] "GET /cormun/servlet/trsolicitudot?gx-no-cache=1678720354352 HTTP/1.1" 200 9202
190.171.141.82 - - [13/Mar/2023:12:43:22 -0300] "GET /cormun/servlet/trsolicitudot?gx-no-cache=1678720354352 HTTP/1.1" 200 9219
190.171.141.82 - - [13/Mar/2023:12:43:26 -0300] "POST /cormun/servlet/trsolicitudot?ff85c394deccd3a55e0e557e24d70d5a,gx-no-cache=1678720354352,gx-no-cache=1678721284673 HTTP/1.1" 200 6108
190.171.141.82 - - [13/Mar/2023:12:43:26 -0300] "GET /cormun/static/Shared/jqueryui/images/ui-bg_highlight-soft_100_c6c2c8_1x100.png HTTP/1.1" 404 1117
190.171.141.82 - - [13/Mar/2023:12:43:26 -0300] "GET /cormun/static/Shared/jqueryui/images/ui-icons_82798d_256x240.png HTTP/1.1" 404 1089
190.171.141.82 - - [13/Mar/2023:12:43:26 -0300] "GET /cormun/static/Shared/jqueryui/images/ui-bg_flat_55_fafafa_40x100.png HTTP/1.1" 404 1097
190.171.141.82 - - [13/Mar/2023:12:43:26 -0300] "GET /cormun/static/Shared/jqueryui/images/ui-icons_8d78a5_256x240.png HTTP/1.1" 404 1089
190.171.141.82 - - [13/Mar/2023:12:43:26 -0300] "POST /cormun/servlet/trsolicitudot?ff85c394deccd3a55e0e557e24d70d5a,gx-no-cache=1678720354352,gx-no-cache=1678721284896 HTTP/1.1" 200 6051
190.171.141.82 - - [13/Mar/2023:12:43:34 -0300] "GET /cormun/servlet/vesolicitudot?2023,19554,, HTTP/1.1" 200 8359
190.171.141.82 - - [13/Mar/2023:12:43:34 -0300] "GET /cormun/pexe_scrolldiv.js HTTP/1.1" 404 1009
190.171.141.82 - - [13/Mar/2023:12:43:34 -0300] "GET /cormun/servlet/vesolicitudot?2023,19554,, HTTP/1.1" 200 8336
186.172.103.107 - - [13/Mar/2023:12:44:33 -0300] "GET /cormun/static/menuarrow.gif HTTP/1.1" 404 1015
186.172.103.107 - - [13/Mar/2023:12:45:21 -0300] "GET /cormun/servlet/solicitudot?INS,0,0,false, HTTP/1.1" 200 15769
186.172.103.107 - - [13/Mar/2023:12:45:22 -0300] "GET /cormun/servlet/solicitudot?INS,0,0,false, HTTP/1.1" 200 15776
190.171.141.82 - - [13/Mar/2023:12:45:30 -0300] "POST /cormun/servlet/vesolicitudot?ff85c394deccd3a55e0e557e24d70d5a,2023,19554,,,gx-no-cache=1678721408528 HTTP/1.1" 200 93
190.171.141.82 - - [13/Mar/2023:12:45:30 -0300] "GET /cormun/servlet/hpexe_return? HTTP/1.1" 200 1035
190.171.141.82 - - [13/Mar/2023:12:45:30 -0300] "GET /cormun/servlet/trsolicitudot?gx-no-cache=1678720354352 HTTP/1.1" 200 8918
190.171.141.82 - - [13/Mar/2023:12:45:31 -0300] "GET /cormun/servlet/trsolicitudot?gx-no-cache=1678720354352 HTTP/1.1" 200 8935
190.171.141.82 - - [13/Mar/2023:12:45:34 -0300] "GET /cormun/servlet/vesolicitudot?2023,19554,, HTTP/1.1" 200 8359
190.171.141.82 - - [13/Mar/2023:12:45:34 -0300] "GET /cormun/pexe_scrolldiv.js HTTP/1.1" 404 1009
190.171.141.82 - - [13/Mar/2023:12:45:34 -0300] "GET /cormun/servlet/vesolicitudot?2023,19554,, HTTP/1.1" 200 8336
186.172.103.107 - - [13/Mar/2023:12:45:34 -0300] "POST /cormun/servlet/solicitudot?gx-no-cache=1678721412519 HTTP/1.1" 200 4060
186.172.103.107 - - [13/Mar/2023:12:45:34 -0300] "POST /cormun/servlet/solicitudot?c9fec872c227ac17e4718df1586a06c6,INS,0,0,false,,gx-no-cache=1678721412857 HTTP/1.1" 200 12607
190.171.141.82 - - [13/Mar/2023:12:45:36 -0300] "GET /cormun/servlet/vesolicitudot?2023,19554,,SolicitudOTAdjuntos HTTP/1.1" 200 7356
190.171.141.82 - - [13/Mar/2023:12:45:36 -0300] "GET /cormun/pexe_scrolldiv.js HTTP/1.1" 404 1009
190.171.141.82 - - [13/Mar/2023:12:45:36 -0300] "GET /cormun/servlet/vesolicitudot?2023,19554,,SolicitudOTAdjuntos HTTP/1.1" 200 7357
190.171.141.82 - - [13/Mar/2023:12:45:37 -0300] "POST /cormun/servlet/acontrolpreferencessavestate?None,CD-06,true HTTP/1.1" 200 35
190.171.141.82 - - [13/Mar/2023:12:45:37 -0300] "GET /cormun/servlet/solicitudotadjuntos?INS,2023,19554,,1, HTTP/1.1" 200 6026
190.171.141.82 - - [13/Mar/2023:12:45:38 -0300] "GET /cormun/static/about:blank HTTP/1.1" 404 1011
190.171.141.82 - - [13/Mar/2023:12:45:38 -0300] "GET /cormun/servlet/solicitudotadjuntos?INS,2023,19554,,1, HTTP/1.1" 200 6019
190.171.141.82 - - [13/Mar/2023:12:45:38 -0300] "GET /cormun/servlet/solicitudotadjuntos?6073a5d68b8b5d6b422dfbf6cf43976ab921c6eabe098c3d26c15bc2e676d0e87b1192b3858c6d9dc29fd64cfd478043,gx-no-cache=1678721416987 HTTP/1.1" 200 30
190.171.141.82 - - [13/Mar/2023:12:45:38 -0300] "POST /cormun/servlet/solicitudotadjuntos?ff85c394deccd3a55e0e557e24d70d5a,INS,2023,19554,,1,,gx-no-cache=1678721417001 HTTP/1.1" 200 3910
190.171.141.82 - - [13/Mar/2023:12:45:40 -0300] "POST /cormun/servlet/solicitudotadjuntos?gx-no-cache=1678721419037 HTTP/1.1" 200 26
186.172.103.107 - - [13/Mar/2023:12:45:40 -0300] "GET /cormun/servlet/solicitudot?279859f8d092a77aacd48e7aec62da65283679430be4b971666c143349027ed661d5ecf3599205a32a6451b45ca0a031,gx-no-cache=1678721419028 HTTP/1.1" 200 30
190.171.141.82 - - [13/Mar/2023:12:45:46 -0300] "GET /cormun/servlet/solicitudotadjuntos?6073a5d68b8b5d6b422dfbf6cf43976abc000bc33b0397c84c95b71ebdad44e1,gx-no-cache=1678721424990 HTTP/1.1" 200 30
190.171.141.82 - - [13/Mar/2023:12:45:46 -0300] "GET /cormun/servlet/solicitudotadjuntos?6073a5d68b8b5d6b422dfbf6cf43976abc000bc33b0397c84c95b71ebdad44e1,gx-no-cache=1678721425002 HTTP/1.1" 200 30
190.171.141.82 - - [13/Mar/2023:12:45:46 -0300] "POST /cormun/servlet/solicitudotadjuntos?ff85c394deccd3a55e0e557e24d70d5a,INS,2023,19554,,1, HTTP/1.1" 200 116
190.171.141.82 - - [13/Mar/2023:12:45:47 -0300] "GET /cormun/servlet/hpexe_return? HTTP/1.1" 200 1034
190.171.141.82 - - [13/Mar/2023:12:45:47 -0300] "GET /cormun/servlet/vesolicitudot?2023,19554,,SolicitudOTAdjuntos HTTP/1.1" 200 10270
190.171.141.82 - - [13/Mar/2023:12:45:47 -0300] "GET /cormun/pexe_scrolldiv.js HTTP/1.1" 404 1009
190.171.141.82 - - [13/Mar/2023:12:45:47 -0300] "GET /cormun/servlet/vesolicitudot?2023,19554,,SolicitudOTAdjuntos HTTP/1.1" 200 10267
190.171.141.82 - - [13/Mar/2023:12:45:48 -0300] "POST /cormun/servlet/acontrolpreferencessavestate?None,CD-06,true HTTP/1.1" 200 35
190.171.141.82 - - [13/Mar/2023:12:45:49 -0300] "GET /cormun/servlet/solicitudotadjuntos?INS,2023,19554,,1, HTTP/1.1" 200 6026
190.171.141.82 - - [13/Mar/2023:12:45:49 -0300] "GET /cormun/static/about:blank HTTP/1.1" 404 1011
190.171.141.82 - - [13/Mar/2023:12:45:49 -0300] "GET /cormun/servlet/solicitudotadjuntos?INS,2023,19554,,1, HTTP/1.1" 200 6019
190.171.141.82 - - [13/Mar/2023:12:45:50 -0300] "GET /cormun/servlet/solicitudotadjuntos?6073a5d68b8b5d6b422dfbf6cf43976ab921c6eabe098c3d26c15bc2e676d0e87b1192b3858c6d9dc29fd64cfd478043,gx-no-cache=1678721428285 HTTP/1.1" 200 30
190.171.141.82 - - [13/Mar/2023:12:45:50 -0300] "POST /cormun/servlet/solicitudotadjuntos?ff85c394deccd3a55e0e557e24d70d5a,INS,2023,19554,,1,,gx-no-cache=1678721428298 HTTP/1.1" 200 3910
186.172.103.107 - - [13/Mar/2023:12:45:52 -0300] "GET /cormun/servlet/solicitudot?279859f8d092a77aacd48e7aec62da65fd2d4bc60ceb0d43193008c1b6df7f2fb7f1d7ea3e27c222d045517606642f367886af0d91252e742ba283202f74bcce,gx-no-cache=1678721430856 HTTP/1.1" 200 30
186.172.103.107 - - [13/Mar/2023:12:45:52 -0300] "GET /cormun/servlet/solicitudot?279859f8d092a77aacd48e7aec62da657bba1f38b15292777679d7331c81e497,gx-no-cache=1678721430919 HTTP/1.1" 200 51
186.172.103.107 - - [13/Mar/2023:12:45:52 -0300] "POST /cormun/servlet/solicitudot?gx-no-cache=1678721431013 HTTP/1.1" 200 240
186.172.103.107 - - [13/Mar/2023:12:45:53 -0300] "GET /cormun/servlet/solicitudot?279859f8d092a77aacd48e7aec62da6537bb4028dee70152f57854973444f5023b7838d6fcc449cf5902d908be96a0744f21247f3d5801321f9c8e535fc944a6356785e1f751cc5630a5ecfee6a3c3f41af6fedb278f09bd5eafebba5adfb011cb2081395334e2e73f65fc470f4e64422384dd31ac6c5ed718eb98fdb0099128907fefe72eb8266aed94d64da59cf935859f733163d101403bc188610d93663f390489849b72c89d443038a87bbb4d5ed89b49517839f99d0d083462356ac3aa1ce606cf4a1b919621c2ab6d676932463d01145c9548fdb58f4f99896a985d46e1c217646fbfb705f40b3586bff658f27db090f55b0f450061481bf659e72feadd8cbc15f70b34127d56ea55e43f42977b25166f6a6517699f427f2e1b0bcb05c5afde3a85f9589d2b4d0b8a33f825ab8a7f491d68e181f5c0e112b5779c71c9b6945eaf38b20f999c5a581f1703312dc44d4ddc57d132d25e66e6fc23fa5b294b9c96084f34c00dc94972b8b99ac4fea86b751f952f621740d39d04ee5576e1,gx-no-cache=1678721431113 HTTP/1.1" 200 30
186.172.103.107 - - [13/Mar/2023:12:45:55 -0300] "POST /cormun/servlet/solicitudot?gx-no-cache=1678721433122 HTTP/1.1" 200 30
190.171.141.82 - - [13/Mar/2023:12:45:55 -0300] "POST /cormun/servlet/solicitudotadjuntos?gx-no-cache=1678721434127 HTTP/1.1" 200 26
186.172.103.107 - - [13/Mar/2023:12:45:57 -0300] "POST /cormun/servlet/solicitudot?gx-no-cache=1678721435565 HTTP/1.1" 200 1468
186.172.103.107 - - [13/Mar/2023:12:45:57 -0300] "POST /cormun/servlet/solicitudot?gx-no-cache=1678721435670 HTTP/1.1" 200 38
186.172.103.107 - - [13/Mar/2023:12:45:57 -0300] "GET /cormun/servlet/solicitudot?279859f8d092a77aacd48e7aec62da6593581855e36af6d732ae059344f4685fe9339d534b77f7170b2c3c050fa37c484f84dfc4d5a10e0305e6344ea8c2616afcef72a1845a5809de7ca7e8ec8e3a050be8e5de37941186ef4902c7c9a16ad7000876b2bfdd2762f2e86de5396edfa6,gx-no-cache=1678721435830 HTTP/1.1" 200 110
190.171.141.82 - - [13/Mar/2023:12:46:17 -0300] "GET /cormun/servlet/solicitudotadjuntos?6073a5d68b8b5d6b422dfbf6cf43976abc000bc33b0397c84c95b71ebdad44e1,gx-no-cache=1678721456150 HTTP/1.1" 200 30
190.171.141.82 - - [13/Mar/2023:12:46:17 -0300] "GET /cormun/servlet/solicitudotadjuntos?6073a5d68b8b5d6b422dfbf6cf43976abc000bc33b0397c84c95b71ebdad44e1,gx-no-cache=1678721456169 HTTP/1.1" 200 30
190.171.141.82 - - [13/Mar/2023:12:46:18 -0300] "POST /cormun/servlet/solicitudotadjuntos?ff85c394deccd3a55e0e557e24d70d5a,INS,2023,19554,,1, HTTP/1.1" 200 116
190.171.141.82 - - [13/Mar/2023:12:46:18 -0300] "GET /cormun/servlet/hpexe_return? HTTP/1.1" 200 1034
190.171.141.82 - - [13/Mar/2023:12:46:18 -0300] "GET /cormun/servlet/vesolicitudot?2023,19554,,SolicitudOTAdjuntos HTTP/1.1" 200 10489
190.171.141.82 - - [13/Mar/2023:12:46:18 -0300] "GET /cormun/pexe_scrolldiv.js HTTP/1.1" 404 1009
190.171.141.82 - - [13/Mar/2023:12:46:18 -0300] "GET /cormun/servlet/vesolicitudot?2023,19554,,SolicitudOTAdjuntos HTTP/1.1" 200 10486
190.171.141.82 - - [13/Mar/2023:12:46:19 -0300] "POST /cormun/servlet/acontrolpreferencessavestate?None,CD-06,true HTTP/1.1" 200 35
186.172.103.107 - - [13/Mar/2023:12:46:20 -0300] "POST /cormun/servlet/solicitudot?gx-no-cache=1678721458269 HTTP/1.1" 200 64
190.171.141.82 - - [13/Mar/2023:12:46:20 -0300] "GET /cormun/servlet/solicitudotadjuntos?INS,2023,19554,,1, HTTP/1.1" 200 6026
190.171.141.82 - - [13/Mar/2023:12:46:20 -0300] "GET /cormun/static/about:blank HTTP/1.1" 404 1011
190.171.141.82 - - [13/Mar/2023:12:46:20 -0300] "GET /cormun/servlet/solicitudotadjuntos?INS,2023,19554,,1, HTTP/1.1" 200 6019
190.171.141.82 - - [13/Mar/2023:12:46:21 -0300] "GET /cormun/servlet/solicitudotadjuntos?6073a5d68b8b5d6b422dfbf6cf43976ab921c6eabe098c3d26c15bc2e676d0e87b1192b3858c6d9dc29fd64cfd478043,gx-no-cache=1678721459464 HTTP/1.1" 200 30
190.171.141.82 - - [13/Mar/2023:12:46:21 -0300] "POST /cormun/servlet/solicitudotadjuntos?ff85c394deccd3a55e0e557e24d70d5a,INS,2023,19554,,1,,gx-no-cache=1678721459477 HTTP/1.1" 200 3910
190.171.141.82 - - [13/Mar/2023:12:46:25 -0300] "POST /cormun/servlet/solicitudotadjuntos?gx-no-cache=1678721463783 HTTP/1.1" 200 26
190.171.141.82 - - [13/Mar/2023:12:46:31 -0300] "GET /cormun/servlet/solicitudotadjuntos?6073a5d68b8b5d6b422dfbf6cf43976abc000bc33b0397c84c95b71ebdad44e1,gx-no-cache=1678721469989 HTTP/1.1" 200 30
190.171.141.82 - - [13/Mar/2023:12:46:31 -0300] "GET /cormun/servlet/solicitudotadjuntos?6073a5d68b8b5d6b422dfbf6cf43976abc000bc33b0397c84c95b71ebdad44e1,gx-no-cache=1678721470001 HTTP/1.1" 200 30
190.171.141.82 - - [13/Mar/2023:12:46:31 -0300] "POST /cormun/servlet/solicitudotadjuntos?ff85c394deccd3a55e0e557e24d70d5a,INS,2023,19554,,1, HTTP/1.1" 200 116
190.171.141.82 - - [13/Mar/2023:12:46:31 -0300] "GET /cormun/servlet/hpexe_return? HTTP/1.1" 200 1034
190.171.141.82 - - [13/Mar/2023:12:46:32 -0300] "GET /cormun/servlet/vesolicitudot?2023,19554,,SolicitudOTAdjuntos HTTP/1.1" 200 10762
190.171.141.82 - - [13/Mar/2023:12:46:32 -0300] "GET /cormun/pexe_scrolldiv.js HTTP/1.1" 404 1009
186.172.103.107 - - [13/Mar/2023:12:46:32 -0300] "GET /cormun/servlet/solicitudot?279859f8d092a77aacd48e7aec62da65956b3ea5b599f4aa6ddf08e12318c0c0271dd84f2de7bec7bb491c8e4d73f2d60bbb65a7ecc40c388b4b5849d70f5a6d212345d03aee80ff15d7372d0bad7cccafb4fb31e1f93437a13962f4740599623bb751db62e71622433fbc558a4f395980d89df8736ec043a696b5d40e9d36980f2e6fe638b715ad451233caa25d8133ce4c8208ac1e2ea72f0a42e7ad44e0d3,gx-no-cache=1678721470331 HTTP/1.1" 200 29
186.172.103.107 - - [13/Mar/2023:12:46:32 -0300] "GET /cormun/static/menuarrow.gif HTTP/1.1" 404 1015
190.171.141.82 - - [13/Mar/2023:12:46:32 -0300] "GET /cormun/servlet/vesolicitudot?2023,19554,,SolicitudOTAdjuntos HTTP/1.1" 200 10758
190.171.141.82 - - [13/Mar/2023:12:46:33 -0300] "POST /cormun/servlet/acontrolpreferencessavestate?None,CD-06,true HTTP/1.1" 200 35
190.171.141.82 - - [13/Mar/2023:12:46:34 -0300] "GET /cormun/servlet/solicitudotadjuntos?INS,2023,19554,,1, HTTP/1.1" 200 6027
190.171.141.82 - - [13/Mar/2023:12:46:35 -0300] "GET /cormun/static/about:blank HTTP/1.1" 404 1011
190.171.141.82 - - [13/Mar/2023:12:46:35 -0300] "GET /cormun/servlet/solicitudotadjuntos?INS,2023,19554,,1, HTTP/1.1" 200 6020
190.171.141.82 - - [13/Mar/2023:12:46:35 -0300] "GET /cormun/servlet/solicitudotadjuntos?6073a5d68b8b5d6b422dfbf6cf43976ab921c6eabe098c3d26c15bc2e676d0e87b1192b3858c6d9dc29fd64cfd478043,gx-no-cache=1678721473800 HTTP/1.1" 200 30
190.171.141.82 - - [13/Mar/2023:12:46:35 -0300] "POST /cormun/servlet/solicitudotadjuntos?ff85c394deccd3a55e0e557e24d70d5a,INS,2023,19554,,1,,gx-no-cache=1678721473814 HTTP/1.1" 200 3912
186.172.103.107 - - [13/Mar/2023:12:46:35 -0300] "GET /cormun/servlet/solicitudot?279859f8d092a77aacd48e7aec62da652df109f50830d4d1e8ec9e31caec3ea4fa7d677fb2076e6d8862a8c62502eab5,gx-no-cache=1678721473993 HTTP/1.1" 200 30
190.171.141.82 - - [13/Mar/2023:12:46:38 -0300] "POST /cormun/servlet/solicitudotadjuntos?gx-no-cache=1678721476758 HTTP/1.1" 200 26
190.171.141.82 - - [13/Mar/2023:12:46:44 -0300] "GET /cormun/servlet/solicitudotadjuntos?6073a5d68b8b5d6b422dfbf6cf43976abc000bc33b0397c84c95b71ebdad44e1,gx-no-cache=1678721482885 HTTP/1.1" 200 30
190.171.141.82 - - [13/Mar/2023:12:46:44 -0300] "GET /cormun/servlet/solicitudotadjuntos?6073a5d68b8b5d6b422dfbf6cf43976abc000bc33b0397c84c95b71ebdad44e1,gx-no-cache=1678721482897 HTTP/1.1" 200 30
190.171.141.82 - - [13/Mar/2023:12:46:44 -0300] "POST /cormun/servlet/solicitudotadjuntos?ff85c394deccd3a55e0e557e24d70d5a,INS,2023,19554,,1, HTTP/1.1" 200 116
190.171.141.82 - - [13/Mar/2023:12:46:44 -0300] "GET /cormun/servlet/hpexe_return? HTTP/1.1" 200 1034
190.171.141.82 - - [13/Mar/2023:12:46:45 -0300] "GET /cormun/servlet/vesolicitudot?2023,19554,,SolicitudOTAdjuntos HTTP/1.1" 200 11087
190.171.141.82 - - [13/Mar/2023:12:46:45 -0300] "GET /cormun/pexe_scrolldiv.js HTTP/1.1" 404 1009
190.171.141.82 - - [13/Mar/2023:12:46:45 -0300] "GET /cormun/servlet/vesolicitudot?2023,19554,,SolicitudOTAdjuntos HTTP/1.1" 200 11094
190.171.141.82 - - [13/Mar/2023:12:46:46 -0300] "POST /cormun/servlet/acontrolpreferencessavestate?None,CD-06,true HTTP/1.1" 200 35
190.171.141.82 - - [13/Mar/2023:12:46:47 -0300] "GET /cormun/servlet/solicitudotadjuntos?INS,2023,19554,,1, HTTP/1.1" 200 6027
190.171.141.82 - - [13/Mar/2023:12:46:47 -0300] "GET /cormun/static/about:blank HTTP/1.1" 404 1011
190.171.141.82 - - [13/Mar/2023:12:46:47 -0300] "GET /cormun/servlet/solicitudotadjuntos?INS,2023,19554,,1, HTTP/1.1" 200 6020
190.171.141.82 - - [13/Mar/2023:12:46:47 -0300] "GET /cormun/servlet/solicitudotadjuntos?6073a5d68b8b5d6b422dfbf6cf43976ab921c6eabe098c3d26c15bc2e676d0e87b1192b3858c6d9dc29fd64cfd478043,gx-no-cache=1678721486056 HTTP/1.1" 200 30
190.171.141.82 - - [13/Mar/2023:12:46:47 -0300] "POST /cormun/servlet/solicitudotadjuntos?ff85c394deccd3a55e0e557e24d70d5a,INS,2023,19554,,1,,gx-no-cache=1678721486069 HTTP/1.1" 200 3912
186.172.103.107 - - [13/Mar/2023:12:46:51 -0300] "POST /cormun/servlet/solicitudot?gx-no-cache=1678721489322 HTTP/1.1" 200 30
186.172.103.107 - - [13/Mar/2023:12:46:51 -0300] "POST /cormun/servlet/solicitudot?c9fec872c227ac17e4718df1586a06c6,INS,0,0,false,,gx-no-cache=1678721489405 HTTP/1.1" 200 93
186.172.103.107 - - [13/Mar/2023:12:46:51 -0300] "GET /cormun/servlet/hpexe_return? HTTP/1.1" 200 1009
190.171.141.82 - - [13/Mar/2023:12:46:52 -0300] "POST /cormun/servlet/solicitudotadjuntos?gx-no-cache=1678721490318 HTTP/1.1" 200 26
186.172.103.107 - - [13/Mar/2023:12:46:52 -0300] "GET /cormun/servlet/trsolicitudot HTTP/1.1" 200 14178
186.172.103.107 - - [13/Mar/2023:12:46:52 -0300] "GET /cormun/servlet/trsolicitudot HTTP/1.1" 200 14174
186.172.103.107 - - [13/Mar/2023:12:46:56 -0300] "GET /cormun/static/menuarrow.gif HTTP/1.1" 404 1015
190.171.141.82 - - [13/Mar/2023:12:46:58 -0300] "GET /cormun/servlet/solicitudotadjuntos?6073a5d68b8b5d6b422dfbf6cf43976abc000bc33b0397c84c95b71ebdad44e1,gx-no-cache=1678721496845 HTTP/1.1" 200 30
190.171.141.82 - - [13/Mar/2023:12:46:58 -0300] "GET /cormun/servlet/solicitudotadjuntos?6073a5d68b8b5d6b422dfbf6cf43976abc000bc33b0397c84c95b71ebdad44e1,gx-no-cache=1678721496857 HTTP/1.1" 200 30
190.171.141.82 - - [13/Mar/2023:12:46:59 -0300] "POST /cormun/servlet/solicitudotadjuntos?ff85c394deccd3a55e0e557e24d70d5a,INS,2023,19554,,1, HTTP/1.1" 200 116
190.171.141.82 - - [13/Mar/2023:12:46:59 -0300] "GET /cormun/servlet/hpexe_return? HTTP/1.1" 200 1034
190.171.141.82 - - [13/Mar/2023:12:47:00 -0300] "GET /cormun/servlet/vesolicitudot?2023,19554,,SolicitudOTAdjuntos HTTP/1.1" 200 11333
190.171.141.82 - - [13/Mar/2023:12:47:00 -0300] "GET /cormun/pexe_scrolldiv.js HTTP/1.1" 404 1009
190.171.141.82 - - [13/Mar/2023:12:47:01 -0300] "GET /cormun/servlet/vesolicitudot?2023,19554,,SolicitudOTAdjuntos HTTP/1.1" 200 11341
190.171.141.82 - - [13/Mar/2023:12:47:01 -0300] "POST /cormun/servlet/acontrolpreferencessavestate?None,CD-06,true HTTP/1.1" 200 35
190.171.141.82 - - [13/Mar/2023:12:47:02 -0300] "GET /cormun/servlet/solicitudotadjuntos?INS,2023,19554,,1, HTTP/1.1" 200 6027
190.171.141.82 - - [13/Mar/2023:12:47:02 -0300] "GET /cormun/static/about:blank HTTP/1.1" 404 1011
190.171.141.82 - - [13/Mar/2023:12:47:02 -0300] "GET /cormun/servlet/solicitudotadjuntos?INS,2023,19554,,1, HTTP/1.1" 200 6020
190.171.141.82 - - [13/Mar/2023:12:47:03 -0300] "GET /cormun/servlet/solicitudotadjuntos?6073a5d68b8b5d6b422dfbf6cf43976ab921c6eabe098c3d26c15bc2e676d0e87b1192b3858c6d9dc29fd64cfd478043,gx-no-cache=1678721501520 HTTP/1.1" 200 30
190.171.141.82 - - [13/Mar/2023:12:47:03 -0300] "POST /cormun/servlet/solicitudotadjuntos?ff85c394deccd3a55e0e557e24d70d5a,INS,2023,19554,,1,,gx-no-cache=1678721501533 HTTP/1.1" 200 3912
190.171.141.82 - - [13/Mar/2023:12:47:06 -0300] "POST /cormun/servlet/solicitudotadjuntos?gx-no-cache=1678721504534 HTTP/1.1" 200 26
190.171.141.82 - - [13/Mar/2023:12:47:12 -0300] "GET /cormun/servlet/solicitudotadjuntos?6073a5d68b8b5d6b422dfbf6cf43976abc000bc33b0397c84c95b71ebdad44e1,gx-no-cache=1678721510805 HTTP/1.1" 200 30
190.171.141.82 - - [13/Mar/2023:12:47:12 -0300] "GET /cormun/servlet/solicitudotadjuntos?6073a5d68b8b5d6b422dfbf6cf43976abc000bc33b0397c84c95b71ebdad44e1,gx-no-cache=1678721510827 HTTP/1.1" 200 30
190.171.141.82 - - [13/Mar/2023:12:47:13 -0300] "POST /cormun/servlet/solicitudotadjuntos?ff85c394deccd3a55e0e557e24d70d5a,INS,2023,19554,,1, HTTP/1.1" 200 116
190.171.141.82 - - [13/Mar/2023:12:47:13 -0300] "GET /cormun/servlet/hpexe_return? HTTP/1.1" 200 1034
190.171.141.82 - - [13/Mar/2023:12:47:14 -0300] "GET /cormun/servlet/vesolicitudot?2023,19554,,SolicitudOTAdjuntos HTTP/1.1" 200 11512
190.171.141.82 - - [13/Mar/2023:12:47:14 -0300] "GET /cormun/pexe_scrolldiv.js HTTP/1.1" 404 1009
190.171.141.82 - - [13/Mar/2023:12:47:15 -0300] "GET /cormun/servlet/vesolicitudot?2023,19554,,SolicitudOTAdjuntos HTTP/1.1" 200 11516
186.172.103.107 - - [13/Mar/2023:12:47:15 -0300] "POST /cormun/servlet/trsolicitudot?c9fec872c227ac17e4718df1586a06c6,gx-no-cache=1678721513071 HTTP/1.1" 200 107
186.172.103.107 - - [13/Mar/2023:12:47:15 -0300] "GET /cormun/servlet/trsolicitudadjuntos?2023,19566, HTTP/1.1" 200 6009
190.171.141.82 - - [13/Mar/2023:12:47:15 -0300] "POST /cormun/servlet/acontrolpreferencessavestate?None,CD-06,true HTTP/1.1" 200 35
186.172.103.107 - - [13/Mar/2023:12:47:15 -0300] "GET /cormun/servlet/trsolicitudadjuntos?2023,19566, HTTP/1.1" 200 6009
186.172.103.107 - - [13/Mar/2023:12:47:17 -0300] "GET /cormun/servlet/solicitudotadjuntos?INS,2023,19566,,1, HTTP/1.1" 200 5950
186.172.103.107 - - [13/Mar/2023:12:47:17 -0300] "GET /cormun/static/about:blank HTTP/1.1" 404 1011
190.171.141.82 - - [13/Mar/2023:12:47:17 -0300] "GET /cormun/servlet/vesolicitudot?2023,19554,,General HTTP/1.1" 200 8341
186.172.103.107 - - [13/Mar/2023:12:47:17 -0300] "GET /cormun/servlet/solicitudotadjuntos?INS,2023,19566,,1, HTTP/1.1" 200 5943
190.171.141.82 - - [13/Mar/2023:12:47:18 -0300] "GET /cormun/pexe_scrolldiv.js HTTP/1.1" 404 1009
190.171.141.82 - - [13/Mar/2023:12:47:18 -0300] "GET /cormun/servlet/vesolicitudot?2023,19554,,General HTTP/1.1" 200 8340
186.172.103.107 - - [13/Mar/2023:12:47:18 -0300] "GET /cormun/servlet/solicitudotadjuntos?279859f8d092a77aacd48e7aec62da65db511b53cdf57ddf2ffcc1df96a0de05ad6812103cb3615483eec2b7b7e38f25,gx-no-cache=1678721516508 HTTP/1.1" 200 30
186.172.103.107 - - [13/Mar/2023:12:47:18 -0300] "POST /cormun/servlet/solicitudotadjuntos?c9fec872c227ac17e4718df1586a06c6,INS,2023,19566,,1,,gx-no-cache=1678721516556 HTTP/1.1" 200 3901
190.171.141.82 - - [13/Mar/2023:12:47:20 -0300] "POST /cormun/servlet/vesolicitudot?ff85c394deccd3a55e0e557e24d70d5a,2023,19554,,General,gx-no-cache=1678721518279 HTTP/1.1" 200 93
190.171.141.82 - - [13/Mar/2023:12:47:20 -0300] "GET /cormun/servlet/hpexe_return? HTTP/1.1" 200 1039
190.171.141.82 - - [13/Mar/2023:12:47:20 -0300] "GET /cormun/servlet/trsolicitudot?gx-no-cache=1678720354352 HTTP/1.1" 200 8918
190.171.141.82 - - [13/Mar/2023:12:47:20 -0300] "GET /cormun/servlet/trsolicitudot?gx-no-cache=1678720354352 HTTP/1.1" 200 8935
186.172.103.107 - - [13/Mar/2023:12:47:22 -0300] "POST /cormun/servlet/solicitudotadjuntos?gx-no-cache=1678721520189 HTTP/1.1" 200 26
190.171.141.82 - - [13/Mar/2023:12:47:24 -0300] "POST /cormun/servlet/trsolicitudot?ff85c394deccd3a55e0e557e24d70d5a,gx-no-cache=1678720354352,gx-no-cache=1678721523080 HTTP/1.1" 200 5796
190.171.141.82 - - [13/Mar/2023:12:47:25 -0300] "GET /cormun/static/Shared/jqueryui/images/ui-bg_highlight-soft_100_c6c2c8_1x100.png HTTP/1.1" 404 1117
190.171.141.82 - - [13/Mar/2023:12:47:25 -0300] "GET /cormun/static/Shared/jqueryui/images/ui-icons_82798d_256x240.png HTTP/1.1" 404 1089
190.171.141.82 - - [13/Mar/2023:12:47:25 -0300] "GET /cormun/static/Shared/jqueryui/images/ui-bg_flat_55_fafafa_40x100.png HTTP/1.1" 404 1097
190.171.141.82 - - [13/Mar/2023:12:47:25 -0300] "GET /cormun/static/Shared/jqueryui/images/ui-icons_8d78a5_256x240.png HTTP/1.1" 404 1089
190.171.141.82 - - [13/Mar/2023:12:47:25 -0300] "POST /cormun/servlet/trsolicitudot?ff85c394deccd3a55e0e557e24d70d5a,gx-no-cache=1678720354352,gx-no-cache=1678721523266 HTTP/1.1" 200 5741
186.172.103.107 - - [13/Mar/2023:12:47:36 -0300] "POST /cormun/servlet/solicitudotadjuntos?c9fec872c227ac17e4718df1586a06c6,INS,2023,19566,,1, HTTP/1.1" 200 116
186.172.103.107 - - [13/Mar/2023:12:47:36 -0300] "GET /cormun/servlet/hpexe_return? HTTP/1.1" 200 1028
186.172.103.107 - - [13/Mar/2023:12:47:36 -0300] "GET /cormun/servlet/trsolicitudadjuntos?2023,19566, HTTP/1.1" 200 6012
186.172.103.107 - - [13/Mar/2023:12:47:37 -0300] "GET /cormun/servlet/trsolicitudadjuntos?2023,19566, HTTP/1.1" 200 6009
190.171.141.82 - - [13/Mar/2023:12:47:54 -0300] "GET /cormun/servlet/vesolicitudot?2023,19555,, HTTP/1.1" 200 8394
190.171.141.82 - - [13/Mar/2023:12:47:54 -0300] "GET /cormun/pexe_scrolldiv.js HTTP/1.1" 404 1009
190.171.141.82 - - [13/Mar/2023:12:47:55 -0300] "GET /cormun/servlet/vesolicitudot?2023,19555,, HTTP/1.1" 200 8372
190.171.141.82 - - [13/Mar/2023:12:47:57 -0300] "GET /cormun/servlet/vesolicitudot?2023,19555,,SolicitudOTAdjuntos HTTP/1.1" 200 7356
190.171.141.82 - - [13/Mar/2023:12:47:57 -0300] "GET /cormun/pexe_scrolldiv.js HTTP/1.1" 404 1009
190.171.141.82 - - [13/Mar/2023:12:47:57 -0300] "GET /cormun/servlet/vesolicitudot?2023,19555,,SolicitudOTAdjuntos HTTP/1.1" 200 7357
190.171.141.82 - - [13/Mar/2023:12:47:58 -0300] "POST /cormun/servlet/acontrolpreferencessavestate?None,CD-06,true HTTP/1.1" 200 35
190.171.141.82 - - [13/Mar/2023:12:47:59 -0300] "GET /cormun/servlet/solicitudotadjuntos?INS,2023,19555,,1, HTTP/1.1" 200 6027
190.171.141.82 - - [13/Mar/2023:12:47:59 -0300] "GET /cormun/static/about:blank HTTP/1.1" 404 1011
190.171.141.82 - - [13/Mar/2023:12:47:59 -0300] "GET /cormun/servlet/solicitudotadjuntos?INS,2023,19555,,1, HTTP/1.1" 200 6019
190.171.141.82 - - [13/Mar/2023:12:47:59 -0300] "GET /cormun/servlet/solicitudotadjuntos?6073a5d68b8b5d6b422dfbf6cf43976a85e5bb53e242d84d2987bb2eb8a0a7707b1192b3858c6d9dc29fd64cfd478043,gx-no-cache=1678721558106 HTTP/1.1" 200 30
190.171.141.82 - - [13/Mar/2023:12:47:59 -0300] "POST /cormun/servlet/solicitudotadjuntos?ff85c394deccd3a55e0e557e24d70d5a,INS,2023,19555,,1,,gx-no-cache=1678721558120 HTTP/1.1" 200 3912
190.171.141.82 - - [13/Mar/2023:12:48:01 -0300] "POST /cormun/servlet/solicitudotadjuntos?gx-no-cache=1678721559852 HTTP/1.1" 200 26
190.171.141.82 - - [13/Mar/2023:12:48:06 -0300] "GET /cormun/servlet/solicitudotadjuntos?6073a5d68b8b5d6b422dfbf6cf43976abc000bc33b0397c84c95b71ebdad44e1,gx-no-cache=1678721565134 HTTP/1.1" 200 30
190.171.141.82 - - [13/Mar/2023:12:48:06 -0300] "GET /cormun/servlet/solicitudotadjuntos?6073a5d68b8b5d6b422dfbf6cf43976abc000bc33b0397c84c95b71ebdad44e1,gx-no-cache=1678721565145 HTTP/1.1" 200 30
190.171.141.82 - - [13/Mar/2023:12:48:07 -0300] "POST /cormun/servlet/solicitudotadjuntos?ff85c394deccd3a55e0e557e24d70d5a,INS,2023,19555,,1, HTTP/1.1" 200 116
190.171.141.82 - - [13/Mar/2023:12:48:07 -0300] "GET /cormun/servlet/hpexe_return? HTTP/1.1" 200 1034
190.171.141.82 - - [13/Mar/2023:12:48:07 -0300] "GET /cormun/servlet/vesolicitudot?2023,19555,,SolicitudOTAdjuntos HTTP/1.1" 200 10270
190.171.141.82 - - [13/Mar/2023:12:48:07 -0300] "GET /cormun/pexe_scrolldiv.js HTTP/1.1" 404 1009
190.171.141.82 - - [13/Mar/2023:12:48:07 -0300] "GET /cormun/servlet/vesolicitudot?2023,19555,,SolicitudOTAdjuntos HTTP/1.1" 200 10267
190.171.141.82 - - [13/Mar/2023:12:48:08 -0300] "POST /cormun/servlet/acontrolpreferencessavestate?None,CD-06,true HTTP/1.1" 200 35
190.171.141.82 - - [13/Mar/2023:12:48:09 -0300] "GET /cormun/servlet/solicitudotadjuntos?INS,2023,19555,,1, HTTP/1.1" 200 6027
190.171.141.82 - - [13/Mar/2023:12:48:09 -0300] "GET /cormun/static/about:blank HTTP/1.1" 404 1011
190.171.141.82 - - [13/Mar/2023:12:48:09 -0300] "GET /cormun/servlet/solicitudotadjuntos?INS,2023,19555,,1, HTTP/1.1" 200 6019
190.171.141.82 - - [13/Mar/2023:12:48:10 -0300] "GET /cormun/servlet/solicitudotadjuntos?6073a5d68b8b5d6b422dfbf6cf43976a85e5bb53e242d84d2987bb2eb8a0a7707b1192b3858c6d9dc29fd64cfd478043,gx-no-cache=1678721568241 HTTP/1.1" 200 30
190.171.141.82 - - [13/Mar/2023:12:48:10 -0300] "POST /cormun/servlet/solicitudotadjuntos?ff85c394deccd3a55e0e557e24d70d5a,INS,2023,19555,,1,,gx-no-cache=1678721568254 HTTP/1.1" 200 3912
190.171.141.82 - - [13/Mar/2023:12:48:12 -0300] "POST /cormun/servlet/solicitudotadjuntos?gx-no-cache=1678721571079 HTTP/1.1" 200 26
190.171.141.82 - - [13/Mar/2023:12:48:20 -0300] "GET /cormun/servlet/solicitudotadjuntos?6073a5d68b8b5d6b422dfbf6cf43976abc000bc33b0397c84c95b71ebdad44e1,gx-no-cache=1678721578254 HTTP/1.1" 200 30
190.171.141.82 - - [13/Mar/2023:12:48:20 -0300] "GET /cormun/servlet/solicitudotadjuntos?6073a5d68b8b5d6b422dfbf6cf43976abc000bc33b0397c84c95b71ebdad44e1,gx-no-cache=1678721578293 HTTP/1.1" 200 30
190.171.141.82 - - [13/Mar/2023:12:48:20 -0300] "POST /cormun/servlet/solicitudotadjuntos?ff85c394deccd3a55e0e557e24d70d5a,INS,2023,19555,,1, HTTP/1.1" 200 116
190.171.141.82 - - [13/Mar/2023:12:48:20 -0300] "GET /cormun/servlet/hpexe_return? HTTP/1.1" 200 1034
190.171.141.82 - - [13/Mar/2023:12:48:20 -0300] "GET /cormun/servlet/vesolicitudot?2023,19555,,SolicitudOTAdjuntos HTTP/1.1" 200 10487
190.171.141.82 - - [13/Mar/2023:12:48:21 -0300] "GET /cormun/pexe_scrolldiv.js HTTP/1.1" 404 1009
190.171.141.82 - - [13/Mar/2023:12:48:21 -0300] "GET /cormun/servlet/vesolicitudot?2023,19555,,SolicitudOTAdjuntos HTTP/1.1" 200 10484
190.171.141.82 - - [13/Mar/2023:12:48:22 -0300] "POST /cormun/servlet/acontrolpreferencessavestate?None,CD-06,true HTTP/1.1" 200 35
190.171.141.82 - - [13/Mar/2023:12:48:23 -0300] "GET /cormun/servlet/solicitudotadjuntos?INS,2023,19555,,1, HTTP/1.1" 200 6027
190.171.141.82 - - [13/Mar/2023:12:48:23 -0300] "GET /cormun/static/about:blank HTTP/1.1" 404 1011
190.171.141.82 - - [13/Mar/2023:12:48:23 -0300] "GET /cormun/servlet/solicitudotadjuntos?INS,2023,19555,,1, HTTP/1.1" 200 6019
190.171.141.82 - - [13/Mar/2023:12:48:23 -0300] "GET /cormun/servlet/solicitudotadjuntos?6073a5d68b8b5d6b422dfbf6cf43976a85e5bb53e242d84d2987bb2eb8a0a7707b1192b3858c6d9dc29fd64cfd478043,gx-no-cache=1678721582046 HTTP/1.1" 200 30
190.171.141.82 - - [13/Mar/2023:12:48:23 -0300] "POST /cormun/servlet/solicitudotadjuntos?ff85c394deccd3a55e0e557e24d70d5a,INS,2023,19555,,1,,gx-no-cache=1678721582060 HTTP/1.1" 200 3912
190.171.141.82 - - [13/Mar/2023:12:48:29 -0300] "POST /cormun/servlet/solicitudotadjuntos?gx-no-cache=1678721587343 HTTP/1.1" 200 26
190.171.141.82 - - [13/Mar/2023:12:48:39 -0300] "GET /cormun/servlet/solicitudotadjuntos?6073a5d68b8b5d6b422dfbf6cf43976abc000bc33b0397c84c95b71ebdad44e1,gx-no-cache=1678721597429 HTTP/1.1" 200 30
190.171.141.82 - - [13/Mar/2023:12:48:39 -0300] "GET /cormun/servlet/solicitudotadjuntos?6073a5d68b8b5d6b422dfbf6cf43976abc000bc33b0397c84c95b71ebdad44e1,gx-no-cache=1678721597441 HTTP/1.1" 200 30
