181.212.43.89 - - [13/Mar/2023:12:26:39 -0300] "GET /cormun/static/Shared/ext/resources/themes/images/default/tools/tool-sprites.gif HTTP/1.1" 200 5434
181.212.43.89 - - [13/Mar/2023:12:26:39 -0300] "GET /cormun/static/Shared/ext/resources/themes/images/default/panel/bg-headersPanel.png HTTP/1.1" 200 255
181.212.42.153 - - [13/Mar/2023:12:26:39 -0300] "GET /cormun/servlet/vesolicitudot?2023,19482,, HTTP/1.1" 200 8714
181.212.43.89 - - [13/Mar/2023:12:26:40 -0300] "GET /cormun/servlet/trautorizarsolicitud? HTTP/1.1" 200 11125
181.212.42.153 - - [13/Mar/2023:12:26:42 -0300] "POST /cormun/servlet/vesolicitudot?e56698e87356d459db24e8edfb8b920d,2023,19482,,,gx-no-cache=1678720281694 HTTP/1.1" 200 93
181.212.42.153 - - [13/Mar/2023:12:26:42 -0300] "GET /cormun/servlet/hpexe_return? HTTP/1.1" 200 1012
181.212.42.153 - - [13/Mar/2023:12:26:42 -0300] "GET /cormun/servlet/trsolicitudot HTTP/1.1" 200 13145
181.212.42.153 - - [13/Mar/2023:12:26:43 -0300] "GET /cormun/servlet/trsolicitudot HTTP/1.1" 200 13140
181.212.42.153 - - [13/Mar/2023:12:26:47 -0300] "GET /cormun/servlet/solicitudot?INS,0,0,false, HTTP/1.1" 200 16180
181.212.42.153 - - [13/Mar/2023:12:26:48 -0300] "GET /cormun/servlet/solicitudot?INS,0,0,false, HTTP/1.1" 200 16187
181.212.42.153 - - [13/Mar/2023:12:26:54 -0300] "POST /cormun/servlet/solicitudot?gx-no-cache=1678720293489 HTTP/1.1" 200 3951
181.212.42.153 - - [13/Mar/2023:12:26:54 -0300] "POST /cormun/servlet/solicitudot?e56698e87356d459db24e8edfb8b920d,INS,0,0,false,,gx-no-cache=1678720293603 HTTP/1.1" 200 12777
181.212.42.153 - - [13/Mar/2023:12:26:56 -0300] "GET /cormun/servlet/solicitudot?34ae8b72ad12060b63effff7001bf3d6915b46ab09f1a9da01de1aad84d756753dba82aa7da8fc482ba1fe76e816f0d0,gx-no-cache=1678720295751 HTTP/1.1" 200 30
181.212.43.89 - - [13/Mar/2023:12:26:58 -0300] "POST /cormun/servlet/trautorizarsolicitud?b30e5accb1821259b000d09b1e4979c0,,gx-no-cache=1678705869454 HTTP/1.1" 200 8177
181.212.43.89 - - [13/Mar/2023:12:26:59 -0300] "GET /cormun/static/Shared/jqueryui/images/ui-icons_82798d_256x240.png HTTP/1.1" 404 1089
181.212.43.89 - - [13/Mar/2023:12:26:59 -0300] "GET /cormun/static/Shared/jqueryui/images/ui-bg_highlight-soft_100_c6c2c8_1x100.png HTTP/1.1" 404 1117
181.212.43.89 - - [13/Mar/2023:12:26:59 -0300] "GET /cormun/static/Shared/jqueryui/images/ui-bg_flat_55_fafafa_40x100.png HTTP/1.1" 404 1097
181.212.43.89 - - [13/Mar/2023:12:26:59 -0300] "GET /cormun/static/Shared/jqueryui/images/ui-icons_8d78a5_256x240.png HTTP/1.1" 404 1089
181.212.43.89 - - [13/Mar/2023:12:26:59 -0300] "POST /cormun/servlet/trautorizarsolicitud?b30e5accb1821259b000d09b1e4979c0,,gx-no-cache=1678705869907 HTTP/1.1" 200 8121
181.212.43.89 - - [13/Mar/2023:12:26:59 -0300] "POST /cormun/servlet/trautorizarsolicitud?b30e5accb1821259b000d09b1e4979c0,,gx-no-cache=1678705870403 HTTP/1.1" 200 7885
181.212.43.89 - - [13/Mar/2023:12:27:00 -0300] "POST /cormun/servlet/trautorizarsolicitud?b30e5accb1821259b000d09b1e4979c0,,gx-no-cache=1678705870807 HTTP/1.1" 200 7830
181.212.43.89 - - [13/Mar/2023:12:27:01 -0300] "POST /cormun/servlet/trautorizarsolicitud?b30e5accb1821259b000d09b1e4979c0,,gx-no-cache=1678705871887 HTTP/1.1" 200 7521
181.212.43.89 - - [13/Mar/2023:12:27:01 -0300] "POST /cormun/servlet/trautorizarsolicitud?b30e5accb1821259b000d09b1e4979c0,,gx-no-cache=1678705872243 HTTP/1.1" 200 7464
181.212.43.89 - - [13/Mar/2023:12:27:02 -0300] "POST /cormun/servlet/trautorizarsolicitud?b30e5accb1821259b000d09b1e4979c0,,gx-no-cache=1678705872719 HTTP/1.1" 200 7117
181.212.43.89 - - [13/Mar/2023:12:27:02 -0300] "POST /cormun/servlet/trautorizarsolicitud?b30e5accb1821259b000d09b1e4979c0,,gx-no-cache=1678705873174 HTTP/1.1" 200 7062
181.212.43.89 - - [13/Mar/2023:12:27:03 -0300] "POST /cormun/servlet/trautorizarsolicitud?b30e5accb1821259b000d09b1e4979c0,,gx-no-cache=1678705873818 HTTP/1.1" 200 6838
181.212.43.89 - - [13/Mar/2023:12:27:03 -0300] "POST /cormun/servlet/trautorizarsolicitud?b30e5accb1821259b000d09b1e4979c0,,gx-no-cache=1678705874109 HTTP/1.1" 200 6784
181.212.43.89 - - [13/Mar/2023:12:27:04 -0300] "POST /cormun/servlet/trautorizarsolicitud?b30e5accb1821259b000d09b1e4979c0,,gx-no-cache=1678705874900 HTTP/1.1" 200 6516
181.212.43.89 - - [13/Mar/2023:12:27:04 -0300] "POST /cormun/servlet/trautorizarsolicitud?b30e5accb1821259b000d09b1e4979c0,,gx-no-cache=1678705875107 HTTP/1.1" 200 6462
181.212.43.89 - - [13/Mar/2023:12:27:05 -0300] "POST /cormun/servlet/trautorizarsolicitud?b30e5accb1821259b000d09b1e4979c0,,gx-no-cache=1678705875963 HTTP/1.1" 200 6001
181.212.43.89 - - [13/Mar/2023:12:27:05 -0300] "POST /cormun/servlet/trautorizarsolicitud?b30e5accb1821259b000d09b1e4979c0,,gx-no-cache=1678705876172 HTTP/1.1" 200 5945
181.212.43.89 - - [13/Mar/2023:12:27:07 -0300] "POST /cormun/servlet/trautorizarsolicitud?b30e5accb1821259b000d09b1e4979c0,,gx-no-cache=1678705877007 HTTP/1.1" 200 4798
181.212.43.89 - - [13/Mar/2023:12:27:07 -0300] "POST /cormun/servlet/trautorizarsolicitud?b30e5accb1821259b000d09b1e4979c0,,gx-no-cache=1678705878169 HTTP/1.1" 200 4551
186.172.103.107 - - [13/Mar/2023:12:27:15 -0300] "GET /cormun/servlet/trsolicitudot? HTTP/1.1" 200 13310
186.172.103.107 - - [13/Mar/2023:12:27:15 -0300] "GET /cormun/servlet/trsolicitudot? HTTP/1.1" 200 13303
186.172.103.107 - - [13/Mar/2023:12:27:22 -0300] "GET /cormun/static/menuarrow.gif HTTP/1.1" 404 1015
181.212.42.153 - - [13/Mar/2023:12:27:46 -0300] "GET /cormun/servlet/prbanco?,MD,,gxPopupLevel%3D0%3B HTTP/1.1" 200 6638
181.212.42.153 - - [13/Mar/2023:12:27:50 -0300] "GET /cormun/servlet/solicitudot?34ae8b72ad12060b63effff7001bf3d69b0d27dfa858ac437cab1d08cc1a793bfb368c09be1dab0004a09970189b426528a17f06c81d6f359ebea083cfc90344,gx-no-cache=1678720349148 HTTP/1.1" 200 30
181.212.42.153 - - [13/Mar/2023:12:27:50 -0300] "GET /cormun/servlet/solicitudot?34ae8b72ad12060b63effff7001bf3d6aa54e899424c1a7b845b2a674358b5e1,gx-no-cache=1678720350090 HTTP/1.1" 200 53
190.171.141.82 - - [13/Mar/2023:12:27:54 -0300] "POST /cormun/servlet/trsolicitudot?ff85c394deccd3a55e0e557e24d70d5a,gx-no-cache=1678720352297 HTTP/1.1" 200 6882
190.171.141.82 - - [13/Mar/2023:12:27:54 -0300] "GET /cormun/static/Shared/jqueryui/images/ui-bg_highlight-soft_100_c6c2c8_1x100.png HTTP/1.1" 404 1117
190.171.141.82 - - [13/Mar/2023:12:27:54 -0300] "GET /cormun/static/Shared/jqueryui/images/ui-icons_82798d_256x240.png HTTP/1.1" 404 1089
190.171.141.82 - - [13/Mar/2023:12:27:54 -0300] "GET /cormun/static/Shared/jqueryui/images/ui-bg_flat_55_fafafa_40x100.png HTTP/1.1" 404 1097
190.171.141.82 - - [13/Mar/2023:12:27:54 -0300] "GET /cormun/static/Shared/jqueryui/images/ui-icons_8d78a5_256x240.png HTTP/1.1" 404 1089
186.172.103.107 - - [13/Mar/2023:12:27:54 -0300] "GET /cormun/servlet/solicitudot?INS,0,0,false, HTTP/1.1" 200 15768
186.172.103.107 - - [13/Mar/2023:12:27:55 -0300] "GET /cormun/servlet/solicitudot?INS,0,0,false, HTTP/1.1" 200 15775
190.171.141.82 - - [13/Mar/2023:12:27:56 -0300] "POST /cormun/servlet/trsolicitudot?ff85c394deccd3a55e0e557e24d70d5a,gx-no-cache=1678720354352 HTTP/1.1" 200 6883
181.212.42.153 - - [13/Mar/2023:12:27:59 -0300] "POST /cormun/servlet/solicitudot?gx-no-cache=1678720358913 HTTP/1.1" 200 297
181.212.42.153 - - [13/Mar/2023:12:27:59 -0300] "GET /cormun/servlet/solicitudot?34ae8b72ad12060b63effff7001bf3d6165fc2a0262df2cf520f58348a09c156750e40d8e186568f855ac4ec2622f271d87b9611a58e9bc669728e6585d1a38aea3efc9a788c1f79fb7228a1fd4cf4782ce6f8806e1b978a8b5acf61b942520f34e484dcbce92f9146d86171fb08f02a263a7ce18b139f1de59684cda8041474714ebb24556320350aef608b8e703779c4446419013ef764e7fda724ab093f554e9a4332ac0b7a79fa8453c770d1ecafd2869c7f98d46067a750a8d42f0e05bfcae1cb74b4422d292fb77bc92544c3c26d4ed18bdac10cd02b3552e8aa1781e3780370a71106db6ff0215e0f5ce3347af56af5bada2580cf6d6654f3f42a69090d37781613068231a490595396b240550ded3adaae7d3677943f388e924f2d29bde98a915c0ab8615c497ead681e80348737ef6f0e958bcef43c68b7c6eb4a85f37be613ec31756e1a22c7cdb9c735196446683bde9f9589c52e281555c330116f9742f97817a4cf817f7c4cd675c102a5d6c20505209857fb0a77c369f200cc9c53f723b2ba64f3a1beaac6b4543d75,gx-no-cache=1678720358936 HTTP/1.1" 200 30
181.212.42.153 - - [13/Mar/2023:12:28:03 -0300] "POST /cormun/servlet/solicitudot?gx-no-cache=1678720362495 HTTP/1.1" 200 30
186.172.103.107 - - [13/Mar/2023:12:28:05 -0300] "POST /cormun/servlet/solicitudot?gx-no-cache=1678720362784 HTTP/1.1" 200 3943
186.172.103.107 - - [13/Mar/2023:12:28:05 -0300] "POST /cormun/servlet/solicitudot?c9fec872c227ac17e4718df1586a06c6,INS,0,0,false,,gx-no-cache=1678720363230 HTTP/1.1" 200 12498
186.172.103.107 - - [13/Mar/2023:12:28:06 -0300] "GET /cormun/servlet/solicitudot?279859f8d092a77aacd48e7aec62da652feaa1ee7db01b8dab311aad041a2fe40ea0c4d86fd502c89d813bc2889e6368,gx-no-cache=1678720364769 HTTP/1.1" 200 111
186.172.103.107 - - [13/Mar/2023:12:28:06 -0300] "GET /cormun/static/Shared/jqueryui/images/ui-bg_highlight-soft_100_c6c2c8_1x100.png HTTP/1.1" 404 1117
186.172.103.107 - - [13/Mar/2023:12:28:06 -0300] "GET /cormun/static/Shared/jqueryui/images/ui-bg_flat_55_994d53_40x100.png HTTP/1.1" 404 1097
186.172.103.107 - - [13/Mar/2023:12:28:06 -0300] "GET /cormun/static/Shared/jqueryui/images/ui-icons_82798d_256x240.png HTTP/1.1" 404 1089
186.172.103.107 - - [13/Mar/2023:12:28:06 -0300] "GET /cormun/static/Shared/jqueryui/images/ui-icons_ebccce_256x240.png HTTP/1.1" 404 1089
181.212.42.153 - - [13/Mar/2023:12:28:08 -0300] "GET /cormun/servlet/prfichaempleado?,MD,,gxPopupLevel%3D0%3B HTTP/1.1" 200 9370
190.171.141.82 - - [13/Mar/2023:12:28:13 -0300] "POST /cormun/servlet/trsolicitudot?ff85c394deccd3a55e0e557e24d70d5a,gx-no-cache=1678720371951 HTTP/1.1" 200 113
190.171.141.82 - - [13/Mar/2023:12:28:13 -0300] "GET /cormun/servlet/solicitudot?UPD,2023,19555,false, HTTP/1.1" 200 16434
190.171.141.82 - - [13/Mar/2023:12:28:14 -0300] "GET /cormun/servlet/solicitudot?UPD,2023,19555,false, HTTP/1.1" 200 16445
190.171.141.82 - - [13/Mar/2023:12:28:14 -0300] "POST /cormun/servlet/solicitudot?gx-no-cache=1678720373042 HTTP/1.1" 200 4026
190.171.141.82 - - [13/Mar/2023:12:28:15 -0300] "POST /cormun/servlet/solicitudot?ff85c394deccd3a55e0e557e24d70d5a,UPD,2023,19555,false,,gx-no-cache=1678720373215 HTTP/1.1" 200 12668
190.171.141.82 - - [13/Mar/2023:12:28:15 -0300] "GET /cormun/servlet/solicitudot?6073a5d68b8b5d6b422dfbf6cf43976ab929552feb60822837dc6787027f3fc94e5b0f2323ef1c3b76f768f40c8ccd3d,gx-no-cache=1678720373414 HTTP/1.1" 200 30
190.171.141.82 - - [13/Mar/2023:12:28:15 -0300] "GET /cormun/servlet/solicitudot?6073a5d68b8b5d6b422dfbf6cf43976a3a99cadf63fd16097935dec8b9b1cb6b8732edd98fbb480ac2ac9a9bbd186dea8b7684b515ce187d3339ff3ef79e6b32,gx-no-cache=1678720373434 HTTP/1.1" 200 30
190.171.141.82 - - [13/Mar/2023:12:28:15 -0300] "GET /cormun/servlet/solicitudot?6073a5d68b8b5d6b422dfbf6cf43976a36765df54b9be81c100764556ca575318262a1f8f0b86d172b830cdaae5518f3,gx-no-cache=1678720373451 HTTP/1.1" 200 45
190.171.141.82 - - [13/Mar/2023:12:28:15 -0300] "POST /cormun/servlet/solicitudot?gx-no-cache=1678720373472 HTTP/1.1" 200 238
190.171.141.82 - - [13/Mar/2023:12:28:15 -0300] "GET /cormun/servlet/solicitudot?6073a5d68b8b5d6b422dfbf6cf43976a2e1162134c12024c94d2e08a72451940c92f38ac8013285ddc543797bac2bbba2f606d7d703e74dff935fa6a57db1d19408d6391e7f0ff3d7a6c9c0499e68a86d102e4ec7fa47970316122eab18cbdcc6a43bd5157b8b3368e1b8d82a85ee75d890bf0c92e7a6e251a514270094c80a4b8ed6d2018fba5e42349653e2d570efc09d34cb6f5f72f68d2cc83d7714ffd95c5c8f50c02e1284d0b618ecf857f6deb79765d5fb36aed047a9b58da3870f31716ff4a33fd01bd52e17c201fd3f0ce4e92a222110603c272b3078ea3b815ce29158dcd2240f4f7cd002c2dbd93ad5963c79c1c0e5036ebdd0870e43c8b40a6fadda5a6c81426dbbde5304bb70079e04401eb6d98ee798629a6427d7f4e8552f033fb34d4ec4bcea0fa96ca34901f6b0e3306d8a29059c3194534e9ee332857b35e53a19d765a48de17844feb3082a851e00eeb4f8193379b761b301f4f8597acc70f0aa8bf2a94fb37caec31d7959284f748e6c2f31bd91b8f1d2f688f6b27d2,gx-no-cache=1678720373493 HTTP/1.1" 200 30
190.171.141.82 - - [13/Mar/2023:12:28:15 -0300] "POST /cormun/servlet/solicitudot?gx-no-cache=1678720373512 HTTP/1.1" 200 30
190.171.141.82 - - [13/Mar/2023:12:28:15 -0300] "POST /cormun/servlet/solicitudot?gx-no-cache=1678720373533 HTTP/1.1" 200 1473
190.171.141.82 - - [13/Mar/2023:12:28:15 -0300] "POST /cormun/servlet/solicitudot?gx-no-cache=1678720373629 HTTP/1.1" 200 41
186.172.103.107 - - [13/Mar/2023:12:28:18 -0300] "POST /cormun/servlet/solicitudot?gx-no-cache=1678720375875 HTTP/1.1" 200 3955
186.172.103.107 - - [13/Mar/2023:12:28:18 -0300] "POST /cormun/servlet/solicitudot?c9fec872c227ac17e4718df1586a06c6,INS,0,0,false,,gx-no-cache=1678720376244 HTTP/1.1" 200 12554
186.172.103.107 - - [13/Mar/2023:12:28:18 -0300] "GET /cormun/servlet/solicitudot?279859f8d092a77aacd48e7aec62da659857980f3849e0cffc6fa2163e02303461d5ecf3599205a32a6451b45ca0a031,gx-no-cache=1678720376571 HTTP/1.1" 200 30
200.54.103.162 - - [13/Mar/2023:12:28:25 -0300] "GET /cormun/servlet/hlogin HTTP/1.1" 200 1731
190.171.141.82 - - [13/Mar/2023:12:28:25 -0300] "POST /cormun/servlet/solicitudot?ff85c394deccd3a55e0e557e24d70d5a,UPD,2023,19555,false,,gx-no-cache=1678720383625 HTTP/1.1" 200 93
190.171.141.82 - - [13/Mar/2023:12:28:25 -0300] "GET /cormun/servlet/hpexe_return? HTTP/1.1" 200 1038
190.171.141.82 - - [13/Mar/2023:12:28:25 -0300] "GET /cormun/servlet/trsolicitudot?gx-no-cache=1678720354352 HTTP/1.1" 200 9459
190.171.141.82 - - [13/Mar/2023:12:28:26 -0300] "GET /cormun/servlet/trsolicitudot?gx-no-cache=1678720354352 HTTP/1.1" 200 9477
200.54.103.162 - - [13/Mar/2023:12:28:29 -0300] "POST /cormun/servlet/hlogin?ff646e6dfa6d0304d83576f787f7618e,gx-no-cache=1678720387321 HTTP/1.1" 200 90
200.54.103.162 - - [13/Mar/2023:12:28:29 -0300] "GET /cormun/servlet/hpexe_link HTTP/1.1" 200 956
200.54.103.162 - - [13/Mar/2023:12:28:29 -0300] "GET /cormun/servlet/hhome HTTP/1.1" 200 4352
200.54.103.162 - - [13/Mar/2023:12:28:29 -0300] "GET /cormun/servlet/hhome HTTP/1.1" 200 4348
190.171.141.82 - - [13/Mar/2023:12:28:30 -0300] "POST /cormun/servlet/trsolicitudot?ff85c394deccd3a55e0e557e24d70d5a,gx-no-cache=1678720354352,gx-no-cache=1678720388545 HTTP/1.1" 200 113
190.171.141.82 - - [13/Mar/2023:12:28:30 -0300] "GET /cormun/servlet/solicitudot?UPD,2023,19552,false, HTTP/1.1" 200 16461
190.171.141.82 - - [13/Mar/2023:12:28:30 -0300] "GET /cormun/servlet/solicitudot?UPD,2023,19552,false, HTTP/1.1" 200 16450
190.171.141.82 - - [13/Mar/2023:12:28:31 -0300] "POST /cormun/servlet/solicitudot?gx-no-cache=1678720389524 HTTP/1.1" 200 4024
190.171.141.82 - - [13/Mar/2023:12:28:31 -0300] "POST /cormun/servlet/solicitudot?ff85c394deccd3a55e0e557e24d70d5a,UPD,2023,19552,false,,gx-no-cache=1678720389656 HTTP/1.1" 200 12692
190.171.141.82 - - [13/Mar/2023:12:28:31 -0300] "GET /cormun/servlet/solicitudot?6073a5d68b8b5d6b422dfbf6cf43976ab929552feb60822837dc6787027f3fc94e5b0f2323ef1c3b76f768f40c8ccd3d,gx-no-cache=1678720389809 HTTP/1.1" 200 30
190.171.141.82 - - [13/Mar/2023:12:28:31 -0300] "GET /cormun/servlet/solicitudot?6073a5d68b8b5d6b422dfbf6cf43976a3a99cadf63fd16097935dec8b9b1cb6b8732edd98fbb480ac2ac9a9bbd186dea8b7684b515ce187d3339ff3ef79e6b32,gx-no-cache=1678720389828 HTTP/1.1" 200 30
190.171.141.82 - - [13/Mar/2023:12:28:31 -0300] "GET /cormun/servlet/solicitudot?6073a5d68b8b5d6b422dfbf6cf43976a36765df54b9be81c100764556ca575318262a1f8f0b86d172b830cdaae5518f3,gx-no-cache=1678720389845 HTTP/1.1" 200 45
190.171.141.82 - - [13/Mar/2023:12:28:31 -0300] "POST /cormun/servlet/solicitudot?gx-no-cache=1678720389864 HTTP/1.1" 200 240
190.171.141.82 - - [13/Mar/2023:12:28:31 -0300] "GET /cormun/servlet/solicitudot?6073a5d68b8b5d6b422dfbf6cf43976a2e1162134c12024c94d2e08a72451940c92f38ac8013285ddc543797bac2bbba2f606d7d703e74dff935fa6a57db1d19408d6391e7f0ff3d7a6c9c0499e68a86d102e4ec7fa47970316122eab18cbdcc6a43bd5157b8b3368e1b8d82a85ee75d890bf0c92e7a6e251a514270094c80a4b8ed6d2018fba5e42349653e2d570efc09d34cb6f5f72f68d2cc83d7714ffd95c5c8f50c02e1284d0b618ecf857f6deb79765d5fb36aed047a9b58da3870f31716ff4a33fd01bd52e17c201fd3f0ce4e92a222110603c272b3078ea3b815ce29158dcd2240f4f7cd002c2dbd93ad5963c79c1c0e5036ebdd0870e43c8b40a6fadda5a6c81426dbbde5304bb70079e04401eb6d98ee798629a6427d7f4e8552f033fb34d4ec4bcea0fa96ca34901f6b0e3306d8a29059c3194534e9ee332857b35e53a19d765a48de17844feb3082a851e00eeb4f8193379b761b301f4f8597acc70f0aa8bf2a94fb37caec31d7959284f748e6c2f31bd91b8f1d2f688f6b27d2,gx-no-cache=1678720389884 HTTP/1.1" 200 30
190.171.141.82 - - [13/Mar/2023:12:28:31 -0300] "POST /cormun/servlet/solicitudot?gx-no-cache=1678720389902 HTTP/1.1" 200 30
190.171.141.82 - - [13/Mar/2023:12:28:31 -0300] "POST /cormun/servlet/solicitudot?gx-no-cache=1678720389922 HTTP/1.1" 200 1468
190.171.141.82 - - [13/Mar/2023:12:28:31 -0300] "POST /cormun/servlet/solicitudot?gx-no-cache=1678720390036 HTTP/1.1" 200 41
181.212.42.153 - - [13/Mar/2023:12:28:34 -0300] "GET /cormun/servlet/prfichaempleado?,MD,,gxPopupLevel%3D0%3B HTTP/1.1" 200 9370
200.54.103.162 - - [13/Mar/2023:12:28:36 -0300] "GET /cormun/servlet/trlicencias? HTTP/1.1" 200 9517
200.54.103.162 - - [13/Mar/2023:12:28:36 -0300] "GET /cormun/servlet/trlicencias? HTTP/1.1" 200 9514
181.212.42.153 - - [13/Mar/2023:12:28:41 -0300] "POST /cormun/servlet/prfichaempleado?e56698e87356d459db24e8edfb8b920d,,MD,,gxPopupLevel%3D0%3B,gx-no-cache=1678720400945 HTTP/1.1" 200 3724
186.172.103.107 - - [13/Mar/2023:12:28:50 -0300] "GET /cormun/servlet/solicitudot?279859f8d092a77aacd48e7aec62da6510e1564786d1847de2a45b714a134d1b,gx-no-cache=1678720408165 HTTP/1.1" 200 94
186.172.103.107 - - [13/Mar/2023:12:28:51 -0300] "GET /cormun/servlet/solicitudot?279859f8d092a77aacd48e7aec62da6552fe6c17239803e83b6eb586304d0b63,gx-no-cache=1678720409709 HTTP/1.1" 200 53
200.54.103.162 - - [13/Mar/2023:12:29:02 -0300] "GET /cormun/servlet/hlogin HTTP/1.1" 200 1745
190.171.141.82 - - [13/Mar/2023:12:29:02 -0300] "POST /cormun/servlet/solicitudot?ff85c394deccd3a55e0e557e24d70d5a,UPD,2023,19552,false,,gx-no-cache=1678720421088 HTTP/1.1" 200 93
190.171.141.82 - - [13/Mar/2023:12:29:02 -0300] "GET /cormun/servlet/hpexe_return? HTTP/1.1" 200 1037
190.171.141.82 - - [13/Mar/2023:12:29:03 -0300] "GET /cormun/servlet/trsolicitudot?gx-no-cache=1678720354352 HTTP/1.1" 200 9459
190.171.141.82 - - [13/Mar/2023:12:29:03 -0300] "GET /cormun/servlet/trsolicitudot?gx-no-cache=1678720354352 HTTP/1.1" 200 9477
190.171.141.82 - - [13/Mar/2023:12:29:06 -0300] "GET /cormun/servlet/vesolicitudot?2023,19552,, HTTP/1.1" 200 8345
190.171.141.82 - - [13/Mar/2023:12:29:06 -0300] "GET /cormun/static/gxcfg.js?201991422423914 HTTP/1.1" 200 953
190.171.141.82 - - [13/Mar/2023:12:29:06 -0300] "GET /cormun/pexe_scrolldiv.js HTTP/1.1" 404 1009
190.171.141.82 - - [13/Mar/2023:12:29:06 -0300] "GET /cormun/static/vesolicitudot.js?201991422423984 HTTP/1.1" 200 6091
190.171.141.82 - - [13/Mar/2023:12:29:06 -0300] "GET /cormun/static/hwcviewtabs.js?201991422154026 HTTP/1.1" 200 1074
190.171.141.82 - - [13/Mar/2023:12:29:06 -0300] "GET /cormun/static/Resources/PXToolsTabFirstSelected.png HTTP/1.1" 200 1270
190.171.141.82 - - [13/Mar/2023:12:29:06 -0300] "GET /cormun/static/Resources/PXToolsTabLastUnselected.png HTTP/1.1" 200 1297
190.171.141.82 - - [13/Mar/2023:12:29:06 -0300] "GET /cormun/static/Resources/PXToolsTabPrevious.gif HTTP/1.1" 200 172
190.171.141.82 - - [13/Mar/2023:12:29:06 -0300] "GET /cormun/static/Resources/PXToolsTabNext.gif HTTP/1.1" 200 168
190.171.141.82 - - [13/Mar/2023:12:29:06 -0300] "GET /cormun/static/tbsolicitudot01.js?20201214462316 HTTP/1.1" 200 30566
190.171.141.82 - - [13/Mar/2023:12:29:06 -0300] "GET /cormun/static/hpexe_tabsview.js?2020121447381 HTTP/1.1" 200 1661
190.171.141.82 - - [13/Mar/2023:12:29:06 -0300] "GET /cormun/static/Resources/PXToolsTabBackSelected.png HTTP/1.1" 200 1157
190.171.141.82 - - [13/Mar/2023:12:29:06 -0300] "GET /cormun/static/Resources/PXToolsTabBackUnselected.png HTTP/1.1" 200 1175
190.171.141.82 - - [13/Mar/2023:12:29:06 -0300] "GET /cormun/static/Resources/PXToolsTabSelectedUnselected.png HTTP/1.1" 200 1451
190.171.141.82 - - [13/Mar/2023:12:29:06 -0300] "GET /cormun/static/Resources/PXToolsTabUnselectedUnselected.png HTTP/1.1" 200 1470
190.171.141.82 - - [13/Mar/2023:12:29:07 -0300] "GET /cormun/servlet/vesolicitudot?2023,19552,, HTTP/1.1" 200 8323
190.171.141.82 - - [13/Mar/2023:12:29:09 -0300] "GET /cormun/servlet/vesolicitudot?2023,19552,,SolicitudOTAdjuntos HTTP/1.1" 200 7356
190.171.141.82 - - [13/Mar/2023:12:29:09 -0300] "GET /cormun/pexe_scrolldiv.js HTTP/1.1" 404 1009
190.171.141.82 - - [13/Mar/2023:12:29:09 -0300] "GET /cormun/static/Resources/PXToolsGridNew.png HTTP/1.1" 200 427
190.171.141.82 - - [13/Mar/2023:12:29:09 -0300] "GET /cormun/static/tbsolicitudot02.js?20199142224537 HTTP/1.1" 200 15626
190.171.141.82 - - [13/Mar/2023:12:29:09 -0300] "GET /cormun/static/gxui/gxui-all.css HTTP/1.1" 200 2179
190.171.141.82 - - [13/Mar/2023:12:29:09 -0300] "GET /cormun/static/Resources/PXToolsTabFirstUnselected.png HTTP/1.1" 200 1278
190.171.141.82 - - [13/Mar/2023:12:29:09 -0300] "GET /cormun/static/Resources/PXToolsTabUnselectedSelected.png HTTP/1.1" 200 1458
190.171.141.82 - - [13/Mar/2023:12:29:09 -0300] "GET /cormun/static/Shared/ext/resources/css/ext-all.css HTTP/1.1" 200 416045
190.171.141.82 - - [13/Mar/2023:12:29:09 -0300] "GET /cormun/servlet/vesolicitudot?2023,19552,,SolicitudOTAdjuntos HTTP/1.1" 200 7357
190.171.141.82 - - [13/Mar/2023:12:29:10 -0300] "POST /cormun/servlet/acontrolpreferencessavestate?None,CD-06,true HTTP/1.1" 200 35
190.171.141.82 - - [13/Mar/2023:12:29:11 -0300] "GET /cormun/servlet/solicitudotadjuntos?INS,2023,19552,,1, HTTP/1.1" 200 6027
190.171.141.82 - - [13/Mar/2023:12:29:11 -0300] "GET /cormun/static/gxcfg.js?202012157947 HTTP/1.1" 200 953
190.171.141.82 - - [13/Mar/2023:12:29:11 -0300] "GET /cormun/static/solicitudotadjuntos.js?202012157966 HTTP/1.1" 200 11771
190.171.141.82 - - [13/Mar/2023:12:29:11 -0300] "GET /cormun/static/about:blank HTTP/1.1" 404 1011
190.171.141.82 - - [13/Mar/2023:12:29:12 -0300] "GET /cormun/servlet/solicitudotadjuntos?INS,2023,19552,,1, HTTP/1.1" 200 6020
190.171.141.82 - - [13/Mar/2023:12:29:12 -0300] "GET /cormun/servlet/solicitudotadjuntos?6073a5d68b8b5d6b422dfbf6cf43976a63399de96fdf7e0bc536d5fe9c3fddea7b1192b3858c6d9dc29fd64cfd478043,gx-no-cache=1678720430693 HTTP/1.1" 200 30
190.171.141.82 - - [13/Mar/2023:12:29:12 -0300] "POST /cormun/servlet/solicitudotadjuntos?ff85c394deccd3a55e0e557e24d70d5a,INS,2023,19552,,1,,gx-no-cache=1678720430716 HTTP/1.1" 200 3910
190.171.141.82 - - [13/Mar/2023:12:29:17 -0300] "POST /cormun/servlet/solicitudotadjuntos?gx-no-cache=1678720435589 HTTP/1.1" 200 26
190.171.141.82 - - [13/Mar/2023:12:29:32 -0300] "GET /cormun/servlet/solicitudotadjuntos?6073a5d68b8b5d6b422dfbf6cf43976abc000bc33b0397c84c95b71ebdad44e1,gx-no-cache=1678720450502 HTTP/1.1" 200 30
190.171.141.82 - - [13/Mar/2023:12:29:32 -0300] "GET /cormun/servlet/solicitudotadjuntos?6073a5d68b8b5d6b422dfbf6cf43976abc000bc33b0397c84c95b71ebdad44e1,gx-no-cache=1678720450513 HTTP/1.1" 200 30
190.171.141.82 - - [13/Mar/2023:12:29:32 -0300] "POST /cormun/servlet/solicitudotadjuntos?ff85c394deccd3a55e0e557e24d70d5a,INS,2023,19552,,1, HTTP/1.1" 200 116
190.171.141.82 - - [13/Mar/2023:12:29:32 -0300] "GET /cormun/servlet/hpexe_return? HTTP/1.1" 200 1034
190.171.141.82 - - [13/Mar/2023:12:29:32 -0300] "GET /cormun/servlet/vesolicitudot?2023,19552,,SolicitudOTAdjuntos HTTP/1.1" 200 10270
190.171.141.82 - - [13/Mar/2023:12:29:32 -0300] "GET /cormun/pexe_scrolldiv.js HTTP/1.1" 404 1009
190.171.141.82 - - [13/Mar/2023:12:29:33 -0300] "GET /cormun/servlet/vesolicitudot?2023,19552,,SolicitudOTAdjuntos HTTP/1.1" 200 10265
46.174.191.31 - - [13/Mar/2023:12:29:33 -0300] "GET / HTTP/1.0" 200 11197
190.171.141.82 - - [13/Mar/2023:12:29:33 -0300] "POST /cormun/servlet/acontrolpreferencessavestate?None,CD-06,true HTTP/1.1" 200 35
181.212.42.153 - - [13/Mar/2023:12:30:03 -0300] "POST /cormun/servlet/solicitudot?gx-no-cache=1678720482877 HTTP/1.1" 200 1470
181.212.42.153 - - [13/Mar/2023:12:30:05 -0300] "GET /cormun/servlet/prlicenciaspermisos?15755918,L,,MD,,gxPopupLevel%3D0%3B HTTP/1.1" 200 5830
181.212.42.153 - - [13/Mar/2023:12:30:05 -0300] "GET /cormun/static/gxcfg.js?2020121559567 HTTP/1.1" 200 953
181.212.42.153 - - [13/Mar/2023:12:30:05 -0300] "GET /cormun/static/prlicenciaspermisos.js?2020121559821 HTTP/1.1" 200 13379
181.212.42.153 - - [13/Mar/2023:12:30:13 -0300] "POST /cormun/servlet/solicitudot?gx-no-cache=1678720492888 HTTP/1.1" 200 41
190.171.141.82 - - [13/Mar/2023:12:30:29 -0300] "GET /cormun/servlet/solicitudotadjuntos?INS,2023,19552,,1, HTTP/1.1" 200 6027
190.171.141.82 - - [13/Mar/2023:12:30:29 -0300] "GET /cormun/static/about:blank HTTP/1.1" 404 1011
190.171.141.82 - - [13/Mar/2023:12:30:29 -0300] "GET /cormun/servlet/solicitudotadjuntos?INS,2023,19552,,1, HTTP/1.1" 200 6020
190.171.141.82 - - [13/Mar/2023:12:30:29 -0300] "GET /cormun/servlet/solicitudotadjuntos?6073a5d68b8b5d6b422dfbf6cf43976a63399de96fdf7e0bc536d5fe9c3fddea7b1192b3858c6d9dc29fd64cfd478043,gx-no-cache=1678720507946 HTTP/1.1" 200 30
190.171.141.82 - - [13/Mar/2023:12:30:29 -0300] "POST /cormun/servlet/solicitudotadjuntos?ff85c394deccd3a55e0e557e24d70d5a,INS,2023,19552,,1,,gx-no-cache=1678720507960 HTTP/1.1" 200 3911
190.171.141.82 - - [13/Mar/2023:12:30:35 -0300] "POST /cormun/servlet/solicitudotadjuntos?gx-no-cache=1678720513735 HTTP/1.1" 200 26
181.212.42.153 - - [13/Mar/2023:12:30:44 -0300] "GET /cormun/servlet/solicitudot?34ae8b72ad12060b63effff7001bf3d60e55cce136ffaea3dd9bf7c29e078c530c9dfc9f1329ee3a95476b10bf108493afec8d8e0b4e1b4357ab024b4104ea6e48faa4533516d667d35822408b38bf48fead6c38c0e5b6e302e613ea0432ee5209a14b5186899e9c33b881a5f91c9610,gx-no-cache=1678720523235 HTTP/1.1" 200 110
186.172.103.107 - - [13/Mar/2023:12:30:44 -0300] "GET /cormun/servlet/solicitudot?279859f8d092a77aacd48e7aec62da65d7556f783faa989133f7d14bb39858c39cce49e89ca982a1426572b74594bb696a50cc3d07aa9089b927b68cb7d7fc7cd51eea084a982fc97740186540f0502b,gx-no-cache=1678720522222 HTTP/1.1" 200 30
186.172.103.107 - - [13/Mar/2023:12:30:44 -0300] "POST /cormun/servlet/solicitudot?gx-no-cache=1678720522303 HTTP/1.1" 200 297
186.172.103.107 - - [13/Mar/2023:12:30:44 -0300] "GET /cormun/servlet/solicitudot?279859f8d092a77aacd48e7aec62da6537bb4028dee70152f57854973444f5029ee1a4da21f9e72d1e2b24c0c39232b14f21247f3d5801321f9c8e535fc944a6356785e1f751cc5630a5ecfee6a3c3f41af6fedb278f09bd5eafebba5adfb011cb2081395334e2e73f65fc470f4e64422384dd31ac6c5ed718eb98fdb0099128907fefe72eb8266aed94d64da59cf935859f733163d101403bc188610d93663f390489849b72c89d443038a87bbb4d5ed89b49517839f99d0d083462356ac3aa1ce606cf4a1b919621c2ab6d676932463d01145c9548fdb58f4f99896a985d46e1c217646fbfb705f40b3586bff658f289478f37bdd00310bb16fbfa1b67793edd8cbc15f70b34127d56ea55e43f42977b25166f6a6517699f427f2e1b0bcb05c5afde3a85f9589d2b4d0b8a33f825ab8a7f491d68e181f5c0e112b5779c71c943c0302b53f2368ef8725f287551a39e9e3b62475874af3858bae753e9fd16ebc512d0616c4e17460ab722787f5e58a8a8cd268a95f69f26928a55f6d871b15651749a3e6e69bc54b2466fcd7781fc19,gx-no-cache=1678720522382 HTTP/1.1" 200 30
190.171.141.82 - - [13/Mar/2023:12:30:44 -0300] "GET /cormun/servlet/solicitudotadjuntos?6073a5d68b8b5d6b422dfbf6cf43976abc000bc33b0397c84c95b71ebdad44e1,gx-no-cache=1678720523102 HTTP/1.1" 200 30
190.171.141.82 - - [13/Mar/2023:12:30:44 -0300] "GET /cormun/servlet/solicitudotadjuntos?6073a5d68b8b5d6b422dfbf6cf43976abc000bc33b0397c84c95b71ebdad44e1,gx-no-cache=1678720523113 HTTP/1.1" 200 30
190.171.141.82 - - [13/Mar/2023:12:30:45 -0300] "POST /cormun/servlet/solicitudotadjuntos?ff85c394deccd3a55e0e557e24d70d5a,INS,2023,19552,,1, HTTP/1.1" 200 116
190.171.141.82 - - [13/Mar/2023:12:30:46 -0300] "GET /cormun/servlet/hpexe_return? HTTP/1.1" 200 1034
190.171.141.82 - - [13/Mar/2023:12:30:46 -0300] "GET /cormun/servlet/vesolicitudot?2023,19552,,SolicitudOTAdjuntos HTTP/1.1" 200 10495
190.171.141.82 - - [13/Mar/2023:12:30:46 -0300] "GET /cormun/pexe_scrolldiv.js HTTP/1.1" 404 1009
190.171.141.82 - - [13/Mar/2023:12:30:46 -0300] "GET /cormun/servlet/vesolicitudot?2023,19552,,SolicitudOTAdjuntos HTTP/1.1" 200 10490
190.171.141.82 - - [13/Mar/2023:12:30:47 -0300] "POST /cormun/servlet/acontrolpreferencessavestate?None,CD-06,true HTTP/1.1" 200 35
186.172.103.107 - - [13/Mar/2023:12:30:48 -0300] "POST /cormun/servlet/solicitudot?gx-no-cache=1678720526196 HTTP/1.1" 200 30
190.171.141.82 - - [13/Mar/2023:12:30:49 -0300] "GET /cormun/servlet/solicitudotadjuntos?INS,2023,19552,,1, HTTP/1.1" 200 6027
190.171.141.82 - - [13/Mar/2023:12:30:49 -0300] "GET /cormun/static/about:blank HTTP/1.1" 404 1011
190.171.141.82 - - [13/Mar/2023:12:30:49 -0300] "GET /cormun/servlet/solicitudotadjuntos?INS,2023,19552,,1, HTTP/1.1" 200 6020
190.171.141.82 - - [13/Mar/2023:12:30:49 -0300] "GET /cormun/servlet/solicitudotadjuntos?6073a5d68b8b5d6b422dfbf6cf43976a63399de96fdf7e0bc536d5fe9c3fddea7b1192b3858c6d9dc29fd64cfd478043,gx-no-cache=1678720527983 HTTP/1.1" 200 30
190.171.141.82 - - [13/Mar/2023:12:30:49 -0300] "POST /cormun/servlet/solicitudotadjuntos?ff85c394deccd3a55e0e557e24d70d5a,INS,2023,19552,,1,,gx-no-cache=1678720527997 HTTP/1.1" 200 3911
181.212.42.153 - - [13/Mar/2023:12:30:50 -0300] "POST /cormun/servlet/solicitudot?gx-no-cache=1678720529576 HTTP/1.1" 200 72
190.171.141.82 - - [13/Mar/2023:12:30:53 -0300] "POST /cormun/servlet/solicitudotadjuntos?gx-no-cache=1678720531879 HTTP/1.1" 200 26
181.212.42.153 - - [13/Mar/2023:12:30:56 -0300] "GET /cormun/servlet/solicitudot?34ae8b72ad12060b63effff7001bf3d6f5d36a5a25464937e62b18ed9f8d41701773e9096267d5618c313b074d317a304902045fd9618f0c19ca5114b28bfb585234437809ac9675d4ddce34fb4b482d493e2d7e6df843b6d5323c548d2240d71f08c19d3436f7f897b31e3a299abcb3,gx-no-cache=1678720535690 HTTP/1.1" 200 29
181.212.42.153 - - [13/Mar/2023:12:30:56 -0300] "GET /cormun/static/menuarrow.gif HTTP/1.1" 404 1015
190.171.141.82 - - [13/Mar/2023:12:31:03 -0300] "GET /cormun/servlet/solicitudotadjuntos?6073a5d68b8b5d6b422dfbf6cf43976abc000bc33b0397c84c95b71ebdad44e1,gx-no-cache=1678720541302 HTTP/1.1" 200 30
190.171.141.82 - - [13/Mar/2023:12:31:03 -0300] "GET /cormun/servlet/solicitudotadjuntos?6073a5d68b8b5d6b422dfbf6cf43976abc000bc33b0397c84c95b71ebdad44e1,gx-no-cache=1678720541314 HTTP/1.1" 200 30
190.171.141.82 - - [13/Mar/2023:12:31:03 -0300] "POST /cormun/servlet/solicitudotadjuntos?ff85c394deccd3a55e0e557e24d70d5a,INS,2023,19552,,1, HTTP/1.1" 200 116
190.171.141.82 - - [13/Mar/2023:12:31:03 -0300] "GET /cormun/servlet/hpexe_return? HTTP/1.1" 200 1034
190.171.141.82 - - [13/Mar/2023:12:31:03 -0300] "GET /cormun/servlet/vesolicitudot?2023,19552,,SolicitudOTAdjuntos HTTP/1.1" 200 10762
190.171.141.82 - - [13/Mar/2023:12:31:03 -0300] "GET /cormun/pexe_scrolldiv.js HTTP/1.1" 404 1009
186.172.103.107 - - [13/Mar/2023:12:31:03 -0300] "POST /cormun/servlet/solicitudot?gx-no-cache=1678720541925 HTTP/1.1" 200 1469
190.171.141.82 - - [13/Mar/2023:12:31:03 -0300] "GET /cormun/servlet/vesolicitudot?2023,19552,,SolicitudOTAdjuntos HTTP/1.1" 200 10757
186.172.103.107 - - [13/Mar/2023:12:31:04 -0300] "POST /cormun/servlet/solicitudot?gx-no-cache=1678720542114 HTTP/1.1" 200 38
181.212.42.153 - - [13/Mar/2023:12:31:04 -0300] "GET /cormun/servlet/solicitudot?34ae8b72ad12060b63effff7001bf3d6fedc0ba4425573b7a6a7d5bcaf26ec5a6c4f29e8cc8271305e0c284194142bdf,gx-no-cache=1678720543447 HTTP/1.1" 200 30
181.212.42.153 - - [13/Mar/2023:12:31:04 -0300] "POST /cormun/servlet/solicitudot?gx-no-cache=1678720543466 HTTP/1.1" 200 34
190.171.141.82 - - [13/Mar/2023:12:31:04 -0300] "POST /cormun/servlet/acontrolpreferencessavestate?None,CD-06,true HTTP/1.1" 200 35
190.171.141.82 - - [13/Mar/2023:12:31:06 -0300] "GET /cormun/servlet/solicitudotadjuntos?INS,2023,19552,,1, HTTP/1.1" 200 6027
190.171.141.82 - - [13/Mar/2023:12:31:06 -0300] "GET /cormun/static/about:blank HTTP/1.1" 404 1011
190.171.141.82 - - [13/Mar/2023:12:31:06 -0300] "GET /cormun/servlet/solicitudotadjuntos?INS,2023,19552,,1, HTTP/1.1" 200 6020
190.171.141.82 - - [13/Mar/2023:12:31:06 -0300] "GET /cormun/servlet/solicitudotadjuntos?6073a5d68b8b5d6b422dfbf6cf43976a63399de96fdf7e0bc536d5fe9c3fddea7b1192b3858c6d9dc29fd64cfd478043,gx-no-cache=1678720545067 HTTP/1.1" 200 30
190.171.141.82 - - [13/Mar/2023:12:31:06 -0300] "POST /cormun/servlet/solicitudotadjuntos?ff85c394deccd3a55e0e557e24d70d5a,INS,2023,19552,,1,,gx-no-cache=1678720545080 HTTP/1.1" 200 3911
186.172.103.107 - - [13/Mar/2023:12:31:09 -0300] "GET /cormun/servlet/solicitudot?279859f8d092a77aacd48e7aec62da6593581855e36af6d732ae059344f4685fe9339d534b77f7170b2c3c050fa37c484f84dfc4d5a10e0305e6344ea8c2616afcef72a1845a5809de7ca7e8ec8e3a050be8e5de37941186ef4902c7c9a16ad7000876b2bfdd2762f2e86de5396edfa6,gx-no-cache=1678720548018 HTTP/1.1" 200 110
186.172.103.107 - - [13/Mar/2023:12:31:10 -0300] "POST /cormun/servlet/solicitudot?gx-no-cache=1678720548083 HTTP/1.1" 200 79
190.171.141.82 - - [13/Mar/2023:12:31:11 -0300] "POST /cormun/servlet/solicitudotadjuntos?gx-no-cache=1678720549335 HTTP/1.1" 200 26
181.212.42.153 - - [13/Mar/2023:12:31:15 -0300] "POST /cormun/servlet/solicitudot?e56698e87356d459db24e8edfb8b920d,INS,0,0,false,,gx-no-cache=1678720553973 HTTP/1.1" 200 93
181.212.42.153 - - [13/Mar/2023:12:31:15 -0300] "GET /cormun/servlet/hpexe_return? HTTP/1.1" 200 1011
181.212.42.153 - - [13/Mar/2023:12:31:15 -0300] "GET /cormun/servlet/trsolicitudot HTTP/1.1" 200 13747
181.212.42.153 - - [13/Mar/2023:12:31:15 -0300] "GET /cormun/servlet/trsolicitudot HTTP/1.1" 200 13742
186.172.103.107 - - [13/Mar/2023:12:31:17 -0300] "POST /cormun/servlet/solicitudot?gx-no-cache=1678720555565 HTTP/1.1" 200 64
190.171.141.82 - - [13/Mar/2023:12:31:17 -0300] "GET /cormun/servlet/solicitudotadjuntos?6073a5d68b8b5d6b422dfbf6cf43976abc000bc33b0397c84c95b71ebdad44e1,gx-no-cache=1678720555870 HTTP/1.1" 200 30
190.171.141.82 - - [13/Mar/2023:12:31:17 -0300] "GET /cormun/servlet/solicitudotadjuntos?6073a5d68b8b5d6b422dfbf6cf43976abc000bc33b0397c84c95b71ebdad44e1,gx-no-cache=1678720555881 HTTP/1.1" 200 30
190.171.141.82 - - [13/Mar/2023:12:31:17 -0300] "POST /cormun/servlet/solicitudotadjuntos?ff85c394deccd3a55e0e557e24d70d5a,INS,2023,19552,,1, HTTP/1.1" 200 116
190.171.141.82 - - [13/Mar/2023:12:31:17 -0300] "GET /cormun/servlet/hpexe_return? HTTP/1.1" 200 1034
190.171.141.82 - - [13/Mar/2023:12:31:18 -0300] "GET /cormun/servlet/vesolicitudot?2023,19552,,SolicitudOTAdjuntos HTTP/1.1" 200 11087
190.171.141.82 - - [13/Mar/2023:12:31:18 -0300] "GET /cormun/pexe_scrolldiv.js HTTP/1.1" 404 1009
190.171.141.82 - - [13/Mar/2023:12:31:18 -0300] "GET /cormun/servlet/vesolicitudot?2023,19552,,SolicitudOTAdjuntos HTTP/1.1" 200 11093
181.212.42.153 - - [13/Mar/2023:12:31:19 -0300] "POST /cormun/servlet/trsolicitudot?e56698e87356d459db24e8edfb8b920d,gx-no-cache=1678720558090 HTTP/1.1" 200 10890
181.212.42.153 - - [13/Mar/2023:12:31:19 -0300] "GET /cormun/static/Shared/jqueryui/images/ui-bg_highlight-soft_100_c6c2c8_1x100.png HTTP/1.1" 404 1117
181.212.42.153 - - [13/Mar/2023:12:31:19 -0300] "GET /cormun/static/Shared/jqueryui/images/ui-icons_82798d_256x240.png HTTP/1.1" 404 1089
181.212.42.153 - - [13/Mar/2023:12:31:19 -0300] "GET /cormun/static/Shared/jqueryui/images/ui-bg_flat_55_fafafa_40x100.png HTTP/1.1" 404 1097
181.212.42.153 - - [13/Mar/2023:12:31:19 -0300] "GET /cormun/static/Shared/jqueryui/images/ui-icons_8d78a5_256x240.png HTTP/1.1" 404 1089
190.171.141.82 - - [13/Mar/2023:12:31:19 -0300] "POST /cormun/servlet/acontrolpreferencessavestate?None,CD-06,true HTTP/1.1" 200 35
181.212.42.153 - - [13/Mar/2023:12:31:19 -0300] "POST /cormun/servlet/trsolicitudot?e56698e87356d459db24e8edfb8b920d,gx-no-cache=1678720558404 HTTP/1.1" 200 10831
190.171.141.82 - - [13/Mar/2023:12:31:20 -0300] "GET /cormun/servlet/solicitudotadjuntos?INS,2023,19552,,1, HTTP/1.1" 200 6027
190.171.141.82 - - [13/Mar/2023:12:31:20 -0300] "GET /cormun/static/about:blank HTTP/1.1" 404 1011
190.171.141.82 - - [13/Mar/2023:12:31:20 -0300] "GET /cormun/servlet/solicitudotadjuntos?INS,2023,19552,,1, HTTP/1.1" 200 6020
181.212.42.153 - - [13/Mar/2023:12:31:21 -0300] "GET /cormun/servlet/trautorizarsolicitud? HTTP/1.1" 200 8867
190.171.141.82 - - [13/Mar/2023:12:31:21 -0300] "GET /cormun/servlet/solicitudotadjuntos?6073a5d68b8b5d6b422dfbf6cf43976a63399de96fdf7e0bc536d5fe9c3fddea7b1192b3858c6d9dc29fd64cfd478043,gx-no-cache=1678720559347 HTTP/1.1" 200 30
190.171.141.82 - - [13/Mar/2023:12:31:21 -0300] "POST /cormun/servlet/solicitudotadjuntos?ff85c394deccd3a55e0e557e24d70d5a,INS,2023,19552,,1,,gx-no-cache=1678720559393 HTTP/1.1" 200 3911
181.212.42.153 - - [13/Mar/2023:12:31:21 -0300] "GET /cormun/servlet/trautorizarsolicitud? HTTP/1.1" 200 8866
181.212.42.153 - - [13/Mar/2023:12:31:23 -0300] "POST /cormun/servlet/trautorizarsolicitud?e56698e87356d459db24e8edfb8b920d,,gx-no-cache=1678720562248 HTTP/1.1" 200 4792
181.212.42.153 - - [13/Mar/2023:12:31:23 -0300] "GET /cormun/static/Shared/jqueryui/images/ui-icons_82798d_256x240.png HTTP/1.1" 404 1089
181.212.42.153 - - [13/Mar/2023:12:31:23 -0300] "GET /cormun/static/Shared/jqueryui/images/ui-bg_highlight-soft_100_c6c2c8_1x100.png HTTP/1.1" 404 1117
181.212.42.153 - - [13/Mar/2023:12:31:23 -0300] "GET /cormun/static/Shared/jqueryui/images/ui-bg_flat_55_fafafa_40x100.png HTTP/1.1" 404 1097
181.212.42.153 - - [13/Mar/2023:12:31:23 -0300] "GET /cormun/static/Shared/jqueryui/images/ui-icons_8d78a5_256x240.png HTTP/1.1" 404 1089
181.212.42.153 - - [13/Mar/2023:12:31:23 -0300] "POST /cormun/servlet/trautorizarsolicitud?e56698e87356d459db24e8edfb8b920d,,gx-no-cache=1678720562389 HTTP/1.1" 200 4534
190.171.141.82 - - [13/Mar/2023:12:31:24 -0300] "POST /cormun/servlet/solicitudotadjuntos?gx-no-cache=1678720562719 HTTP/1.1" 200 26
190.171.141.82 - - [13/Mar/2023:12:31:31 -0300] "GET /cormun/servlet/solicitudotadjuntos?6073a5d68b8b5d6b422dfbf6cf43976abc000bc33b0397c84c95b71ebdad44e1,gx-no-cache=1678720569958 HTTP/1.1" 200 30
190.171.141.82 - - [13/Mar/2023:12:31:31 -0300] "GET /cormun/servlet/solicitudotadjuntos?6073a5d68b8b5d6b422dfbf6cf43976abc000bc33b0397c84c95b71ebdad44e1,gx-no-cache=1678720569970 HTTP/1.1" 200 30
190.171.141.82 - - [13/Mar/2023:12:31:32 -0300] "POST /cormun/servlet/solicitudotadjuntos?ff85c394deccd3a55e0e557e24d70d5a,INS,2023,19552,,1, HTTP/1.1" 200 116
190.171.141.82 - - [13/Mar/2023:12:31:32 -0300] "GET /cormun/servlet/hpexe_return? HTTP/1.1" 200 1034
190.171.141.82 - - [13/Mar/2023:12:31:33 -0300] "GET /cormun/servlet/vesolicitudot?2023,19552,,SolicitudOTAdjuntos HTTP/1.1" 200 11337
190.171.141.82 - - [13/Mar/2023:12:31:33 -0300] "GET /cormun/pexe_scrolldiv.js HTTP/1.1" 404 1009
190.171.141.82 - - [13/Mar/2023:12:31:34 -0300] "GET /cormun/servlet/vesolicitudot?2023,19552,,SolicitudOTAdjuntos HTTP/1.1" 200 11345
190.171.141.82 - - [13/Mar/2023:12:31:34 -0300] "POST /cormun/servlet/acontrolpreferencessavestate?None,CD-06,true HTTP/1.1" 200 35
190.171.141.82 - - [13/Mar/2023:12:31:36 -0300] "GET /cormun/servlet/solicitudotadjuntos?INS,2023,19552,,1, HTTP/1.1" 200 6027
190.171.141.82 - - [13/Mar/2023:12:31:36 -0300] "GET /cormun/static/about:blank HTTP/1.1" 404 1011
190.171.141.82 - - [13/Mar/2023:12:31:36 -0300] "GET /cormun/servlet/solicitudotadjuntos?INS,2023,19552,,1, HTTP/1.1" 200 6020
190.171.141.82 - - [13/Mar/2023:12:31:36 -0300] "GET /cormun/servlet/solicitudotadjuntos?6073a5d68b8b5d6b422dfbf6cf43976a63399de96fdf7e0bc536d5fe9c3fddea7b1192b3858c6d9dc29fd64cfd478043,gx-no-cache=1678720574905 HTTP/1.1" 200 30
190.171.141.82 - - [13/Mar/2023:12:31:36 -0300] "POST /cormun/servlet/solicitudotadjuntos?ff85c394deccd3a55e0e557e24d70d5a,INS,2023,19552,,1,,gx-no-cache=1678720574920 HTTP/1.1" 200 3911
190.171.141.82 - - [13/Mar/2023:12:31:41 -0300] "POST /cormun/servlet/solicitudotadjuntos?gx-no-cache=1678720579439 HTTP/1.1" 200 26
190.171.141.82 - - [13/Mar/2023:12:31:49 -0300] "GET /cormun/servlet/solicitudotadjuntos?6073a5d68b8b5d6b422dfbf6cf43976abc000bc33b0397c84c95b71ebdad44e1,gx-no-cache=1678720587350 HTTP/1.1" 200 30
190.171.141.82 - - [13/Mar/2023:12:31:49 -0300] "GET /cormun/servlet/solicitudotadjuntos?6073a5d68b8b5d6b422dfbf6cf43976abc000bc33b0397c84c95b71ebdad44e1,gx-no-cache=1678720587394 HTTP/1.1" 200 30
190.171.141.82 - - [13/Mar/2023:12:31:49 -0300] "POST /cormun/servlet/solicitudotadjuntos?ff85c394deccd3a55e0e557e24d70d5a,INS,2023,19552,,1, HTTP/1.1" 200 116
190.171.141.82 - - [13/Mar/2023:12:31:49 -0300] "GET /cormun/servlet/hpexe_return? HTTP/1.1" 200 1034
190.171.141.82 - - [13/Mar/2023:12:31:50 -0300] "GET /cormun/servlet/vesolicitudot?2023,19552,,SolicitudOTAdjuntos HTTP/1.1" 200 11517
190.171.141.82 - - [13/Mar/2023:12:31:50 -0300] "GET /cormun/pexe_scrolldiv.js HTTP/1.1" 404 1009
190.171.141.82 - - [13/Mar/2023:12:31:51 -0300] "GET /cormun/servlet/vesolicitudot?2023,19552,,SolicitudOTAdjuntos HTTP/1.1" 200 11522
190.171.141.82 - - [13/Mar/2023:12:31:51 -0300] "POST /cormun/servlet/acontrolpreferencessavestate?None,CD-06,true HTTP/1.1" 200 35
190.171.141.82 - - [13/Mar/2023:12:32:02 -0300] "GET /cormun/servlet/vesolicitudot?2023,19552,,General HTTP/1.1" 200 8327
190.171.141.82 - - [13/Mar/2023:12:32:02 -0300] "GET /cormun/pexe_scrolldiv.js HTTP/1.1" 404 1009
190.171.141.82 - - [13/Mar/2023:12:32:02 -0300] "GET /cormun/servlet/vesolicitudot?2023,19552,,General HTTP/1.1" 200 8327
190.171.141.82 - - [13/Mar/2023:12:32:04 -0300] "POST /cormun/servlet/vesolicitudot?ff85c394deccd3a55e0e557e24d70d5a,2023,19552,,General,gx-no-cache=1678720602449 HTTP/1.1" 200 93
190.171.141.82 - - [13/Mar/2023:12:32:04 -0300] "GET /cormun/servlet/hpexe_return? HTTP/1.1" 200 1039
190.171.141.82 - - [13/Mar/2023:12:32:04 -0300] "GET /cormun/servlet/trsolicitudot?gx-no-cache=1678720354352 HTTP/1.1" 200 9459
190.171.141.82 - - [13/Mar/2023:12:32:04 -0300] "GET /cormun/servlet/trsolicitudot?gx-no-cache=1678720354352 HTTP/1.1" 200 9477
190.171.141.82 - - [13/Mar/2023:12:32:12 -0300] "POST /cormun/servlet/trsolicitudot?ff85c394deccd3a55e0e557e24d70d5a,gx-no-cache=1678720354352,gx-no-cache=1678720610537 HTTP/1.1" 200 6405
190.171.141.82 - - [13/Mar/2023:12:32:12 -0300] "GET /cormun/static/Shared/jqueryui/images/ui-icons_82798d_256x240.png HTTP/1.1" 404 1089
190.171.141.82 - - [13/Mar/2023:12:32:12 -0300] "GET /cormun/static/Shared/jqueryui/images/ui-bg_highlight-soft_100_c6c2c8_1x100.png HTTP/1.1" 404 1117
190.171.141.82 - - [13/Mar/2023:12:32:12 -0300] "GET /cormun/static/Shared/jqueryui/images/ui-bg_flat_55_fafafa_40x100.png HTTP/1.1" 404 1097
190.171.141.82 - - [13/Mar/2023:12:32:12 -0300] "GET /cormun/static/Shared/jqueryui/images/ui-icons_8d78a5_256x240.png HTTP/1.1" 404 1089
190.171.141.82 - - [13/Mar/2023:12:32:12 -0300] "POST /cormun/servlet/trsolicitudot?ff85c394deccd3a55e0e557e24d70d5a,gx-no-cache=1678720354352,gx-no-cache=1678720610789 HTTP/1.1" 200 6349
190.171.141.82 - - [13/Mar/2023:12:32:16 -0300] "POST /cormun/servlet/trsolicitudot?ff85c394deccd3a55e0e557e24d70d5a,gx-no-cache=1678720354352,gx-no-cache=1678720615087 HTTP/1.1" 200 6622
190.171.141.82 - - [13/Mar/2023:12:32:22 -0300] "POST /cormun/servlet/trsolicitudot?ff85c394deccd3a55e0e557e24d70d5a,gx-no-cache=1678720354352,gx-no-cache=1678720620295 HTTP/1.1" 200 113
190.171.141.82 - - [13/Mar/2023:12:32:22 -0300] "GET /cormun/servlet/solicitudot?UPD,2023,19553,false, HTTP/1.1" 200 16447
190.171.141.82 - - [13/Mar/2023:12:32:22 -0300] "GET /cormun/servlet/solicitudot?UPD,2023,19553,false, HTTP/1.1" 200 16436
190.171.141.82 - - [13/Mar/2023:12:32:23 -0300] "POST /cormun/servlet/solicitudot?gx-no-cache=1678720621292 HTTP/1.1" 200 4024
190.171.141.82 - - [13/Mar/2023:12:32:23 -0300] "POST /cormun/servlet/solicitudot?ff85c394deccd3a55e0e557e24d70d5a,UPD,2023,19553,false,,gx-no-cache=1678720621406 HTTP/1.1" 200 12684
190.171.141.82 - - [13/Mar/2023:12:32:23 -0300] "GET /cormun/servlet/solicitudot?6073a5d68b8b5d6b422dfbf6cf43976ab929552feb60822837dc6787027f3fc94e5b0f2323ef1c3b76f768f40c8ccd3d,gx-no-cache=1678720621559 HTTP/1.1" 200 30
190.171.141.82 - - [13/Mar/2023:12:32:23 -0300] "GET /cormun/servlet/solicitudot?6073a5d68b8b5d6b422dfbf6cf43976a3a99cadf63fd16097935dec8b9b1cb6b8732edd98fbb480ac2ac9a9bbd186dea8b7684b515ce187d3339ff3ef79e6b32,gx-no-cache=1678720621579 HTTP/1.1" 200 30
190.171.141.82 - - [13/Mar/2023:12:32:23 -0300] "GET /cormun/servlet/solicitudot?6073a5d68b8b5d6b422dfbf6cf43976a36765df54b9be81c100764556ca575318262a1f8f0b86d172b830cdaae5518f3,gx-no-cache=1678720621598 HTTP/1.1" 200 45
190.171.141.82 - - [13/Mar/2023:12:32:23 -0300] "POST /cormun/servlet/solicitudot?gx-no-cache=1678720621618 HTTP/1.1" 200 240
190.171.141.82 - - [13/Mar/2023:12:32:23 -0300] "GET /cormun/servlet/solicitudot?6073a5d68b8b5d6b422dfbf6cf43976a2e1162134c12024c94d2e08a72451940c92f38ac8013285ddc543797bac2bbba2f606d7d703e74dff935fa6a57db1d19408d6391e7f0ff3d7a6c9c0499e68a86d102e4ec7fa47970316122eab18cbdcc6a43bd5157b8b3368e1b8d82a85ee75d890bf0c92e7a6e251a514270094c80a4b8ed6d2018fba5e42349653e2d570efc09d34cb6f5f72f68d2cc83d7714ffd95c5c8f50c02e1284d0b618ecf857f6deb79765d5fb36aed047a9b58da3870f31716ff4a33fd01bd52e17c201fd3f0ce4e92a222110603c272b3078ea3b815ce29158dcd2240f4f7cd002c2dbd93ad5963c79c1c0e5036ebdd0870e43c8b40a6fadda5a6c81426dbbde5304bb70079e04401eb6d98ee798629a6427d7f4e8552f033fb34d4ec4bcea0fa96ca34901f6b0e3306d8a29059c3194534e9ee332857b35e53a19d765a48de17844feb3082a851e00eeb4f8193379b761b301f4f8597acc70f0aa8bf2a94fb37caec31d7959284f748e6c2f31bd91b8f1d2f688f6b27d2,gx-no-cache=1678720621640 HTTP/1.1" 200 30
190.171.141.82 - - [13/Mar/2023:12:32:23 -0300] "POST /cormun/servlet/solicitudot?gx-no-cache=1678720621659 HTTP/1.1" 200 30
190.171.141.82 - - [13/Mar/2023:12:32:23 -0300] "POST /cormun/servlet/solicitudot?gx-no-cache=1678720621681 HTTP/1.1" 200 1468
190.171.141.82 - - [13/Mar/2023:12:32:23 -0300] "POST /cormun/servlet/solicitudot?gx-no-cache=1678720621753 HTTP/1.1" 200 41
190.171.141.82 - - [13/Mar/2023:12:32:25 -0300] "POST /cormun/servlet/solicitudot?ff85c394deccd3a55e0e557e24d70d5a,UPD,2023,19553,false,,gx-no-cache=1678720623744 HTTP/1.1" 200 93
190.171.141.82 - - [13/Mar/2023:12:32:25 -0300] "GET /cormun/servlet/hpexe_return? HTTP/1.1" 200 1038
190.171.141.82 - - [13/Mar/2023:12:32:25 -0300] "GET /cormun/servlet/trsolicitudot?gx-no-cache=1678720354352 HTTP/1.1" 200 9202
190.171.141.82 - - [13/Mar/2023:12:32:26 -0300] "GET /cormun/servlet/trsolicitudot?gx-no-cache=1678720354352 HTTP/1.1" 200 9219
190.171.141.82 - - [13/Mar/2023:12:32:28 -0300] "GET /cormun/servlet/vesolicitudot?2023,19553,, HTTP/1.1" 200 8337
190.171.141.82 - - [13/Mar/2023:12:32:28 -0300] "GET /cormun/pexe_scrolldiv.js HTTP/1.1" 404 1009
190.171.141.82 - - [13/Mar/2023:12:32:28 -0300] "GET /cormun/servlet/vesolicitudot?2023,19553,, HTTP/1.1" 200 8315
190.171.141.82 - - [13/Mar/2023:12:32:30 -0300] "GET /cormun/servlet/vesolicitudot?2023,19553,,SolicitudOTAdjuntos HTTP/1.1" 200 7356
190.171.141.82 - - [13/Mar/2023:12:32:30 -0300] "GET /cormun/pexe_scrolldiv.js HTTP/1.1" 404 1009
190.171.141.82 - - [13/Mar/2023:12:32:30 -0300] "GET /cormun/servlet/vesolicitudot?2023,19553,,SolicitudOTAdjuntos HTTP/1.1" 200 7357
190.171.141.82 - - [13/Mar/2023:12:32:31 -0300] "POST /cormun/servlet/acontrolpreferencessavestate?None,CD-06,true HTTP/1.1" 200 35
190.171.141.82 - - [13/Mar/2023:12:32:32 -0300] "GET /cormun/servlet/solicitudotadjuntos?INS,2023,19553,,1, HTTP/1.1" 200 6027
190.171.141.82 - - [13/Mar/2023:12:32:32 -0300] "GET /cormun/static/about:blank HTTP/1.1" 404 1011
190.171.141.82 - - [13/Mar/2023:12:32:32 -0300] "GET /cormun/servlet/solicitudotadjuntos?INS,2023,19553,,1, HTTP/1.1" 200 6020
190.171.141.82 - - [13/Mar/2023:12:32:33 -0300] "GET /cormun/servlet/solicitudotadjuntos?6073a5d68b8b5d6b422dfbf6cf43976aff12e7ec23fde17aad4e938d05624f6b7b1192b3858c6d9dc29fd64cfd478043,gx-no-cache=1678720631355 HTTP/1.1" 200 30
190.171.141.82 - - [13/Mar/2023:12:32:33 -0300] "POST /cormun/servlet/solicitudotadjuntos?ff85c394deccd3a55e0e557e24d70d5a,INS,2023,19553,,1,,gx-no-cache=1678720631370 HTTP/1.1" 200 3910
190.171.141.82 - - [13/Mar/2023:12:32:35 -0300] "POST /cormun/servlet/solicitudotadjuntos?gx-no-cache=1678720633197 HTTP/1.1" 200 26
190.171.141.82 - - [13/Mar/2023:12:32:40 -0300] "GET /cormun/servlet/solicitudotadjuntos?6073a5d68b8b5d6b422dfbf6cf43976abc000bc33b0397c84c95b71ebdad44e1,gx-no-cache=1678720638302 HTTP/1.1" 200 30
190.171.141.82 - - [13/Mar/2023:12:32:40 -0300] "GET /cormun/servlet/solicitudotadjuntos?6073a5d68b8b5d6b422dfbf6cf43976abc000bc33b0397c84c95b71ebdad44e1,gx-no-cache=1678720638315 HTTP/1.1" 200 30
190.171.141.82 - - [13/Mar/2023:12:32:40 -0300] "POST /cormun/servlet/solicitudotadjuntos?ff85c394deccd3a55e0e557e24d70d5a,INS,2023,19553,,1, HTTP/1.1" 200 116
190.171.141.82 - - [13/Mar/2023:12:32:40 -0300] "GET /cormun/servlet/hpexe_return? HTTP/1.1" 200 1034
190.171.141.82 - - [13/Mar/2023:12:32:40 -0300] "GET /cormun/servlet/vesolicitudot?2023,19553,,SolicitudOTAdjuntos HTTP/1.1" 200 10270
190.171.141.82 - - [13/Mar/2023:12:32:40 -0300] "GET /cormun/pexe_scrolldiv.js HTTP/1.1" 404 1009
190.171.141.82 - - [13/Mar/2023:12:32:40 -0300] "GET /cormun/servlet/vesolicitudot?2023,19553,,SolicitudOTAdjuntos HTTP/1.1" 200 10266
190.171.141.82 - - [13/Mar/2023:12:32:41 -0300] "POST /cormun/servlet/acontrolpreferencessavestate?None,CD-06,true HTTP/1.1" 200 35
190.171.141.82 - - [13/Mar/2023:12:32:42 -0300] "GET /cormun/servlet/solicitudotadjuntos?INS,2023,19553,,1, HTTP/1.1" 200 6027
190.171.141.82 - - [13/Mar/2023:12:32:43 -0300] "GET /cormun/static/about:blank HTTP/1.1" 404 1011
190.171.141.82 - - [13/Mar/2023:12:32:43 -0300] "GET /cormun/servlet/solicitudotadjuntos?INS,2023,19553,,1, HTTP/1.1" 200 6020
190.171.141.82 - - [13/Mar/2023:12:32:43 -0300] "GET /cormun/servlet/solicitudotadjuntos?6073a5d68b8b5d6b422dfbf6cf43976aff12e7ec23fde17aad4e938d05624f6b7b1192b3858c6d9dc29fd64cfd478043,gx-no-cache=1678720641794 HTTP/1.1" 200 30
190.171.141.82 - - [13/Mar/2023:12:32:43 -0300] "POST /cormun/servlet/solicitudotadjuntos?ff85c394deccd3a55e0e557e24d70d5a,INS,2023,19553,,1,,gx-no-cache=1678720641807 HTTP/1.1" 200 3910
190.171.141.82 - - [13/Mar/2023:12:32:46 -0300] "POST /cormun/servlet/solicitudotadjuntos?gx-no-cache=1678720644272 HTTP/1.1" 200 26
