191.126.18.79 - - [13/Mar/2023:12:12:01 -0300] "POST /cormun/servlet/solicitudotadjuntos?gx-no-cache=1678719399204 HTTP/1.1" 200 26
191.126.18.79 - - [13/Mar/2023:12:12:12 -0300] "GET /cormun/servlet/solicitudotadjuntos?279859f8d092a77aacd48e7aec62da65307cbab953fcb977b32c3cffce7568f3,gx-no-cache=1678719410116 HTTP/1.1" 200 30
191.126.18.79 - - [13/Mar/2023:12:12:12 -0300] "GET /cormun/servlet/solicitudotadjuntos?279859f8d092a77aacd48e7aec62da65307cbab953fcb977b32c3cffce7568f3,gx-no-cache=1678719410208 HTTP/1.1" 200 30
191.126.18.79 - - [13/Mar/2023:12:12:14 -0300] "POST /cormun/servlet/solicitudotadjuntos?c9fec872c227ac17e4718df1586a06c6,INS,2023,19560,,1, HTTP/1.1" 200 116
191.126.18.79 - - [13/Mar/2023:12:12:14 -0300] "GET /cormun/servlet/hpexe_return? HTTP/1.1" 200 1028
191.126.18.79 - - [13/Mar/2023:12:12:14 -0300] "GET /cormun/servlet/trsolicitudadjuntos?2023,19560, HTTP/1.1" 200 9167
191.126.18.79 - - [13/Mar/2023:12:12:15 -0300] "GET /cormun/servlet/trsolicitudadjuntos?2023,19560, HTTP/1.1" 200 9166
191.126.18.79 - - [13/Mar/2023:12:12:17 -0300] "GET /cormun/servlet/solicitudotadjuntos?INS,2023,19560,,1, HTTP/1.1" 200 5951
191.126.18.79 - - [13/Mar/2023:12:12:17 -0300] "GET /cormun/static/about:blank HTTP/1.1" 404 1011
191.126.18.79 - - [13/Mar/2023:12:12:17 -0300] "GET /cormun/servlet/solicitudotadjuntos?INS,2023,19560,,1, HTTP/1.1" 200 5944
186.67.172.234 - - [13/Mar/2023:12:12:17 -0300] "GET /cormun/servlet/solicitudotadjuntos?48152ad4ccc61b2fc0e249c600867a0c7360ae0f96989ead2a1d839e99661199,gx-no-cache=1678719416024 HTTP/1.1" 200 30
186.67.172.234 - - [13/Mar/2023:12:12:17 -0300] "GET /cormun/servlet/solicitudotadjuntos?48152ad4ccc61b2fc0e249c600867a0c7360ae0f96989ead2a1d839e99661199,gx-no-cache=1678719416052 HTTP/1.1" 200 30
191.126.18.79 - - [13/Mar/2023:12:12:17 -0300] "GET /cormun/servlet/solicitudotadjuntos?279859f8d092a77aacd48e7aec62da650664c1b1f320713432fcc0f8cd82e8ebb6fccec41e48530b5f81553a3b632202,gx-no-cache=1678719416056 HTTP/1.1" 200 30
186.67.172.234 - - [13/Mar/2023:12:12:18 -0300] "POST /cormun/servlet/solicitudotadjuntos?bcad38e00a4a017219ba8cefd8072289,INS,2023,19559,,1, HTTP/1.1" 200 116
186.67.172.234 - - [13/Mar/2023:12:12:18 -0300] "GET /cormun/servlet/hpexe_return? HTTP/1.1" 200 1028
191.126.18.79 - - [13/Mar/2023:12:12:18 -0300] "POST /cormun/servlet/solicitudotadjuntos?c9fec872c227ac17e4718df1586a06c6,INS,2023,19560,,1,,gx-no-cache=1678719416155 HTTP/1.1" 200 3871
186.67.172.234 - - [13/Mar/2023:12:12:18 -0300] "GET /cormun/servlet/trsolicitudadjuntos?2023,19559, HTTP/1.1" 200 9147
186.67.172.234 - - [13/Mar/2023:12:12:18 -0300] "GET /cormun/servlet/trsolicitudadjuntos?2023,19559, HTTP/1.1" 200 9145
186.67.172.234 - - [13/Mar/2023:12:12:19 -0300] "GET /cormun/servlet/solicitudotadjuntos?INS,2023,19559,,1, HTTP/1.1" 200 6195
186.67.172.234 - - [13/Mar/2023:12:12:20 -0300] "GET /cormun/static/about:blank HTTP/1.1" 404 1011
186.67.172.234 - - [13/Mar/2023:12:12:20 -0300] "GET /cormun/servlet/solicitudotadjuntos?INS,2023,19559,,1, HTTP/1.1" 200 6189
186.67.172.234 - - [13/Mar/2023:12:12:20 -0300] "GET /cormun/servlet/solicitudotadjuntos?48152ad4ccc61b2fc0e249c600867a0cc5dc9ca9bbce9067c1351ad5502abc010a86ec867245b383567a4c629696825c,gx-no-cache=1678719418836 HTTP/1.1" 200 30
186.67.172.234 - - [13/Mar/2023:12:12:20 -0300] "POST /cormun/servlet/solicitudotadjuntos?bcad38e00a4a017219ba8cefd8072289,INS,2023,19559,,1,,gx-no-cache=1678719418850 HTTP/1.1" 200 4152
191.126.18.79 - - [13/Mar/2023:12:12:21 -0300] "POST /cormun/servlet/solicitudotadjuntos?gx-no-cache=1678719419341 HTTP/1.1" 200 26
186.67.172.234 - - [13/Mar/2023:12:12:22 -0300] "POST /cormun/servlet/solicitudotadjuntos?gx-no-cache=1678719421000 HTTP/1.1" 200 26
186.67.172.234 - - [13/Mar/2023:12:12:29 -0300] "GET /cormun/servlet/solicitudotadjuntos?48152ad4ccc61b2fc0e249c600867a0c7360ae0f96989ead2a1d839e99661199,gx-no-cache=1678719427888 HTTP/1.1" 200 30
186.67.172.234 - - [13/Mar/2023:12:12:29 -0300] "GET /cormun/servlet/solicitudotadjuntos?48152ad4ccc61b2fc0e249c600867a0c7360ae0f96989ead2a1d839e99661199,gx-no-cache=1678719427898 HTTP/1.1" 200 30
186.67.172.234 - - [13/Mar/2023:12:12:30 -0300] "POST /cormun/servlet/solicitudotadjuntos?bcad38e00a4a017219ba8cefd8072289,INS,2023,19559,,1, HTTP/1.1" 200 116
186.67.172.234 - - [13/Mar/2023:12:12:30 -0300] "GET /cormun/servlet/hpexe_return? HTTP/1.1" 200 1028
186.67.172.234 - - [13/Mar/2023:12:12:30 -0300] "GET /cormun/servlet/trsolicitudadjuntos?2023,19559, HTTP/1.1" 200 9400
186.67.172.234 - - [13/Mar/2023:12:12:30 -0300] "GET /cormun/servlet/trsolicitudadjuntos?2023,19559, HTTP/1.1" 200 9397
186.67.172.234 - - [13/Mar/2023:12:12:32 -0300] "GET /cormun/servlet/solicitudotadjuntos?INS,2023,19559,,1, HTTP/1.1" 200 6195
186.67.172.234 - - [13/Mar/2023:12:12:32 -0300] "GET /cormun/static/about:blank HTTP/1.1" 404 1011
186.67.172.234 - - [13/Mar/2023:12:12:32 -0300] "GET /cormun/servlet/solicitudotadjuntos?INS,2023,19559,,1, HTTP/1.1" 200 6189
186.67.172.234 - - [13/Mar/2023:12:12:32 -0300] "GET /cormun/servlet/solicitudotadjuntos?48152ad4ccc61b2fc0e249c600867a0cc5dc9ca9bbce9067c1351ad5502abc010a86ec867245b383567a4c629696825c,gx-no-cache=1678719431173 HTTP/1.1" 200 30
186.67.172.234 - - [13/Mar/2023:12:12:32 -0300] "POST /cormun/servlet/solicitudotadjuntos?bcad38e00a4a017219ba8cefd8072289,INS,2023,19559,,1,,gx-no-cache=1678719431185 HTTP/1.1" 200 4152
191.126.18.79 - - [13/Mar/2023:12:12:35 -0300] "GET /cormun/servlet/solicitudotadjuntos?279859f8d092a77aacd48e7aec62da65307cbab953fcb977b32c3cffce7568f3,gx-no-cache=1678719433572 HTTP/1.1" 200 30
186.67.172.234 - - [13/Mar/2023:12:12:35 -0300] "POST /cormun/servlet/solicitudotadjuntos?gx-no-cache=1678719433801 HTTP/1.1" 200 26
191.126.18.79 - - [13/Mar/2023:12:12:35 -0300] "GET /cormun/servlet/solicitudotadjuntos?279859f8d092a77aacd48e7aec62da65307cbab953fcb977b32c3cffce7568f3,gx-no-cache=1678719433676 HTTP/1.1" 200 30
191.126.18.79 - - [13/Mar/2023:12:12:36 -0300] "POST /cormun/servlet/solicitudotadjuntos?c9fec872c227ac17e4718df1586a06c6,INS,2023,19560,,1, HTTP/1.1" 200 116
191.126.18.79 - - [13/Mar/2023:12:12:36 -0300] "GET /cormun/servlet/hpexe_return? HTTP/1.1" 200 1028
191.126.18.79 - - [13/Mar/2023:12:12:37 -0300] "GET /cormun/servlet/trsolicitudadjuntos?2023,19560, HTTP/1.1" 200 9415
191.126.18.79 - - [13/Mar/2023:12:12:37 -0300] "GET /cormun/servlet/trsolicitudadjuntos?2023,19560, HTTP/1.1" 200 9413
191.126.18.79 - - [13/Mar/2023:12:12:39 -0300] "GET /cormun/servlet/solicitudotadjuntos?INS,2023,19560,,1, HTTP/1.1" 200 5951
191.126.18.79 - - [13/Mar/2023:12:12:40 -0300] "GET /cormun/static/about:blank HTTP/1.1" 404 1011
191.126.18.79 - - [13/Mar/2023:12:12:40 -0300] "GET /cormun/servlet/solicitudotadjuntos?INS,2023,19560,,1, HTTP/1.1" 200 5944
191.126.18.79 - - [13/Mar/2023:12:12:40 -0300] "GET /cormun/servlet/solicitudotadjuntos?279859f8d092a77aacd48e7aec62da650664c1b1f320713432fcc0f8cd82e8ebb6fccec41e48530b5f81553a3b632202,gx-no-cache=1678719438814 HTTP/1.1" 200 30
191.126.18.79 - - [13/Mar/2023:12:12:40 -0300] "POST /cormun/servlet/solicitudotadjuntos?c9fec872c227ac17e4718df1586a06c6,INS,2023,19560,,1,,gx-no-cache=1678719438884 HTTP/1.1" 200 3871
186.67.172.234 - - [13/Mar/2023:12:12:41 -0300] "GET /cormun/servlet/solicitudotadjuntos?48152ad4ccc61b2fc0e249c600867a0c7360ae0f96989ead2a1d839e99661199,gx-no-cache=1678719440113 HTTP/1.1" 200 30
186.67.172.234 - - [13/Mar/2023:12:12:41 -0300] "GET /cormun/servlet/solicitudotadjuntos?48152ad4ccc61b2fc0e249c600867a0c7360ae0f96989ead2a1d839e99661199,gx-no-cache=1678719440123 HTTP/1.1" 200 30
186.67.172.234 - - [13/Mar/2023:12:12:42 -0300] "POST /cormun/servlet/solicitudotadjuntos?bcad38e00a4a017219ba8cefd8072289,INS,2023,19559,,1, HTTP/1.1" 200 116
186.67.172.234 - - [13/Mar/2023:12:12:42 -0300] "GET /cormun/servlet/hpexe_return? HTTP/1.1" 200 1028
186.67.172.234 - - [13/Mar/2023:12:12:42 -0300] "GET /cormun/servlet/trsolicitudadjuntos?2023,19559, HTTP/1.1" 200 9628
186.67.172.234 - - [13/Mar/2023:12:12:42 -0300] "GET /cormun/servlet/trsolicitudadjuntos?2023,19559, HTTP/1.1" 200 9627
191.126.18.79 - - [13/Mar/2023:12:12:43 -0300] "POST /cormun/servlet/solicitudotadjuntos?gx-no-cache=1678719441789 HTTP/1.1" 200 26
186.67.172.234 - - [13/Mar/2023:12:12:44 -0300] "GET /cormun/servlet/solicitudotadjuntos?INS,2023,19559,,1, HTTP/1.1" 200 6195
186.67.172.234 - - [13/Mar/2023:12:12:44 -0300] "GET /cormun/static/about:blank HTTP/1.1" 404 1011
186.67.172.234 - - [13/Mar/2023:12:12:44 -0300] "GET /cormun/servlet/solicitudotadjuntos?INS,2023,19559,,1, HTTP/1.1" 200 6189
186.67.172.234 - - [13/Mar/2023:12:12:45 -0300] "GET /cormun/servlet/solicitudotadjuntos?48152ad4ccc61b2fc0e249c600867a0cc5dc9ca9bbce9067c1351ad5502abc010a86ec867245b383567a4c629696825c,gx-no-cache=1678719443566 HTTP/1.1" 200 30
186.67.172.234 - - [13/Mar/2023:12:12:45 -0300] "POST /cormun/servlet/solicitudotadjuntos?bcad38e00a4a017219ba8cefd8072289,INS,2023,19559,,1,,gx-no-cache=1678719443577 HTTP/1.1" 200 4152
186.67.172.234 - - [13/Mar/2023:12:12:47 -0300] "POST /cormun/servlet/solicitudotadjuntos?gx-no-cache=1678719445641 HTTP/1.1" 200 26
191.126.18.79 - - [13/Mar/2023:12:12:50 -0300] "GET /cormun/servlet/solicitudotadjuntos?279859f8d092a77aacd48e7aec62da65307cbab953fcb977b32c3cffce7568f3,gx-no-cache=1678719448588 HTTP/1.1" 200 30
191.126.18.79 - - [13/Mar/2023:12:12:50 -0300] "GET /cormun/servlet/solicitudotadjuntos?279859f8d092a77aacd48e7aec62da65307cbab953fcb977b32c3cffce7568f3,gx-no-cache=1678719448667 HTTP/1.1" 200 30
191.126.18.79 - - [13/Mar/2023:12:12:50 -0300] "POST /cormun/servlet/solicitudotadjuntos?c9fec872c227ac17e4718df1586a06c6,INS,2023,19560,,1, HTTP/1.1" 200 116
191.126.18.79 - - [13/Mar/2023:12:12:51 -0300] "GET /cormun/servlet/hpexe_return? HTTP/1.1" 200 1028
191.126.18.79 - - [13/Mar/2023:12:12:51 -0300] "GET /cormun/servlet/trsolicitudadjuntos?2023,19560, HTTP/1.1" 200 9702
191.126.18.79 - - [13/Mar/2023:12:12:52 -0300] "GET /cormun/servlet/trsolicitudadjuntos?2023,19560, HTTP/1.1" 200 9703
186.67.172.234 - - [13/Mar/2023:12:12:53 -0300] "GET /cormun/servlet/solicitudotadjuntos?48152ad4ccc61b2fc0e249c600867a0c7360ae0f96989ead2a1d839e99661199,gx-no-cache=1678719451945 HTTP/1.1" 200 30
186.67.172.234 - - [13/Mar/2023:12:12:53 -0300] "GET /cormun/servlet/solicitudotadjuntos?48152ad4ccc61b2fc0e249c600867a0c7360ae0f96989ead2a1d839e99661199,gx-no-cache=1678719451955 HTTP/1.1" 200 30
186.67.172.234 - - [13/Mar/2023:12:12:54 -0300] "POST /cormun/servlet/solicitudotadjuntos?bcad38e00a4a017219ba8cefd8072289,INS,2023,19559,,1, HTTP/1.1" 200 116
186.67.172.234 - - [13/Mar/2023:12:12:54 -0300] "GET /cormun/servlet/hpexe_return? HTTP/1.1" 200 1028
186.67.172.234 - - [13/Mar/2023:12:12:54 -0300] "GET /cormun/servlet/trsolicitudadjuntos?2023,19559, HTTP/1.1" 200 9867
191.126.18.79 - - [13/Mar/2023:12:12:55 -0300] "GET /cormun/servlet/solicitudotadjuntos?INS,2023,19560,,1, HTTP/1.1" 200 5951
186.67.172.234 - - [13/Mar/2023:12:12:55 -0300] "GET /cormun/servlet/trsolicitudadjuntos?2023,19559, HTTP/1.1" 200 9867
191.126.18.79 - - [13/Mar/2023:12:12:55 -0300] "GET /cormun/static/about:blank HTTP/1.1" 404 1011
191.126.18.79 - - [13/Mar/2023:12:12:55 -0300] "GET /cormun/servlet/solicitudotadjuntos?INS,2023,19560,,1, HTTP/1.1" 200 5944
191.126.18.79 - - [13/Mar/2023:12:12:55 -0300] "GET /cormun/servlet/solicitudotadjuntos?279859f8d092a77aacd48e7aec62da650664c1b1f320713432fcc0f8cd82e8ebb6fccec41e48530b5f81553a3b632202,gx-no-cache=1678719453947 HTTP/1.1" 200 30
191.126.18.79 - - [13/Mar/2023:12:12:56 -0300] "POST /cormun/servlet/solicitudotadjuntos?c9fec872c227ac17e4718df1586a06c6,INS,2023,19560,,1,,gx-no-cache=1678719454051 HTTP/1.1" 200 3871
186.67.172.234 - - [13/Mar/2023:12:12:56 -0300] "GET /cormun/servlet/solicitudotadjuntos?INS,2023,19559,,1, HTTP/1.1" 200 6195
186.67.172.234 - - [13/Mar/2023:12:12:56 -0300] "GET /cormun/static/about:blank HTTP/1.1" 404 1011
186.67.172.234 - - [13/Mar/2023:12:12:56 -0300] "GET /cormun/servlet/solicitudotadjuntos?INS,2023,19559,,1, HTTP/1.1" 200 6189
186.67.172.234 - - [13/Mar/2023:12:12:57 -0300] "GET /cormun/servlet/solicitudotadjuntos?48152ad4ccc61b2fc0e249c600867a0cc5dc9ca9bbce9067c1351ad5502abc010a86ec867245b383567a4c629696825c,gx-no-cache=1678719455436 HTTP/1.1" 200 30
186.67.172.234 - - [13/Mar/2023:12:12:57 -0300] "POST /cormun/servlet/solicitudotadjuntos?bcad38e00a4a017219ba8cefd8072289,INS,2023,19559,,1,,gx-no-cache=1678719455447 HTTP/1.1" 200 4152
186.67.172.234 - - [13/Mar/2023:12:12:59 -0300] "POST /cormun/servlet/solicitudotadjuntos?gx-no-cache=1678719457865 HTTP/1.1" 200 26
191.126.18.79 - - [13/Mar/2023:12:13:01 -0300] "POST /cormun/servlet/solicitudotadjuntos?gx-no-cache=1678719459525 HTTP/1.1" 200 26
186.67.172.234 - - [13/Mar/2023:12:13:04 -0300] "GET /cormun/servlet/solicitudotadjuntos?48152ad4ccc61b2fc0e249c600867a0c7360ae0f96989ead2a1d839e99661199,gx-no-cache=1678719462465 HTTP/1.1" 200 30
186.67.172.234 - - [13/Mar/2023:12:13:04 -0300] "GET /cormun/servlet/solicitudotadjuntos?48152ad4ccc61b2fc0e249c600867a0c7360ae0f96989ead2a1d839e99661199,gx-no-cache=1678719462475 HTTP/1.1" 200 30
186.67.172.234 - - [13/Mar/2023:12:13:04 -0300] "POST /cormun/servlet/solicitudotadjuntos?bcad38e00a4a017219ba8cefd8072289,INS,2023,19559,,1, HTTP/1.1" 200 116
186.67.172.234 - - [13/Mar/2023:12:13:04 -0300] "GET /cormun/servlet/hpexe_return? HTTP/1.1" 200 1028
186.67.172.234 - - [13/Mar/2023:12:13:04 -0300] "GET /cormun/servlet/trsolicitudadjuntos?2023,19559, HTTP/1.1" 200 10192
186.67.172.234 - - [13/Mar/2023:12:13:05 -0300] "GET /cormun/servlet/trsolicitudadjuntos?2023,19559, HTTP/1.1" 200 10192
186.67.172.234 - - [13/Mar/2023:12:13:06 -0300] "GET /cormun/servlet/solicitudotadjuntos?INS,2023,19559,,1, HTTP/1.1" 200 6195
186.67.172.234 - - [13/Mar/2023:12:13:06 -0300] "GET /cormun/static/about:blank HTTP/1.1" 404 1011
186.67.172.234 - - [13/Mar/2023:12:13:06 -0300] "GET /cormun/servlet/solicitudotadjuntos?INS,2023,19559,,1, HTTP/1.1" 200 6189
186.67.172.234 - - [13/Mar/2023:12:13:07 -0300] "GET /cormun/servlet/solicitudotadjuntos?48152ad4ccc61b2fc0e249c600867a0cc5dc9ca9bbce9067c1351ad5502abc010a86ec867245b383567a4c629696825c,gx-no-cache=1678719465392 HTTP/1.1" 200 30
186.67.172.234 - - [13/Mar/2023:12:13:07 -0300] "POST /cormun/servlet/solicitudotadjuntos?bcad38e00a4a017219ba8cefd8072289,INS,2023,19559,,1,,gx-no-cache=1678719465427 HTTP/1.1" 200 4152
186.67.172.234 - - [13/Mar/2023:12:13:10 -0300] "POST /cormun/servlet/solicitudotadjuntos?gx-no-cache=1678719468273 HTTP/1.1" 200 26
186.67.172.234 - - [13/Mar/2023:12:13:16 -0300] "GET /cormun/servlet/solicitudotadjuntos?48152ad4ccc61b2fc0e249c600867a0c7360ae0f96989ead2a1d839e99661199,gx-no-cache=1678719474945 HTTP/1.1" 200 30
186.67.172.234 - - [13/Mar/2023:12:13:16 -0300] "GET /cormun/servlet/solicitudotadjuntos?48152ad4ccc61b2fc0e249c600867a0c7360ae0f96989ead2a1d839e99661199,gx-no-cache=1678719474955 HTTP/1.1" 200 30
186.67.172.234 - - [13/Mar/2023:12:13:16 -0300] "POST /cormun/servlet/solicitudotadjuntos?bcad38e00a4a017219ba8cefd8072289,INS,2023,19559,,1, HTTP/1.1" 200 116
186.67.172.234 - - [13/Mar/2023:12:13:16 -0300] "GET /cormun/servlet/hpexe_return? HTTP/1.1" 200 1028
186.67.172.234 - - [13/Mar/2023:12:13:17 -0300] "GET /cormun/servlet/trsolicitudadjuntos?2023,19559, HTTP/1.1" 200 10370
186.67.172.234 - - [13/Mar/2023:12:13:17 -0300] "GET /cormun/servlet/trsolicitudadjuntos?2023,19559, HTTP/1.1" 200 10368
186.67.172.234 - - [13/Mar/2023:12:13:30 -0300] "POST /cormun/servlet/trsolicitudadjuntos?bcad38e00a4a017219ba8cefd8072289,2023,19559,,gx-no-cache=1678719488467 HTTP/1.1" 200 90
186.67.172.234 - - [13/Mar/2023:12:13:30 -0300] "GET /cormun/servlet/hpexe_link HTTP/1.1" 200 971
186.67.172.234 - - [13/Mar/2023:12:13:30 -0300] "GET /cormun/servlet/trsolicitudot HTTP/1.1" 200 8630
186.67.172.234 - - [13/Mar/2023:12:13:30 -0300] "GET /cormun/servlet/trsolicitudot HTTP/1.1" 200 8629
186.67.172.234 - - [13/Mar/2023:12:13:47 -0300] "POST /cormun/servlet/trsolicitudot?bcad38e00a4a017219ba8cefd8072289,gx-no-cache=1678719505892 HTTP/1.1" 200 4584
186.67.172.234 - - [13/Mar/2023:12:13:47 -0300] "GET /cormun/static/Shared/jqueryui/images/ui-icons_82798d_256x240.png HTTP/1.1" 404 1089
186.67.172.234 - - [13/Mar/2023:12:13:47 -0300] "GET /cormun/static/Shared/jqueryui/images/ui-bg_highlight-soft_100_c6c2c8_1x100.png HTTP/1.1" 404 1117
186.67.172.234 - - [13/Mar/2023:12:13:47 -0300] "GET /cormun/static/Shared/jqueryui/images/ui-bg_flat_55_fafafa_40x100.png HTTP/1.1" 404 1097
186.67.172.234 - - [13/Mar/2023:12:13:47 -0300] "GET /cormun/static/Shared/jqueryui/images/ui-icons_8d78a5_256x240.png HTTP/1.1" 404 1089
186.67.172.234 - - [13/Mar/2023:12:13:47 -0300] "POST /cormun/servlet/trsolicitudot?bcad38e00a4a017219ba8cefd8072289,gx-no-cache=1678719506035 HTTP/1.1" 200 4351
186.67.172.234 - - [13/Mar/2023:12:13:51 -0300] "GET /cormun/servlet/trautorizarsolicitud? HTTP/1.1" 200 9450
186.67.172.234 - - [13/Mar/2023:12:13:51 -0300] "GET /cormun/servlet/trautorizarsolicitud? HTTP/1.1" 200 9449
186.67.172.234 - - [13/Mar/2023:12:14:14 -0300] "POST /cormun/servlet/trautorizarsolicitud?bcad38e00a4a017219ba8cefd8072289,,gx-no-cache=1678719533019 HTTP/1.1" 200 116
186.67.172.234 - - [13/Mar/2023:12:14:15 -0300] "GET /cormun/servlet/solicitudotlog?INS,2023,19544,0,ANU, HTTP/1.1" 200 5960
186.67.172.234 - - [13/Mar/2023:12:14:15 -0300] "GET /cormun/static/gxcfg.js?2020121572485 HTTP/1.1" 200 953
186.67.172.234 - - [13/Mar/2023:12:14:15 -0300] "GET /cormun/static/solicitudotlog.js?2020121572497 HTTP/1.1" 200 8934
186.67.172.234 - - [13/Mar/2023:12:14:15 -0300] "GET /cormun/servlet/solicitudotlog?INS,2023,19544,0,ANU, HTTP/1.1" 200 5960
186.67.172.234 - - [13/Mar/2023:12:14:15 -0300] "GET /cormun/servlet/solicitudotlog?48152ad4ccc61b2fc0e249c600867a0cbb8bc8ef1168b6aa51300e1aa59ddbb2fc964689df6bb0524b363ad7706b6042708efbc3bd1daad0614796cec72f64d758a7a5b9595e8fa248872686db996bfb1070a7e3b2e849f95e9fc8533f72489424a39c18298e4683fded7f70b897f62ad2f8970fbf46930bd262bbc04254ecd83c78c81a40adbfb07a746c40a0aafcd3e8400fe1b0fdc97f5d122954c3345310,gx-no-cache=1678719534015 HTTP/1.1" 200 94
186.67.172.234 - - [13/Mar/2023:12:14:19 -0300] "POST /cormun/servlet/solicitudotlog?bcad38e00a4a017219ba8cefd8072289,INS,2023,19544,0,ANU,,gx-no-cache=1678719537691 HTTP/1.1" 200 93
186.67.172.234 - - [13/Mar/2023:12:14:19 -0300] "GET /cormun/servlet/hpexe_return? HTTP/1.1" 200 1029
186.67.172.234 - - [13/Mar/2023:12:14:19 -0300] "GET /cormun/servlet/trautorizarsolicitud HTTP/1.1" 200 9084
186.67.172.234 - - [13/Mar/2023:12:14:19 -0300] "GET /cormun/servlet/trautorizarsolicitud HTTP/1.1" 200 9078
186.67.172.234 - - [13/Mar/2023:12:14:24 -0300] "GET /cormun/servlet/trsolicitudot? HTTP/1.1" 200 7196
186.67.172.234 - - [13/Mar/2023:12:14:24 -0300] "GET /cormun/servlet/trsolicitudot? HTTP/1.1" 200 7195
186.67.172.234 - - [13/Mar/2023:12:14:30 -0300] "GET /cormun/servlet/trautorizarsolicitud? HTTP/1.1" 200 9081
186.67.172.234 - - [13/Mar/2023:12:14:30 -0300] "GET /cormun/servlet/trautorizarsolicitud? HTTP/1.1" 200 9080
186.67.172.234 - - [13/Mar/2023:12:14:37 -0300] "GET /cormun/servlet/trsolicitudot? HTTP/1.1" 200 7196
186.67.172.234 - - [13/Mar/2023:12:14:37 -0300] "GET /cormun/servlet/trsolicitudot? HTTP/1.1" 200 7195
186.67.172.234 - - [13/Mar/2023:12:14:42 -0300] "GET /cormun/servlet/solicitudot?INS,0,0,false, HTTP/1.1" 200 15997
186.67.172.234 - - [13/Mar/2023:12:14:42 -0300] "GET /cormun/servlet/solicitudot?INS,0,0,false, HTTP/1.1" 200 16005
186.67.172.234 - - [13/Mar/2023:12:15:03 -0300] "POST /cormun/servlet/solicitudot?gx-no-cache=1678719581250 HTTP/1.1" 200 3952
186.67.172.234 - - [13/Mar/2023:12:15:03 -0300] "POST /cormun/servlet/solicitudot?bcad38e00a4a017219ba8cefd8072289,INS,0,0,false,,gx-no-cache=1678719581361 HTTP/1.1" 200 12776
186.67.172.234 - - [13/Mar/2023:12:15:04 -0300] "GET /cormun/servlet/solicitudot?48152ad4ccc61b2fc0e249c600867a0c49b614658dc272c9725e2f040decc964c3c3c3cba98ca70c8eedef876150752a,gx-no-cache=1678719582820 HTTP/1.1" 200 30
181.212.43.89 - - [13/Mar/2023:12:15:29 -0300] "GET /cormun/servlet/solicitudot?6065e9d86464eda40320b58890494f68b8954c759bb29bc4a0addaf360cc5d4673da5a677b75612c9940393c6079a1dc51f423f3c956589a558625bf91dab64e4917b8687f36cc66b139beb93581bba67ad3c082972705ce7ade3073cbe89948573d1f25661c7a9bc82feb6bee58d22c,gx-no-cache=1678719607473 HTTP/1.1" 200 110
190.171.141.82 - - [13/Mar/2023:12:15:29 -0300] "POST /cormun/servlet/trsolicitudot?ff85c394deccd3a55e0e557e24d70d5a,gx-no-cache=1678719607952 HTTP/1.1" 200 113
190.171.141.82 - - [13/Mar/2023:12:15:29 -0300] "GET /cormun/servlet/solicitudot?UPD,2023,19555,false, HTTP/1.1" 200 16424
190.171.141.82 - - [13/Mar/2023:12:15:30 -0300] "GET /cormun/servlet/solicitudot?UPD,2023,19555,false, HTTP/1.1" 200 16436
190.171.141.82 - - [13/Mar/2023:12:15:30 -0300] "POST /cormun/servlet/solicitudot?gx-no-cache=1678719609016 HTTP/1.1" 200 4027
190.171.141.82 - - [13/Mar/2023:12:15:31 -0300] "POST /cormun/servlet/solicitudot?ff85c394deccd3a55e0e557e24d70d5a,UPD,2023,19555,false,,gx-no-cache=1678719609130 HTTP/1.1" 200 12670
190.171.141.82 - - [13/Mar/2023:12:15:31 -0300] "GET /cormun/servlet/solicitudot?6073a5d68b8b5d6b422dfbf6cf43976ab929552feb60822837dc6787027f3fc94e5b0f2323ef1c3b76f768f40c8ccd3d,gx-no-cache=1678719609284 HTTP/1.1" 200 30
190.171.141.82 - - [13/Mar/2023:12:15:31 -0300] "GET /cormun/servlet/solicitudot?6073a5d68b8b5d6b422dfbf6cf43976a3a99cadf63fd16097935dec8b9b1cb6b8732edd98fbb480ac2ac9a9bbd186dea8b7684b515ce187d3339ff3ef79e6b32,gx-no-cache=1678719609304 HTTP/1.1" 200 30
190.171.141.82 - - [13/Mar/2023:12:15:31 -0300] "GET /cormun/servlet/solicitudot?6073a5d68b8b5d6b422dfbf6cf43976ad21132d5901111873223503561bc82aba04fdb2ae6f4de9c8d705a53d053793892846917d132b011e6cf801c6b032f02,gx-no-cache=1678719609322 HTTP/1.1" 200 53
190.171.141.82 - - [13/Mar/2023:12:15:31 -0300] "POST /cormun/servlet/solicitudot?gx-no-cache=1678719609343 HTTP/1.1" 200 238
190.171.141.82 - - [13/Mar/2023:12:15:31 -0300] "GET /cormun/servlet/solicitudot?6073a5d68b8b5d6b422dfbf6cf43976a2e1162134c12024c94d2e08a72451940c92f38ac8013285ddc543797bac2bbba2f606d7d703e74dff935fa6a57db1d19408d6391e7f0ff3d7a6c9c0499e68a86d102e4ec7fa47970316122eab18cbdcc6a43bd5157b8b3368e1b8d82a85ee75d890bf0c92e7a6e251a514270094c80a4b8ed6d2018fba5e42349653e2d570efc09d34cb6f5f72f68d2cc83d7714ffd95c5c8f50c02e1284d0b618ecf857f6deb79765d5fb36aed047a9b58da3870f31716ff4a33fd01bd52e17c201fd3f0ce4e92a222110603c272b3078ea3b815ce29158dcd2240f4f7cd002c2dbd93ad5963c79c1c0e5036ebdd0870e43c8b40a6fadda5a6c81426dbbde5304bb70079e04401eb6d98ee798629a6427d7f4e8552f033fb34d4ec4bcea0fa96ca34901f6b0e3306d8a29059c3194534e9ee332857b35e53a19d765a48de17844feb3082a851e00eeb4f8193379b761b301f4f8597acc70f0aa8bf2a94fb37caec31d7959284f748e6c2f31bd91b8f1d2f688f6b27d2,gx-no-cache=1678719609364 HTTP/1.1" 200 30
190.171.141.82 - - [13/Mar/2023:12:15:31 -0300] "POST /cormun/servlet/solicitudot?gx-no-cache=1678719609382 HTTP/1.1" 200 30
190.171.141.82 - - [13/Mar/2023:12:15:31 -0300] "POST /cormun/servlet/solicitudot?gx-no-cache=1678719609406 HTTP/1.1" 200 1473
190.171.141.82 - - [13/Mar/2023:12:15:31 -0300] "POST /cormun/servlet/solicitudot?gx-no-cache=1678719609480 HTTP/1.1" 200 41
190.171.141.82 - - [13/Mar/2023:12:15:34 -0300] "GET /cormun/servlet/prbanco?,MD,,gxPopupLevel%3D0%3B HTTP/1.1" 200 6529
181.212.43.89 - - [13/Mar/2023:12:15:37 -0300] "POST /cormun/servlet/solicitudot?gx-no-cache=1678719615375 HTTP/1.1" 200 72
186.67.172.234 - - [13/Mar/2023:12:15:40 -0300] "GET /cormun/servlet/solicitudot?48152ad4ccc61b2fc0e249c600867a0c8f1e3b0efd8436633727eff94810a3e6d678ec5b42d0cff462820db25a1f33681040dc18163375d8d50a00643624f6d2,gx-no-cache=1678719618653 HTTP/1.1" 200 30
190.171.141.82 - - [13/Mar/2023:12:15:42 -0300] "GET /cormun/servlet/solicitudot?6073a5d68b8b5d6b422dfbf6cf43976a36765df54b9be81c100764556ca57531a04fdb2ae6f4de9c8d705a53d053793892846917d132b011e6cf801c6b032f02,gx-no-cache=1678719620804 HTTP/1.1" 200 45
186.67.172.234 - - [13/Mar/2023:12:15:43 -0300] "GET /cormun/servlet/solicitudot?48152ad4ccc61b2fc0e249c600867a0c55f20cc30ce14d07faecd502bf3ecf5c,gx-no-cache=1678719621597 HTTP/1.1" 200 53
181.212.43.89 - - [13/Mar/2023:12:15:43 -0300] "POST /cormun/servlet/solicitudot?gx-no-cache=1678719621447 HTTP/1.1" 200 33
181.212.43.89 - - [13/Mar/2023:12:15:46 -0300] "POST /cormun/servlet/solicitudot?b1ffe9e8a7063449a0f00e5769f209f4,INS,0,0,false,,gx-no-cache=1678719624492 HTTP/1.1" 200 93
181.212.43.89 - - [13/Mar/2023:12:15:46 -0300] "GET /cormun/servlet/hpexe_return? HTTP/1.1" 200 1028
181.212.43.89 - - [13/Mar/2023:12:15:47 -0300] "GET /cormun/servlet/trsolicitudot?gx-no-cache=1678717904824 HTTP/1.1" 200 9278
181.212.43.89 - - [13/Mar/2023:12:15:47 -0300] "GET /cormun/servlet/trsolicitudot?gx-no-cache=1678717904824 HTTP/1.1" 200 9295
186.67.172.234 - - [13/Mar/2023:12:15:53 -0300] "POST /cormun/servlet/solicitudot?gx-no-cache=1678719631603 HTTP/1.1" 200 297
186.67.172.234 - - [13/Mar/2023:12:15:53 -0300] "GET /cormun/servlet/solicitudot?48152ad4ccc61b2fc0e249c600867a0c894b453186036e1ada09d8ff7042361e6d3044d3f248973740a203cc5c34828b23fe71e906bd8689e198693a13ac88b1492b8154fd864955940f3f3fa54a8d286b4fb974e24d35e74d28ed70cc3f0f741d27539bc9cd0b07a2ed081c5669b9cea3d2cbc402c1d96ad49194b7b2ba90badd69ff5e9d55b06901536b9964bacd86d0b12202b7cc8fc1d38476ebe171ad4c3c615d62754cd31bfa1a7665d06964e21774ba4dfa440a61ca1ba3349f981872a746a9460f205c9a16d45872bd09f1f837a9da42b8dd2e98b02f81d62650dbc4fe4d9ea97e62ab7990af58ee906a49bc3e4e81020b7e9c5cb1bcf9c2b5e8d8fb38c47ef211e639495e9ec2f48b6587a5e4c8be48216588c33b23d299654d28c0c22c9719f3e2390a6166c49d8a19dd479f8b1fc04b1fdd047aaa5f0243390ca94dd795556e687b6a23e1fed6d91376780813db938373afd364414d610577b9b9309f87cf6df9a1aeafe8635866e8cd8094be3d206257fa68874bd9a26f73a835576560f89da182820d13b68f49b54bbb,gx-no-cache=1678719631630 HTTP/1.1" 200 30
186.67.172.234 - - [13/Mar/2023:12:15:54 -0300] "POST /cormun/servlet/solicitudot?gx-no-cache=1678719632929 HTTP/1.1" 200 30
186.67.172.234 - - [13/Mar/2023:12:15:55 -0300] "POST /cormun/servlet/solicitudot?gx-no-cache=1678719633678 HTTP/1.1" 200 1469
186.67.172.234 - - [13/Mar/2023:12:15:55 -0300] "POST /cormun/servlet/solicitudot?gx-no-cache=1678719633754 HTTP/1.1" 200 38
181.212.43.89 - - [13/Mar/2023:12:16:00 -0300] "POST /cormun/servlet/trsolicitudot?b1ffe9e8a7063449a0f00e5769f209f4,gx-no-cache=1678717904824,gx-no-cache=1678719638558 HTTP/1.1" 200 113
181.212.43.89 - - [13/Mar/2023:12:16:00 -0300] "GET /cormun/servlet/solicitudot?UPD,2023,19561,false, HTTP/1.1" 200 16510
181.212.43.89 - - [13/Mar/2023:12:16:01 -0300] "GET /cormun/servlet/solicitudot?UPD,2023,19561,false, HTTP/1.1" 200 16499
181.212.43.89 - - [13/Mar/2023:12:16:01 -0300] "POST /cormun/servlet/solicitudot?gx-no-cache=1678719639488 HTTP/1.1" 200 4013
181.212.43.89 - - [13/Mar/2023:12:16:01 -0300] "POST /cormun/servlet/solicitudot?b1ffe9e8a7063449a0f00e5769f209f4,UPD,2023,19561,false,,gx-no-cache=1678719639596 HTTP/1.1" 200 12718
181.212.43.89 - - [13/Mar/2023:12:16:01 -0300] "GET /cormun/servlet/solicitudot?6065e9d86464eda40320b58890494f68e94390c7b1db913eb8f17028075673d9c20c0973927a77fae50e9a5993522d72,gx-no-cache=1678719639738 HTTP/1.1" 200 30
181.212.43.89 - - [13/Mar/2023:12:16:01 -0300] "GET /cormun/servlet/solicitudot?6065e9d86464eda40320b58890494f68380ad75398165ff7959b0223af8e96bcf04bbcdaeff258379e0d3e1cf649faee6a50c46d3a28e329aba6832c3ec4c6f5,gx-no-cache=1678719639761 HTTP/1.1" 200 30
181.212.43.89 - - [13/Mar/2023:12:16:01 -0300] "GET /cormun/servlet/solicitudot?6065e9d86464eda40320b58890494f68bc6ad91532b0df2190ea5b94f10c61020c9694c1c59a63105eb2aa8a9b107ca88b81349a41b689acea7144142d17c99158913b7d04baba460fde42db6d87fa7c935ddef88b29f7ef44acb5edcf8539cc,gx-no-cache=1678719639780 HTTP/1.1" 200 70
181.212.43.89 - - [13/Mar/2023:12:16:01 -0300] "POST /cormun/servlet/solicitudot?gx-no-cache=1678719639801 HTTP/1.1" 200 256
181.212.43.89 - - [13/Mar/2023:12:16:01 -0300] "GET /cormun/servlet/solicitudot?6065e9d86464eda40320b58890494f686ac96b5ab106384d24b0b53df7ad211dcfdb1a5ce37dcd159940fedd66d25961c8efae92f353608fae159d89bf6c09da037f6240da8dcbf973c1934ebee505303472d048a6722f0ce745fdd16f8e4c87503b740744aa7e9d498e131adbe0f6cd34e96126fbad429c3fa3b7dc314f96b5a64460e064f0747e13876a35695439108cc66675599b9d0159a2939e6a8d9575784528b09d22118a1829d7d61ed4370a7167d516e7d568ca1fe64e4415cd69087d175f445099e94ba6ae01062c957d1f0445649b43ce0fe2d66ac260f8d39a9f2c10086bf02ff46b78c30c69efe6242ad314bb360edad93af9e7dab8bd5c0a892e0c78d464a1425755ee0482585894e3abe9c847d98b12a2efa9d0eb36bb44ce089e2dd07e9a8c01027db0e10f6917b8e3e7effb7343eae88fc11a857130ffa2a23bfab4369ecee051f1cdb0c7747a25e9c87a24d148a8e640cbc8f077421ce10270e49b6361f0d753f31434304448a7b6c340e54e35ba34931afd2ad419a3d0,gx-no-cache=1678719639824 HTTP/1.1" 200 30
181.212.43.89 - - [13/Mar/2023:12:16:01 -0300] "POST /cormun/servlet/solicitudot?gx-no-cache=1678719639844 HTTP/1.1" 200 30
181.212.43.89 - - [13/Mar/2023:12:16:01 -0300] "POST /cormun/servlet/solicitudot?gx-no-cache=1678719639866 HTTP/1.1" 200 1470
181.212.43.89 - - [13/Mar/2023:12:16:01 -0300] "POST /cormun/servlet/solicitudot?gx-no-cache=1678719639896 HTTP/1.1" 200 41
181.212.43.89 - - [13/Mar/2023:12:16:04 -0300] "GET /cormun/servlet/solicitudot?6065e9d86464eda40320b58890494f68b8954c759bb29bc4a0addaf360cc5d4673da5a677b75612c9940393c6079a1dc51f423f3c956589a558625bf91dab64e4917b8687f36cc66b139beb93581bba67ad3c082972705ce7ade3073cbe89948573d1f25661c7a9bc82feb6bee58d22c,gx-no-cache=1678719642225 HTTP/1.1" 200 110
181.212.43.89 - - [13/Mar/2023:12:16:04 -0300] "POST /cormun/servlet/solicitudot?gx-no-cache=1678719642247 HTTP/1.1" 200 67
181.212.43.89 - - [13/Mar/2023:12:16:05 -0300] "GET /cormun/servlet/solicitudot?6065e9d86464eda40320b58890494f6824bdd0ac62f2ba6d88aea5a06b9087adbaf6662947800f97f04b7cb4d7a8c7b5a87bd59c3484c7d6594d3456145993b7ff5850bc868250d7478f2c7cbcee418da0c39ecfd8eca02bf394ef28fd0e949360dc8261585a5c05da29647ad5d1524cfcf24aed51593855263d0911e0436bfd420295445bcfa6b13a3ca4aac48880d8bad1543339a366def9cb7e0e68f7c707658e0db1809d11ddd6d315313801e15c12d9772aa87ab6cec5d967fd29134948b9bbe88a80600bac20290dae1c3457af,gx-no-cache=1678719643322 HTTP/1.1" 200 30
181.212.43.89 - - [13/Mar/2023:12:16:07 -0300] "GET /cormun/servlet/solicitudot?6065e9d86464eda40320b58890494f686ade2eede60d97b099fd8bb9db237e997c812e87856c6c0e48119d33fe5d9308,gx-no-cache=1678719645099 HTTP/1.1" 200 30
181.212.43.89 - - [13/Mar/2023:12:16:07 -0300] "POST /cormun/servlet/solicitudot?gx-no-cache=1678719645119 HTTP/1.1" 200 33
181.212.43.89 - - [13/Mar/2023:12:16:07 -0300] "POST /cormun/servlet/solicitudot?b1ffe9e8a7063449a0f00e5769f209f4,UPD,2023,19561,false,,gx-no-cache=1678719645172 HTTP/1.1" 200 93
181.212.43.89 - - [13/Mar/2023:12:16:07 -0300] "GET /cormun/servlet/hpexe_return? HTTP/1.1" 200 1035
181.212.43.89 - - [13/Mar/2023:12:16:07 -0300] "GET /cormun/servlet/trsolicitudot?gx-no-cache=1678717904824 HTTP/1.1" 200 9267
181.212.43.89 - - [13/Mar/2023:12:16:07 -0300] "GET /cormun/servlet/trsolicitudot?gx-no-cache=1678717904824 HTTP/1.1" 200 9285
186.67.172.234 - - [13/Mar/2023:12:16:11 -0300] "GET /cormun/servlet/solicitudot?48152ad4ccc61b2fc0e249c600867a0c87fae140c9685e509d9b3a82f7e57c0ae364088e48b6d98c1a0d9e93c95332f9827183c169407b729bdc4b5c71b35e277bd0a0c1ad7a4cac0bd9d975cc6491794d6472cf57fb21e3917ea361f12d6fe6af36193a54e2c2e5f9a8b1b3e8451c1d,gx-no-cache=1678719649425 HTTP/1.1" 200 110
186.67.172.234 - - [13/Mar/2023:12:16:14 -0300] "POST /cormun/servlet/solicitudot?gx-no-cache=1678719653138 HTTP/1.1" 200 64
190.171.141.82 - - [13/Mar/2023:12:16:24 -0300] "POST /cormun/servlet/solicitudot?gx-no-cache=1678719663143 HTTP/1.1" 200 30
186.67.172.234 - - [13/Mar/2023:12:16:24 -0300] "GET /cormun/servlet/solicitudot?48152ad4ccc61b2fc0e249c600867a0c269c787977ec0784ccc6e736e4a859c4a9d8c0c84887bb22da982c4627914a2dde9036b911990d951fb66d7b431514350297aa64c3c9f94919d48bb32c92fa1bd575e928cfa8c7789ead19f038e172fb50d9c0b3bb728d3aae2b5eea76783da7,gx-no-cache=1678719663217 HTTP/1.1" 200 29
186.67.172.234 - - [13/Mar/2023:12:16:24 -0300] "GET /cormun/static/menuarrow.gif HTTP/1.1" 404 1015
190.171.141.82 - - [13/Mar/2023:12:16:25 -0300] "POST /cormun/servlet/solicitudot?gx-no-cache=1678719663178 HTTP/1.1" 200 1473
190.171.141.82 - - [13/Mar/2023:12:16:25 -0300] "POST /cormun/servlet/solicitudot?gx-no-cache=1678719663258 HTTP/1.1" 200 41
190.171.141.82 - - [13/Mar/2023:12:16:25 -0300] "GET /cormun/servlet/solicitudot?6073a5d68b8b5d6b422dfbf6cf43976ac127d944138116e5deaa0f2dc48258cdb1ee42d670ee83e342e58b84af96bd285a8c714b83583087a8300b591d981faf6ba96e0a671a698983d38ee47b9604add06ad82a8f2d70297d347161a53024fce2b22fddd136ba0505dae02a10ac59e6,gx-no-cache=1678719663284 HTTP/1.1" 200 110
190.171.141.82 - - [13/Mar/2023:12:16:25 -0300] "POST /cormun/servlet/solicitudot?gx-no-cache=1678719663312 HTTP/1.1" 200 67
190.171.141.82 - - [13/Mar/2023:12:16:25 -0300] "GET /cormun/servlet/solicitudot?6073a5d68b8b5d6b422dfbf6cf43976ad24f415382daf4e8821fcebdc458a80059cad1ab3b7fead786e18ac10ef6cf48bf5dc0cc891bf0e9c110a0c36568fd2959ea03a4f86d1421d472df00169cea81706762805f004138130bef996f96d3f3c10fcf62ad3d3e1cb48506a77dede16f2f6fbc7caad494cfcad9f90069e18dae1f793da2a22ea8ad9c60a94b092d3d4250d3ad36f11120608c1075647cb7d3dd,gx-no-cache=1678719663342 HTTP/1.1" 200 29
190.171.141.82 - - [13/Mar/2023:12:16:25 -0300] "GET /cormun/servlet/solicitudot?6073a5d68b8b5d6b422dfbf6cf43976a78cb005c4fa9b772d8c764c163db41f0147f49b9cfdb0879a10bfaf26d41878d,gx-no-cache=1678719663363 HTTP/1.1" 200 30
190.171.141.82 - - [13/Mar/2023:12:16:25 -0300] "POST /cormun/servlet/solicitudot?gx-no-cache=1678719663388 HTTP/1.1" 200 30
190.171.141.82 - - [13/Mar/2023:12:16:25 -0300] "POST /cormun/servlet/solicitudot?ff85c394deccd3a55e0e557e24d70d5a,UPD,2023,19555,false,,gx-no-cache=1678719663420 HTTP/1.1" 200 93
190.171.141.82 - - [13/Mar/2023:12:16:25 -0300] "GET /cormun/servlet/hpexe_return? HTTP/1.1" 200 1016
190.171.141.82 - - [13/Mar/2023:12:16:25 -0300] "GET /cormun/servlet/trsolicitudot HTTP/1.1" 200 9459
190.171.141.82 - - [13/Mar/2023:12:16:26 -0300] "GET /cormun/servlet/trsolicitudot HTTP/1.1" 200 9455
190.171.141.82 - - [13/Mar/2023:12:16:30 -0300] "POST /cormun/servlet/trsolicitudot?ff85c394deccd3a55e0e557e24d70d5a,gx-no-cache=1678719669105 HTTP/1.1" 200 112
190.171.141.82 - - [13/Mar/2023:12:16:31 -0300] "GET /cormun/servlet/solicitudot?UPD,2023,19554,false, HTTP/1.1" 200 16387
190.171.141.82 - - [13/Mar/2023:12:16:31 -0300] "GET /cormun/servlet/solicitudot?UPD,2023,19554,false, HTTP/1.1" 200 16398
190.171.141.82 - - [13/Mar/2023:12:16:32 -0300] "POST /cormun/servlet/solicitudot?gx-no-cache=1678719670134 HTTP/1.1" 200 4027
190.171.141.82 - - [13/Mar/2023:12:16:32 -0300] "POST /cormun/servlet/solicitudot?ff85c394deccd3a55e0e557e24d70d5a,UPD,2023,19554,false,,gx-no-cache=1678719670262 HTTP/1.1" 200 12653
190.171.141.82 - - [13/Mar/2023:12:16:32 -0300] "GET /cormun/servlet/solicitudot?6073a5d68b8b5d6b422dfbf6cf43976ab929552feb60822837dc6787027f3fc94e5b0f2323ef1c3b76f768f40c8ccd3d,gx-no-cache=1678719670434 HTTP/1.1" 200 30
190.171.141.82 - - [13/Mar/2023:12:16:32 -0300] "GET /cormun/servlet/solicitudot?6073a5d68b8b5d6b422dfbf6cf43976a3a99cadf63fd16097935dec8b9b1cb6b8732edd98fbb480ac2ac9a9bbd186dea8b7684b515ce187d3339ff3ef79e6b32,gx-no-cache=1678719670456 HTTP/1.1" 200 30
190.171.141.82 - - [13/Mar/2023:12:16:32 -0300] "GET /cormun/servlet/solicitudot?6073a5d68b8b5d6b422dfbf6cf43976ad21132d5901111873223503561bc82aba04fdb2ae6f4de9c8d705a53d053793892846917d132b011e6cf801c6b032f02,gx-no-cache=1678719670474 HTTP/1.1" 200 53
190.171.141.82 - - [13/Mar/2023:12:16:32 -0300] "POST /cormun/servlet/solicitudot?gx-no-cache=1678719670495 HTTP/1.1" 200 240
190.171.141.82 - - [13/Mar/2023:12:16:32 -0300] "GET /cormun/servlet/solicitudot?6073a5d68b8b5d6b422dfbf6cf43976a2e1162134c12024c94d2e08a72451940c92f38ac8013285ddc543797bac2bbba2f606d7d703e74dff935fa6a57db1d19408d6391e7f0ff3d7a6c9c0499e68a86d102e4ec7fa47970316122eab18cbdcc6a43bd5157b8b3368e1b8d82a85ee75d890bf0c92e7a6e251a514270094c80a4b8ed6d2018fba5e42349653e2d570efc09d34cb6f5f72f68d2cc83d7714ffd95c5c8f50c02e1284d0b618ecf857f6deb79765d5fb36aed047a9b58da3870f31716ff4a33fd01bd52e17c201fd3f0ce4e92a222110603c272b3078ea3b815ce29158dcd2240f4f7cd002c2dbd93ad5963c79c1c0e5036ebdd0870e43c8b40a6fadda5a6c81426dbbde5304bb70079e04401eb6d98ee798629a6427d7f4e8552f033fb34d4ec4bcea0fa96ca34901f6b0e3306d8a29059c3194534e9ee332857b35e53a19d765a48de17844feb3082a851e00eeb4f8193379b761b301f4f8597acc70f0aa8bf2a94fb37caec31d7959284f748e6c2f31bd91b8f1d2f688f6b27d2,gx-no-cache=1678719670516 HTTP/1.1" 200 30
190.171.141.82 - - [13/Mar/2023:12:16:32 -0300] "POST /cormun/servlet/solicitudot?gx-no-cache=1678719670534 HTTP/1.1" 200 30
190.171.141.82 - - [13/Mar/2023:12:16:32 -0300] "POST /cormun/servlet/solicitudot?gx-no-cache=1678719670556 HTTP/1.1" 200 1470
190.171.141.82 - - [13/Mar/2023:12:16:32 -0300] "POST /cormun/servlet/solicitudot?gx-no-cache=1678719670631 HTTP/1.1" 200 41
190.171.141.82 - - [13/Mar/2023:12:16:34 -0300] "GET /cormun/servlet/prbanco?,MD,,gxPopupLevel%3D0%3B HTTP/1.1" 200 6529
186.67.172.234 - - [13/Mar/2023:12:16:34 -0300] "GET /cormun/servlet/solicitudot?48152ad4ccc61b2fc0e249c600867a0ce21a145116ca36586935ab47550b42b53042f0b085cbfd13d94cb0ed27d7a27b,gx-no-cache=1678719672552 HTTP/1.1" 200 30
190.171.141.82 - - [13/Mar/2023:12:16:40 -0300] "GET /cormun/servlet/solicitudot?6073a5d68b8b5d6b422dfbf6cf43976a36765df54b9be81c100764556ca57531a04fdb2ae6f4de9c8d705a53d053793892846917d132b011e6cf801c6b032f02,gx-no-cache=1678719678787 HTTP/1.1" 200 45
186.67.172.234 - - [13/Mar/2023:12:16:42 -0300] "POST /cormun/servlet/solicitudot?gx-no-cache=1678719680329 HTTP/1.1" 200 30
186.67.172.234 - - [13/Mar/2023:12:16:42 -0300] "POST /cormun/servlet/solicitudot?bcad38e00a4a017219ba8cefd8072289,INS,0,0,false,,gx-no-cache=1678719680350 HTTP/1.1" 200 93
186.67.172.234 - - [13/Mar/2023:12:16:42 -0300] "GET /cormun/servlet/hpexe_return? HTTP/1.1" 200 1009
186.67.172.234 - - [13/Mar/2023:12:16:43 -0300] "GET /cormun/servlet/trsolicitudot HTTP/1.1" 200 8648
186.67.172.234 - - [13/Mar/2023:12:16:43 -0300] "GET /cormun/servlet/trsolicitudot HTTP/1.1" 200 8644
186.67.172.234 - - [13/Mar/2023:12:16:46 -0300] "POST /cormun/servlet/trsolicitudot?bcad38e00a4a017219ba8cefd8072289,gx-no-cache=1678719684268 HTTP/1.1" 200 107
186.67.172.234 - - [13/Mar/2023:12:16:46 -0300] "GET /cormun/servlet/trsolicitudadjuntos?2023,19562, HTTP/1.1" 200 6252
186.67.172.234 - - [13/Mar/2023:12:16:46 -0300] "GET /cormun/servlet/trsolicitudadjuntos?2023,19562, HTTP/1.1" 200 6251
186.67.172.234 - - [13/Mar/2023:12:16:49 -0300] "GET /cormun/servlet/solicitudotadjuntos?INS,2023,19562,,1, HTTP/1.1" 200 6195
186.67.172.234 - - [13/Mar/2023:12:16:49 -0300] "GET /cormun/static/about:blank HTTP/1.1" 404 1011
186.67.172.234 - - [13/Mar/2023:12:16:49 -0300] "GET /cormun/servlet/solicitudotadjuntos?INS,2023,19562,,1, HTTP/1.1" 200 6188
186.67.172.234 - - [13/Mar/2023:12:16:50 -0300] "GET /cormun/servlet/solicitudotadjuntos?48152ad4ccc61b2fc0e249c600867a0ce45053cb049106782846bfa6a2f425650a86ec867245b383567a4c629696825c,gx-no-cache=1678719688280 HTTP/1.1" 200 30
186.67.172.234 - - [13/Mar/2023:12:16:50 -0300] "POST /cormun/servlet/solicitudotadjuntos?bcad38e00a4a017219ba8cefd8072289,INS,2023,19562,,1,,gx-no-cache=1678719688294 HTTP/1.1" 200 4150
186.67.172.234 - - [13/Mar/2023:12:16:51 -0300] "POST /cormun/servlet/solicitudotadjuntos?gx-no-cache=1678719690019 HTTP/1.1" 200 26
190.171.141.82 - - [13/Mar/2023:12:16:56 -0300] "POST /cormun/servlet/solicitudot?gx-no-cache=1678719694423 HTTP/1.1" 200 30
190.171.141.82 - - [13/Mar/2023:12:16:56 -0300] "POST /cormun/servlet/solicitudot?gx-no-cache=1678719694446 HTTP/1.1" 200 1470
190.171.141.82 - - [13/Mar/2023:12:16:56 -0300] "POST /cormun/servlet/solicitudot?gx-no-cache=1678719694529 HTTP/1.1" 200 41
190.171.141.82 - - [13/Mar/2023:12:16:56 -0300] "GET /cormun/servlet/solicitudot?6073a5d68b8b5d6b422dfbf6cf43976ac127d944138116e5deaa0f2dc48258cdb1ee42d670ee83e342e58b84af96bd285a8c714b83583087a8300b591d981faf6ba96e0a671a698983d38ee47b9604add06ad82a8f2d70297d347161a53024fce2b22fddd136ba0505dae02a10ac59e6,gx-no-cache=1678719694558 HTTP/1.1" 200 110
190.171.141.82 - - [13/Mar/2023:12:16:56 -0300] "POST /cormun/servlet/solicitudot?gx-no-cache=1678719694587 HTTP/1.1" 200 67
190.171.141.82 - - [13/Mar/2023:12:16:56 -0300] "GET /cormun/servlet/solicitudot?6073a5d68b8b5d6b422dfbf6cf43976ad24f415382daf4e8821fcebdc458a80059cad1ab3b7fead786e18ac10ef6cf48bf5dc0cc891bf0e9c110a0c36568fd2959ea03a4f86d1421d472df00169cea81706762805f004138130bef996f96d3f3c10fcf62ad3d3e1cb48506a77dede16f2f6fbc7caad494cfcad9f90069e18dae1f793da2a22ea8ad9c60a94b092d3d4250d3ad36f11120608c1075647cb7d3dd,gx-no-cache=1678719694616 HTTP/1.1" 200 29
190.171.141.82 - - [13/Mar/2023:12:16:56 -0300] "GET /cormun/servlet/solicitudot?6073a5d68b8b5d6b422dfbf6cf43976a78cb005c4fa9b772d8c764c163db41f0147f49b9cfdb0879a10bfaf26d41878d,gx-no-cache=1678719694635 HTTP/1.1" 200 30
190.171.141.82 - - [13/Mar/2023:12:16:56 -0300] "POST /cormun/servlet/solicitudot?gx-no-cache=1678719694657 HTTP/1.1" 200 34
190.171.141.82 - - [13/Mar/2023:12:16:56 -0300] "POST /cormun/servlet/solicitudot?ff85c394deccd3a55e0e557e24d70d5a,UPD,2023,19554,false,,gx-no-cache=1678719694682 HTTP/1.1" 200 93
190.171.141.82 - - [13/Mar/2023:12:16:56 -0300] "GET /cormun/servlet/hpexe_return? HTTP/1.1" 200 1016
190.171.141.82 - - [13/Mar/2023:12:16:57 -0300] "GET /cormun/servlet/trsolicitudot HTTP/1.1" 200 9459
190.171.141.82 - - [13/Mar/2023:12:16:57 -0300] "GET /cormun/servlet/trsolicitudot HTTP/1.1" 200 9455
190.171.141.82 - - [13/Mar/2023:12:17:00 -0300] "POST /cormun/servlet/trsolicitudot?ff85c394deccd3a55e0e557e24d70d5a,gx-no-cache=1678719698281 HTTP/1.1" 200 113
190.171.141.82 - - [13/Mar/2023:12:17:00 -0300] "GET /cormun/servlet/solicitudot?UPD,2023,19553,false, HTTP/1.1" 200 16415
190.171.141.82 - - [13/Mar/2023:12:17:00 -0300] "GET /cormun/servlet/solicitudot?UPD,2023,19553,false, HTTP/1.1" 200 16427
190.171.141.82 - - [13/Mar/2023:12:17:01 -0300] "POST /cormun/servlet/solicitudot?gx-no-cache=1678719699298 HTTP/1.1" 200 4026
190.171.141.82 - - [13/Mar/2023:12:17:01 -0300] "POST /cormun/servlet/solicitudot?ff85c394deccd3a55e0e557e24d70d5a,UPD,2023,19553,false,,gx-no-cache=1678719699414 HTTP/1.1" 200 12657
190.171.141.82 - - [13/Mar/2023:12:17:01 -0300] "GET /cormun/servlet/solicitudot?6073a5d68b8b5d6b422dfbf6cf43976ab929552feb60822837dc6787027f3fc94e5b0f2323ef1c3b76f768f40c8ccd3d,gx-no-cache=1678719699576 HTTP/1.1" 200 30
190.171.141.82 - - [13/Mar/2023:12:17:01 -0300] "GET /cormun/servlet/solicitudot?6073a5d68b8b5d6b422dfbf6cf43976a3a99cadf63fd16097935dec8b9b1cb6b8732edd98fbb480ac2ac9a9bbd186dea8b7684b515ce187d3339ff3ef79e6b32,gx-no-cache=1678719699880 HTTP/1.1" 200 30
190.171.141.82 - - [13/Mar/2023:12:17:01 -0300] "GET /cormun/servlet/solicitudot?6073a5d68b8b5d6b422dfbf6cf43976ad21132d5901111873223503561bc82aba04fdb2ae6f4de9c8d705a53d053793892846917d132b011e6cf801c6b032f02,gx-no-cache=1678719699902 HTTP/1.1" 200 53
190.171.141.82 - - [13/Mar/2023:12:17:01 -0300] "POST /cormun/servlet/solicitudot?gx-no-cache=1678719699928 HTTP/1.1" 200 240
190.171.141.82 - - [13/Mar/2023:12:17:01 -0300] "GET /cormun/servlet/solicitudot?6073a5d68b8b5d6b422dfbf6cf43976a2e1162134c12024c94d2e08a72451940c92f38ac8013285ddc543797bac2bbba2f606d7d703e74dff935fa6a57db1d19408d6391e7f0ff3d7a6c9c0499e68a86d102e4ec7fa47970316122eab18cbdcc6a43bd5157b8b3368e1b8d82a85ee75d890bf0c92e7a6e251a514270094c80a4b8ed6d2018fba5e42349653e2d570efc09d34cb6f5f72f68d2cc83d7714ffd95c5c8f50c02e1284d0b618ecf857f6deb79765d5fb36aed047a9b58da3870f31716ff4a33fd01bd52e17c201fd3f0ce4e92a222110603c272b3078ea3b815ce29158dcd2240f4f7cd002c2dbd93ad5963c79c1c0e5036ebdd0870e43c8b40a6fadda5a6c81426dbbde5304bb70079e04401eb6d98ee798629a6427d7f4e8552f033fb34d4ec4bcea0fa96ca34901f6b0e3306d8a29059c3194534e9ee332857b35e53a19d765a48de17844feb3082a851e00eeb4f8193379b761b301f4f8597acc70f0aa8bf2a94fb37caec31d7959284f748e6c2f31bd91b8f1d2f688f6b27d2,gx-no-cache=1678719699955 HTTP/1.1" 200 30
190.171.141.82 - - [13/Mar/2023:12:17:01 -0300] "POST /cormun/servlet/solicitudot?gx-no-cache=1678719699979 HTTP/1.1" 200 30
190.171.141.82 - - [13/Mar/2023:12:17:01 -0300] "POST /cormun/servlet/solicitudot?gx-no-cache=1678719700011 HTTP/1.1" 200 1468
190.171.141.82 - - [13/Mar/2023:12:17:01 -0300] "POST /cormun/servlet/solicitudot?gx-no-cache=1678719700088 HTTP/1.1" 200 41
186.67.172.234 - - [13/Mar/2023:12:17:02 -0300] "GET /cormun/servlet/solicitudotadjuntos?48152ad4ccc61b2fc0e249c600867a0c7360ae0f96989ead2a1d839e99661199,gx-no-cache=1678719700457 HTTP/1.1" 200 30
186.67.172.234 - - [13/Mar/2023:12:17:02 -0300] "GET /cormun/servlet/solicitudotadjuntos?48152ad4ccc61b2fc0e249c600867a0c7360ae0f96989ead2a1d839e99661199,gx-no-cache=1678719700467 HTTP/1.1" 200 30
186.67.172.234 - - [13/Mar/2023:12:17:02 -0300] "POST /cormun/servlet/solicitudotadjuntos?bcad38e00a4a017219ba8cefd8072289,INS,2023,19562,,1, HTTP/1.1" 200 116
186.67.172.234 - - [13/Mar/2023:12:17:02 -0300] "GET /cormun/servlet/hpexe_return? HTTP/1.1" 200 1028
186.67.172.234 - - [13/Mar/2023:12:17:02 -0300] "GET /cormun/servlet/trsolicitudadjuntos?2023,19562, HTTP/1.1" 200 9149
186.67.172.234 - - [13/Mar/2023:12:17:02 -0300] "GET /cormun/servlet/trsolicitudadjuntos?2023,19562, HTTP/1.1" 200 9148
186.67.172.234 - - [13/Mar/2023:12:17:04 -0300] "GET /cormun/servlet/solicitudotadjuntos?INS,2023,19562,,1, HTTP/1.1" 200 6195
186.67.172.234 - - [13/Mar/2023:12:17:04 -0300] "GET /cormun/static/about:blank HTTP/1.1" 404 1011
186.67.172.234 - - [13/Mar/2023:12:17:04 -0300] "GET /cormun/servlet/solicitudotadjuntos?INS,2023,19562,,1, HTTP/1.1" 200 6188
186.67.172.234 - - [13/Mar/2023:12:17:05 -0300] "GET /cormun/servlet/solicitudotadjuntos?48152ad4ccc61b2fc0e249c600867a0ce45053cb049106782846bfa6a2f425650a86ec867245b383567a4c629696825c,gx-no-cache=1678719703245 HTTP/1.1" 200 30
186.67.172.234 - - [13/Mar/2023:12:17:05 -0300] "POST /cormun/servlet/solicitudotadjuntos?bcad38e00a4a017219ba8cefd8072289,INS,2023,19562,,1,,gx-no-cache=1678719703256 HTTP/1.1" 200 4150
190.171.141.82 - - [13/Mar/2023:12:17:05 -0300] "GET /cormun/servlet/prbanco?,MD,,gxPopupLevel%3D0%3B HTTP/1.1" 200 6529
186.67.172.234 - - [13/Mar/2023:12:17:07 -0300] "POST /cormun/servlet/solicitudotadjuntos?gx-no-cache=1678719705361 HTTP/1.1" 200 26
190.171.141.82 - - [13/Mar/2023:12:17:09 -0300] "GET /cormun/servlet/solicitudot?6073a5d68b8b5d6b422dfbf6cf43976a36765df54b9be81c100764556ca57531a04fdb2ae6f4de9c8d705a53d053793892846917d132b011e6cf801c6b032f02,gx-no-cache=1678719707636 HTTP/1.1" 200 45
186.67.172.234 - - [13/Mar/2023:12:17:19 -0300] "GET /cormun/servlet/solicitudotadjuntos?48152ad4ccc61b2fc0e249c600867a0c7360ae0f96989ead2a1d839e99661199,gx-no-cache=1678719717393 HTTP/1.1" 200 30
186.67.172.234 - - [13/Mar/2023:12:17:19 -0300] "GET /cormun/servlet/solicitudotadjuntos?48152ad4ccc61b2fc0e249c600867a0c7360ae0f96989ead2a1d839e99661199,gx-no-cache=1678719717403 HTTP/1.1" 200 30
190.171.141.82 - - [13/Mar/2023:12:17:19 -0300] "POST /cormun/servlet/solicitudot?gx-no-cache=1678719717607 HTTP/1.1" 200 30
186.67.172.234 - - [13/Mar/2023:12:17:19 -0300] "POST /cormun/servlet/solicitudotadjuntos?bcad38e00a4a017219ba8cefd8072289,INS,2023,19562,,1, HTTP/1.1" 200 116
186.67.172.234 - - [13/Mar/2023:12:17:19 -0300] "GET /cormun/servlet/hpexe_return? HTTP/1.1" 200 1028
190.171.141.82 - - [13/Mar/2023:12:17:19 -0300] "POST /cormun/servlet/solicitudot?gx-no-cache=1678719717633 HTTP/1.1" 200 1468
190.171.141.82 - - [13/Mar/2023:12:17:19 -0300] "POST /cormun/servlet/solicitudot?gx-no-cache=1678719717720 HTTP/1.1" 200 41
190.171.141.82 - - [13/Mar/2023:12:17:19 -0300] "GET /cormun/servlet/solicitudot?6073a5d68b8b5d6b422dfbf6cf43976ac127d944138116e5deaa0f2dc48258cdb1ee42d670ee83e342e58b84af96bd285a8c714b83583087a8300b591d981faf6ba96e0a671a698983d38ee47b9604add06ad82a8f2d70297d347161a53024fce2b22fddd136ba0505dae02a10ac59e6,gx-no-cache=1678719717742 HTTP/1.1" 200 110
190.171.141.82 - - [13/Mar/2023:12:17:19 -0300] "POST /cormun/servlet/solicitudot?gx-no-cache=1678719717771 HTTP/1.1" 200 97
190.171.141.82 - - [13/Mar/2023:12:17:19 -0300] "GET /cormun/servlet/solicitudot?6073a5d68b8b5d6b422dfbf6cf43976ad24f415382daf4e8821fcebdc458a80059cad1ab3b7fead786e18ac10ef6cf48bf5dc0cc891bf0e9c110a0c36568fd2959ea03a4f86d1421d472df00169cea81706762805f004138130bef996f96d3f3c10fcf62ad3d3e1cb48506a77dede16f2f6fbc7caad494cfcad9f90069e18dae1f793da2a22ea8ad9c60a94b092d3d4250d3ad36f11120608c1075647cb7d3dd,gx-no-cache=1678719717840 HTTP/1.1" 200 29
186.67.172.234 - - [13/Mar/2023:12:17:19 -0300] "GET /cormun/servlet/trsolicitudadjuntos?2023,19562, HTTP/1.1" 200 9384
190.171.141.82 - - [13/Mar/2023:12:17:19 -0300] "GET /cormun/servlet/solicitudot?6073a5d68b8b5d6b422dfbf6cf43976a78cb005c4fa9b772d8c764c163db41f0147f49b9cfdb0879a10bfaf26d41878d,gx-no-cache=1678719717863 HTTP/1.1" 200 30
190.171.141.82 - - [13/Mar/2023:12:17:19 -0300] "POST /cormun/servlet/solicitudot?gx-no-cache=1678719717890 HTTP/1.1" 200 34
186.67.172.234 - - [13/Mar/2023:12:17:19 -0300] "GET /cormun/servlet/trsolicitudadjuntos?2023,19562, HTTP/1.1" 200 9381
190.171.141.82 - - [13/Mar/2023:12:17:19 -0300] "POST /cormun/servlet/solicitudot?ff85c394deccd3a55e0e557e24d70d5a,UPD,2023,19553,false,,gx-no-cache=1678719717922 HTTP/1.1" 200 93
190.171.141.82 - - [13/Mar/2023:12:17:20 -0300] "GET /cormun/servlet/hpexe_return? HTTP/1.1" 200 1016
190.171.141.82 - - [13/Mar/2023:12:17:20 -0300] "GET /cormun/servlet/trsolicitudot HTTP/1.1" 200 9459
190.171.141.82 - - [13/Mar/2023:12:17:20 -0300] "GET /cormun/servlet/trsolicitudot HTTP/1.1" 200 9455
186.67.172.234 - - [13/Mar/2023:12:17:21 -0300] "GET /cormun/servlet/solicitudotadjuntos?INS,2023,19562,,1, HTTP/1.1" 200 6195
186.67.172.234 - - [13/Mar/2023:12:17:21 -0300] "GET /cormun/static/about:blank HTTP/1.1" 404 1011
186.67.172.234 - - [13/Mar/2023:12:17:22 -0300] "GET /cormun/servlet/solicitudotadjuntos?INS,2023,19562,,1, HTTP/1.1" 200 6188
