186.172.103.107 - - [13/Mar/2023:11:54:27 -0300] "GET /cormun/servlet/solicitudot?279859f8d092a77aacd48e7aec62da65167f5dfa36be7749136652d82d57c64d61d5ecf3599205a32a6451b45ca0a031,gx-no-cache=1678718345467 HTTP/1.1" 200 30
186.172.103.107 - - [13/Mar/2023:11:57:18 -0300] "GET /cormun/servlet/solicitudot?279859f8d092a77aacd48e7aec62da65352bcc223d5a4b8d86635a6adef48d61a3c135411c70d5de90b87c26ffe7a95cc3d002286313e01065853db685cf0016,gx-no-cache=1678718516848 HTTP/1.1" 200 30
186.172.103.107 - - [13/Mar/2023:11:57:20 -0300] "GET /cormun/servlet/solicitudot?279859f8d092a77aacd48e7aec62da6552fe6c17239803e83b6eb586304d0b63,gx-no-cache=1678718518511 HTTP/1.1" 200 53
181.212.43.89 - - [13/Mar/2023:11:57:21 -0300] "POST /cormun/servlet/solicitudotadjuntos?gx-no-cache=1678718519383 HTTP/1.1" 200 26
181.212.43.89 - - [13/Mar/2023:11:57:28 -0300] "GET /cormun/servlet/solicitudotadjuntos?6065e9d86464eda40320b58890494f6881793a6db3970be994d15c9342e8c810,gx-no-cache=1678718526551 HTTP/1.1" 200 30
181.212.43.89 - - [13/Mar/2023:11:57:28 -0300] "GET /cormun/servlet/solicitudotadjuntos?6065e9d86464eda40320b58890494f6881793a6db3970be994d15c9342e8c810,gx-no-cache=1678718526564 HTTP/1.1" 200 30
181.212.43.89 - - [13/Mar/2023:11:57:28 -0300] "POST /cormun/servlet/solicitudotadjuntos?b1ffe9e8a7063449a0f00e5769f209f4,INS,2023,19556,,1, HTTP/1.1" 200 116
181.212.43.89 - - [13/Mar/2023:11:57:28 -0300] "GET /cormun/servlet/hpexe_return? HTTP/1.1" 200 1025
181.212.43.89 - - [13/Mar/2023:11:57:29 -0300] "GET /cormun/servlet/trsolicitudadjuntos?2023,19556, HTTP/1.1" 200 10084
181.212.43.89 - - [13/Mar/2023:11:57:29 -0300] "GET /cormun/servlet/trsolicitudadjuntos?2023,19556, HTTP/1.1" 200 10082
186.172.103.107 - - [13/Mar/2023:11:57:32 -0300] "POST /cormun/servlet/solicitudot?gx-no-cache=1678718531048 HTTP/1.1" 200 297
186.172.103.107 - - [13/Mar/2023:11:57:33 -0300] "GET /cormun/servlet/solicitudot?279859f8d092a77aacd48e7aec62da6537bb4028dee70152f57854973444f5029ee1a4da21f9e72d1e2b24c0c39232b14f21247f3d5801321f9c8e535fc944a6356785e1f751cc5630a5ecfee6a3c3f41af6fedb278f09bd5eafebba5adfb011cb2081395334e2e73f65fc470f4e64422384dd31ac6c5ed718eb98fdb0099128907fefe72eb8266aed94d64da59cf935859f733163d101403bc188610d93663f390489849b72c89d443038a87bbb4d5ed89b49517839f99d0d083462356ac3aa1ce606cf4a1b919621c2ab6d676932463d01145c9548fdb58f4f99896a985d46e1c217646fbfb705f40b3586bff658f289478f37bdd00310bb16fbfa1b67793edd8cbc15f70b34127d56ea55e43f42977b25166f6a6517699f427f2e1b0bcb05c5afde3a85f9589d2b4d0b8a33f825ab8a7f491d68e181f5c0e112b5779c71c943c0302b53f2368ef8725f287551a39e9e3b62475874af3858bae753e9fd16ebc512d0616c4e17460ab722787f5e58a8a8cd268a95f69f26928a55f6d871b15651749a3e6e69bc54b2466fcd7781fc19,gx-no-cache=1678718531149 HTTP/1.1" 200 30
181.212.43.89 - - [13/Mar/2023:11:57:34 -0300] "GET /cormun/servlet/solicitudotadjuntos?INS,2023,19556,,1, HTTP/1.1" 200 6054
181.212.43.89 - - [13/Mar/2023:11:57:34 -0300] "GET /cormun/static/about:blank HTTP/1.1" 404 1011
181.212.43.89 - - [13/Mar/2023:11:57:35 -0300] "GET /cormun/servlet/solicitudotadjuntos?INS,2023,19556,,1, HTTP/1.1" 200 6047
186.172.103.107 - - [13/Mar/2023:11:57:35 -0300] "POST /cormun/servlet/solicitudot?gx-no-cache=1678718533486 HTTP/1.1" 200 30
181.212.43.89 - - [13/Mar/2023:11:57:35 -0300] "GET /cormun/servlet/solicitudotadjuntos?6065e9d86464eda40320b58890494f685a88c02fbf27bae67e5d40698fa87e202d7a330b45e0b544ac54135d942ed9c0,gx-no-cache=1678718533455 HTTP/1.1" 200 30
181.212.43.89 - - [13/Mar/2023:11:57:35 -0300] "POST /cormun/servlet/solicitudotadjuntos?b1ffe9e8a7063449a0f00e5769f209f4,INS,2023,19556,,1,,gx-no-cache=1678718533523 HTTP/1.1" 200 3917
186.172.103.107 - - [13/Mar/2023:11:57:36 -0300] "POST /cormun/servlet/solicitudot?gx-no-cache=1678718534833 HTTP/1.1" 200 1469
186.172.103.107 - - [13/Mar/2023:11:57:36 -0300] "POST /cormun/servlet/solicitudot?gx-no-cache=1678718534918 HTTP/1.1" 200 38
181.212.43.89 - - [13/Mar/2023:11:57:38 -0300] "POST /cormun/servlet/solicitudotadjuntos?gx-no-cache=1678718535925 HTTP/1.1" 200 26
181.212.43.89 - - [13/Mar/2023:11:57:44 -0300] "GET /cormun/servlet/solicitudotadjuntos?6065e9d86464eda40320b58890494f6881793a6db3970be994d15c9342e8c810,gx-no-cache=1678718541972 HTTP/1.1" 200 30
181.212.43.89 - - [13/Mar/2023:11:57:44 -0300] "GET /cormun/servlet/solicitudotadjuntos?6065e9d86464eda40320b58890494f6881793a6db3970be994d15c9342e8c810,gx-no-cache=1678718541985 HTTP/1.1" 200 30
181.212.43.89 - - [13/Mar/2023:11:57:45 -0300] "POST /cormun/servlet/solicitudotadjuntos?b1ffe9e8a7063449a0f00e5769f209f4,INS,2023,19556,,1, HTTP/1.1" 200 116
181.212.43.89 - - [13/Mar/2023:11:57:45 -0300] "GET /cormun/servlet/hpexe_return? HTTP/1.1" 200 1025
181.212.43.89 - - [13/Mar/2023:11:57:46 -0300] "GET /cormun/servlet/trsolicitudadjuntos?2023,19556, HTTP/1.1" 200 10244
181.212.43.89 - - [13/Mar/2023:11:57:47 -0300] "GET /cormun/servlet/trsolicitudadjuntos?2023,19556, HTTP/1.1" 200 10243
181.212.43.89 - - [13/Mar/2023:11:58:07 -0300] "POST /cormun/servlet/trsolicitudadjuntos?b1ffe9e8a7063449a0f00e5769f209f4,2023,19556,,gx-no-cache=1678718564903 HTTP/1.1" 200 90
181.212.43.89 - - [13/Mar/2023:11:58:07 -0300] "GET /cormun/servlet/hpexe_link HTTP/1.1" 200 990
181.212.43.89 - - [13/Mar/2023:11:58:07 -0300] "GET /cormun/servlet/trsolicitudot?gx-no-cache=1678717904824 HTTP/1.1" 200 8642
181.212.43.89 - - [13/Mar/2023:11:58:07 -0300] "GET /cormun/servlet/trsolicitudot?gx-no-cache=1678717904824 HTTP/1.1" 200 8664
181.212.43.89 - - [13/Mar/2023:11:58:26 -0300] "GET /cormun/servlet/solicitudot?INS,0,0,false, HTTP/1.1" 200 15888
181.212.43.89 - - [13/Mar/2023:11:58:26 -0300] "GET /cormun/servlet/solicitudot?INS,0,0,false, HTTP/1.1" 200 15873
186.172.103.107 - - [13/Mar/2023:11:59:09 -0300] "GET /cormun/servlet/solicitudot?279859f8d092a77aacd48e7aec62da6593581855e36af6d732ae059344f4685fe9339d534b77f7170b2c3c050fa37c484f84dfc4d5a10e0305e6344ea8c2616afcef72a1845a5809de7ca7e8ec8e3a050be8e5de37941186ef4902c7c9a16ad7000876b2bfdd2762f2e86de5396edfa6,gx-no-cache=1678718627015 HTTP/1.1" 200 110
186.172.103.107 - - [13/Mar/2023:11:59:09 -0300] "POST /cormun/servlet/solicitudot?gx-no-cache=1678718627200 HTTP/1.1" 200 83
186.172.103.107 - - [13/Mar/2023:12:00:22 -0300] "GET /cormun/servlet/solicitudot?279859f8d092a77aacd48e7aec62da65956b3ea5b599f4aa6ddf08e12318c0c0271dd84f2de7bec7bb491c8e4d73f2d634caa307acccd2fce336c8b4bd4ae19a6c366b533e821951d1ed5823e410ab219ae6e05c72995edac2cdb4de3d8ab58b7f1ead8d93ee82a29376722c2f7d831d,gx-no-cache=1678718700646 HTTP/1.1" 200 29
186.172.103.107 - - [13/Mar/2023:12:00:22 -0300] "GET /cormun/static/menuarrow.gif HTTP/1.1" 404 1015
186.172.103.107 - - [13/Mar/2023:12:00:26 -0300] "GET /cormun/servlet/solicitudot?279859f8d092a77aacd48e7aec62da652df109f50830d4d1e8ec9e31caec3ea4fa7d677fb2076e6d8862a8c62502eab5,gx-no-cache=1678718704573 HTTP/1.1" 200 30
181.212.43.89 - - [13/Mar/2023:12:00:31 -0300] "POST /cormun/servlet/solicitudot?gx-no-cache=1678718708860 HTTP/1.1" 200 3943
181.212.43.89 - - [13/Mar/2023:12:00:31 -0300] "POST /cormun/servlet/solicitudot?b1ffe9e8a7063449a0f00e5769f209f4,INS,0,0,false,,gx-no-cache=1678718708986 HTTP/1.1" 200 12514
181.212.43.89 - - [13/Mar/2023:12:00:36 -0300] "GET /cormun/servlet/solicitudot?6065e9d86464eda40320b58890494f68e94390c7b1db913eb8f17028075673d95d7134a925a475ede54ca9527efaaf58,gx-no-cache=1678718714422 HTTP/1.1" 200 30
186.172.103.107 - - [13/Mar/2023:12:00:38 -0300] "POST /cormun/servlet/solicitudot?gx-no-cache=1678718716551 HTTP/1.1" 200 30
186.172.103.107 - - [13/Mar/2023:12:00:38 -0300] "POST /cormun/servlet/solicitudot?c9fec872c227ac17e4718df1586a06c6,INS,0,0,false,,gx-no-cache=1678718716603 HTTP/1.1" 200 93
186.172.103.107 - - [13/Mar/2023:12:00:38 -0300] "GET /cormun/servlet/hpexe_return? HTTP/1.1" 200 1009
186.172.103.107 - - [13/Mar/2023:12:00:39 -0300] "GET /cormun/servlet/trsolicitudot HTTP/1.1" 200 12836
186.172.103.107 - - [13/Mar/2023:12:00:39 -0300] "GET /cormun/servlet/trsolicitudot HTTP/1.1" 200 12831
186.172.103.107 - - [13/Mar/2023:12:00:42 -0300] "POST /cormun/servlet/trsolicitudot?c9fec872c227ac17e4718df1586a06c6,gx-no-cache=1678718720218 HTTP/1.1" 200 107
186.172.103.107 - - [13/Mar/2023:12:00:42 -0300] "GET /cormun/servlet/trsolicitudadjuntos?2023,19557, HTTP/1.1" 200 6008
186.172.103.107 - - [13/Mar/2023:12:00:42 -0300] "GET /cormun/servlet/trsolicitudadjuntos?2023,19557, HTTP/1.1" 200 6008
186.172.103.107 - - [13/Mar/2023:12:00:44 -0300] "GET /cormun/servlet/solicitudotadjuntos?INS,2023,19557,,1, HTTP/1.1" 200 5951
186.172.103.107 - - [13/Mar/2023:12:00:45 -0300] "GET /cormun/static/about:blank HTTP/1.1" 404 1011
186.172.103.107 - - [13/Mar/2023:12:00:45 -0300] "GET /cormun/servlet/solicitudotadjuntos?INS,2023,19557,,1, HTTP/1.1" 200 5944
186.172.103.107 - - [13/Mar/2023:12:00:45 -0300] "GET /cormun/servlet/solicitudotadjuntos?279859f8d092a77aacd48e7aec62da650fbd14b29e1798a14ec8b9cb9a6db834b6fccec41e48530b5f81553a3b632202,gx-no-cache=1678718723707 HTTP/1.1" 200 30
186.172.103.107 - - [13/Mar/2023:12:00:45 -0300] "POST /cormun/servlet/solicitudotadjuntos?c9fec872c227ac17e4718df1586a06c6,INS,2023,19557,,1,,gx-no-cache=1678718723754 HTTP/1.1" 200 3870
186.172.103.107 - - [13/Mar/2023:12:00:48 -0300] "POST /cormun/servlet/solicitudotadjuntos?gx-no-cache=1678718726197 HTTP/1.1" 200 26
186.172.103.107 - - [13/Mar/2023:12:01:03 -0300] "GET /cormun/servlet/solicitudotadjuntos?279859f8d092a77aacd48e7aec62da65307cbab953fcb977b32c3cffce7568f3,gx-no-cache=1678718741998 HTTP/1.1" 200 30
186.172.103.107 - - [13/Mar/2023:12:01:03 -0300] "GET /cormun/servlet/solicitudotadjuntos?279859f8d092a77aacd48e7aec62da65307cbab953fcb977b32c3cffce7568f3,gx-no-cache=1678718742101 HTTP/1.1" 200 30
186.172.103.107 - - [13/Mar/2023:12:01:04 -0300] "POST /cormun/servlet/solicitudotadjuntos?c9fec872c227ac17e4718df1586a06c6,INS,2023,19557,,1, HTTP/1.1" 200 116
186.172.103.107 - - [13/Mar/2023:12:01:05 -0300] "GET /cormun/servlet/hpexe_return? HTTP/1.1" 200 1029
186.172.103.107 - - [13/Mar/2023:12:01:05 -0300] "GET /cormun/servlet/trsolicitudadjuntos?2023,19557, HTTP/1.1" 200 8875
186.172.103.107 - - [13/Mar/2023:12:01:05 -0300] "GET /cormun/servlet/trsolicitudadjuntos?2023,19557, HTTP/1.1" 200 8869
186.172.103.107 - - [13/Mar/2023:12:01:07 -0300] "GET /cormun/servlet/solicitudotadjuntos?INS,2023,19557,,1, HTTP/1.1" 200 5951
186.172.103.107 - - [13/Mar/2023:12:01:07 -0300] "GET /cormun/static/about:blank HTTP/1.1" 404 1011
186.172.103.107 - - [13/Mar/2023:12:01:07 -0300] "GET /cormun/servlet/solicitudotadjuntos?INS,2023,19557,,1, HTTP/1.1" 200 5944
186.172.103.107 - - [13/Mar/2023:12:01:08 -0300] "GET /cormun/servlet/solicitudotadjuntos?279859f8d092a77aacd48e7aec62da650fbd14b29e1798a14ec8b9cb9a6db834b6fccec41e48530b5f81553a3b632202,gx-no-cache=1678718746394 HTTP/1.1" 200 30
186.172.103.107 - - [13/Mar/2023:12:01:08 -0300] "POST /cormun/servlet/solicitudotadjuntos?c9fec872c227ac17e4718df1586a06c6,INS,2023,19557,,1,,gx-no-cache=1678718746434 HTTP/1.1" 200 3870
186.172.103.107 - - [13/Mar/2023:12:01:10 -0300] "POST /cormun/servlet/solicitudotadjuntos?gx-no-cache=1678718748806 HTTP/1.1" 200 26
186.172.103.107 - - [13/Mar/2023:12:01:19 -0300] "GET /cormun/servlet/solicitudotadjuntos?279859f8d092a77aacd48e7aec62da65307cbab953fcb977b32c3cffce7568f3,gx-no-cache=1678718757134 HTTP/1.1" 200 30
186.172.103.107 - - [13/Mar/2023:12:01:19 -0300] "GET /cormun/servlet/solicitudotadjuntos?279859f8d092a77aacd48e7aec62da65307cbab953fcb977b32c3cffce7568f3,gx-no-cache=1678718757177 HTTP/1.1" 200 30
186.172.103.107 - - [13/Mar/2023:12:01:19 -0300] "POST /cormun/servlet/solicitudotadjuntos?c9fec872c227ac17e4718df1586a06c6,INS,2023,19557,,1, HTTP/1.1" 200 116
186.172.103.107 - - [13/Mar/2023:12:01:19 -0300] "GET /cormun/servlet/hpexe_return? HTTP/1.1" 200 1029
186.172.103.107 - - [13/Mar/2023:12:01:19 -0300] "GET /cormun/servlet/trsolicitudadjuntos?2023,19557, HTTP/1.1" 200 9124
186.172.103.107 - - [13/Mar/2023:12:01:20 -0300] "GET /cormun/servlet/trsolicitudadjuntos?2023,19557, HTTP/1.1" 200 9121
181.212.43.89 - - [13/Mar/2023:12:01:28 -0300] "GET /cormun/servlet/prbanco?,MD,,gxPopupLevel%3D0%3B HTTP/1.1" 200 6564
181.212.43.89 - - [13/Mar/2023:12:01:33 -0300] "GET /cormun/servlet/solicitudot?6065e9d86464eda40320b58890494f68380ad75398165ff7959b0223af8e96bc88d853b7fa45da76bfd0884fcd1504446a50c46d3a28e329aba6832c3ec4c6f5,gx-no-cache=1678718771887 HTTP/1.1" 200 30
186.172.103.107 - - [13/Mar/2023:12:01:37 -0300] "GET /cormun/servlet/solicitudotadjuntos?INS,2023,19557,,1, HTTP/1.1" 200 5951
181.212.43.89 - - [13/Mar/2023:12:01:37 -0300] "GET /cormun/servlet/solicitudot?6065e9d86464eda40320b58890494f689280d5e6930dd3b941730b23efe74d4b,gx-no-cache=1678718775834 HTTP/1.1" 200 70
186.172.103.107 - - [13/Mar/2023:12:01:37 -0300] "GET /cormun/static/about:blank HTTP/1.1" 404 1011
186.172.103.107 - - [13/Mar/2023:12:01:38 -0300] "GET /cormun/servlet/solicitudotadjuntos?INS,2023,19557,,1, HTTP/1.1" 200 5944
186.172.103.107 - - [13/Mar/2023:12:01:38 -0300] "GET /cormun/servlet/solicitudotadjuntos?279859f8d092a77aacd48e7aec62da650fbd14b29e1798a14ec8b9cb9a6db834b6fccec41e48530b5f81553a3b632202,gx-no-cache=1678718776469 HTTP/1.1" 200 30
186.172.103.107 - - [13/Mar/2023:12:01:38 -0300] "POST /cormun/servlet/solicitudotadjuntos?c9fec872c227ac17e4718df1586a06c6,INS,2023,19557,,1,,gx-no-cache=1678718776510 HTTP/1.1" 200 3871
186.172.103.107 - - [13/Mar/2023:12:01:41 -0300] "POST /cormun/servlet/solicitudotadjuntos?gx-no-cache=1678718779238 HTTP/1.1" 200 26
190.171.152.114 - - [13/Mar/2023:12:01:43 -0300] "GET /cormun/servlet/hlogin HTTP/1.1" 200 1730
190.171.152.114 - - [13/Mar/2023:12:01:43 -0300] "GET /cormun/servlet/hlogin HTTP/1.1" 200 1740
186.172.103.107 - - [13/Mar/2023:12:01:48 -0300] "GET /cormun/servlet/solicitudotadjuntos?279859f8d092a77aacd48e7aec62da65307cbab953fcb977b32c3cffce7568f3,gx-no-cache=1678718787061 HTTP/1.1" 200 30
186.172.103.107 - - [13/Mar/2023:12:01:49 -0300] "GET /cormun/servlet/solicitudotadjuntos?279859f8d092a77aacd48e7aec62da65307cbab953fcb977b32c3cffce7568f3,gx-no-cache=1678718787109 HTTP/1.1" 200 30
186.172.103.107 - - [13/Mar/2023:12:01:49 -0300] "POST /cormun/servlet/solicitudotadjuntos?c9fec872c227ac17e4718df1586a06c6,INS,2023,19557,,1, HTTP/1.1" 200 116
186.172.103.107 - - [13/Mar/2023:12:01:49 -0300] "GET /cormun/servlet/hpexe_return? HTTP/1.1" 200 1029
186.172.103.107 - - [13/Mar/2023:12:01:49 -0300] "GET /cormun/servlet/trsolicitudadjuntos?2023,19557, HTTP/1.1" 200 9313
186.172.103.107 - - [13/Mar/2023:12:01:50 -0300] "GET /cormun/servlet/trsolicitudadjuntos?2023,19557, HTTP/1.1" 200 9310
181.212.43.89 - - [13/Mar/2023:12:01:50 -0300] "POST /cormun/servlet/solicitudot?gx-no-cache=1678718788341 HTTP/1.1" 200 255
181.212.43.89 - - [13/Mar/2023:12:01:51 -0300] "GET /cormun/servlet/solicitudot?6065e9d86464eda40320b58890494f686ac96b5ab106384d24b0b53df7ad211dcfdb1a5ce37dcd159940fedd66d25961c8efae92f353608fae159d89bf6c09da037f6240da8dcbf973c1934ebee505303472d048a6722f0ce745fdd16f8e4c87503b740744aa7e9d498e131adbe0f6cd34e96126fbad429c3fa3b7dc314f96b5a64460e064f0747e13876a35695439108cc66675599b9d0159a2939e6a8d9575784528b09d22118a1829d7d61ed4370a7167d516e7d568ca1fe64e4415cd69087d175f445099e94ba6ae01062c957d1f0445649b43ce0fe2d66ac260f8d39a9f2c10086bf02ff46b78c30c69efe6242ad314bb360edad93af9e7dab8bd5c0a892e0c78d464a1425755ee0482585894e3abe9c847d98b12a2efa9d0eb36bb44ce089e2dd07e9a8c01027db0e10f6917b8e3e7effb7343eae88fc11a857130ffa2a23bfab4369ecee051f1cdb0c7747a25e9c87a24d148a8e640cbc8f077421ce10270e49b6361f0d753f31434304448a7286168c1cc164090c6c23205f05bcad2,gx-no-cache=1678718789881 HTTP/1.1" 200 30
181.212.43.89 - - [13/Mar/2023:12:01:55 -0300] "POST /cormun/servlet/solicitudot?gx-no-cache=1678718793483 HTTP/1.1" 200 30
181.212.43.89 - - [13/Mar/2023:12:01:57 -0300] "GET /cormun/servlet/prsolicitudot?17440098,,,,,MD,,gxPopupLevel%3D0%3B HTTP/1.1" 200 5940
40.77.167.205 - - [13/Mar/2023:12:01:58 -0300] "GET /cormun/servlet/hpexe_return HTTP/1.1" 200 990
40.77.167.205 - - [13/Mar/2023:12:01:58 -0300] "GET /cormun/servlet/trlicencias HTTP/1.1" 200 7514
186.172.103.107 - - [13/Mar/2023:12:02:02 -0300] "GET /cormun/servlet/solicitudotadjuntos?INS,2023,19557,,1, HTTP/1.1" 200 5951
186.172.103.107 - - [13/Mar/2023:12:02:02 -0300] "GET /cormun/static/about:blank HTTP/1.1" 404 1011
186.172.103.107 - - [13/Mar/2023:12:02:02 -0300] "GET /cormun/servlet/solicitudotadjuntos?INS,2023,19557,,1, HTTP/1.1" 200 5944
186.172.103.107 - - [13/Mar/2023:12:02:03 -0300] "GET /cormun/servlet/solicitudotadjuntos?279859f8d092a77aacd48e7aec62da650fbd14b29e1798a14ec8b9cb9a6db834b6fccec41e48530b5f81553a3b632202,gx-no-cache=1678718801198 HTTP/1.1" 200 30
186.172.103.107 - - [13/Mar/2023:12:02:03 -0300] "POST /cormun/servlet/solicitudotadjuntos?c9fec872c227ac17e4718df1586a06c6,INS,2023,19557,,1,,gx-no-cache=1678718801326 HTTP/1.1" 200 3871
181.212.43.89 - - [13/Mar/2023:12:02:03 -0300] "POST /cormun/servlet/solicitudot?gx-no-cache=1678718801584 HTTP/1.1" 200 1466
181.212.43.89 - - [13/Mar/2023:12:02:03 -0300] "POST /cormun/servlet/solicitudot?gx-no-cache=1678718801614 HTTP/1.1" 200 38
181.212.43.89 - - [13/Mar/2023:12:02:03 -0300] "GET /cormun/servlet/solicitudot?6065e9d86464eda40320b58890494f68b8954c759bb29bc4a0addaf360cc5d4673da5a677b75612c9940393c6079a1dc51f423f3c956589a558625bf91dab64e4917b8687f36cc66b139beb93581bba67ad3c082972705ce7ade3073cbe89948573d1f25661c7a9bc82feb6bee58d22c,gx-no-cache=1678718801640 HTTP/1.1" 200 110
181.212.43.89 - - [13/Mar/2023:12:02:03 -0300] "POST /cormun/servlet/solicitudot?gx-no-cache=1678718801667 HTTP/1.1" 200 64
181.212.43.89 - - [13/Mar/2023:12:02:03 -0300] "GET /cormun/servlet/solicitudot?6065e9d86464eda40320b58890494f68fcb33b12c7d06012a9645d7235fe5c05de5761d2c3d62e6ddbacf964baf137292a01cd95c26389ae2b33c0a88686d6598aae8318529b6fa768232845b22492b270d14b566487a989294c39815ec05ba7116e9fa206aea0b044cea7de97cfa0a0,gx-no-cache=1678718801699 HTTP/1.1" 200 29
181.212.43.89 - - [13/Mar/2023:12:02:03 -0300] "GET /cormun/servlet/solicitudot?6065e9d86464eda40320b58890494f686ade2eede60d97b099fd8bb9db237e997c812e87856c6c0e48119d33fe5d9308,gx-no-cache=1678718801749 HTTP/1.1" 200 30
186.172.103.107 - - [13/Mar/2023:12:02:05 -0300] "POST /cormun/servlet/solicitudotadjuntos?gx-no-cache=1678718803334 HTTP/1.1" 200 26
186.172.103.107 - - [13/Mar/2023:12:02:10 -0300] "GET /cormun/servlet/solicitudotadjuntos?279859f8d092a77aacd48e7aec62da65307cbab953fcb977b32c3cffce7568f3,gx-no-cache=1678718808943 HTTP/1.1" 200 30
186.172.103.107 - - [13/Mar/2023:12:02:10 -0300] "GET /cormun/servlet/solicitudotadjuntos?279859f8d092a77aacd48e7aec62da65307cbab953fcb977b32c3cffce7568f3,gx-no-cache=1678718809029 HTTP/1.1" 200 30
186.172.103.107 - - [13/Mar/2023:12:02:11 -0300] "POST /cormun/servlet/solicitudotadjuntos?c9fec872c227ac17e4718df1586a06c6,INS,2023,19557,,1, HTTP/1.1" 200 116
186.172.103.107 - - [13/Mar/2023:12:02:11 -0300] "GET /cormun/servlet/hpexe_return? HTTP/1.1" 200 1029
186.172.103.107 - - [13/Mar/2023:12:02:11 -0300] "GET /cormun/servlet/trsolicitudadjuntos?2023,19557, HTTP/1.1" 200 9602
186.172.103.107 - - [13/Mar/2023:12:02:12 -0300] "GET /cormun/servlet/trsolicitudadjuntos?2023,19557, HTTP/1.1" 200 9601
186.172.103.107 - - [13/Mar/2023:12:02:16 -0300] "GET /cormun/servlet/solicitudotadjuntos?INS,2023,19557,,1, HTTP/1.1" 200 5951
186.172.103.107 - - [13/Mar/2023:12:02:16 -0300] "GET /cormun/static/about:blank HTTP/1.1" 404 1011
186.172.103.107 - - [13/Mar/2023:12:02:16 -0300] "GET /cormun/servlet/solicitudotadjuntos?INS,2023,19557,,1, HTTP/1.1" 200 5944
186.172.103.107 - - [13/Mar/2023:12:02:16 -0300] "GET /cormun/servlet/solicitudotadjuntos?279859f8d092a77aacd48e7aec62da650fbd14b29e1798a14ec8b9cb9a6db834b6fccec41e48530b5f81553a3b632202,gx-no-cache=1678718815062 HTTP/1.1" 200 30
186.172.103.107 - - [13/Mar/2023:12:02:17 -0300] "POST /cormun/servlet/solicitudotadjuntos?c9fec872c227ac17e4718df1586a06c6,INS,2023,19557,,1,,gx-no-cache=1678718815103 HTTP/1.1" 200 3871
186.172.103.107 - - [13/Mar/2023:12:02:19 -0300] "POST /cormun/servlet/solicitudotadjuntos?gx-no-cache=1678718817301 HTTP/1.1" 200 26
181.212.43.89 - - [13/Mar/2023:12:02:30 -0300] "GET /cormun/servlet/solicitudot?6065e9d86464eda40320b58890494f68b8954c759bb29bc4a0addaf360cc5d4673da5a677b75612c9940393c6079a1dc51f423f3c956589a558625bf91dab64e4917b8687f36cc66b139beb93581bba67ad3c082972705ce7ade3073cbe89948573d1f25661c7a9bc82feb6bee58d22c,gx-no-cache=1678718827984 HTTP/1.1" 200 110
186.172.103.107 - - [13/Mar/2023:12:02:32 -0300] "GET /cormun/servlet/solicitudotadjuntos?279859f8d092a77aacd48e7aec62da65307cbab953fcb977b32c3cffce7568f3,gx-no-cache=1678718830453 HTTP/1.1" 200 30
186.172.103.107 - - [13/Mar/2023:12:02:32 -0300] "GET /cormun/servlet/solicitudotadjuntos?279859f8d092a77aacd48e7aec62da65307cbab953fcb977b32c3cffce7568f3,gx-no-cache=1678718830501 HTTP/1.1" 200 30
186.172.103.107 - - [13/Mar/2023:12:02:32 -0300] "POST /cormun/servlet/solicitudotadjuntos?c9fec872c227ac17e4718df1586a06c6,INS,2023,19557,,1, HTTP/1.1" 200 116
186.172.103.107 - - [13/Mar/2023:12:02:33 -0300] "GET /cormun/servlet/hpexe_return? HTTP/1.1" 200 1029
186.172.103.107 - - [13/Mar/2023:12:02:33 -0300] "GET /cormun/servlet/trsolicitudadjuntos?2023,19557, HTTP/1.1" 200 9914
186.172.103.107 - - [13/Mar/2023:12:02:33 -0300] "GET /cormun/servlet/trsolicitudadjuntos?2023,19557, HTTP/1.1" 200 9910
181.212.43.89 - - [13/Mar/2023:12:02:42 -0300] "POST /cormun/servlet/solicitudot?gx-no-cache=1678718840889 HTTP/1.1" 200 97
190.171.152.114 - - [13/Mar/2023:12:02:44 -0300] "POST /cormun/servlet/hlogin?1e141e1fb53aa2a8f8c32e294f3f1bdd,gx-no-cache=1678718848795 HTTP/1.1" 200 90
190.171.152.114 - - [13/Mar/2023:12:02:44 -0300] "GET /cormun/servlet/hpexe_link HTTP/1.1" 200 956
190.171.152.114 - - [13/Mar/2023:12:02:44 -0300] "GET /cormun/servlet/hhome HTTP/1.1" 200 4334
190.171.152.114 - - [13/Mar/2023:12:02:44 -0300] "GET /cormun/servlet/hhome HTTP/1.1" 200 4329
190.171.152.114 - - [13/Mar/2023:12:02:47 -0300] "GET /cormun/servlet/trlicencias? HTTP/1.1" 200 10258
190.171.152.114 - - [13/Mar/2023:12:02:47 -0300] "GET /cormun/servlet/trlicencias? HTTP/1.1" 200 10255
190.171.152.114 - - [13/Mar/2023:12:02:52 -0300] "GET /cormun/servlet/alicenciaprn?8368036,L,20230310000000,PU HTTP/1.1" 200 1537
181.212.43.89 - - [13/Mar/2023:12:02:53 -0300] "POST /cormun/servlet/solicitudot?gx-no-cache=1678718851039 HTTP/1.1" 200 33
181.212.43.89 - - [13/Mar/2023:12:02:56 -0300] "POST /cormun/servlet/solicitudot?b1ffe9e8a7063449a0f00e5769f209f4,INS,0,0,false,,gx-no-cache=1678718853700 HTTP/1.1" 200 93
181.212.43.89 - - [13/Mar/2023:12:02:56 -0300] "GET /cormun/servlet/hpexe_return? HTTP/1.1" 200 1028
181.212.43.89 - - [13/Mar/2023:12:02:56 -0300] "GET /cormun/servlet/trsolicitudot?gx-no-cache=1678717904824 HTTP/1.1" 200 8994
181.212.43.89 - - [13/Mar/2023:12:02:56 -0300] "GET /cormun/servlet/trsolicitudot?gx-no-cache=1678717904824 HTTP/1.1" 200 9011
186.172.103.107 - - [13/Mar/2023:12:03:11 -0300] "GET /cormun/servlet/solicitudotadjuntos?INS,2023,19557,,1, HTTP/1.1" 200 5950
186.172.103.107 - - [13/Mar/2023:12:03:11 -0300] "GET /cormun/static/about:blank HTTP/1.1" 404 1011
186.172.103.107 - - [13/Mar/2023:12:03:11 -0300] "GET /cormun/servlet/solicitudotadjuntos?INS,2023,19557,,1, HTTP/1.1" 200 5943
186.172.103.107 - - [13/Mar/2023:12:03:12 -0300] "GET /cormun/servlet/solicitudotadjuntos?279859f8d092a77aacd48e7aec62da650fbd14b29e1798a14ec8b9cb9a6db834b6fccec41e48530b5f81553a3b632202,gx-no-cache=1678718870398 HTTP/1.1" 200 30
186.172.103.107 - - [13/Mar/2023:12:03:12 -0300] "POST /cormun/servlet/solicitudotadjuntos?c9fec872c227ac17e4718df1586a06c6,INS,2023,19557,,1,,gx-no-cache=1678718870563 HTTP/1.1" 200 3870
181.212.43.89 - - [13/Mar/2023:12:03:13 -0300] "POST /cormun/servlet/trsolicitudot?b1ffe9e8a7063449a0f00e5769f209f4,gx-no-cache=1678717904824,gx-no-cache=1678718871042 HTTP/1.1" 200 113
181.212.43.89 - - [13/Mar/2023:12:03:13 -0300] "GET /cormun/servlet/solicitudot?UPD,2023,19558,false, HTTP/1.1" 200 16552
190.171.152.114 - - [13/Mar/2023:12:03:13 -0300] "GET /cormun/servlet/trsolicitudot? HTTP/1.1" 200 7546
181.212.43.89 - - [13/Mar/2023:12:03:13 -0300] "GET /cormun/servlet/solicitudot?UPD,2023,19558,false, HTTP/1.1" 200 16541
190.171.152.114 - - [13/Mar/2023:12:03:13 -0300] "GET /cormun/servlet/trsolicitudot? HTTP/1.1" 200 7546
181.212.43.89 - - [13/Mar/2023:12:03:14 -0300] "POST /cormun/servlet/solicitudot?gx-no-cache=1678718871963 HTTP/1.1" 200 4013
181.212.43.89 - - [13/Mar/2023:12:03:14 -0300] "POST /cormun/servlet/solicitudot?b1ffe9e8a7063449a0f00e5769f209f4,UPD,2023,19558,false,,gx-no-cache=1678718872071 HTTP/1.1" 200 12738
181.212.43.89 - - [13/Mar/2023:12:03:14 -0300] "GET /cormun/servlet/solicitudot?6065e9d86464eda40320b58890494f68e94390c7b1db913eb8f17028075673d9c20c0973927a77fae50e9a5993522d72,gx-no-cache=1678718872215 HTTP/1.1" 200 30
181.212.43.89 - - [13/Mar/2023:12:03:14 -0300] "GET /cormun/servlet/solicitudot?6065e9d86464eda40320b58890494f68380ad75398165ff7959b0223af8e96bcf04bbcdaeff258379e0d3e1cf649faee6a50c46d3a28e329aba6832c3ec4c6f5,gx-no-cache=1678718872273 HTTP/1.1" 200 30
181.212.43.89 - - [13/Mar/2023:12:03:14 -0300] "GET /cormun/servlet/solicitudot?6065e9d86464eda40320b58890494f68bc6ad91532b0df2190ea5b94f10c61020c9694c1c59a63105eb2aa8a9b107ca88b81349a41b689acea7144142d17c99158913b7d04baba460fde42db6d87fa7c935ddef88b29f7ef44acb5edcf8539cc,gx-no-cache=1678718872292 HTTP/1.1" 200 70
181.212.43.89 - - [13/Mar/2023:12:03:14 -0300] "POST /cormun/servlet/solicitudot?gx-no-cache=1678718872313 HTTP/1.1" 200 256
181.212.43.89 - - [13/Mar/2023:12:03:14 -0300] "GET /cormun/servlet/solicitudot?6065e9d86464eda40320b58890494f686ac96b5ab106384d24b0b53df7ad211dcfdb1a5ce37dcd159940fedd66d25961c8efae92f353608fae159d89bf6c09da037f6240da8dcbf973c1934ebee505303472d048a6722f0ce745fdd16f8e4c87503b740744aa7e9d498e131adbe0f6cd34e96126fbad429c3fa3b7dc314f96b5a64460e064f0747e13876a35695439108cc66675599b9d0159a2939e6a8d9575784528b09d22118a1829d7d61ed4370a7167d516e7d568ca1fe64e4415cd69087d175f445099e94ba6ae01062c957d1f0445649b43ce0fe2d66ac260f8d39a9f2c10086bf02ff46b78c30c69efe6242ad314bb360edad93af9e7dab8bd5c0a892e0c78d464a1425755ee0482585894e3abe9c847d98b12a2efa9d0eb36bb44ce089e2dd07e9a8c01027db0e10f6917b8e3e7effb7343eae88fc11a857130ffa2a23bfab4369ecee051f1cdb0c7747a25e9c87a24d148a8e640cbc8f077421ce10270e49b6361f0d753f31434304448a7b6c340e54e35ba34931afd2ad419a3d0,gx-no-cache=1678718872340 HTTP/1.1" 200 30
181.212.43.89 - - [13/Mar/2023:12:03:14 -0300] "POST /cormun/servlet/solicitudot?gx-no-cache=1678718872360 HTTP/1.1" 200 30
181.212.43.89 - - [13/Mar/2023:12:03:14 -0300] "POST /cormun/servlet/solicitudot?gx-no-cache=1678718872382 HTTP/1.1" 200 1469
181.212.43.89 - - [13/Mar/2023:12:03:14 -0300] "POST /cormun/servlet/solicitudot?gx-no-cache=1678718872412 HTTP/1.1" 200 41
181.212.43.89 - - [13/Mar/2023:12:03:15 -0300] "GET /cormun/servlet/solicitudot?6065e9d86464eda40320b58890494f68b8954c759bb29bc4a0addaf360cc5d4673da5a677b75612c9940393c6079a1dc51f423f3c956589a558625bf91dab64e4917b8687f36cc66b139beb93581bba67ad3c082972705ce7ade3073cbe89948573d1f25661c7a9bc82feb6bee58d22c,gx-no-cache=1678718873564 HTTP/1.1" 200 110
181.212.43.89 - - [13/Mar/2023:12:03:15 -0300] "POST /cormun/servlet/solicitudot?gx-no-cache=1678718873585 HTTP/1.1" 200 97
181.212.43.89 - - [13/Mar/2023:12:03:17 -0300] "GET /cormun/servlet/solicitudot?6065e9d86464eda40320b58890494f6824bdd0ac62f2ba6d88aea5a06b9087adbaf6662947800f97f04b7cb4d7a8c7b5a87bd59c3484c7d6594d3456145993b7ff5850bc868250d7478f2c7cbcee418da0c39ecfd8eca02bf394ef28fd0e949360dc8261585a5c05da29647ad5d1524cfcf24aed51593855263d0911e0436bfd420295445bcfa6b13a3ca4aac48880d8bad1543339a366def9cb7e0e68f7c707658e0db1809d11ddd6d315313801e15c12d9772aa87ab6cec5d967fd29134948b9bbe88a80600bac20290dae1c3457af,gx-no-cache=1678718875680 HTTP/1.1" 200 30
181.212.43.89 - - [13/Mar/2023:12:03:19 -0300] "GET /cormun/servlet/solicitudot?6065e9d86464eda40320b58890494f686ade2eede60d97b099fd8bb9db237e997c812e87856c6c0e48119d33fe5d9308,gx-no-cache=1678718877313 HTTP/1.1" 200 30
181.212.43.89 - - [13/Mar/2023:12:03:19 -0300] "POST /cormun/servlet/solicitudot?gx-no-cache=1678718877334 HTTP/1.1" 200 33
181.212.43.89 - - [13/Mar/2023:12:03:19 -0300] "POST /cormun/servlet/solicitudot?b1ffe9e8a7063449a0f00e5769f209f4,UPD,2023,19558,false,,gx-no-cache=1678718877389 HTTP/1.1" 200 93
181.212.43.89 - - [13/Mar/2023:12:03:19 -0300] "GET /cormun/servlet/hpexe_return? HTTP/1.1" 200 1035
181.212.43.89 - - [13/Mar/2023:12:03:19 -0300] "GET /cormun/servlet/trsolicitudot?gx-no-cache=1678717904824 HTTP/1.1" 200 8983
181.212.43.89 - - [13/Mar/2023:12:03:20 -0300] "GET /cormun/servlet/trsolicitudot?gx-no-cache=1678717904824 HTTP/1.1" 200 9000
181.212.43.89 - - [13/Mar/2023:12:03:39 -0300] "GET /cormun/servlet/solicitudot?INS,0,0,false, HTTP/1.1" 200 15889
181.212.43.89 - - [13/Mar/2023:12:03:40 -0300] "GET /cormun/servlet/solicitudot?INS,0,0,false, HTTP/1.1" 200 15875
181.212.43.89 - - [13/Mar/2023:12:03:52 -0300] "POST /cormun/servlet/solicitudot?gx-no-cache=1678718910740 HTTP/1.1" 200 3943
181.212.43.89 - - [13/Mar/2023:12:03:53 -0300] "POST /cormun/servlet/solicitudot?b1ffe9e8a7063449a0f00e5769f209f4,INS,0,0,false,,gx-no-cache=1678718910877 HTTP/1.1" 200 12514
181.212.43.89 - - [13/Mar/2023:12:03:56 -0300] "GET /cormun/servlet/solicitudot?6065e9d86464eda40320b58890494f68e94390c7b1db913eb8f17028075673d95d7134a925a475ede54ca9527efaaf58,gx-no-cache=1678718914408 HTTP/1.1" 200 30
186.172.103.107 - - [13/Mar/2023:12:04:07 -0300] "POST /cormun/servlet/solicitudotadjuntos?gx-no-cache=1678718925095 HTTP/1.1" 200 26
186.172.103.107 - - [13/Mar/2023:12:04:13 -0300] "GET /cormun/servlet/solicitudotadjuntos?279859f8d092a77aacd48e7aec62da65307cbab953fcb977b32c3cffce7568f3,gx-no-cache=1678718931118 HTTP/1.1" 200 30
186.172.103.107 - - [13/Mar/2023:12:04:13 -0300] "GET /cormun/servlet/solicitudotadjuntos?279859f8d092a77aacd48e7aec62da65307cbab953fcb977b32c3cffce7568f3,gx-no-cache=1678718931155 HTTP/1.1" 200 30
186.172.103.107 - - [13/Mar/2023:12:04:13 -0300] "POST /cormun/servlet/solicitudotadjuntos?c9fec872c227ac17e4718df1586a06c6,INS,2023,19557,,1, HTTP/1.1" 200 116
186.172.103.107 - - [13/Mar/2023:12:04:13 -0300] "GET /cormun/servlet/hpexe_return? HTTP/1.1" 200 1029
186.172.103.107 - - [13/Mar/2023:12:04:14 -0300] "GET /cormun/servlet/trsolicitudadjuntos?2023,19557, HTTP/1.1" 200 10118
186.172.103.107 - - [13/Mar/2023:12:04:14 -0300] "GET /cormun/servlet/trsolicitudadjuntos?2023,19557, HTTP/1.1" 200 10113
181.212.43.89 - - [13/Mar/2023:12:04:32 -0300] "POST /cormun/servlet/solicitudot?b1ffe9e8a7063449a0f00e5769f209f4,INS,0,0,false,,gx-no-cache=1678718950468 HTTP/1.1" 200 12832
181.212.43.89 - - [13/Mar/2023:12:04:32 -0300] "GET /cormun/static/Shared/jqueryui/images/ui-bg_highlight-soft_100_c6c2c8_1x100.png HTTP/1.1" 404 1117
181.212.43.89 - - [13/Mar/2023:12:04:32 -0300] "GET /cormun/static/Shared/jqueryui/images/ui-icons_82798d_256x240.png HTTP/1.1" 404 1089
181.212.43.89 - - [13/Mar/2023:12:04:32 -0300] "GET /cormun/static/Shared/jqueryui/images/ui-bg_flat_55_994d53_40x100.png HTTP/1.1" 404 1097
181.212.43.89 - - [13/Mar/2023:12:04:32 -0300] "GET /cormun/static/Shared/jqueryui/images/ui-icons_ebccce_256x240.png HTTP/1.1" 404 1089
186.67.172.234 - - [13/Mar/2023:12:04:32 -0300] "GET /cormun/servlet/trsolicitudot? HTTP/1.1" 200 6329
186.67.172.234 - - [13/Mar/2023:12:04:33 -0300] "GET /cormun/servlet/hlogin HTTP/1.1" 200 1743
186.67.172.234 - - [13/Mar/2023:12:04:33 -0300] "GET /cormun/servlet/trsolicitudot? HTTP/1.1" 200 6328
186.67.172.234 - - [13/Mar/2023:12:04:45 -0300] "POST /cormun/servlet/hlogin?bcad38e00a4a017219ba8cefd8072289,gx-no-cache=1678718963633 HTTP/1.1" 200 90
186.67.172.234 - - [13/Mar/2023:12:04:45 -0300] "GET /cormun/servlet/hpexe_link HTTP/1.1" 200 958
186.67.172.234 - - [13/Mar/2023:12:04:45 -0300] "GET /cormun/servlet/trsolicitudot HTTP/1.1" 200 7196
186.67.172.234 - - [13/Mar/2023:12:04:45 -0300] "GET /cormun/servlet/trsolicitudot HTTP/1.1" 200 7195
186.67.172.234 - - [13/Mar/2023:12:04:48 -0300] "GET /cormun/servlet/solicitudot?INS,0,0,false, HTTP/1.1" 200 15998
186.67.172.234 - - [13/Mar/2023:12:04:49 -0300] "GET /cormun/servlet/solicitudot?INS,0,0,false, HTTP/1.1" 200 16005
186.172.103.107 - - [13/Mar/2023:12:05:00 -0300] "GET /cormun/servlet/trsolicitudot? HTTP/1.1" 200 12838
186.172.103.107 - - [13/Mar/2023:12:05:00 -0300] "GET /cormun/servlet/trsolicitudot? HTTP/1.1" 200 12831
186.67.172.234 - - [13/Mar/2023:12:05:03 -0300] "POST /cormun/servlet/solicitudot?gx-no-cache=1678718981537 HTTP/1.1" 200 3951
186.67.172.234 - - [13/Mar/2023:12:05:03 -0300] "POST /cormun/servlet/solicitudot?bcad38e00a4a017219ba8cefd8072289,INS,0,0,false,,gx-no-cache=1678718981654 HTTP/1.1" 200 12775
186.67.172.234 - - [13/Mar/2023:12:05:05 -0300] "GET /cormun/servlet/solicitudot?48152ad4ccc61b2fc0e249c600867a0c265af4c9ce96a37d127b88a334893971c3c3c3cba98ca70c8eedef876150752a,gx-no-cache=1678718984075 HTTP/1.1" 200 30
186.172.103.107 - - [13/Mar/2023:12:06:40 -0300] "GET /cormun/static/menuarrow.gif HTTP/1.1" 404 1015
186.67.172.234 - - [13/Mar/2023:12:07:14 -0300] "GET /cormun/servlet/solicitudot?48152ad4ccc61b2fc0e249c600867a0c48127fee33b8f74ca19a3869e352454912428ab60ddf9916aed4302296d2d02e,gx-no-cache=1678719112629 HTTP/1.1" 200 30
186.67.172.234 - - [13/Mar/2023:12:07:17 -0300] "GET /cormun/servlet/solicitudot?48152ad4ccc61b2fc0e249c600867a0c55f20cc30ce14d07faecd502bf3ecf5c,gx-no-cache=1678719116211 HTTP/1.1" 200 53
186.172.103.107 - - [13/Mar/2023:12:07:24 -0300] "GET /cormun/servlet/solicitudot?INS,0,0,false, HTTP/1.1" 200 15768
186.172.103.107 - - [13/Mar/2023:12:07:25 -0300] "GET /cormun/servlet/solicitudot?INS,0,0,false, HTTP/1.1" 200 15776
186.67.172.234 - - [13/Mar/2023:12:07:27 -0300] "POST /cormun/servlet/solicitudot?gx-no-cache=1678719125740 HTTP/1.1" 200 297
186.67.172.234 - - [13/Mar/2023:12:07:30 -0300] "GET /cormun/servlet/solicitudot?48152ad4ccc61b2fc0e249c600867a0c894b453186036e1ada09d8ff7042361e6d3044d3f248973740a203cc5c34828b23fe71e906bd8689e198693a13ac88b1492b8154fd864955940f3f3fa54a8d286b4fb974e24d35e74d28ed70cc3f0f741d27539bc9cd0b07a2ed081c5669b9cea3d2cbc402c1d96ad49194b7b2ba90badd69ff5e9d55b06901536b9964bacd86d0b12202b7cc8fc1d38476ebe171ad4c3c615d62754cd31bfa1a7665d06964e21774ba4dfa440a61ca1ba3349f981872a746a9460f205c9a16d45872bd09f1f837a9da42b8dd2e98b02f81d62650dbc4fe4d9ea97e62ab7990af58ee906a49bc3e4e81020b7e9c5cb1bcf9c2b5e8d8fb38c47ef211e639495e9ec2f48b6587a5e4c8be48216588c33b23d299654d28c0c22c9719f3e2390a6166c49d8a19dd479f8b1fc04b1fdd047aaa5f0243390ca94dd795556e687b6a23e1fed6d91376780813db938373afd364414d610577b9b9309f87cf6df9a1aeafe8635866e8cd8094be3d206257fa68874bd9a26f73a835576560f89da182820d13b68f49b54bbb,gx-no-cache=1678719128308 HTTP/1.1" 200 30
186.67.172.234 - - [13/Mar/2023:12:07:31 -0300] "POST /cormun/servlet/solicitudot?gx-no-cache=1678719129376 HTTP/1.1" 200 30
186.172.103.107 - - [13/Mar/2023:12:07:33 -0300] "POST /cormun/servlet/solicitudot?gx-no-cache=1678719131940 HTTP/1.1" 200 3952
186.172.103.107 - - [13/Mar/2023:12:07:34 -0300] "POST /cormun/servlet/solicitudot?c9fec872c227ac17e4718df1586a06c6,INS,0,0,false,,gx-no-cache=1678719132149 HTTP/1.1" 200 12503
186.172.103.107 - - [13/Mar/2023:12:07:36 -0300] "GET /cormun/servlet/solicitudot?279859f8d092a77aacd48e7aec62da650e25a3f628bf18a4c11e69c02a059c2061d5ecf3599205a32a6451b45ca0a031,gx-no-cache=1678719134969 HTTP/1.1" 200 30
66.249.85.125 - - [13/Mar/2023:12:07:38 -0300] "GET /cormun/static/Resources/Logo2019_Grande.png HTTP/1.1" 200 31733
186.67.172.234 - - [13/Mar/2023:12:08:22 -0300] "POST /cormun/servlet/solicitudot?gx-no-cache=1678719181000 HTTP/1.1" 200 1468
186.67.172.234 - - [13/Mar/2023:12:08:22 -0300] "POST /cormun/servlet/solicitudot?gx-no-cache=1678719181063 HTTP/1.1" 200 38
191.126.18.79 - - [13/Mar/2023:12:10:06 -0300] "GET /cormun/servlet/solicitudot?279859f8d092a77aacd48e7aec62da65a1b4ba6fe1d339e66bf24d9e1776d2f92bfb11f3597de6ce8671a248210a542b099c29a5ad1ae269297d2fb908549324,gx-no-cache=1678719284312 HTTP/1.1" 200 30
191.126.18.79 - - [13/Mar/2023:12:10:07 -0300] "GET /cormun/servlet/solicitudot?279859f8d092a77aacd48e7aec62da6552fe6c17239803e83b6eb586304d0b63,gx-no-cache=1678719285917 HTTP/1.1" 200 53
191.126.18.79 - - [13/Mar/2023:12:10:17 -0300] "POST /cormun/servlet/solicitudot?gx-no-cache=1678719295250 HTTP/1.1" 200 297
191.126.18.79 - - [13/Mar/2023:12:10:17 -0300] "GET /cormun/servlet/solicitudot?279859f8d092a77aacd48e7aec62da6537bb4028dee70152f57854973444f5029ee1a4da21f9e72d1e2b24c0c39232b14f21247f3d5801321f9c8e535fc944a6356785e1f751cc5630a5ecfee6a3c3f41af6fedb278f09bd5eafebba5adfb011cb2081395334e2e73f65fc470f4e64422384dd31ac6c5ed718eb98fdb0099128907fefe72eb8266aed94d64da59cf935859f733163d101403bc188610d93663f390489849b72c89d443038a87bbb4d5ed89b49517839f99d0d083462356ac3aa1ce606cf4a1b919621c2ab6d676932463d01145c9548fdb58f4f99896a985d46e1c217646fbfb705f40b3586bff658f289478f37bdd00310bb16fbfa1b67793edd8cbc15f70b34127d56ea55e43f42977b25166f6a6517699f427f2e1b0bcb05c5afde3a85f9589d2b4d0b8a33f825ab8a7f491d68e181f5c0e112b5779c71c943c0302b53f2368ef8725f287551a39e9e3b62475874af3858bae753e9fd16ebc512d0616c4e17460ab722787f5e58a8a8cd268a95f69f26928a55f6d871b15651749a3e6e69bc54b2466fcd7781fc19,gx-no-cache=1678719295324 HTTP/1.1" 200 30
186.67.172.234 - - [13/Mar/2023:12:10:20 -0300] "GET /cormun/servlet/solicitudot?48152ad4ccc61b2fc0e249c600867a0c87fae140c9685e509d9b3a82f7e57c0ae364088e48b6d98c1a0d9e93c95332f9827183c169407b729bdc4b5c71b35e277bd0a0c1ad7a4cac0bd9d975cc6491794d6472cf57fb21e3917ea361f12d6fe6af36193a54e2c2e5f9a8b1b3e8451c1d,gx-no-cache=1678719298344 HTTP/1.1" 200 110
186.67.172.234 - - [13/Mar/2023:12:10:20 -0300] "POST /cormun/servlet/solicitudot?gx-no-cache=1678719298369 HTTP/1.1" 200 79
191.126.18.79 - - [13/Mar/2023:12:10:20 -0300] "POST /cormun/servlet/solicitudot?gx-no-cache=1678719298810 HTTP/1.1" 200 30
191.126.18.79 - - [13/Mar/2023:12:10:20 -0300] "POST /cormun/servlet/solicitudot?gx-no-cache=1678719298912 HTTP/1.1" 200 1468
191.126.18.79 - - [13/Mar/2023:12:10:20 -0300] "POST /cormun/servlet/solicitudot?gx-no-cache=1678719299031 HTTP/1.1" 200 38
186.67.172.234 - - [13/Mar/2023:12:10:26 -0300] "GET /cormun/servlet/solicitudot?48152ad4ccc61b2fc0e249c600867a0c269c787977ec0784ccc6e736e4a859c4a9d8c0c84887bb22da982c4627914a2dde9036b911990d951fb66d7b431514350297aa64c3c9f94919d48bb32c92fa1bd575e928cfa8c7789ead19f038e172fb50d9c0b3bb728d3aae2b5eea76783da7,gx-no-cache=1678719305041 HTTP/1.1" 200 29
186.67.172.234 - - [13/Mar/2023:12:10:26 -0300] "GET /cormun/static/menuarrow.gif HTTP/1.1" 404 1015
186.67.172.234 - - [13/Mar/2023:12:10:30 -0300] "GET /cormun/servlet/solicitudot?48152ad4ccc61b2fc0e249c600867a0ce21a145116ca36586935ab47550b42b52d63d4fdd2005cc59008102ccaae5737,gx-no-cache=1678719308493 HTTP/1.1" 200 30
186.67.172.234 - - [13/Mar/2023:12:10:35 -0300] "GET /cormun/servlet/solicitudot?48152ad4ccc61b2fc0e249c600867a0ce21a145116ca36586935ab47550b42b5d5a09803ff06efd1d56287996520aa0e,gx-no-cache=1678719313912 HTTP/1.1" 200 30
186.67.172.234 - - [13/Mar/2023:12:10:41 -0300] "GET /cormun/servlet/solicitudot?48152ad4ccc61b2fc0e249c600867a0ce21a145116ca36586935ab47550b42b52d63d4fdd2005cc59008102ccaae5737,gx-no-cache=1678719319848 HTTP/1.1" 200 30
186.67.172.234 - - [13/Mar/2023:12:10:46 -0300] "POST /cormun/servlet/solicitudot?gx-no-cache=1678719324953 HTTP/1.1" 200 30
186.67.172.234 - - [13/Mar/2023:12:10:47 -0300] "POST /cormun/servlet/solicitudot?bcad38e00a4a017219ba8cefd8072289,INS,0,0,false,,gx-no-cache=1678719324974 HTTP/1.1" 200 93
186.67.172.234 - - [13/Mar/2023:12:10:47 -0300] "GET /cormun/servlet/hpexe_return? HTTP/1.1" 200 1009
186.67.172.234 - - [13/Mar/2023:12:10:48 -0300] "GET /cormun/servlet/trsolicitudot HTTP/1.1" 200 8633
186.67.172.234 - - [13/Mar/2023:12:10:48 -0300] "GET /cormun/servlet/trsolicitudot HTTP/1.1" 200 8629
181.212.43.89 - - [13/Mar/2023:12:10:51 -0300] "GET /cormun/servlet/prbanco?,MD,,gxPopupLevel%3D0%3B HTTP/1.1" 200 6564
191.126.18.79 - - [13/Mar/2023:12:10:53 -0300] "GET /cormun/servlet/solicitudot?279859f8d092a77aacd48e7aec62da6593581855e36af6d732ae059344f4685fe9339d534b77f7170b2c3c050fa37c484f84dfc4d5a10e0305e6344ea8c2616afcef72a1845a5809de7ca7e8ec8e3a050be8e5de37941186ef4902c7c9a16ad7000876b2bfdd2762f2e86de5396edfa6,gx-no-cache=1678719331524 HTTP/1.1" 200 110
191.126.18.79 - - [13/Mar/2023:12:10:53 -0300] "POST /cormun/servlet/solicitudot?gx-no-cache=1678719331645 HTTP/1.1" 200 64
181.212.43.89 - - [13/Mar/2023:12:10:56 -0300] "GET /cormun/servlet/solicitudot?6065e9d86464eda40320b58890494f68380ad75398165ff7959b0223af8e96bc88d853b7fa45da76bfd0884fcd1504446a50c46d3a28e329aba6832c3ec4c6f5,gx-no-cache=1678719334793 HTTP/1.1" 200 30
181.212.43.89 - - [13/Mar/2023:12:10:58 -0300] "GET /cormun/servlet/solicitudot?6065e9d86464eda40320b58890494f689280d5e6930dd3b941730b23efe74d4b,gx-no-cache=1678719336556 HTTP/1.1" 200 70
181.212.43.89 - - [13/Mar/2023:12:11:09 -0300] "POST /cormun/servlet/solicitudot?gx-no-cache=1678719347420 HTTP/1.1" 200 255
181.212.43.89 - - [13/Mar/2023:12:11:11 -0300] "GET /cormun/servlet/solicitudot?6065e9d86464eda40320b58890494f686ac96b5ab106384d24b0b53df7ad211dcfdb1a5ce37dcd159940fedd66d25961c8efae92f353608fae159d89bf6c09da037f6240da8dcbf973c1934ebee505303472d048a6722f0ce745fdd16f8e4c87503b740744aa7e9d498e131adbe0f6cd34e96126fbad429c3fa3b7dc314f96b5a64460e064f0747e13876a35695439108cc66675599b9d0159a2939e6a8d9575784528b09d22118a1829d7d61ed4370a7167d516e7d568ca1fe64e4415cd69087d175f445099e94ba6ae01062c957d1f0445649b43ce0fe2d66ac260f8d39a9f2c10086bf02ff46b78c30c69efe6242ad314bb360edad93af9e7dab8bd5c0a892e0c78d464a1425755ee0482585894e3abe9c847d98b12a2efa9d0eb36bb44ce089e2dd07e9a8c01027db0e10f6917b8e3e7effb7343eae88fc11a857130ffa2a23bfab4369ecee051f1cdb0c7747a25e9c87a24d148a8e640cbc8f077421ce10270e49b6361f0d753f31434304448a7b6c340e54e35ba34931afd2ad419a3d0,gx-no-cache=1678719349281 HTTP/1.1" 200 30
186.67.172.234 - - [13/Mar/2023:12:11:11 -0300] "POST /cormun/servlet/trsolicitudot?bcad38e00a4a017219ba8cefd8072289,gx-no-cache=1678719349956 HTTP/1.1" 200 107
191.126.18.79 - - [13/Mar/2023:12:11:11 -0300] "GET /cormun/servlet/solicitudot?279859f8d092a77aacd48e7aec62da65956b3ea5b599f4aa6ddf08e12318c0c0271dd84f2de7bec7bb491c8e4d73f2d634caa307acccd2fce336c8b4bd4ae19a6c366b533e821951d1ed5823e410ab219ae6e05c72995edac2cdb4de3d8ab58b7f1ead8d93ee82a29376722c2f7d831d,gx-no-cache=1678719347493 HTTP/1.1" 200 29
191.126.18.79 - - [13/Mar/2023:12:11:11 -0300] "GET /cormun/servlet/solicitudot?279859f8d092a77aacd48e7aec62da65bde0f8ab736c6d6a66bde0844c219604,gx-no-cache=1678719349971 HTTP/1.1" 200 30
191.126.18.79 - - [13/Mar/2023:12:11:11 -0300] "POST /cormun/servlet/solicitudot?gx-no-cache=1678719350033 HTTP/1.1" 200 30
186.67.172.234 - - [13/Mar/2023:12:11:11 -0300] "GET /cormun/servlet/trsolicitudadjuntos?2023,19559, HTTP/1.1" 200 6252
186.67.172.234 - - [13/Mar/2023:12:11:12 -0300] "GET /cormun/servlet/trsolicitudadjuntos?2023,19559, HTTP/1.1" 200 6252
191.126.18.79 - - [13/Mar/2023:12:11:12 -0300] "POST /cormun/servlet/solicitudot?c9fec872c227ac17e4718df1586a06c6,INS,0,0,false,,gx-no-cache=1678719350129 HTTP/1.1" 200 12995
191.126.18.79 - - [13/Mar/2023:12:11:12 -0300] "GET /cormun/static/Shared/jqueryui/images/ui-icons_82798d_256x240.png HTTP/1.1" 404 1089
191.126.18.79 - - [13/Mar/2023:12:11:12 -0300] "GET /cormun/static/Shared/jqueryui/images/ui-bg_highlight-soft_100_c6c2c8_1x100.png HTTP/1.1" 404 1117
191.126.18.79 - - [13/Mar/2023:12:11:12 -0300] "GET /cormun/static/Shared/jqueryui/images/ui-bg_flat_55_994d53_40x100.png HTTP/1.1" 404 1097
191.126.18.79 - - [13/Mar/2023:12:11:12 -0300] "GET /cormun/static/Shared/jqueryui/images/ui-icons_ebccce_256x240.png HTTP/1.1" 404 1089
181.212.43.89 - - [13/Mar/2023:12:11:14 -0300] "POST /cormun/servlet/solicitudot?gx-no-cache=1678719352875 HTTP/1.1" 200 30
181.212.43.89 - - [13/Mar/2023:12:11:16 -0300] "GET /cormun/servlet/prsolicitudot?17440098,,,,,MD,,gxPopupLevel%3D0%3B HTTP/1.1" 200 5981
191.126.18.79 - - [13/Mar/2023:12:11:17 -0300] "GET /cormun/static/menuarrow.gif HTTP/1.1" 404 1015
181.212.43.89 - - [13/Mar/2023:12:11:20 -0300] "POST /cormun/servlet/solicitudot?gx-no-cache=1678719358770 HTTP/1.1" 200 1466
181.212.43.89 - - [13/Mar/2023:12:11:20 -0300] "POST /cormun/servlet/solicitudot?gx-no-cache=1678719358800 HTTP/1.1" 200 38
181.212.43.89 - - [13/Mar/2023:12:11:20 -0300] "GET /cormun/servlet/solicitudot?6065e9d86464eda40320b58890494f68b8954c759bb29bc4a0addaf360cc5d4673da5a677b75612c9940393c6079a1dc51f423f3c956589a558625bf91dab64e4917b8687f36cc66b139beb93581bba67ad3c082972705ce7ade3073cbe89948573d1f25661c7a9bc82feb6bee58d22c,gx-no-cache=1678719358822 HTTP/1.1" 200 110
181.212.43.89 - - [13/Mar/2023:12:11:20 -0300] "POST /cormun/servlet/solicitudot?gx-no-cache=1678719358844 HTTP/1.1" 200 64
181.212.43.89 - - [13/Mar/2023:12:11:20 -0300] "GET /cormun/servlet/solicitudot?6065e9d86464eda40320b58890494f68fcb33b12c7d06012a9645d7235fe5c05de5761d2c3d62e6ddbacf964baf137292a01cd95c26389ae2b33c0a88686d6598aae8318529b6fa768232845b22492b270d14b566487a989294c39815ec05ba7116e9fa206aea0b044cea7de97cfa0a0,gx-no-cache=1678719358869 HTTP/1.1" 200 29
181.212.43.89 - - [13/Mar/2023:12:11:20 -0300] "GET /cormun/servlet/solicitudot?6065e9d86464eda40320b58890494f686ade2eede60d97b099fd8bb9db237e997c812e87856c6c0e48119d33fe5d9308,gx-no-cache=1678719358889 HTTP/1.1" 200 30
191.126.18.79 - - [13/Mar/2023:12:11:21 -0300] "GET /cormun/servlet/solicitudot?279859f8d092a77aacd48e7aec62da652df109f50830d4d1e8ec9e31caec3ea4fa7d677fb2076e6d8862a8c62502eab5,gx-no-cache=1678719359148 HTTP/1.1" 200 30
191.126.18.79 - - [13/Mar/2023:12:11:31 -0300] "POST /cormun/servlet/solicitudot?gx-no-cache=1678719369324 HTTP/1.1" 200 30
191.126.18.79 - - [13/Mar/2023:12:11:31 -0300] "POST /cormun/servlet/solicitudot?c9fec872c227ac17e4718df1586a06c6,INS,0,0,false,,gx-no-cache=1678719369544 HTTP/1.1" 200 93
191.126.18.79 - - [13/Mar/2023:12:11:31 -0300] "GET /cormun/servlet/hpexe_return? HTTP/1.1" 200 1009
191.126.18.79 - - [13/Mar/2023:12:11:32 -0300] "GET /cormun/servlet/trsolicitudot HTTP/1.1" 200 13307
191.126.18.79 - - [13/Mar/2023:12:11:32 -0300] "GET /cormun/servlet/trsolicitudot HTTP/1.1" 200 13303
186.67.172.234 - - [13/Mar/2023:12:11:34 -0300] "GET /cormun/servlet/solicitudotadjuntos?INS,2023,19559,,1, HTTP/1.1" 200 6195
186.67.172.234 - - [13/Mar/2023:12:11:34 -0300] "GET /cormun/servlet/solicitudotadjuntos?INS,2023,19559,,1, HTTP/1.1" 200 6189
191.126.18.79 - - [13/Mar/2023:12:11:34 -0300] "POST /cormun/servlet/trsolicitudot?c9fec872c227ac17e4718df1586a06c6,gx-no-cache=1678719372512 HTTP/1.1" 200 107
191.126.18.79 - - [13/Mar/2023:12:11:34 -0300] "GET /cormun/servlet/trsolicitudadjuntos?2023,19560, HTTP/1.1" 200 6010
186.67.172.234 - - [13/Mar/2023:12:11:34 -0300] "GET /cormun/static/about:blank HTTP/1.1" 404 1011
186.67.172.234 - - [13/Mar/2023:12:11:35 -0300] "GET /cormun/servlet/solicitudotadjuntos?48152ad4ccc61b2fc0e249c600867a0cc5dc9ca9bbce9067c1351ad5502abc010a86ec867245b383567a4c629696825c,gx-no-cache=1678719373359 HTTP/1.1" 200 30
191.126.18.79 - - [13/Mar/2023:12:11:35 -0300] "GET /cormun/servlet/trsolicitudadjuntos?2023,19560, HTTP/1.1" 200 6010
186.67.172.234 - - [13/Mar/2023:12:11:35 -0300] "POST /cormun/servlet/solicitudotadjuntos?bcad38e00a4a017219ba8cefd8072289,INS,2023,19559,,1,,gx-no-cache=1678719373371 HTTP/1.1" 200 4152
186.67.172.234 - - [13/Mar/2023:12:11:36 -0300] "POST /cormun/servlet/solicitudotadjuntos?gx-no-cache=1678719374941 HTTP/1.1" 200 26
191.126.18.79 - - [13/Mar/2023:12:11:37 -0300] "GET /cormun/servlet/solicitudotadjuntos?INS,2023,19560,,1, HTTP/1.1" 200 5951
191.126.18.79 - - [13/Mar/2023:12:11:37 -0300] "GET /cormun/static/about:blank HTTP/1.1" 404 1011
191.126.18.79 - - [13/Mar/2023:12:11:37 -0300] "GET /cormun/servlet/solicitudotadjuntos?INS,2023,19560,,1, HTTP/1.1" 200 5944
191.126.18.79 - - [13/Mar/2023:12:11:37 -0300] "GET /cormun/servlet/solicitudotadjuntos?279859f8d092a77aacd48e7aec62da650664c1b1f320713432fcc0f8cd82e8ebb6fccec41e48530b5f81553a3b632202,gx-no-cache=1678719375911 HTTP/1.1" 200 30
191.126.18.79 - - [13/Mar/2023:12:11:37 -0300] "POST /cormun/servlet/solicitudotadjuntos?c9fec872c227ac17e4718df1586a06c6,INS,2023,19560,,1,,gx-no-cache=1678719375973 HTTP/1.1" 200 3871
191.126.18.79 - - [13/Mar/2023:12:11:39 -0300] "POST /cormun/servlet/solicitudotadjuntos?gx-no-cache=1678719377843 HTTP/1.1" 200 26
191.126.18.79 - - [13/Mar/2023:12:11:53 -0300] "GET /cormun/servlet/solicitudotadjuntos?279859f8d092a77aacd48e7aec62da65307cbab953fcb977b32c3cffce7568f3,gx-no-cache=1678719391708 HTTP/1.1" 200 30
191.126.18.79 - - [13/Mar/2023:12:11:53 -0300] "GET /cormun/servlet/solicitudotadjuntos?279859f8d092a77aacd48e7aec62da65307cbab953fcb977b32c3cffce7568f3,gx-no-cache=1678719391772 HTTP/1.1" 200 30
191.126.18.79 - - [13/Mar/2023:12:11:54 -0300] "POST /cormun/servlet/solicitudotadjuntos?c9fec872c227ac17e4718df1586a06c6,INS,2023,19560,,1, HTTP/1.1" 200 116
191.126.18.79 - - [13/Mar/2023:12:11:54 -0300] "GET /cormun/servlet/hpexe_return? HTTP/1.1" 200 1028
191.126.18.79 - - [13/Mar/2023:12:11:55 -0300] "GET /cormun/servlet/trsolicitudadjuntos?2023,19560, HTTP/1.1" 200 8889
191.126.18.79 - - [13/Mar/2023:12:11:55 -0300] "GET /cormun/servlet/trsolicitudadjuntos?2023,19560, HTTP/1.1" 200 8884
191.126.18.79 - - [13/Mar/2023:12:11:57 -0300] "GET /cormun/servlet/solicitudotadjuntos?INS,2023,19560,,1, HTTP/1.1" 200 5951
191.126.18.79 - - [13/Mar/2023:12:11:57 -0300] "GET /cormun/static/about:blank HTTP/1.1" 404 1011
191.126.18.79 - - [13/Mar/2023:12:11:57 -0300] "GET /cormun/servlet/solicitudotadjuntos?INS,2023,19560,,1, HTTP/1.1" 200 5944
191.126.18.79 - - [13/Mar/2023:12:11:58 -0300] "GET /cormun/servlet/solicitudotadjuntos?279859f8d092a77aacd48e7aec62da650664c1b1f320713432fcc0f8cd82e8ebb6fccec41e48530b5f81553a3b632202,gx-no-cache=1678719396135 HTTP/1.1" 200 30
191.126.18.79 - - [13/Mar/2023:12:11:58 -0300] "POST /cormun/servlet/solicitudotadjuntos?c9fec872c227ac17e4718df1586a06c6,INS,2023,19560,,1,,gx-no-cache=1678719396258 HTTP/1.1" 200 3871
