186.172.126.7 - - [13/Mar/2023:15:43:35 -0300] "GET /cormun/servlet/solicitudotadjuntos?74de4589d4bdb950c1b1dce570a40c81043a59f6f596e6fb5a9fba6adfadd3bcf0f4cba9d5fde3c8053c4e7d27b8cc07,gx-no-cache=1678732093600 HTTP/1.1" 200 30
186.172.126.7 - - [13/Mar/2023:15:43:35 -0300] "POST /cormun/servlet/solicitudotadjuntos?f561f6ab1705ba9869bc5023c0eda5ad,INS,2023,19585,,1,,gx-no-cache=1678732093677 HTTP/1.1" 200 3906
192.168.10.61 - - [13/Mar/2023:15:43:40 -0300] "POST /cormun/servlet/trsolicitudgral?1a252b65237d558b08679805454a0f7e,,gx-no-cache=1678732095109 HTTP/1.1" 200 5250
186.172.126.7 - - [13/Mar/2023:15:43:40 -0300] "POST /cormun/servlet/solicitudotadjuntos?gx-no-cache=1678732098448 HTTP/1.1" 200 26
200.54.103.162 - - [13/Mar/2023:15:43:51 -0300] "GET /cormun/servlet/trautorizarsolicitud? HTTP/1.1" 200 7459
200.54.103.162 - - [13/Mar/2023:15:43:52 -0300] "GET /cormun/servlet/trautorizarsolicitud? HTTP/1.1" 200 7458
200.54.103.162 - - [13/Mar/2023:15:43:55 -0300] "POST /cormun/servlet/trautorizarsolicitud?684eda1db7e76b7d9a6b733eff4b14cb,,gx-no-cache=1678732156604 HTTP/1.1" 200 4556
200.54.103.162 - - [13/Mar/2023:15:43:59 -0300] "POST /cormun/servlet/trautorizarsolicitud?684eda1db7e76b7d9a6b733eff4b14cb,,gx-no-cache=1678732160291 HTTP/1.1" 200 90
200.54.103.162 - - [13/Mar/2023:15:43:59 -0300] "GET /cormun/servlet/hpexe_link HTTP/1.1" 200 973
200.54.103.162 - - [13/Mar/2023:15:43:59 -0300] "GET /cormun/servlet/trvisualizadoreventos HTTP/1.1" 200 7133
200.54.103.162 - - [13/Mar/2023:15:43:59 -0300] "GET /cormun/servlet/trvisualizadoreventos HTTP/1.1" 200 7131
200.54.103.162 - - [13/Mar/2023:15:44:02 -0300] "POST /cormun/servlet/trvisualizadoreventos?684eda1db7e76b7d9a6b733eff4b14cb,gx-no-cache=1678732163149 HTTP/1.1" 200 90
200.54.103.162 - - [13/Mar/2023:15:44:02 -0300] "GET /cormun/servlet/hpexe_link HTTP/1.1" 200 968
200.54.103.162 - - [13/Mar/2023:15:44:02 -0300] "GET /cormun/servlet/trsolicitudot? HTTP/1.1" 200 7571
200.54.103.162 - - [13/Mar/2023:15:44:02 -0300] "GET /cormun/servlet/trsolicitudot? HTTP/1.1" 200 7569
200.54.103.162 - - [13/Mar/2023:15:44:05 -0300] "GET /cormun/servlet/hhome HTTP/1.1" 200 4347
200.54.103.162 - - [13/Mar/2023:15:44:05 -0300] "GET /cormun/servlet/hhome HTTP/1.1" 200 4344
186.172.126.7 - - [13/Mar/2023:15:44:17 -0300] "GET /cormun/servlet/solicitudotadjuntos?74de4589d4bdb950c1b1dce570a40c8162608234162763bf8e5548f06e0de2f7,gx-no-cache=1678732135520 HTTP/1.1" 200 30
186.172.126.7 - - [13/Mar/2023:15:44:17 -0300] "GET /cormun/servlet/solicitudotadjuntos?74de4589d4bdb950c1b1dce570a40c8162608234162763bf8e5548f06e0de2f7,gx-no-cache=1678732135638 HTTP/1.1" 200 30
186.172.126.7 - - [13/Mar/2023:15:44:18 -0300] "POST /cormun/servlet/solicitudotadjuntos?f561f6ab1705ba9869bc5023c0eda5ad,INS,2023,19585,,1, HTTP/1.1" 200 116
186.172.126.7 - - [13/Mar/2023:15:44:18 -0300] "GET /cormun/servlet/hpexe_return? HTTP/1.1" 200 1032
186.172.126.7 - - [13/Mar/2023:15:44:18 -0300] "GET /cormun/servlet/trsolicitudadjuntos?2023,19585, HTTP/1.1" 200 9727
186.172.126.7 - - [13/Mar/2023:15:44:19 -0300] "GET /cormun/servlet/trsolicitudadjuntos?2023,19585, HTTP/1.1" 200 9727
186.172.126.7 - - [13/Mar/2023:15:44:21 -0300] "GET /cormun/servlet/solicitudotadjuntos?INS,2023,19585,,1, HTTP/1.1" 200 5955
186.172.126.7 - - [13/Mar/2023:15:44:21 -0300] "GET /cormun/static/about:blank HTTP/1.1" 404 1011
186.172.126.7 - - [13/Mar/2023:15:44:22 -0300] "GET /cormun/servlet/solicitudotadjuntos?INS,2023,19585,,1, HTTP/1.1" 200 5948
186.172.126.7 - - [13/Mar/2023:15:44:22 -0300] "GET /cormun/servlet/solicitudotadjuntos?74de4589d4bdb950c1b1dce570a40c81043a59f6f596e6fb5a9fba6adfadd3bcf0f4cba9d5fde3c8053c4e7d27b8cc07,gx-no-cache=1678732140532 HTTP/1.1" 200 30
200.54.103.162 - - [13/Mar/2023:15:44:22 -0300] "GET /cormun/servlet/trvisualizadoreventos? HTTP/1.1" 200 7126
186.172.126.7 - - [13/Mar/2023:15:44:22 -0300] "POST /cormun/servlet/solicitudotadjuntos?f561f6ab1705ba9869bc5023c0eda5ad,INS,2023,19585,,1,,gx-no-cache=1678732140570 HTTP/1.1" 200 3906
200.54.103.162 - - [13/Mar/2023:15:44:22 -0300] "GET /cormun/servlet/trvisualizadoreventos? HTTP/1.1" 200 7125
186.172.126.7 - - [13/Mar/2023:15:44:24 -0300] "POST /cormun/servlet/solicitudotadjuntos?gx-no-cache=1678732142937 HTTP/1.1" 200 26
200.54.103.162 - - [13/Mar/2023:15:44:26 -0300] "POST /cormun/servlet/acontrolpreferencessavestate?None,GSAAVEDRA,true HTTP/1.1" 200 35
200.54.103.162 - - [13/Mar/2023:15:44:31 -0300] "GET /cormun/servlet/trsolicitudot? HTTP/1.1" 200 7564
200.54.103.162 - - [13/Mar/2023:15:44:31 -0300] "GET /cormun/servlet/trsolicitudot? HTTP/1.1" 200 7563
186.172.126.7 - - [13/Mar/2023:15:44:34 -0300] "GET /cormun/servlet/solicitudotadjuntos?74de4589d4bdb950c1b1dce570a40c8162608234162763bf8e5548f06e0de2f7,gx-no-cache=1678732152392 HTTP/1.1" 200 30
186.172.126.7 - - [13/Mar/2023:15:44:34 -0300] "GET /cormun/servlet/solicitudotadjuntos?74de4589d4bdb950c1b1dce570a40c8162608234162763bf8e5548f06e0de2f7,gx-no-cache=1678732152494 HTTP/1.1" 200 30
186.172.126.7 - - [13/Mar/2023:15:44:34 -0300] "POST /cormun/servlet/solicitudotadjuntos?f561f6ab1705ba9869bc5023c0eda5ad,INS,2023,19585,,1, HTTP/1.1" 200 116
186.172.126.7 - - [13/Mar/2023:15:44:35 -0300] "GET /cormun/servlet/hpexe_return? HTTP/1.1" 200 1032
186.172.126.7 - - [13/Mar/2023:15:44:35 -0300] "GET /cormun/servlet/trsolicitudadjuntos?2023,19585, HTTP/1.1" 200 10023
186.172.126.7 - - [13/Mar/2023:15:44:35 -0300] "GET /cormun/servlet/trsolicitudadjuntos?2023,19585, HTTP/1.1" 200 10022
186.172.126.7 - - [13/Mar/2023:15:44:38 -0300] "GET /cormun/servlet/solicitudotadjuntos?INS,2023,19585,,1, HTTP/1.1" 200 5955
186.172.126.7 - - [13/Mar/2023:15:44:38 -0300] "GET /cormun/static/about:blank HTTP/1.1" 404 1011
186.172.126.7 - - [13/Mar/2023:15:44:38 -0300] "GET /cormun/servlet/solicitudotadjuntos?INS,2023,19585,,1, HTTP/1.1" 200 5948
186.172.126.7 - - [13/Mar/2023:15:44:38 -0300] "GET /cormun/servlet/solicitudotadjuntos?74de4589d4bdb950c1b1dce570a40c81043a59f6f596e6fb5a9fba6adfadd3bcf0f4cba9d5fde3c8053c4e7d27b8cc07,gx-no-cache=1678732156792 HTTP/1.1" 200 30
186.172.126.7 - - [13/Mar/2023:15:44:38 -0300] "POST /cormun/servlet/solicitudotadjuntos?f561f6ab1705ba9869bc5023c0eda5ad,INS,2023,19585,,1,,gx-no-cache=1678732156832 HTTP/1.1" 200 3907
200.54.103.162 - - [13/Mar/2023:15:44:41 -0300] "GET /cormun/servlet/trautorizarsolicitud? HTTP/1.1" 200 7462
200.54.103.162 - - [13/Mar/2023:15:44:41 -0300] "GET /cormun/servlet/trautorizarsolicitud? HTTP/1.1" 200 7461
186.172.126.7 - - [13/Mar/2023:15:44:43 -0300] "POST /cormun/servlet/solicitudotadjuntos?gx-no-cache=1678732161927 HTTP/1.1" 200 26
186.172.126.7 - - [13/Mar/2023:15:44:48 -0300] "GET /cormun/servlet/solicitudotadjuntos?74de4589d4bdb950c1b1dce570a40c8162608234162763bf8e5548f06e0de2f7,gx-no-cache=1678732166511 HTTP/1.1" 200 30
186.172.126.7 - - [13/Mar/2023:15:44:48 -0300] "GET /cormun/servlet/solicitudotadjuntos?74de4589d4bdb950c1b1dce570a40c8162608234162763bf8e5548f06e0de2f7,gx-no-cache=1678732166562 HTTP/1.1" 200 30
186.172.126.7 - - [13/Mar/2023:15:44:48 -0300] "POST /cormun/servlet/solicitudotadjuntos?f561f6ab1705ba9869bc5023c0eda5ad,INS,2023,19585,,1, HTTP/1.1" 200 116
186.172.126.7 - - [13/Mar/2023:15:44:48 -0300] "GET /cormun/servlet/hpexe_return? HTTP/1.1" 200 1032
186.172.126.7 - - [13/Mar/2023:15:44:49 -0300] "GET /cormun/servlet/trsolicitudadjuntos?2023,19585, HTTP/1.1" 200 10145
186.172.126.7 - - [13/Mar/2023:15:44:49 -0300] "GET /cormun/servlet/trsolicitudadjuntos?2023,19585, HTTP/1.1" 200 10142
186.172.126.7 - - [13/Mar/2023:15:44:54 -0300] "GET /cormun/servlet/trsolicitudadjuntos?2023,19585, HTTP/1.1" 200 10147
200.54.103.162 - - [13/Mar/2023:15:44:54 -0300] "GET /cormun/servlet/trvisualizadoreventos? HTTP/1.1" 200 7123
200.54.103.162 - - [13/Mar/2023:15:44:55 -0300] "GET /cormun/servlet/trvisualizadoreventos? HTTP/1.1" 200 7122
186.172.126.7 - - [13/Mar/2023:15:44:55 -0300] "GET /cormun/servlet/trsolicitudadjuntos?2023,19585, HTTP/1.1" 200 10141
200.54.103.162 - - [13/Mar/2023:15:45:01 -0300] "GET /cormun/servlet/trsolicitudcuentarbd? HTTP/1.1" 200 7096
200.54.103.162 - - [13/Mar/2023:15:45:01 -0300] "GET /cormun/static/gxcfg.js?201991422574133 HTTP/1.1" 200 953
200.54.103.162 - - [13/Mar/2023:15:45:01 -0300] "GET /cormun/static/trsolicitudcuentarbd.js?201991422574613 HTTP/1.1" 200 29350
200.54.103.162 - - [13/Mar/2023:15:45:01 -0300] "GET /cormun/servlet/trsolicitudcuentarbd? HTTP/1.1" 200 7096
200.54.103.162 - - [13/Mar/2023:15:45:04 -0300] "GET /cormun/servlet/trsolicitudot? HTTP/1.1" 200 7562
200.54.103.162 - - [13/Mar/2023:15:45:05 -0300] "GET /cormun/servlet/trsolicitudot? HTTP/1.1" 200 7562
200.54.103.162 - - [13/Mar/2023:15:45:13 -0300] "GET /cormun/servlet/trvisualizadoreventos? HTTP/1.1" 200 7123
200.54.103.162 - - [13/Mar/2023:15:45:13 -0300] "GET /cormun/servlet/trvisualizadoreventos? HTTP/1.1" 200 7122
200.54.103.162 - - [13/Mar/2023:15:45:22 -0300] "POST /cormun/servlet/trvisualizadoreventos?684eda1db7e76b7d9a6b733eff4b14cb,,gx-no-cache=1678732242991 HTTP/1.1" 200 4288
200.54.103.162 - - [13/Mar/2023:15:45:23 -0300] "POST /cormun/servlet/trvisualizadoreventos?684eda1db7e76b7d9a6b733eff4b14cb,,gx-no-cache=1678732244595 HTTP/1.1" 200 4288
200.54.103.162 - - [13/Mar/2023:15:45:37 -0300] "GET /cormun/servlet/trautorizarsolicitud? HTTP/1.1" 200 7454
200.54.103.162 - - [13/Mar/2023:15:45:37 -0300] "GET /cormun/servlet/trautorizarsolicitud? HTTP/1.1" 200 7453
200.54.103.162 - - [13/Mar/2023:15:45:47 -0300] "POST /cormun/servlet/trautorizarsolicitud?684eda1db7e76b7d9a6b733eff4b14cb,,gx-no-cache=1678732268245 HTTP/1.1" 200 7712
200.54.103.162 - - [13/Mar/2023:15:45:56 -0300] "GET /cormun/servlet/veautorizarsolicitud?2023,19584,, HTTP/1.1" 200 8691
200.54.103.162 - - [13/Mar/2023:15:45:56 -0300] "GET /cormun/static/gxcfg.js?201991422424023 HTTP/1.1" 200 953
200.54.103.162 - - [13/Mar/2023:15:45:56 -0300] "GET /cormun/static/veautorizarsolicitud.js?201991422424092 HTTP/1.1" 200 6140
200.54.103.162 - - [13/Mar/2023:15:45:56 -0300] "GET /cormun/pexe_scrolldiv.js HTTP/1.1" 404 1009
200.54.103.162 - - [13/Mar/2023:15:45:56 -0300] "GET /cormun/static/tbautorizarsolicitud01.js?201991419252835 HTTP/1.1" 200 30580
200.54.103.162 - - [13/Mar/2023:15:45:56 -0300] "GET /cormun/servlet/veautorizarsolicitud?2023,19584,, HTTP/1.1" 200 8690
190.171.149.74 - - [13/Mar/2023:15:50:09 -0300] "GET /cormun/servlet/hlogin HTTP/1.1" 200 1731
190.171.149.74 - - [13/Mar/2023:15:50:14 -0300] "POST /cormun/servlet/hlogin?43a41b3f21d37b6dadf6d1e94a8adf81,gx-no-cache=1678736206836 HTTP/1.1" 200 90
190.171.149.74 - - [13/Mar/2023:15:50:14 -0300] "GET /cormun/servlet/hpexe_link HTTP/1.1" 200 954
190.171.149.74 - - [13/Mar/2023:15:50:14 -0300] "GET /cormun/servlet/hhome HTTP/1.1" 200 3980
190.171.149.74 - - [13/Mar/2023:15:50:15 -0300] "GET /cormun/servlet/hhome HTTP/1.1" 200 3978
190.171.149.74 - - [13/Mar/2023:15:50:16 -0300] "GET /cormun/servlet/trlicencias? HTTP/1.1" 200 9786
190.171.149.74 - - [13/Mar/2023:15:50:17 -0300] "GET /cormun/servlet/trlicencias? HTTP/1.1" 200 9784
186.172.126.7 - - [13/Mar/2023:15:50:42 -0300] "GET /cormun/servlet/hlogin HTTP/1.1" 200 1731
186.172.126.7 - - [13/Mar/2023:15:50:46 -0300] "POST /cormun/servlet/hlogin?dfe06e675188243317ea17e42f95b5ba,gx-no-cache=1678732524688 HTTP/1.1" 200 90
186.172.126.7 - - [13/Mar/2023:15:50:46 -0300] "GET /cormun/servlet/hpexe_link HTTP/1.1" 200 956
186.172.126.7 - - [13/Mar/2023:15:50:47 -0300] "GET /cormun/servlet/hhome HTTP/1.1" 200 3904
186.172.126.7 - - [13/Mar/2023:15:50:47 -0300] "GET /cormun/servlet/hhome HTTP/1.1" 200 3901
186.172.126.7 - - [13/Mar/2023:15:50:50 -0300] "GET /cormun/servlet/trsolicitudot? HTTP/1.1" 200 16850
186.172.126.7 - - [13/Mar/2023:15:50:50 -0300] "GET /cormun/servlet/trsolicitudot? HTTP/1.1" 200 16847
190.171.142.42 - - [13/Mar/2023:15:51:02 -0300] "GET /cormun/servlet/hlogin HTTP/1.1" 200 1730
186.172.126.7 - - [13/Mar/2023:15:51:11 -0300] "POST /cormun/servlet/trsolicitudot?dfe06e675188243317ea17e42f95b5ba,,gx-no-cache=1678732548067 HTTP/1.1" 200 113
186.172.126.7 - - [13/Mar/2023:15:51:12 -0300] "GET /cormun/servlet/solicitudot?UPD,2023,19575,false, HTTP/1.1" 200 16481
186.172.126.7 - - [13/Mar/2023:15:51:12 -0300] "GET /cormun/servlet/solicitudot?UPD,2023,19575,false, HTTP/1.1" 200 16492
186.172.126.7 - - [13/Mar/2023:15:51:13 -0300] "POST /cormun/servlet/solicitudot?gx-no-cache=1678732550857 HTTP/1.1" 200 4042
190.171.142.42 - - [13/Mar/2023:15:51:13 -0300] "POST /cormun/servlet/hlogin?d9105ddaf5d9a9e2fecbc2394f9d558b,gx-no-cache=1678732553344 HTTP/1.1" 200 90
190.171.142.42 - - [13/Mar/2023:15:51:13 -0300] "GET /cormun/servlet/hpexe_link HTTP/1.1" 200 961
190.171.142.42 - - [13/Mar/2023:15:51:13 -0300] "GET /cormun/servlet/trsolicitudot HTTP/1.1" 200 7457
186.172.126.7 - - [13/Mar/2023:15:51:13 -0300] "POST /cormun/servlet/solicitudot?dfe06e675188243317ea17e42f95b5ba,UPD,2023,19575,false,,gx-no-cache=1678732551207 HTTP/1.1" 200 12666
186.172.126.7 - - [13/Mar/2023:15:51:13 -0300] "GET /cormun/servlet/solicitudot?49e6cc7fdcc995a2ac358b3cbbea6d09c470bff831705c85387b33bd4cf590ecfec902c433255b9223e8174c2dd6e532,gx-no-cache=1678732551833 HTTP/1.1" 200 30
190.171.142.42 - - [13/Mar/2023:15:51:13 -0300] "GET /cormun/servlet/trsolicitudot HTTP/1.1" 200 7455
186.172.126.7 - - [13/Mar/2023:15:51:14 -0300] "GET /cormun/servlet/solicitudot?49e6cc7fdcc995a2ac358b3cbbea6d0984370bf6180d43b29c09e1773782ac206c6ae56f859fac4c6d5b9d40af8f69ee7d9679c5537c970c8466e4a8c837e4eb4096643b9a405aa1f1fda5574434bf66,gx-no-cache=1678732551986 HTTP/1.1" 200 30
186.172.126.7 - - [13/Mar/2023:15:51:14 -0300] "GET /cormun/servlet/solicitudot?49e6cc7fdcc995a2ac358b3cbbea6d09f5994cb81ec718813efd0b16e9052c60042dea727d0f21acb8925845bd24e6228b72f5580148efffb4f419b5a1a74142,gx-no-cache=1678732552072 HTTP/1.1" 200 53
186.172.126.7 - - [13/Mar/2023:15:51:14 -0300] "POST /cormun/servlet/solicitudot?gx-no-cache=1678732552169 HTTP/1.1" 200 254
186.172.126.7 - - [13/Mar/2023:15:51:14 -0300] "GET /cormun/servlet/solicitudot?49e6cc7fdcc995a2ac358b3cbbea6d09bb045984a69a8422560e7640b446e943c1fe322eba046cbe81adeebd14e8bb2037ccfe7eaedaebefc66d678cbeee637f627f389a06089bfb91e76258efd92ba516cee069766897c1ecb56ce84021bccade660dcd78cf5b4e951b4afb2557a06d0a0349c033eb7e5a1189d95eb05dc6f34532fb13f0ca72115bbcdd206dc1c0d372ac34c8448b72eca70c996fd03897a1bdd0ddad6995691bddc834f341b18ec3c4eb692fe55c1be81a261bb282db44fac0e7103ad409218e4fc471f81caaddcee1657eb5f68013b2f49b5c362bd4079dd0b1cd21849936352030cf0ace6c087807116ec1a0e895d53b1f1556eadf2f1a54a3b4cdc5a82fc4b812b6467d0ac45c2c7a135e71bf9024f3769f6fd844dfcc55815a2ef2694376d815ceee7f10561dedf5e3db6ca8edba2e7be220dc95de02ee2e41f4888c789c1d1ec936fad3cef3b02a5042955c3997337c33d11e54aa2ac2bef7a81fce4389e72738e7ef1d53a8746a0546adbe54b69e9215b05cb81e7d,gx-no-cache=1678732552404 HTTP/1.1" 200 30
186.172.126.7 - - [13/Mar/2023:15:51:14 -0300] "POST /cormun/servlet/solicitudot?gx-no-cache=1678732552502 HTTP/1.1" 200 30
186.172.126.7 - - [13/Mar/2023:15:51:14 -0300] "POST /cormun/servlet/solicitudot?gx-no-cache=1678732552680 HTTP/1.1" 200 1468
186.172.126.7 - - [13/Mar/2023:15:51:15 -0300] "POST /cormun/servlet/solicitudot?gx-no-cache=1678732553022 HTTP/1.1" 200 41
186.172.126.7 - - [13/Mar/2023:15:51:34 -0300] "GET /cormun/servlet/solicitudot?49e6cc7fdcc995a2ac358b3cbbea6d09cab0a6033b2b85b47cdf867959170905f2906db6f62a6bfef912381572d55f3e7c8b3a913538fa915d684cc8e083c756942767b785b3c4fff700195016f4395c1a799c1e89539237cd3630618828cee7f1ae3a7bdd2b59d7d453b09c278aa27c,gx-no-cache=1678732572271 HTTP/1.1" 200 110
186.172.126.7 - - [13/Mar/2023:15:51:34 -0300] "POST /cormun/servlet/solicitudot?gx-no-cache=1678732572323 HTTP/1.1" 200 97
186.172.126.7 - - [13/Mar/2023:15:51:34 -0300] "GET /cormun/servlet/solicitudot?49e6cc7fdcc995a2ac358b3cbbea6d092a5a6bdd82764144223797dbe8f11d64a5555f09522e1c37aa371f165fb419dbf4ec395ba19a6f2aac9ea5e40b5c73c32bf4c5c31b44de53222ee9959eb37a6dd97256217f486d195d02f2cd7df90cdc6d3c09468c75fe15b94e4d7fa52f714350906fa9206f1d136f760cbe1503014ca59ac01f0454232312be98646f16b183b792fe7d7ac4f989d5c815deccbd2474,gx-no-cache=1678732572601 HTTP/1.1" 200 29
186.172.126.7 - - [13/Mar/2023:15:51:34 -0300] "GET /cormun/servlet/solicitudot?49e6cc7fdcc995a2ac358b3cbbea6d099c8d09f9d8d85ed081ff0879c6a3c6330a8e0b37c723199356fb3cdc926614ab,gx-no-cache=1678732572675 HTTP/1.1" 200 30
186.172.126.7 - - [13/Mar/2023:15:51:34 -0300] "POST /cormun/servlet/solicitudot?gx-no-cache=1678732572874 HTTP/1.1" 200 30
186.172.126.7 - - [13/Mar/2023:15:51:35 -0300] "POST /cormun/servlet/solicitudot?dfe06e675188243317ea17e42f95b5ba,UPD,2023,19575,false,,gx-no-cache=1678732572962 HTTP/1.1" 200 93
186.172.126.7 - - [13/Mar/2023:15:51:35 -0300] "GET /cormun/servlet/hpexe_return? HTTP/1.1" 200 1020
186.172.126.7 - - [13/Mar/2023:15:51:36 -0300] "GET /cormun/servlet/trsolicitudot HTTP/1.1" 200 16863
186.172.126.7 - - [13/Mar/2023:15:51:36 -0300] "GET /cormun/servlet/trsolicitudot HTTP/1.1" 200 16859
190.171.142.42 - - [13/Mar/2023:15:51:38 -0300] "GET /cormun/servlet/solicitudot?INS,0,0,false, HTTP/1.1" 200 16054
190.171.142.42 - - [13/Mar/2023:15:51:39 -0300] "GET /cormun/servlet/solicitudot?INS,0,0,false, HTTP/1.1" 200 16062
190.171.142.42 - - [13/Mar/2023:15:52:00 -0300] "GET /cormun/servlet/trlicencias? HTTP/1.1" 200 10529
190.171.142.42 - - [13/Mar/2023:15:52:00 -0300] "GET /cormun/servlet/trlicencias? HTTP/1.1" 200 10519
186.172.126.7 - - [13/Mar/2023:15:52:02 -0300] "POST /cormun/servlet/trsolicitudot?dfe06e675188243317ea17e42f95b5ba,gx-no-cache=1678732599916 HTTP/1.1" 200 113
186.172.126.7 - - [13/Mar/2023:15:52:02 -0300] "GET /cormun/servlet/solicitudot?UPD,2023,19532,false, HTTP/1.1" 200 16464
186.172.126.7 - - [13/Mar/2023:15:52:02 -0300] "GET /cormun/servlet/solicitudot?UPD,2023,19532,false, HTTP/1.1" 200 16474
186.172.126.7 - - [13/Mar/2023:15:52:03 -0300] "POST /cormun/servlet/solicitudot?gx-no-cache=1678732601194 HTTP/1.1" 200 4044
186.172.126.7 - - [13/Mar/2023:15:52:03 -0300] "POST /cormun/servlet/solicitudot?dfe06e675188243317ea17e42f95b5ba,UPD,2023,19532,false,,gx-no-cache=1678732601443 HTTP/1.1" 200 12687
186.172.126.7 - - [13/Mar/2023:15:52:03 -0300] "GET /cormun/servlet/solicitudot?49e6cc7fdcc995a2ac358b3cbbea6d09d0a963456da44802f970ace5a768d0d6c2c99b99cfb48e56b65e987fc258a692,gx-no-cache=1678732601857 HTTP/1.1" 200 30
186.172.126.7 - - [13/Mar/2023:15:52:03 -0300] "GET /cormun/servlet/solicitudot?49e6cc7fdcc995a2ac358b3cbbea6d09160168a42937403464bea44555ba76218d544fd4ce4f9f7e5a9332618796d9a11820e9e762d52cbba423d3f14207bce0,gx-no-cache=1678732601982 HTTP/1.1" 200 30
186.172.126.7 - - [13/Mar/2023:15:52:04 -0300] "GET /cormun/servlet/solicitudot?49e6cc7fdcc995a2ac358b3cbbea6d09f5994cb81ec718813efd0b16e9052c60042dea727d0f21acb8925845bd24e6228b72f5580148efffb4f419b5a1a74142,gx-no-cache=1678732602037 HTTP/1.1" 200 53
186.172.126.7 - - [13/Mar/2023:15:52:04 -0300] "POST /cormun/servlet/solicitudot?gx-no-cache=1678732602096 HTTP/1.1" 200 297
186.172.126.7 - - [13/Mar/2023:15:52:04 -0300] "GET /cormun/servlet/solicitudot?49e6cc7fdcc995a2ac358b3cbbea6d09bb045984a69a8422560e7640b446e943021211a8900bbbdc89dfe2f38611319e37ccfe7eaedaebefc66d678cbeee637f627f389a06089bfb91e76258efd92ba516cee069766897c1ecb56ce84021bccade660dcd78cf5b4e951b4afb2557a06d0a0349c033eb7e5a1189d95eb05dc6f34532fb13f0ca72115bbcdd206dc1c0d372ac34c8448b72eca70c996fd03897a1bdd0ddad6995691bddc834f341b18ec3c4eb692fe55c1be81a261bb282db44fac0e7103ad409218e4fc471f81caaddcee1657eb5f68013b2f49b5c362bd4079dd0b1cd21849936352030cf0ace6c0878a024ee4d07411ea5ff8d62d467c52fd454a3b4cdc5a82fc4b812b6467d0ac45ca2d2aa9d16180669b77d690e41d5cea78cec1727a9d95064bbc59c917371b4f4717b6768fcecc5815043c920802b41dada69f0b4ea402977290d96b91a8af6d69d84e28885aeb19bd7e865e5433b80266df59afdbeaef5df181ef81132f875557f2e863ffa804612719c233981da2c09c3b105844e1296d785018f2356843012,gx-no-cache=1678732602311 HTTP/1.1" 200 30
186.172.126.7 - - [13/Mar/2023:15:52:04 -0300] "POST /cormun/servlet/solicitudot?gx-no-cache=1678732602373 HTTP/1.1" 200 30
186.172.126.7 - - [13/Mar/2023:15:52:04 -0300] "POST /cormun/servlet/solicitudot?gx-no-cache=1678732602500 HTTP/1.1" 200 1466
186.172.126.7 - - [13/Mar/2023:15:52:04 -0300] "POST /cormun/servlet/solicitudot?gx-no-cache=1678732602619 HTTP/1.1" 200 41
186.172.126.7 - - [13/Mar/2023:15:52:07 -0300] "GET /cormun/servlet/solicitudot?49e6cc7fdcc995a2ac358b3cbbea6d09cab0a6033b2b85b47cdf867959170905f2906db6f62a6bfef912381572d55f3e7c8b3a913538fa915d684cc8e083c756942767b785b3c4fff700195016f4395c1a799c1e89539237cd3630618828cee7f1ae3a7bdd2b59d7d453b09c278aa27c,gx-no-cache=1678732604985 HTTP/1.1" 200 110
186.172.126.7 - - [13/Mar/2023:15:52:07 -0300] "POST /cormun/servlet/solicitudot?gx-no-cache=1678732605101 HTTP/1.1" 200 110
186.172.126.7 - - [13/Mar/2023:15:52:13 -0300] "GET /cormun/servlet/solicitudot?49e6cc7fdcc995a2ac358b3cbbea6d0962c0394955dd73933349c345426c0ecca5555f09522e1c37aa371f165fb419db857e51c78c9a059db3190040ae9f5cb36b0f0995842db0b2f85fde5822c378679a685f82cac79af52f4ab53c2b4b7872fb559a304064bf011ae7942ca0a68a59,gx-no-cache=1678732611616 HTTP/1.1" 200 29
186.172.126.7 - - [13/Mar/2023:15:52:13 -0300] "GET /cormun/servlet/solicitudot?49e6cc7fdcc995a2ac358b3cbbea6d099c8d09f9d8d85ed081ff0879c6a3c6330a8e0b37c723199356fb3cdc926614ab,gx-no-cache=1678732611714 HTTP/1.1" 200 30
186.172.126.7 - - [13/Mar/2023:15:52:13 -0300] "POST /cormun/servlet/solicitudot?gx-no-cache=1678732611808 HTTP/1.1" 200 30
186.172.126.7 - - [13/Mar/2023:15:52:14 -0300] "POST /cormun/servlet/solicitudot?dfe06e675188243317ea17e42f95b5ba,UPD,2023,19532,false,,gx-no-cache=1678732612005 HTTP/1.1" 200 93
186.172.126.7 - - [13/Mar/2023:15:52:14 -0300] "GET /cormun/servlet/hpexe_return? HTTP/1.1" 200 1020
186.172.126.7 - - [13/Mar/2023:15:52:14 -0300] "GET /cormun/servlet/trsolicitudot HTTP/1.1" 200 16863
186.172.126.7 - - [13/Mar/2023:15:52:15 -0300] "GET /cormun/servlet/trsolicitudot HTTP/1.1" 200 16859
200.54.103.162 - - [13/Mar/2023:15:53:43 -0300] "GET /cormun/servlet/trsolicitudot? HTTP/1.1" 200 7577
200.54.103.162 - - [13/Mar/2023:15:53:44 -0300] "GET /cormun/servlet/trsolicitudot? HTTP/1.1" 200 7563
200.54.103.162 - - [13/Mar/2023:15:53:46 -0300] "GET /cormun/servlet/solicitudot?INS,0,0,false, HTTP/1.1" 200 16192
200.54.103.162 - - [13/Mar/2023:15:53:46 -0300] "GET /cormun/servlet/solicitudot?INS,0,0,false, HTTP/1.1" 200 16200
200.54.103.162 - - [13/Mar/2023:15:54:09 -0300] "POST /cormun/servlet/solicitudot?gx-no-cache=1678732770376 HTTP/1.1" 200 4031
200.54.103.162 - - [13/Mar/2023:15:54:09 -0300] "POST /cormun/servlet/solicitudot?684eda1db7e76b7d9a6b733eff4b14cb,INS,0,0,false,,gx-no-cache=1678732770594 HTTP/1.1" 200 12835
200.54.103.162 - - [13/Mar/2023:15:54:10 -0300] "GET /cormun/servlet/solicitudot?7580990619bebb8d2cd6aca8977752998315ca293ffa61615f25d96acb3102f65102c03a8a3be01ad32005b7afd96187,gx-no-cache=1678732770917 HTTP/1.1" 200 30
190.171.154.42 - - [13/Mar/2023:15:54:21 -0300] "POST /cormun/servlet/solicitudot?gx-no-cache=1678732740644 HTTP/1.1" 200 4103
190.171.154.42 - - [13/Mar/2023:15:54:22 -0300] "POST /cormun/servlet/solicitudot?1483922fb93dd72b8993f98dbe77c1ae,INS,0,0,false,,gx-no-cache=1678732741006 HTTP/1.1" 200 13019
190.171.154.42 - - [13/Mar/2023:15:54:24 -0300] "GET /cormun/servlet/solicitudot?27fdb134d02b465aa39f24051cbfb76e59c65b34ce7b005a76343ffcca8570381f5edf4dec994d9410d2e49ce5df24e9,gx-no-cache=1678732743456 HTTP/1.1" 200 30
190.171.154.42 - - [13/Mar/2023:15:54:36 -0300] "GET /cormun/servlet/solicitudot?27fdb134d02b465aa39f24051cbfb76e4c52c6feca7124c1f5af89f30bf7b3253f32f02306c664706db6b1017dfc916d8bf9eb2ff716023b69023d54fbaaafc5,gx-no-cache=1678732755486 HTTP/1.1" 200 30
190.171.154.42 - - [13/Mar/2023:15:54:36 -0300] "GET /cormun/servlet/solicitudot?27fdb134d02b465aa39f24051cbfb76e063916264a5f15f521c4e695ecab8c79,gx-no-cache=1678732755515 HTTP/1.1" 200 51
190.171.154.42 - - [13/Mar/2023:15:54:36 -0300] "POST /cormun/servlet/solicitudot?gx-no-cache=1678732755540 HTTP/1.1" 200 297
190.171.154.42 - - [13/Mar/2023:15:54:36 -0300] "GET /cormun/servlet/solicitudot?27fdb134d02b465aa39f24051cbfb76ea0a6bf3970162feaaf6594e75cf4eec2b8439c8d8ea9f48a5ddaf93eadea475d199f4cb0ee6d99d9f5f626c880f5f69d55dd43974a50466f16e12626c5dae95a6a1e6cf5ac1f430303afa77e0147979e9867d93bb76f66dc99364663cf10a6b356fb0a3cc6741dcc8c11ab743bc4d95a3ebc214460f9bfd0b95a61397f45d207ed320b89dbd1bdbe48cb15ff7829cf2d05e7e9b501ba187de71dad55c4f4182b0429e75431e2c4e92bcd314d0da220c61ca843dd51e6c2e3f98cf867e8ae728cee030994e442d2edbd03323524a1618d1c1b808e6390c4878acb79c6651572e63bc7dba73ce042f73540a5bf19c3d0558f6aa38362e462c39dbff78392ed5dbaa941ed71bd268d744dcd096ab81403178e01007dd44108ef44cc9fc0009ad320ee0e84cc6ad49438d10ca3caabe3a46114dc7e762a1908a6831918931a0bc219474193e9cb3dc5a31a5b0be5b727ce5c2c3c4c9ca0ed7b7fab195fa5d4e095d75bb444a4211513822d2932547bf809a56787a3a5ac8be6c8b8873c050b91cfbf,gx-no-cache=1678732755576 HTTP/1.1" 200 30
186.172.126.7 - - [13/Mar/2023:15:54:40 -0300] "GET /cormun/servlet/treventos?2023,19585, HTTP/1.1" 200 5975
186.172.126.7 - - [13/Mar/2023:15:54:40 -0300] "GET /cormun/static/gxcfg.js?20201215584657 HTTP/1.1" 200 953
186.172.126.7 - - [13/Mar/2023:15:54:40 -0300] "GET /cormun/static/treventos.js?2020121558506 HTTP/1.1" 200 16064
186.172.126.7 - - [13/Mar/2023:15:54:40 -0300] "GET /cormun/servlet/treventos?2023,19585, HTTP/1.1" 200 5974
186.172.126.7 - - [13/Mar/2023:15:54:41 -0300] "POST /cormun/servlet/acontrolpreferencessavestate?None,CG-476,true HTTP/1.1" 200 35
186.172.126.7 - - [13/Mar/2023:15:54:44 -0300] "GET /cormun/servlet/trsolicitudot HTTP/1.1" 200 16865
186.172.126.7 - - [13/Mar/2023:15:54:44 -0300] "GET /cormun/servlet/trsolicitudot HTTP/1.1" 200 16861
190.171.154.42 - - [13/Mar/2023:15:54:46 -0300] "POST /cormun/servlet/solicitudot?gx-no-cache=1678732765800 HTTP/1.1" 200 30
186.172.126.7 - - [13/Mar/2023:15:54:52 -0300] "POST /cormun/servlet/trsolicitudot?dfe06e675188243317ea17e42f95b5ba,gx-no-cache=1678732769613 HTTP/1.1" 200 13786
190.171.142.26 - - [13/Mar/2023:15:54:52 -0300] "GET /cormun/servlet/solicitudot?INS,0,0,false, HTTP/1.1" 200 16112
186.172.126.7 - - [13/Mar/2023:15:54:52 -0300] "GET /cormun/static/Shared/jqueryui/images/ui-bg_highlight-soft_100_c6c2c8_1x100.png HTTP/1.1" 404 1117
186.172.126.7 - - [13/Mar/2023:15:54:52 -0300] "GET /cormun/static/Shared/jqueryui/images/ui-icons_82798d_256x240.png HTTP/1.1" 404 1089
186.172.126.7 - - [13/Mar/2023:15:54:52 -0300] "GET /cormun/static/Shared/jqueryui/images/ui-bg_flat_55_fafafa_40x100.png HTTP/1.1" 404 1097
186.172.126.7 - - [13/Mar/2023:15:54:52 -0300] "GET /cormun/static/Shared/jqueryui/images/ui-icons_8d78a5_256x240.png HTTP/1.1" 404 1089
190.171.142.26 - - [13/Mar/2023:15:54:52 -0300] "GET /cormun/servlet/solicitudot?INS,0,0,false, HTTP/1.1" 200 16120
186.172.126.7 - - [13/Mar/2023:15:54:52 -0300] "POST /cormun/servlet/trsolicitudot?dfe06e675188243317ea17e42f95b5ba,gx-no-cache=1678732770427 HTTP/1.1" 200 13727
186.172.126.7 - - [13/Mar/2023:15:54:55 -0300] "POST /cormun/servlet/trsolicitudot?dfe06e675188243317ea17e42f95b5ba,gx-no-cache=1678732773392 HTTP/1.1" 200 13454
186.172.126.7 - - [13/Mar/2023:15:54:56 -0300] "POST /cormun/servlet/trsolicitudot?dfe06e675188243317ea17e42f95b5ba,gx-no-cache=1678732773984 HTTP/1.1" 200 13396
190.171.154.42 - - [13/Mar/2023:15:54:58 -0300] "GET /cormun/servlet/prcontratosol?14337438,,,,,MD,,gxPopupLevel%3D0%3B HTTP/1.1" 200 8755
190.171.154.42 - - [13/Mar/2023:15:54:58 -0300] "GET /cormun/static/gxcfg.js?2019914201458 HTTP/1.1" 200 953
190.171.154.42 - - [13/Mar/2023:15:54:58 -0300] "GET /cormun/static/prcontratosol.js?20199142014772 HTTP/1.1" 200 15806
186.172.126.7 - - [13/Mar/2023:15:54:58 -0300] "POST /cormun/servlet/trsolicitudot?dfe06e675188243317ea17e42f95b5ba,gx-no-cache=1678732775808 HTTP/1.1" 200 13048
186.172.126.7 - - [13/Mar/2023:15:54:59 -0300] "POST /cormun/servlet/trsolicitudot?dfe06e675188243317ea17e42f95b5ba,gx-no-cache=1678732777172 HTTP/1.1" 200 12989
186.172.126.7 - - [13/Mar/2023:15:55:01 -0300] "POST /cormun/servlet/trsolicitudot?dfe06e675188243317ea17e42f95b5ba,gx-no-cache=1678732779368 HTTP/1.1" 200 12629
186.172.126.7 - - [13/Mar/2023:15:55:02 -0300] "POST /cormun/servlet/trsolicitudot?dfe06e675188243317ea17e42f95b5ba,gx-no-cache=1678732780211 HTTP/1.1" 200 12571
186.172.126.7 - - [13/Mar/2023:15:55:04 -0300] "POST /cormun/servlet/trsolicitudot?dfe06e675188243317ea17e42f95b5ba,gx-no-cache=1678732782096 HTTP/1.1" 200 12251
186.172.126.7 - - [13/Mar/2023:15:55:05 -0300] "POST /cormun/servlet/trsolicitudot?dfe06e675188243317ea17e42f95b5ba,gx-no-cache=1678732782781 HTTP/1.1" 200 12191
186.172.126.7 - - [13/Mar/2023:15:55:06 -0300] "POST /cormun/servlet/trsolicitudot?dfe06e675188243317ea17e42f95b5ba,gx-no-cache=1678732784648 HTTP/1.1" 200 11898
186.172.126.7 - - [13/Mar/2023:15:55:07 -0300] "POST /cormun/servlet/trsolicitudot?dfe06e675188243317ea17e42f95b5ba,gx-no-cache=1678732785369 HTTP/1.1" 200 11836
186.172.126.7 - - [13/Mar/2023:15:55:09 -0300] "POST /cormun/servlet/trsolicitudot?dfe06e675188243317ea17e42f95b5ba,gx-no-cache=1678732787176 HTTP/1.1" 200 11466
186.172.126.7 - - [13/Mar/2023:15:55:10 -0300] "POST /cormun/servlet/trsolicitudot?dfe06e675188243317ea17e42f95b5ba,gx-no-cache=1678732787869 HTTP/1.1" 200 11409
190.171.154.42 - - [13/Mar/2023:15:55:11 -0300] "POST /cormun/servlet/solicitudot?gx-no-cache=1678732790037 HTTP/1.1" 200 1468
190.171.154.42 - - [13/Mar/2023:15:55:11 -0300] "POST /cormun/servlet/solicitudot?gx-no-cache=1678732790092 HTTP/1.1" 200 38
190.171.154.42 - - [13/Mar/2023:15:55:11 -0300] "GET /cormun/servlet/solicitudot?27fdb134d02b465aa39f24051cbfb76ec26e50ecbb789c14a764b3d23cba89983d30b369a184c1521e7f978b2afc2944b42203399a704fc9b792a1a88bfc8e7241973d91e73f44ef27280eba0bdb9515bf93a9631dbdbadb9bebc8ce1dfae8ba1a5183c0b3337b1a27d305b28638e36c,gx-no-cache=1678732790118 HTTP/1.1" 200 110
190.171.154.42 - - [13/Mar/2023:15:55:11 -0300] "POST /cormun/servlet/solicitudot?gx-no-cache=1678732790144 HTTP/1.1" 200 72
190.171.154.42 - - [13/Mar/2023:15:55:11 -0300] "GET /cormun/servlet/solicitudot?27fdb134d02b465aa39f24051cbfb76eb3da0243ebb4586d39a3bbff1e9f456ad6055e72bec8e7bd5aab491b233c6f4ba7c7cb7ba6490aff0c3179d62670c696c9e75bd940cf7c1351918b2cb896ad1481ec30bfe26fc71b714019bd7e814eddcbb0590c629c399fc5d9431df9ffda50,gx-no-cache=1678732790187 HTTP/1.1" 200 29
190.171.154.42 - - [13/Mar/2023:15:55:11 -0300] "GET /cormun/servlet/solicitudot?27fdb134d02b465aa39f24051cbfb76e23088473dc159f40852f93a4404c0bf8c21070080817e5295b8581cc9d1ed0a5,gx-no-cache=1678732790211 HTTP/1.1" 200 134
190.171.154.42 - - [13/Mar/2023:15:55:11 -0300] "GET /cormun/static/Shared/jqueryui/images/ui-bg_highlight-soft_100_c6c2c8_1x100.png HTTP/1.1" 404 1117
190.171.154.42 - - [13/Mar/2023:15:55:11 -0300] "GET /cormun/static/Shared/jqueryui/images/ui-icons_82798d_256x240.png HTTP/1.1" 404 1089
190.171.154.42 - - [13/Mar/2023:15:55:11 -0300] "GET /cormun/static/Shared/jqueryui/images/ui-bg_flat_55_994d53_40x100.png HTTP/1.1" 404 1097
190.171.154.42 - - [13/Mar/2023:15:55:11 -0300] "GET /cormun/static/Shared/jqueryui/images/ui-icons_ebccce_256x240.png HTTP/1.1" 404 1089
186.172.126.7 - - [13/Mar/2023:15:55:11 -0300] "POST /cormun/servlet/trsolicitudot?dfe06e675188243317ea17e42f95b5ba,gx-no-cache=1678732789256 HTTP/1.1" 200 10898
186.172.126.7 - - [13/Mar/2023:15:55:12 -0300] "POST /cormun/servlet/trsolicitudot?dfe06e675188243317ea17e42f95b5ba,gx-no-cache=1678732790237 HTTP/1.1" 200 10838
186.172.126.7 - - [13/Mar/2023:15:55:13 -0300] "POST /cormun/servlet/trsolicitudot?dfe06e675188243317ea17e42f95b5ba,gx-no-cache=1678732791505 HTTP/1.1" 200 10499
186.172.126.7 - - [13/Mar/2023:15:55:14 -0300] "POST /cormun/servlet/trsolicitudot?dfe06e675188243317ea17e42f95b5ba,gx-no-cache=1678732792373 HTTP/1.1" 200 10439
186.172.126.7 - - [13/Mar/2023:15:55:15 -0300] "POST /cormun/servlet/trsolicitudot?dfe06e675188243317ea17e42f95b5ba,gx-no-cache=1678732793552 HTTP/1.1" 200 9939
186.172.126.7 - - [13/Mar/2023:15:55:16 -0300] "POST /cormun/servlet/trsolicitudot?dfe06e675188243317ea17e42f95b5ba,gx-no-cache=1678732794290 HTTP/1.1" 200 9883
186.172.126.7 - - [13/Mar/2023:15:55:17 -0300] "POST /cormun/servlet/trsolicitudot?dfe06e675188243317ea17e42f95b5ba,gx-no-cache=1678732795479 HTTP/1.1" 200 9593
190.171.154.42 - - [13/Mar/2023:15:55:18 -0300] "GET /cormun/static/menuarrow.gif HTTP/1.1" 404 1015
186.172.126.7 - - [13/Mar/2023:15:55:18 -0300] "POST /cormun/servlet/trsolicitudot?dfe06e675188243317ea17e42f95b5ba,gx-no-cache=1678732796163 HTTP/1.1" 200 9513
186.172.126.7 - - [13/Mar/2023:15:55:19 -0300] "POST /cormun/servlet/trsolicitudot?dfe06e675188243317ea17e42f95b5ba,gx-no-cache=1678732797256 HTTP/1.1" 200 9177
186.172.126.7 - - [13/Mar/2023:15:55:20 -0300] "POST /cormun/servlet/trsolicitudot?dfe06e675188243317ea17e42f95b5ba,gx-no-cache=1678732798105 HTTP/1.1" 200 9120
186.172.126.7 - - [13/Mar/2023:15:55:21 -0300] "POST /cormun/servlet/trsolicitudot?dfe06e675188243317ea17e42f95b5ba,gx-no-cache=1678732799624 HTTP/1.1" 200 8816
186.172.126.7 - - [13/Mar/2023:15:55:22 -0300] "POST /cormun/servlet/trsolicitudot?dfe06e675188243317ea17e42f95b5ba,gx-no-cache=1678732800318 HTTP/1.1" 200 8759
186.172.126.7 - - [13/Mar/2023:15:55:23 -0300] "POST /cormun/servlet/trsolicitudot?dfe06e675188243317ea17e42f95b5ba,gx-no-cache=1678732801335 HTTP/1.1" 200 8422
186.172.126.7 - - [13/Mar/2023:15:55:24 -0300] "POST /cormun/servlet/trsolicitudot?dfe06e675188243317ea17e42f95b5ba,gx-no-cache=1678732801939 HTTP/1.1" 200 8364
186.172.126.7 - - [13/Mar/2023:15:55:25 -0300] "POST /cormun/servlet/trsolicitudot?dfe06e675188243317ea17e42f95b5ba,gx-no-cache=1678732803039 HTTP/1.1" 200 8052
186.172.126.7 - - [13/Mar/2023:15:55:25 -0300] "POST /cormun/servlet/trsolicitudot?dfe06e675188243317ea17e42f95b5ba,gx-no-cache=1678732803811 HTTP/1.1" 200 7994
186.172.126.7 - - [13/Mar/2023:15:55:27 -0300] "POST /cormun/servlet/trsolicitudot?dfe06e675188243317ea17e42f95b5ba,gx-no-cache=1678732805008 HTTP/1.1" 200 7708
186.172.126.7 - - [13/Mar/2023:15:55:27 -0300] "POST /cormun/servlet/trsolicitudot?dfe06e675188243317ea17e42f95b5ba,gx-no-cache=1678732805605 HTTP/1.1" 200 7650
190.171.142.26 - - [13/Mar/2023:15:55:28 -0300] "POST /cormun/servlet/solicitudot?gx-no-cache=1678732808699 HTTP/1.1" 200 3943
190.171.142.26 - - [13/Mar/2023:15:55:28 -0300] "POST /cormun/servlet/solicitudot?5f0bed049edafec80915a20d77b4679b,INS,0,0,false,,gx-no-cache=1678732808818 HTTP/1.1" 200 12784
186.172.126.7 - - [13/Mar/2023:15:55:29 -0300] "POST /cormun/servlet/trsolicitudot?dfe06e675188243317ea17e42f95b5ba,gx-no-cache=1678732807303 HTTP/1.1" 200 7349
186.172.126.7 - - [13/Mar/2023:15:55:29 -0300] "POST /cormun/servlet/trsolicitudot?dfe06e675188243317ea17e42f95b5ba,gx-no-cache=1678732807822 HTTP/1.1" 200 7291
186.172.126.7 - - [13/Mar/2023:15:55:32 -0300] "POST /cormun/servlet/trsolicitudot?dfe06e675188243317ea17e42f95b5ba,gx-no-cache=1678732809799 HTTP/1.1" 200 6967
186.172.126.7 - - [13/Mar/2023:15:55:32 -0300] "POST /cormun/servlet/trsolicitudot?dfe06e675188243317ea17e42f95b5ba,gx-no-cache=1678732810375 HTTP/1.1" 200 6910
186.172.126.7 - - [13/Mar/2023:15:55:33 -0300] "POST /cormun/servlet/trsolicitudot?dfe06e675188243317ea17e42f95b5ba,gx-no-cache=1678732811727 HTTP/1.1" 200 6598
186.172.126.7 - - [13/Mar/2023:15:55:34 -0300] "POST /cormun/servlet/trsolicitudot?dfe06e675188243317ea17e42f95b5ba,gx-no-cache=1678732812472 HTTP/1.1" 200 6540
186.172.126.7 - - [13/Mar/2023:15:55:35 -0300] "POST /cormun/servlet/trsolicitudot?dfe06e675188243317ea17e42f95b5ba,gx-no-cache=1678732813607 HTTP/1.1" 200 6228
186.172.126.7 - - [13/Mar/2023:15:55:36 -0300] "POST /cormun/servlet/trsolicitudot?dfe06e675188243317ea17e42f95b5ba,gx-no-cache=1678732814282 HTTP/1.1" 200 6171
186.172.126.7 - - [13/Mar/2023:15:55:38 -0300] "POST /cormun/servlet/trsolicitudot?dfe06e675188243317ea17e42f95b5ba,gx-no-cache=1678732815831 HTTP/1.1" 200 5810
190.171.142.26 - - [13/Mar/2023:15:55:38 -0300] "GET /cormun/servlet/solicitudot?c7b5b91dc48992610856b15d162b3d6073ec7e4d0dc4a1bbab0fcad080e4e37ce28be68e27837891e4d3022ba4f500f5,gx-no-cache=1678732818332 HTTP/1.1" 200 30
186.172.126.7 - - [13/Mar/2023:15:55:38 -0300] "POST /cormun/servlet/trsolicitudot?dfe06e675188243317ea17e42f95b5ba,gx-no-cache=1678732816281 HTTP/1.1" 200 5752
186.172.126.7 - - [13/Mar/2023:15:55:39 -0300] "POST /cormun/servlet/trsolicitudot?dfe06e675188243317ea17e42f95b5ba,gx-no-cache=1678732817639 HTTP/1.1" 200 4598
186.172.126.7 - - [13/Mar/2023:15:55:39 -0300] "POST /cormun/servlet/trsolicitudot?dfe06e675188243317ea17e42f95b5ba,gx-no-cache=1678732817902 HTTP/1.1" 200 4336
186.172.126.7 - - [13/Mar/2023:15:55:42 -0300] "GET /cormun/static/menuarrow.gif HTTP/1.1" 404 1015
190.171.154.42 - - [13/Mar/2023:15:56:17 -0300] "POST /cormun/servlet/solicitudot?gx-no-cache=1678732856694 HTTP/1.1" 200 30
190.171.154.42 - - [13/Mar/2023:15:56:17 -0300] "POST /cormun/servlet/solicitudot?gx-no-cache=1678732856780 HTTP/1.1" 200 1468
190.171.154.42 - - [13/Mar/2023:15:56:17 -0300] "POST /cormun/servlet/solicitudot?gx-no-cache=1678732856829 HTTP/1.1" 200 41
190.171.154.42 - - [13/Mar/2023:15:56:17 -0300] "GET /cormun/servlet/solicitudot?27fdb134d02b465aa39f24051cbfb76ec26e50ecbb789c14a764b3d23cba89983d30b369a184c1521e7f978b2afc2944b42203399a704fc9b792a1a88bfc8e7241973d91e73f44ef27280eba0bdb9515bf93a9631dbdbadb9bebc8ce1dfae8ba1a5183c0b3337b1a27d305b28638e36c,gx-no-cache=1678732856856 HTTP/1.1" 200 110
190.171.154.42 - - [13/Mar/2023:15:56:17 -0300] "POST /cormun/servlet/solicitudot?gx-no-cache=1678732856884 HTTP/1.1" 200 67
190.171.154.42 - - [13/Mar/2023:15:56:17 -0300] "GET /cormun/servlet/solicitudot?27fdb134d02b465aa39f24051cbfb76e76cef242e2205a8b0e0bf9722b15af74c21070080817e5295b8581cc9d1ed0a5,gx-no-cache=1678732856920 HTTP/1.1" 200 30
190.171.154.42 - - [13/Mar/2023:15:56:18 -0300] "POST /cormun/servlet/solicitudot?gx-no-cache=1678732856944 HTTP/1.1" 200 137
190.171.154.42 - - [13/Mar/2023:15:56:18 -0300] "POST /cormun/servlet/solicitudot?1483922fb93dd72b8993f98dbe77c1ae,INS,0,0,false,,gx-no-cache=1678732857023 HTTP/1.1" 200 13415
200.54.103.162 - - [13/Mar/2023:15:56:21 -0300] "GET /cormun/servlet/prbanco?,MD,,gxPopupLevel%3D0%3B HTTP/1.1" 200 6644
190.171.154.42 - - [13/Mar/2023:15:56:53 -0300] "GET /cormun/servlet/prpersonalsolicitud?14337438,,,,,MD,,gxPopupLevel%3D0%3B HTTP/1.1" 200 5575
190.171.154.42 - - [13/Mar/2023:15:56:53 -0300] "GET /cormun/static/gxcfg.js?20199142022523 HTTP/1.1" 200 953
190.171.154.42 - - [13/Mar/2023:15:56:53 -0300] "GET /cormun/static/prpersonalsolicitud.js?20199142022764 HTTP/1.1" 200 13873
190.171.154.42 - - [13/Mar/2023:15:56:54 -0300] "POST /cormun/servlet/acontrolpreferencessavestate?None,TVALDIVIA,true HTTP/1.1" 200 35
190.171.142.26 - - [13/Mar/2023:15:57:03 -0300] "GET /cormun/servlet/solicitudot?c7b5b91dc48992610856b15d162b3d604d6d07f0485012184518eb4d75b569ced0415251d8387417636395f5805a9a1d1989f646cbb428568ede04f7e1999ceb,gx-no-cache=1678732903026 HTTP/1.1" 200 30
190.171.142.26 - - [13/Mar/2023:15:57:07 -0300] "GET /cormun/servlet/prbanco?,MD,,gxPopupLevel%3D0%3B HTTP/1.1" 200 6521
190.171.154.42 - - [13/Mar/2023:15:57:10 -0300] "GET /cormun/servlet/prsolicitudot?14337438,,,,,MD,,gxPopupLevel%3D0%3B HTTP/1.1" 200 6097
190.171.154.42 - - [13/Mar/2023:15:57:10 -0300] "GET /cormun/static/gxcfg.js?20201215593468 HTTP/1.1" 200 953
190.171.154.42 - - [13/Mar/2023:15:57:10 -0300] "GET /cormun/static/prsolicitudot.js?20201215593721 HTTP/1.1" 200 13680
190.171.142.26 - - [13/Mar/2023:15:57:19 -0300] "GET /cormun/servlet/solicitudot?c7b5b91dc48992610856b15d162b3d609a2a517c75fc9eb8b519844207685e91,gx-no-cache=1678732919234 HTTP/1.1" 200 70
190.171.154.42 - - [13/Mar/2023:15:57:23 -0300] "GET /cormun/servlet/trsolicitudot HTTP/1.1" 200 12521
190.171.154.42 - - [13/Mar/2023:15:57:23 -0300] "GET /cormun/servlet/trsolicitudot HTTP/1.1" 200 12516
200.54.103.162 - - [13/Mar/2023:15:57:34 -0300] "GET /cormun/servlet/solicitudot?7580990619bebb8d2cd6aca89777529997935ee7e6a4cdd7377a846eb1f5ec59036e723779d50dfe14cf94a3823c87deb41ea93a851ca0dc607eb4aa8799b484,gx-no-cache=1678732975345 HTTP/1.1" 200 30
200.54.103.162 - - [13/Mar/2023:15:57:36 -0300] "GET /cormun/servlet/solicitudot?7580990619bebb8d2cd6aca897775299820ce764a5c3353b3c852e105c7271cd,gx-no-cache=1678732977547 HTTP/1.1" 200 51
190.171.142.26 - - [13/Mar/2023:15:57:37 -0300] "POST /cormun/servlet/solicitudot?gx-no-cache=1678732937066 HTTP/1.1" 200 297
190.171.142.26 - - [13/Mar/2023:15:57:37 -0300] "GET /cormun/servlet/solicitudot?c7b5b91dc48992610856b15d162b3d60bd42270550b8bbbf18460f68e2259d3f5cac7b10046c2cb9af6638b16793be404a7f3beeecd1912cc93ec608071f436e0984da39cc019a5a65efef19ba5ff72e7be1fb06e378f2506c8cf1aedddc16d8c50a82c1d06a84d295c7bb77f55f9be090b23691d450b7cacd019aaa033457290c5f0b3df5d34461fdf8802e91fd3a26f6adff07e4c9b33e5421073bc3aed254eb2430b6e2e7762bd141615ed296f0a6fc2e27bad2601c9a87a3815a1b05d96d2d69a2bc4a3c4b7cbdf31baf032fc370029b7a0d9394684ca9f43ecc98da85e7b029db5d7c3121621439e8f96af018b43795b525ef0bfb5ba7eb27be0884bf321f91f4daa98c1520d9c1ee30394cabc6880eb144544e1343f60869cda9f5b0cbc2e9752842b36791b84c40743988944d0cad882ffa0bdfd4feb95460f2a49391cd723c06ed9263a2d4107a08ae3a141499da3356a0c56eb2fcaab58f95381ea12f24adeb5574fe5a453eaefa9a536c6db13ca2bba1156e061814d29bad51236a42e57e21edc73031c683a0e46823a1ee,gx-no-cache=1678732937092 HTTP/1.1" 200 30
190.171.142.26 - - [13/Mar/2023:15:57:37 -0300] "POST /cormun/servlet/solicitudot?gx-no-cache=1678732937111 HTTP/1.1" 200 30
190.171.142.26 - - [13/Mar/2023:15:57:37 -0300] "POST /cormun/servlet/solicitudot?gx-no-cache=1678732937137 HTTP/1.1" 200 1466
190.171.142.26 - - [13/Mar/2023:15:57:37 -0300] "POST /cormun/servlet/solicitudot?gx-no-cache=1678732937169 HTTP/1.1" 200 38
190.171.142.26 - - [13/Mar/2023:15:57:42 -0300] "GET /cormun/servlet/solicitudot?c7b5b91dc48992610856b15d162b3d60a9dd84b28a2c9f6478ac2d6640146e37390d4e0b5280560c96411d48d42ada655408f3450b1834a1abf46ea6f35d0542f17c6b8d00c245b575c51e634857f0346168da3a44f4d77fd3852c928fc8e67e8c3b8046fb40705ab2b06e849cbb2010,gx-no-cache=1678732942608 HTTP/1.1" 200 110
190.171.142.26 - - [13/Mar/2023:15:57:45 -0300] "POST /cormun/servlet/solicitudot?gx-no-cache=1678732945243 HTTP/1.1" 200 105
190.171.154.42 - - [13/Mar/2023:15:57:46 -0300] "POST /cormun/servlet/trsolicitudot?1483922fb93dd72b8993f98dbe77c1ae,gx-no-cache=1678732945319 HTTP/1.1" 200 4643
190.171.142.26 - - [13/Mar/2023:15:57:54 -0300] "GET /cormun/servlet/solicitudot?c7b5b91dc48992610856b15d162b3d606ccb38dacc7b68c1b57fa7fa4d92d1b48f1768c9c033b552eb53480cb7704e024b5088a075a3ce12a1d351663b578cc0ea9e9776a55072b8a79e682964c2571bcf18151788dd23021e6926c67aa2815ac4591e945e6b985da85ea2767ca937c6,gx-no-cache=1678732954653 HTTP/1.1" 200 29
190.171.142.26 - - [13/Mar/2023:15:57:54 -0300] "GET /cormun/static/menuarrow.gif HTTP/1.1" 404 1015
190.171.154.42 - - [13/Mar/2023:15:57:55 -0300] "POST /cormun/servlet/trsolicitudot?1483922fb93dd72b8993f98dbe77c1ae,gx-no-cache=1678732954187 HTTP/1.1" 200 6086
190.171.142.26 - - [13/Mar/2023:15:57:58 -0300] "GET /cormun/servlet/solicitudot?c7b5b91dc48992610856b15d162b3d607d728ea538a39f2e4e26d8820893b8147f3a7f234556eecc9ede42b4b856ce6b,gx-no-cache=1678732958548 HTTP/1.1" 200 30
190.171.142.26 - - [13/Mar/2023:15:58:09 -0300] "POST /cormun/servlet/solicitudot?gx-no-cache=1678732969357 HTTP/1.1" 200 30
190.171.142.26 - - [13/Mar/2023:15:58:09 -0300] "POST /cormun/servlet/solicitudot?5f0bed049edafec80915a20d77b4679b,INS,0,0,false,,gx-no-cache=1678732969381 HTTP/1.1" 200 93
190.171.142.26 - - [13/Mar/2023:15:58:09 -0300] "GET /cormun/servlet/hpexe_return? HTTP/1.1" 200 1017
190.171.142.26 - - [13/Mar/2023:15:58:09 -0300] "GET /cormun/servlet/trautorizarsolicitud? HTTP/1.1" 200 7363
190.171.142.26 - - [13/Mar/2023:15:58:10 -0300] "GET /cormun/servlet/trautorizarsolicitud? HTTP/1.1" 200 7359
190.171.154.42 - - [13/Mar/2023:15:58:22 -0300] "GET /cormun/servlet/solicitudot?INS,0,0,false, HTTP/1.1" 200 16093
190.171.154.42 - - [13/Mar/2023:15:58:22 -0300] "GET /cormun/servlet/solicitudot?INS,0,0,false, HTTP/1.1" 200 16100
190.171.154.42 - - [13/Mar/2023:15:58:29 -0300] "GET /cormun/servlet/trsolicitudot HTTP/1.1" 200 8916
190.171.154.42 - - [13/Mar/2023:15:58:30 -0300] "GET /cormun/servlet/trsolicitudot HTTP/1.1" 200 8916
190.171.154.42 - - [13/Mar/2023:15:58:37 -0300] "GET /cormun/servlet/vesolicitudot?2022,18172,, HTTP/1.1" 200 8590
190.171.154.42 - - [13/Mar/2023:15:58:37 -0300] "GET /cormun/pexe_scrolldiv.js HTTP/1.1" 404 1009
190.171.154.42 - - [13/Mar/2023:15:58:38 -0300] "GET /cormun/servlet/vesolicitudot?2022,18172,, HTTP/1.1" 200 8590
190.171.142.26 - - [13/Mar/2023:15:58:42 -0300] "POST /cormun/servlet/trautorizarsolicitud?5f0bed049edafec80915a20d77b4679b,,gx-no-cache=1678733002695 HTTP/1.1" 200 4560
190.171.142.26 - - [13/Mar/2023:15:58:45 -0300] "GET /cormun/servlet/trsolicitudot? HTTP/1.1" 200 8875
190.171.142.26 - - [13/Mar/2023:15:58:45 -0300] "GET /cormun/servlet/trsolicitudot? HTTP/1.1" 200 8875
190.171.154.42 - - [13/Mar/2023:15:58:55 -0300] "GET /cormun/servlet/trsolicitudot? HTTP/1.1" 200 8917
190.171.154.42 - - [13/Mar/2023:15:58:55 -0300] "GET /cormun/servlet/trsolicitudot? HTTP/1.1" 200 8916
190.171.154.42 - - [13/Mar/2023:15:58:58 -0300] "GET /cormun/servlet/solicitudot?INS,0,0,false, HTTP/1.1" 200 16091
190.171.154.42 - - [13/Mar/2023:15:58:58 -0300] "GET /cormun/servlet/solicitudot?INS,0,0,false, HTTP/1.1" 200 16099
190.171.142.26 - - [13/Mar/2023:15:59:00 -0300] "POST /cormun/servlet/trsolicitudot?5f0bed049edafec80915a20d77b4679b,,gx-no-cache=1678733020080 HTTP/1.1" 200 107
190.171.142.26 - - [13/Mar/2023:15:59:00 -0300] "GET /cormun/servlet/trsolicitudadjuntos?2023,19586, HTTP/1.1" 200 6349
190.171.142.26 - - [13/Mar/2023:15:59:00 -0300] "GET /cormun/servlet/trsolicitudadjuntos?2023,19586, HTTP/1.1" 200 6348
190.171.142.26 - - [13/Mar/2023:15:59:03 -0300] "GET /cormun/servlet/solicitudotadjuntos?INS,2023,19586,,1, HTTP/1.1" 200 6291
190.171.142.26 - - [13/Mar/2023:15:59:03 -0300] "GET /cormun/static/about:blank HTTP/1.1" 404 1011
190.171.142.26 - - [13/Mar/2023:15:59:03 -0300] "GET /cormun/servlet/solicitudotadjuntos?INS,2023,19586,,1, HTTP/1.1" 200 6285
190.171.142.26 - - [13/Mar/2023:15:59:04 -0300] "GET /cormun/servlet/solicitudotadjuntos?c7b5b91dc48992610856b15d162b3d602295ec423e1498d12372237f716e66417641379cc082c4b4cec2e92620f84f06,gx-no-cache=1678733024215 HTTP/1.1" 200 30
190.171.142.26 - - [13/Mar/2023:15:59:04 -0300] "POST /cormun/servlet/solicitudotadjuntos?5f0bed049edafec80915a20d77b4679b,INS,2023,19586,,1,,gx-no-cache=1678733024231 HTTP/1.1" 200 4152
190.171.142.26 - - [13/Mar/2023:15:59:06 -0300] "POST /cormun/servlet/solicitudotadjuntos?gx-no-cache=1678733026167 HTTP/1.1" 200 26
186.67.172.234 - - [13/Mar/2023:15:59:06 -0300] "POST /cormun/servlet/trsolicitudot?bcad38e00a4a017219ba8cefd8072289,gx-no-cache=1678733024972 HTTP/1.1" 440 972
200.54.103.162 - - [13/Mar/2023:15:59:06 -0300] "GET /cormun/servlet/prbanco?,MD,,gxPopupLevel%3D0%3B HTTP/1.1" 200 6644
186.67.172.234 - - [13/Mar/2023:15:59:08 -0300] "GET /cormun/servlet/trsolicitudot HTTP/1.1" 200 6334
186.67.172.234 - - [13/Mar/2023:15:59:08 -0300] "GET /cormun/servlet/trsolicitudot HTTP/1.1" 200 6334
186.67.172.234 - - [13/Mar/2023:15:59:09 -0300] "GET /cormun/servlet/hlogin HTTP/1.1" 200 1749
190.171.154.42 - - [13/Mar/2023:15:59:09 -0300] "POST /cormun/servlet/solicitudot?gx-no-cache=1678733028838 HTTP/1.1" 200 4103
190.171.154.42 - - [13/Mar/2023:15:59:10 -0300] "POST /cormun/servlet/solicitudot?1483922fb93dd72b8993f98dbe77c1ae,INS,0,0,false,,gx-no-cache=1678733028988 HTTP/1.1" 200 12961
190.171.154.42 - - [13/Mar/2023:15:59:13 -0300] "GET /cormun/servlet/solicitudot?27fdb134d02b465aa39f24051cbfb76e59c65b34ce7b005a76343ffcca857038e1df2c89f6859e6d710bb9edb6aaae95,gx-no-cache=1678733032661 HTTP/1.1" 200 30
190.171.142.26 - - [13/Mar/2023:15:59:17 -0300] "GET /cormun/servlet/solicitudotadjuntos?c7b5b91dc48992610856b15d162b3d602649290a11199dcc7ce986da857300f4,gx-no-cache=1678733037291 HTTP/1.1" 200 30
190.171.142.26 - - [13/Mar/2023:15:59:17 -0300] "GET /cormun/servlet/solicitudotadjuntos?c7b5b91dc48992610856b15d162b3d602649290a11199dcc7ce986da857300f4,gx-no-cache=1678733037319 HTTP/1.1" 200 30
190.171.142.26 - - [13/Mar/2023:15:59:18 -0300] "POST /cormun/servlet/solicitudotadjuntos?5f0bed049edafec80915a20d77b4679b,INS,2023,19586,,1, HTTP/1.1" 200 116
190.171.142.26 - - [13/Mar/2023:15:59:18 -0300] "GET /cormun/servlet/hpexe_return? HTTP/1.1" 200 1026
190.171.142.26 - - [13/Mar/2023:15:59:18 -0300] "GET /cormun/servlet/trsolicitudadjuntos?2023,19586, HTTP/1.1" 200 9238
190.171.142.26 - - [13/Mar/2023:15:59:18 -0300] "GET /cormun/servlet/trsolicitudadjuntos?2023,19586, HTTP/1.1" 200 9234
200.54.103.162 - - [13/Mar/2023:15:59:19 -0300] "POST /cormun/servlet/prbanco?684eda1db7e76b7d9a6b733eff4b14cb,,MD,,gxPopupLevel%3D0%3B,gx-no-cache=1678733080548 HTTP/1.1" 200 2549
190.171.154.42 - - [13/Mar/2023:15:59:20 -0300] "GET /cormun/servlet/solicitudot?27fdb134d02b465aa39f24051cbfb76e4c52c6feca7124c1f5af89f30bf7b3253f32f02306c664706db6b1017dfc916d8bf9eb2ff716023b69023d54fbaaafc5,gx-no-cache=1678733039327 HTTP/1.1" 200 30
190.171.154.42 - - [13/Mar/2023:15:59:20 -0300] "GET /cormun/servlet/solicitudot?27fdb134d02b465aa39f24051cbfb76e063916264a5f15f521c4e695ecab8c79,gx-no-cache=1678733039364 HTTP/1.1" 200 51
190.171.154.42 - - [13/Mar/2023:15:59:20 -0300] "POST /cormun/servlet/solicitudot?gx-no-cache=1678733039408 HTTP/1.1" 200 297
