190.171.143.98 - - [13/Mar/2023:11:28:09 -0300] "POST /cormun/servlet/hlogin?eb3e2255b18a25309ceedb0ff2049618,gx-no-cache=1678717044476 HTTP/1.1" 200 90
190.171.143.98 - - [13/Mar/2023:11:28:09 -0300] "GET /cormun/servlet/hpexe_link HTTP/1.1" 200 959
190.171.143.98 - - [13/Mar/2023:11:28:09 -0300] "GET /cormun/servlet/hhome HTTP/1.1" 200 4314
190.171.143.98 - - [13/Mar/2023:11:28:10 -0300] "GET /cormun/servlet/hhome HTTP/1.1" 200 4310
181.212.42.153 - - [13/Mar/2023:11:28:12 -0300] "GET /cormun/servlet/hlogin HTTP/1.1" 200 1726
181.212.43.89 - - [13/Mar/2023:11:28:18 -0300] "POST /cormun/servlet/solicitudot?gx-no-cache=1678716776134 HTTP/1.1" 200 255
190.171.143.98 - - [13/Mar/2023:11:28:18 -0300] "GET /cormun/servlet/trpermisosgoce? HTTP/1.1" 200 7247
190.171.143.98 - - [13/Mar/2023:11:28:18 -0300] "GET /cormun/static/gxcfg.js?2020121631564 HTTP/1.1" 200 953
190.171.143.98 - - [13/Mar/2023:11:28:18 -0300] "GET /cormun/static/trpermisosgoce.js?2020121633681 HTTP/1.1" 200 35904
190.171.143.98 - - [13/Mar/2023:11:28:18 -0300] "GET /cormun/servlet/trpermisosgoce? HTTP/1.1" 200 7247
190.171.141.82 - - [13/Mar/2023:11:28:19 -0300] "GET /cormun/servlet/trsolicitudot? HTTP/1.1" 200 7185
181.212.43.89 - - [13/Mar/2023:11:28:19 -0300] "GET /cormun/servlet/solicitudot?6065e9d86464eda40320b58890494f686ac96b5ab106384d24b0b53df7ad211dcfdb1a5ce37dcd159940fedd66d25961c8efae92f353608fae159d89bf6c09da037f6240da8dcbf973c1934ebee505303472d048a6722f0ce745fdd16f8e4c87503b740744aa7e9d498e131adbe0f6cd34e96126fbad429c3fa3b7dc314f96b5a64460e064f0747e13876a35695439108cc66675599b9d0159a2939e6a8d9575784528b09d22118a1829d7d61ed4370a7167d516e7d568ca1fe64e4415cd69087d175f445099e94ba6ae01062c957d1f0445649b43ce0fe2d66ac260f8d39a9f2c10086bf02ff46b78c30c69efe6242ad314bb360edad93af9e7dab8bd5c0a892e0c78d464a1425755ee0482585894e3abe9c847d98b12a2efa9d0eb36bb44ce089e2dd07e9a8c01027db0e10f6917b8e3e7effb7343eae88fc11a857130ffa2a23bfab4369ecee051f1cdb0c7747a25e9c87a24d148a8e640cbc8f077421ce10270e49b6361f0d753f31434304448a7286168c1cc164090c6c23205f05bcad2,gx-no-cache=1678716777631 HTTP/1.1" 200 30
190.171.141.82 - - [13/Mar/2023:11:28:19 -0300] "GET /cormun/servlet/trsolicitudot? HTTP/1.1" 200 7185
190.171.143.98 - - [13/Mar/2023:11:28:21 -0300] "POST /cormun/servlet/trpermisosgoce?eb3e2255b18a25309ceedb0ff2049618,,gx-no-cache=1678717055470 HTTP/1.1" 200 4477
181.212.43.89 - - [13/Mar/2023:11:28:22 -0300] "POST /cormun/servlet/solicitudot?gx-no-cache=1678716780080 HTTP/1.1" 200 30
181.212.42.153 - - [13/Mar/2023:11:28:23 -0300] "POST /cormun/servlet/hlogin?7db0c8006e2987f646a6da6cbcb4a3e4,gx-no-cache=1678716782378 HTTP/1.1" 200 90
181.212.42.153 - - [13/Mar/2023:11:28:23 -0300] "GET /cormun/servlet/hpexe_link HTTP/1.1" 200 956
181.212.42.153 - - [13/Mar/2023:11:28:23 -0300] "GET /cormun/servlet/hhome HTTP/1.1" 200 3967
181.212.42.153 - - [13/Mar/2023:11:28:23 -0300] "GET /cormun/servlet/hhome HTTP/1.1" 200 3963
181.212.43.89 - - [13/Mar/2023:11:28:24 -0300] "POST /cormun/servlet/solicitudot?gx-no-cache=1678716782002 HTTP/1.1" 200 30
190.171.143.98 - - [13/Mar/2023:11:28:25 -0300] "POST /cormun/servlet/trpermisosgoce?eb3e2255b18a25309ceedb0ff2049618,,gx-no-cache=1678717059948 HTTP/1.1" 200 4474
181.212.42.153 - - [13/Mar/2023:11:28:25 -0300] "GET /cormun/servlet/trpermisosgoce? HTTP/1.1" 200 9118
190.171.143.98 - - [13/Mar/2023:11:28:25 -0300] "POST /cormun/servlet/trpermisosgoce?eb3e2255b18a25309ceedb0ff2049618,,gx-no-cache=1678717060515 HTTP/1.1" 200 4477
190.171.143.98 - - [13/Mar/2023:11:28:25 -0300] "POST /cormun/servlet/trpermisosgoce?eb3e2255b18a25309ceedb0ff2049618,,gx-no-cache=1678717060697 HTTP/1.1" 200 4474
186.172.103.107 - - [13/Mar/2023:11:28:25 -0300] "POST /cormun/servlet/solicitudot?gx-no-cache=1678716783864 HTTP/1.1" 200 297
181.212.42.153 - - [13/Mar/2023:11:28:25 -0300] "GET /cormun/servlet/trpermisosgoce? HTTP/1.1" 200 9116
186.172.103.107 - - [13/Mar/2023:11:28:25 -0300] "GET /cormun/servlet/solicitudot?279859f8d092a77aacd48e7aec62da6537bb4028dee70152f57854973444f5029ee1a4da21f9e72d1e2b24c0c39232b14f21247f3d5801321f9c8e535fc944a6356785e1f751cc5630a5ecfee6a3c3f41af6fedb278f09bd5eafebba5adfb011cb2081395334e2e73f65fc470f4e64422384dd31ac6c5ed718eb98fdb0099128907fefe72eb8266aed94d64da59cf935859f733163d101403bc188610d93663f390489849b72c89d443038a87bbb4d5ed89b49517839f99d0d083462356ac3aa1ce606cf4a1b919621c2ab6d676932463d01145c9548fdb58f4f99896a985d46e1c217646fbfb705f40b3586bff658f289478f37bdd00310bb16fbfa1b67793edd8cbc15f70b34127d56ea55e43f42977b25166f6a6517699f427f2e1b0bcb05c5afde3a85f9589d2b4d0b8a33f825ab8a7f491d68e181f5c0e112b5779c71c943c0302b53f2368ef8725f287551a39e9e3b62475874af3858bae753e9fd16ebc512d0616c4e17460ab722787f5e58a8a8cd268a95f69f26928a55f6d871b15651749a3e6e69bc54b2466fcd7781fc19,gx-no-cache=1678716783951 HTTP/1.1" 200 30
181.212.43.89 - - [13/Mar/2023:11:28:26 -0300] "POST /cormun/servlet/solicitudot?gx-no-cache=1678716784593 HTTP/1.1" 200 1468
181.212.43.89 - - [13/Mar/2023:11:28:26 -0300] "POST /cormun/servlet/solicitudot?gx-no-cache=1678716784690 HTTP/1.1" 200 38
186.172.103.107 - - [13/Mar/2023:11:28:27 -0300] "POST /cormun/servlet/solicitudot?gx-no-cache=1678716785065 HTTP/1.1" 200 30
181.212.42.153 - - [13/Mar/2023:11:28:27 -0300] "GET /cormun/servlet/permisogoce?INS,0,,, HTTP/1.1" 200 6828
181.212.42.153 - - [13/Mar/2023:11:28:27 -0300] "GET /cormun/servlet/permisogoce?INS,0,,, HTTP/1.1" 200 6828
186.172.103.107 - - [13/Mar/2023:11:28:28 -0300] "POST /cormun/servlet/solicitudot?gx-no-cache=1678716786371 HTTP/1.1" 200 1469
186.172.103.107 - - [13/Mar/2023:11:28:28 -0300] "POST /cormun/servlet/solicitudot?gx-no-cache=1678716786475 HTTP/1.1" 200 38
190.171.141.82 - - [13/Mar/2023:11:28:30 -0300] "GET /cormun/servlet/solicitudot?INS,0,0,false, HTTP/1.1" 200 15824
190.171.141.82 - - [13/Mar/2023:11:28:31 -0300] "GET /cormun/servlet/solicitudot?INS,0,0,false, HTTP/1.1" 200 15832
190.171.143.98 - - [13/Mar/2023:11:28:31 -0300] "POST /cormun/servlet/trpermisosgoce?eb3e2255b18a25309ceedb0ff2049618,,gx-no-cache=1678717066964 HTTP/1.1" 200 90
190.171.143.98 - - [13/Mar/2023:11:28:32 -0300] "GET /cormun/servlet/hpexe_link HTTP/1.1" 200 966
190.171.143.98 - - [13/Mar/2023:11:28:32 -0300] "GET /cormun/servlet/hhome HTTP/1.1" 200 4314
190.171.143.98 - - [13/Mar/2023:11:28:32 -0300] "GET /cormun/servlet/hhome HTTP/1.1" 200 4310
181.212.42.153 - - [13/Mar/2023:11:28:37 -0300] "GET /cormun/servlet/permisogoce?b1fbeae945e1fcae1c689f666d7d36dc60d20f37ec0097e2a2de45d1fab1ae3351059a1279109a38c22f9d12d47eb5da395905f91600405dc8aa82532b6fcb4a,gx-no-cache=1678716796072 HTTP/1.1" 200 178
181.212.42.153 - - [13/Mar/2023:11:28:37 -0300] "GET /cormun/static/Shared/jqueryui/images/ui-bg_highlight-soft_100_c6c2c8_1x100.png HTTP/1.1" 404 1117
157.55.39.207 - - [13/Mar/2023:11:28:37 -0300] "GET /cormun/servlet/licenciaspermisos?dsp,15106727,l,20230310000000, HTTP/1.1" 200 6889
181.212.42.153 - - [13/Mar/2023:11:28:37 -0300] "GET /cormun/static/Shared/jqueryui/images/ui-icons_82798d_256x240.png HTTP/1.1" 404 1089
181.212.42.153 - - [13/Mar/2023:11:28:37 -0300] "GET /cormun/static/Shared/jqueryui/images/ui-icons_ebccce_256x240.png HTTP/1.1" 404 1089
181.212.42.153 - - [13/Mar/2023:11:28:37 -0300] "GET /cormun/static/Shared/jqueryui/images/ui-bg_flat_55_994d53_40x100.png HTTP/1.1" 404 1097
190.171.143.98 - - [13/Mar/2023:11:28:39 -0300] "GET /cormun/servlet/trpermisosgoce? HTTP/1.1" 200 7247
190.171.143.98 - - [13/Mar/2023:11:28:40 -0300] "GET /cormun/servlet/trpermisosgoce? HTTP/1.1" 200 7247
186.172.103.107 - - [13/Mar/2023:11:28:40 -0300] "GET /cormun/servlet/solicitudot?279859f8d092a77aacd48e7aec62da6593581855e36af6d732ae059344f4685fe9339d534b77f7170b2c3c050fa37c484f84dfc4d5a10e0305e6344ea8c2616afcef72a1845a5809de7ca7e8ec8e3a050be8e5de37941186ef4902c7c9a16ad7000876b2bfdd2762f2e86de5396edfa6,gx-no-cache=1678716798433 HTTP/1.1" 200 110
186.172.103.107 - - [13/Mar/2023:11:28:40 -0300] "POST /cormun/servlet/solicitudot?gx-no-cache=1678716798495 HTTP/1.1" 200 64
190.171.143.98 - - [13/Mar/2023:11:28:42 -0300] "GET /cormun/servlet/permisogoce?INS,0,,, HTTP/1.1" 200 7202
190.171.143.98 - - [13/Mar/2023:11:28:42 -0300] "GET /cormun/static/gxcfg.js?20201215124560 HTTP/1.1" 200 953
190.171.143.98 - - [13/Mar/2023:11:28:42 -0300] "GET /cormun/static/permisogoce.js?20201215124939 HTTP/1.1" 200 27919
190.171.143.98 - - [13/Mar/2023:11:28:42 -0300] "GET /cormun/servlet/permisogoce?INS,0,,, HTTP/1.1" 200 7202
186.172.103.107 - - [13/Mar/2023:11:28:45 -0300] "GET /cormun/servlet/solicitudot?279859f8d092a77aacd48e7aec62da65956b3ea5b599f4aa6ddf08e12318c0c0271dd84f2de7bec7bb491c8e4d73f2d634caa307acccd2fce336c8b4bd4ae19a6c366b533e821951d1ed5823e410ab219ae6e05c72995edac2cdb4de3d8ab58b7f1ead8d93ee82a29376722c2f7d831d,gx-no-cache=1678716803729 HTTP/1.1" 200 29
186.172.103.107 - - [13/Mar/2023:11:28:45 -0300] "GET /cormun/static/menuarrow.gif HTTP/1.1" 404 1015
181.212.42.153 - - [13/Mar/2023:11:28:46 -0300] "POST /cormun/servlet/permisogoce?7db0c8006e2987f646a6da6cbcb4a3e4,INS,0,,,,gx-no-cache=1678716805175 HTTP/1.1" 200 93
181.212.42.153 - - [13/Mar/2023:11:28:46 -0300] "GET /cormun/servlet/hpexe_return? HTTP/1.1" 200 1013
181.212.42.153 - - [13/Mar/2023:11:28:46 -0300] "GET /cormun/servlet/trpermisosgoce HTTP/1.1" 200 9120
181.212.42.153 - - [13/Mar/2023:11:28:46 -0300] "GET /cormun/servlet/trpermisosgoce HTTP/1.1" 200 9116
186.172.103.107 - - [13/Mar/2023:11:28:49 -0300] "GET /cormun/servlet/solicitudot?279859f8d092a77aacd48e7aec62da652df109f50830d4d1e8ec9e31caec3ea4fa7d677fb2076e6d8862a8c62502eab5,gx-no-cache=1678716807223 HTTP/1.1" 200 30
190.171.141.82 - - [13/Mar/2023:11:28:50 -0300] "POST /cormun/servlet/solicitudot?gx-no-cache=1678716808387 HTTP/1.1" 200 3943
190.171.141.82 - - [13/Mar/2023:11:28:50 -0300] "POST /cormun/servlet/solicitudot?ff85c394deccd3a55e0e557e24d70d5a,INS,0,0,false,,gx-no-cache=1678716808536 HTTP/1.1" 200 12498
190.171.141.82 - - [13/Mar/2023:11:28:56 -0300] "GET /cormun/servlet/solicitudot?6073a5d68b8b5d6b422dfbf6cf43976ab929552feb60822837dc6787027f3fc9782fa0b420488dafd69e4c65bc27974f,gx-no-cache=1678716815126 HTTP/1.1" 200 30
186.172.103.107 - - [13/Mar/2023:11:28:57 -0300] "POST /cormun/servlet/solicitudot?gx-no-cache=1678716815249 HTTP/1.1" 200 30
186.172.103.107 - - [13/Mar/2023:11:28:57 -0300] "POST /cormun/servlet/solicitudot?c9fec872c227ac17e4718df1586a06c6,INS,0,0,false,,gx-no-cache=1678716815318 HTTP/1.1" 200 12907
186.172.103.107 - - [13/Mar/2023:11:28:57 -0300] "GET /cormun/static/Shared/jqueryui/images/ui-bg_highlight-soft_100_c6c2c8_1x100.png HTTP/1.1" 404 1117
186.172.103.107 - - [13/Mar/2023:11:28:57 -0300] "GET /cormun/static/Shared/jqueryui/images/ui-icons_82798d_256x240.png HTTP/1.1" 404 1089
186.172.103.107 - - [13/Mar/2023:11:28:57 -0300] "GET /cormun/static/Shared/jqueryui/images/ui-icons_ebccce_256x240.png HTTP/1.1" 404 1089
186.172.103.107 - - [13/Mar/2023:11:28:57 -0300] "GET /cormun/static/Shared/jqueryui/images/ui-bg_flat_55_994d53_40x100.png HTTP/1.1" 404 1097
186.172.103.107 - - [13/Mar/2023:11:29:03 -0300] "GET /cormun/servlet/solicitudot?279859f8d092a77aacd48e7aec62da6537bb4028dee70152f57854973444f5029ee1a4da21f9e72d1e2b24c0c39232b14f21247f3d5801321f9c8e535fc944a6356785e1f751cc5630a5ecfee6a3c3f41af6fedb278f09bd5eafebba5adfb011cb2081395334e2e73f65fc470f4e64422384dd31ac6c5ed718eb98fdb0099128907fefe72eb8266aed94d64da59cf935859f733163d101403bc188610d93663f390489849b72c89d443038a87bbb4d5ed89b49517839f99d0d083462356ac3aa1ce606cf4a1b919621c2ab6d676932463d01145c9548fdb58f4f99896a985d46e1c217646fbfb705f40b3586bff658f289478f37bdd00310bb16fbfa1b67793edd8cbc15f70b34127d56ea55e43f42977b25166f6a6517699f427f2e1b0bcb05c5afde3a85f9589d2b4d0b8a33f825ab8a7f491d68e181f5c0e112b5779c71c943c0302b53f2368ef8725f287551a39e9e3b62475874af3858bae753e9fd16ebc512d0616c4e17460ab722787f5e58a8a6fddc6e740033c7b23c97dd0b981d7751749a3e6e69bc54b2466fcd7781fc19,gx-no-cache=1678716821188 HTTP/1.1" 200 30
186.172.103.107 - - [13/Mar/2023:11:29:03 -0300] "POST /cormun/servlet/solicitudot?gx-no-cache=1678716821266 HTTP/1.1" 200 30
186.172.103.107 - - [13/Mar/2023:11:29:03 -0300] "POST /cormun/servlet/solicitudot?gx-no-cache=1678716821345 HTTP/1.1" 200 1469
186.172.103.107 - - [13/Mar/2023:11:29:03 -0300] "POST /cormun/servlet/solicitudot?gx-no-cache=1678716821516 HTTP/1.1" 200 41
190.171.143.98 - - [13/Mar/2023:11:29:03 -0300] "GET /cormun/servlet/prfichaempleado?,MD,,gxPopupLevel%3D0%3B HTTP/1.1" 200 9342
186.172.103.107 - - [13/Mar/2023:11:29:03 -0300] "GET /cormun/servlet/solicitudot?279859f8d092a77aacd48e7aec62da6593581855e36af6d732ae059344f4685fe9339d534b77f7170b2c3c050fa37c484f84dfc4d5a10e0305e6344ea8c2616afcef72a1845a5809de7ca7e8ec8e3a050be8e5de37941186ef4902c7c9a16ad7000876b2bfdd2762f2e86de5396edfa6,gx-no-cache=1678716821579 HTTP/1.1" 200 110
186.172.103.107 - - [13/Mar/2023:11:29:03 -0300] "POST /cormun/servlet/solicitudot?gx-no-cache=1678716821636 HTTP/1.1" 200 64
186.172.103.107 - - [13/Mar/2023:11:29:03 -0300] "GET /cormun/servlet/solicitudot?279859f8d092a77aacd48e7aec62da652df109f50830d4d1e8ec9e31caec3ea4fa7d677fb2076e6d8862a8c62502eab5,gx-no-cache=1678716821718 HTTP/1.1" 200 30
186.172.103.107 - - [13/Mar/2023:11:29:03 -0300] "POST /cormun/servlet/solicitudot?gx-no-cache=1678716821821 HTTP/1.1" 200 30
186.172.103.107 - - [13/Mar/2023:11:29:04 -0300] "POST /cormun/servlet/solicitudot?c9fec872c227ac17e4718df1586a06c6,INS,0,0,false,,gx-no-cache=1678716821903 HTTP/1.1" 200 93
186.172.103.107 - - [13/Mar/2023:11:29:04 -0300] "GET /cormun/servlet/hpexe_return? HTTP/1.1" 200 1009
186.172.103.107 - - [13/Mar/2023:11:29:04 -0300] "GET /cormun/servlet/trsolicitudot HTTP/1.1" 200 12426
186.172.103.107 - - [13/Mar/2023:11:29:05 -0300] "GET /cormun/servlet/trsolicitudot HTTP/1.1" 200 12421
186.172.103.107 - - [13/Mar/2023:11:29:09 -0300] "POST /cormun/servlet/trsolicitudot?c9fec872c227ac17e4718df1586a06c6,gx-no-cache=1678716827012 HTTP/1.1" 200 107
186.172.103.107 - - [13/Mar/2023:11:29:09 -0300] "GET /cormun/servlet/trsolicitudadjuntos?2023,19550, HTTP/1.1" 200 6008
186.172.103.107 - - [13/Mar/2023:11:29:09 -0300] "GET /cormun/servlet/trsolicitudadjuntos?2023,19550, HTTP/1.1" 200 6008
190.171.143.98 - - [13/Mar/2023:11:29:13 -0300] "POST /cormun/servlet/prfichaempleado?eb3e2255b18a25309ceedb0ff2049618,,MD,,gxPopupLevel%3D0%3B,gx-no-cache=1678717108917 HTTP/1.1" 200 3415
190.171.143.98 - - [13/Mar/2023:11:29:18 -0300] "GET /cormun/servlet/permisogoce?0e7973ae11ed6248a761f8c996641f4809f85a2296bdd9e0275e410c1769aed235ac6d2ed3f62de668d3779ce8a2081b493acfd2034999f8581adc57ddcff7e9,gx-no-cache=1678717113356 HTTP/1.1" 200 182
190.171.143.98 - - [13/Mar/2023:11:29:18 -0300] "GET /cormun/static/Shared/jqueryui/images/ui-icons_82798d_256x240.png HTTP/1.1" 404 1089
190.171.143.98 - - [13/Mar/2023:11:29:18 -0300] "GET /cormun/static/Shared/jqueryui/images/ui-bg_flat_55_994d53_40x100.png HTTP/1.1" 404 1097
190.171.143.98 - - [13/Mar/2023:11:29:18 -0300] "GET /cormun/static/Shared/jqueryui/images/ui-icons_ebccce_256x240.png HTTP/1.1" 404 1089
190.171.143.98 - - [13/Mar/2023:11:29:18 -0300] "GET /cormun/static/Shared/jqueryui/images/ui-bg_highlight-soft_100_c6c2c8_1x100.png HTTP/1.1" 404 1117
181.212.43.89 - - [13/Mar/2023:11:29:19 -0300] "GET /cormun/servlet/solicitudot?6065e9d86464eda40320b58890494f68b8954c759bb29bc4a0addaf360cc5d4673da5a677b75612c9940393c6079a1dc51f423f3c956589a558625bf91dab64e4917b8687f36cc66b139beb93581bba67ad3c082972705ce7ade3073cbe89948573d1f25661c7a9bc82feb6bee58d22c,gx-no-cache=1678716837113 HTTP/1.1" 200 110
190.171.143.98 - - [13/Mar/2023:11:29:19 -0300] "GET /cormun/static/menuarrow.gif HTTP/1.1" 404 1015
190.171.143.98 - - [13/Mar/2023:11:29:21 -0300] "GET /cormun/servlet/permisogoce?0e7973ae11ed6248a761f8c996641f4809f85a2296bdd9e0275e410c1769aed235ac6d2ed3f62de668d3779ce8a2081b493acfd2034999f8581adc57ddcff7e9,gx-no-cache=1678717116361 HTTP/1.1" 200 182
181.212.43.89 - - [13/Mar/2023:11:29:23 -0300] "POST /cormun/servlet/solicitudot?gx-no-cache=1678716841568 HTTP/1.1" 200 72
190.171.143.98 - - [13/Mar/2023:11:29:28 -0300] "GET /cormun/servlet/permisogoce?0e7973ae11ed6248a761f8c996641f4868adc51a942268efa2be4a85ee8aeacf5f5257003558f2e97162cbd03975ae5e95efcee382e5eb26b292275ee788e0a4,gx-no-cache=1678717123138 HTTP/1.1" 200 47
181.212.43.89 - - [13/Mar/2023:11:29:30 -0300] "GET /cormun/servlet/solicitudot?6065e9d86464eda40320b58890494f68fcb33b12c7d06012a9645d7235fe5c05de5761d2c3d62e6ddbacf964baf137292a01cd95c26389ae2b33c0a88686d6598aae8318529b6fa768232845b22492b270d14b566487a989294c39815ec05ba7116e9fa206aea0b044cea7de97cfa0a0,gx-no-cache=1678716848794 HTTP/1.1" 200 29
181.212.43.89 - - [13/Mar/2023:11:29:30 -0300] "GET /cormun/static/menuarrow.gif HTTP/1.1" 404 1015
186.172.103.107 - - [13/Mar/2023:11:29:37 -0300] "GET /cormun/servlet/solicitudotadjuntos?INS,2023,19550,,1, HTTP/1.1" 200 5950
186.172.103.107 - - [13/Mar/2023:11:29:37 -0300] "GET /cormun/static/about:blank HTTP/1.1" 404 1011
186.172.103.107 - - [13/Mar/2023:11:29:37 -0300] "GET /cormun/servlet/solicitudotadjuntos?INS,2023,19550,,1, HTTP/1.1" 200 5943
186.172.103.107 - - [13/Mar/2023:11:29:38 -0300] "GET /cormun/servlet/solicitudotadjuntos?279859f8d092a77aacd48e7aec62da65078aae888d2e2383ebe5a3a3297758c6b6fccec41e48530b5f81553a3b632202,gx-no-cache=1678716856161 HTTP/1.1" 200 30
186.172.103.107 - - [13/Mar/2023:11:29:38 -0300] "POST /cormun/servlet/solicitudotadjuntos?c9fec872c227ac17e4718df1586a06c6,INS,2023,19550,,1,,gx-no-cache=1678716856201 HTTP/1.1" 200 3871
181.212.43.89 - - [13/Mar/2023:11:29:38 -0300] "GET /cormun/servlet/solicitudot?6065e9d86464eda40320b58890494f686ade2eede60d97b099fd8bb9db237e997c812e87856c6c0e48119d33fe5d9308,gx-no-cache=1678716856534 HTTP/1.1" 200 30
186.172.103.107 - - [13/Mar/2023:11:29:40 -0300] "POST /cormun/servlet/solicitudotadjuntos?gx-no-cache=1678716858319 HTTP/1.1" 200 26
181.212.43.89 - - [13/Mar/2023:11:29:43 -0300] "POST /cormun/servlet/solicitudot?gx-no-cache=1678716861151 HTTP/1.1" 200 30
190.171.143.98 - - [13/Mar/2023:11:29:49 -0300] "GET /cormun/servlet/puconsultapgoce?8144635,MD,gxPopupLevel%3D0%3B HTTP/1.1" 200 3785
190.171.143.98 - - [13/Mar/2023:11:29:49 -0300] "GET /cormun/static/gxcfg.js?2020121674770 HTTP/1.1" 200 953
190.171.143.98 - - [13/Mar/2023:11:29:49 -0300] "GET /cormun/pexe_windows.js HTTP/1.1" 404 1005
190.171.143.98 - - [13/Mar/2023:11:29:49 -0300] "GET /cormun/pexe_layers.js HTTP/1.1" 404 1003
190.171.143.98 - - [13/Mar/2023:11:29:49 -0300] "GET /cormun/pexe_menus.js HTTP/1.1" 404 1001
190.171.143.98 - - [13/Mar/2023:11:29:49 -0300] "GET /cormun/pexe_link.js HTTP/1.1" 404 999
190.171.143.98 - - [13/Mar/2023:11:29:49 -0300] "GET /cormun/pexe_cookies.js HTTP/1.1" 404 1005
190.171.143.98 - - [13/Mar/2023:11:29:49 -0300] "GET /cormun/pexe_griddivfix.js HTTP/1.1" 404 1011
190.171.143.98 - - [13/Mar/2023:11:29:49 -0300] "GET /cormun/pexe_grid.js HTTP/1.1" 404 999
190.171.143.98 - - [13/Mar/2023:11:29:49 -0300] "GET /cormun/pexe_picture.js HTTP/1.1" 404 1005
190.171.143.98 - - [13/Mar/2023:11:29:49 -0300] "GET /cormun/pexe_treedivfix.js HTTP/1.1" 404 1011
190.171.143.98 - - [13/Mar/2023:11:29:49 -0300] "GET /cormun/pexe_tabdivfix.js HTTP/1.1" 404 1009
190.171.143.98 - - [13/Mar/2023:11:29:49 -0300] "GET /cormun/static/mpprompt.js?20201215583973 HTTP/1.1" 200 940
190.171.143.98 - - [13/Mar/2023:11:29:49 -0300] "GET /cormun/pexe_menudivfix.js HTTP/1.1" 404 1011
190.171.143.98 - - [13/Mar/2023:11:29:49 -0300] "GET /cormun/static/Resources/PXToolsMenuTopBackground.png HTTP/1.1" 200 1153
190.171.143.98 - - [13/Mar/2023:11:29:49 -0300] "GET /cormun/pexe_autoreload.js HTTP/1.1" 404 1011
190.171.143.98 - - [13/Mar/2023:11:29:49 -0300] "GET /cormun/static/puconsultapgoce.js?2020121675052 HTTP/1.1" 200 22470
190.171.143.98 - - [13/Mar/2023:11:29:56 -0300] "POST /cormun/servlet/puconsultapgoce?eb3e2255b18a25309ceedb0ff2049618,8144635,MD,gxPopupLevel%3D0%3B,gx-no-cache=1678717151216 HTTP/1.1" 200 59
181.212.43.89 - - [13/Mar/2023:11:29:59 -0300] "POST /cormun/servlet/solicitudot?b1ffe9e8a7063449a0f00e5769f209f4,INS,0,0,false,,gx-no-cache=1678716876277 HTTP/1.1" 200 93
181.212.43.89 - - [13/Mar/2023:11:29:59 -0300] "GET /cormun/servlet/hpexe_return? HTTP/1.1" 200 1007
181.212.43.89 - - [13/Mar/2023:11:29:59 -0300] "GET /cormun/servlet/trsolicitudot HTTP/1.1" 200 8668
181.212.43.89 - - [13/Mar/2023:11:29:59 -0300] "GET /cormun/servlet/trsolicitudot HTTP/1.1" 200 8664
190.171.143.98 - - [13/Mar/2023:11:30:01 -0300] "GET /cormun/servlet/prfichaempleado?,MD,,gxPopupLevel%3D0%3B HTTP/1.1" 200 9342
190.171.141.82 - - [13/Mar/2023:11:30:08 -0300] "GET /cormun/servlet/prbanco?,MD,,gxPopupLevel%3D0%3B HTTP/1.1" 200 6522
190.171.141.82 - - [13/Mar/2023:11:30:11 -0300] "GET /cormun/servlet/solicitudot?6073a5d68b8b5d6b422dfbf6cf43976a3a99cadf63fd16097935dec8b9b1cb6b8732edd98fbb480ac2ac9a9bbd186deac83c7694cd7a8fe92cfe85704fcd667d,gx-no-cache=1678716889324 HTTP/1.1" 200 30
190.171.141.82 - - [13/Mar/2023:11:30:12 -0300] "GET /cormun/servlet/solicitudot?6073a5d68b8b5d6b422dfbf6cf43976a2f34110ffc371c48ad5190c3464ff52c,gx-no-cache=1678716890583 HTTP/1.1" 200 53
190.171.143.98 - - [13/Mar/2023:11:30:18 -0300] "POST /cormun/servlet/prfichaempleado?eb3e2255b18a25309ceedb0ff2049618,,MD,,gxPopupLevel%3D0%3B,gx-no-cache=1678717173077 HTTP/1.1" 200 3415
190.171.143.98 - - [13/Mar/2023:11:30:26 -0300] "GET /cormun/servlet/puconsultapgoce?8144635,MD,gxPopupLevel%3D0%3B HTTP/1.1" 200 3785
190.171.143.98 - - [13/Mar/2023:11:30:26 -0300] "GET /cormun/pexe_menus.js HTTP/1.1" 404 1001
190.171.143.98 - - [13/Mar/2023:11:30:26 -0300] "GET /cormun/pexe_windows.js HTTP/1.1" 404 1005
190.171.143.98 - - [13/Mar/2023:11:30:26 -0300] "GET /cormun/pexe_link.js HTTP/1.1" 404 999
190.171.143.98 - - [13/Mar/2023:11:30:26 -0300] "GET /cormun/pexe_grid.js HTTP/1.1" 404 999
190.171.143.98 - - [13/Mar/2023:11:30:26 -0300] "GET /cormun/pexe_griddivfix.js HTTP/1.1" 404 1011
190.171.143.98 - - [13/Mar/2023:11:30:26 -0300] "GET /cormun/pexe_picture.js HTTP/1.1" 404 1005
190.171.143.98 - - [13/Mar/2023:11:30:26 -0300] "GET /cormun/pexe_treedivfix.js HTTP/1.1" 404 1011
190.171.143.98 - - [13/Mar/2023:11:30:26 -0300] "GET /cormun/pexe_layers.js HTTP/1.1" 404 1003
190.171.143.98 - - [13/Mar/2023:11:30:26 -0300] "GET /cormun/pexe_cookies.js HTTP/1.1" 404 1005
190.171.143.98 - - [13/Mar/2023:11:30:26 -0300] "GET /cormun/pexe_autoreload.js HTTP/1.1" 404 1011
190.171.143.98 - - [13/Mar/2023:11:30:26 -0300] "GET /cormun/pexe_menudivfix.js HTTP/1.1" 404 1011
190.171.143.98 - - [13/Mar/2023:11:30:26 -0300] "GET /cormun/pexe_tabdivfix.js HTTP/1.1" 404 1009
190.171.141.82 - - [13/Mar/2023:11:30:29 -0300] "POST /cormun/servlet/solicitudot?gx-no-cache=1678716907619 HTTP/1.1" 200 240
190.171.143.98 - - [13/Mar/2023:11:30:30 -0300] "GET /cormun/servlet/permisogoce?0e7973ae11ed6248a761f8c996641f4809f85a2296bdd9e0275e410c1769aed235ac6d2ed3f62de668d3779ce8a2081b493acfd2034999f8581adc57ddcff7e9,gx-no-cache=1678717185402 HTTP/1.1" 200 182
190.171.143.98 - - [13/Mar/2023:11:30:30 -0300] "POST /cormun/servlet/permisogoce?eb3e2255b18a25309ceedb0ff2049618,INS,0,,,,gx-no-cache=1678717185517 HTTP/1.1" 200 4748
190.171.141.82 - - [13/Mar/2023:11:30:32 -0300] "GET /cormun/servlet/solicitudot?6073a5d68b8b5d6b422dfbf6cf43976a2e1162134c12024c94d2e08a72451940c92f38ac8013285ddc543797bac2bbba2f606d7d703e74dff935fa6a57db1d19408d6391e7f0ff3d7a6c9c0499e68a86d102e4ec7fa47970316122eab18cbdcc6a43bd5157b8b3368e1b8d82a85ee75d890bf0c92e7a6e251a514270094c80a4b8ed6d2018fba5e42349653e2d570efc09d34cb6f5f72f68d2cc83d7714ffd95c5c8f50c02e1284d0b618ecf857f6deb79765d5fb36aed047a9b58da3870f31716ff4a33fd01bd52e17c201fd3f0ce4e92a222110603c272b3078ea3b815ce29158dcd2240f4f7cd002c2dbd93ad5963c79c1c0e5036ebdd0870e43c8b40a6fadda5a6c81426dbbde5304bb70079e04401eb6d98ee798629a6427d7f4e8552f033fb34d4ec4bcea0fa96ca34901f6b0e3306d8a29059c3194534e9ee332857b35e53a19d765a48de17844feb3082a851e00eeb4f8193379b761b301f4f8597acc70f0aa8bf2a94fb37caec31d7959284be846280942fd51fa72b7c1e6093fafc,gx-no-cache=1678716910229 HTTP/1.1" 200 30
190.171.143.98 - - [13/Mar/2023:11:30:32 -0300] "POST /cormun/servlet/permisogoce?eb3e2255b18a25309ceedb0ff2049618,INS,0,,,,gx-no-cache=1678717187323 HTTP/1.1" 200 4749
190.171.143.98 - - [13/Mar/2023:11:30:32 -0300] "POST /cormun/servlet/permisogoce?eb3e2255b18a25309ceedb0ff2049618,INS,0,,,,gx-no-cache=1678717187562 HTTP/1.1" 200 4749
190.171.141.82 - - [13/Mar/2023:11:30:36 -0300] "POST /cormun/servlet/solicitudot?gx-no-cache=1678716914760 HTTP/1.1" 200 30
190.171.143.98 - - [13/Mar/2023:11:30:55 -0300] "GET /cormun/servlet/prfichaempleado?,MD,,gxPopupLevel%3D0%3B HTTP/1.1" 200 9342
190.171.141.82 - - [13/Mar/2023:11:31:00 -0300] "GET /cormun/servlet/prlicenciaspermisos?9178798,L,,MD,,gxPopupLevel%3D0%3B HTTP/1.1" 200 7453
190.171.141.82 - - [13/Mar/2023:11:31:04 -0300] "POST /cormun/servlet/solicitudot?gx-no-cache=1678716942302 HTTP/1.1" 200 1468
190.171.141.82 - - [13/Mar/2023:11:31:07 -0300] "POST /cormun/servlet/solicitudot?gx-no-cache=1678716945566 HTTP/1.1" 200 41
190.171.143.98 - - [13/Mar/2023:11:31:16 -0300] "GET /cormun/servlet/prfichaempleado?,MD,,gxPopupLevel%3D0%3B HTTP/1.1" 200 9342
190.171.141.82 - - [13/Mar/2023:11:31:29 -0300] "GET /cormun/servlet/solicitudot?6073a5d68b8b5d6b422dfbf6cf43976ac127d944138116e5deaa0f2dc48258cdb1ee42d670ee83e342e58b84af96bd285a8c714b83583087a8300b591d981faf6ba96e0a671a698983d38ee47b9604add06ad82a8f2d70297d347161a53024fce2b22fddd136ba0505dae02a10ac59e6,gx-no-cache=1678716967727 HTTP/1.1" 200 110
190.171.141.82 - - [13/Mar/2023:11:31:29 -0300] "POST /cormun/servlet/solicitudot?gx-no-cache=1678716967768 HTTP/1.1" 200 97
190.171.143.98 - - [13/Mar/2023:11:31:30 -0300] "POST /cormun/servlet/prfichaempleado?eb3e2255b18a25309ceedb0ff2049618,,MD,,gxPopupLevel%3D0%3B,gx-no-cache=1678717245590 HTTP/1.1" 200 3410
190.171.141.82 - - [13/Mar/2023:11:31:37 -0300] "GET /cormun/servlet/solicitudot?6073a5d68b8b5d6b422dfbf6cf43976ac8bf41c00ac38798f8d9fa917dbec3b0e047f50ae66d314c9d66926ed8484776b5e90b51990ab0344582937228d4247f9c6243e584a1058ef0dc36e419508fb4517985967580d3c986084f7db5eff0c4b2035c31241e410abfe5b8d1dd662bf8,gx-no-cache=1678716975663 HTTP/1.1" 200 29
190.171.141.82 - - [13/Mar/2023:11:31:37 -0300] "GET /cormun/static/menuarrow.gif HTTP/1.1" 404 1015
190.171.141.82 - - [13/Mar/2023:11:31:42 -0300] "GET /cormun/servlet/solicitudot?6073a5d68b8b5d6b422dfbf6cf43976a78cb005c4fa9b772d8c764c163db41f0147f49b9cfdb0879a10bfaf26d41878d,gx-no-cache=1678716981072 HTTP/1.1" 200 30
190.171.141.82 - - [13/Mar/2023:11:31:42 -0300] "POST /cormun/servlet/solicitudot?gx-no-cache=1678716981100 HTTP/1.1" 200 34
190.171.143.98 - - [13/Mar/2023:11:32:02 -0300] "GET /cormun/servlet/permisogoce?0e7973ae11ed6248a761f8c996641f4809f85a2296bdd9e0275e410c1769aed269c2323c30cb6f9223d34d2695dbe0557d5796ebeb2e811bac110fa6bc4ace33d17f3942e058ca1d0f290cfa208a80a1eab7ce7ad50177672adf040b5d5f2ea1335d7c97dd80f8425c743ab977562e00ce122b3caa77198d6ed6793ef1054c1e7d5796ebeb2e811bac110fa6bc4ace33d17f3942e058ca1d0f290cfa208a80a1eab7ce7ad50177672adf040b5d5f2ea1c54c96ed7e30b1ae5db02c8c2af30295363691f69dfb865d680cdd57e74f326e967d5ed374ed3e98313716ede28df2224737b2fc2ef565bbd9dbd136f38f4f64,gx-no-cache=1678717277827 HTTP/1.1" 200 182
190.171.143.98 - - [13/Mar/2023:11:32:03 -0300] "POST /cormun/servlet/permisogoce?eb3e2255b18a25309ceedb0ff2049618,INS,0,,,,gx-no-cache=1678717277955 HTTP/1.1" 200 4749
190.171.143.98 - - [13/Mar/2023:11:32:09 -0300] "POST /cormun/servlet/permisogoce?eb3e2255b18a25309ceedb0ff2049618,INS,0,,,,gx-no-cache=1678717284266 HTTP/1.1" 200 4749
190.171.143.98 - - [13/Mar/2023:11:32:10 -0300] "POST /cormun/servlet/permisogoce?eb3e2255b18a25309ceedb0ff2049618,INS,0,,,,gx-no-cache=1678717284626 HTTP/1.1" 200 4748
190.171.141.82 - - [13/Mar/2023:11:32:10 -0300] "POST /cormun/servlet/solicitudot?ff85c394deccd3a55e0e557e24d70d5a,INS,0,0,false,,gx-no-cache=1678717007916 HTTP/1.1" 200 93
190.171.141.82 - - [13/Mar/2023:11:32:10 -0300] "GET /cormun/servlet/hpexe_return? HTTP/1.1" 200 1010
190.171.141.82 - - [13/Mar/2023:11:32:10 -0300] "GET /cormun/servlet/trsolicitudot HTTP/1.1" 200 8619
190.171.141.82 - - [13/Mar/2023:11:32:11 -0300] "GET /cormun/servlet/trsolicitudot HTTP/1.1" 200 8615
190.171.141.82 - - [13/Mar/2023:11:32:14 -0300] "GET /cormun/servlet/solicitudot?INS,0,0,false, HTTP/1.1" 200 15826
190.171.141.82 - - [13/Mar/2023:11:32:14 -0300] "GET /cormun/servlet/solicitudot?INS,0,0,false, HTTP/1.1" 200 15833
190.171.143.98 - - [13/Mar/2023:11:32:17 -0300] "GET /cormun/servlet/prfichaempleado?,MD,,gxPopupLevel%3D0%3B HTTP/1.1" 200 9342
190.171.141.82 - - [13/Mar/2023:11:32:30 -0300] "POST /cormun/servlet/solicitudot?gx-no-cache=1678717028412 HTTP/1.1" 200 3943
190.171.141.82 - - [13/Mar/2023:11:32:30 -0300] "POST /cormun/servlet/solicitudot?ff85c394deccd3a55e0e557e24d70d5a,INS,0,0,false,,gx-no-cache=1678717028558 HTTP/1.1" 200 12497
190.171.141.82 - - [13/Mar/2023:11:32:31 -0300] "GET /cormun/servlet/solicitudot?6073a5d68b8b5d6b422dfbf6cf43976ab929552feb60822837dc6787027f3fc9782fa0b420488dafd69e4c65bc27974f,gx-no-cache=1678717030105 HTTP/1.1" 200 30
190.171.141.82 - - [13/Mar/2023:11:33:08 -0300] "GET /cormun/servlet/prbanco?,MD,,gxPopupLevel%3D0%3B HTTP/1.1" 200 6522
190.171.141.82 - - [13/Mar/2023:11:33:11 -0300] "GET /cormun/servlet/solicitudot?6073a5d68b8b5d6b422dfbf6cf43976a2aab1a6dfd4aeecf5d3d36d519c96b28,gx-no-cache=1678717069357 HTTP/1.1" 200 94
190.171.141.82 - - [13/Mar/2023:11:33:11 -0300] "GET /cormun/static/Shared/jqueryui/images/ui-bg_highlight-soft_100_c6c2c8_1x100.png HTTP/1.1" 404 1117
190.171.141.82 - - [13/Mar/2023:11:33:11 -0300] "GET /cormun/static/Shared/jqueryui/images/ui-icons_82798d_256x240.png HTTP/1.1" 404 1089
190.171.141.82 - - [13/Mar/2023:11:33:11 -0300] "GET /cormun/static/Shared/jqueryui/images/ui-bg_flat_55_994d53_40x100.png HTTP/1.1" 404 1097
190.171.141.82 - - [13/Mar/2023:11:33:11 -0300] "GET /cormun/static/Shared/jqueryui/images/ui-icons_ebccce_256x240.png HTTP/1.1" 404 1089
190.171.141.82 - - [13/Mar/2023:11:33:12 -0300] "GET /cormun/servlet/solicitudot?6073a5d68b8b5d6b422dfbf6cf43976a2f34110ffc371c48ad5190c3464ff52c,gx-no-cache=1678717070335 HTTP/1.1" 200 53
190.171.141.82 - - [13/Mar/2023:11:33:25 -0300] "POST /cormun/servlet/solicitudot?gx-no-cache=1678717083714 HTTP/1.1" 200 240
190.171.141.82 - - [13/Mar/2023:11:33:28 -0300] "GET /cormun/servlet/solicitudot?6073a5d68b8b5d6b422dfbf6cf43976a2e1162134c12024c94d2e08a72451940c92f38ac8013285ddc543797bac2bbba2f606d7d703e74dff935fa6a57db1d19408d6391e7f0ff3d7a6c9c0499e68a86d102e4ec7fa47970316122eab18cbdcc6a43bd5157b8b3368e1b8d82a85ee75d890bf0c92e7a6e251a514270094c80a4b8ed6d2018fba5e42349653e2d570efc09d34cb6f5f72f68d2cc83d7714ffd95c5c8f50c02e1284d0b618ecf857f6deb79765d5fb36aed047a9b58da3870f31716ff4a33fd01bd52e17c201fd3f0ce4e92a222110603c272b3078ea3b815ce29158dcd2240f4f7cd002c2dbd93ad5963c79c1c0e5036ebdd0870e43c8b40a6fadda5a6c81426dbbde5304bb70079e04401eb6d98ee798629a6427d7f4e8552f033fb34d4ec4bcea0fa96ca34901f6b0e3306d8a29059c3194534e9ee332857b35e53a19d765a48de17844feb3082a851e00eeb4f8193379b761b301f4f8597acc70f0aa8bf2a94fb37caec31d7959284be846280942fd51fa72b7c1e6093fafc,gx-no-cache=1678717086422 HTTP/1.1" 200 30
190.171.141.82 - - [13/Mar/2023:11:33:31 -0300] "POST /cormun/servlet/solicitudot?gx-no-cache=1678717089641 HTTP/1.1" 200 30
190.171.141.82 - - [13/Mar/2023:11:33:39 -0300] "GET /cormun/servlet/prlicenciaspermisos?0,L,,MD,,gxPopupLevel%3D0%3B HTTP/1.1" 200 5112
190.171.141.82 - - [13/Mar/2023:11:33:46 -0300] "POST /cormun/servlet/solicitudot?gx-no-cache=1678717104349 HTTP/1.1" 200 1549
190.171.142.42 - - [13/Mar/2023:11:33:53 -0300] "GET /cormun/servlet/hlogin HTTP/1.1" 200 1741
190.171.142.42 - - [13/Mar/2023:11:34:04 -0300] "POST /cormun/servlet/hlogin?37edf63020b57f111115bb8b9c60d459,gx-no-cache=1678717123893 HTTP/1.1" 200 90
190.171.142.42 - - [13/Mar/2023:11:34:04 -0300] "GET /cormun/servlet/hpexe_link HTTP/1.1" 200 951
190.171.142.42 - - [13/Mar/2023:11:34:04 -0300] "GET /cormun/servlet/hhome HTTP/1.1" 200 4197
190.171.141.82 - - [13/Mar/2023:11:34:04 -0300] "GET /cormun/servlet/prlicenciaspermisos?9178798,L,,MD,,gxPopupLevel%3D0%3B HTTP/1.1" 200 7453
190.171.142.42 - - [13/Mar/2023:11:34:04 -0300] "GET /cormun/servlet/hhome HTTP/1.1" 200 4193
190.171.141.82 - - [13/Mar/2023:11:34:07 -0300] "POST /cormun/servlet/solicitudot?gx-no-cache=1678717125607 HTTP/1.1" 200 1468
190.171.141.82 - - [13/Mar/2023:11:34:10 -0300] "POST /cormun/servlet/solicitudot?gx-no-cache=1678717128408 HTTP/1.1" 200 41
190.171.141.82 - - [13/Mar/2023:11:34:29 -0300] "GET /cormun/servlet/solicitudot?6073a5d68b8b5d6b422dfbf6cf43976ac127d944138116e5deaa0f2dc48258cdb1ee42d670ee83e342e58b84af96bd285a8c714b83583087a8300b591d981faf6ba96e0a671a698983d38ee47b9604add06ad82a8f2d70297d347161a53024fce2b22fddd136ba0505dae02a10ac59e6,gx-no-cache=1678717147484 HTTP/1.1" 200 110
190.171.141.82 - - [13/Mar/2023:11:34:29 -0300] "POST /cormun/servlet/solicitudot?gx-no-cache=1678717147519 HTTP/1.1" 200 97
190.171.141.82 - - [13/Mar/2023:11:34:36 -0300] "GET /cormun/servlet/solicitudot?6073a5d68b8b5d6b422dfbf6cf43976ac8bf41c00ac38798f8d9fa917dbec3b0e047f50ae66d314c9d66926ed8484776b5e90b51990ab0344582937228d4247f9c6243e584a1058ef0dc36e419508fb4517985967580d3c986084f7db5eff0c4b2035c31241e410abfe5b8d1dd662bf8,gx-no-cache=1678717154975 HTTP/1.1" 200 29
190.171.141.82 - - [13/Mar/2023:11:34:36 -0300] "GET /cormun/static/menuarrow.gif HTTP/1.1" 404 1015
190.171.141.82 - - [13/Mar/2023:11:34:40 -0300] "GET /cormun/servlet/solicitudot?6073a5d68b8b5d6b422dfbf6cf43976a78cb005c4fa9b772d8c764c163db41f0147f49b9cfdb0879a10bfaf26d41878d,gx-no-cache=1678717158751 HTTP/1.1" 200 30
190.171.141.82 - - [13/Mar/2023:11:34:40 -0300] "POST /cormun/servlet/solicitudot?gx-no-cache=1678717158779 HTTP/1.1" 200 34
190.171.142.42 - - [13/Mar/2023:11:35:00 -0300] "GET /cormun/servlet/trpermisosgoce? HTTP/1.1" 200 7981
190.171.142.42 - - [13/Mar/2023:11:35:00 -0300] "GET /cormun/servlet/trpermisosgoce? HTTP/1.1" 200 7979
190.171.141.82 - - [13/Mar/2023:11:35:11 -0300] "POST /cormun/servlet/solicitudot?ff85c394deccd3a55e0e557e24d70d5a,INS,0,0,false,,gx-no-cache=1678717189155 HTTP/1.1" 200 12895
191.126.18.79 - - [13/Mar/2023:11:35:20 -0300] "POST /cormun/servlet/solicitudotadjuntos?c9fec872c227ac17e4718df1586a06c6,INS,2023,19550,,1, HTTP/1.1" 200 116
191.126.18.79 - - [13/Mar/2023:11:35:20 -0300] "GET /cormun/servlet/hpexe_return? HTTP/1.1" 200 1028
191.126.18.79 - - [13/Mar/2023:11:35:20 -0300] "GET /cormun/servlet/trsolicitudadjuntos?2023,19550, HTTP/1.1" 200 6011
191.126.18.79 - - [13/Mar/2023:11:35:21 -0300] "GET /cormun/servlet/trsolicitudadjuntos?2023,19550, HTTP/1.1" 200 6008
190.171.141.82 - - [13/Mar/2023:11:35:37 -0300] "GET /cormun/servlet/solicitudot?6073a5d68b8b5d6b422dfbf6cf43976a3a99cadf63fd16097935dec8b9b1cb6b8732edd98fbb480ac2ac9a9bbd186deac83c7694cd7a8fe92cfe85704fcd667d,gx-no-cache=1678717215807 HTTP/1.1" 200 30
190.171.141.82 - - [13/Mar/2023:11:35:37 -0300] "GET /cormun/servlet/solicitudot?6073a5d68b8b5d6b422dfbf6cf43976a2e1162134c12024c94d2e08a72451940c92f38ac8013285ddc543797bac2bbba2f606d7d703e74dff935fa6a57db1d19408d6391e7f0ff3d7a6c9c0499e68a86d102e4ec7fa47970316122eab18cbdcc6a43bd5157b8b3368e1b8d82a85ee75d890bf0c92e7a6e251a514270094c80a4b8ed6d2018fba5e42349653e2d570efc09d34cb6f5f72f68d2cc83d7714ffd95c5c8f50c02e1284d0b618ecf857f6deb79765d5fb36aed047a9b58da3870f31716ff4a33fd01bd52e17c201fd3f0ce4e92a222110603c272b3078ea3b815ce29158dcd2240f4f7cd002c2dbd93ad5963c79c1c0e5036ebdd0870e43c8b40a6fadda5a6c81426dbbde5304bb70079e04401eb6d98ee798629a6427d7f4e8552f033fb34d4ec4bcea0fa96ca34901f6b0e3306d8a29059c3194534e9ee332857b35e53a19d765a48de17844feb3082a851e00eeb4f8193379b761b301f4f8597acc70f0aa8bf2a94fb37caec31d7959284f748e6c2f31bd91b8f1d2f688f6b27d2,gx-no-cache=1678717215836 HTTP/1.1" 200 30
190.171.141.82 - - [13/Mar/2023:11:35:37 -0300] "POST /cormun/servlet/solicitudot?gx-no-cache=1678717215860 HTTP/1.1" 200 30
190.171.141.82 - - [13/Mar/2023:11:35:37 -0300] "POST /cormun/servlet/solicitudot?gx-no-cache=1678717215900 HTTP/1.1" 200 1468
190.171.141.82 - - [13/Mar/2023:11:35:37 -0300] "POST /cormun/servlet/solicitudot?gx-no-cache=1678717215992 HTTP/1.1" 200 41
190.171.141.82 - - [13/Mar/2023:11:35:37 -0300] "GET /cormun/servlet/solicitudot?6073a5d68b8b5d6b422dfbf6cf43976ac127d944138116e5deaa0f2dc48258cdb1ee42d670ee83e342e58b84af96bd285a8c714b83583087a8300b591d981faf6ba96e0a671a698983d38ee47b9604add06ad82a8f2d70297d347161a53024fce2b22fddd136ba0505dae02a10ac59e6,gx-no-cache=1678717216039 HTTP/1.1" 200 110
190.171.141.82 - - [13/Mar/2023:11:35:37 -0300] "POST /cormun/servlet/solicitudot?gx-no-cache=1678717216085 HTTP/1.1" 200 97
190.171.141.82 - - [13/Mar/2023:11:35:37 -0300] "GET /cormun/servlet/solicitudot?6073a5d68b8b5d6b422dfbf6cf43976a78cb005c4fa9b772d8c764c163db41f0147f49b9cfdb0879a10bfaf26d41878d,gx-no-cache=1678717216131 HTTP/1.1" 200 30
190.171.141.82 - - [13/Mar/2023:11:35:37 -0300] "POST /cormun/servlet/solicitudot?gx-no-cache=1678717216166 HTTP/1.1" 200 34
190.171.141.82 - - [13/Mar/2023:11:35:38 -0300] "POST /cormun/servlet/solicitudot?ff85c394deccd3a55e0e557e24d70d5a,INS,0,0,false,,gx-no-cache=1678717216213 HTTP/1.1" 200 93
190.171.141.82 - - [13/Mar/2023:11:35:38 -0300] "GET /cormun/servlet/hpexe_return? HTTP/1.1" 200 1010
190.171.141.82 - - [13/Mar/2023:11:35:38 -0300] "GET /cormun/servlet/trsolicitudot HTTP/1.1" 200 8918
190.171.141.82 - - [13/Mar/2023:11:35:38 -0300] "GET /cormun/servlet/trsolicitudot HTTP/1.1" 200 8914
190.171.141.82 - - [13/Mar/2023:11:35:42 -0300] "GET /cormun/servlet/solicitudot?INS,0,0,false, HTTP/1.1" 200 15824
190.171.141.82 - - [13/Mar/2023:11:35:42 -0300] "GET /cormun/servlet/solicitudot?INS,0,0,false, HTTP/1.1" 200 15831
190.171.141.82 - - [13/Mar/2023:11:35:51 -0300] "POST /cormun/servlet/solicitudot?gx-no-cache=1678717229038 HTTP/1.1" 200 3943
190.171.141.82 - - [13/Mar/2023:11:35:51 -0300] "POST /cormun/servlet/solicitudot?ff85c394deccd3a55e0e557e24d70d5a,INS,0,0,false,,gx-no-cache=1678717229383 HTTP/1.1" 200 12497
190.171.141.82 - - [13/Mar/2023:11:35:52 -0300] "GET /cormun/servlet/solicitudot?6073a5d68b8b5d6b422dfbf6cf43976ab929552feb60822837dc6787027f3fc9782fa0b420488dafd69e4c65bc27974f,gx-no-cache=1678717230664 HTTP/1.1" 200 30
191.126.18.79 - - [13/Mar/2023:11:36:33 -0300] "GET /cormun/servlet/solicitudotadjuntos?INS,2023,19550,,1, HTTP/1.1" 200 5949
191.126.18.79 - - [13/Mar/2023:11:36:33 -0300] "GET /cormun/static/about:blank HTTP/1.1" 404 1011
191.126.18.79 - - [13/Mar/2023:11:36:33 -0300] "GET /cormun/servlet/solicitudotadjuntos?INS,2023,19550,,1, HTTP/1.1" 200 5943
191.126.18.79 - - [13/Mar/2023:11:36:33 -0300] "GET /cormun/servlet/solicitudotadjuntos?279859f8d092a77aacd48e7aec62da65078aae888d2e2383ebe5a3a3297758c6b6fccec41e48530b5f81553a3b632202,gx-no-cache=1678717271918 HTTP/1.1" 200 30
191.126.18.79 - - [13/Mar/2023:11:36:33 -0300] "POST /cormun/servlet/solicitudotadjuntos?c9fec872c227ac17e4718df1586a06c6,INS,2023,19550,,1,,gx-no-cache=1678717271983 HTTP/1.1" 200 3870
191.126.18.79 - - [13/Mar/2023:11:36:35 -0300] "POST /cormun/servlet/solicitudotadjuntos?gx-no-cache=1678717273462 HTTP/1.1" 200 26
191.126.18.79 - - [13/Mar/2023:11:36:40 -0300] "GET /cormun/servlet/solicitudotadjuntos?279859f8d092a77aacd48e7aec62da65307cbab953fcb977b32c3cffce7568f3,gx-no-cache=1678717278272 HTTP/1.1" 200 30
191.126.18.79 - - [13/Mar/2023:11:36:40 -0300] "GET /cormun/servlet/solicitudotadjuntos?279859f8d092a77aacd48e7aec62da65307cbab953fcb977b32c3cffce7568f3,gx-no-cache=1678717278318 HTTP/1.1" 200 30
191.126.18.79 - - [13/Mar/2023:11:36:40 -0300] "POST /cormun/servlet/solicitudotadjuntos?c9fec872c227ac17e4718df1586a06c6,INS,2023,19550,,1, HTTP/1.1" 200 116
191.126.18.79 - - [13/Mar/2023:11:36:40 -0300] "GET /cormun/servlet/hpexe_return? HTTP/1.1" 200 1028
191.126.18.79 - - [13/Mar/2023:11:36:41 -0300] "GET /cormun/servlet/trsolicitudadjuntos?2023,19550, HTTP/1.1" 200 8943
191.126.18.79 - - [13/Mar/2023:11:36:41 -0300] "GET /cormun/servlet/trsolicitudadjuntos?2023,19550, HTTP/1.1" 200 8937
191.126.18.79 - - [13/Mar/2023:11:36:42 -0300] "GET /cormun/servlet/solicitudotadjuntos?INS,2023,19550,,1, HTTP/1.1" 200 5949
191.126.18.79 - - [13/Mar/2023:11:36:43 -0300] "GET /cormun/static/about:blank HTTP/1.1" 404 1011
191.126.18.79 - - [13/Mar/2023:11:36:43 -0300] "GET /cormun/servlet/solicitudotadjuntos?INS,2023,19550,,1, HTTP/1.1" 200 5943
191.126.18.79 - - [13/Mar/2023:11:36:43 -0300] "GET /cormun/servlet/solicitudotadjuntos?279859f8d092a77aacd48e7aec62da65078aae888d2e2383ebe5a3a3297758c6b6fccec41e48530b5f81553a3b632202,gx-no-cache=1678717281822 HTTP/1.1" 200 30
191.126.18.79 - - [13/Mar/2023:11:36:43 -0300] "POST /cormun/servlet/solicitudotadjuntos?c9fec872c227ac17e4718df1586a06c6,INS,2023,19550,,1,,gx-no-cache=1678717281926 HTTP/1.1" 200 3870
191.126.18.79 - - [13/Mar/2023:11:36:46 -0300] "POST /cormun/servlet/solicitudotadjuntos?gx-no-cache=1678717284384 HTTP/1.1" 200 26
190.171.141.82 - - [13/Mar/2023:11:36:50 -0300] "GET /cormun/servlet/prbanco?,MD,,gxPopupLevel%3D0%3B HTTP/1.1" 200 6522
191.126.18.79 - - [13/Mar/2023:11:36:51 -0300] "GET /cormun/servlet/solicitudotadjuntos?279859f8d092a77aacd48e7aec62da65307cbab953fcb977b32c3cffce7568f3,gx-no-cache=1678717289688 HTTP/1.1" 200 30
191.126.18.79 - - [13/Mar/2023:11:36:51 -0300] "GET /cormun/servlet/solicitudotadjuntos?279859f8d092a77aacd48e7aec62da65307cbab953fcb977b32c3cffce7568f3,gx-no-cache=1678717289775 HTTP/1.1" 200 30
191.126.18.79 - - [13/Mar/2023:11:36:52 -0300] "POST /cormun/servlet/solicitudotadjuntos?c9fec872c227ac17e4718df1586a06c6,INS,2023,19550,,1, HTTP/1.1" 200 116
191.126.18.79 - - [13/Mar/2023:11:36:52 -0300] "GET /cormun/servlet/hpexe_return? HTTP/1.1" 200 1028
191.126.18.79 - - [13/Mar/2023:11:36:52 -0300] "GET /cormun/servlet/trsolicitudadjuntos?2023,19550, HTTP/1.1" 200 9207
191.126.18.79 - - [13/Mar/2023:11:36:53 -0300] "GET /cormun/servlet/trsolicitudadjuntos?2023,19550, HTTP/1.1" 200 9206
190.171.141.82 - - [13/Mar/2023:11:36:54 -0300] "GET /cormun/servlet/solicitudot?6073a5d68b8b5d6b422dfbf6cf43976a3a99cadf63fd16097935dec8b9b1cb6b8732edd98fbb480ac2ac9a9bbd186deac83c7694cd7a8fe92cfe85704fcd667d,gx-no-cache=1678717292404 HTTP/1.1" 200 30
190.171.141.82 - - [13/Mar/2023:11:36:56 -0300] "GET /cormun/servlet/solicitudot?6073a5d68b8b5d6b422dfbf6cf43976a2f34110ffc371c48ad5190c3464ff52c,gx-no-cache=1678717294310 HTTP/1.1" 200 53
191.126.18.79 - - [13/Mar/2023:11:36:56 -0300] "GET /cormun/servlet/solicitudotadjuntos?INS,2023,19550,,1, HTTP/1.1" 200 5949
191.126.18.79 - - [13/Mar/2023:11:36:56 -0300] "GET /cormun/static/about:blank HTTP/1.1" 404 1011
191.126.18.79 - - [13/Mar/2023:11:36:56 -0300] "GET /cormun/servlet/solicitudotadjuntos?INS,2023,19550,,1, HTTP/1.1" 200 5943
191.126.18.79 - - [13/Mar/2023:11:36:56 -0300] "GET /cormun/servlet/solicitudotadjuntos?279859f8d092a77aacd48e7aec62da65078aae888d2e2383ebe5a3a3297758c6b6fccec41e48530b5f81553a3b632202,gx-no-cache=1678717295056 HTTP/1.1" 200 30
191.126.18.79 - - [13/Mar/2023:11:36:57 -0300] "POST /cormun/servlet/solicitudotadjuntos?c9fec872c227ac17e4718df1586a06c6,INS,2023,19550,,1,,gx-no-cache=1678717295137 HTTP/1.1" 200 3870
191.126.18.79 - - [13/Mar/2023:11:36:59 -0300] "POST /cormun/servlet/solicitudotadjuntos?gx-no-cache=1678717298000 HTTP/1.1" 200 26
190.171.141.82 - - [13/Mar/2023:11:37:06 -0300] "POST /cormun/servlet/solicitudot?gx-no-cache=1678717304624 HTTP/1.1" 200 240
191.126.18.79 - - [13/Mar/2023:11:37:07 -0300] "GET /cormun/servlet/solicitudotadjuntos?279859f8d092a77aacd48e7aec62da65307cbab953fcb977b32c3cffce7568f3,gx-no-cache=1678717305296 HTTP/1.1" 200 30
191.126.18.79 - - [13/Mar/2023:11:37:07 -0300] "GET /cormun/servlet/solicitudotadjuntos?279859f8d092a77aacd48e7aec62da65307cbab953fcb977b32c3cffce7568f3,gx-no-cache=1678717305352 HTTP/1.1" 200 30
191.126.18.79 - - [13/Mar/2023:11:37:08 -0300] "POST /cormun/servlet/solicitudotadjuntos?c9fec872c227ac17e4718df1586a06c6,INS,2023,19550,,1, HTTP/1.1" 200 116
191.126.18.79 - - [13/Mar/2023:11:37:08 -0300] "GET /cormun/servlet/hpexe_return? HTTP/1.1" 200 1028
191.126.18.79 - - [13/Mar/2023:11:37:08 -0300] "GET /cormun/servlet/trsolicitudadjuntos?2023,19550, HTTP/1.1" 200 9418
190.171.141.82 - - [13/Mar/2023:11:37:08 -0300] "GET /cormun/servlet/solicitudot?6073a5d68b8b5d6b422dfbf6cf43976a2e1162134c12024c94d2e08a72451940c92f38ac8013285ddc543797bac2bbba2f606d7d703e74dff935fa6a57db1d19408d6391e7f0ff3d7a6c9c0499e68a86d102e4ec7fa47970316122eab18cbdcc6a43bd5157b8b3368e1b8d82a85ee75d890bf0c92e7a6e251a514270094c80a4b8ed6d2018fba5e42349653e2d570efc09d34cb6f5f72f68d2cc83d7714ffd95c5c8f50c02e1284d0b618ecf857f6deb79765d5fb36aed047a9b58da3870f31716ff4a33fd01bd52e17c201fd3f0ce4e92a222110603c272b3078ea3b815ce29158dcd2240f4f7cd002c2dbd93ad5963c79c1c0e5036ebdd0870e43c8b40a6fadda5a6c81426dbbde5304bb70079e04401eb6d98ee798629a6427d7f4e8552f033fb34d4ec4bcea0fa96ca34901f6b0e3306d8a29059c3194534e9ee332857b35e53a19d765a48de17844feb3082a851e00eeb4f8193379b761b301f4f8597acc70f0aa8bf2a94fb37caec31d7959284be846280942fd51fa72b7c1e6093fafc,gx-no-cache=1678717307020 HTTP/1.1" 200 30
191.126.18.79 - - [13/Mar/2023:11:37:09 -0300] "GET /cormun/servlet/trsolicitudadjuntos?2023,19550, HTTP/1.1" 200 9416
190.171.141.82 - - [13/Mar/2023:11:37:11 -0300] "POST /cormun/servlet/solicitudot?gx-no-cache=1678717309752 HTTP/1.1" 200 30
191.126.18.79 - - [13/Mar/2023:11:37:12 -0300] "GET /cormun/servlet/solicitudotadjuntos?INS,2023,19550,,1, HTTP/1.1" 200 5949
191.126.18.79 - - [13/Mar/2023:11:37:12 -0300] "GET /cormun/static/about:blank HTTP/1.1" 404 1011
191.126.18.79 - - [13/Mar/2023:11:37:12 -0300] "GET /cormun/servlet/solicitudotadjuntos?INS,2023,19550,,1, HTTP/1.1" 200 5943
191.126.18.79 - - [13/Mar/2023:11:37:12 -0300] "GET /cormun/servlet/solicitudotadjuntos?279859f8d092a77aacd48e7aec62da65078aae888d2e2383ebe5a3a3297758c6b6fccec41e48530b5f81553a3b632202,gx-no-cache=1678717310983 HTTP/1.1" 200 30
191.126.18.79 - - [13/Mar/2023:11:37:13 -0300] "POST /cormun/servlet/solicitudotadjuntos?c9fec872c227ac17e4718df1586a06c6,INS,2023,19550,,1,,gx-no-cache=1678717311105 HTTP/1.1" 200 3870
191.126.18.79 - - [13/Mar/2023:11:37:16 -0300] "POST /cormun/servlet/solicitudotadjuntos?gx-no-cache=1678717314808 HTTP/1.1" 200 26
190.171.141.82 - - [13/Mar/2023:11:37:22 -0300] "GET /cormun/servlet/prlicenciaspermisos?9178798,L,,MD,,gxPopupLevel%3D0%3B HTTP/1.1" 200 7453
190.171.141.82 - - [13/Mar/2023:11:37:24 -0300] "POST /cormun/servlet/solicitudot?gx-no-cache=1678717323070 HTTP/1.1" 200 1468
191.126.18.79 - - [13/Mar/2023:11:37:25 -0300] "GET /cormun/servlet/solicitudotadjuntos?279859f8d092a77aacd48e7aec62da65307cbab953fcb977b32c3cffce7568f3,gx-no-cache=1678717324096 HTTP/1.1" 200 30
191.126.18.79 - - [13/Mar/2023:11:37:26 -0300] "GET /cormun/servlet/solicitudotadjuntos?279859f8d092a77aacd48e7aec62da65307cbab953fcb977b32c3cffce7568f3,gx-no-cache=1678717324172 HTTP/1.1" 200 30
191.126.18.79 - - [13/Mar/2023:11:37:26 -0300] "POST /cormun/servlet/solicitudotadjuntos?c9fec872c227ac17e4718df1586a06c6,INS,2023,19550,,1, HTTP/1.1" 200 116
191.126.18.79 - - [13/Mar/2023:11:37:26 -0300] "GET /cormun/servlet/hpexe_return? HTTP/1.1" 200 1028
191.126.18.79 - - [13/Mar/2023:11:37:27 -0300] "GET /cormun/servlet/trsolicitudadjuntos?2023,19550, HTTP/1.1" 200 9711
191.126.18.79 - - [13/Mar/2023:11:37:27 -0300] "GET /cormun/servlet/trsolicitudadjuntos?2023,19550, HTTP/1.1" 200 9710
190.171.141.82 - - [13/Mar/2023:11:37:27 -0300] "POST /cormun/servlet/solicitudot?gx-no-cache=1678717325892 HTTP/1.1" 200 41
191.126.18.79 - - [13/Mar/2023:11:37:30 -0300] "GET /cormun/servlet/solicitudotadjuntos?INS,2023,19550,,1, HTTP/1.1" 200 5951
191.126.18.79 - - [13/Mar/2023:11:37:30 -0300] "GET /cormun/static/about:blank HTTP/1.1" 404 1011
191.126.18.79 - - [13/Mar/2023:11:37:30 -0300] "GET /cormun/servlet/solicitudotadjuntos?INS,2023,19550,,1, HTTP/1.1" 200 5944
191.126.18.79 - - [13/Mar/2023:11:37:31 -0300] "GET /cormun/servlet/solicitudotadjuntos?279859f8d092a77aacd48e7aec62da65078aae888d2e2383ebe5a3a3297758c6b6fccec41e48530b5f81553a3b632202,gx-no-cache=1678717329409 HTTP/1.1" 200 30
191.126.18.79 - - [13/Mar/2023:11:37:31 -0300] "POST /cormun/servlet/solicitudotadjuntos?c9fec872c227ac17e4718df1586a06c6,INS,2023,19550,,1,,gx-no-cache=1678717329456 HTTP/1.1" 200 3871
191.126.18.79 - - [13/Mar/2023:11:37:34 -0300] "POST /cormun/servlet/solicitudotadjuntos?gx-no-cache=1678717332753 HTTP/1.1" 200 26
190.171.141.82 - - [13/Mar/2023:11:37:38 -0300] "GET /cormun/servlet/solicitudot?6073a5d68b8b5d6b422dfbf6cf43976ac127d944138116e5deaa0f2dc48258cdb1ee42d670ee83e342e58b84af96bd285a8c714b83583087a8300b591d981faf6ba96e0a671a698983d38ee47b9604add06ad82a8f2d70297d347161a53024fce2b22fddd136ba0505dae02a10ac59e6,gx-no-cache=1678717336660 HTTP/1.1" 200 110
190.171.141.82 - - [13/Mar/2023:11:37:38 -0300] "POST /cormun/servlet/solicitudot?gx-no-cache=1678717336691 HTTP/1.1" 200 97
191.126.18.79 - - [13/Mar/2023:11:37:40 -0300] "GET /cormun/servlet/solicitudotadjuntos?279859f8d092a77aacd48e7aec62da65307cbab953fcb977b32c3cffce7568f3,gx-no-cache=1678717338440 HTTP/1.1" 200 30
191.126.18.79 - - [13/Mar/2023:11:37:40 -0300] "GET /cormun/servlet/solicitudotadjuntos?279859f8d092a77aacd48e7aec62da65307cbab953fcb977b32c3cffce7568f3,gx-no-cache=1678717338510 HTTP/1.1" 200 30
191.126.18.79 - - [13/Mar/2023:11:37:40 -0300] "POST /cormun/servlet/solicitudotadjuntos?c9fec872c227ac17e4718df1586a06c6,INS,2023,19550,,1, HTTP/1.1" 200 116
191.126.18.79 - - [13/Mar/2023:11:37:41 -0300] "GET /cormun/servlet/hpexe_return? HTTP/1.1" 200 1028
191.126.18.79 - - [13/Mar/2023:11:37:41 -0300] "GET /cormun/servlet/trsolicitudadjuntos?2023,19550, HTTP/1.1" 200 10060
191.126.18.79 - - [13/Mar/2023:11:37:41 -0300] "GET /cormun/servlet/trsolicitudadjuntos?2023,19550, HTTP/1.1" 200 10061
191.126.18.79 - - [13/Mar/2023:11:37:43 -0300] "GET /cormun/servlet/solicitudotadjuntos?INS,2023,19550,,1, HTTP/1.1" 200 5951
191.126.18.79 - - [13/Mar/2023:11:37:43 -0300] "GET /cormun/static/about:blank HTTP/1.1" 404 1011
191.126.18.79 - - [13/Mar/2023:11:37:43 -0300] "GET /cormun/servlet/solicitudotadjuntos?INS,2023,19550,,1, HTTP/1.1" 200 5944
