200.54.103.162 - - [10/Mar/2023:11:20:41 -0300] "GET /cormun/servlet/solicitudot?INS,0,0,false, HTTP/1.1" 200 16201
186.172.239.227 - - [10/Mar/2023:11:20:44 -0300] "POST /cormun/servlet/solicitudot?gx-no-cache=1678457122247 HTTP/1.1" 200 3951
186.172.239.227 - - [10/Mar/2023:11:20:44 -0300] "POST /cormun/servlet/solicitudot?3388f360ab9fbe8e5dbca2ad2b6a13f1,INS,0,0,false,,gx-no-cache=1678457122712 HTTP/1.1" 200 12501
186.172.239.227 - - [10/Mar/2023:11:20:46 -0300] "GET /cormun/servlet/solicitudot?6b9a5225ccd59ceafa1363770d4255291e5e80bffb6614f8ced8b905f98c07ac11314a5b60b994e1ac6567ba7b43f3e6,gx-no-cache=1678457124753 HTTP/1.1" 200 111
186.172.239.227 - - [10/Mar/2023:11:20:46 -0300] "GET /cormun/static/Shared/jqueryui/images/ui-bg_highlight-soft_100_c6c2c8_1x100.png HTTP/1.1" 404 1117
186.172.239.227 - - [10/Mar/2023:11:20:46 -0300] "GET /cormun/static/Shared/jqueryui/images/ui-icons_82798d_256x240.png HTTP/1.1" 404 1089
186.172.239.227 - - [10/Mar/2023:11:20:46 -0300] "GET /cormun/static/Shared/jqueryui/images/ui-bg_flat_55_994d53_40x100.png HTTP/1.1" 404 1097
186.172.239.227 - - [10/Mar/2023:11:20:46 -0300] "GET /cormun/static/Shared/jqueryui/images/ui-icons_ebccce_256x240.png HTTP/1.1" 404 1089
186.172.239.227 - - [10/Mar/2023:11:20:58 -0300] "GET /cormun/servlet/solicitudot?6b9a5225ccd59ceafa1363770d4255295312b6e18a8bc14ef0e589d71fdd184311314a5b60b994e1ac6567ba7b43f3e6,gx-no-cache=1678457136430 HTTP/1.1" 200 30
190.171.141.90 - - [10/Mar/2023:11:21:07 -0300] "POST /cormun/servlet/trsolicitudot?e6e9640f708a687b1932b9b9458d3683,,gx-no-cache=1678457144044 HTTP/1.1" 200 8230
190.46.88.50 - - [10/Mar/2023:11:21:10 -0300] "POST /cormun/servlet/solicitudot?gx-no-cache=1678457149522 HTTP/1.1" 200 3943
190.46.88.50 - - [10/Mar/2023:11:21:10 -0300] "POST /cormun/servlet/solicitudot?0fdb884207f21c67b714366bf393fe45,INS,0,0,false,,gx-no-cache=1678457149794 HTTP/1.1" 200 12776
200.54.103.162 - - [10/Mar/2023:11:21:12 -0300] "POST /cormun/servlet/solicitudot?gx-no-cache=1678457187414 HTTP/1.1" 200 3943
200.54.103.162 - - [10/Mar/2023:11:21:13 -0300] "POST /cormun/servlet/solicitudot?2e87abad4d9cc4ad4b5ea062ca48cee1,INS,0,0,false,,gx-no-cache=1678457187874 HTTP/1.1" 200 12767
200.54.103.162 - - [10/Mar/2023:11:21:13 -0300] "GET /cormun/servlet/solicitudot?17dd9dc8602eaee10748fe13c68e28f9216f0d3ad572a2084954bd3f2645ef8124fc5a195c0ac0742bf0d7c6278a66e5,gx-no-cache=1678457188134 HTTP/1.1" 200 111
200.54.103.162 - - [10/Mar/2023:11:21:13 -0300] "GET /cormun/static/Shared/jqueryui/images/ui-bg_highlight-soft_100_c6c2c8_1x100.png HTTP/1.1" 404 1117
200.54.103.162 - - [10/Mar/2023:11:21:13 -0300] "GET /cormun/static/Shared/jqueryui/images/ui-bg_flat_55_994d53_40x100.png HTTP/1.1" 404 1097
200.54.103.162 - - [10/Mar/2023:11:21:13 -0300] "GET /cormun/static/Shared/jqueryui/images/ui-icons_ebccce_256x240.png HTTP/1.1" 404 1089
200.54.103.162 - - [10/Mar/2023:11:21:13 -0300] "GET /cormun/static/Shared/jqueryui/images/ui-icons_82798d_256x240.png HTTP/1.1" 404 1089
190.46.88.50 - - [10/Mar/2023:11:21:14 -0300] "GET /cormun/servlet/solicitudot?2dba0ac0862e40cc4fa2f77578dee0570f81d05b48bb3452c02d00a7f527f7f493f410b570eff7103e5dc4428ea5baaa,gx-no-cache=1678457154259 HTTP/1.1" 200 111
190.46.88.50 - - [10/Mar/2023:11:21:14 -0300] "GET /cormun/static/Shared/jqueryui/images/ui-bg_highlight-soft_100_c6c2c8_1x100.png HTTP/1.1" 404 1117
190.46.88.50 - - [10/Mar/2023:11:21:15 -0300] "GET /cormun/static/Shared/jqueryui/images/ui-icons_82798d_256x240.png HTTP/1.1" 404 1089
190.46.88.50 - - [10/Mar/2023:11:21:15 -0300] "GET /cormun/static/Shared/jqueryui/images/ui-bg_flat_55_994d53_40x100.png HTTP/1.1" 404 1097
190.46.88.50 - - [10/Mar/2023:11:21:15 -0300] "GET /cormun/static/Shared/jqueryui/images/ui-icons_ebccce_256x240.png HTTP/1.1" 404 1089
190.171.141.90 - - [10/Mar/2023:11:21:19 -0300] "GET /cormun/servlet/trsolicitudot? HTTP/1.1" 200 11081
200.54.103.162 - - [10/Mar/2023:11:21:19 -0300] "GET /cormun/servlet/solicitudot?17dd9dc8602eaee10748fe13c68e28f9abfded61150c53d02b2260738550e8012aa5c556fb8234fce38bf926034c3611,gx-no-cache=1678457194782 HTTP/1.1" 200 111
190.171.141.90 - - [10/Mar/2023:11:21:20 -0300] "GET /cormun/servlet/trsolicitudot? HTTP/1.1" 200 11081
190.46.88.50 - - [10/Mar/2023:11:21:23 -0300] "GET /cormun/servlet/prfichaempleado?,MD,,gxPopupLevel%3D0%3B HTTP/1.1" 200 9350
190.46.88.50 - - [10/Mar/2023:11:21:23 -0300] "GET /cormun/static/gxcfg.js?20201215571085 HTTP/1.1" 200 953
190.46.88.50 - - [10/Mar/2023:11:21:23 -0300] "GET /cormun/static/prfichaempleado.js?20201215572193 HTTP/1.1" 200 16006
200.54.103.162 - - [10/Mar/2023:11:21:26 -0300] "GET /cormun/servlet/trsolicitudot? HTTP/1.1" 200 7572
200.54.103.162 - - [10/Mar/2023:11:21:26 -0300] "GET /cormun/servlet/trsolicitudot? HTTP/1.1" 200 7570
200.54.103.162 - - [10/Mar/2023:11:21:32 -0300] "GET /cormun/servlet/solicitudot?INS,0,0,false, HTTP/1.1" 200 16192
200.54.103.162 - - [10/Mar/2023:11:21:32 -0300] "GET /cormun/servlet/solicitudot?INS,0,0,false, HTTP/1.1" 200 16200
190.46.88.50 - - [10/Mar/2023:11:21:41 -0300] "POST /cormun/servlet/prfichaempleado?0fdb884207f21c67b714366bf393fe45,,MD,,gxPopupLevel%3D0%3B,gx-no-cache=1678457180589 HTTP/1.1" 200 3173
200.54.103.162 - - [10/Mar/2023:11:21:42 -0300] "POST /cormun/servlet/solicitudot?gx-no-cache=1678457217369 HTTP/1.1" 200 3943
200.54.103.162 - - [10/Mar/2023:11:21:42 -0300] "POST /cormun/servlet/solicitudot?2e87abad4d9cc4ad4b5ea062ca48cee1,INS,0,0,false,,gx-no-cache=1678457217584 HTTP/1.1" 200 12767
200.54.103.162 - - [10/Mar/2023:11:21:45 -0300] "GET /cormun/servlet/solicitudot?17dd9dc8602eaee10748fe13c68e28f94701b93a681d01519265a0dd4d703d9f2aa5c556fb8234fce38bf926034c3611,gx-no-cache=1678457219982 HTTP/1.1" 200 111
200.54.103.162 - - [10/Mar/2023:11:21:45 -0300] "GET /cormun/static/Shared/jqueryui/images/ui-bg_highlight-soft_100_c6c2c8_1x100.png HTTP/1.1" 404 1117
200.54.103.162 - - [10/Mar/2023:11:21:45 -0300] "GET /cormun/static/Shared/jqueryui/images/ui-icons_82798d_256x240.png HTTP/1.1" 404 1089
200.54.103.162 - - [10/Mar/2023:11:21:45 -0300] "GET /cormun/static/Shared/jqueryui/images/ui-bg_flat_55_994d53_40x100.png HTTP/1.1" 404 1097
200.54.103.162 - - [10/Mar/2023:11:21:45 -0300] "GET /cormun/static/Shared/jqueryui/images/ui-icons_ebccce_256x240.png HTTP/1.1" 404 1089
190.46.88.50 - - [10/Mar/2023:11:21:50 -0300] "POST /cormun/servlet/prfichaempleado?0fdb884207f21c67b714366bf393fe45,,MD,,gxPopupLevel%3D0%3B,gx-no-cache=1678457189380 HTTP/1.1" 200 3170
200.54.103.162 - - [10/Mar/2023:11:22:31 -0300] "POST /cormun/servlet/solicitudot?gx-no-cache=1678457265943 HTTP/1.1" 200 3946
200.54.103.162 - - [10/Mar/2023:11:22:31 -0300] "POST /cormun/servlet/solicitudot?2e87abad4d9cc4ad4b5ea062ca48cee1,INS,0,0,false,,gx-no-cache=1678457266109 HTTP/1.1" 200 12821
200.54.103.162 - - [10/Mar/2023:11:22:31 -0300] "GET /cormun/servlet/solicitudot?17dd9dc8602eaee10748fe13c68e28f9097a62d123f3b720918929a9c63642e52aa5c556fb8234fce38bf926034c3611,gx-no-cache=1678457266328 HTTP/1.1" 200 30
190.46.88.50 - - [10/Mar/2023:11:22:51 -0300] "POST /cormun/servlet/solicitudot?gx-no-cache=1678457250069 HTTP/1.1" 200 3961
190.46.88.50 - - [10/Mar/2023:11:22:51 -0300] "POST /cormun/servlet/solicitudot?0fdb884207f21c67b714366bf393fe45,INS,0,0,false,,gx-no-cache=1678457250562 HTTP/1.1" 200 12836
190.46.88.50 - - [10/Mar/2023:11:22:51 -0300] "GET /cormun/servlet/solicitudot?2dba0ac0862e40cc4fa2f77578dee057fde76a1217100a520875f6109cd717d593f410b570eff7103e5dc4428ea5baaa,gx-no-cache=1678457250801 HTTP/1.1" 200 30
192.168.10.61 - - [10/Mar/2023:11:23:47 -0300] "GET /cormun/servlet/hlogin HTTP/1.1" 200 1725
192.168.10.61 - - [10/Mar/2023:11:23:47 -0300] "GET /cormun/servlet/hlogin HTTP/1.1" 200 1736
192.168.10.61 - - [10/Mar/2023:11:23:47 -0300] "GET /favicon.ico HTTP/1.1" 200 21630
192.168.10.61 - - [10/Mar/2023:11:23:49 -0300] "POST /cormun/servlet/hlogin?f16e1d04d7dc60633e9e818b1cef16f6,gx-no-cache=1678457306722 HTTP/1.1" 200 90
192.168.10.61 - - [10/Mar/2023:11:23:49 -0300] "GET /cormun/servlet/hpexe_link HTTP/1.1" 200 950
192.168.10.61 - - [10/Mar/2023:11:23:49 -0300] "GET /cormun/servlet/hhome HTTP/1.1" 200 3785
192.168.10.61 - - [10/Mar/2023:11:23:49 -0300] "GET /cormun/servlet/hhome HTTP/1.1" 200 3783
192.168.10.61 - - [10/Mar/2023:11:23:58 -0300] "GET /cormun/servlet/trsolicitudgral? HTTP/1.1" 200 27880
192.168.10.61 - - [10/Mar/2023:11:23:59 -0300] "GET /cormun/servlet/trsolicitudgral? HTTP/1.1" 200 27877
192.168.10.61 - - [10/Mar/2023:11:24:41 -0300] "POST /cormun/servlet/trsolicitudgral?f16e1d04d7dc60633e9e818b1cef16f6,,gx-no-cache=1678457359105 HTTP/1.1" 200 9027
192.168.10.61 - - [10/Mar/2023:11:24:49 -0300] "GET /cormun/servlet/vesolicitudgral?2022,18985,, HTTP/1.1" 200 8373
192.168.10.61 - - [10/Mar/2023:11:24:49 -0300] "GET /cormun/pexe_scrolldiv.js HTTP/1.1" 404 1009
192.168.10.61 - - [10/Mar/2023:11:24:49 -0300] "GET /cormun/servlet/vesolicitudgral?2022,18985,, HTTP/1.1" 200 8372
192.168.10.61 - - [10/Mar/2023:11:24:50 -0300] "GET /cormun/servlet/vesolicitudgral?2022,18985,,SolicitudOTAdjuntos HTTP/1.1" 200 7047
192.168.10.61 - - [10/Mar/2023:11:24:51 -0300] "GET /cormun/pexe_scrolldiv.js HTTP/1.1" 404 1009
192.168.10.61 - - [10/Mar/2023:11:24:51 -0300] "GET /cormun/servlet/vesolicitudgral?2022,18985,,SolicitudOTAdjuntos HTTP/1.1" 200 7047
192.168.10.61 - - [10/Mar/2023:11:24:52 -0300] "POST /cormun/servlet/acontrolpreferencessavestate?None,RRHH+DANIELA,true HTTP/1.1" 200 35
192.168.10.61 - - [10/Mar/2023:11:24:52 -0300] "GET /cormun/servlet/vesolicitudgral?2022,18985,, HTTP/1.1" 200 8373
192.168.10.61 - - [10/Mar/2023:11:24:52 -0300] "GET /cormun/servlet/vesolicitudgral?2022,18985,, HTTP/1.1" 200 8372
192.168.10.61 - - [10/Mar/2023:11:24:53 -0300] "GET /cormun/servlet/trsolicitudgral? HTTP/1.1" 200 12003
192.168.10.61 - - [10/Mar/2023:11:24:54 -0300] "GET /cormun/servlet/trsolicitudgral? HTTP/1.1" 200 12002
192.168.10.61 - - [10/Mar/2023:11:24:57 -0300] "GET /cormun/servlet/vesolicitudgral?2017,6209,, HTTP/1.1" 200 8352
192.168.10.61 - - [10/Mar/2023:11:24:57 -0300] "GET /cormun/pexe_scrolldiv.js HTTP/1.1" 404 1009
192.168.10.61 - - [10/Mar/2023:11:24:57 -0300] "GET /cormun/servlet/vesolicitudgral?2017,6209,, HTTP/1.1" 200 8351
192.168.10.61 - - [10/Mar/2023:11:24:58 -0300] "GET /cormun/servlet/vesolicitudgral?2017,6209,,SolicitudOTAdjuntos HTTP/1.1" 200 11338
192.168.10.61 - - [10/Mar/2023:11:24:59 -0300] "GET /cormun/pexe_scrolldiv.js HTTP/1.1" 404 1009
192.168.10.61 - - [10/Mar/2023:11:24:59 -0300] "GET /cormun/servlet/vesolicitudgral?2017,6209,,SolicitudOTAdjuntos HTTP/1.1" 200 11336
192.168.10.61 - - [10/Mar/2023:11:25:00 -0300] "POST /cormun/servlet/acontrolpreferencessavestate?None,RRHH+DANIELA,true HTTP/1.1" 200 35
192.168.10.61 - - [10/Mar/2023:11:25:02 -0300] "GET /cormun/PublicTempStorage/certificado_de_titulo_nayade_neira6592396.pdf HTTP/1.1" 200 126323
200.54.103.162 - - [10/Mar/2023:11:25:11 -0300] "GET /cormun/servlet/solicitudot?17dd9dc8602eaee10748fe13c68e28f9088779bd7174da40fd30d5d363d67581971feebed25235d57022e9eb5de3defc4ba807fca055c814cb098a4faf6868c5,gx-no-cache=1678457426211 HTTP/1.1" 200 30
200.54.103.162 - - [10/Mar/2023:11:25:11 -0300] "GET /cormun/servlet/solicitudot?17dd9dc8602eaee10748fe13c68e28f9115c741300c9943784f227eab5a82468,gx-no-cache=1678457426285 HTTP/1.1" 200 29
200.54.103.162 - - [10/Mar/2023:11:25:11 -0300] "POST /cormun/servlet/solicitudot?gx-no-cache=1678457426359 HTTP/1.1" 200 297
192.168.10.61 - - [10/Mar/2023:11:25:13 -0300] "GET /cormun/servlet/vesolicitudgral?2017,6209,,SolicitudOTAdjuntos HTTP/1.1" 200 11339
192.168.10.61 - - [10/Mar/2023:11:25:13 -0300] "GET /cormun/servlet/vesolicitudgral?2017,6209,,SolicitudOTAdjuntos HTTP/1.1" 200 11341
200.54.103.162 - - [10/Mar/2023:11:25:14 -0300] "GET /cormun/servlet/solicitudot?17dd9dc8602eaee10748fe13c68e28f95989e234b3927b9fbd7c38298d67989d1413684af7307e284e0797042857964146b8c5add01d627c15ede96c510166e64bb03e38ea88dbbfb828b237df0a5487ad46b8ba04bf4b571acfccbf55682f57a87d655f54bbf887304f6d8611225e7e3b5fc0c007d71edfc0a3013b294a9e9bd4d4a789e5d820acbe7f27f6f85c933c1f7d876670a0b97e0dda067653836d9c76ef787fe162254e589194a767c09cde92b099ca7dddfc8fde4f50c45dcb5311074cb5e26b8be62257eb6c077ee42d6053a13e3ac6cbe745b086b59d45f3a7a1bda0626e0ac796cd291a03f16f88e9fc9be501f7aaef673c4c4de49c445c2aaf2d9ebbef29f4904f25c4dcfaac4320b10a3394a85337f5a7af0b966e405852bac4a7e3965a62294408505e38b0b464efb8089e8e799ae99e34b00d6c0d4cd526a8566a46e2d81bda5fd9fac0144ae424d1f5fe581dea5d930db08c981995e09dd65e96129bb2def1679666e4b5503f61f0a620b2ddeeeb3728853caf184698e98ac5d2c9a55cb55fdf87513a975d2c12,gx-no-cache=1678457428917 HTTP/1.1" 200 30
192.168.10.61 - - [10/Mar/2023:11:25:14 -0300] "POST /cormun/servlet/acontrolpreferencessavestate?None,RRHH+DANIELA,true HTTP/1.1" 200 35
192.168.10.61 - - [10/Mar/2023:11:25:18 -0300] "GET /cormun/PublicTempStorage/certificado_de_idoneidad_nayade_neira3356223.pdf HTTP/1.1" 200 166911
192.168.10.61 - - [10/Mar/2023:11:25:25 -0300] "GET /cormun/servlet/vesolicitudgral?2017,6209,,SolicitudOTAdjuntos HTTP/1.1" 200 11339
192.168.10.61 - - [10/Mar/2023:11:25:26 -0300] "GET /cormun/servlet/vesolicitudgral?2017,6209,,SolicitudOTAdjuntos HTTP/1.1" 200 11340
192.168.10.61 - - [10/Mar/2023:11:25:26 -0300] "POST /cormun/servlet/acontrolpreferencessavestate?None,RRHH+DANIELA,true HTTP/1.1" 200 35
192.168.10.61 - - [10/Mar/2023:11:25:27 -0300] "GET /cormun/PublicTempStorage/curriculum_nayade_neira851929.pdf HTTP/1.1" 200 790842
200.54.237.82 - - [10/Mar/2023:11:25:47 -0300] "GET /cormun/servlet/trcontratounov2? HTTP/1.1" 200 5905
200.54.237.82 - - [10/Mar/2023:11:25:48 -0300] "GET /cormun/servlet/trcontratounov2? HTTP/1.1" 200 5916
200.54.237.82 - - [10/Mar/2023:11:25:48 -0300] "GET /cormun/servlet/trcontratounov2? HTTP/1.1" 200 5916
200.54.237.82 - - [10/Mar/2023:11:25:48 -0300] "GET /cormun/servlet/hlogin HTTP/1.1" 200 1744
200.54.237.82 - - [10/Mar/2023:11:25:52 -0300] "POST /cormun/servlet/hlogin?a383f738a41773b4552a553c008217f2,gx-no-cache=1678457430461 HTTP/1.1" 200 90
200.54.237.82 - - [10/Mar/2023:11:25:52 -0300] "GET /cormun/servlet/hpexe_link HTTP/1.1" 200 957
200.54.237.82 - - [10/Mar/2023:11:25:52 -0300] "GET /cormun/servlet/trcontratounov2 HTTP/1.1" 200 17742
200.54.237.82 - - [10/Mar/2023:11:25:53 -0300] "GET /cormun/servlet/trcontratounov2 HTTP/1.1" 200 17737
200.54.237.82 - - [10/Mar/2023:11:26:12 -0300] "GET /cormun/servlet/trlicencias? HTTP/1.1" 200 9013
200.54.237.82 - - [10/Mar/2023:11:26:12 -0300] "GET /cormun/servlet/trlicencias? HTTP/1.1" 200 9012
190.46.88.50 - - [10/Mar/2023:11:27:07 -0300] "GET /cormun/servlet/prbanco?,MD,,gxPopupLevel%3D0%3B HTTP/1.1" 200 6610
190.46.88.50 - - [10/Mar/2023:11:27:10 -0300] "GET /cormun/servlet/solicitudot?2dba0ac0862e40cc4fa2f77578dee057a89f6a3fe5be7a90bea6eced76eaff1b933a3bb1ec50eb403da3643488fea8c8b14266a201990d3417d806af70839a2902fafc5ef4db1e47622a592998dcd871,gx-no-cache=1678457509950 HTTP/1.1" 200 30
190.46.88.50 - - [10/Mar/2023:11:27:32 -0300] "GET /cormun/servlet/prbanco?,MD,,gxPopupLevel%3D0%3B HTTP/1.1" 200 6610
190.46.88.50 - - [10/Mar/2023:11:27:37 -0300] "GET /cormun/servlet/solicitudot?2dba0ac0862e40cc4fa2f77578dee0570d6a6153335c2894d3c4081707c09172,gx-no-cache=1678457537109 HTTP/1.1" 200 45
200.54.103.162 - - [10/Mar/2023:11:27:48 -0300] "POST /cormun/servlet/solicitudot?gx-no-cache=1678457583250 HTTP/1.1" 200 30
200.54.103.162 - - [10/Mar/2023:11:27:48 -0300] "POST /cormun/servlet/solicitudot?gx-no-cache=1678457583362 HTTP/1.1" 200 1466
200.54.103.162 - - [10/Mar/2023:11:27:48 -0300] "POST /cormun/servlet/solicitudot?gx-no-cache=1678457583428 HTTP/1.1" 200 38
190.46.88.50 - - [10/Mar/2023:11:27:49 -0300] "POST /cormun/servlet/solicitudot?gx-no-cache=1678457548343 HTTP/1.1" 200 255
190.46.88.50 - - [10/Mar/2023:11:27:51 -0300] "GET /cormun/servlet/solicitudot?2dba0ac0862e40cc4fa2f77578dee05796aaae3674b1a41a77bafabb69de5174331be634602b3689cf7043bdaa6d1aa09c78508190d3e5e343408af3e53626adc67c81f9dbac38e1d9d09f0e37f028d75fb289076e6c1271c9abf53b9b7218146f0e6cc231ed37fa0f1404d60c2ad3a0339aca30c7f6f62615c3c46bb7e1d001d13368ab7102b54ee1d16cce84ee8bce30b6e3e001d093461a94e53fbc0aa9eaaad396875cebf95d3f4bd1108dafc366e42a027147b0063a8bc5dadf976c6d8f3671525277656fa9060ef8f6f994bf911f8903289f61faf7ba658ad9fc55191c0f5553223aca0eea4274846c655c5801bce6b0a6c1cacc379acdb9e96fe1db67c6d9cb9256309e9c6d94c7ff133c363ee360f7920ad00358447f447640109385356b4032cf3e4927fb77bb95c9a441d1dc542b98bb4b871996aaef7c8c81b6da19ca839db89facc8c23e91182746c97d516187f77eb0aee8517d28cec82690e7955ba67f997099e6f3d1c6a39aeb483660a26ff17166f95971c628b018827952,gx-no-cache=1678457550357 HTTP/1.1" 200 30
190.46.88.50 - - [10/Mar/2023:11:28:00 -0300] "POST /cormun/servlet/solicitudot?gx-no-cache=1678457560294 HTTP/1.1" 200 30
190.46.88.50 - - [10/Mar/2023:11:28:01 -0300] "POST /cormun/servlet/solicitudot?gx-no-cache=1678457560386 HTTP/1.1" 200 1467
190.46.88.50 - - [10/Mar/2023:11:28:01 -0300] "POST /cormun/servlet/solicitudot?gx-no-cache=1678457560451 HTTP/1.1" 200 38
200.54.103.162 - - [10/Mar/2023:11:28:06 -0300] "GET /cormun/servlet/solicitudot?17dd9dc8602eaee10748fe13c68e28f92ad9de1cd5033d839a6d000cf555fd62ba1db2c0ae76d0656fe9fe0df020e2f4cb93b776a4055bf6d6b53563a534d1deb6a866a7a7a7d9965083e0a8d7bbe0115eda532050c14f31fcf7891df66687855cddcd1edb8fc1f90c47ed5f0cbc0d0f,gx-no-cache=1678457601659 HTTP/1.1" 200 110
200.54.103.162 - - [10/Mar/2023:11:28:38 -0300] "POST /cormun/servlet/solicitudot?gx-no-cache=1678457633389 HTTP/1.1" 200 110
190.46.88.50 - - [10/Mar/2023:11:28:39 -0300] "POST /cormun/servlet/solicitudot?gx-no-cache=1678457598256 HTTP/1.1" 200 1467
190.46.88.50 - - [10/Mar/2023:11:28:39 -0300] "POST /cormun/servlet/solicitudot?gx-no-cache=1678457598419 HTTP/1.1" 200 38
190.46.88.50 - - [10/Mar/2023:11:28:39 -0300] "GET /cormun/servlet/solicitudot?2dba0ac0862e40cc4fa2f77578dee0577ae6062814156960d81983e48224474d5831acfd5ff7298c65bfc469aefb54b7956a3a6a42de173ada066b3c3391fd22ae39f5117ae67a1deb6af5e912c2c79167882b6146ceb47754f812b86b0ca025c91a8ab1e7d9d556d0c3d6dbceff78a6,gx-no-cache=1678457598494 HTTP/1.1" 200 110
190.46.88.50 - - [10/Mar/2023:11:28:39 -0300] "POST /cormun/servlet/solicitudot?gx-no-cache=1678457598568 HTTP/1.1" 200 97
190.46.88.50 - - [10/Mar/2023:11:28:48 -0300] "GET /cormun/servlet/solicitudot?2dba0ac0862e40cc4fa2f77578dee05708c7841666c2148c55ba49deee011572cb624e36a266bc2bb61cb770bd52e4baef901d4a3dfe702efe4fb4d6bbb7d727817cc3e09dd60ae02c6f867514901206f08a7e9219451e7928b88ceb37ef51caf30fc8de6c275c279b6d92c4c1a1f1c8,gx-no-cache=1678457608016 HTTP/1.1" 200 29
190.46.88.50 - - [10/Mar/2023:11:28:48 -0300] "GET /cormun/static/menuarrow.gif HTTP/1.1" 404 1015
200.54.103.162 - - [10/Mar/2023:11:28:55 -0300] "GET /cormun/servlet/solicitudot?17dd9dc8602eaee10748fe13c68e28f9acf0a97f3eedd4fd65731a447ab8f92d968e1d91865ed5bc7fcc6cb66a31fb0a2ff4a835a6ef1be7efe0c88d36fef4ea66fd1f9832c2ee8d3e37a30f05a4a19692a3771b7ac26b59fd489becb7bf9866e09c16eed71871ebe8898453ff228393,gx-no-cache=1678457650270 HTTP/1.1" 200 29
200.54.103.162 - - [10/Mar/2023:11:28:57 -0300] "GET /cormun/static/menuarrow.gif HTTP/1.1" 404 1015
200.54.103.162 - - [10/Mar/2023:11:29:03 -0300] "GET /cormun/servlet/solicitudot?17dd9dc8602eaee10748fe13c68e28f92c0a9f687d93356ed47da8c32245b1edc9f0d5de5fbc22806fbd9eb17a1eabfe,gx-no-cache=1678457658330 HTTP/1.1" 200 30
190.46.88.50 - - [10/Mar/2023:11:30:04 -0300] "GET /cormun/servlet/solicitudot?2dba0ac0862e40cc4fa2f77578dee0579f14362fbba4b61e13fa5a44747fe324a4c1207c9b9a95abffd8eee81e3b79a1,gx-no-cache=1678457683438 HTTP/1.1" 200 30
190.46.88.50 - - [10/Mar/2023:11:30:14 -0300] "POST /cormun/servlet/solicitudot?gx-no-cache=1678457694058 HTTP/1.1" 200 30
200.54.103.162 - - [10/Mar/2023:11:30:15 -0300] "GET /cormun/static/Resources/PXTools/ClosePrompt.png HTTP/1.1" 200 1036
200.54.103.162 - - [10/Mar/2023:11:30:15 -0300] "GET /cormun/static/Resources/resize.gif HTTP/1.1" 200 77
200.54.103.162 - - [10/Mar/2023:11:30:15 -0300] "GET /cormun/servlet/prbanco?,MD,,gxPopupLevel%3D0%3B HTTP/1.1" 200 6648
200.54.103.162 - - [10/Mar/2023:11:30:15 -0300] "GET /cormun/static/gxui/gxui-all.css?120300 HTTP/1.1" 200 2179
200.54.103.162 - - [10/Mar/2023:11:30:15 -0300] "GET /cormun/static/gxcfg.js?20201216131581 HTTP/1.1" 200 953
200.54.103.162 - - [10/Mar/2023:11:30:15 -0300] "GET /cormun/static/prbanco.js?20201216132311 HTTP/1.1" 200 10693
200.54.103.162 - - [10/Mar/2023:11:30:15 -0300] "GET /cormun/static/menusearch.js?20201214473581 HTTP/1.1" 200 1424
200.54.103.162 - - [10/Mar/2023:11:30:15 -0300] "GET /cormun/static/hmpwkw011.js?20201215495555 HTTP/1.1" 200 1968
200.54.103.162 - - [10/Mar/2023:11:30:15 -0300] "GET /cormun/static/Resources/PXToolsMenuSearch.png HTTP/1.1" 200 336
200.54.103.162 - - [10/Mar/2023:11:30:15 -0300] "GET /cormun/static/Shared/ext/resources/css/ext-all.css?215870 HTTP/1.1" 200 416045
200.54.103.162 - - [10/Mar/2023:11:30:15 -0300] "GET /cormun/static/Resources/PXToolsMenuSearchCancel.png HTTP/1.1" 200 306
200.54.103.162 - - [10/Mar/2023:11:30:22 -0300] "GET /cormun/servlet/solicitudot?17dd9dc8602eaee10748fe13c68e28f99a60100677b24027e9bc04ad1d5df48e,gx-no-cache=1678457737726 HTTP/1.1" 200 53
200.54.103.162 - - [10/Mar/2023:11:30:58 -0300] "POST /cormun/servlet/solicitudot?gx-no-cache=1678457772864 HTTP/1.1" 200 30
200.54.103.162 - - [10/Mar/2023:11:30:58 -0300] "POST /cormun/servlet/solicitudot?gx-no-cache=1678457772942 HTTP/1.1" 200 1469
200.54.103.162 - - [10/Mar/2023:11:30:58 -0300] "POST /cormun/servlet/solicitudot?gx-no-cache=1678457773000 HTTP/1.1" 200 41
200.54.103.162 - - [10/Mar/2023:11:30:58 -0300] "GET /cormun/servlet/solicitudot?17dd9dc8602eaee10748fe13c68e28f92ad9de1cd5033d839a6d000cf555fd62ba1db2c0ae76d0656fe9fe0df020e2f4cb93b776a4055bf6d6b53563a534d1deb6a866a7a7a7d9965083e0a8d7bbe0115eda532050c14f31fcf7891df66687855cddcd1edb8fc1f90c47ed5f0cbc0d0f,gx-no-cache=1678457773042 HTTP/1.1" 200 110
200.54.103.162 - - [10/Mar/2023:11:30:58 -0300] "POST /cormun/servlet/solicitudot?gx-no-cache=1678457773082 HTTP/1.1" 200 110
200.54.103.162 - - [10/Mar/2023:11:31:12 -0300] "POST /cormun/servlet/solicitudot?gx-no-cache=1678457787615 HTTP/1.1" 200 30
200.54.103.162 - - [10/Mar/2023:11:31:29 -0300] "POST /cormun/servlet/solicitudot?2e87abad4d9cc4ad4b5ea062ca48cee1,INS,0,0,false,,gx-no-cache=1678457803775 HTTP/1.1" 200 93
200.54.103.162 - - [10/Mar/2023:11:31:29 -0300] "GET /cormun/servlet/hpexe_return? HTTP/1.1" 200 1008
200.54.103.162 - - [10/Mar/2023:11:31:30 -0300] "GET /cormun/static/gxcfg.js?201991422392976 HTTP/1.1" 200 953
200.54.103.162 - - [10/Mar/2023:11:31:30 -0300] "GET /cormun/static/hpexe_return.js?201991422392984 HTTP/1.1" 200 1633
200.54.103.162 - - [10/Mar/2023:11:31:30 -0300] "GET /cormun/servlet/trsolicitudot HTTP/1.1" 200 9002
200.54.103.162 - - [10/Mar/2023:11:31:30 -0300] "GET /cormun//static/Resources/PXToolsActionView.png HTTP/1.1" 200 398
200.54.103.162 - - [10/Mar/2023:11:31:30 -0300] "GET /cormun//static/Resources/PXToolsRemoveAllAction.png HTTP/1.1" 200 487
200.54.103.162 - - [10/Mar/2023:11:31:30 -0300] "GET /cormun//static/Resources/PXTools/ActionInsert.png HTTP/1.1" 200 1482
200.54.103.162 - - [10/Mar/2023:11:31:30 -0300] "GET /cormun//static/Resources/PXToolsGridDelete.png HTTP/1.1" 200 538
200.54.103.162 - - [10/Mar/2023:11:31:30 -0300] "GET /cormun//static/Resources/PXToolsGridUpdate.png HTTP/1.1" 200 470
200.54.103.162 - - [10/Mar/2023:11:31:30 -0300] "GET /cormun/servlet/trsolicitudot HTTP/1.1" 200 8998
200.54.103.162 - - [10/Mar/2023:11:31:39 -0300] "GET /cormun/servlet/solicitudot?INS,0,0,false, HTTP/1.1" 200 16193
200.54.103.162 - - [10/Mar/2023:11:31:39 -0300] "GET /cormun/servlet/solicitudot?INS,0,0,false, HTTP/1.1" 200 16200
200.54.103.162 - - [10/Mar/2023:11:31:46 -0300] "GET /cormun/servlet/trsolicitudot HTTP/1.1" 200 9002
200.54.103.162 - - [10/Mar/2023:11:31:46 -0300] "GET /cormun/servlet/trsolicitudot HTTP/1.1" 200 8998
200.54.103.162 - - [10/Mar/2023:11:31:49 -0300] "POST /cormun/servlet/trsolicitudot?2e87abad4d9cc4ad4b5ea062ca48cee1,gx-no-cache=1678457824616 HTTP/1.1" 200 107
200.54.103.162 - - [10/Mar/2023:11:31:49 -0300] "GET /cormun/servlet/trsolicitudadjuntos?2023,19537, HTTP/1.1" 200 6450
200.54.103.162 - - [10/Mar/2023:11:31:50 -0300] "GET /cormun/static/gxcfg.js?20201215574222 HTTP/1.1" 200 953
200.54.103.162 - - [10/Mar/2023:11:31:50 -0300] "GET /cormun/static/Resources/PXToolsGridNew.png HTTP/1.1" 200 427
200.54.103.162 - - [10/Mar/2023:11:31:50 -0300] "GET /cormun/static/trsolicitudadjuntos.js?20201215574932 HTTP/1.1" 200 17922
200.54.103.162 - - [10/Mar/2023:11:31:50 -0300] "GET /cormun/servlet/trsolicitudadjuntos?2023,19537, HTTP/1.1" 200 6450
200.54.103.162 - - [10/Mar/2023:11:31:56 -0300] "GET /cormun/servlet/solicitudotadjuntos?INS,2023,19537,,2, HTTP/1.1" 200 6391
200.54.103.162 - - [10/Mar/2023:11:31:56 -0300] "GET /cormun/static/gxcfg.js?202012157947 HTTP/1.1" 200 953
200.54.103.162 - - [10/Mar/2023:11:31:56 -0300] "GET /cormun/static/solicitudotadjuntos.js?202012157966 HTTP/1.1" 200 11771
200.54.103.162 - - [10/Mar/2023:11:31:56 -0300] "GET /cormun/static/about:blank HTTP/1.1" 404 1011
200.54.103.162 - - [10/Mar/2023:11:31:56 -0300] "GET /cormun/servlet/solicitudotadjuntos?INS,2023,19537,,2, HTTP/1.1" 200 6384
200.54.103.162 - - [10/Mar/2023:11:31:57 -0300] "GET /cormun/servlet/solicitudotadjuntos?17dd9dc8602eaee10748fe13c68e28f9581d5745b7f5d136e5bb513bcfc5a1bc34bb3b52cbf44801f15de988906015e7,gx-no-cache=1678457832192 HTTP/1.1" 200 30
200.54.103.162 - - [10/Mar/2023:11:31:57 -0300] "POST /cormun/servlet/solicitudotadjuntos?2e87abad4d9cc4ad4b5ea062ca48cee1,INS,2023,19537,,2,,gx-no-cache=1678457832219 HTTP/1.1" 200 4365
190.46.88.50 - - [10/Mar/2023:11:35:10 -0300] "POST /cormun/servlet/solicitudot?gx-no-cache=1678457989485 HTTP/1.1" 200 30
190.46.88.50 - - [10/Mar/2023:11:35:10 -0300] "POST /cormun/servlet/solicitudot?gx-no-cache=1678457989654 HTTP/1.1" 200 1467
190.46.88.50 - - [10/Mar/2023:11:35:10 -0300] "POST /cormun/servlet/solicitudot?gx-no-cache=1678457989746 HTTP/1.1" 200 41
190.46.88.50 - - [10/Mar/2023:11:35:10 -0300] "GET /cormun/servlet/solicitudot?2dba0ac0862e40cc4fa2f77578dee0577ae6062814156960d81983e48224474d5831acfd5ff7298c65bfc469aefb54b7956a3a6a42de173ada066b3c3391fd22ae39f5117ae67a1deb6af5e912c2c79167882b6146ceb47754f812b86b0ca025c91a8ab1e7d9d556d0c3d6dbceff78a6,gx-no-cache=1678457989821 HTTP/1.1" 200 110
190.46.88.50 - - [10/Mar/2023:11:35:10 -0300] "POST /cormun/servlet/solicitudot?gx-no-cache=1678457989943 HTTP/1.1" 200 97
190.46.88.50 - - [10/Mar/2023:11:35:10 -0300] "GET /cormun/servlet/solicitudot?2dba0ac0862e40cc4fa2f77578dee0579f14362fbba4b61e13fa5a44747fe324a4c1207c9b9a95abffd8eee81e3b79a1,gx-no-cache=1678457990005 HTTP/1.1" 200 30
190.46.88.50 - - [10/Mar/2023:11:35:10 -0300] "POST /cormun/servlet/solicitudot?gx-no-cache=1678457990084 HTTP/1.1" 200 30
186.172.239.227 - - [10/Mar/2023:11:36:04 -0300] "GET /cormun/servlet/solicitudot?6b9a5225ccd59ceafa1363770d4255294204ad166fd29bdfdd4884c8a90985cbbf481e52d640e56625e07b676c958463b39411b5b646d567e731a7ec6c3fd940,gx-no-cache=1678458042847 HTTP/1.1" 200 30
186.172.239.227 - - [10/Mar/2023:11:36:06 -0300] "GET /cormun/servlet/solicitudot?6b9a5225ccd59ceafa1363770d4255293f53fa142aac7fca4a7b36b2412ff9e0,gx-no-cache=1678458044950 HTTP/1.1" 200 53
190.46.88.50 - - [10/Mar/2023:11:36:29 -0300] "GET /cormun/servlet/solicitudot?2dba0ac0862e40cc4fa2f77578dee0579f14362fbba4b61e13fa5a44747fe324ff7c5f5cfca8f06abf0aa40d55df1151,gx-no-cache=1678458069189 HTTP/1.1" 200 30
190.46.88.50 - - [10/Mar/2023:11:36:29 -0300] "POST /cormun/servlet/solicitudot?gx-no-cache=1678458069325 HTTP/1.1" 200 30
190.46.88.50 - - [10/Mar/2023:11:36:30 -0300] "POST /cormun/servlet/solicitudot?0fdb884207f21c67b714366bf393fe45,INS,0,0,false,,gx-no-cache=1678458069406 HTTP/1.1" 200 13262
190.46.88.50 - - [10/Mar/2023:11:36:31 -0300] "POST /cormun/servlet/solicitudot?0fdb884207f21c67b714366bf393fe45,INS,0,0,false,,gx-no-cache=1678458070861 HTTP/1.1" 200 13322
190.46.88.50 - - [10/Mar/2023:11:37:21 -0300] "POST /cormun/servlet/solicitudot?gx-no-cache=1678458121020 HTTP/1.1" 200 30
190.46.88.50 - - [10/Mar/2023:11:37:32 -0300] "POST /cormun/servlet/solicitudot?gx-no-cache=1678458131904 HTTP/1.1" 200 30
190.46.88.50 - - [10/Mar/2023:11:37:43 -0300] "POST /cormun/servlet/solicitudot?gx-no-cache=1678458142629 HTTP/1.1" 200 1467
190.46.88.50 - - [10/Mar/2023:11:37:43 -0300] "POST /cormun/servlet/solicitudot?gx-no-cache=1678458142689 HTTP/1.1" 200 41
190.46.88.50 - - [10/Mar/2023:11:37:43 -0300] "GET /cormun/servlet/solicitudot?2dba0ac0862e40cc4fa2f77578dee0577ae6062814156960d81983e48224474d5831acfd5ff7298c65bfc469aefb54b7956a3a6a42de173ada066b3c3391fd22ae39f5117ae67a1deb6af5e912c2c79167882b6146ceb47754f812b86b0ca025c91a8ab1e7d9d556d0c3d6dbceff78a6,gx-no-cache=1678458142736 HTTP/1.1" 200 110
190.46.88.50 - - [10/Mar/2023:11:37:43 -0300] "POST /cormun/servlet/solicitudot?gx-no-cache=1678458142798 HTTP/1.1" 200 97
190.46.88.50 - - [10/Mar/2023:11:37:43 -0300] "GET /cormun/servlet/solicitudot?2dba0ac0862e40cc4fa2f77578dee0579f14362fbba4b61e13fa5a44747fe324ff7c5f5cfca8f06abf0aa40d55df1151,gx-no-cache=1678458142891 HTTP/1.1" 200 30
190.46.88.50 - - [10/Mar/2023:11:37:43 -0300] "POST /cormun/servlet/solicitudot?gx-no-cache=1678458142952 HTTP/1.1" 200 30
190.46.88.50 - - [10/Mar/2023:11:37:43 -0300] "POST /cormun/servlet/solicitudot?0fdb884207f21c67b714366bf393fe45,INS,0,0,false,,gx-no-cache=1678458143078 HTTP/1.1" 200 13386
190.46.88.50 - - [10/Mar/2023:11:37:45 -0300] "POST /cormun/servlet/solicitudot?0fdb884207f21c67b714366bf393fe45,INS,0,0,false,,gx-no-cache=1678458144912 HTTP/1.1" 200 13428
190.46.88.50 - - [10/Mar/2023:11:37:47 -0300] "POST /cormun/servlet/solicitudot?0fdb884207f21c67b714366bf393fe45,INS,0,0,false,,gx-no-cache=1678458146317 HTTP/1.1" 200 93
190.46.88.50 - - [10/Mar/2023:11:37:47 -0300] "GET /cormun/servlet/hpexe_return? HTTP/1.1" 200 1013
190.46.88.50 - - [10/Mar/2023:11:37:47 -0300] "GET /cormun/servlet/trsolicitudot HTTP/1.1" 200 8932
190.46.88.50 - - [10/Mar/2023:11:37:47 -0300] "GET /cormun/servlet/trsolicitudot HTTP/1.1" 200 8928
190.46.88.50 - - [10/Mar/2023:11:37:53 -0300] "POST /cormun/servlet/trsolicitudot?0fdb884207f21c67b714366bf393fe45,gx-no-cache=1678458152400 HTTP/1.1" 200 107
190.46.88.50 - - [10/Mar/2023:11:37:53 -0300] "GET /cormun/servlet/trsolicitudadjuntos?2023,19534, HTTP/1.1" 200 10372
190.46.88.50 - - [10/Mar/2023:11:37:54 -0300] "GET /cormun/servlet/trsolicitudadjuntos?2023,19534, HTTP/1.1" 200 10374
190.46.88.50 - - [10/Mar/2023:11:37:59 -0300] "GET /cormun/servlet/solicitudotadjuntos?INS,2023,19534,,1, HTTP/1.1" 200 6367
190.46.88.50 - - [10/Mar/2023:11:37:59 -0300] "GET /cormun/static/about:blank HTTP/1.1" 404 1011
190.46.88.50 - - [10/Mar/2023:11:37:59 -0300] "GET /cormun/servlet/solicitudotadjuntos?INS,2023,19534,,1, HTTP/1.1" 200 6360
190.46.88.50 - - [10/Mar/2023:11:37:59 -0300] "GET /cormun/servlet/solicitudotadjuntos?2dba0ac0862e40cc4fa2f77578dee057e57509e97bec34d7bb6a46dc07ef605c5a746b3820d04fdb36fde9d6b61f2660,gx-no-cache=1678458159291 HTTP/1.1" 200 30
190.46.88.50 - - [10/Mar/2023:11:38:00 -0300] "POST /cormun/servlet/solicitudotadjuntos?0fdb884207f21c67b714366bf393fe45,INS,2023,19534,,1,,gx-no-cache=1678458159339 HTTP/1.1" 200 4150
190.46.88.50 - - [10/Mar/2023:11:38:14 -0300] "POST /cormun/servlet/solicitudotadjuntos?gx-no-cache=1678458174151 HTTP/1.1" 200 26
186.172.239.227 - - [10/Mar/2023:11:38:17 -0300] "POST /cormun/servlet/solicitudot?gx-no-cache=1678458175190 HTTP/1.1" 200 297
186.172.239.227 - - [10/Mar/2023:11:38:17 -0300] "GET /cormun/servlet/solicitudot?6b9a5225ccd59ceafa1363770d4255291545aa29a2ae65e7c2a6d87f40da5256b895435634ac30f6dfaa58c3284cc093f627f95d6772e55c7e158fe053580e797e2b76f388a8a3bd66405af12a985924cb933f190d7c1955a3c40712c8876a4fdcde7e58e886b9df1f053bbc9dd0076d79123e30513f9951a743919cfc3c7e4e77971d0ef927e2dffa30ae67b655bc79dd56cb9d7581f242aa0e28d0e8e82dec9a9e5d177121daf65148a843e0c8efaf9d992cdb91339485dabf5c1b7f1e18e04acbd9824f6e67d8738c3cb596983ae68fe9d56ab68ffe6c348d9b8102853550d7a79ca9b84ff4d5fc0ac40a1d61d2395883a692e3ca2030b7299d7ca3ff3d8f76364248c879db26a31b70c3b602eefaff788a73474539d550dae5a8371089e1103983b96113bedb3853dd40286ebb4d8da738fdad0938ccae164099681c584f2d12053ab84667e114994978597535524d6b909c143f69501bfb7e96cb6bfb5c77ff4c0e527285bd2837a6940547b4e05b25088e861cfbde3fa9eac432618e21aa6631301152167acaa12225a584ddf6,gx-no-cache=1678458175306 HTTP/1.1" 200 30
186.172.239.227 - - [10/Mar/2023:11:38:18 -0300] "POST /cormun/servlet/solicitudot?gx-no-cache=1678458176861 HTTP/1.1" 200 30
186.172.239.227 - - [10/Mar/2023:11:38:40 -0300] "POST /cormun/servlet/solicitudot?gx-no-cache=1678458198397 HTTP/1.1" 200 1468
186.172.239.227 - - [10/Mar/2023:11:38:40 -0300] "POST /cormun/servlet/solicitudot?gx-no-cache=1678458198765 HTTP/1.1" 200 38
200.54.103.162 - - [10/Mar/2023:11:39:03 -0300] "POST /cormun/servlet/solicitudotadjuntos?gx-no-cache=1678458258590 HTTP/1.1" 200 26
200.54.103.162 - - [10/Mar/2023:11:39:23 -0300] "GET /cormun/servlet/solicitudotadjuntos?17dd9dc8602eaee10748fe13c68e28f9bee8e359763b3dd316e12c13ab2dcc24,gx-no-cache=1678458278020 HTTP/1.1" 200 30
200.54.103.162 - - [10/Mar/2023:11:39:23 -0300] "GET /cormun/servlet/solicitudotadjuntos?17dd9dc8602eaee10748fe13c68e28f9bee8e359763b3dd316e12c13ab2dcc24,gx-no-cache=1678458278045 HTTP/1.1" 200 30
200.54.103.162 - - [10/Mar/2023:11:39:23 -0300] "POST /cormun/servlet/solicitudotadjuntos?2e87abad4d9cc4ad4b5ea062ca48cee1,INS,2023,19537,,2, HTTP/1.1" 200 116
200.54.103.162 - - [10/Mar/2023:11:39:23 -0300] "GET /cormun/servlet/hpexe_return? HTTP/1.1" 200 1026
200.54.103.162 - - [10/Mar/2023:11:39:24 -0300] "GET /cormun/servlet/trsolicitudadjuntos?2023,19537, HTTP/1.1" 200 9346
200.54.103.162 - - [10/Mar/2023:11:39:24 -0300] "GET /cormun/servlet/trsolicitudadjuntos?2023,19537, HTTP/1.1" 200 9345
200.54.103.162 - - [10/Mar/2023:11:39:29 -0300] "GET /cormun/servlet/solicitudotadjuntos?INS,2023,19537,,1, HTTP/1.1" 200 6391
200.54.103.162 - - [10/Mar/2023:11:39:29 -0300] "GET /cormun/static/about:blank HTTP/1.1" 404 1011
200.54.103.162 - - [10/Mar/2023:11:39:29 -0300] "GET /cormun/servlet/solicitudotadjuntos?INS,2023,19537,,1, HTTP/1.1" 200 6384
200.54.103.162 - - [10/Mar/2023:11:39:30 -0300] "GET /cormun/servlet/solicitudotadjuntos?17dd9dc8602eaee10748fe13c68e28f9581d5745b7f5d136e5bb513bcfc5a1bc34bb3b52cbf44801f15de988906015e7,gx-no-cache=1678458284988 HTTP/1.1" 200 30
200.54.103.162 - - [10/Mar/2023:11:39:30 -0300] "POST /cormun/servlet/solicitudotadjuntos?2e87abad4d9cc4ad4b5ea062ca48cee1,INS,2023,19537,,1,,gx-no-cache=1678458285015 HTTP/1.1" 200 4150
200.54.103.162 - - [10/Mar/2023:11:39:33 -0300] "POST /cormun/servlet/solicitudotadjuntos?gx-no-cache=1678458288481 HTTP/1.1" 200 26
200.54.103.162 - - [10/Mar/2023:11:39:40 -0300] "GET /cormun/servlet/solicitudotadjuntos?17dd9dc8602eaee10748fe13c68e28f9bee8e359763b3dd316e12c13ab2dcc24,gx-no-cache=1678458295667 HTTP/1.1" 200 30
200.54.103.162 - - [10/Mar/2023:11:39:40 -0300] "GET /cormun/servlet/solicitudotadjuntos?17dd9dc8602eaee10748fe13c68e28f9bee8e359763b3dd316e12c13ab2dcc24,gx-no-cache=1678458295690 HTTP/1.1" 200 30
200.54.103.162 - - [10/Mar/2023:11:39:41 -0300] "POST /cormun/servlet/solicitudotadjuntos?2e87abad4d9cc4ad4b5ea062ca48cee1,INS,2023,19537,,1, HTTP/1.1" 200 116
200.54.103.162 - - [10/Mar/2023:11:39:41 -0300] "GET /cormun/servlet/hpexe_return? HTTP/1.1" 200 1026
200.54.103.162 - - [10/Mar/2023:11:39:41 -0300] "GET /cormun/servlet/trsolicitudadjuntos?2023,19537, HTTP/1.1" 200 9582
200.54.103.162 - - [10/Mar/2023:11:39:42 -0300] "GET /cormun/servlet/trsolicitudadjuntos?2023,19537, HTTP/1.1" 200 9580
200.54.103.162 - - [10/Mar/2023:11:39:45 -0300] "GET /cormun/servlet/solicitudotadjuntos?INS,2023,19537,,1, HTTP/1.1" 200 6391
200.54.103.162 - - [10/Mar/2023:11:39:45 -0300] "GET /cormun/static/about:blank HTTP/1.1" 404 1011
200.54.103.162 - - [10/Mar/2023:11:39:45 -0300] "GET /cormun/servlet/solicitudotadjuntos?INS,2023,19537,,1, HTTP/1.1" 200 6384
190.46.88.50 - - [10/Mar/2023:11:39:46 -0300] "GET /cormun/servlet/solicitudotadjuntos?2dba0ac0862e40cc4fa2f77578dee057988dd804682ceb581fe632132cfc219f,gx-no-cache=1678458265487 HTTP/1.1" 200 30
190.46.88.50 - - [10/Mar/2023:11:39:46 -0300] "GET /cormun/servlet/solicitudotadjuntos?2dba0ac0862e40cc4fa2f77578dee057988dd804682ceb581fe632132cfc219f,gx-no-cache=1678458265619 HTTP/1.1" 200 30
200.54.103.162 - - [10/Mar/2023:11:39:46 -0300] "GET /cormun/servlet/solicitudotadjuntos?17dd9dc8602eaee10748fe13c68e28f9581d5745b7f5d136e5bb513bcfc5a1bc34bb3b52cbf44801f15de988906015e7,gx-no-cache=1678458301203 HTTP/1.1" 200 30
200.54.103.162 - - [10/Mar/2023:11:39:46 -0300] "POST /cormun/servlet/solicitudotadjuntos?2e87abad4d9cc4ad4b5ea062ca48cee1,INS,2023,19537,,1,,gx-no-cache=1678458301235 HTTP/1.1" 200 4150
190.46.88.50 - - [10/Mar/2023:11:39:46 -0300] "POST /cormun/servlet/solicitudotadjuntos?0fdb884207f21c67b714366bf393fe45,INS,2023,19534,,1, HTTP/1.1" 200 116
190.46.88.50 - - [10/Mar/2023:11:39:47 -0300] "GET /cormun/servlet/hpexe_return? HTTP/1.1" 200 1031
190.46.88.50 - - [10/Mar/2023:11:39:47 -0300] "GET /cormun/servlet/trsolicitudadjuntos?2023,19534, HTTP/1.1" 200 10558
190.46.88.50 - - [10/Mar/2023:11:39:48 -0300] "GET /cormun/servlet/trsolicitudadjuntos?2023,19534, HTTP/1.1" 200 10553
200.54.103.162 - - [10/Mar/2023:11:39:48 -0300] "POST /cormun/servlet/solicitudotadjuntos?gx-no-cache=1678458303363 HTTP/1.1" 200 26
200.54.103.162 - - [10/Mar/2023:11:39:53 -0300] "GET /cormun/servlet/solicitudotadjuntos?17dd9dc8602eaee10748fe13c68e28f9bee8e359763b3dd316e12c13ab2dcc24,gx-no-cache=1678458308507 HTTP/1.1" 200 30
200.54.103.162 - - [10/Mar/2023:11:39:53 -0300] "GET /cormun/servlet/solicitudotadjuntos?17dd9dc8602eaee10748fe13c68e28f9bee8e359763b3dd316e12c13ab2dcc24,gx-no-cache=1678458308536 HTTP/1.1" 200 30
200.54.103.162 - - [10/Mar/2023:11:39:54 -0300] "POST /cormun/servlet/solicitudotadjuntos?2e87abad4d9cc4ad4b5ea062ca48cee1,INS,2023,19537,,1, HTTP/1.1" 200 6686
200.54.103.162 - - [10/Mar/2023:11:39:54 -0300] "GET /cormun/static/Shared/jqueryui/images/ui-icons_82798d_256x240.png HTTP/1.1" 404 1089
200.54.103.162 - - [10/Mar/2023:11:39:54 -0300] "GET /cormun/static/Shared/jqueryui/images/ui-bg_highlight-soft_100_c6c2c8_1x100.png HTTP/1.1" 404 1117
200.54.103.162 - - [10/Mar/2023:11:39:54 -0300] "GET /cormun/static/Shared/jqueryui/images/ui-bg_flat_55_994d53_40x100.png HTTP/1.1" 404 1097
200.54.103.162 - - [10/Mar/2023:11:39:54 -0300] "GET /cormun/static/Shared/jqueryui/images/ui-icons_ebccce_256x240.png HTTP/1.1" 404 1089
200.54.103.162 - - [10/Mar/2023:11:39:54 -0300] "GET /cormun/PrivateTempStorage/upload_00004655.pdf HTTP/1.1" 200 1242440
200.54.103.162 - - [10/Mar/2023:11:40:01 -0300] "GET /cormun/servlet/solicitudotadjuntos?17dd9dc8602eaee10748fe13c68e28f944b818c0b71baa1c450479cdac0d5afb8ac5d2c9a55cb55fdf87513a975d2c12,gx-no-cache=1678458316034 HTTP/1.1" 200 30
200.54.103.162 - - [10/Mar/2023:11:40:02 -0300] "POST /cormun/servlet/solicitudotadjuntos?2e87abad4d9cc4ad4b5ea062ca48cee1,INS,2023,19537,,1, HTTP/1.1" 200 6686
200.54.103.162 - - [10/Mar/2023:11:40:02 -0300] "GET /home/sistema/apache-tomcat-7.0.65/webapps/cormun/PrivateTempStorage/upload_00004667.pdf HTTP/1.1" 404 1135
200.54.103.162 - - [10/Mar/2023:11:40:02 -0300] "GET /cormun/PrivateTempStorage/upload_00004667.pdf HTTP/1.1" 200 1242440
190.46.88.50 - - [10/Mar/2023:11:40:04 -0300] "GET /cormun/servlet/trsolicitudot? HTTP/1.1" 200 8935
190.46.88.50 - - [10/Mar/2023:11:40:04 -0300] "GET /cormun/servlet/trsolicitudot? HTTP/1.1" 200 8928
200.54.103.162 - - [10/Mar/2023:11:40:09 -0300] "POST /cormun/servlet/solicitudotadjuntos?gx-no-cache=1678458324163 HTTP/1.1" 200 26
190.46.88.50 - - [10/Mar/2023:11:40:14 -0300] "POST /cormun/servlet/trsolicitudot?0fdb884207f21c67b714366bf393fe45,,gx-no-cache=1678458294096 HTTP/1.1" 200 4867
190.46.88.50 - - [10/Mar/2023:11:40:15 -0300] "GET /cormun/static/Shared/jqueryui/images/ui-bg_highlight-soft_100_c6c2c8_1x100.png HTTP/1.1" 404 1117
190.46.88.50 - - [10/Mar/2023:11:40:15 -0300] "GET /cormun/static/Shared/jqueryui/images/ui-icons_82798d_256x240.png HTTP/1.1" 404 1089
190.46.88.50 - - [10/Mar/2023:11:40:15 -0300] "GET /cormun/static/Shared/jqueryui/images/ui-bg_flat_55_fafafa_40x100.png HTTP/1.1" 404 1097
190.46.88.50 - - [10/Mar/2023:11:40:15 -0300] "GET /cormun/static/Shared/jqueryui/images/ui-icons_8d78a5_256x240.png HTTP/1.1" 404 1089
190.46.88.50 - - [10/Mar/2023:11:40:15 -0300] "POST /cormun/servlet/trsolicitudot?0fdb884207f21c67b714366bf393fe45,,gx-no-cache=1678458294380 HTTP/1.1" 200 4628
200.54.103.162 - - [10/Mar/2023:11:40:19 -0300] "GET /cormun/servlet/solicitudotadjuntos?17dd9dc8602eaee10748fe13c68e28f981d6db0520bb3cf309bd8b03a3a0ad9e8ac5d2c9a55cb55fdf87513a975d2c12,gx-no-cache=1678458334170 HTTP/1.1" 200 30
200.54.103.162 - - [10/Mar/2023:11:40:19 -0300] "GET /cormun/servlet/solicitudotadjuntos?17dd9dc8602eaee10748fe13c68e28f981d6db0520bb3cf309bd8b03a3a0ad9e8ac5d2c9a55cb55fdf87513a975d2c12,gx-no-cache=1678458334195 HTTP/1.1" 200 30
190.46.88.50 - - [10/Mar/2023:11:40:19 -0300] "GET /cormun/servlet/trautorizarsolicitud? HTTP/1.1" 200 8816
200.54.103.162 - - [10/Mar/2023:11:40:19 -0300] "POST /cormun/servlet/solicitudotadjuntos?2e87abad4d9cc4ad4b5ea062ca48cee1,INS,2023,19537,,1, HTTP/1.1" 200 116
200.54.103.162 - - [10/Mar/2023:11:40:19 -0300] "GET /cormun/servlet/hpexe_return? HTTP/1.1" 200 1026
200.54.103.162 - - [10/Mar/2023:11:40:20 -0300] "GET /cormun/servlet/trsolicitudadjuntos?2023,19537, HTTP/1.1" 200 9840
190.46.88.50 - - [10/Mar/2023:11:40:20 -0300] "GET /cormun/servlet/trautorizarsolicitud? HTTP/1.1" 200 8816
200.54.103.162 - - [10/Mar/2023:11:40:20 -0300] "GET /cormun/servlet/trsolicitudadjuntos?2023,19537, HTTP/1.1" 200 9839
200.54.103.162 - - [10/Mar/2023:11:40:23 -0300] "GET /cormun/servlet/solicitudotadjuntos?INS,2023,19537,,1, HTTP/1.1" 200 6391
200.54.103.162 - - [10/Mar/2023:11:40:23 -0300] "GET /cormun/static/about:blank HTTP/1.1" 404 1011
200.54.103.162 - - [10/Mar/2023:11:40:23 -0300] "GET /cormun/servlet/solicitudotadjuntos?INS,2023,19537,,1, HTTP/1.1" 200 6384
200.54.103.162 - - [10/Mar/2023:11:40:23 -0300] "GET /cormun/servlet/solicitudotadjuntos?17dd9dc8602eaee10748fe13c68e28f9581d5745b7f5d136e5bb513bcfc5a1bc34bb3b52cbf44801f15de988906015e7,gx-no-cache=1678458338663 HTTP/1.1" 200 30
200.54.103.162 - - [10/Mar/2023:11:40:23 -0300] "POST /cormun/servlet/solicitudotadjuntos?2e87abad4d9cc4ad4b5ea062ca48cee1,INS,2023,19537,,1,,gx-no-cache=1678458338698 HTTP/1.1" 200 4150
200.54.103.162 - - [10/Mar/2023:11:40:28 -0300] "POST /cormun/servlet/solicitudotadjuntos?gx-no-cache=1678458343267 HTTP/1.1" 200 26
186.172.239.227 - - [10/Mar/2023:11:40:28 -0300] "GET /cormun/servlet/solicitudot?6b9a5225ccd59ceafa1363770d4255299875c3ecdb018fdf751efbba81151bf0ce4fc82de461d1869f38af62e0e289bb117ac725003ec2db7e79e24967a4ebeed52309685f1f92f3fcef8b0080d628224c201ab821ce696e78fd49b8382cc46955d0d54cedc594c0163dbd31bb849482,gx-no-cache=1678458307010 HTTP/1.1" 200 110
40.77.167.156 - - [10/Mar/2023:11:40:33 -0300] "GET /cormun/servlet/trsolicitudot HTTP/1.1" 200 6313
200.54.103.162 - - [10/Mar/2023:11:40:33 -0300] "GET /cormun/servlet/solicitudotadjuntos?17dd9dc8602eaee10748fe13c68e28f9bee8e359763b3dd316e12c13ab2dcc24,gx-no-cache=1678458348514 HTTP/1.1" 200 30
200.54.103.162 - - [10/Mar/2023:11:40:33 -0300] "GET /cormun/servlet/solicitudotadjuntos?17dd9dc8602eaee10748fe13c68e28f9bee8e359763b3dd316e12c13ab2dcc24,gx-no-cache=1678458348550 HTTP/1.1" 200 30
200.54.103.162 - - [10/Mar/2023:11:40:34 -0300] "POST /cormun/servlet/solicitudotadjuntos?2e87abad4d9cc4ad4b5ea062ca48cee1,INS,2023,19537,,1, HTTP/1.1" 200 116
200.54.103.162 - - [10/Mar/2023:11:40:34 -0300] "GET /cormun/servlet/hpexe_return? HTTP/1.1" 200 1026
200.54.103.162 - - [10/Mar/2023:11:40:34 -0300] "GET /cormun/servlet/trsolicitudadjuntos?2023,19537, HTTP/1.1" 200 10054
186.172.239.227 - - [10/Mar/2023:11:40:34 -0300] "POST /cormun/servlet/solicitudot?gx-no-cache=1678458312814 HTTP/1.1" 200 83
200.54.103.162 - - [10/Mar/2023:11:40:35 -0300] "GET /cormun/servlet/trsolicitudadjuntos?2023,19537, HTTP/1.1" 200 10052
200.54.103.162 - - [10/Mar/2023:11:40:37 -0300] "GET /cormun/servlet/solicitudotadjuntos?INS,2023,19537,,1, HTTP/1.1" 200 6391
200.54.103.162 - - [10/Mar/2023:11:40:37 -0300] "GET /cormun/static/about:blank HTTP/1.1" 404 1011
200.54.103.162 - - [10/Mar/2023:11:40:37 -0300] "GET /cormun/servlet/solicitudotadjuntos?INS,2023,19537,,1, HTTP/1.1" 200 6384
200.54.103.162 - - [10/Mar/2023:11:40:38 -0300] "GET /cormun/servlet/solicitudotadjuntos?17dd9dc8602eaee10748fe13c68e28f9581d5745b7f5d136e5bb513bcfc5a1bc34bb3b52cbf44801f15de988906015e7,gx-no-cache=1678458353165 HTTP/1.1" 200 30
200.54.103.162 - - [10/Mar/2023:11:40:38 -0300] "POST /cormun/servlet/solicitudotadjuntos?2e87abad4d9cc4ad4b5ea062ca48cee1,INS,2023,19537,,1,,gx-no-cache=1678458353198 HTTP/1.1" 200 4150
186.172.239.227 - - [10/Mar/2023:11:40:40 -0300] "GET /cormun/servlet/solicitudot?6b9a5225ccd59ceafa1363770d425529c4cbd45a3edd6c6ba1a95eaaf918d29de79b54305d1e4cd6b89613696f79862360dd4cdbde949b68f6db415d49209d2f035f1d6ab642c6b74dba28c4b17087246c352927059b58ae4b592f33668fdbe85e91fcb701bb2e13be1861e3379c91ac,gx-no-cache=1678458318404 HTTP/1.1" 200 29
186.172.239.227 - - [10/Mar/2023:11:40:40 -0300] "GET /cormun/static/menuarrow.gif HTTP/1.1" 404 1015
200.54.103.162 - - [10/Mar/2023:11:40:40 -0300] "POST /cormun/servlet/solicitudotadjuntos?gx-no-cache=1678458355507 HTTP/1.1" 200 26
186.172.239.227 - - [10/Mar/2023:11:40:44 -0300] "GET /cormun/servlet/solicitudot?6b9a5225ccd59ceafa1363770d42552900bbb715ca08a027654d30fb7c3f3445b186548f9cd2a056ba7f852009514fd0,gx-no-cache=1678458322171 HTTP/1.1" 200 30
200.54.103.162 - - [10/Mar/2023:11:40:47 -0300] "GET /cormun/servlet/solicitudotadjuntos?17dd9dc8602eaee10748fe13c68e28f9bee8e359763b3dd316e12c13ab2dcc24,gx-no-cache=1678458362339 HTTP/1.1" 200 30
200.54.103.162 - - [10/Mar/2023:11:40:47 -0300] "GET /cormun/servlet/solicitudotadjuntos?17dd9dc8602eaee10748fe13c68e28f9bee8e359763b3dd316e12c13ab2dcc24,gx-no-cache=1678458362364 HTTP/1.1" 200 30
200.54.103.162 - - [10/Mar/2023:11:40:48 -0300] "POST /cormun/servlet/solicitudotadjuntos?2e87abad4d9cc4ad4b5ea062ca48cee1,INS,2023,19537,,1, HTTP/1.1" 200 116
200.54.103.162 - - [10/Mar/2023:11:40:48 -0300] "GET /cormun/servlet/hpexe_return? HTTP/1.1" 200 1026
200.54.103.162 - - [10/Mar/2023:11:40:48 -0300] "GET /cormun/servlet/trsolicitudadjuntos?2023,19537, HTTP/1.1" 200 10333
200.54.103.162 - - [10/Mar/2023:11:40:49 -0300] "GET /cormun/servlet/trsolicitudadjuntos?2023,19537, HTTP/1.1" 200 10331
186.172.239.227 - - [10/Mar/2023:11:40:53 -0300] "GET /cormun/servlet/solicitudot?6b9a5225ccd59ceafa1363770d42552900bbb715ca08a027654d30fb7c3f3445c951d735a2bdcb65afd3d3599793c766,gx-no-cache=1678458331699 HTTP/1.1" 200 30
200.54.103.162 - - [10/Mar/2023:11:40:58 -0300] "GET /cormun/servlet/solicitudotadjuntos?INS,2023,19537,,1, HTTP/1.1" 200 6391
200.54.103.162 - - [10/Mar/2023:11:40:58 -0300] "GET /cormun/static/about:blank HTTP/1.1" 404 1011
200.54.103.162 - - [10/Mar/2023:11:40:59 -0300] "GET /cormun/servlet/solicitudotadjuntos?INS,2023,19537,,1, HTTP/1.1" 200 6384
200.54.103.162 - - [10/Mar/2023:11:40:59 -0300] "GET /cormun/servlet/solicitudotadjuntos?17dd9dc8602eaee10748fe13c68e28f9581d5745b7f5d136e5bb513bcfc5a1bc34bb3b52cbf44801f15de988906015e7,gx-no-cache=1678458374343 HTTP/1.1" 200 30
200.54.103.162 - - [10/Mar/2023:11:40:59 -0300] "POST /cormun/servlet/solicitudotadjuntos?2e87abad4d9cc4ad4b5ea062ca48cee1,INS,2023,19537,,1,,gx-no-cache=1678458374376 HTTP/1.1" 200 4150
186.172.239.227 - - [10/Mar/2023:11:41:01 -0300] "POST /cormun/servlet/solicitudot?gx-no-cache=1678458339860 HTTP/1.1" 200 30
186.172.239.227 - - [10/Mar/2023:11:41:02 -0300] "POST /cormun/servlet/solicitudot?3388f360ab9fbe8e5dbca2ad2b6a13f1,INS,0,0,false,,gx-no-cache=1678458340017 HTTP/1.1" 200 93
186.172.239.227 - - [10/Mar/2023:11:41:02 -0300] "GET /cormun/servlet/hpexe_return? HTTP/1.1" 200 1012
200.54.103.162 - - [10/Mar/2023:11:41:02 -0300] "POST /cormun/servlet/solicitudotadjuntos?gx-no-cache=1678458377468 HTTP/1.1" 200 26
186.172.239.227 - - [10/Mar/2023:11:41:02 -0300] "GET /cormun/servlet/trsolicitudot HTTP/1.1" 200 10079
186.172.239.227 - - [10/Mar/2023:11:41:03 -0300] "GET /cormun/servlet/trsolicitudot HTTP/1.1" 200 10073
186.172.239.227 - - [10/Mar/2023:11:41:05 -0300] "POST /cormun/servlet/trsolicitudot?3388f360ab9fbe8e5dbca2ad2b6a13f1,gx-no-cache=1678458343984 HTTP/1.1" 200 107
186.172.239.227 - - [10/Mar/2023:11:41:06 -0300] "GET /cormun/servlet/trsolicitudadjuntos?2023,19538, HTTP/1.1" 200 6011
186.172.239.227 - - [10/Mar/2023:11:41:06 -0300] "GET /cormun/servlet/trsolicitudadjuntos?2023,19538, HTTP/1.1" 200 6011
200.54.103.162 - - [10/Mar/2023:11:41:09 -0300] "GET /cormun/servlet/solicitudotadjuntos?17dd9dc8602eaee10748fe13c68e28f9bee8e359763b3dd316e12c13ab2dcc24,gx-no-cache=1678458384692 HTTP/1.1" 200 30
200.54.103.162 - - [10/Mar/2023:11:41:09 -0300] "GET /cormun/servlet/solicitudotadjuntos?17dd9dc8602eaee10748fe13c68e28f9bee8e359763b3dd316e12c13ab2dcc24,gx-no-cache=1678458384727 HTTP/1.1" 200 30
200.54.103.162 - - [10/Mar/2023:11:41:10 -0300] "POST /cormun/servlet/solicitudotadjuntos?2e87abad4d9cc4ad4b5ea062ca48cee1,INS,2023,19537,,1, HTTP/1.1" 200 116
200.54.103.162 - - [10/Mar/2023:11:41:10 -0300] "GET /cormun/servlet/hpexe_return? HTTP/1.1" 200 1026
200.54.103.162 - - [10/Mar/2023:11:41:11 -0300] "GET /cormun/servlet/trsolicitudadjuntos?2023,19537, HTTP/1.1" 200 10491
200.54.103.162 - - [10/Mar/2023:11:41:12 -0300] "GET /cormun/servlet/trsolicitudadjuntos?2023,19537, HTTP/1.1" 200 10487
186.172.239.227 - - [10/Mar/2023:11:41:20 -0300] "GET /cormun/servlet/solicitudotadjuntos?INS,2023,19538,,1, HTTP/1.1" 200 5954
186.172.239.227 - - [10/Mar/2023:11:41:20 -0300] "GET /cormun/static/about:blank HTTP/1.1" 404 1011
186.172.239.227 - - [10/Mar/2023:11:41:20 -0300] "GET /cormun/servlet/solicitudotadjuntos?INS,2023,19538,,1, HTTP/1.1" 200 5947
