200.54.103.162 - - [10/Mar/2023:12:16:21 -0300] "GET /cormun/servlet/solicitudotadjuntos?17dd9dc8602eaee10748fe13c68e28f9b1ff43bfd96fd8e505f8dbdc7033aed7669820e2299cc0bcee560945d6c0a034,gx-no-cache=1678460496493 HTTP/1.1" 200 30
200.54.103.162 - - [10/Mar/2023:12:16:21 -0300] "POST /cormun/servlet/solicitudotadjuntos?2e87abad4d9cc4ad4b5ea062ca48cee1,INS,2023,19540,,1,,gx-no-cache=1678460496523 HTTP/1.1" 200 4189
200.73.229.70 - - [10/Mar/2023:12:16:22 -0300] "GET /cormun/static/hpexe_recentlink.js?20201214471090 HTTP/1.1" 200 2144
200.73.229.70 - - [10/Mar/2023:12:16:22 -0300] "GET /cormun/static/hpexe_scripts.js?20201214471411 HTTP/1.1" 200 1544
200.73.229.70 - - [10/Mar/2023:12:16:22 -0300] "GET /cormun/static/hpexe_messagecontroller.js?201991422154126 HTTP/1.1" 200 870
200.73.229.70 - - [10/Mar/2023:12:16:23 -0300] "GET /cormun/static/hpexe_messagepopupcomponent.js?2020121447232 HTTP/1.1" 200 605
200.54.103.162 - - [10/Mar/2023:12:16:28 -0300] "POST /cormun/servlet/solicitudotadjuntos?gx-no-cache=1678460503584 HTTP/1.1" 200 26
200.73.229.70 - - [10/Mar/2023:12:16:30 -0300] "GET /cormun/static/hpexe_messagegenexuscomponent.js?2020121447173 HTTP/1.1" 200 587
200.73.229.70 - - [10/Mar/2023:12:16:30 -0300] "GET /cormun/static/cmcontrolpreferences.js?20199141926336 HTTP/1.1" 200 1375
200.73.229.70 - - [10/Mar/2023:12:16:30 -0300] "GET /cormun/static/Shared/ext/ext-all.js HTTP/1.1" 200 1289687
200.73.229.70 - - [10/Mar/2023:12:16:30 -0300] "GET /cormun/static/Shared/jquery/jquery-1.4.2.min.js HTTP/1.1" 200 72174
200.73.229.70 - - [10/Mar/2023:12:16:31 -0300] "GET /cormun/static/Shared/jqueryui/jquery-ui.min.js HTTP/1.1" 200 240427
200.73.229.70 - - [10/Mar/2023:12:16:31 -0300] "GET /cormun/static/Shared/jquery/jquery-1.10.2.min.js HTTP/1.1" 200 273199
200.73.229.70 - - [10/Mar/2023:12:16:31 -0300] "GET /cormun/static/SmoothNavMenu/resources/ddsmoothmenu.js HTTP/1.1" 200 12712
200.73.229.70 - - [10/Mar/2023:12:16:31 -0300] "GET /cormun/static/SmoothNavMenu/resources/SmoothNavMenuRender.js HTTP/1.1" 200 5951
200.73.229.70 - - [10/Mar/2023:12:16:31 -0300] "GET /cormun/static/scaMessage/js/jquery.pnotify.min.js HTTP/1.1" 200 13038
200.73.229.70 - - [10/Mar/2023:12:16:31 -0300] "GET /cormun/static/scaMessage/scaMessageRender.js HTTP/1.1" 200 11977
200.73.229.70 - - [10/Mar/2023:12:16:31 -0300] "GET /cormun/static/hmpwkw03.js?20201215501896 HTTP/1.1" 200 3973
200.73.229.70 - - [10/Mar/2023:12:16:31 -0300] "GET /cormun/servlet/hhome HTTP/1.1" 200 4347
200.73.229.70 - - [10/Mar/2023:12:16:32 -0300] "GET /cormun/static/SmoothNavMenu/resources/images/down.gif HTTP/1.1" 200 854
200.73.229.70 - - [10/Mar/2023:12:16:32 -0300] "GET /cormun/static/SmoothNavMenu/resources/images/right.gif HTTP/1.1" 200 860
200.54.103.162 - - [10/Mar/2023:12:16:34 -0300] "GET /cormun/servlet/solicitudotadjuntos?17dd9dc8602eaee10748fe13c68e28f9bee8e359763b3dd316e12c13ab2dcc24,gx-no-cache=1678460508924 HTTP/1.1" 200 30
200.54.103.162 - - [10/Mar/2023:12:16:34 -0300] "GET /cormun/servlet/solicitudotadjuntos?17dd9dc8602eaee10748fe13c68e28f9bee8e359763b3dd316e12c13ab2dcc24,gx-no-cache=1678460508956 HTTP/1.1" 200 30
200.54.103.162 - - [10/Mar/2023:12:16:34 -0300] "POST /cormun/servlet/solicitudotadjuntos?2e87abad4d9cc4ad4b5ea062ca48cee1,INS,2023,19540,,1, HTTP/1.1" 200 116
200.54.103.162 - - [10/Mar/2023:12:16:34 -0300] "GET /cormun/servlet/hpexe_return? HTTP/1.1" 200 1032
200.54.103.162 - - [10/Mar/2023:12:16:34 -0300] "GET /cormun/servlet/vesolicitudot?2023,19540,,SolicitudOTAdjuntos HTTP/1.1" 200 11093
200.54.103.162 - - [10/Mar/2023:12:16:34 -0300] "GET /cormun/pexe_scrolldiv.js HTTP/1.1" 404 1009
200.54.103.162 - - [10/Mar/2023:12:16:35 -0300] "GET /cormun/servlet/vesolicitudot?2023,19540,,SolicitudOTAdjuntos HTTP/1.1" 200 11097
200.54.103.162 - - [10/Mar/2023:12:16:36 -0300] "POST /cormun/servlet/acontrolpreferencessavestate?None,GSAAVEDRA,true HTTP/1.1" 200 35
200.73.229.70 - - [10/Mar/2023:12:16:40 -0300] "GET /cormun/servlet/trsolicitudot? HTTP/1.1" 200 9503
200.73.229.70 - - [10/Mar/2023:12:16:41 -0300] "GET /cormun/static/gxui/gxui-all.css?110300 HTTP/1.1" 200 2179
200.73.229.70 - - [10/Mar/2023:12:16:41 -0300] "GET /cormun/static/calendar-system.css?75620 HTTP/1.1" 200 5572
200.73.229.70 - - [10/Mar/2023:12:16:41 -0300] "GET /cormun/static/gxcfg.js?201991910464971 HTTP/1.1" 200 953
200.73.229.70 - - [10/Mar/2023:12:16:42 -0300] "GET /cormun/static/calendar.js?85251 HTTP/1.1" 200 26246
200.73.229.70 - - [10/Mar/2023:12:16:42 -0300] "GET /cormun/static/calendar-setup.js?85251 HTTP/1.1" 200 2588
200.73.229.70 - - [10/Mar/2023:12:16:42 -0300] "GET /cormun/static/calendar-es.js?85251 HTTP/1.1" 200 1901
200.54.103.162 - - [10/Mar/2023:12:16:42 -0300] "GET /cormun/servlet/solicitudotadjuntos?INS,2023,19540,,1, HTTP/1.1" 200 6400
200.73.229.70 - - [10/Mar/2023:12:16:42 -0300] "GET /cormun/static/Shared/ext/resources/css/ext-all.css?205870 HTTP/1.1" 200 416045
200.54.103.162 - - [10/Mar/2023:12:16:42 -0300] "GET /cormun/static/about:blank HTTP/1.1" 404 1011
200.54.103.162 - - [10/Mar/2023:12:16:43 -0300] "GET /cormun/servlet/solicitudotadjuntos?INS,2023,19540,,1, HTTP/1.1" 200 6393
200.73.229.70 - - [10/Mar/2023:12:16:43 -0300] "GET /cormun/static/gxdec.js?85251 HTTP/1.1" 200 19579
200.73.229.70 - - [10/Mar/2023:12:16:43 -0300] "GET /cormun/static/trsolicitudot.js?201991910465845 HTTP/1.1" 200 54041
200.54.103.162 - - [10/Mar/2023:12:16:43 -0300] "GET /cormun/servlet/solicitudotadjuntos?17dd9dc8602eaee10748fe13c68e28f9b1ff43bfd96fd8e505f8dbdc7033aed7669820e2299cc0bcee560945d6c0a034,gx-no-cache=1678460518389 HTTP/1.1" 200 30
200.73.229.70 - - [10/Mar/2023:12:16:43 -0300] "GET /cormun/static/Resources/PXTools/calendar.png HTTP/1.1" 200 1306
200.54.103.162 - - [10/Mar/2023:12:16:43 -0300] "POST /cormun/servlet/solicitudotadjuntos?2e87abad4d9cc4ad4b5ea062ca48cee1,INS,2023,19540,,1,,gx-no-cache=1678460518417 HTTP/1.1" 200 4191
200.73.229.70 - - [10/Mar/2023:12:16:43 -0300] "GET /cormun/static/Resources/PXToolsGridFirstDisabled.gif HTTP/1.1" 200 100
200.73.229.70 - - [10/Mar/2023:12:16:43 -0300] "GET /cormun/static/Resources/PXToolsGridPreviousDisabled.gif HTTP/1.1" 200 90
200.73.229.70 - - [10/Mar/2023:12:16:43 -0300] "GET /cormun/static/Resources/PXToolsGridNextDisabled.gif HTTP/1.1" 200 90
200.73.229.70 - - [10/Mar/2023:12:16:43 -0300] "GET /cormun/static/Resources/PXToolsGridLastDisabled.gif HTTP/1.1" 200 98
200.73.229.70 - - [10/Mar/2023:12:16:44 -0300] "GET /cormun/static/Resources/PXToolsAddAllAction.png HTTP/1.1" 200 495
200.73.229.70 - - [10/Mar/2023:12:16:44 -0300] "GET /cormun/static/Resources/PXToolsGridPage.gif HTTP/1.1" 200 725
200.73.229.70 - - [10/Mar/2023:12:16:45 -0300] "GET /cormun/servlet/trsolicitudot? HTTP/1.1" 200 9500
200.73.229.70 - - [10/Mar/2023:12:16:45 -0300] "GET /cormun//static/Resources/PXToolsGridUpdate.png HTTP/1.1" 200 470
200.73.229.70 - - [10/Mar/2023:12:16:45 -0300] "GET /cormun//static/Resources/PXTools/ActionInsert.png HTTP/1.1" 200 1482
200.73.229.70 - - [10/Mar/2023:12:16:45 -0300] "GET /cormun/static/Resources/PXToolsActionExcel.png HTTP/1.1" 200 727
200.73.229.70 - - [10/Mar/2023:12:16:45 -0300] "GET /cormun//static/Resources/PXToolsActionView.png HTTP/1.1" 200 398
200.73.229.70 - - [10/Mar/2023:12:16:45 -0300] "GET /cormun//static/Resources/PXToolsGridDelete.png HTTP/1.1" 200 538
200.73.229.70 - - [10/Mar/2023:12:16:45 -0300] "GET /cormun//static/Resources/PXToolsRemoveAllAction.png HTTP/1.1" 200 487
200.73.229.70 - - [10/Mar/2023:12:16:46 -0300] "GET /cormun/static/Shared/ext/resources/themes/images/default/panel/bg-headersPanel.png HTTP/1.1" 200 255
200.73.229.70 - - [10/Mar/2023:12:16:46 -0300] "GET /cormun/static/Shared/ext/resources/themes/images/default/tools/tool-sprites.gif HTTP/1.1" 200 5434
200.54.103.162 - - [10/Mar/2023:12:16:46 -0300] "POST /cormun/servlet/solicitudotadjuntos?gx-no-cache=1678460521452 HTTP/1.1" 200 26
200.73.229.70 - - [10/Mar/2023:12:16:51 -0300] "POST /cormun/servlet/trsolicitudot?5edb5e62c54fc19e7325df75983faf75,,gx-no-cache=1678460489580 HTTP/1.1" 200 6975
200.54.103.162 - - [10/Mar/2023:12:16:53 -0300] "GET /cormun/servlet/solicitudotadjuntos?17dd9dc8602eaee10748fe13c68e28f9bee8e359763b3dd316e12c13ab2dcc24,gx-no-cache=1678460528620 HTTP/1.1" 200 30
200.54.103.162 - - [10/Mar/2023:12:16:53 -0300] "GET /cormun/servlet/solicitudotadjuntos?17dd9dc8602eaee10748fe13c68e28f9bee8e359763b3dd316e12c13ab2dcc24,gx-no-cache=1678460528695 HTTP/1.1" 200 30
200.54.103.162 - - [10/Mar/2023:12:16:54 -0300] "POST /cormun/servlet/solicitudotadjuntos?2e87abad4d9cc4ad4b5ea062ca48cee1,INS,2023,19540,,1, HTTP/1.1" 200 116
200.54.103.162 - - [10/Mar/2023:12:16:54 -0300] "GET /cormun/servlet/hpexe_return? HTTP/1.1" 200 1032
200.54.103.162 - - [10/Mar/2023:12:16:54 -0300] "GET /cormun/servlet/vesolicitudot?2023,19540,,SolicitudOTAdjuntos HTTP/1.1" 200 11335
200.54.103.162 - - [10/Mar/2023:12:16:55 -0300] "GET /cormun/pexe_scrolldiv.js HTTP/1.1" 404 1009
200.54.103.162 - - [10/Mar/2023:12:16:55 -0300] "GET /cormun/servlet/vesolicitudot?2023,19540,,SolicitudOTAdjuntos HTTP/1.1" 200 11340
200.54.103.162 - - [10/Mar/2023:12:16:56 -0300] "POST /cormun/servlet/acontrolpreferencessavestate?None,GSAAVEDRA,true HTTP/1.1" 200 35
200.54.103.162 - - [10/Mar/2023:12:16:58 -0300] "GET /cormun/servlet/solicitudotadjuntos?INS,2023,19540,,1, HTTP/1.1" 200 6400
200.54.103.162 - - [10/Mar/2023:12:16:58 -0300] "GET /cormun/static/about:blank HTTP/1.1" 404 1011
200.54.103.162 - - [10/Mar/2023:12:16:58 -0300] "GET /cormun/servlet/solicitudotadjuntos?INS,2023,19540,,1, HTTP/1.1" 200 6393
200.54.103.162 - - [10/Mar/2023:12:16:59 -0300] "GET /cormun/servlet/solicitudotadjuntos?17dd9dc8602eaee10748fe13c68e28f9b1ff43bfd96fd8e505f8dbdc7033aed7669820e2299cc0bcee560945d6c0a034,gx-no-cache=1678460534109 HTTP/1.1" 200 30
200.54.103.162 - - [10/Mar/2023:12:16:59 -0300] "POST /cormun/servlet/solicitudotadjuntos?2e87abad4d9cc4ad4b5ea062ca48cee1,INS,2023,19540,,1,,gx-no-cache=1678460534137 HTTP/1.1" 200 4191
200.54.103.162 - - [10/Mar/2023:12:17:02 -0300] "POST /cormun/servlet/solicitudotadjuntos?gx-no-cache=1678460537516 HTTP/1.1" 200 26
200.54.103.162 - - [10/Mar/2023:12:17:09 -0300] "GET /cormun/servlet/solicitudotadjuntos?17dd9dc8602eaee10748fe13c68e28f9bee8e359763b3dd316e12c13ab2dcc24,gx-no-cache=1678460544357 HTTP/1.1" 200 30
200.54.103.162 - - [10/Mar/2023:12:17:09 -0300] "GET /cormun/servlet/solicitudotadjuntos?17dd9dc8602eaee10748fe13c68e28f9bee8e359763b3dd316e12c13ab2dcc24,gx-no-cache=1678460544397 HTTP/1.1" 200 30
200.54.103.162 - - [10/Mar/2023:12:17:09 -0300] "POST /cormun/servlet/solicitudotadjuntos?2e87abad4d9cc4ad4b5ea062ca48cee1,INS,2023,19540,,1, HTTP/1.1" 200 116
200.54.103.162 - - [10/Mar/2023:12:17:09 -0300] "GET /cormun/servlet/hpexe_return? HTTP/1.1" 200 1032
200.54.103.162 - - [10/Mar/2023:12:17:10 -0300] "GET /cormun/servlet/vesolicitudot?2023,19540,,SolicitudOTAdjuntos HTTP/1.1" 200 11568
200.54.103.162 - - [10/Mar/2023:12:17:10 -0300] "GET /cormun/pexe_scrolldiv.js HTTP/1.1" 404 1009
200.54.103.162 - - [10/Mar/2023:12:17:11 -0300] "GET /cormun/servlet/vesolicitudot?2023,19540,,SolicitudOTAdjuntos HTTP/1.1" 200 11575
200.54.103.162 - - [10/Mar/2023:12:17:11 -0300] "POST /cormun/servlet/acontrolpreferencessavestate?None,GSAAVEDRA,true HTTP/1.1" 200 35
200.54.103.162 - - [10/Mar/2023:12:17:17 -0300] "GET /cormun/servlet/solicitudotadjuntos?INS,2023,19540,,1, HTTP/1.1" 200 6400
200.54.103.162 - - [10/Mar/2023:12:17:18 -0300] "GET /cormun/static/about:blank HTTP/1.1" 404 1011
200.54.103.162 - - [10/Mar/2023:12:17:18 -0300] "GET /cormun/servlet/solicitudotadjuntos?INS,2023,19540,,1, HTTP/1.1" 200 6393
200.54.103.162 - - [10/Mar/2023:12:17:18 -0300] "GET /cormun/servlet/solicitudotadjuntos?17dd9dc8602eaee10748fe13c68e28f9b1ff43bfd96fd8e505f8dbdc7033aed7669820e2299cc0bcee560945d6c0a034,gx-no-cache=1678460553513 HTTP/1.1" 200 30
200.54.103.162 - - [10/Mar/2023:12:17:18 -0300] "POST /cormun/servlet/solicitudotadjuntos?2e87abad4d9cc4ad4b5ea062ca48cee1,INS,2023,19540,,1,,gx-no-cache=1678460553549 HTTP/1.1" 200 4191
200.54.103.162 - - [10/Mar/2023:12:17:23 -0300] "POST /cormun/servlet/solicitudotadjuntos?gx-no-cache=1678460558668 HTTP/1.1" 200 26
200.73.229.70 - - [10/Mar/2023:12:17:25 -0300] "POST /cormun/servlet/trsolicitudot?5edb5e62c54fc19e7325df75983faf75,,gx-no-cache=1678460523616 HTTP/1.1" 200 107
200.73.229.70 - - [10/Mar/2023:12:17:26 -0300] "GET /cormun/servlet/trsolicitudadjuntos?2023,19540, HTTP/1.1" 200 10282
200.73.229.70 - - [10/Mar/2023:12:17:26 -0300] "GET /cormun/static/gxcfg.js?20201215574222 HTTP/1.1" 200 953
200.73.229.70 - - [10/Mar/2023:12:17:26 -0300] "GET /cormun/static/trsolicitudadjuntos.js?20201215574932 HTTP/1.1" 200 17922
200.73.229.70 - - [10/Mar/2023:12:17:26 -0300] "GET /cormun/static/Resources/PXToolsGridNew.png HTTP/1.1" 200 427
200.73.229.70 - - [10/Mar/2023:12:17:27 -0300] "GET /cormun/servlet/trsolicitudadjuntos?2023,19540, HTTP/1.1" 200 10282
200.54.103.162 - - [10/Mar/2023:12:17:30 -0300] "GET /cormun/servlet/solicitudotadjuntos?17dd9dc8602eaee10748fe13c68e28f9bee8e359763b3dd316e12c13ab2dcc24,gx-no-cache=1678460565636 HTTP/1.1" 200 30
200.54.103.162 - - [10/Mar/2023:12:17:30 -0300] "GET /cormun/servlet/solicitudotadjuntos?17dd9dc8602eaee10748fe13c68e28f9bee8e359763b3dd316e12c13ab2dcc24,gx-no-cache=1678460565664 HTTP/1.1" 200 30
200.54.103.162 - - [10/Mar/2023:12:17:31 -0300] "POST /cormun/servlet/solicitudotadjuntos?2e87abad4d9cc4ad4b5ea062ca48cee1,INS,2023,19540,,1, HTTP/1.1" 200 116
200.54.103.162 - - [10/Mar/2023:12:17:31 -0300] "GET /cormun/servlet/hpexe_return? HTTP/1.1" 200 1032
200.54.103.162 - - [10/Mar/2023:12:17:31 -0300] "GET /cormun/servlet/vesolicitudot?2023,19540,,SolicitudOTAdjuntos HTTP/1.1" 200 11735
200.54.103.162 - - [10/Mar/2023:12:17:32 -0300] "GET /cormun/pexe_scrolldiv.js HTTP/1.1" 404 1009
200.73.229.70 - - [10/Mar/2023:12:17:32 -0300] "GET /cormun/servlet/solicitudotadjuntos?INS,2023,19540,,1, HTTP/1.1" 200 6398
200.73.229.70 - - [10/Mar/2023:12:17:32 -0300] "GET /cormun/static/gxcfg.js?202012157947 HTTP/1.1" 200 953
200.73.229.70 - - [10/Mar/2023:12:17:32 -0300] "GET /cormun/static/solicitudotadjuntos.js?202012157966 HTTP/1.1" 200 11771
200.54.103.162 - - [10/Mar/2023:12:17:33 -0300] "GET /cormun/servlet/vesolicitudot?2023,19540,,SolicitudOTAdjuntos HTTP/1.1" 200 11739
200.54.103.162 - - [10/Mar/2023:12:17:33 -0300] "POST /cormun/servlet/acontrolpreferencessavestate?None,GSAAVEDRA,true HTTP/1.1" 200 35
200.73.229.70 - - [10/Mar/2023:12:17:33 -0300] "GET /cormun/static/about:blank HTTP/1.1" 404 1011
200.73.229.70 - - [10/Mar/2023:12:17:33 -0300] "GET /cormun/servlet/solicitudotadjuntos?INS,2023,19540,,1, HTTP/1.1" 200 6391
200.73.229.70 - - [10/Mar/2023:12:17:33 -0300] "GET /cormun/servlet/solicitudotadjuntos?e07476855a166274ca8c0d3800df476a54ea995fc2068606057c6a2ae1b75e2269287cd8ae85fd4a284f6251954e415c,gx-no-cache=1678460532225 HTTP/1.1" 200 30
200.73.229.70 - - [10/Mar/2023:12:17:34 -0300] "POST /cormun/servlet/solicitudotadjuntos?5edb5e62c54fc19e7325df75983faf75,INS,2023,19540,,1,,gx-no-cache=1678460532423 HTTP/1.1" 200 4190
200.54.103.162 - - [10/Mar/2023:12:17:36 -0300] "GET /cormun/servlet/vesolicitudot?2023,19540,,General HTTP/1.1" 200 8735
200.54.103.162 - - [10/Mar/2023:12:17:36 -0300] "GET /cormun/pexe_scrolldiv.js HTTP/1.1" 404 1009
200.54.103.162 - - [10/Mar/2023:12:17:36 -0300] "GET /cormun/servlet/vesolicitudot?2023,19540,,General HTTP/1.1" 200 8735
200.54.103.162 - - [10/Mar/2023:12:17:42 -0300] "GET /cormun/servlet/trsolicitudot? HTTP/1.1" 200 9499
200.54.103.162 - - [10/Mar/2023:12:17:42 -0300] "GET /cormun/servlet/trsolicitudot? HTTP/1.1" 200 9494
200.73.229.70 - - [10/Mar/2023:12:17:43 -0300] "POST /cormun/servlet/solicitudotadjuntos?5edb5e62c54fc19e7325df75983faf75,INS,2023,19540,,1,,gx-no-cache=1678460541516 HTTP/1.1" 200 93
200.73.229.70 - - [10/Mar/2023:12:17:43 -0300] "GET /cormun/servlet/hpexe_return? HTTP/1.1" 200 1031
200.73.229.70 - - [10/Mar/2023:12:17:43 -0300] "GET /cormun/static/gxcfg.js?201991422392976 HTTP/1.1" 200 953
200.73.229.70 - - [10/Mar/2023:12:17:43 -0300] "GET /cormun/static/hpexe_return.js?201991422392984 HTTP/1.1" 200 1633
200.73.229.70 - - [10/Mar/2023:12:17:44 -0300] "GET /cormun/servlet/trsolicitudadjuntos?2023,19540, HTTP/1.1" 200 10435
200.73.229.70 - - [10/Mar/2023:12:17:45 -0300] "GET /cormun/servlet/trsolicitudadjuntos?2023,19540, HTTP/1.1" 200 10435
200.73.229.70 - - [10/Mar/2023:12:17:50 -0300] "POST /cormun/servlet/trsolicitudadjuntos?5edb5e62c54fc19e7325df75983faf75,2023,19540,,gx-no-cache=1678460548835 HTTP/1.1" 200 90
200.73.229.70 - - [10/Mar/2023:12:17:50 -0300] "GET /cormun/servlet/hpexe_link HTTP/1.1" 200 976
200.73.229.70 - - [10/Mar/2023:12:17:50 -0300] "GET /cormun/servlet/trsolicitudot? HTTP/1.1" 200 9879
200.73.229.70 - - [10/Mar/2023:12:17:51 -0300] "GET /cormun/servlet/trsolicitudot? HTTP/1.1" 200 9878
200.54.103.162 - - [10/Mar/2023:12:17:54 -0300] "GET /cormun/servlet/solicitudot?INS,0,0,false, HTTP/1.1" 200 16193
200.54.103.162 - - [10/Mar/2023:12:17:55 -0300] "GET /cormun/servlet/solicitudot?INS,0,0,false, HTTP/1.1" 200 16201
200.73.229.70 - - [10/Mar/2023:12:17:56 -0300] "POST /cormun/servlet/trsolicitudot?5edb5e62c54fc19e7325df75983faf75,,gx-no-cache=1678460555196 HTTP/1.1" 200 107
200.73.229.70 - - [10/Mar/2023:12:17:57 -0300] "GET /cormun/servlet/trsolicitudadjuntos?2023,19540, HTTP/1.1" 200 10430
200.73.229.70 - - [10/Mar/2023:12:17:58 -0300] "GET /cormun/servlet/trsolicitudadjuntos?2023,19540, HTTP/1.1" 200 10434
200.73.229.70 - - [10/Mar/2023:12:18:02 -0300] "POST /cormun/servlet/trsolicitudadjuntos?5edb5e62c54fc19e7325df75983faf75,2023,19540,,gx-no-cache=1678460561155 HTTP/1.1" 200 90
200.73.229.70 - - [10/Mar/2023:12:18:02 -0300] "GET /cormun/servlet/hpexe_link HTTP/1.1" 200 974
200.73.229.70 - - [10/Mar/2023:12:18:03 -0300] "GET /cormun/servlet/trsolicitudot HTTP/1.1" 200 9879
200.73.229.70 - - [10/Mar/2023:12:18:03 -0300] "GET /cormun/servlet/trsolicitudot HTTP/1.1" 200 9878
200.73.229.70 - - [10/Mar/2023:12:18:07 -0300] "POST /cormun/servlet/trsolicitudot?5edb5e62c54fc19e7325df75983faf75,gx-no-cache=1678460565595 HTTP/1.1" 200 107
200.73.229.70 - - [10/Mar/2023:12:18:07 -0300] "GET /cormun/servlet/trsolicitudadjuntos?2023,19537, HTTP/1.1" 200 10488
200.73.229.70 - - [10/Mar/2023:12:18:09 -0300] "GET /cormun/servlet/trsolicitudadjuntos?2023,19537, HTTP/1.1" 200 10494
200.73.229.70 - - [10/Mar/2023:12:18:12 -0300] "POST /cormun/servlet/trsolicitudadjuntos?5edb5e62c54fc19e7325df75983faf75,2023,19537,,gx-no-cache=1678460570737 HTTP/1.1" 200 90
200.73.229.70 - - [10/Mar/2023:12:18:12 -0300] "GET /cormun/servlet/hpexe_link HTTP/1.1" 200 975
200.73.229.70 - - [10/Mar/2023:12:18:12 -0300] "GET /cormun/servlet/trsolicitudot HTTP/1.1" 200 9879
200.73.229.70 - - [10/Mar/2023:12:18:13 -0300] "GET /cormun/servlet/trsolicitudot HTTP/1.1" 200 9878
190.46.88.50 - - [10/Mar/2023:12:18:52 -0300] "GET /cormun/servlet/trvisualizadoreventos? HTTP/1.1" 200 5892
190.46.88.50 - - [10/Mar/2023:12:18:52 -0300] "GET /cormun/servlet/hlogin HTTP/1.1" 200 1746
190.46.88.50 - - [10/Mar/2023:12:18:52 -0300] "GET /cormun/servlet/trvisualizadoreventos? HTTP/1.1" 200 5885
190.46.88.50 - - [10/Mar/2023:12:19:02 -0300] "POST /cormun/servlet/hlogin?85fecbcae154036cc78b086dc7c41ed4,gx-no-cache=1678460621342 HTTP/1.1" 200 90
190.46.88.50 - - [10/Mar/2023:12:19:02 -0300] "GET /cormun/servlet/hpexe_link HTTP/1.1" 200 962
190.46.88.50 - - [10/Mar/2023:12:19:02 -0300] "GET /cormun/servlet/trvisualizadoreventos HTTP/1.1" 200 6909
190.46.88.50 - - [10/Mar/2023:12:19:03 -0300] "GET /cormun/servlet/trvisualizadoreventos HTTP/1.1" 200 6907
190.171.152.138 - - [10/Mar/2023:12:19:05 -0300] "POST /cormun/servlet/permisosadjuntos?2b5102d96934c142fdc546edfa341e33,INS,16492844,P,20230310115144,, HTTP/1.1" 200 116
190.171.152.138 - - [10/Mar/2023:12:19:05 -0300] "GET /cormun/servlet/hpexe_return? HTTP/1.1" 200 1036
190.171.152.138 - - [10/Mar/2023:12:19:06 -0300] "GET /cormun/servlet/trpermisosadjuntos?16492844,20230310115144,P, HTTP/1.1" 200 6634
190.46.88.50 - - [10/Mar/2023:12:19:06 -0300] "GET /cormun/servlet/trvisualizadoreventos? HTTP/1.1" 200 6907
190.46.88.50 - - [10/Mar/2023:12:19:06 -0300] "GET /cormun/servlet/trvisualizadoreventos? HTTP/1.1" 200 6907
190.171.152.138 - - [10/Mar/2023:12:19:06 -0300] "GET /cormun/servlet/trpermisosadjuntos?16492844,20230310115144,P, HTTP/1.1" 200 6629
190.171.152.138 - - [10/Mar/2023:12:19:11 -0300] "POST /cormun/servlet/trpermisosadjuntos?2b5102d96934c142fdc546edfa341e33,16492844,20230310115144,P,,gx-no-cache=1678460631295 HTTP/1.1" 200 90
190.171.152.138 - - [10/Mar/2023:12:19:11 -0300] "GET /cormun/servlet/hpexe_link HTTP/1.1" 200 981
190.171.152.138 - - [10/Mar/2023:12:19:12 -0300] "GET /cormun/servlet/trpermisosgoce HTTP/1.1" 200 8438
190.171.152.138 - - [10/Mar/2023:12:19:12 -0300] "GET /cormun/servlet/trpermisosgoce HTTP/1.1" 200 8436
190.171.152.138 - - [10/Mar/2023:12:19:19 -0300] "POST /cormun/servlet/trpermisosgoce?2b5102d96934c142fdc546edfa341e33,gx-no-cache=1678460638996 HTTP/1.1" 200 5799
190.171.152.138 - - [10/Mar/2023:12:19:20 -0300] "GET /cormun/static/Shared/jqueryui/images/ui-bg_highlight-soft_100_c6c2c8_1x100.png HTTP/1.1" 404 1117
190.171.152.138 - - [10/Mar/2023:12:19:20 -0300] "GET /cormun/static/Shared/jqueryui/images/ui-icons_82798d_256x240.png HTTP/1.1" 404 1089
190.171.152.138 - - [10/Mar/2023:12:19:20 -0300] "GET /cormun/static/Shared/jqueryui/images/ui-icons_8d78a5_256x240.png HTTP/1.1" 404 1089
190.171.152.138 - - [10/Mar/2023:12:19:20 -0300] "GET /cormun/static/Shared/jqueryui/images/ui-bg_flat_55_fafafa_40x100.png HTTP/1.1" 404 1097
200.73.229.70 - - [10/Mar/2023:12:19:41 -0300] "GET /cormun/servlet/trautorizarsolicitud? HTTP/1.1" 200 7472
200.73.229.70 - - [10/Mar/2023:12:19:41 -0300] "GET /cormun/static/gxcfg.js?201991422414522 HTTP/1.1" 200 953
200.73.229.70 - - [10/Mar/2023:12:19:41 -0300] "GET /cormun/static/trautorizarsolicitud.js?201991422415463 HTTP/1.1" 200 53910
200.73.229.70 - - [10/Mar/2023:12:19:41 -0300] "GET /cormun/servlet/trautorizarsolicitud? HTTP/1.1" 200 7472
200.73.229.70 - - [10/Mar/2023:12:19:48 -0300] "POST /cormun/servlet/trautorizarsolicitud?5edb5e62c54fc19e7325df75983faf75,,gx-no-cache=1678460666816 HTTP/1.1" 200 6899
190.171.152.138 - - [10/Mar/2023:12:20:27 -0300] "GET /cormun/servlet/hlogin HTTP/1.1" 200 1739
190.171.152.138 - - [10/Mar/2023:12:20:43 -0300] "POST /cormun/servlet/hlogin?2b5102d96934c142fdc546edfa341e33,gx-no-cache=1678460723257 HTTP/1.1" 200 90
190.171.152.138 - - [10/Mar/2023:12:20:44 -0300] "GET /cormun/servlet/hpexe_link HTTP/1.1" 200 951
190.171.152.138 - - [10/Mar/2023:12:20:44 -0300] "GET /cormun/servlet/hhome HTTP/1.1" 200 4311
190.171.152.138 - - [10/Mar/2023:12:20:44 -0300] "GET /cormun/servlet/hhome HTTP/1.1" 200 4309
190.171.152.138 - - [10/Mar/2023:12:20:49 -0300] "GET /cormun/servlet/trautorizarpermisogoce? HTTP/1.1" 200 7987
190.171.152.138 - - [10/Mar/2023:12:20:49 -0300] "GET /cormun/servlet/trautorizarpermisogoce? HTTP/1.1" 200 7986
190.171.152.138 - - [10/Mar/2023:12:21:11 -0300] "POST /cormun/servlet/trautorizarpermisogoce?2b5102d96934c142fdc546edfa341e33,,gx-no-cache=1678460750180 HTTP/1.1" 200 4505
190.171.152.138 - - [10/Mar/2023:12:21:11 -0300] "GET /cormun/static/Shared/jqueryui/images/ui-bg_highlight-soft_100_c6c2c8_1x100.png HTTP/1.1" 404 1117
190.171.152.138 - - [10/Mar/2023:12:21:11 -0300] "GET /cormun/static/Shared/jqueryui/images/ui-icons_82798d_256x240.png HTTP/1.1" 404 1089
190.171.152.138 - - [10/Mar/2023:12:21:11 -0300] "GET /cormun/static/Shared/jqueryui/images/ui-bg_flat_55_fafafa_40x100.png HTTP/1.1" 404 1097
190.171.152.138 - - [10/Mar/2023:12:21:11 -0300] "GET /cormun/static/Shared/jqueryui/images/ui-icons_8d78a5_256x240.png HTTP/1.1" 404 1089
190.171.152.138 - - [10/Mar/2023:12:21:22 -0300] "GET /cormun/servlet/hlogin HTTP/1.1" 200 1748
200.73.229.70 - - [10/Mar/2023:12:21:45 -0300] "POST /cormun/servlet/trautorizarsolicitud?5edb5e62c54fc19e7325df75983faf75,,gx-no-cache=1678460784164 HTTP/1.1" 200 90
200.73.229.70 - - [10/Mar/2023:12:21:45 -0300] "GET /cormun/servlet/hpexe_link HTTP/1.1" 200 968
200.73.229.70 - - [10/Mar/2023:12:21:47 -0300] "GET /cormun/servlet/trsolicitudot HTTP/1.1" 200 9879
200.73.229.70 - - [10/Mar/2023:12:21:48 -0300] "GET /cormun/servlet/trsolicitudot HTTP/1.1" 200 9878
190.171.152.138 - - [10/Mar/2023:12:22:14 -0300] "POST /cormun/servlet/hlogin?2b5102d96934c142fdc546edfa341e33,gx-no-cache=1678460814097 HTTP/1.1" 200 90
190.171.152.138 - - [10/Mar/2023:12:22:14 -0300] "GET /cormun/servlet/hpexe_link HTTP/1.1" 200 951
190.171.152.138 - - [10/Mar/2023:12:22:15 -0300] "GET /cormun/servlet/hhome HTTP/1.1" 200 3848
190.171.152.138 - - [10/Mar/2023:12:22:15 -0300] "GET /cormun/servlet/hhome HTTP/1.1" 200 3846
190.171.152.138 - - [10/Mar/2023:12:22:19 -0300] "GET /cormun/servlet/trpermisosgoce? HTTP/1.1" 200 8403
190.171.152.138 - - [10/Mar/2023:12:22:20 -0300] "GET /cormun/servlet/trpermisosgoce? HTTP/1.1" 200 8402
200.73.229.70 - - [10/Mar/2023:12:23:43 -0300] "GET /cormun/servlet/trautorizarsolicitud? HTTP/1.1" 200 9768
200.73.229.70 - - [10/Mar/2023:12:23:44 -0300] "GET /cormun/servlet/trautorizarsolicitud? HTTP/1.1" 200 9768
190.171.152.138 - - [10/Mar/2023:12:23:50 -0300] "GET /cormun/servlet/hlogin HTTP/1.1" 200 1743
186.172.239.227 - - [10/Mar/2023:12:25:20 -0300] "GET /cormun/servlet/hlogin HTTP/1.1" 200 1729
186.172.239.227 - - [10/Mar/2023:12:25:24 -0300] "POST /cormun/servlet/hlogin?3388f360ab9fbe8e5dbca2ad2b6a13f1,gx-no-cache=1678461002376 HTTP/1.1" 200 90
186.172.239.227 - - [10/Mar/2023:12:25:24 -0300] "GET /cormun/servlet/hpexe_link HTTP/1.1" 200 968
186.172.239.227 - - [10/Mar/2023:12:25:24 -0300] "GET /cormun/servlet/solicitudot?INS,0,0,false, HTTP/1.1" 200 15771
186.172.239.227 - - [10/Mar/2023:12:25:25 -0300] "GET /cormun/servlet/solicitudot?INS,0,0,false, HTTP/1.1" 200 15777
200.73.229.70 - - [10/Mar/2023:12:25:44 -0300] "GET /cormun/servlet/trautorizarsolicitud? HTTP/1.1" 200 9768
200.73.229.70 - - [10/Mar/2023:12:25:44 -0300] "GET /cormun/servlet/trautorizarsolicitud? HTTP/1.1" 200 9768
200.73.229.70 - - [10/Mar/2023:12:25:54 -0300] "POST /cormun/servlet/trautorizarsolicitud?5edb5e62c54fc19e7325df75983faf75,,gx-no-cache=1678461032610 HTTP/1.1" 200 4565
200.73.229.70 - - [10/Mar/2023:12:26:03 -0300] "POST /cormun/servlet/trautorizarsolicitud?5edb5e62c54fc19e7325df75983faf75,,gx-no-cache=1678461041646 HTTP/1.1" 200 4566
200.73.229.70 - - [10/Mar/2023:12:26:08 -0300] "POST /cormun/servlet/trautorizarsolicitud?5edb5e62c54fc19e7325df75983faf75,,gx-no-cache=1678461047069 HTTP/1.1" 200 6503
200.73.229.70 - - [10/Mar/2023:12:26:18 -0300] "POST /cormun/servlet/trautorizarsolicitud?5edb5e62c54fc19e7325df75983faf75,,gx-no-cache=1678461056357 HTTP/1.1" 200 6514
200.73.229.70 - - [10/Mar/2023:12:26:18 -0300] "GET /cormun/static/Shared/jqueryui/images/ui-bg_highlight-soft_100_c6c2c8_1x100.png HTTP/1.1" 404 1117
200.73.229.70 - - [10/Mar/2023:12:26:18 -0300] "GET /cormun/static/Shared/jqueryui/images/ui-icons_82798d_256x240.png HTTP/1.1" 404 1089
200.73.229.70 - - [10/Mar/2023:12:26:19 -0300] "GET /cormun/static/Shared/jqueryui/images/ui-bg_flat_55_fafafa_40x100.png HTTP/1.1" 404 1097
200.73.229.70 - - [10/Mar/2023:12:26:19 -0300] "GET /cormun/static/Shared/jqueryui/images/ui-icons_8d78a5_256x240.png HTTP/1.1" 404 1089
200.73.229.70 - - [10/Mar/2023:12:26:30 -0300] "POST /cormun/servlet/trautorizarsolicitud?5edb5e62c54fc19e7325df75983faf75,,gx-no-cache=1678461068805 HTTP/1.1" 200 4565
200.73.229.70 - - [10/Mar/2023:12:26:41 -0300] "POST /cormun/servlet/trautorizarsolicitud?5edb5e62c54fc19e7325df75983faf75,,gx-no-cache=1678461080106 HTTP/1.1" 200 6898
186.172.239.227 - - [10/Mar/2023:12:26:42 -0300] "GET /cormun/servlet/trsolicitudot? HTTP/1.1" 200 10409
186.172.239.227 - - [10/Mar/2023:12:26:43 -0300] "GET /cormun/servlet/trsolicitudot? HTTP/1.1" 200 10401
186.172.239.227 - - [10/Mar/2023:12:26:44 -0300] "GET /cormun/static/menuarrow.gif HTTP/1.1" 404 1015
200.73.229.70 - - [10/Mar/2023:12:26:45 -0300] "POST /cormun/servlet/trautorizarsolicitud?5edb5e62c54fc19e7325df75983faf75,,gx-no-cache=1678461083678 HTTP/1.1" 200 6909
200.73.229.70 - - [10/Mar/2023:12:26:49 -0300] "POST /cormun/servlet/trautorizarsolicitud?5edb5e62c54fc19e7325df75983faf75,,gx-no-cache=1678461088148 HTTP/1.1" 200 6910
200.73.229.70 - - [10/Mar/2023:12:26:53 -0300] "POST /cormun/servlet/trautorizarsolicitud?5edb5e62c54fc19e7325df75983faf75,,gx-no-cache=1678461091469 HTTP/1.1" 200 6910
190.171.142.42 - - [10/Mar/2023:12:27:17 -0300] "GET /cormun/servlet/hlogin HTTP/1.1" 200 1722
186.172.239.227 - - [10/Mar/2023:12:27:28 -0300] "GET /cormun/servlet/solicitudot?INS,0,0,false, HTTP/1.1" 200 15771
186.172.239.227 - - [10/Mar/2023:12:27:29 -0300] "GET /cormun/servlet/solicitudot?INS,0,0,false, HTTP/1.1" 200 15778
200.73.229.70 - - [10/Mar/2023:12:27:35 -0300] "GET /cormun/servlet/hlogin HTTP/1.1" 200 1751
186.172.239.227 - - [10/Mar/2023:12:27:41 -0300] "POST /cormun/servlet/solicitudot?gx-no-cache=1678461139204 HTTP/1.1" 200 3943
186.172.239.227 - - [10/Mar/2023:12:27:41 -0300] "POST /cormun/servlet/solicitudot?3388f360ab9fbe8e5dbca2ad2b6a13f1,INS,0,0,false,,gx-no-cache=1678461139659 HTTP/1.1" 200 12499
186.172.239.227 - - [10/Mar/2023:12:27:45 -0300] "GET /cormun/servlet/solicitudot?6b9a5225ccd59ceafa1363770d425529c0fd94f38e9d7c416216d7dd3e7d227811314a5b60b994e1ac6567ba7b43f3e6,gx-no-cache=1678461143936 HTTP/1.1" 200 30
190.171.142.42 - - [10/Mar/2023:12:28:06 -0300] "POST /cormun/servlet/hlogin?baf3619db6b0743655b1c18fc3c408c2,gx-no-cache=1678461164932 HTTP/1.1" 200 90
190.171.142.42 - - [10/Mar/2023:12:28:06 -0300] "GET /cormun/servlet/hpexe_link HTTP/1.1" 200 946
190.171.142.42 - - [10/Mar/2023:12:28:06 -0300] "GET /cormun/servlet/hhome HTTP/1.1" 200 4192
190.171.142.42 - - [10/Mar/2023:12:28:07 -0300] "GET /cormun/servlet/hhome HTTP/1.1" 200 4188
190.171.142.42 - - [10/Mar/2023:12:28:09 -0300] "GET /cormun/servlet/trsolicitudot? HTTP/1.1" 200 8820
190.171.142.42 - - [10/Mar/2023:12:28:09 -0300] "GET /cormun/servlet/trsolicitudot? HTTP/1.1" 200 8818
190.171.142.42 - - [10/Mar/2023:12:28:12 -0300] "GET /cormun/servlet/solicitudot?INS,0,0,false, HTTP/1.1" 200 16046
190.171.142.42 - - [10/Mar/2023:12:28:12 -0300] "GET /cormun/static/gxcfg.js?20203414241232 HTTP/1.1" 200 953
190.171.142.42 - - [10/Mar/2023:12:28:12 -0300] "GET /cormun/static/solicitudot.js?20203414242792 HTTP/1.1" 200 74114
190.171.142.42 - - [10/Mar/2023:12:28:12 -0300] "GET /cormun/servlet/solicitudot?INS,0,0,false, HTTP/1.1" 200 16053
186.172.239.227 - - [10/Mar/2023:12:34:08 -0300] "GET /cormun/servlet/solicitudot?6b9a5225ccd59ceafa1363770d425529baf373e8d3e0f646fa94dd5b9ac6eba1c751be7db5965eabef0f609e2a01687743cc45a48c7cd8f3fbb010ec24ccc2bd,gx-no-cache=1678461526221 HTTP/1.1" 200 30
186.172.239.227 - - [10/Mar/2023:12:34:09 -0300] "GET /cormun/servlet/solicitudot?6b9a5225ccd59ceafa1363770d4255293f53fa142aac7fca4a7b36b2412ff9e0,gx-no-cache=1678461528040 HTTP/1.1" 200 53
186.172.239.227 - - [10/Mar/2023:12:34:23 -0300] "POST /cormun/servlet/solicitudot?gx-no-cache=1678461541604 HTTP/1.1" 200 297
186.172.239.227 - - [10/Mar/2023:12:34:23 -0300] "GET /cormun/servlet/solicitudot?6b9a5225ccd59ceafa1363770d4255291545aa29a2ae65e7c2a6d87f40da5256b895435634ac30f6dfaa58c3284cc093f627f95d6772e55c7e158fe053580e797e2b76f388a8a3bd66405af12a985924cb933f190d7c1955a3c40712c8876a4fdcde7e58e886b9df1f053bbc9dd0076d79123e30513f9951a743919cfc3c7e4e77971d0ef927e2dffa30ae67b655bc79dd56cb9d7581f242aa0e28d0e8e82dec9a9e5d177121daf65148a843e0c8efaf9d992cdb91339485dabf5c1b7f1e18e04acbd9824f6e67d8738c3cb596983ae68fe9d56ab68ffe6c348d9b8102853550d7a79ca9b84ff4d5fc0ac40a1d61d2395883a692e3ca2030b7299d7ca3ff3d8f76364248c879db26a31b70c3b602eefaff788a73474539d550dae5a8371089e1103983b96113bedb3853dd40286ebb4d8da738fdad0938ccae164099681c584f2d12053ab84667e114994978597535524d6b909c143f69501bfb7e96cb6bfb5c77ff4c0e527285bd2837a6940547b4e05b25088e861cfbde3fa9eac432618e21aa6631301152167acaa12225a584ddf6,gx-no-cache=1678461541678 HTTP/1.1" 200 30
186.172.239.227 - - [10/Mar/2023:12:34:25 -0300] "POST /cormun/servlet/solicitudot?gx-no-cache=1678461543304 HTTP/1.1" 200 30
186.172.239.227 - - [10/Mar/2023:12:34:26 -0300] "POST /cormun/servlet/solicitudot?gx-no-cache=1678461544249 HTTP/1.1" 200 1466
186.172.239.227 - - [10/Mar/2023:12:34:26 -0300] "POST /cormun/servlet/solicitudot?gx-no-cache=1678461544361 HTTP/1.1" 200 38
190.171.149.90 - - [10/Mar/2023:12:34:28 -0300] "GET /cormun/servlet/hlogin HTTP/1.1" 200 1730
190.171.149.90 - - [10/Mar/2023:12:34:33 -0300] "POST /cormun/servlet/hlogin?601af4557772ce088ccd783e1e5f1d79,gx-no-cache=1678461584673 HTTP/1.1" 200 90
190.171.149.90 - - [10/Mar/2023:12:34:33 -0300] "GET /cormun/servlet/hpexe_link HTTP/1.1" 200 958
190.171.149.90 - - [10/Mar/2023:12:34:33 -0300] "GET /cormun/servlet/hhome HTTP/1.1" 200 3952
190.171.149.90 - - [10/Mar/2023:12:34:34 -0300] "GET /cormun/servlet/hhome HTTP/1.1" 200 3949
190.171.149.90 - - [10/Mar/2023:12:34:37 -0300] "GET /cormun/servlet/trpermisosgoce? HTTP/1.1" 200 9199
190.171.149.90 - - [10/Mar/2023:12:34:39 -0300] "GET /cormun/servlet/trpermisosgoce? HTTP/1.1" 200 9196
190.171.149.90 - - [10/Mar/2023:12:34:41 -0300] "GET /cormun/servlet/permisogoce?INS,0,,, HTTP/1.1" 200 6815
190.171.149.90 - - [10/Mar/2023:12:34:43 -0300] "GET /cormun/servlet/permisogoce?INS,0,,, HTTP/1.1" 200 6816
190.171.149.90 - - [10/Mar/2023:12:34:55 -0300] "GET /cormun/servlet/permisogoce?ef3aa9b14833df19423b4c2093b393509de2f8db858bc6cddd8e944a75f408f97d7df9d374cd23316676d74accdf639b362253321fc866f5f56b8a711ee04b9a,gx-no-cache=1678461606307 HTTP/1.1" 200 85
190.171.149.90 - - [10/Mar/2023:12:34:56 -0300] "GET /cormun/static/menuarrow.gif HTTP/1.1" 404 1015
190.171.149.90 - - [10/Mar/2023:12:35:04 -0300] "GET /cormun/servlet/permisogoce?ef3aa9b14833df19423b4c2093b393507c42c049a7e3c846643f2c64f1c0e361820eaff61c616aba4aa341a2a48770c44f4de1b6dc6da98e81d72c466a630809,gx-no-cache=1678461616101 HTTP/1.1" 200 48
190.171.149.90 - - [10/Mar/2023:12:35:08 -0300] "POST /cormun/servlet/permisogoce?601af4557772ce088ccd783e1e5f1d79,INS,0,,,,gx-no-cache=1678461619173 HTTP/1.1" 200 93
190.171.149.90 - - [10/Mar/2023:12:35:08 -0300] "GET /cormun/servlet/hpexe_return? HTTP/1.1" 200 1015
190.171.149.90 - - [10/Mar/2023:12:35:08 -0300] "GET /cormun/servlet/trpermisosgoce HTTP/1.1" 200 9384
190.171.149.90 - - [10/Mar/2023:12:35:10 -0300] "GET /cormun/servlet/trpermisosgoce HTTP/1.1" 200 9379
190.171.149.90 - - [10/Mar/2023:12:35:14 -0300] "GET /cormun/servlet/apermisogoceprn?11983436,P,20230310121919,PU HTTP/1.1" 200 1647
186.172.239.227 - - [10/Mar/2023:12:36:00 -0300] "GET /cormun/servlet/solicitudot?6b9a5225ccd59ceafa1363770d4255299875c3ecdb018fdf751efbba81151bf0ce4fc82de461d1869f38af62e0e289bb117ac725003ec2db7e79e24967a4ebeed52309685f1f92f3fcef8b0080d628224c201ab821ce696e78fd49b8382cc46955d0d54cedc594c0163dbd31bb849482,gx-no-cache=1678461638870 HTTP/1.1" 200 110
186.172.239.227 - - [10/Mar/2023:12:36:14 -0300] "POST /cormun/servlet/solicitudot?gx-no-cache=1678461652344 HTTP/1.1" 200 83
186.172.239.227 - - [10/Mar/2023:12:36:44 -0300] "GET /cormun/servlet/solicitudot?6b9a5225ccd59ceafa1363770d425529c4cbd45a3edd6c6ba1a95eaaf918d29de79b54305d1e4cd6b89613696f79862360dd4cdbde949b68f6db415d49209d2f035f1d6ab642c6b74dba28c4b17087246c352927059b58ae4b592f33668fdbe85e91fcb701bb2e13be1861e3379c91ac,gx-no-cache=1678461682518 HTTP/1.1" 200 29
186.172.239.227 - - [10/Mar/2023:12:36:44 -0300] "GET /cormun/static/menuarrow.gif HTTP/1.1" 404 1015
186.172.239.227 - - [10/Mar/2023:12:36:46 -0300] "GET /cormun/servlet/solicitudot?6b9a5225ccd59ceafa1363770d42552900bbb715ca08a027654d30fb7c3f3445b186548f9cd2a056ba7f852009514fd0,gx-no-cache=1678461685061 HTTP/1.1" 200 30
186.172.239.227 - - [10/Mar/2023:12:36:59 -0300] "POST /cormun/servlet/solicitudot?gx-no-cache=1678461698105 HTTP/1.1" 200 30
186.172.239.227 - - [10/Mar/2023:12:37:00 -0300] "POST /cormun/servlet/solicitudot?3388f360ab9fbe8e5dbca2ad2b6a13f1,INS,0,0,false,,gx-no-cache=1678461698192 HTTP/1.1" 200 93
186.172.239.227 - - [10/Mar/2023:12:37:00 -0300] "GET /cormun/servlet/hpexe_return? HTTP/1.1" 200 1012
186.172.239.227 - - [10/Mar/2023:12:37:01 -0300] "GET /cormun/servlet/trsolicitudot HTTP/1.1" 200 10788
186.172.239.227 - - [10/Mar/2023:12:37:01 -0300] "GET /cormun/servlet/trsolicitudot HTTP/1.1" 200 10783
186.172.239.227 - - [10/Mar/2023:12:37:04 -0300] "POST /cormun/servlet/trsolicitudot?3388f360ab9fbe8e5dbca2ad2b6a13f1,gx-no-cache=1678461702066 HTTP/1.1" 200 107
186.172.239.227 - - [10/Mar/2023:12:37:04 -0300] "GET /cormun/servlet/trsolicitudadjuntos?2023,19541, HTTP/1.1" 200 6011
186.172.239.227 - - [10/Mar/2023:12:37:04 -0300] "GET /cormun/servlet/trsolicitudadjuntos?2023,19541, HTTP/1.1" 200 6011
200.54.103.162 - - [10/Mar/2023:12:37:25 -0300] "GET /cormun/servlet/hlogin HTTP/1.1" 200 1726
200.54.103.162 - - [10/Mar/2023:12:37:28 -0300] "POST /cormun/servlet/hlogin?02d09055bd26696a977324b97d417978,gx-no-cache=1678461763309 HTTP/1.1" 200 90
200.54.103.162 - - [10/Mar/2023:12:37:28 -0300] "GET /cormun/servlet/hpexe_link HTTP/1.1" 200 951
200.54.103.162 - - [10/Mar/2023:12:37:28 -0300] "GET /cormun/servlet/hhome HTTP/1.1" 200 4346
200.54.103.162 - - [10/Mar/2023:12:37:29 -0300] "GET /cormun/servlet/hhome HTTP/1.1" 200 4342
200.54.103.162 - - [10/Mar/2023:12:37:31 -0300] "GET /cormun/servlet/trsolicitudot? HTTP/1.1" 200 9498
200.54.103.162 - - [10/Mar/2023:12:37:31 -0300] "GET /cormun/servlet/trsolicitudot? HTTP/1.1" 200 9496
200.54.103.162 - - [10/Mar/2023:12:37:34 -0300] "GET /cormun/servlet/solicitudot?INS,0,0,false, HTTP/1.1" 200 16195
200.54.103.162 - - [10/Mar/2023:12:37:34 -0300] "GET /cormun/servlet/solicitudot?INS,0,0,false, HTTP/1.1" 200 16202
200.54.103.162 - - [10/Mar/2023:12:37:51 -0300] "POST /cormun/servlet/solicitudot?gx-no-cache=1678461786375 HTTP/1.1" 200 3943
200.54.103.162 - - [10/Mar/2023:12:37:52 -0300] "POST /cormun/servlet/solicitudot?02d09055bd26696a977324b97d417978,INS,0,0,false,,gx-no-cache=1678461786791 HTTP/1.1" 200 12769
200.54.103.162 - - [10/Mar/2023:12:37:56 -0300] "GET /cormun/servlet/solicitudot?8ee43912e7e11a82cc151b0bfef91115c064b0a16091969653f2732be52469932e26c9ec3bcaba1358a1697558d04209,gx-no-cache=1678461791665 HTTP/1.1" 200 30
186.172.239.227 - - [10/Mar/2023:12:37:57 -0300] "GET /cormun/servlet/solicitudotadjuntos?INS,2023,19541,,1, HTTP/1.1" 200 5953
186.172.239.227 - - [10/Mar/2023:12:37:57 -0300] "GET /cormun/static/about:blank HTTP/1.1" 404 1011
186.172.239.227 - - [10/Mar/2023:12:37:57 -0300] "GET /cormun/servlet/solicitudotadjuntos?INS,2023,19541,,1, HTTP/1.1" 200 5946
186.172.239.227 - - [10/Mar/2023:12:37:58 -0300] "GET /cormun/servlet/solicitudotadjuntos?6b9a5225ccd59ceafa1363770d425529eb72ed2ad817de429ec9e4e6079aeedda4bed53028b50c725abf3501ee2f074e,gx-no-cache=1678461756135 HTTP/1.1" 200 30
186.172.239.227 - - [10/Mar/2023:12:38:00 -0300] "POST /cormun/servlet/solicitudotadjuntos?3388f360ab9fbe8e5dbca2ad2b6a13f1,INS,2023,19541,,1,,gx-no-cache=1678461756408 HTTP/1.1" 200 3876
186.172.239.227 - - [10/Mar/2023:12:38:03 -0300] "POST /cormun/servlet/solicitudotadjuntos?gx-no-cache=1678461761212 HTTP/1.1" 200 26
186.172.239.227 - - [10/Mar/2023:12:38:31 -0300] "GET /cormun/servlet/solicitudotadjuntos?6b9a5225ccd59ceafa1363770d425529f4d1acd5206b6200e66717f1709a6b5c,gx-no-cache=1678461785520 HTTP/1.1" 200 30
186.172.239.227 - - [10/Mar/2023:12:38:32 -0300] "GET /cormun/servlet/solicitudotadjuntos?6b9a5225ccd59ceafa1363770d425529f4d1acd5206b6200e66717f1709a6b5c,gx-no-cache=1678461789779 HTTP/1.1" 200 30
186.172.239.227 - - [10/Mar/2023:12:38:37 -0300] "POST /cormun/servlet/solicitudotadjuntos?3388f360ab9fbe8e5dbca2ad2b6a13f1,INS,2023,19541,,1, HTTP/1.1" 200 116
186.172.239.227 - - [10/Mar/2023:12:38:37 -0300] "GET /cormun/servlet/hpexe_return? HTTP/1.1" 200 1029
186.172.239.227 - - [10/Mar/2023:12:38:37 -0300] "GET /cormun/servlet/trsolicitudadjuntos?2023,19541, HTTP/1.1" 200 8875
186.172.239.227 - - [10/Mar/2023:12:38:38 -0300] "GET /cormun/servlet/trsolicitudadjuntos?2023,19541, HTTP/1.1" 200 8870
186.172.239.227 - - [10/Mar/2023:12:38:40 -0300] "GET /cormun/servlet/solicitudotadjuntos?INS,2023,19541,,1, HTTP/1.1" 200 5952
186.172.239.227 - - [10/Mar/2023:12:38:41 -0300] "GET /cormun/static/about:blank HTTP/1.1" 404 1011
186.172.239.227 - - [10/Mar/2023:12:38:41 -0300] "GET /cormun/servlet/solicitudotadjuntos?INS,2023,19541,,1, HTTP/1.1" 200 5945
186.172.239.227 - - [10/Mar/2023:12:38:41 -0300] "GET /cormun/servlet/solicitudotadjuntos?6b9a5225ccd59ceafa1363770d425529eb72ed2ad817de429ec9e4e6079aeedda4bed53028b50c725abf3501ee2f074e,gx-no-cache=1678461799738 HTTP/1.1" 200 30
186.172.239.227 - - [10/Mar/2023:12:38:43 -0300] "POST /cormun/servlet/solicitudotadjuntos?3388f360ab9fbe8e5dbca2ad2b6a13f1,INS,2023,19541,,1,,gx-no-cache=1678461799974 HTTP/1.1" 200 3873
186.172.239.227 - - [10/Mar/2023:12:38:46 -0300] "POST /cormun/servlet/solicitudotadjuntos?gx-no-cache=1678461804391 HTTP/1.1" 200 26
186.172.239.227 - - [10/Mar/2023:12:38:57 -0300] "GET /cormun/servlet/solicitudotadjuntos?6b9a5225ccd59ceafa1363770d425529f4d1acd5206b6200e66717f1709a6b5c,gx-no-cache=1678461815270 HTTP/1.1" 200 30
186.172.239.227 - - [10/Mar/2023:12:38:57 -0300] "GET /cormun/servlet/solicitudotadjuntos?6b9a5225ccd59ceafa1363770d425529f4d1acd5206b6200e66717f1709a6b5c,gx-no-cache=1678461815592 HTTP/1.1" 200 30
186.172.239.227 - - [10/Mar/2023:12:39:04 -0300] "POST /cormun/servlet/solicitudotadjuntos?3388f360ab9fbe8e5dbca2ad2b6a13f1,INS,2023,19541,,1, HTTP/1.1" 200 116
186.172.239.227 - - [10/Mar/2023:12:39:05 -0300] "GET /cormun/servlet/hpexe_return? HTTP/1.1" 200 1029
186.172.239.227 - - [10/Mar/2023:12:39:05 -0300] "GET /cormun/servlet/trsolicitudadjuntos?2023,19541, HTTP/1.1" 200 9105
186.172.239.227 - - [10/Mar/2023:12:39:06 -0300] "GET /cormun/servlet/trsolicitudadjuntos?2023,19541, HTTP/1.1" 200 9102
186.172.239.227 - - [10/Mar/2023:12:39:09 -0300] "GET /cormun/servlet/solicitudotadjuntos?INS,2023,19541,,1, HTTP/1.1" 200 5952
186.172.239.227 - - [10/Mar/2023:12:39:09 -0300] "GET /cormun/static/about:blank HTTP/1.1" 404 1011
186.172.239.227 - - [10/Mar/2023:12:39:09 -0300] "GET /cormun/servlet/solicitudotadjuntos?INS,2023,19541,,1, HTTP/1.1" 200 5945
186.172.239.227 - - [10/Mar/2023:12:39:09 -0300] "GET /cormun/servlet/solicitudotadjuntos?6b9a5225ccd59ceafa1363770d425529eb72ed2ad817de429ec9e4e6079aeedda4bed53028b50c725abf3501ee2f074e,gx-no-cache=1678461827958 HTTP/1.1" 200 30
186.172.239.227 - - [10/Mar/2023:12:39:11 -0300] "POST /cormun/servlet/solicitudotadjuntos?3388f360ab9fbe8e5dbca2ad2b6a13f1,INS,2023,19541,,1,,gx-no-cache=1678461828169 HTTP/1.1" 200 3873
186.172.239.227 - - [10/Mar/2023:12:39:14 -0300] "POST /cormun/servlet/solicitudotadjuntos?gx-no-cache=1678461832727 HTTP/1.1" 200 26
200.54.103.162 - - [10/Mar/2023:12:39:31 -0300] "GET /cormun/servlet/prbanco?,MD,,gxPopupLevel%3D0%3B HTTP/1.1" 200 6650
186.172.239.227 - - [10/Mar/2023:12:39:37 -0300] "GET /cormun/servlet/solicitudotadjuntos?6b9a5225ccd59ceafa1363770d425529f4d1acd5206b6200e66717f1709a6b5c,gx-no-cache=1678461849534 HTTP/1.1" 200 30
186.172.239.227 - - [10/Mar/2023:12:39:37 -0300] "GET /cormun/servlet/solicitudotadjuntos?6b9a5225ccd59ceafa1363770d425529f4d1acd5206b6200e66717f1709a6b5c,gx-no-cache=1678461855863 HTTP/1.1" 200 30
200.54.103.162 - - [10/Mar/2023:12:39:40 -0300] "GET /cormun/servlet/solicitudot?8ee43912e7e11a82cc151b0bfef911159121f7e4682813cd8faafadc38b15a34e755d16f3f51b72f5b329a9472629af1291b8ff962642dc23ce36b07a68d2f54,gx-no-cache=1678461894942 HTTP/1.1" 200 30
200.54.103.162 - - [10/Mar/2023:12:39:42 -0300] "GET /cormun/servlet/solicitudot?8ee43912e7e11a82cc151b0bfef911154ab05bcef21068216f996d6de9b46fe2,gx-no-cache=1678461896958 HTTP/1.1" 200 53
186.172.239.227 - - [10/Mar/2023:12:39:42 -0300] "POST /cormun/servlet/solicitudotadjuntos?3388f360ab9fbe8e5dbca2ad2b6a13f1,INS,2023,19541,,1, HTTP/1.1" 200 116
186.172.239.227 - - [10/Mar/2023:12:39:42 -0300] "GET /cormun/servlet/hpexe_return? HTTP/1.1" 200 1029
186.172.239.227 - - [10/Mar/2023:12:39:43 -0300] "GET /cormun/servlet/trsolicitudadjuntos?2023,19541, HTTP/1.1" 200 9295
186.172.239.227 - - [10/Mar/2023:12:39:43 -0300] "GET /cormun/servlet/trsolicitudadjuntos?2023,19541, HTTP/1.1" 200 9296
200.54.103.162 - - [10/Mar/2023:12:40:01 -0300] "POST /cormun/servlet/solicitudot?gx-no-cache=1678461916445 HTTP/1.1" 200 255
200.54.103.162 - - [10/Mar/2023:12:40:04 -0300] "GET /cormun/servlet/solicitudot?8ee43912e7e11a82cc151b0bfef911151412f4ed69b5ea7412517e6d6ad55af0b5bb87f620afe53fa496d243ebbc8d75eb411b56f2b12f3d9e02bacb20173703be1da505f02ac618194b7cff2a0a0ab1b74db717b7e51047dddc7008f5072df8767eee7b54f9620ddb1211857ed10f0318bef75c613d889f1c5f41e7660ecfe993e6588674286e7207a16fe38319149a998f88bd2b1e46a18b0a6d1fd401109174d91d533eb0d5e760b578ae6cf3710ddb6a9c6893f5f62a6b34b376aeb459344178023ec9bc7248598a3ff5cfbc70b0cccfd2b02c690ec4e17719742592c025dfef3f9f6d261e6529e4b75ab798907b2abedfaf950a7c525e8b2e1e3217393820292d8766a1a8907efd0f459418fd176c29417a06fe1cd73eac4b8e3b50fbc98cdbca2cbb150deb2d591b7b33495d58b96d38091d7e8ca13cf3d872e32aa1da7a5b0aa9e1c6234ddf698d8ddbfa1327b765508dbaa8612ab1871420d62e1d0723b3a7ec65ab3ee28b97746ddf4208917c6cddf9bf47d35e16d4119b40e93296,gx-no-cache=1678461919181 HTTP/1.1" 200 30
186.172.239.227 - - [10/Mar/2023:12:40:10 -0300] "GET /cormun/servlet/solicitudotadjuntos?INS,2023,19541,,1, HTTP/1.1" 200 5952
186.172.239.227 - - [10/Mar/2023:12:40:10 -0300] "GET /cormun/static/about:blank HTTP/1.1" 404 1011
186.172.239.227 - - [10/Mar/2023:12:40:10 -0300] "GET /cormun/servlet/solicitudotadjuntos?INS,2023,19541,,1, HTTP/1.1" 200 5945
186.172.239.227 - - [10/Mar/2023:12:40:10 -0300] "GET /cormun/servlet/solicitudotadjuntos?6b9a5225ccd59ceafa1363770d425529eb72ed2ad817de429ec9e4e6079aeedda4bed53028b50c725abf3501ee2f074e,gx-no-cache=1678461889028 HTTP/1.1" 200 30
186.172.239.227 - - [10/Mar/2023:12:40:11 -0300] "POST /cormun/servlet/solicitudotadjuntos?3388f360ab9fbe8e5dbca2ad2b6a13f1,INS,2023,19541,,1,,gx-no-cache=1678461889093 HTTP/1.1" 200 3875
200.54.103.162 - - [10/Mar/2023:12:40:13 -0300] "POST /cormun/servlet/solicitudot?gx-no-cache=1678461928668 HTTP/1.1" 200 30
200.54.103.162 - - [10/Mar/2023:12:40:15 -0300] "POST /cormun/servlet/solicitudot?gx-no-cache=1678461930199 HTTP/1.1" 200 1466
200.54.103.162 - - [10/Mar/2023:12:40:15 -0300] "POST /cormun/servlet/solicitudot?gx-no-cache=1678461930242 HTTP/1.1" 200 38
200.73.229.70 - - [10/Mar/2023:12:40:38 -0300] "GET /cormun/servlet/hlogin HTTP/1.1" 200 1733
200.73.229.70 - - [10/Mar/2023:12:40:48 -0300] "POST /cormun/servlet/hlogin?28e832533ead7733c38b1b51429abe66,gx-no-cache=1678461926406 HTTP/1.1" 200 90
200.73.229.70 - - [10/Mar/2023:12:40:48 -0300] "GET /cormun/servlet/hpexe_link HTTP/1.1" 200 957
200.73.229.70 - - [10/Mar/2023:12:40:48 -0300] "GET /cormun/servlet/hhome HTTP/1.1" 200 4351
200.73.229.70 - - [10/Mar/2023:12:40:51 -0300] "GET /cormun/servlet/hhome HTTP/1.1" 200 4349
200.73.229.70 - - [10/Mar/2023:12:40:54 -0300] "GET /cormun/servlet/trsolicitudot? HTTP/1.1" 200 9503
200.73.229.70 - - [10/Mar/2023:12:40:55 -0300] "GET /cormun/servlet/trsolicitudot? HTTP/1.1" 200 9501
186.172.239.227 - - [10/Mar/2023:12:41:01 -0300] "POST /cormun/servlet/solicitudotadjuntos?gx-no-cache=1678461939151 HTTP/1.1" 200 26
186.172.239.227 - - [10/Mar/2023:12:41:14 -0300] "GET /cormun/servlet/solicitudotadjuntos?6b9a5225ccd59ceafa1363770d425529f4d1acd5206b6200e66717f1709a6b5c,gx-no-cache=1678461952942 HTTP/1.1" 200 30
186.172.239.227 - - [10/Mar/2023:12:41:14 -0300] "GET /cormun/servlet/solicitudotadjuntos?6b9a5225ccd59ceafa1363770d425529f4d1acd5206b6200e66717f1709a6b5c,gx-no-cache=1678461953051 HTTP/1.1" 200 30
186.172.239.227 - - [10/Mar/2023:12:41:16 -0300] "POST /cormun/servlet/solicitudotadjuntos?3388f360ab9fbe8e5dbca2ad2b6a13f1,INS,2023,19541,,1, HTTP/1.1" 200 116
186.172.239.227 - - [10/Mar/2023:12:41:17 -0300] "GET /cormun/servlet/hpexe_return? HTTP/1.1" 200 1029
186.172.239.227 - - [10/Mar/2023:12:41:17 -0300] "GET /cormun/servlet/trsolicitudadjuntos?2023,19541, HTTP/1.1" 200 9608
186.172.239.227 - - [10/Mar/2023:12:41:18 -0300] "GET /cormun/servlet/trsolicitudadjuntos?2023,19541, HTTP/1.1" 200 9607
186.172.239.227 - - [10/Mar/2023:12:41:27 -0300] "GET /cormun/servlet/solicitudotadjuntos?INS,2023,19541,,1, HTTP/1.1" 200 5952
200.73.229.70 - - [10/Mar/2023:12:41:27 -0300] "GET /cormun/servlet/trautorizarsolicitud? HTTP/1.1" 200 7473
186.172.239.227 - - [10/Mar/2023:12:41:27 -0300] "GET /cormun/static/about:blank HTTP/1.1" 404 1011
186.172.239.227 - - [10/Mar/2023:12:41:27 -0300] "GET /cormun/servlet/solicitudotadjuntos?INS,2023,19541,,1, HTTP/1.1" 200 5946
200.73.229.70 - - [10/Mar/2023:12:41:28 -0300] "GET /cormun/servlet/trautorizarsolicitud? HTTP/1.1" 200 7473
186.172.239.227 - - [10/Mar/2023:12:41:28 -0300] "GET /cormun/servlet/solicitudotadjuntos?6b9a5225ccd59ceafa1363770d425529eb72ed2ad817de429ec9e4e6079aeedda4bed53028b50c725abf3501ee2f074e,gx-no-cache=1678461966279 HTTP/1.1" 200 30
186.172.239.227 - - [10/Mar/2023:12:41:28 -0300] "POST /cormun/servlet/solicitudotadjuntos?3388f360ab9fbe8e5dbca2ad2b6a13f1,INS,2023,19541,,1,,gx-no-cache=1678461966422 HTTP/1.1" 200 3875
186.172.239.227 - - [10/Mar/2023:12:41:32 -0300] "POST /cormun/servlet/solicitudotadjuntos?gx-no-cache=1678461970511 HTTP/1.1" 200 26
200.73.229.70 - - [10/Mar/2023:12:41:37 -0300] "POST /cormun/servlet/trautorizarsolicitud?28e832533ead7733c38b1b51429abe66,,gx-no-cache=1678461975813 HTTP/1.1" 200 4567
186.172.239.227 - - [10/Mar/2023:12:41:41 -0300] "GET /cormun/servlet/solicitudotadjuntos?6b9a5225ccd59ceafa1363770d425529f4d1acd5206b6200e66717f1709a6b5c,gx-no-cache=1678461979182 HTTP/1.1" 200 30
186.172.239.227 - - [10/Mar/2023:12:41:41 -0300] "GET /cormun/servlet/solicitudotadjuntos?6b9a5225ccd59ceafa1363770d425529f4d1acd5206b6200e66717f1709a6b5c,gx-no-cache=1678461979346 HTTP/1.1" 200 30
