190.171.141.138 - - [07/Mar/2023:12:23:57 -0300] "POST /cormun/servlet/solicitudotadjuntos?3711744de1f62c580aa96b8ed27c2300,INS,2023,19457,,1,,gx-no-cache=1678201717129 HTTP/1.1" 200 4151
181.212.43.89 - - [07/Mar/2023:12:23:59 -0300] "GET /cormun/servlet/solicitudot?2a2e83cc68e6cb00bf2a59a7736e8c2a23a4b89f4e8c95bbdd9ac584e9f2224a2db77b22f16e869cf75dda151946b559,gx-no-cache=1678201718485 HTTP/1.1" 200 30
190.171.141.138 - - [07/Mar/2023:12:24:01 -0300] "POST /cormun/servlet/solicitudotadjuntos?gx-no-cache=1678201720446 HTTP/1.1" 200 26
181.212.43.89 - - [07/Mar/2023:12:24:07 -0300] "POST /cormun/servlet/solicitudot?gx-no-cache=1678201726146 HTTP/1.1" 200 30
190.171.141.138 - - [07/Mar/2023:12:24:08 -0300] "GET /cormun/servlet/solicitudotadjuntos?d6e3cc81a20fbd03a35f82173951d48f5b0a34ec1c789601de79587bd2deb7e8,gx-no-cache=1678201727701 HTTP/1.1" 200 30
190.171.141.138 - - [07/Mar/2023:12:24:08 -0300] "GET /cormun/servlet/solicitudotadjuntos?d6e3cc81a20fbd03a35f82173951d48f5b0a34ec1c789601de79587bd2deb7e8,gx-no-cache=1678201727723 HTTP/1.1" 200 30
190.171.141.138 - - [07/Mar/2023:12:24:08 -0300] "POST /cormun/servlet/solicitudotadjuntos?3711744de1f62c580aa96b8ed27c2300,INS,2023,19457,,1, HTTP/1.1" 200 116
190.171.141.138 - - [07/Mar/2023:12:24:08 -0300] "GET /cormun/servlet/hpexe_return? HTTP/1.1" 200 1023
190.171.141.138 - - [07/Mar/2023:12:24:08 -0300] "GET /cormun/servlet/trsolicitudadjuntos?2023,19457, HTTP/1.1" 200 9712
190.171.141.138 - - [07/Mar/2023:12:24:09 -0300] "GET /cormun/servlet/trsolicitudadjuntos?2023,19457, HTTP/1.1" 200 9709
181.212.43.89 - - [07/Mar/2023:12:24:11 -0300] "POST /cormun/servlet/solicitudot?e5e08bd3f0bb2d081d7d2f3eeaec6043,INS,0,0,false,,gx-no-cache=1678201729438 HTTP/1.1" 200 12594
190.171.149.74 - - [07/Mar/2023:12:24:11 -0300] "GET /cormun/servlet/prbanco?,MD,,gxPopupLevel%3D0%3B HTTP/1.1" 200 6542
190.171.141.138 - - [07/Mar/2023:12:24:11 -0300] "GET /cormun/servlet/solicitudotadjuntos?INS,2023,19457,,1, HTTP/1.1" 200 6510
190.171.141.138 - - [07/Mar/2023:12:24:12 -0300] "GET /cormun/static/about:blank HTTP/1.1" 404 1011
190.171.141.138 - - [07/Mar/2023:12:24:12 -0300] "GET /cormun/servlet/solicitudotadjuntos?INS,2023,19457,,1, HTTP/1.1" 200 6504
190.171.141.138 - - [07/Mar/2023:12:24:12 -0300] "GET /cormun/servlet/solicitudotadjuntos?d6e3cc81a20fbd03a35f82173951d48f1aa8ba5ff8cc13128cfefd0a373ca97dc703aff76dc47018a50b17dc977154a2,gx-no-cache=1678201731851 HTTP/1.1" 200 30
190.171.141.138 - - [07/Mar/2023:12:24:12 -0300] "POST /cormun/servlet/solicitudotadjuntos?3711744de1f62c580aa96b8ed27c2300,INS,2023,19457,,1,,gx-no-cache=1678201731866 HTTP/1.1" 200 4151
190.171.149.74 - - [07/Mar/2023:12:24:14 -0300] "GET /cormun/servlet/solicitudot?e26862e9ab49b8d9f4a1fbbb1db931c61a1d09e28083ed17844b09a8b606e435de1d155fa42402ea4b779e6be3339c7b8d04ac6f590242561b8ed38fe9300ed2,gx-no-cache=1678205444455 HTTP/1.1" 200 30
190.171.149.74 - - [07/Mar/2023:12:24:15 -0300] "GET /cormun/servlet/solicitudot?e26862e9ab49b8d9f4a1fbbb1db931c6c8091684c3120e52e1051fbb0535ba6f,gx-no-cache=1678205445346 HTTP/1.1" 200 45
190.171.141.138 - - [07/Mar/2023:12:24:15 -0300] "POST /cormun/servlet/solicitudotadjuntos?gx-no-cache=1678201734366 HTTP/1.1" 200 26
190.171.141.138 - - [07/Mar/2023:12:24:20 -0300] "GET /cormun/servlet/solicitudotadjuntos?d6e3cc81a20fbd03a35f82173951d48f5b0a34ec1c789601de79587bd2deb7e8,gx-no-cache=1678201739757 HTTP/1.1" 200 30
190.171.141.138 - - [07/Mar/2023:12:24:20 -0300] "GET /cormun/servlet/solicitudotadjuntos?d6e3cc81a20fbd03a35f82173951d48f5b0a34ec1c789601de79587bd2deb7e8,gx-no-cache=1678201739783 HTTP/1.1" 200 30
190.171.141.138 - - [07/Mar/2023:12:24:20 -0300] "POST /cormun/servlet/solicitudotadjuntos?3711744de1f62c580aa96b8ed27c2300,INS,2023,19457,,1, HTTP/1.1" 200 116
190.171.141.138 - - [07/Mar/2023:12:24:20 -0300] "GET /cormun/servlet/hpexe_return? HTTP/1.1" 200 1023
190.171.141.138 - - [07/Mar/2023:12:24:21 -0300] "GET /cormun/servlet/trsolicitudadjuntos?2023,19457, HTTP/1.1" 200 9960
190.171.141.138 - - [07/Mar/2023:12:24:21 -0300] "GET /cormun/servlet/trsolicitudadjuntos?2023,19457, HTTP/1.1" 200 9960
190.171.149.74 - - [07/Mar/2023:12:24:23 -0300] "POST /cormun/servlet/solicitudot?gx-no-cache=1678205453662 HTTP/1.1" 200 255
190.171.141.138 - - [07/Mar/2023:12:24:23 -0300] "GET /cormun/servlet/solicitudotadjuntos?INS,2023,19457,,1, HTTP/1.1" 200 6510
190.171.141.138 - - [07/Mar/2023:12:24:24 -0300] "GET /cormun/static/about:blank HTTP/1.1" 404 1011
190.171.141.138 - - [07/Mar/2023:12:24:24 -0300] "GET /cormun/servlet/solicitudotadjuntos?INS,2023,19457,,1, HTTP/1.1" 200 6504
190.171.141.138 - - [07/Mar/2023:12:24:24 -0300] "GET /cormun/servlet/solicitudotadjuntos?d6e3cc81a20fbd03a35f82173951d48f1aa8ba5ff8cc13128cfefd0a373ca97dc703aff76dc47018a50b17dc977154a2,gx-no-cache=1678201743821 HTTP/1.1" 200 30
190.171.141.138 - - [07/Mar/2023:12:24:24 -0300] "POST /cormun/servlet/solicitudotadjuntos?3711744de1f62c580aa96b8ed27c2300,INS,2023,19457,,1,,gx-no-cache=1678201743839 HTTP/1.1" 200 4152
190.171.141.138 - - [07/Mar/2023:12:24:26 -0300] "POST /cormun/servlet/solicitudotadjuntos?gx-no-cache=1678201746046 HTTP/1.1" 200 26
190.171.149.74 - - [07/Mar/2023:12:24:26 -0300] "POST /cormun/servlet/solicitudot?gx-no-cache=1678205457135 HTTP/1.1" 200 256
190.171.149.74 - - [07/Mar/2023:12:24:28 -0300] "GET /cormun/servlet/solicitudot?e26862e9ab49b8d9f4a1fbbb1db931c6204380a5fd17401438f5d110acb4ab3890ad0603472da616f1014a5a36fbe1f22eff852664d98fb22535c18420df5159af82e244d6191b41a8f19e947a8a9ebb991161ddc03f9b47a755341ffb9cfa904076ef1219e1f98f16c062ca70cbba3bbbbdbe2b176f74eb935cc596fdb6de0e529bd740e0e97e7c62e8c4fe942bee9a7924eefd5cee5f66f135a4683faba0cd9260f7125c9a3a480c878b44e1d12a6de3013318d61dda6a8f214545a9f8e0c710444b1ea1fb98cbe223eb079246905c91da041b7646f2fc624cb8039d333961d2434e48650beaf29a57187ec85de212bf18e935860c6405dac3b1e4bc01d8ce6f62316fb004ce7fbb2cb20b1ab4de353d007a6f7fc95e628288f5d9bf6217f60e46f093e8bf3b43c8755ba8c658da78a6ef90632a2cd0e591a3730a966df2d37bd82335199824cf01c2f30d81ae501ba83c3bb59df6fb22eb000c900d4c9356f18c4d638fe8d0091193a164378eb192cfbd2f399372e3853632cd84b8e1bf48,gx-no-cache=1678205458555 HTTP/1.1" 200 30
190.171.141.138 - - [07/Mar/2023:12:24:32 -0300] "GET /cormun/servlet/solicitudotadjuntos?d6e3cc81a20fbd03a35f82173951d48f5b0a34ec1c789601de79587bd2deb7e8,gx-no-cache=1678201751806 HTTP/1.1" 200 30
190.171.141.138 - - [07/Mar/2023:12:24:32 -0300] "GET /cormun/servlet/solicitudotadjuntos?d6e3cc81a20fbd03a35f82173951d48f5b0a34ec1c789601de79587bd2deb7e8,gx-no-cache=1678201751830 HTTP/1.1" 200 30
190.171.141.138 - - [07/Mar/2023:12:24:32 -0300] "POST /cormun/servlet/solicitudotadjuntos?3711744de1f62c580aa96b8ed27c2300,INS,2023,19457,,1, HTTP/1.1" 200 116
190.171.141.138 - - [07/Mar/2023:12:24:32 -0300] "GET /cormun/servlet/hpexe_return? HTTP/1.1" 200 1023
190.171.141.138 - - [07/Mar/2023:12:24:33 -0300] "GET /cormun/servlet/trsolicitudadjuntos?2023,19457, HTTP/1.1" 200 10176
190.171.141.138 - - [07/Mar/2023:12:24:33 -0300] "GET /cormun/servlet/trsolicitudadjuntos?2023,19457, HTTP/1.1" 200 10175
190.171.141.138 - - [07/Mar/2023:12:24:36 -0300] "GET /cormun/servlet/solicitudotadjuntos?INS,2023,19457,,1, HTTP/1.1" 200 6510
190.171.141.138 - - [07/Mar/2023:12:24:36 -0300] "GET /cormun/static/about:blank HTTP/1.1" 404 1011
190.171.141.138 - - [07/Mar/2023:12:24:36 -0300] "GET /cormun/servlet/solicitudotadjuntos?INS,2023,19457,,1, HTTP/1.1" 200 6504
190.171.141.138 - - [07/Mar/2023:12:24:36 -0300] "GET /cormun/servlet/solicitudotadjuntos?d6e3cc81a20fbd03a35f82173951d48f1aa8ba5ff8cc13128cfefd0a373ca97dc703aff76dc47018a50b17dc977154a2,gx-no-cache=1678201756071 HTTP/1.1" 200 30
190.171.141.138 - - [07/Mar/2023:12:24:36 -0300] "POST /cormun/servlet/solicitudotadjuntos?3711744de1f62c580aa96b8ed27c2300,INS,2023,19457,,1,,gx-no-cache=1678201756084 HTTP/1.1" 200 4152
190.171.141.138 - - [07/Mar/2023:12:24:42 -0300] "POST /cormun/servlet/solicitudotadjuntos?gx-no-cache=1678201761742 HTTP/1.1" 200 26
190.171.149.74 - - [07/Mar/2023:12:24:56 -0300] "POST /cormun/servlet/solicitudot?gx-no-cache=1678205486861 HTTP/1.1" 200 30
190.171.141.138 - - [07/Mar/2023:12:24:58 -0300] "GET /cormun/servlet/solicitudotadjuntos?d6e3cc81a20fbd03a35f82173951d48f5b0a34ec1c789601de79587bd2deb7e8,gx-no-cache=1678201777797 HTTP/1.1" 200 30
190.171.141.138 - - [07/Mar/2023:12:24:58 -0300] "GET /cormun/servlet/solicitudotadjuntos?d6e3cc81a20fbd03a35f82173951d48f5b0a34ec1c789601de79587bd2deb7e8,gx-no-cache=1678201777817 HTTP/1.1" 200 30
190.171.141.138 - - [07/Mar/2023:12:24:58 -0300] "POST /cormun/servlet/solicitudotadjuntos?3711744de1f62c580aa96b8ed27c2300,INS,2023,19457,,1, HTTP/1.1" 200 116
190.171.141.138 - - [07/Mar/2023:12:24:58 -0300] "GET /cormun/servlet/hpexe_return? HTTP/1.1" 200 1023
190.171.141.138 - - [07/Mar/2023:12:24:59 -0300] "GET /cormun/servlet/trsolicitudadjuntos?2023,19457, HTTP/1.1" 200 10521
190.171.141.138 - - [07/Mar/2023:12:24:59 -0300] "GET /cormun/servlet/trsolicitudadjuntos?2023,19457, HTTP/1.1" 200 10518
190.171.149.74 - - [07/Mar/2023:12:25:06 -0300] "GET /cormun/servlet/prcontratosol?26775334,,,,,MD,,gxPopupLevel%3D0%3B HTTP/1.1" 200 5611
190.171.149.74 - - [07/Mar/2023:12:25:06 -0300] "GET /cormun/static/gxcfg.js?2019914201458 HTTP/1.1" 200 953
190.171.149.74 - - [07/Mar/2023:12:25:06 -0300] "GET /cormun/static/prcontratosol.js?20199142014772 HTTP/1.1" 200 15806
190.171.149.74 - - [07/Mar/2023:12:25:09 -0300] "POST /cormun/servlet/solicitudot?gx-no-cache=1678205499783 HTTP/1.1" 200 1549
190.171.149.74 - - [07/Mar/2023:12:25:09 -0300] "GET /cormun/static/Shared/jqueryui/images/ui-bg_highlight-soft_100_c6c2c8_1x100.png HTTP/1.1" 404 1117
190.171.149.74 - - [07/Mar/2023:12:25:09 -0300] "GET /cormun/static/Shared/jqueryui/images/ui-icons_82798d_256x240.png HTTP/1.1" 404 1089
190.171.149.74 - - [07/Mar/2023:12:25:09 -0300] "GET /cormun/static/Shared/jqueryui/images/ui-bg_flat_55_994d53_40x100.png HTTP/1.1" 404 1097
190.171.149.74 - - [07/Mar/2023:12:25:09 -0300] "GET /cormun/static/Shared/jqueryui/images/ui-icons_ebccce_256x240.png HTTP/1.1" 404 1089
190.171.149.74 - - [07/Mar/2023:12:25:09 -0300] "POST /cormun/servlet/solicitudot?gx-no-cache=1678205499826 HTTP/1.1" 200 117
190.171.149.74 - - [07/Mar/2023:12:25:09 -0300] "GET /cormun/servlet/solicitudot?e26862e9ab49b8d9f4a1fbbb1db931c6ee17835017adc00d87953dfc4b874f3586bbe74101da4270e7cad4d0f3577600d5f5d616ef2ec8268b4d75bec4c0ac0feb0d76f1f71e3c298b6871508a4919763b9d5299cf235b16b3562844d08c13214862008350a2ce1ed19ad19bed8f5d66,gx-no-cache=1678205499878 HTTP/1.1" 200 110
190.171.149.74 - - [07/Mar/2023:12:25:09 -0300] "POST /cormun/servlet/solicitudot?gx-no-cache=1678205499965 HTTP/1.1" 200 64
190.171.149.74 - - [07/Mar/2023:12:25:09 -0300] "GET /cormun/servlet/solicitudot?e26862e9ab49b8d9f4a1fbbb1db931c61567c198abea9c29c03c97d6e27820549427ec28fbd1ee8c60428886f314786764c7984d77dc4c5a84a3d795d3f55a165ad39c716149b20eeb3b5c87278131b1b1f0f68bff5c0e2fe7f5119801ed3d20526943d04b0c0a0abd490f737e74b31f,gx-no-cache=1678205500064 HTTP/1.1" 200 29
190.171.149.74 - - [07/Mar/2023:12:25:09 -0300] "GET /cormun/servlet/solicitudot?e26862e9ab49b8d9f4a1fbbb1db931c62ed00edbcab52760aad846dd9c7467db,gx-no-cache=1678205500099 HTTP/1.1" 200 30
190.171.149.74 - - [07/Mar/2023:12:25:10 -0300] "GET /cormun/servlet/prsolicitudot?26775334,,,,,MD,,gxPopupLevel%3D0%3B HTTP/1.1" 200 5912
190.171.149.74 - - [07/Mar/2023:12:25:10 -0300] "GET /cormun/static/gxcfg.js?20201215593468 HTTP/1.1" 200 953
190.171.149.74 - - [07/Mar/2023:12:25:10 -0300] "GET /cormun/static/prsolicitudot.js?20201215593721 HTTP/1.1" 200 13680
190.171.149.74 - - [07/Mar/2023:12:25:20 -0300] "POST /cormun/servlet/solicitudot?gx-no-cache=1678205510625 HTTP/1.1" 200 1549
190.171.149.74 - - [07/Mar/2023:12:25:20 -0300] "POST /cormun/servlet/solicitudot?gx-no-cache=1678205510663 HTTP/1.1" 200 117
190.171.149.74 - - [07/Mar/2023:12:25:20 -0300] "GET /cormun/servlet/solicitudot?e26862e9ab49b8d9f4a1fbbb1db931c6ee17835017adc00d87953dfc4b874f3586bbe74101da4270e7cad4d0f3577600d5f5d616ef2ec8268b4d75bec4c0ac0feb0d76f1f71e3c298b6871508a4919763b9d5299cf235b16b3562844d08c13214862008350a2ce1ed19ad19bed8f5d66,gx-no-cache=1678205510685 HTTP/1.1" 200 110
190.171.149.74 - - [07/Mar/2023:12:25:20 -0300] "GET /cormun/servlet/solicitudot?e26862e9ab49b8d9f4a1fbbb1db931c69f73415705f00c69ec3c341dd35d98ffd567810dc11692a3509914439d3c1eee,gx-no-cache=1678205510717 HTTP/1.1" 200 30
190.171.149.74 - - [07/Mar/2023:12:25:24 -0300] "GET /cormun/servlet/prfichaempleado?,MD,,gxPopupLevel%3D0%3B HTTP/1.1" 200 9282
181.42.42.151 - - [07/Mar/2023:12:25:27 -0300] "GET /cormun/servlet/hlogin HTTP/1.1" 200 1732
181.42.42.151 - - [07/Mar/2023:12:25:27 -0300] "GET /cormun/static/gxtimezone.js?85251 HTTP/1.1" 200 5781
181.42.42.151 - - [07/Mar/2023:12:25:27 -0300] "GET /cormun/static/gxcfg.js?201910216285969 HTTP/1.1" 200 953
181.42.42.151 - - [07/Mar/2023:12:25:27 -0300] "GET /cormun/static/Resources/Spanish/PXTools.css?2294816 HTTP/1.1" 200 100853
181.42.42.151 - - [07/Mar/2023:12:25:28 -0300] "GET /cormun/static/messages.spa.js?85251 HTTP/1.1" 200 30736
181.42.42.151 - - [07/Mar/2023:12:25:28 -0300] "GET /cormun/static/gxgral.js?85251 HTTP/1.1" 200 384558
181.42.42.151 - - [07/Mar/2023:12:25:28 -0300] "GET /cormun/static/hlogin.js?201910216285995 HTTP/1.1" 200 2136
181.42.42.151 - - [07/Mar/2023:12:25:28 -0300] "GET /cormun/static/Resources/Logo2019_Grande.png HTTP/1.1" 200 31733
181.42.42.151 - - [07/Mar/2023:12:25:28 -0300] "GET /cormun/static/Resources/PXToolsLoginTop.png HTTP/1.1" 200 1337
181.42.42.151 - - [07/Mar/2023:12:25:28 -0300] "GET /cormun/static/Resources/PXToolsLoginBackground.png HTTP/1.1" 200 1164
181.42.42.151 - - [07/Mar/2023:12:25:28 -0300] "GET /cormun/static/Resources/PXToolsButtonLeft.png HTTP/1.1" 200 1310
181.42.42.151 - - [07/Mar/2023:12:25:28 -0300] "GET /cormun/static/Resources/PXToolsButtonRight.png HTTP/1.1" 200 1294
181.42.42.151 - - [07/Mar/2023:12:25:28 -0300] "GET /cormun/static/Resources/PXToolsLoginBottom.png HTTP/1.1" 200 1389
181.42.42.151 - - [07/Mar/2023:12:25:28 -0300] "GET /cormun/servlet/hlogin HTTP/1.1" 200 1743
181.42.42.151 - - [07/Mar/2023:12:25:28 -0300] "GET /cormun/static/Resources/indicator.gif HTTP/1.1" 200 1553
181.42.42.151 - - [07/Mar/2023:12:25:28 -0300] "GET /cormun/static/Resources/PXToolsButtonBackground.png HTTP/1.1" 200 1176
181.42.42.151 - - [07/Mar/2023:12:25:28 -0300] "GET /favicon.ico HTTP/1.1" 200 21630
190.171.149.74 - - [07/Mar/2023:12:25:34 -0300] "POST /cormun/servlet/solicitudot?gx-no-cache=1678205525183 HTTP/1.1" 200 1469
190.171.149.74 - - [07/Mar/2023:12:25:37 -0300] "GET /cormun/servlet/prlicenciaspermisos?8998455,L,,MD,,gxPopupLevel%3D0%3B HTTP/1.1" 200 7738
190.171.149.74 - - [07/Mar/2023:12:25:43 -0300] "POST /cormun/servlet/solicitudot?gx-no-cache=1678205534131 HTTP/1.1" 200 41
190.171.149.74 - - [07/Mar/2023:12:25:57 -0300] "GET /cormun/servlet/solicitudot?e26862e9ab49b8d9f4a1fbbb1db931c6ee17835017adc00d87953dfc4b874f3586bbe74101da4270e7cad4d0f3577600d5f5d616ef2ec8268b4d75bec4c0ac0feb0d76f1f71e3c298b6871508a4919763b9d5299cf235b16b3562844d08c13214862008350a2ce1ed19ad19bed8f5d66,gx-no-cache=1678205548263 HTTP/1.1" 200 110
190.171.149.74 - - [07/Mar/2023:12:25:58 -0300] "POST /cormun/servlet/solicitudot?gx-no-cache=1678205548313 HTTP/1.1" 200 97
157.55.39.207 - - [07/Mar/2023:12:26:08 -0300] "GET /cormun/servlet/hpexe_return HTTP/1.1" 200 981
190.171.149.74 - - [07/Mar/2023:12:26:26 -0300] "POST /cormun/servlet/solicitudot?gx-no-cache=1678205576396 HTTP/1.1" 200 32
190.171.149.74 - - [07/Mar/2023:12:26:32 -0300] "POST /cormun/servlet/solicitudot?9be38d3372362b53ac68b4dbfe2eaab1,INS,0,0,false,,gx-no-cache=1678205582220 HTTP/1.1" 200 93
190.171.149.74 - - [07/Mar/2023:12:26:32 -0300] "GET /cormun/servlet/hpexe_return? HTTP/1.1" 200 1009
190.171.149.74 - - [07/Mar/2023:12:26:32 -0300] "GET /cormun/servlet/trsolicitudot HTTP/1.1" 200 8993
190.171.149.74 - - [07/Mar/2023:12:26:33 -0300] "GET /cormun/servlet/trsolicitudot HTTP/1.1" 200 8991
190.171.149.74 - - [07/Mar/2023:12:26:56 -0300] "GET /cormun/servlet/solicitudot?INS,0,0,false, HTTP/1.1" 200 15813
190.171.149.74 - - [07/Mar/2023:12:26:56 -0300] "GET /cormun/servlet/solicitudot?INS,0,0,false, HTTP/1.1" 200 15821
190.171.149.74 - - [07/Mar/2023:12:27:09 -0300] "POST /cormun/servlet/solicitudot?gx-no-cache=1678205620014 HTTP/1.1" 200 3931
190.171.149.74 - - [07/Mar/2023:12:27:10 -0300] "POST /cormun/servlet/solicitudot?9be38d3372362b53ac68b4dbfe2eaab1,INS,0,0,false,,gx-no-cache=1678205620246 HTTP/1.1" 200 12484
190.171.149.74 - - [07/Mar/2023:12:27:13 -0300] "GET /cormun/servlet/solicitudot?e26862e9ab49b8d9f4a1fbbb1db931c62afbffb0cbe9015cf264df261de1e1632a717917c3cddded38192a8261854fef,gx-no-cache=1678205623865 HTTP/1.1" 200 30
190.171.149.74 - - [07/Mar/2023:12:28:15 -0300] "GET /cormun/servlet/prbanco?,MD,,gxPopupLevel%3D0%3B HTTP/1.1" 200 6542
190.171.149.74 - - [07/Mar/2023:12:28:20 -0300] "GET /cormun/servlet/solicitudot?e26862e9ab49b8d9f4a1fbbb1db931c61a1d09e28083ed17844b09a8b606e435de1d155fa42402ea4b779e6be3339c7b8d04ac6f590242561b8ed38fe9300ed2,gx-no-cache=1678205690638 HTTP/1.1" 200 30
190.171.149.74 - - [07/Mar/2023:12:28:21 -0300] "GET /cormun/servlet/solicitudot?e26862e9ab49b8d9f4a1fbbb1db931c6c8091684c3120e52e1051fbb0535ba6f,gx-no-cache=1678205691909 HTTP/1.1" 200 45
181.212.43.89 - - [07/Mar/2023:12:28:27 -0300] "POST /cormun/servlet/solicitudot?e5e08bd3f0bb2d081d7d2f3eeaec6043,INS,0,0,false,,gx-no-cache=1678201984994 HTTP/1.1" 200 93
181.212.43.89 - - [07/Mar/2023:12:28:27 -0300] "GET /cormun/servlet/hpexe_return? HTTP/1.1" 200 1010
181.212.43.89 - - [07/Mar/2023:12:28:27 -0300] "GET /cormun/static/gxcfg.js?201991422392976 HTTP/1.1" 200 953
181.212.43.89 - - [07/Mar/2023:12:28:27 -0300] "GET /cormun/static/hpexe_return.js?201991422392984 HTTP/1.1" 200 1633
181.212.43.89 - - [07/Mar/2023:12:28:27 -0300] "GET /cormun/servlet/hhome HTTP/1.1" 200 4011
181.212.43.89 - - [07/Mar/2023:12:28:27 -0300] "GET /cormun/servlet/hhome HTTP/1.1" 200 4005
181.212.43.89 - - [07/Mar/2023:12:28:31 -0300] "GET /cormun/servlet/trsolicitudot? HTTP/1.1" 200 8630
181.212.43.89 - - [07/Mar/2023:12:28:31 -0300] "GET /cormun//static/Resources/PXToolsActionView.png HTTP/1.1" 200 398
181.212.43.89 - - [07/Mar/2023:12:28:31 -0300] "GET /cormun//static/Resources/PXToolsGridUpdate.png HTTP/1.1" 200 470
181.212.43.89 - - [07/Mar/2023:12:28:31 -0300] "GET /cormun//static/Resources/PXToolsRemoveAllAction.png HTTP/1.1" 200 487
181.212.43.89 - - [07/Mar/2023:12:28:31 -0300] "GET /cormun//static/Resources/PXToolsGridDelete.png HTTP/1.1" 200 538
181.212.43.89 - - [07/Mar/2023:12:28:31 -0300] "GET /cormun/servlet/trsolicitudot? HTTP/1.1" 200 8628
190.171.149.74 - - [07/Mar/2023:12:28:32 -0300] "POST /cormun/servlet/solicitudot?gx-no-cache=1678205702436 HTTP/1.1" 200 255
190.171.149.74 - - [07/Mar/2023:12:28:34 -0300] "GET /cormun/servlet/solicitudot?e26862e9ab49b8d9f4a1fbbb1db931c6204380a5fd17401438f5d110acb4ab384476c652c8599f127cc98c6614bb5a182eff852664d98fb22535c18420df5159af82e244d6191b41a8f19e947a8a9ebb991161ddc03f9b47a755341ffb9cfa904076ef1219e1f98f16c062ca70cbba3bbbbdbe2b176f74eb935cc596fdb6de0e529bd740e0e97e7c62e8c4fe942bee9a7924eefd5cee5f66f135a4683faba0cd9260f7125c9a3a480c878b44e1d12a6de3013318d61dda6a8f214545a9f8e0c710444b1ea1fb98cbe223eb079246905c91da041b7646f2fc624cb8039d333961d2434e48650beaf29a57187ec85de212bf18e935860c6405dac3b1e4bc01d8ce6f62316fb004ce7fbb2cb20b1ab4de35df956a75b32dcc67d914557095720345077be32c3b9f5aea5068ee14ab776352d9b21c26a5a3e7fe88663a71246695abe849dea8b801f38074956b550624034e84e8ffae3cec618ee5ca51f10ea624519468d77d6b4f0a45e5e2c4d26bd505c178d9599138caf62c0ebb515b1f38802c,gx-no-cache=1678205704849 HTTP/1.1" 200 30
190.171.149.74 - - [07/Mar/2023:12:28:43 -0300] "POST /cormun/servlet/solicitudot?gx-no-cache=1678205713970 HTTP/1.1" 200 30
190.171.149.74 - - [07/Mar/2023:12:28:45 -0300] "GET /cormun/servlet/prsolicitudot?26775334,,,,,MD,,gxPopupLevel%3D0%3B HTTP/1.1" 200 5953
190.171.149.74 - - [07/Mar/2023:12:28:48 -0300] "POST /cormun/servlet/solicitudot?gx-no-cache=1678205719015 HTTP/1.1" 200 1549
190.171.149.74 - - [07/Mar/2023:12:28:48 -0300] "GET /cormun/static/Shared/jqueryui/images/ui-bg_highlight-soft_100_c6c2c8_1x100.png HTTP/1.1" 404 1117
190.171.149.74 - - [07/Mar/2023:12:28:48 -0300] "GET /cormun/static/Shared/jqueryui/images/ui-icons_82798d_256x240.png HTTP/1.1" 404 1089
190.171.149.74 - - [07/Mar/2023:12:28:48 -0300] "GET /cormun/static/Shared/jqueryui/images/ui-icons_ebccce_256x240.png HTTP/1.1" 404 1089
190.171.149.74 - - [07/Mar/2023:12:28:48 -0300] "GET /cormun/static/Shared/jqueryui/images/ui-bg_flat_55_994d53_40x100.png HTTP/1.1" 404 1097
190.171.149.74 - - [07/Mar/2023:12:28:48 -0300] "POST /cormun/servlet/solicitudot?gx-no-cache=1678205719056 HTTP/1.1" 200 117
190.171.149.74 - - [07/Mar/2023:12:28:48 -0300] "GET /cormun/servlet/solicitudot?e26862e9ab49b8d9f4a1fbbb1db931c6ee17835017adc00d87953dfc4b874f3586bbe74101da4270e7cad4d0f3577600d5f5d616ef2ec8268b4d75bec4c0ac0feb0d76f1f71e3c298b6871508a4919763b9d5299cf235b16b3562844d08c13214862008350a2ce1ed19ad19bed8f5d66,gx-no-cache=1678205719085 HTTP/1.1" 200 110
190.171.149.74 - - [07/Mar/2023:12:28:48 -0300] "POST /cormun/servlet/solicitudot?gx-no-cache=1678205719125 HTTP/1.1" 200 64
190.171.149.74 - - [07/Mar/2023:12:28:48 -0300] "GET /cormun/servlet/solicitudot?e26862e9ab49b8d9f4a1fbbb1db931c61567c198abea9c29c03c97d6e27820549427ec28fbd1ee8c60428886f314786764c7984d77dc4c5a84a3d795d3f55a165ad39c716149b20eeb3b5c87278131b1b1f0f68bff5c0e2fe7f5119801ed3d20526943d04b0c0a0abd490f737e74b31f,gx-no-cache=1678205719173 HTTP/1.1" 200 29
190.171.149.74 - - [07/Mar/2023:12:28:48 -0300] "GET /cormun/servlet/solicitudot?e26862e9ab49b8d9f4a1fbbb1db931c69f73415705f00c69ec3c341dd35d98ffd567810dc11692a3509914439d3c1eee,gx-no-cache=1678205719207 HTTP/1.1" 200 30
190.171.149.74 - - [07/Mar/2023:12:28:56 -0300] "GET /cormun/servlet/prsolicitudot?26775334,,,,,MD,,gxPopupLevel%3D0%3B HTTP/1.1" 200 5953
190.171.149.74 - - [07/Mar/2023:12:28:59 -0300] "POST /cormun/servlet/solicitudot?gx-no-cache=1678205729472 HTTP/1.1" 200 1549
190.171.149.74 - - [07/Mar/2023:12:28:59 -0300] "POST /cormun/servlet/solicitudot?gx-no-cache=1678205729508 HTTP/1.1" 200 120
190.171.149.74 - - [07/Mar/2023:12:28:59 -0300] "GET /cormun/servlet/solicitudot?e26862e9ab49b8d9f4a1fbbb1db931c6ee17835017adc00d87953dfc4b874f3586bbe74101da4270e7cad4d0f3577600d5f5d616ef2ec8268b4d75bec4c0ac0feb0d76f1f71e3c298b6871508a4919763b9d5299cf235b16b3562844d08c13214862008350a2ce1ed19ad19bed8f5d66,gx-no-cache=1678205729531 HTTP/1.1" 200 110
190.171.149.74 - - [07/Mar/2023:12:28:59 -0300] "GET /cormun/servlet/solicitudot?e26862e9ab49b8d9f4a1fbbb1db931c69f73415705f00c69ec3c341dd35d98ffd567810dc11692a3509914439d3c1eee,gx-no-cache=1678205729554 HTTP/1.1" 200 30
190.171.149.74 - - [07/Mar/2023:12:29:11 -0300] "POST /cormun/servlet/solicitudot?gx-no-cache=1678205741335 HTTP/1.1" 200 1469
186.67.172.234 - - [07/Mar/2023:12:29:13 -0300] "GET /cormun/servlet/prbanco?,MD,,gxPopupLevel%3D0%3B HTTP/1.1" 302 -
186.67.172.234 - - [07/Mar/2023:12:29:13 -0300] "GET /cormun/servlet/hlogin?gxPopupLevel%3D0%3B HTTP/1.1" 200 1769
190.171.149.74 - - [07/Mar/2023:12:29:15 -0300] "GET /cormun/servlet/prlicenciaspermisos?8998455,L,,MD,,gxPopupLevel%3D0%3B HTTP/1.1" 200 7738
186.67.172.234 - - [07/Mar/2023:12:29:17 -0300] "GET /cormun/servlet/solicitudot?880576fc2844b9e9d328b134a973ece4a702d6da9272eaf35846fbd8dcfc16bc93c7277af7b86ca454d172981ff73a941b940eb66ea40df27e997cdda7c55427,gx-no-cache=1678202036606 HTTP/1.1" 440 972
190.171.149.74 - - [07/Mar/2023:12:29:20 -0300] "POST /cormun/servlet/solicitudot?gx-no-cache=1678205750217 HTTP/1.1" 200 41
186.67.172.234 - - [07/Mar/2023:12:29:21 -0300] "GET /cormun/servlet/solicitudot?INS,0,0,false, HTTP/1.1" 200 14981
186.67.172.234 - - [07/Mar/2023:12:29:21 -0300] "GET /cormun/servlet/hlogin HTTP/1.1" 200 1751
186.67.172.234 - - [07/Mar/2023:12:29:21 -0300] "GET /cormun/servlet/solicitudot?INS,0,0,false, HTTP/1.1" 200 14981
181.212.43.89 - - [07/Mar/2023:12:29:22 -0300] "POST /cormun/servlet/trsolicitudot?e5e08bd3f0bb2d081d7d2f3eeaec6043,,gx-no-cache=1678202041160 HTTP/1.1" 200 4591
181.212.43.89 - - [07/Mar/2023:12:29:22 -0300] "GET /cormun/static/Shared/jqueryui/images/ui-bg_highlight-soft_100_c6c2c8_1x100.png HTTP/1.1" 404 1117
181.212.43.89 - - [07/Mar/2023:12:29:22 -0300] "GET /cormun/static/Shared/jqueryui/images/ui-icons_82798d_256x240.png HTTP/1.1" 404 1089
181.212.43.89 - - [07/Mar/2023:12:29:22 -0300] "GET /cormun/static/Shared/jqueryui/images/ui-bg_flat_55_fafafa_40x100.png HTTP/1.1" 404 1097
181.212.43.89 - - [07/Mar/2023:12:29:22 -0300] "GET /cormun/static/Shared/jqueryui/images/ui-icons_8d78a5_256x240.png HTTP/1.1" 404 1089
181.212.43.89 - - [07/Mar/2023:12:29:22 -0300] "POST /cormun/servlet/trsolicitudot?e5e08bd3f0bb2d081d7d2f3eeaec6043,,gx-no-cache=1678202041328 HTTP/1.1" 200 4349
186.67.172.234 - - [07/Mar/2023:12:29:28 -0300] "POST /cormun/servlet/hlogin?dad22c27287d25bfe65911b32f3d8c61,gx-no-cache=1678202047710 HTTP/1.1" 200 90
186.67.172.234 - - [07/Mar/2023:12:29:28 -0300] "GET /cormun/servlet/hpexe_link HTTP/1.1" 200 967
186.67.172.234 - - [07/Mar/2023:12:29:29 -0300] "GET /cormun/servlet/solicitudot?INS,0,0,false, HTTP/1.1" 200 15802
186.67.172.234 - - [07/Mar/2023:12:29:29 -0300] "GET /cormun/servlet/solicitudot?INS,0,0,false, HTTP/1.1" 200 15809
190.171.149.74 - - [07/Mar/2023:12:29:36 -0300] "GET /cormun/servlet/solicitudot?e26862e9ab49b8d9f4a1fbbb1db931c6ee17835017adc00d87953dfc4b874f3586bbe74101da4270e7cad4d0f3577600d5f5d616ef2ec8268b4d75bec4c0ac0feb0d76f1f71e3c298b6871508a4919763b9d5299cf235b16b3562844d08c13214862008350a2ce1ed19ad19bed8f5d66,gx-no-cache=1678205766446 HTTP/1.1" 200 110
190.171.149.74 - - [07/Mar/2023:12:29:36 -0300] "POST /cormun/servlet/solicitudot?gx-no-cache=1678205766489 HTTP/1.1" 200 97
186.67.172.234 - - [07/Mar/2023:12:29:41 -0300] "POST /cormun/servlet/solicitudot?gx-no-cache=1678202060213 HTTP/1.1" 200 3939
186.67.172.234 - - [07/Mar/2023:12:29:41 -0300] "POST /cormun/servlet/solicitudot?dad22c27287d25bfe65911b32f3d8c61,INS,0,0,false,,gx-no-cache=1678202060362 HTTP/1.1" 200 12502
190.171.149.74 - - [07/Mar/2023:12:29:44 -0300] "POST /cormun/servlet/solicitudot?gx-no-cache=1678205774949 HTTP/1.1" 200 32
186.67.172.234 - - [07/Mar/2023:12:29:47 -0300] "GET /cormun/servlet/solicitudot?134c0e772cd16d888d4876c5f2b713910ba2bb9a67d887430e5b08f49aefbc9f6912dfbeaadc1677fbcd52595123b227,gx-no-cache=1678202066311 HTTP/1.1" 200 30
190.171.149.74 - - [07/Mar/2023:12:29:51 -0300] "POST /cormun/servlet/solicitudot?9be38d3372362b53ac68b4dbfe2eaab1,INS,0,0,false,,gx-no-cache=1678205781834 HTTP/1.1" 200 93
190.171.149.74 - - [07/Mar/2023:12:29:51 -0300] "GET /cormun/servlet/hpexe_return? HTTP/1.1" 200 1009
190.171.149.74 - - [07/Mar/2023:12:29:52 -0300] "GET /cormun/servlet/trsolicitudot HTTP/1.1" 200 9283
190.171.149.74 - - [07/Mar/2023:12:29:52 -0300] "GET /cormun/servlet/trsolicitudot HTTP/1.1" 200 9279
190.171.149.74 - - [07/Mar/2023:12:29:55 -0300] "POST /cormun/servlet/trsolicitudot?9be38d3372362b53ac68b4dbfe2eaab1,gx-no-cache=1678205785700 HTTP/1.1" 200 6459
190.171.149.74 - - [07/Mar/2023:12:29:55 -0300] "GET /cormun/static/Shared/jqueryui/images/ui-icons_82798d_256x240.png HTTP/1.1" 404 1089
190.171.149.74 - - [07/Mar/2023:12:29:55 -0300] "GET /cormun/static/Shared/jqueryui/images/ui-bg_highlight-soft_100_c6c2c8_1x100.png HTTP/1.1" 404 1117
190.171.149.74 - - [07/Mar/2023:12:29:55 -0300] "GET /cormun/static/Shared/jqueryui/images/ui-icons_8d78a5_256x240.png HTTP/1.1" 404 1089
190.171.149.74 - - [07/Mar/2023:12:29:55 -0300] "GET /cormun/static/Shared/jqueryui/images/ui-bg_flat_55_fafafa_40x100.png HTTP/1.1" 404 1097
190.171.149.74 - - [07/Mar/2023:12:30:00 -0300] "POST /cormun/servlet/trsolicitudot?9be38d3372362b53ac68b4dbfe2eaab1,gx-no-cache=1678205791116 HTTP/1.1" 200 108
190.171.149.74 - - [07/Mar/2023:12:30:00 -0300] "GET /cormun/servlet/trsolicitudadjuntos?2023,19456, HTTP/1.1" 200 6087
190.171.149.74 - - [07/Mar/2023:12:30:01 -0300] "GET /cormun/static/gxcfg.js?20201215574222 HTTP/1.1" 200 953
190.171.149.74 - - [07/Mar/2023:12:30:01 -0300] "GET /cormun/static/Resources/PXToolsGridNew.png HTTP/1.1" 200 427
190.171.149.74 - - [07/Mar/2023:12:30:01 -0300] "GET /cormun/static/trsolicitudadjuntos.js?20201215574932 HTTP/1.1" 200 17922
190.171.149.74 - - [07/Mar/2023:12:30:01 -0300] "GET /cormun/servlet/trsolicitudadjuntos?2023,19456, HTTP/1.1" 200 6087
190.171.149.74 - - [07/Mar/2023:12:30:03 -0300] "GET /cormun/servlet/solicitudotadjuntos?INS,2023,19456,,1, HTTP/1.1" 200 6031
190.171.149.74 - - [07/Mar/2023:12:30:03 -0300] "GET /cormun/static/gxcfg.js?202012157947 HTTP/1.1" 200 953
190.171.149.74 - - [07/Mar/2023:12:30:03 -0300] "GET /cormun/static/solicitudotadjuntos.js?202012157966 HTTP/1.1" 200 11771
190.171.149.74 - - [07/Mar/2023:12:30:03 -0300] "GET /cormun/static/about:blank HTTP/1.1" 404 1011
190.171.149.74 - - [07/Mar/2023:12:30:03 -0300] "GET /cormun/servlet/solicitudotadjuntos?INS,2023,19456,,1, HTTP/1.1" 200 6025
190.171.149.74 - - [07/Mar/2023:12:30:04 -0300] "GET /cormun/servlet/solicitudotadjuntos?e26862e9ab49b8d9f4a1fbbb1db931c642ff2d43086ba7193460212217658843570d963455096343527a4da4874efd00,gx-no-cache=1678205794367 HTTP/1.1" 200 30
190.171.149.74 - - [07/Mar/2023:12:30:04 -0300] "POST /cormun/servlet/solicitudotadjuntos?9be38d3372362b53ac68b4dbfe2eaab1,INS,2023,19456,,1,,gx-no-cache=1678205794409 HTTP/1.1" 200 3902
190.171.149.74 - - [07/Mar/2023:12:30:06 -0300] "POST /cormun/servlet/solicitudotadjuntos?gx-no-cache=1678205796929 HTTP/1.1" 200 26
186.67.172.234 - - [07/Mar/2023:12:30:31 -0300] "GET /cormun/servlet/solicitudot?134c0e772cd16d888d4876c5f2b713914f48232249f12cea87a6c8ae7455c2c8214e622c083025a4af6ec2eb75e12e955598ef236a92cd0c8101951d617f0f23,gx-no-cache=1678202110078 HTTP/1.1" 200 30
190.171.149.74 - - [07/Mar/2023:12:30:33 -0300] "GET /cormun/servlet/solicitudotadjuntos?e26862e9ab49b8d9f4a1fbbb1db931c6281bc6544f84b97dd84aeefbb49b98ff,gx-no-cache=1678205823688 HTTP/1.1" 200 30
190.171.149.74 - - [07/Mar/2023:12:30:33 -0300] "GET /cormun/servlet/solicitudotadjuntos?e26862e9ab49b8d9f4a1fbbb1db931c6281bc6544f84b97dd84aeefbb49b98ff,gx-no-cache=1678205823713 HTTP/1.1" 200 30
186.67.172.234 - - [07/Mar/2023:12:30:33 -0300] "GET /cormun/servlet/solicitudot?134c0e772cd16d888d4876c5f2b713915206295ba13e4794c7e611eb4e20376d,gx-no-cache=1678202112392 HTTP/1.1" 200 53
190.171.149.74 - - [07/Mar/2023:12:30:33 -0300] "POST /cormun/servlet/solicitudotadjuntos?9be38d3372362b53ac68b4dbfe2eaab1,INS,2023,19456,,1, HTTP/1.1" 200 116
190.171.149.74 - - [07/Mar/2023:12:30:33 -0300] "GET /cormun/servlet/hpexe_return? HTTP/1.1" 200 1027
190.171.149.74 - - [07/Mar/2023:12:30:33 -0300] "GET /cormun/servlet/trsolicitudadjuntos?2023,19456, HTTP/1.1" 200 8992
190.171.149.74 - - [07/Mar/2023:12:30:34 -0300] "GET /cormun/servlet/trsolicitudadjuntos?2023,19456, HTTP/1.1" 200 8988
190.171.149.74 - - [07/Mar/2023:12:30:35 -0300] "GET /cormun/servlet/solicitudotadjuntos?INS,2023,19456,,1, HTTP/1.1" 200 6031
190.171.149.74 - - [07/Mar/2023:12:30:35 -0300] "GET /cormun/static/about:blank HTTP/1.1" 404 1011
190.171.149.74 - - [07/Mar/2023:12:30:36 -0300] "GET /cormun/servlet/solicitudotadjuntos?INS,2023,19456,,1, HTTP/1.1" 200 6025
190.171.149.74 - - [07/Mar/2023:12:30:36 -0300] "GET /cormun/servlet/solicitudotadjuntos?e26862e9ab49b8d9f4a1fbbb1db931c642ff2d43086ba7193460212217658843570d963455096343527a4da4874efd00,gx-no-cache=1678205826816 HTTP/1.1" 200 30
190.171.149.74 - - [07/Mar/2023:12:30:36 -0300] "POST /cormun/servlet/solicitudotadjuntos?9be38d3372362b53ac68b4dbfe2eaab1,INS,2023,19456,,1,,gx-no-cache=1678205826839 HTTP/1.1" 200 3902
190.171.149.74 - - [07/Mar/2023:12:30:38 -0300] "POST /cormun/servlet/solicitudotadjuntos?gx-no-cache=1678205829041 HTTP/1.1" 200 26
186.67.172.234 - - [07/Mar/2023:12:30:45 -0300] "POST /cormun/servlet/solicitudot?gx-no-cache=1678202124382 HTTP/1.1" 200 297
186.67.172.234 - - [07/Mar/2023:12:30:45 -0300] "GET /cormun/servlet/solicitudot?134c0e772cd16d888d4876c5f2b713919d9da84386e2cd1fa51e74e76002a9027a56b7aa00ef225afb089192913bf9db6895865cf645353aeee73d0f865bfcdb9cba44a94192d3753f4f63a68acb931814b4a8ea379acd92d64d4a92ffcfb20828d902f2988c83ffa2d12488e19995fd77fcbea06840b2b0d3bc713e408569ef33d39778a218488360d44ac54f96a3a6a6837273c02781ac37fd95b5fb419916aac226bfe2633807984bdd62e79d7d34d064fa32e65c38fcf199869f330b0080003e44eafffaf3364eeb0068fb1829d50009bc1f876f5fd08867bae5ac88c17cdb535109a69e0e01fd60e8663313b7e248cab125cf46611db82a9b0f5a77de0aa8ebcdc0b5e92cb8b28b4caab18c15fbf5634535f3557052d0b4131096ac30970cfa86ed5a5aaa81b3fb40eca5ff45fa564eb10cee9f31c7a2892af4cbf028f3833030f393e8e886d5591ca86a84beb70c8d17f9d520e56c9931e395719db460e39cc88c4cb70706960222b6dfbdcbff8b763b802bab6d4fa6ab7d98e06f276fedda04f832777cda6fd8bae1110651e2,gx-no-cache=1678202124405 HTTP/1.1" 200 30
186.67.172.234 - - [07/Mar/2023:12:30:46 -0300] "POST /cormun/servlet/solicitudot?gx-no-cache=1678202125509 HTTP/1.1" 200 30
186.67.172.234 - - [07/Mar/2023:12:30:47 -0300] "POST /cormun/servlet/solicitudot?gx-no-cache=1678202126610 HTTP/1.1" 200 1468
186.67.172.234 - - [07/Mar/2023:12:30:47 -0300] "POST /cormun/servlet/solicitudot?gx-no-cache=1678202126640 HTTP/1.1" 200 38
186.67.172.234 - - [07/Mar/2023:12:30:59 -0300] "GET /cormun/servlet/solicitudot?134c0e772cd16d888d4876c5f2b71391669345dec1d651c4d819a53f7ee38bf82c5e75abb72cc9489186a99ca56fa6aed62a6884ce6f05eb75c47ec3e3284ffa2fb583b93584b8869ddb76cf04da40ed53a439d1f27950d9e785998f9642288ada21df12e8ae353c8c6250cc33a5b72f,gx-no-cache=1678202138334 HTTP/1.1" 200 110
186.67.172.234 - - [07/Mar/2023:12:31:01 -0300] "POST /cormun/servlet/solicitudot?gx-no-cache=1678202140593 HTTP/1.1" 200 79
186.67.172.234 - - [07/Mar/2023:12:31:04 -0300] "GET /cormun/servlet/solicitudot?134c0e772cd16d888d4876c5f2b713911f379a1276ed3c338795fc7c39b590f63ef85eda632ba480ceace582388051cc97fb82a829a1d1346d3155d3d0cceceaf3390fe0e1e59151df357e40aa3bb6935af5fac842e52aa438b30700fd95bcc2e03f8ebdea0a33ef6cbe78c43740b0a8,gx-no-cache=1678202143347 HTTP/1.1" 200 29
186.67.172.234 - - [07/Mar/2023:12:31:07 -0300] "GET /cormun/servlet/solicitudot?134c0e772cd16d888d4876c5f2b713914deed555917572fc2c943993c7fbf7e2e2e6fb9bfe198b187944013c90f5e1e5,gx-no-cache=1678202146749 HTTP/1.1" 200 30
186.67.172.234 - - [07/Mar/2023:12:31:07 -0300] "GET /cormun/static/menuarrow.gif HTTP/1.1" 404 1015
186.67.172.234 - - [07/Mar/2023:12:31:15 -0300] "POST /cormun/servlet/solicitudot?gx-no-cache=1678202154230 HTTP/1.1" 200 30
186.67.172.234 - - [07/Mar/2023:12:31:15 -0300] "POST /cormun/servlet/solicitudot?dad22c27287d25bfe65911b32f3d8c61,INS,0,0,false,,gx-no-cache=1678202154252 HTTP/1.1" 200 93
186.67.172.234 - - [07/Mar/2023:12:31:15 -0300] "GET /cormun/servlet/hpexe_return? HTTP/1.1" 200 1010
186.67.172.234 - - [07/Mar/2023:12:31:16 -0300] "GET /cormun/servlet/hhome HTTP/1.1" 200 4149
186.67.172.234 - - [07/Mar/2023:12:31:16 -0300] "GET /cormun/servlet/hhome HTTP/1.1" 200 4143
190.171.149.74 - - [07/Mar/2023:12:31:31 -0300] "GET /cormun/servlet/solicitudotadjuntos?e26862e9ab49b8d9f4a1fbbb1db931c6281bc6544f84b97dd84aeefbb49b98ff,gx-no-cache=1678205882166 HTTP/1.1" 200 30
190.171.149.74 - - [07/Mar/2023:12:31:31 -0300] "GET /cormun/servlet/solicitudotadjuntos?e26862e9ab49b8d9f4a1fbbb1db931c6281bc6544f84b97dd84aeefbb49b98ff,gx-no-cache=1678205882188 HTTP/1.1" 200 30
190.171.149.74 - - [07/Mar/2023:12:31:32 -0300] "POST /cormun/servlet/solicitudotadjuntos?9be38d3372362b53ac68b4dbfe2eaab1,INS,2023,19456,,1, HTTP/1.1" 200 116
190.171.149.74 - - [07/Mar/2023:12:31:32 -0300] "GET /cormun/servlet/hpexe_return? HTTP/1.1" 200 1027
190.171.149.74 - - [07/Mar/2023:12:31:32 -0300] "GET /cormun/servlet/trsolicitudadjuntos?2023,19456, HTTP/1.1" 200 9262
190.171.149.74 - - [07/Mar/2023:12:31:33 -0300] "GET /cormun/servlet/trsolicitudadjuntos?2023,19456, HTTP/1.1" 200 9260
190.171.149.74 - - [07/Mar/2023:12:31:35 -0300] "GET /cormun/servlet/solicitudotadjuntos?INS,2023,19456,,1, HTTP/1.1" 200 6030
190.171.149.74 - - [07/Mar/2023:12:31:35 -0300] "GET /cormun/static/about:blank HTTP/1.1" 404 1011
190.171.149.74 - - [07/Mar/2023:12:31:35 -0300] "GET /cormun/servlet/solicitudotadjuntos?INS,2023,19456,,1, HTTP/1.1" 200 6024
190.171.149.74 - - [07/Mar/2023:12:31:35 -0300] "GET /cormun/servlet/solicitudotadjuntos?e26862e9ab49b8d9f4a1fbbb1db931c642ff2d43086ba7193460212217658843570d963455096343527a4da4874efd00,gx-no-cache=1678205886101 HTTP/1.1" 200 30
190.171.149.74 - - [07/Mar/2023:12:31:35 -0300] "POST /cormun/servlet/solicitudotadjuntos?9be38d3372362b53ac68b4dbfe2eaab1,INS,2023,19456,,1,,gx-no-cache=1678205886117 HTTP/1.1" 200 3901
190.171.149.74 - - [07/Mar/2023:12:31:37 -0300] "POST /cormun/servlet/solicitudotadjuntos?gx-no-cache=1678205888097 HTTP/1.1" 200 26
186.67.172.234 - - [07/Mar/2023:12:31:38 -0300] "GET /cormun/servlet/trsolicitudot? HTTP/1.1" 200 11922
186.67.172.234 - - [07/Mar/2023:12:31:38 -0300] "GET /cormun/servlet/trsolicitudot? HTTP/1.1" 200 11919
186.67.172.234 - - [07/Mar/2023:12:31:40 -0300] "POST /cormun/servlet/trsolicitudot?dad22c27287d25bfe65911b32f3d8c61,,gx-no-cache=1678202179497 HTTP/1.1" 200 107
186.67.172.234 - - [07/Mar/2023:12:31:40 -0300] "GET /cormun/servlet/trsolicitudadjuntos?2023,19461, HTTP/1.1" 200 6252
186.67.172.234 - - [07/Mar/2023:12:31:41 -0300] "GET /cormun/servlet/trsolicitudadjuntos?2023,19461, HTTP/1.1" 200 6251
186.67.172.234 - - [07/Mar/2023:12:31:43 -0300] "GET /cormun/servlet/solicitudotadjuntos?INS,2023,19461,,1, HTTP/1.1" 200 6195
190.171.149.74 - - [07/Mar/2023:12:31:43 -0300] "GET /cormun/servlet/solicitudotadjuntos?e26862e9ab49b8d9f4a1fbbb1db931c6281bc6544f84b97dd84aeefbb49b98ff,gx-no-cache=1678205893624 HTTP/1.1" 200 30
190.171.149.74 - - [07/Mar/2023:12:31:43 -0300] "GET /cormun/servlet/solicitudotadjuntos?e26862e9ab49b8d9f4a1fbbb1db931c6281bc6544f84b97dd84aeefbb49b98ff,gx-no-cache=1678205893639 HTTP/1.1" 200 30
190.171.149.74 - - [07/Mar/2023:12:31:43 -0300] "POST /cormun/servlet/solicitudotadjuntos?9be38d3372362b53ac68b4dbfe2eaab1,INS,2023,19456,,1, HTTP/1.1" 200 116
190.171.149.74 - - [07/Mar/2023:12:31:43 -0300] "GET /cormun/servlet/hpexe_return? HTTP/1.1" 200 1027
186.67.172.234 - - [07/Mar/2023:12:31:43 -0300] "GET /cormun/servlet/solicitudotadjuntos?INS,2023,19461,,1, HTTP/1.1" 200 6188
190.171.149.74 - - [07/Mar/2023:12:31:43 -0300] "GET /cormun/servlet/trsolicitudadjuntos?2023,19456, HTTP/1.1" 200 9451
186.67.172.234 - - [07/Mar/2023:12:31:43 -0300] "GET /cormun/static/about:blank HTTP/1.1" 404 1011
186.67.172.234 - - [07/Mar/2023:12:31:44 -0300] "GET /cormun/servlet/solicitudotadjuntos?134c0e772cd16d888d4876c5f2b713917280f79f042ddc1273e8cc2ff33413e8a37af51d49f878b05148c97c6bd90062,gx-no-cache=1678202182977 HTTP/1.1" 200 30
190.171.149.74 - - [07/Mar/2023:12:31:44 -0300] "GET /cormun/servlet/trsolicitudadjuntos?2023,19456, HTTP/1.1" 200 9450
186.67.172.234 - - [07/Mar/2023:12:31:44 -0300] "POST /cormun/servlet/solicitudotadjuntos?dad22c27287d25bfe65911b32f3d8c61,INS,2023,19461,,1,,gx-no-cache=1678202183016 HTTP/1.1" 200 4151
190.171.149.74 - - [07/Mar/2023:12:31:46 -0300] "GET /cormun/servlet/solicitudotadjuntos?INS,2023,19456,,1, HTTP/1.1" 200 6030
190.171.149.74 - - [07/Mar/2023:12:31:46 -0300] "GET /cormun/static/about:blank HTTP/1.1" 404 1011
190.171.149.74 - - [07/Mar/2023:12:31:46 -0300] "GET /cormun/servlet/solicitudotadjuntos?INS,2023,19456,,1, HTTP/1.1" 200 6024
190.171.149.74 - - [07/Mar/2023:12:31:46 -0300] "GET /cormun/servlet/solicitudotadjuntos?e26862e9ab49b8d9f4a1fbbb1db931c642ff2d43086ba7193460212217658843570d963455096343527a4da4874efd00,gx-no-cache=1678205897064 HTTP/1.1" 200 30
190.171.149.74 - - [07/Mar/2023:12:31:46 -0300] "POST /cormun/servlet/solicitudotadjuntos?9be38d3372362b53ac68b4dbfe2eaab1,INS,2023,19456,,1,,gx-no-cache=1678205897086 HTTP/1.1" 200 3901
186.67.172.234 - - [07/Mar/2023:12:31:47 -0300] "POST /cormun/servlet/solicitudotadjuntos?gx-no-cache=1678202185945 HTTP/1.1" 200 26
190.171.149.74 - - [07/Mar/2023:12:31:49 -0300] "POST /cormun/servlet/solicitudotadjuntos?gx-no-cache=1678205899441 HTTP/1.1" 200 26
190.171.149.74 - - [07/Mar/2023:12:31:56 -0300] "GET /cormun/servlet/solicitudotadjuntos?e26862e9ab49b8d9f4a1fbbb1db931c6281bc6544f84b97dd84aeefbb49b98ff,gx-no-cache=1678205906416 HTTP/1.1" 200 30
190.171.149.74 - - [07/Mar/2023:12:31:56 -0300] "GET /cormun/servlet/solicitudotadjuntos?e26862e9ab49b8d9f4a1fbbb1db931c6281bc6544f84b97dd84aeefbb49b98ff,gx-no-cache=1678205906437 HTTP/1.1" 200 30
190.171.149.74 - - [07/Mar/2023:12:31:56 -0300] "POST /cormun/servlet/solicitudotadjuntos?9be38d3372362b53ac68b4dbfe2eaab1,INS,2023,19456,,1, HTTP/1.1" 200 116
190.171.149.74 - - [07/Mar/2023:12:31:56 -0300] "GET /cormun/servlet/hpexe_return? HTTP/1.1" 200 1027
190.171.149.74 - - [07/Mar/2023:12:31:56 -0300] "GET /cormun/servlet/trsolicitudadjuntos?2023,19456, HTTP/1.1" 200 9749
190.171.149.74 - - [07/Mar/2023:12:31:56 -0300] "GET /cormun/servlet/trsolicitudadjuntos?2023,19456, HTTP/1.1" 200 9748
190.171.149.74 - - [07/Mar/2023:12:31:58 -0300] "GET /cormun/servlet/solicitudotadjuntos?INS,2023,19456,,1, HTTP/1.1" 200 6030
190.171.149.74 - - [07/Mar/2023:12:31:58 -0300] "GET /cormun/static/about:blank HTTP/1.1" 404 1011
190.171.149.74 - - [07/Mar/2023:12:31:58 -0300] "GET /cormun/servlet/solicitudotadjuntos?INS,2023,19456,,1, HTTP/1.1" 200 6024
190.171.149.74 - - [07/Mar/2023:12:31:59 -0300] "GET /cormun/servlet/solicitudotadjuntos?e26862e9ab49b8d9f4a1fbbb1db931c642ff2d43086ba7193460212217658843570d963455096343527a4da4874efd00,gx-no-cache=1678205909634 HTTP/1.1" 200 30
190.171.149.74 - - [07/Mar/2023:12:31:59 -0300] "POST /cormun/servlet/solicitudotadjuntos?9be38d3372362b53ac68b4dbfe2eaab1,INS,2023,19456,,1,,gx-no-cache=1678205909654 HTTP/1.1" 200 3901
190.171.149.74 - - [07/Mar/2023:12:32:01 -0300] "POST /cormun/servlet/solicitudotadjuntos?gx-no-cache=1678205911763 HTTP/1.1" 200 26
190.171.149.74 - - [07/Mar/2023:12:32:08 -0300] "GET /cormun/servlet/solicitudotadjuntos?e26862e9ab49b8d9f4a1fbbb1db931c6281bc6544f84b97dd84aeefbb49b98ff,gx-no-cache=1678205918550 HTTP/1.1" 200 30
190.171.149.74 - - [07/Mar/2023:12:32:08 -0300] "GET /cormun/servlet/solicitudotadjuntos?e26862e9ab49b8d9f4a1fbbb1db931c6281bc6544f84b97dd84aeefbb49b98ff,gx-no-cache=1678205918571 HTTP/1.1" 200 30
190.171.149.74 - - [07/Mar/2023:12:32:08 -0300] "POST /cormun/servlet/solicitudotadjuntos?9be38d3372362b53ac68b4dbfe2eaab1,INS,2023,19456,,1, HTTP/1.1" 200 116
190.171.149.74 - - [07/Mar/2023:12:32:08 -0300] "GET /cormun/servlet/hpexe_return? HTTP/1.1" 200 1027
190.171.149.74 - - [07/Mar/2023:12:32:08 -0300] "GET /cormun/servlet/trsolicitudadjuntos?2023,19456, HTTP/1.1" 200 10098
190.171.149.74 - - [07/Mar/2023:12:32:09 -0300] "GET /cormun/servlet/trsolicitudadjuntos?2023,19456, HTTP/1.1" 200 10094
186.67.172.234 - - [07/Mar/2023:12:32:10 -0300] "GET /cormun/servlet/solicitudotadjuntos?134c0e772cd16d888d4876c5f2b713911f62ea8132032cafb0e58b9b1055b931,gx-no-cache=1678202209429 HTTP/1.1" 200 30
186.67.172.234 - - [07/Mar/2023:12:32:10 -0300] "GET /cormun/servlet/solicitudotadjuntos?134c0e772cd16d888d4876c5f2b713911f62ea8132032cafb0e58b9b1055b931,gx-no-cache=1678202209457 HTTP/1.1" 200 30
186.67.172.234 - - [07/Mar/2023:12:32:10 -0300] "POST /cormun/servlet/solicitudotadjuntos?dad22c27287d25bfe65911b32f3d8c61,INS,2023,19461,,1, HTTP/1.1" 200 116
186.67.172.234 - - [07/Mar/2023:12:32:10 -0300] "GET /cormun/servlet/hpexe_return? HTTP/1.1" 200 1028
190.171.149.74 - - [07/Mar/2023:12:32:10 -0300] "GET /cormun/servlet/solicitudotadjuntos?INS,2023,19456,,1, HTTP/1.1" 200 6030
186.67.172.234 - - [07/Mar/2023:12:32:10 -0300] "GET /cormun/servlet/trsolicitudadjuntos?2023,19461, HTTP/1.1" 200 9141
190.171.149.74 - - [07/Mar/2023:12:32:10 -0300] "GET /cormun/static/about:blank HTTP/1.1" 404 1011
190.171.149.74 - - [07/Mar/2023:12:32:10 -0300] "GET /cormun/servlet/solicitudotadjuntos?INS,2023,19456,,1, HTTP/1.1" 200 6024
186.67.172.234 - - [07/Mar/2023:12:32:11 -0300] "GET /cormun/servlet/trsolicitudadjuntos?2023,19461, HTTP/1.1" 200 9140
190.171.149.74 - - [07/Mar/2023:12:32:11 -0300] "GET /cormun/servlet/solicitudotadjuntos?e26862e9ab49b8d9f4a1fbbb1db931c642ff2d43086ba7193460212217658843570d963455096343527a4da4874efd00,gx-no-cache=1678205921699 HTTP/1.1" 200 30
190.171.149.74 - - [07/Mar/2023:12:32:11 -0300] "POST /cormun/servlet/solicitudotadjuntos?9be38d3372362b53ac68b4dbfe2eaab1,INS,2023,19456,,1,,gx-no-cache=1678205921714 HTTP/1.1" 200 3901
186.67.172.234 - - [07/Mar/2023:12:32:12 -0300] "GET /cormun/servlet/solicitudotadjuntos?INS,2023,19461,,1, HTTP/1.1" 200 6195
186.67.172.234 - - [07/Mar/2023:12:32:12 -0300] "GET /cormun/static/about:blank HTTP/1.1" 404 1011
186.67.172.234 - - [07/Mar/2023:12:32:12 -0300] "GET /cormun/servlet/solicitudotadjuntos?INS,2023,19461,,1, HTTP/1.1" 200 6188
186.67.172.234 - - [07/Mar/2023:12:32:13 -0300] "GET /cormun/servlet/solicitudotadjuntos?134c0e772cd16d888d4876c5f2b713917280f79f042ddc1273e8cc2ff33413e8a37af51d49f878b05148c97c6bd90062,gx-no-cache=1678202212179 HTTP/1.1" 200 30
186.67.172.234 - - [07/Mar/2023:12:32:13 -0300] "POST /cormun/servlet/solicitudotadjuntos?dad22c27287d25bfe65911b32f3d8c61,INS,2023,19461,,1,,gx-no-cache=1678202212229 HTTP/1.1" 200 4151
190.171.149.74 - - [07/Mar/2023:12:32:14 -0300] "POST /cormun/servlet/solicitudotadjuntos?gx-no-cache=1678205924359 HTTP/1.1" 200 26
186.67.172.234 - - [07/Mar/2023:12:32:14 -0300] "POST /cormun/servlet/solicitudotadjuntos?gx-no-cache=1678202213909 HTTP/1.1" 200 26
190.171.149.74 - - [07/Mar/2023:12:32:20 -0300] "GET /cormun/servlet/solicitudotadjuntos?e26862e9ab49b8d9f4a1fbbb1db931c6281bc6544f84b97dd84aeefbb49b98ff,gx-no-cache=1678205930278 HTTP/1.1" 200 30
190.171.149.74 - - [07/Mar/2023:12:32:20 -0300] "GET /cormun/servlet/solicitudotadjuntos?e26862e9ab49b8d9f4a1fbbb1db931c6281bc6544f84b97dd84aeefbb49b98ff,gx-no-cache=1678205930352 HTTP/1.1" 200 30
186.67.172.234 - - [07/Mar/2023:12:32:20 -0300] "GET /cormun/servlet/solicitudotadjuntos?134c0e772cd16d888d4876c5f2b713911f62ea8132032cafb0e58b9b1055b931,gx-no-cache=1678202219557 HTTP/1.1" 200 30
186.67.172.234 - - [07/Mar/2023:12:32:20 -0300] "GET /cormun/servlet/solicitudotadjuntos?134c0e772cd16d888d4876c5f2b713911f62ea8132032cafb0e58b9b1055b931,gx-no-cache=1678202219603 HTTP/1.1" 200 30
186.67.172.234 - - [07/Mar/2023:12:32:20 -0300] "POST /cormun/servlet/solicitudotadjuntos?dad22c27287d25bfe65911b32f3d8c61,INS,2023,19461,,1, HTTP/1.1" 200 116
186.67.172.234 - - [07/Mar/2023:12:32:20 -0300] "GET /cormun/servlet/hpexe_return? HTTP/1.1" 200 1028
190.171.149.74 - - [07/Mar/2023:12:32:21 -0300] "POST /cormun/servlet/solicitudotadjuntos?9be38d3372362b53ac68b4dbfe2eaab1,INS,2023,19456,,1, HTTP/1.1" 200 116
186.67.172.234 - - [07/Mar/2023:12:32:21 -0300] "GET /cormun/servlet/trsolicitudadjuntos?2023,19461, HTTP/1.1" 200 9376
190.171.149.74 - - [07/Mar/2023:12:32:21 -0300] "GET /cormun/servlet/hpexe_return? HTTP/1.1" 200 1027
190.171.141.138 - - [07/Mar/2023:12:32:21 -0300] "GET /cormun/servlet/solicitudotadjuntos?INS,2023,19457,,1, HTTP/1.1" 200 6509
190.171.149.74 - - [07/Mar/2023:12:32:21 -0300] "GET /cormun/servlet/trsolicitudadjuntos?2023,19456, HTTP/1.1" 200 10310
186.67.172.234 - - [07/Mar/2023:12:32:21 -0300] "GET /cormun/servlet/trsolicitudadjuntos?2023,19461, HTTP/1.1" 200 9374
190.171.141.138 - - [07/Mar/2023:12:32:21 -0300] "GET /cormun/static/about:blank HTTP/1.1" 404 1011
190.171.141.138 - - [07/Mar/2023:12:32:21 -0300] "GET /cormun/servlet/solicitudotadjuntos?INS,2023,19457,,1, HTTP/1.1" 200 6503
190.171.149.74 - - [07/Mar/2023:12:32:22 -0300] "GET /cormun/servlet/trsolicitudadjuntos?2023,19456, HTTP/1.1" 200 10305
190.171.141.138 - - [07/Mar/2023:12:32:22 -0300] "GET /cormun/servlet/solicitudotadjuntos?d6e3cc81a20fbd03a35f82173951d48f1aa8ba5ff8cc13128cfefd0a373ca97dc703aff76dc47018a50b17dc977154a2,gx-no-cache=1678202221506 HTTP/1.1" 200 30
190.171.141.138 - - [07/Mar/2023:12:32:22 -0300] "POST /cormun/servlet/solicitudotadjuntos?3711744de1f62c580aa96b8ed27c2300,INS,2023,19457,,1,,gx-no-cache=1678202221519 HTTP/1.1" 200 4148
186.67.172.234 - - [07/Mar/2023:12:32:23 -0300] "GET /cormun/servlet/solicitudotadjuntos?INS,2023,19461,,1, HTTP/1.1" 200 6195
186.67.172.234 - - [07/Mar/2023:12:32:23 -0300] "GET /cormun/static/about:blank HTTP/1.1" 404 1011
186.67.172.234 - - [07/Mar/2023:12:32:23 -0300] "GET /cormun/servlet/solicitudotadjuntos?INS,2023,19461,,1, HTTP/1.1" 200 6188
186.67.172.234 - - [07/Mar/2023:12:32:23 -0300] "GET /cormun/servlet/solicitudotadjuntos?134c0e772cd16d888d4876c5f2b713917280f79f042ddc1273e8cc2ff33413e8a37af51d49f878b05148c97c6bd90062,gx-no-cache=1678202222709 HTTP/1.1" 200 30
186.67.172.234 - - [07/Mar/2023:12:32:23 -0300] "POST /cormun/servlet/solicitudotadjuntos?dad22c27287d25bfe65911b32f3d8c61,INS,2023,19461,,1,,gx-no-cache=1678202222721 HTTP/1.1" 200 4150
190.171.141.138 - - [07/Mar/2023:12:32:24 -0300] "POST /cormun/servlet/solicitudotadjuntos?gx-no-cache=1678202223623 HTTP/1.1" 200 26
190.171.149.74 - - [07/Mar/2023:12:32:28 -0300] "GET /cormun/servlet/trsolicitudot? HTTP/1.1" 200 9285
190.171.149.74 - - [07/Mar/2023:12:32:28 -0300] "GET /cormun/servlet/trsolicitudot? HTTP/1.1" 200 9279
186.67.172.234 - - [07/Mar/2023:12:32:29 -0300] "POST /cormun/servlet/solicitudotadjuntos?gx-no-cache=1678202227965 HTTP/1.1" 200 26
190.171.141.138 - - [07/Mar/2023:12:32:31 -0300] "GET /cormun/servlet/solicitudotadjuntos?d6e3cc81a20fbd03a35f82173951d48f5b0a34ec1c789601de79587bd2deb7e8,gx-no-cache=1678202231222 HTTP/1.1" 200 30
190.171.141.138 - - [07/Mar/2023:12:32:31 -0300] "GET /cormun/servlet/solicitudotadjuntos?d6e3cc81a20fbd03a35f82173951d48f5b0a34ec1c789601de79587bd2deb7e8,gx-no-cache=1678202231235 HTTP/1.1" 200 30
190.171.141.138 - - [07/Mar/2023:12:32:32 -0300] "POST /cormun/servlet/solicitudotadjuntos?3711744de1f62c580aa96b8ed27c2300,INS,2023,19457,,1, HTTP/1.1" 200 116
190.171.141.138 - - [07/Mar/2023:12:32:32 -0300] "GET /cormun/servlet/hpexe_return? HTTP/1.1" 200 1023
