190.171.142.50 - - [29/Dec/2022:09:13:56 -0300] "GET /cormun/static/about:blank HTTP/1.1" 404 1011
190.171.142.50 - - [29/Dec/2022:09:13:56 -0300] "GET /cormun/servlet/permisosadjuntos?INS,18374455,P,20221226150737,, HTTP/1.1" 200 5580
190.171.142.50 - - [29/Dec/2022:09:14:05 -0300] "POST /cormun/servlet/permisosadjuntos?656e4797775d22457f9b9ee5b7368b3e,INS,18374455,P,20221226150737,, HTTP/1.1" 200 116
190.171.142.50 - - [29/Dec/2022:09:14:05 -0300] "GET /cormun/servlet/hpexe_return? HTTP/1.1" 200 1035
190.171.142.50 - - [29/Dec/2022:09:14:05 -0300] "GET /cormun/servlet/trpermisosadjuntos?18374455,20221226150737,P, HTTP/1.1" 200 6751
190.171.142.50 - - [29/Dec/2022:09:14:06 -0300] "GET /cormun/servlet/trpermisosadjuntos?18374455,20221226150737,P, HTTP/1.1" 200 6746
186.103.157.98 - - [29/Dec/2022:09:14:08 -0300] "GET /cormun/servlet/trautorizarpermisogoce? HTTP/1.1" 200 10255
186.103.157.98 - - [29/Dec/2022:09:14:08 -0300] "GET /cormun/static/gxcfg.js?2020121645532 HTTP/1.1" 200 953
186.103.157.98 - - [29/Dec/2022:09:14:08 -0300] "GET /cormun/static/trautorizarpermisogoce.js?2020121651492 HTTP/1.1" 200 34948
186.103.157.98 - - [29/Dec/2022:09:14:08 -0300] "GET /cormun/servlet/trautorizarpermisogoce? HTTP/1.1" 200 10242
190.171.142.50 - - [29/Dec/2022:09:14:08 -0300] "GET /cormun/servlet/trpermisosgoce? HTTP/1.1" 200 15771
190.171.142.50 - - [29/Dec/2022:09:14:09 -0300] "GET /cormun/servlet/trpermisosgoce? HTTP/1.1" 200 15754
186.103.157.98 - - [29/Dec/2022:09:14:10 -0300] "GET /cormun/servlet/trpermisosgoce? HTTP/1.1" 200 11235
186.103.157.98 - - [29/Dec/2022:09:14:10 -0300] "GET /cormun/servlet/trpermisosgoce? HTTP/1.1" 200 11234
190.171.142.50 - - [29/Dec/2022:09:14:12 -0300] "POST /cormun/servlet/trpermisosgoce?656e4797775d22457f9b9ee5b7368b3e,,gx-no-cache=1672317448729 HTTP/1.1" 200 13033
190.171.142.50 - - [29/Dec/2022:09:14:12 -0300] "GET /cormun/static/Shared/jqueryui/images/ui-bg_highlight-soft_100_c6c2c8_1x100.png HTTP/1.1" 404 1117
190.171.142.50 - - [29/Dec/2022:09:14:12 -0300] "GET /cormun/static/Shared/jqueryui/images/ui-icons_82798d_256x240.png HTTP/1.1" 404 1089
190.171.142.50 - - [29/Dec/2022:09:14:12 -0300] "GET /cormun/static/Shared/jqueryui/images/ui-icons_8d78a5_256x240.png HTTP/1.1" 404 1089
190.171.142.50 - - [29/Dec/2022:09:14:12 -0300] "GET /cormun/static/Shared/jqueryui/images/ui-bg_flat_55_fafafa_40x100.png HTTP/1.1" 404 1097
186.103.157.98 - - [29/Dec/2022:09:14:13 -0300] "POST /cormun/servlet/trpermisosgoce?16cd201510bc65caeefc94228f4f93d9,,gx-no-cache=1672315156336 HTTP/1.1" 200 8579
186.103.157.98 - - [29/Dec/2022:09:14:13 -0300] "GET /cormun/static/Shared/jqueryui/images/ui-bg_highlight-soft_100_c6c2c8_1x100.png HTTP/1.1" 404 1117
186.103.157.98 - - [29/Dec/2022:09:14:13 -0300] "GET /cormun/static/Shared/jqueryui/images/ui-icons_82798d_256x240.png HTTP/1.1" 404 1089
186.103.157.98 - - [29/Dec/2022:09:14:13 -0300] "GET /cormun/static/Shared/jqueryui/images/ui-bg_flat_55_fafafa_40x100.png HTTP/1.1" 404 1097
186.103.157.98 - - [29/Dec/2022:09:14:13 -0300] "GET /cormun/static/Shared/jqueryui/images/ui-icons_8d78a5_256x240.png HTTP/1.1" 404 1089
190.171.142.50 - - [29/Dec/2022:09:14:14 -0300] "POST /cormun/servlet/trpermisosgoce?656e4797775d22457f9b9ee5b7368b3e,,gx-no-cache=1672317450800 HTTP/1.1" 200 13028
190.95.66.178 - - [29/Dec/2022:09:14:15 -0300] "POST /cormun/servlet/trpermisosgoce?853fa5218ad47edaa4e624adc48f6517,gx-no-cache=1672318599577,gx-no-cache=1672318813712 HTTP/1.1" 200 11242
186.103.157.98 - - [29/Dec/2022:09:14:16 -0300] "GET /cormun/servlet/permisogoce?INS,0,,, HTTP/1.1" 200 7154
186.103.157.98 - - [29/Dec/2022:09:14:16 -0300] "GET /cormun/servlet/permisogoce?INS,0,,, HTTP/1.1" 200 7154
190.171.142.50 - - [29/Dec/2022:09:14:16 -0300] "POST /cormun/servlet/trpermisosgoce?656e4797775d22457f9b9ee5b7368b3e,,gx-no-cache=1672317452528 HTTP/1.1" 200 13036
190.95.66.178 - - [29/Dec/2022:09:14:17 -0300] "GET /cormun/static/Shared/jqueryui/images/ui-bg_highlight-soft_100_c6c2c8_1x100.png HTTP/1.1" 404 1117
190.95.66.178 - - [29/Dec/2022:09:14:17 -0300] "GET /cormun/static/Shared/jqueryui/images/ui-icons_82798d_256x240.png HTTP/1.1" 404 1089
190.95.66.178 - - [29/Dec/2022:09:14:17 -0300] "GET /cormun/static/Shared/jqueryui/images/ui-bg_flat_55_fafafa_40x100.png HTTP/1.1" 404 1097
190.95.66.178 - - [29/Dec/2022:09:14:17 -0300] "GET /cormun/static/Shared/jqueryui/images/ui-icons_8d78a5_256x240.png HTTP/1.1" 404 1089
190.171.142.50 - - [29/Dec/2022:09:14:18 -0300] "POST /cormun/servlet/trpermisosgoce?656e4797775d22457f9b9ee5b7368b3e,,gx-no-cache=1672317454327 HTTP/1.1" 200 12973
186.103.157.98 - - [29/Dec/2022:09:14:18 -0300] "GET /cormun/servlet/prfichaempleado?,MD,,gxPopupLevel%3D0%3B HTTP/1.1" 200 9278
181.212.79.18 - - [29/Dec/2022:09:14:23 -0300] "GET /cormun/servlet/hlogin HTTP/1.1" 200 1727
181.212.79.18 - - [29/Dec/2022:09:14:25 -0300] "GET /cormun/static/gxcfg.js?201910216285969 HTTP/1.1" 200 953
181.212.79.18 - - [29/Dec/2022:09:14:25 -0300] "GET /cormun/static/gxtimezone.js?85251 HTTP/1.1" 200 5781
181.212.79.18 - - [29/Dec/2022:09:14:25 -0300] "GET /cormun/static/Resources/Spanish/PXTools.css?2294816 HTTP/1.1" 200 100853
181.212.79.18 - - [29/Dec/2022:09:14:25 -0300] "GET /cormun/static/messages.spa.js?85251 HTTP/1.1" 200 30736
181.212.79.18 - - [29/Dec/2022:09:14:25 -0300] "GET /cormun/static/hlogin.js?201910216285995 HTTP/1.1" 200 2136
181.212.79.18 - - [29/Dec/2022:09:14:25 -0300] "GET /cormun/static/Resources/Logo2019_Grande.png HTTP/1.1" 200 31733
181.212.79.18 - - [29/Dec/2022:09:14:25 -0300] "GET /cormun/static/gxgral.js?85251 HTTP/1.1" 200 384558
181.212.79.18 - - [29/Dec/2022:09:14:25 -0300] "GET /cormun/static/Resources/PXToolsLoginTop.png HTTP/1.1" 200 1337
181.212.79.18 - - [29/Dec/2022:09:14:25 -0300] "GET /cormun/static/Resources/PXToolsLoginBackground.png HTTP/1.1" 200 1164
181.212.79.18 - - [29/Dec/2022:09:14:25 -0300] "GET /cormun/static/Resources/PXToolsButtonRight.png HTTP/1.1" 200 1294
181.212.79.18 - - [29/Dec/2022:09:14:25 -0300] "GET /cormun/static/Resources/PXToolsButtonLeft.png HTTP/1.1" 200 1310
181.212.79.18 - - [29/Dec/2022:09:14:25 -0300] "GET /cormun/static/Resources/PXToolsLoginBottom.png HTTP/1.1" 200 1389
181.212.79.18 - - [29/Dec/2022:09:14:25 -0300] "GET /cormun/servlet/hlogin HTTP/1.1" 200 1736
181.212.79.18 - - [29/Dec/2022:09:14:25 -0300] "GET /cormun/static/Resources/indicator.gif HTTP/1.1" 200 1553
181.212.79.18 - - [29/Dec/2022:09:14:25 -0300] "GET /cormun/static/Resources/PXToolsButtonBackground.png HTTP/1.1" 200 1176
181.212.79.18 - - [29/Dec/2022:09:14:25 -0300] "GET /cormun/static/Resources/indicator.gif HTTP/1.1" 200 1553
181.212.79.18 - - [29/Dec/2022:09:14:25 -0300] "GET /cormun/static/Resources/PXToolsButtonBackground.png HTTP/1.1" 200 1176
181.212.79.18 - - [29/Dec/2022:09:14:25 -0300] "GET /favicon.ico HTTP/1.1" 200 21630
186.103.157.98 - - [29/Dec/2022:09:14:26 -0300] "POST /cormun/servlet/prfichaempleado?16cd201510bc65caeefc94228f4f93d9,,MD,,gxPopupLevel%3D0%3B,gx-no-cache=1672315168933 HTTP/1.1" 200 3409
190.171.142.50 - - [29/Dec/2022:09:14:28 -0300] "GET /cormun/servlet/hlogin HTTP/1.1" 200 1739
186.103.157.98 - - [29/Dec/2022:09:14:30 -0300] "GET /cormun/servlet/permisogoce?04aa8eb0c77c77110a47b0388c857eab0677ddf301e241fa85221eb414dabf0d14aae75737854a9536c102ce3f735ab3dd72a9fb2f549f7d49a017ca1c390c59,gx-no-cache=1672315172989 HTTP/1.1" 200 77
186.103.157.98 - - [29/Dec/2022:09:14:30 -0300] "GET /cormun/static/menuarrow.gif HTTP/1.1" 404 1015
190.95.66.178 - - [29/Dec/2022:09:14:32 -0300] "GET /cormun/servlet/trpermisosadjuntos?9523283,20221227103617,P, HTTP/1.1" 200 6250
190.95.66.178 - - [29/Dec/2022:09:14:33 -0300] "GET /cormun/servlet/trpermisosadjuntos?9523283,20221227103617,P, HTTP/1.1" 200 6228
190.95.66.178 - - [29/Dec/2022:09:14:36 -0300] "GET /cormun/servlet/permisosadjuntos?INS,9523283,P,20221227103617,, HTTP/1.1" 200 5548
190.95.66.178 - - [29/Dec/2022:09:14:37 -0300] "GET /cormun/static/about:blank HTTP/1.1" 404 1011
190.171.142.50 - - [29/Dec/2022:09:14:37 -0300] "POST /cormun/servlet/hlogin?656e4797775d22457f9b9ee5b7368b3e,gx-no-cache=1672317473542 HTTP/1.1" 200 90
190.171.142.50 - - [29/Dec/2022:09:14:37 -0300] "GET /cormun/servlet/hpexe_link HTTP/1.1" 200 947
190.171.142.50 - - [29/Dec/2022:09:14:37 -0300] "GET /cormun/servlet/hhome HTTP/1.1" 200 4208
190.171.142.50 - - [29/Dec/2022:09:14:37 -0300] "GET /cormun/servlet/hhome HTTP/1.1" 200 4205
190.95.66.178 - - [29/Dec/2022:09:14:38 -0300] "GET /cormun/servlet/permisosadjuntos?INS,9523283,P,20221227103617,, HTTP/1.1" 200 5538
186.103.157.98 - - [29/Dec/2022:09:14:40 -0300] "GET /cormun/servlet/permisogoce?04aa8eb0c77c77110a47b0388c857eab5ae9c5087510948a8db5a1a5a27aa99d86fe088e3e9d78f0f9d1703e522bbd04b2531c7c5c6195b8bb800826b05510fd,gx-no-cache=1672315183354 HTTP/1.1" 200 48
190.171.142.50 - - [29/Dec/2022:09:14:40 -0300] "GET /cormun/servlet/trautorizarpermisogoce? HTTP/1.1" 200 8639
190.171.142.50 - - [29/Dec/2022:09:14:41 -0300] "GET /cormun/servlet/trautorizarpermisogoce? HTTP/1.1" 200 8637
186.103.157.98 - - [29/Dec/2022:09:14:42 -0300] "POST /cormun/servlet/permisogoce?16cd201510bc65caeefc94228f4f93d9,INS,0,,,,gx-no-cache=1672315184765 HTTP/1.1" 200 93
186.103.157.98 - - [29/Dec/2022:09:14:42 -0300] "GET /cormun/servlet/hpexe_return? HTTP/1.1" 200 1013
186.103.157.98 - - [29/Dec/2022:09:14:42 -0300] "GET /cormun/servlet/trpermisosgoce? HTTP/1.1" 200 11490
186.103.157.98 - - [29/Dec/2022:09:14:42 -0300] "GET /cormun/servlet/trpermisosgoce? HTTP/1.1" 200 11486
190.171.142.50 - - [29/Dec/2022:09:14:43 -0300] "POST /cormun/servlet/trautorizarpermisogoce?656e4797775d22457f9b9ee5b7368b3e,,gx-no-cache=1672317479503 HTTP/1.1" 200 5771
190.171.142.50 - - [29/Dec/2022:09:14:43 -0300] "GET /cormun/static/Shared/jqueryui/images/ui-bg_highlight-soft_100_c6c2c8_1x100.png HTTP/1.1" 404 1117
190.171.142.50 - - [29/Dec/2022:09:14:43 -0300] "GET /cormun/static/Shared/jqueryui/images/ui-icons_82798d_256x240.png HTTP/1.1" 404 1089
190.171.142.50 - - [29/Dec/2022:09:14:43 -0300] "GET /cormun/static/Shared/jqueryui/images/ui-bg_flat_55_fafafa_40x100.png HTTP/1.1" 404 1097
190.171.142.50 - - [29/Dec/2022:09:14:43 -0300] "GET /cormun/static/Shared/jqueryui/images/ui-icons_8d78a5_256x240.png HTTP/1.1" 404 1089
190.171.142.50 - - [29/Dec/2022:09:14:44 -0300] "POST /cormun/servlet/trautorizarpermisogoce?656e4797775d22457f9b9ee5b7368b3e,,gx-no-cache=1672317480782 HTTP/1.1" 200 5549
186.103.157.98 - - [29/Dec/2022:09:14:45 -0300] "GET /cormun/servlet/trpermisosadjuntos?10697377,20221229085919,P, HTTP/1.1" 200 6585
190.171.142.50 - - [29/Dec/2022:09:14:45 -0300] "POST /cormun/servlet/trautorizarpermisogoce?656e4797775d22457f9b9ee5b7368b3e,,gx-no-cache=1672317481742 HTTP/1.1" 200 5281
186.103.157.98 - - [29/Dec/2022:09:14:45 -0300] "GET /cormun/servlet/trpermisosadjuntos?10697377,20221229085919,P, HTTP/1.1" 200 6584
186.103.157.98 - - [29/Dec/2022:09:14:47 -0300] "GET /cormun/servlet/permisosadjuntos?INS,10697377,P,20221229085919,, HTTP/1.1" 200 5905
186.103.157.98 - - [29/Dec/2022:09:14:47 -0300] "GET /cormun/static/about:blank HTTP/1.1" 404 1011
186.103.157.98 - - [29/Dec/2022:09:14:47 -0300] "GET /cormun/servlet/permisosadjuntos?INS,10697377,P,20221229085919,, HTTP/1.1" 200 5897
190.171.142.50 - - [29/Dec/2022:09:14:47 -0300] "POST /cormun/servlet/trautorizarpermisogoce?656e4797775d22457f9b9ee5b7368b3e,,gx-no-cache=1672317483997 HTTP/1.1" 200 4524
190.95.66.178 - - [29/Dec/2022:09:14:47 -0300] "POST /cormun/servlet/permisosadjuntos?853fa5218ad47edaa4e624adc48f6517,INS,9523283,P,20221227103617,, HTTP/1.1" 200 116
190.95.66.178 - - [29/Dec/2022:09:14:48 -0300] "GET /cormun/servlet/hpexe_return? HTTP/1.1" 200 1033
190.95.66.178 - - [29/Dec/2022:09:14:49 -0300] "GET /cormun/servlet/trpermisosadjuntos?9523283,20221227103617,P, HTTP/1.1" 200 6690
190.95.66.178 - - [29/Dec/2022:09:14:51 -0300] "GET /cormun/servlet/trpermisosadjuntos?9523283,20221227103617,P, HTTP/1.1" 200 6686
190.95.66.178 - - [29/Dec/2022:09:14:53 -0300] "POST /cormun/servlet/trpermisosadjuntos?853fa5218ad47edaa4e624adc48f6517,9523283,20221227103617,P,,gx-no-cache=1672318853421 HTTP/1.1" 200 90
190.95.66.178 - - [29/Dec/2022:09:14:55 -0300] "GET /cormun/servlet/hpexe_link HTTP/1.1" 200 1002
186.103.157.98 - - [29/Dec/2022:09:14:56 -0300] "POST /cormun/servlet/permisosadjuntos?16cd201510bc65caeefc94228f4f93d9,INS,10697377,P,20221229085919,, HTTP/1.1" 200 116
186.103.157.98 - - [29/Dec/2022:09:14:56 -0300] "GET /cormun/servlet/hpexe_return? HTTP/1.1" 200 1042
186.103.157.98 - - [29/Dec/2022:09:14:56 -0300] "GET /cormun/servlet/trpermisosadjuntos?10697377,20221229085919,P, HTTP/1.1" 200 7083
186.103.157.98 - - [29/Dec/2022:09:14:57 -0300] "GET /cormun/servlet/trpermisosadjuntos?10697377,20221229085919,P, HTTP/1.1" 200 7079
190.95.66.178 - - [29/Dec/2022:09:14:58 -0300] "GET /cormun/servlet/trpermisosgoce?gx-no-cache=1672318599577 HTTP/1.1" 200 13832
190.95.66.178 - - [29/Dec/2022:09:14:59 -0300] "GET /cormun/servlet/trpermisosgoce?gx-no-cache=1672318599577 HTTP/1.1" 200 13890
190.171.142.50 - - [29/Dec/2022:09:14:59 -0300] "GET /cormun/servlet/hlogin HTTP/1.1" 200 1745
186.103.157.98 - - [29/Dec/2022:09:15:00 -0300] "GET /cormun/servlet/trpermisosgoce? HTTP/1.1" 200 11486
186.103.157.98 - - [29/Dec/2022:09:15:01 -0300] "GET /cormun/servlet/trpermisosgoce? HTTP/1.1" 200 11486
186.103.157.98 - - [29/Dec/2022:09:15:03 -0300] "POST /cormun/servlet/trpermisosgoce?16cd201510bc65caeefc94228f4f93d9,,gx-no-cache=1672315205860 HTTP/1.1" 200 8745
186.103.157.98 - - [29/Dec/2022:09:15:03 -0300] "GET /cormun/static/Shared/jqueryui/images/ui-bg_highlight-soft_100_c6c2c8_1x100.png HTTP/1.1" 404 1117
186.103.157.98 - - [29/Dec/2022:09:15:03 -0300] "GET /cormun/static/Shared/jqueryui/images/ui-icons_82798d_256x240.png HTTP/1.1" 404 1089
186.103.157.98 - - [29/Dec/2022:09:15:03 -0300] "GET /cormun/static/Shared/jqueryui/images/ui-bg_flat_55_fafafa_40x100.png HTTP/1.1" 404 1097
186.103.157.98 - - [29/Dec/2022:09:15:03 -0300] "GET /cormun/static/Shared/jqueryui/images/ui-icons_8d78a5_256x240.png HTTP/1.1" 404 1089
190.95.66.178 - - [29/Dec/2022:09:15:06 -0300] "POST /cormun/servlet/trpermisosgoce?853fa5218ad47edaa4e624adc48f6517,gx-no-cache=1672318599577,gx-no-cache=1672318866032 HTTP/1.1" 200 11279
190.95.66.178 - - [29/Dec/2022:09:15:07 -0300] "GET /cormun/static/Shared/jqueryui/images/ui-bg_highlight-soft_100_c6c2c8_1x100.png HTTP/1.1" 404 1117
190.95.66.178 - - [29/Dec/2022:09:15:08 -0300] "GET /cormun/static/Shared/jqueryui/images/ui-icons_8d78a5_256x240.png HTTP/1.1" 404 1089
190.95.66.178 - - [29/Dec/2022:09:15:08 -0300] "GET /cormun/static/Shared/jqueryui/images/ui-icons_82798d_256x240.png HTTP/1.1" 404 1089
190.95.66.178 - - [29/Dec/2022:09:15:08 -0300] "GET /cormun/static/Shared/jqueryui/images/ui-bg_flat_55_fafafa_40x100.png HTTP/1.1" 404 1097
190.95.66.178 - - [29/Dec/2022:09:15:10 -0300] "GET /cormun/servlet/trpermisosadjuntos?18375973,20221227103353,P, HTTP/1.1" 200 6247
190.95.66.178 - - [29/Dec/2022:09:15:12 -0300] "GET /cormun/servlet/trpermisosadjuntos?18375973,20221227103353,P, HTTP/1.1" 200 6225
186.103.157.98 - - [29/Dec/2022:09:15:12 -0300] "GET /cormun/servlet/permisogoce?INS,0,,, HTTP/1.1" 200 7153
190.171.142.50 - - [29/Dec/2022:09:15:12 -0300] "POST /cormun/servlet/hlogin?656e4797775d22457f9b9ee5b7368b3e,gx-no-cache=1672317508806 HTTP/1.1" 200 90
190.171.142.50 - - [29/Dec/2022:09:15:12 -0300] "GET /cormun/servlet/hpexe_link HTTP/1.1" 200 947
190.171.142.50 - - [29/Dec/2022:09:15:12 -0300] "GET /cormun/servlet/hhome HTTP/1.1" 200 3944
190.171.142.50 - - [29/Dec/2022:09:15:12 -0300] "GET /cormun/servlet/hhome HTTP/1.1" 200 3940
186.103.157.98 - - [29/Dec/2022:09:15:12 -0300] "GET /cormun/servlet/permisogoce?INS,0,,, HTTP/1.1" 200 7153
186.103.157.98 - - [29/Dec/2022:09:15:15 -0300] "GET /cormun/servlet/prfichaempleado?,MD,,gxPopupLevel%3D0%3B HTTP/1.1" 200 9278
190.171.142.50 - - [29/Dec/2022:09:15:15 -0300] "GET /cormun/servlet/trlicencias? HTTP/1.1" 200 11327
190.171.142.50 - - [29/Dec/2022:09:15:15 -0300] "GET /cormun/servlet/trlicencias? HTTP/1.1" 200 11324
186.103.157.98 - - [29/Dec/2022:09:15:24 -0300] "POST /cormun/servlet/prfichaempleado?16cd201510bc65caeefc94228f4f93d9,,MD,,gxPopupLevel%3D0%3B,gx-no-cache=1672315227636 HTTP/1.1" 200 3183
190.95.66.178 - - [29/Dec/2022:09:15:26 -0300] "GET /cormun/servlet/permisosadjuntos?INS,18375973,P,20221227103353,, HTTP/1.1" 200 5543
190.95.66.178 - - [29/Dec/2022:09:15:28 -0300] "GET /cormun/static/about:blank HTTP/1.1" 404 1011
190.95.66.178 - - [29/Dec/2022:09:15:29 -0300] "GET /cormun/servlet/permisosadjuntos?INS,18375973,P,20221227103353,, HTTP/1.1" 200 5534
186.103.157.98 - - [29/Dec/2022:09:15:30 -0300] "POST /cormun/servlet/prfichaempleado?16cd201510bc65caeefc94228f4f93d9,,MD,,gxPopupLevel%3D0%3B,gx-no-cache=1672315233447 HTTP/1.1" 200 3183
186.103.157.98 - - [29/Dec/2022:09:15:31 -0300] "POST /cormun/servlet/prfichaempleado?16cd201510bc65caeefc94228f4f93d9,,MD,,gxPopupLevel%3D0%3B,gx-no-cache=1672315234206 HTTP/1.1" 200 3183
186.103.157.98 - - [29/Dec/2022:09:15:37 -0300] "GET /cormun/servlet/permisogoce?04aa8eb0c77c77110a47b0388c857eaba96886067c0356668a61712253a3312014aae75737854a9536c102ce3f735ab3dd72a9fb2f549f7d49a017ca1c390c59,gx-no-cache=1672315240559 HTTP/1.1" 200 78
186.103.157.98 - - [29/Dec/2022:09:15:39 -0300] "GET /cormun/static/menuarrow.gif HTTP/1.1" 404 1015
190.95.66.178 - - [29/Dec/2022:09:15:40 -0300] "POST /cormun/servlet/permisosadjuntos?853fa5218ad47edaa4e624adc48f6517,INS,18375973,P,20221227103353,, HTTP/1.1" 200 116
190.95.66.178 - - [29/Dec/2022:09:15:41 -0300] "GET /cormun/servlet/hpexe_return? HTTP/1.1" 200 1034
190.95.66.178 - - [29/Dec/2022:09:15:43 -0300] "GET /cormun/servlet/trpermisosadjuntos?18375973,20221227103353,P, HTTP/1.1" 200 6689
190.95.66.178 - - [29/Dec/2022:09:15:44 -0300] "GET /cormun/servlet/trpermisosadjuntos?18375973,20221227103353,P, HTTP/1.1" 200 6685
186.103.157.98 - - [29/Dec/2022:09:15:47 -0300] "GET /cormun/servlet/permisogoce?04aa8eb0c77c77110a47b0388c857eabb059de0f2fccd8ef697b0d1f676fcb4b82450e7f2f889505f222c24aa3fe2b31b2531c7c5c6195b8bb800826b05510fd,gx-no-cache=1672315250557 HTTP/1.1" 200 48
190.95.66.178 - - [29/Dec/2022:09:15:49 -0300] "POST /cormun/servlet/trpermisosadjuntos?853fa5218ad47edaa4e624adc48f6517,18375973,20221227103353,P,,gx-no-cache=1672318908709 HTTP/1.1" 200 90
186.103.157.98 - - [29/Dec/2022:09:15:49 -0300] "POST /cormun/servlet/permisogoce?16cd201510bc65caeefc94228f4f93d9,INS,0,,,,gx-no-cache=1672315251819 HTTP/1.1" 200 93
186.103.157.98 - - [29/Dec/2022:09:15:49 -0300] "GET /cormun/servlet/hpexe_return? HTTP/1.1" 200 1013
186.103.157.98 - - [29/Dec/2022:09:15:49 -0300] "GET /cormun/servlet/trpermisosgoce? HTTP/1.1" 200 11666
186.103.157.98 - - [29/Dec/2022:09:15:50 -0300] "GET /cormun/servlet/trpermisosgoce? HTTP/1.1" 200 11662
190.95.66.178 - - [29/Dec/2022:09:15:50 -0300] "GET /cormun/servlet/hpexe_link HTTP/1.1" 200 1003
190.95.66.178 - - [29/Dec/2022:09:15:51 -0300] "GET /cormun/servlet/trpermisosgoce?gx-no-cache=1672318599577 HTTP/1.1" 200 13896
186.103.157.98 - - [29/Dec/2022:09:15:52 -0300] "GET /cormun/servlet/trpermisosadjuntos?15105600,20221229090015,P, HTTP/1.1" 200 6590
186.103.157.98 - - [29/Dec/2022:09:15:52 -0300] "GET /cormun/servlet/trpermisosadjuntos?15105600,20221229090015,P, HTTP/1.1" 200 6589
190.95.66.178 - - [29/Dec/2022:09:15:52 -0300] "GET /cormun/servlet/trpermisosgoce?gx-no-cache=1672318599577 HTTP/1.1" 200 13903
186.103.157.98 - - [29/Dec/2022:09:15:54 -0300] "GET /cormun/servlet/permisosadjuntos?INS,15105600,P,20221229090015,, HTTP/1.1" 200 5909
186.103.157.98 - - [29/Dec/2022:09:15:54 -0300] "GET /cormun/static/about:blank HTTP/1.1" 404 1011
186.103.157.98 - - [29/Dec/2022:09:15:54 -0300] "GET /cormun/servlet/permisosadjuntos?INS,15105600,P,20221229090015,, HTTP/1.1" 200 5899
190.95.66.178 - - [29/Dec/2022:09:16:02 -0300] "POST /cormun/servlet/trpermisosgoce?853fa5218ad47edaa4e624adc48f6517,gx-no-cache=1672318599577,gx-no-cache=1672318921223 HTTP/1.1" 200 11233
190.95.66.178 - - [29/Dec/2022:09:16:03 -0300] "GET /cormun/static/Shared/jqueryui/images/ui-bg_highlight-soft_100_c6c2c8_1x100.png HTTP/1.1" 404 1117
190.95.66.178 - - [29/Dec/2022:09:16:03 -0300] "GET /cormun/static/Shared/jqueryui/images/ui-icons_82798d_256x240.png HTTP/1.1" 404 1089
190.95.66.178 - - [29/Dec/2022:09:16:04 -0300] "GET /cormun/static/Shared/jqueryui/images/ui-icons_8d78a5_256x240.png HTTP/1.1" 404 1089
190.95.66.178 - - [29/Dec/2022:09:16:04 -0300] "GET /cormun/static/Shared/jqueryui/images/ui-bg_flat_55_fafafa_40x100.png HTTP/1.1" 404 1097
190.95.66.178 - - [29/Dec/2022:09:16:09 -0300] "GET /cormun/servlet/trpermisosadjuntos?18798630,20221227103113,P, HTTP/1.1" 200 6253
190.95.66.178 - - [29/Dec/2022:09:16:11 -0300] "GET /cormun/servlet/trpermisosadjuntos?18798630,20221227103113,P, HTTP/1.1" 200 6232
190.95.66.178 - - [29/Dec/2022:09:16:12 -0300] "GET /cormun/servlet/permisosadjuntos?INS,18798630,P,20221227103113,, HTTP/1.1" 200 5551
190.95.66.178 - - [29/Dec/2022:09:16:14 -0300] "GET /cormun/static/about:blank HTTP/1.1" 404 1011
190.95.66.178 - - [29/Dec/2022:09:16:14 -0300] "GET /cormun/servlet/permisosadjuntos?INS,18798630,P,20221227103113,, HTTP/1.1" 200 5541
190.95.66.178 - - [29/Dec/2022:09:16:23 -0300] "POST /cormun/servlet/permisosadjuntos?853fa5218ad47edaa4e624adc48f6517,INS,18798630,P,20221227103113,, HTTP/1.1" 200 116
190.95.66.178 - - [29/Dec/2022:09:16:24 -0300] "GET /cormun/servlet/hpexe_return? HTTP/1.1" 200 1034
152.89.196.211 - - [29/Dec/2022:09:16:25 -0300] "GET / HTTP/1.1" 200 11217
190.95.66.178 - - [29/Dec/2022:09:16:25 -0300] "GET /cormun/servlet/trpermisosadjuntos?18798630,20221227103113,P, HTTP/1.1" 200 6696
186.103.157.98 - - [29/Dec/2022:09:16:26 -0300] "POST /cormun/servlet/permisosadjuntos?16cd201510bc65caeefc94228f4f93d9,INS,15105600,P,20221229090015,, HTTP/1.1" 200 116
186.103.157.98 - - [29/Dec/2022:09:16:26 -0300] "GET /cormun/servlet/hpexe_return? HTTP/1.1" 200 1041
186.103.157.98 - - [29/Dec/2022:09:16:26 -0300] "GET /cormun/servlet/trpermisosadjuntos?15105600,20221229090015,P, HTTP/1.1" 200 7084
186.103.157.98 - - [29/Dec/2022:09:16:27 -0300] "GET /cormun/servlet/trpermisosadjuntos?15105600,20221229090015,P, HTTP/1.1" 200 7081
190.95.66.178 - - [29/Dec/2022:09:16:27 -0300] "GET /cormun/servlet/trpermisosadjuntos?18798630,20221227103113,P, HTTP/1.1" 200 6693
190.95.66.178 - - [29/Dec/2022:09:16:29 -0300] "POST /cormun/servlet/trpermisosadjuntos?853fa5218ad47edaa4e624adc48f6517,18798630,20221227103113,P,,gx-no-cache=1672318948429 HTTP/1.1" 200 90
186.103.157.98 - - [29/Dec/2022:09:16:29 -0300] "GET /cormun/servlet/trpermisosgoce? HTTP/1.1" 200 11662
186.103.157.98 - - [29/Dec/2022:09:16:29 -0300] "GET /cormun/servlet/trpermisosgoce? HTTP/1.1" 200 11662
190.95.66.178 - - [29/Dec/2022:09:16:30 -0300] "GET /cormun/servlet/hpexe_link HTTP/1.1" 200 1002
190.95.66.178 - - [29/Dec/2022:09:16:31 -0300] "GET /cormun/servlet/trpermisosgoce?gx-no-cache=1672318599577 HTTP/1.1" 200 13878
190.95.66.178 - - [29/Dec/2022:09:16:32 -0300] "GET /cormun/servlet/trpermisosgoce?gx-no-cache=1672318599577 HTTP/1.1" 200 13903
186.103.157.98 - - [29/Dec/2022:09:16:35 -0300] "POST /cormun/servlet/trpermisosgoce?16cd201510bc65caeefc94228f4f93d9,,gx-no-cache=1672315298237 HTTP/1.1" 200 8943
186.103.157.98 - - [29/Dec/2022:09:16:35 -0300] "GET /cormun/static/Shared/jqueryui/images/ui-bg_highlight-soft_100_c6c2c8_1x100.png HTTP/1.1" 404 1117
186.103.157.98 - - [29/Dec/2022:09:16:35 -0300] "GET /cormun/static/Shared/jqueryui/images/ui-icons_82798d_256x240.png HTTP/1.1" 404 1089
186.103.157.98 - - [29/Dec/2022:09:16:35 -0300] "GET /cormun/static/Shared/jqueryui/images/ui-bg_flat_55_fafafa_40x100.png HTTP/1.1" 404 1097
186.103.157.98 - - [29/Dec/2022:09:16:35 -0300] "GET /cormun/static/Shared/jqueryui/images/ui-icons_8d78a5_256x240.png HTTP/1.1" 404 1089
186.103.157.98 - - [29/Dec/2022:09:16:37 -0300] "GET /cormun/servlet/permisogoce?INS,0,,, HTTP/1.1" 200 7153
186.103.157.98 - - [29/Dec/2022:09:16:37 -0300] "GET /cormun/servlet/permisogoce?INS,0,,, HTTP/1.1" 200 7153
190.95.66.178 - - [29/Dec/2022:09:16:39 -0300] "POST /cormun/servlet/trpermisosgoce?853fa5218ad47edaa4e624adc48f6517,gx-no-cache=1672318599577,gx-no-cache=1672318958960 HTTP/1.1" 200 11254
190.95.66.178 - - [29/Dec/2022:09:16:41 -0300] "GET /cormun/static/Shared/jqueryui/images/ui-bg_highlight-soft_100_c6c2c8_1x100.png HTTP/1.1" 404 1117
190.95.66.178 - - [29/Dec/2022:09:16:41 -0300] "GET /cormun/static/Shared/jqueryui/images/ui-bg_flat_55_fafafa_40x100.png HTTP/1.1" 404 1097
190.95.66.178 - - [29/Dec/2022:09:16:42 -0300] "GET /cormun/static/Shared/jqueryui/images/ui-icons_82798d_256x240.png HTTP/1.1" 404 1089
190.95.66.178 - - [29/Dec/2022:09:16:42 -0300] "GET /cormun/static/Shared/jqueryui/images/ui-icons_8d78a5_256x240.png HTTP/1.1" 404 1089
190.95.66.178 - - [29/Dec/2022:09:16:46 -0300] "GET /cormun/servlet/trpermisosadjuntos?17295959,20221227103423,P, HTTP/1.1" 200 6246
190.95.66.178 - - [29/Dec/2022:09:16:47 -0300] "GET /cormun/servlet/trpermisosadjuntos?17295959,20221227103423,P, HTTP/1.1" 200 6225
186.103.157.98 - - [29/Dec/2022:09:16:48 -0300] "GET /cormun/servlet/permisogoce?04aa8eb0c77c77110a47b0388c857eaba96886067c0356668a61712253a3312014aae75737854a9536c102ce3f735ab3dd72a9fb2f549f7d49a017ca1c390c59,gx-no-cache=1672315311542 HTTP/1.1" 200 83
186.103.157.98 - - [29/Dec/2022:09:16:48 -0300] "GET /cormun/static/menuarrow.gif HTTP/1.1" 404 1015
190.95.66.178 - - [29/Dec/2022:09:16:49 -0300] "GET /cormun/servlet/permisosadjuntos?INS,17295959,P,20221227103423,, HTTP/1.1" 200 5544
190.95.66.178 - - [29/Dec/2022:09:16:50 -0300] "GET /cormun/static/about:blank HTTP/1.1" 404 1011
190.95.66.178 - - [29/Dec/2022:09:16:50 -0300] "GET /cormun/servlet/permisosadjuntos?INS,17295959,P,20221227103423,, HTTP/1.1" 200 5534
186.103.157.98 - - [29/Dec/2022:09:16:55 -0300] "GET /cormun/servlet/permisogoce?04aa8eb0c77c77110a47b0388c857eabb059de0f2fccd8ef697b0d1f676fcb4b810c291876932d78ca6dd338766c67d7b2531c7c5c6195b8bb800826b05510fd,gx-no-cache=1672315318580 HTTP/1.1" 200 48
186.103.157.98 - - [29/Dec/2022:09:16:57 -0300] "POST /cormun/servlet/permisogoce?16cd201510bc65caeefc94228f4f93d9,INS,0,,,,gx-no-cache=1672315320429 HTTP/1.1" 200 93
186.103.157.98 - - [29/Dec/2022:09:16:57 -0300] "GET /cormun/servlet/hpexe_return? HTTP/1.1" 200 1013
186.103.157.98 - - [29/Dec/2022:09:16:58 -0300] "GET /cormun/servlet/trpermisosgoce? HTTP/1.1" 200 11851
186.103.157.98 - - [29/Dec/2022:09:16:58 -0300] "GET /cormun/servlet/trpermisosgoce? HTTP/1.1" 200 11846
186.103.157.98 - - [29/Dec/2022:09:17:01 -0300] "GET /cormun/servlet/trpermisosadjuntos?15105600,20221229090140,P, HTTP/1.1" 200 6589
186.103.157.98 - - [29/Dec/2022:09:17:01 -0300] "GET /cormun/servlet/trpermisosadjuntos?15105600,20221229090140,P, HTTP/1.1" 200 6588
190.95.66.178 - - [29/Dec/2022:09:17:02 -0300] "POST /cormun/servlet/permisosadjuntos?853fa5218ad47edaa4e624adc48f6517,INS,17295959,P,20221227103423,, HTTP/1.1" 200 116
190.95.66.178 - - [29/Dec/2022:09:17:03 -0300] "GET /cormun/servlet/hpexe_return? HTTP/1.1" 200 1033
186.103.157.98 - - [29/Dec/2022:09:17:03 -0300] "GET /cormun/servlet/permisosadjuntos?INS,15105600,P,20221229090140,, HTTP/1.1" 200 5910
186.103.157.98 - - [29/Dec/2022:09:17:03 -0300] "GET /cormun/static/about:blank HTTP/1.1" 404 1011
186.103.157.98 - - [29/Dec/2022:09:17:03 -0300] "GET /cormun/servlet/permisosadjuntos?INS,15105600,P,20221229090140,, HTTP/1.1" 200 5900
190.95.66.178 - - [29/Dec/2022:09:17:03 -0300] "GET /cormun/servlet/trpermisosadjuntos?17295959,20221227103423,P, HTTP/1.1" 200 6683
190.95.66.178 - - [29/Dec/2022:09:17:04 -0300] "GET /cormun/servlet/trpermisosadjuntos?17295959,20221227103423,P, HTTP/1.1" 200 6680
40.77.189.137 - - [29/Dec/2022:09:17:05 -0300] "GET /cormun/static/gxcfg.js?2020121613995 HTTP/1.1" 200 953
190.95.66.178 - - [29/Dec/2022:09:17:07 -0300] "POST /cormun/servlet/trpermisosadjuntos?853fa5218ad47edaa4e624adc48f6517,17295959,20221227103423,P,,gx-no-cache=1672318987205 HTTP/1.1" 200 90
190.95.66.178 - - [29/Dec/2022:09:17:08 -0300] "GET /cormun/servlet/hpexe_link HTTP/1.1" 200 1001
40.77.189.137 - - [29/Dec/2022:09:17:09 -0300] "GET /cormun/static/RunJS/RunJS.js HTTP/1.1" 200 288
190.95.66.178 - - [29/Dec/2022:09:17:09 -0300] "GET /cormun/servlet/trpermisosgoce?gx-no-cache=1672318599577 HTTP/1.1" 200 13880
190.95.66.178 - - [29/Dec/2022:09:17:11 -0300] "GET /cormun/servlet/trpermisosgoce?gx-no-cache=1672318599577 HTTP/1.1" 200 13879
190.95.66.178 - - [29/Dec/2022:09:17:15 -0300] "POST /cormun/servlet/trpermisosgoce?853fa5218ad47edaa4e624adc48f6517,gx-no-cache=1672318599577,gx-no-cache=1672318995191 HTTP/1.1" 200 11252
186.103.157.98 - - [29/Dec/2022:09:17:16 -0300] "POST /cormun/servlet/permisosadjuntos?16cd201510bc65caeefc94228f4f93d9,INS,15105600,P,20221229090140,, HTTP/1.1" 200 116
186.103.157.98 - - [29/Dec/2022:09:17:16 -0300] "GET /cormun/servlet/hpexe_return? HTTP/1.1" 200 1041
186.103.157.98 - - [29/Dec/2022:09:17:16 -0300] "GET /cormun/servlet/trpermisosadjuntos?15105600,20221229090140,P, HTTP/1.1" 200 7085
186.103.157.98 - - [29/Dec/2022:09:17:16 -0300] "GET /cormun/servlet/trpermisosadjuntos?15105600,20221229090140,P, HTTP/1.1" 200 7081
190.95.66.178 - - [29/Dec/2022:09:17:17 -0300] "GET /cormun/static/Shared/jqueryui/images/ui-bg_highlight-soft_100_c6c2c8_1x100.png HTTP/1.1" 404 1117
190.95.66.178 - - [29/Dec/2022:09:17:17 -0300] "GET /cormun/static/Shared/jqueryui/images/ui-icons_8d78a5_256x240.png HTTP/1.1" 404 1089
190.95.66.178 - - [29/Dec/2022:09:17:17 -0300] "GET /cormun/static/Shared/jqueryui/images/ui-icons_82798d_256x240.png HTTP/1.1" 404 1089
190.95.66.178 - - [29/Dec/2022:09:17:17 -0300] "GET /cormun/static/Shared/jqueryui/images/ui-bg_flat_55_fafafa_40x100.png HTTP/1.1" 404 1097
186.103.157.98 - - [29/Dec/2022:09:17:18 -0300] "GET /cormun/servlet/trpermisosgoce? HTTP/1.1" 200 11848
186.103.157.98 - - [29/Dec/2022:09:17:18 -0300] "GET /cormun/servlet/trpermisosgoce? HTTP/1.1" 200 11846
186.103.157.98 - - [29/Dec/2022:09:17:25 -0300] "POST /cormun/servlet/trpermisosgoce?16cd201510bc65caeefc94228f4f93d9,,gx-no-cache=1672315347928 HTTP/1.1" 200 9137
186.103.157.98 - - [29/Dec/2022:09:17:25 -0300] "GET /cormun/static/Shared/jqueryui/images/ui-bg_highlight-soft_100_c6c2c8_1x100.png HTTP/1.1" 404 1117
186.103.157.98 - - [29/Dec/2022:09:17:25 -0300] "GET /cormun/static/Shared/jqueryui/images/ui-icons_82798d_256x240.png HTTP/1.1" 404 1089
186.103.157.98 - - [29/Dec/2022:09:17:25 -0300] "GET /cormun/static/Shared/jqueryui/images/ui-bg_flat_55_fafafa_40x100.png HTTP/1.1" 404 1097
186.103.157.98 - - [29/Dec/2022:09:17:25 -0300] "GET /cormun/static/Shared/jqueryui/images/ui-icons_8d78a5_256x240.png HTTP/1.1" 404 1089
186.103.157.98 - - [29/Dec/2022:09:17:27 -0300] "GET /cormun/servlet/permisogoce?INS,0,,, HTTP/1.1" 200 7154
186.103.157.98 - - [29/Dec/2022:09:17:28 -0300] "GET /cormun/servlet/permisogoce?INS,0,,, HTTP/1.1" 200 7154
186.103.157.98 - - [29/Dec/2022:09:17:35 -0300] "GET /cormun/servlet/prfichaempleado?,MD,,gxPopupLevel%3D0%3B HTTP/1.1" 200 9278
186.103.157.98 - - [29/Dec/2022:09:17:43 -0300] "POST /cormun/servlet/prfichaempleado?16cd201510bc65caeefc94228f4f93d9,,MD,,gxPopupLevel%3D0%3B,gx-no-cache=1672315366429 HTTP/1.1" 200 3420
186.103.157.98 - - [29/Dec/2022:09:17:47 -0300] "GET /cormun/servlet/permisogoce?04aa8eb0c77c77110a47b0388c857eab6926c4ddf3a7332a44738b9f1b3cc60814aae75737854a9536c102ce3f735ab3dd72a9fb2f549f7d49a017ca1c390c59,gx-no-cache=1672315370600 HTTP/1.1" 200 86
186.103.157.98 - - [29/Dec/2022:09:17:47 -0300] "GET /cormun/static/menuarrow.gif HTTP/1.1" 404 1015
186.103.157.98 - - [29/Dec/2022:09:17:52 -0300] "GET /cormun/servlet/permisogoce?04aa8eb0c77c77110a47b0388c857eabea0b08b6e67744f1f3eee4911cd6ff89927035ac4028ac4a3c547d0fba804226b2531c7c5c6195b8bb800826b05510fd,gx-no-cache=1672315375200 HTTP/1.1" 200 130
186.103.157.98 - - [29/Dec/2022:09:17:52 -0300] "GET /cormun/static/Shared/jqueryui/images/ui-bg_highlight-soft_100_c6c2c8_1x100.png HTTP/1.1" 404 1117
186.103.157.98 - - [29/Dec/2022:09:17:52 -0300] "GET /cormun/static/Shared/jqueryui/images/ui-icons_82798d_256x240.png HTTP/1.1" 404 1089
186.103.157.98 - - [29/Dec/2022:09:17:52 -0300] "GET /cormun/static/Shared/jqueryui/images/ui-bg_flat_55_994d53_40x100.png HTTP/1.1" 404 1097
186.103.157.98 - - [29/Dec/2022:09:17:52 -0300] "GET /cormun/static/Shared/jqueryui/images/ui-icons_ebccce_256x240.png HTTP/1.1" 404 1089
186.103.157.98 - - [29/Dec/2022:09:17:54 -0300] "GET /cormun/servlet/permisogoce?04aa8eb0c77c77110a47b0388c857eabea0b08b6e67744f1f3eee4911cd6ff89e1126e87a6f4f88cfa5e6ff971e80c5eae2d4aa150b3a0e87b2ae22f361f1f98,gx-no-cache=1672315377463 HTTP/1.1" 200 49
186.103.157.98 - - [29/Dec/2022:09:17:57 -0300] "GET /cormun/servlet/permisogoce?04aa8eb0c77c77110a47b0388c857eabea0b08b6e67744f1f3eee4911cd6ff89fea7d8721b9427283382bfde2d1ce3fa86eee059828cfdeb112d17841eefd74a4941351baa4121f9e2f9539ddf8e766e,gx-no-cache=1672315380491 HTTP/1.1" 200 48
186.103.157.98 - - [29/Dec/2022:09:18:00 -0300] "POST /cormun/servlet/permisogoce?16cd201510bc65caeefc94228f4f93d9,INS,0,,,,gx-no-cache=1672315383525 HTTP/1.1" 200 93
186.103.157.98 - - [29/Dec/2022:09:18:01 -0300] "GET /cormun/servlet/hpexe_return? HTTP/1.1" 200 1013
186.103.157.98 - - [29/Dec/2022:09:18:01 -0300] "GET /cormun/servlet/trpermisosgoce? HTTP/1.1" 200 12076
186.103.157.98 - - [29/Dec/2022:09:18:01 -0300] "GET /cormun/servlet/trpermisosgoce? HTTP/1.1" 200 12071
186.103.157.98 - - [29/Dec/2022:09:18:04 -0300] "GET /cormun/servlet/trpermisosadjuntos?12692787,20221229090231,P, HTTP/1.1" 200 6594
186.103.157.98 - - [29/Dec/2022:09:18:04 -0300] "GET /cormun/servlet/trpermisosadjuntos?12692787,20221229090231,P, HTTP/1.1" 200 6593
186.103.157.98 - - [29/Dec/2022:09:18:05 -0300] "GET /cormun/servlet/permisosadjuntos?INS,12692787,P,20221229090231,, HTTP/1.1" 200 5916
186.103.157.98 - - [29/Dec/2022:09:18:05 -0300] "GET /cormun/static/about:blank HTTP/1.1" 404 1011
186.103.157.98 - - [29/Dec/2022:09:18:05 -0300] "GET /cormun/servlet/permisosadjuntos?INS,12692787,P,20221229090231,, HTTP/1.1" 200 5906
152.89.196.211 - - [29/Dec/2022:09:22:13 -0300] "GET / HTTP/1.1" 200 11217
186.103.157.98 - - [29/Dec/2022:09:24:55 -0300] "POST /cormun/servlet/permisosadjuntos?16cd201510bc65caeefc94228f4f93d9,INS,12692787,P,20221229090231,, HTTP/1.1" 200 116
186.103.157.98 - - [29/Dec/2022:09:24:55 -0300] "GET /cormun/servlet/hpexe_return? HTTP/1.1" 200 1041
186.103.157.98 - - [29/Dec/2022:09:24:55 -0300] "GET /cormun/servlet/trpermisosadjuntos?12692787,20221229090231,P, HTTP/1.1" 200 7094
186.103.157.98 - - [29/Dec/2022:09:24:55 -0300] "GET /cormun/servlet/trpermisosadjuntos?12692787,20221229090231,P, HTTP/1.1" 200 7090
186.103.157.98 - - [29/Dec/2022:09:25:00 -0300] "GET /cormun/servlet/trpermisosgoce? HTTP/1.1" 200 12071
186.103.157.98 - - [29/Dec/2022:09:25:01 -0300] "GET /cormun/servlet/trpermisosgoce? HTTP/1.1" 200 12071
186.103.157.98 - - [29/Dec/2022:09:25:04 -0300] "POST /cormun/servlet/trpermisosgoce?16cd201510bc65caeefc94228f4f93d9,,gx-no-cache=1672315807539 HTTP/1.1" 200 9308
186.103.157.98 - - [29/Dec/2022:09:25:05 -0300] "GET /cormun/static/Shared/jqueryui/images/ui-bg_highlight-soft_100_c6c2c8_1x100.png HTTP/1.1" 404 1117
186.103.157.98 - - [29/Dec/2022:09:25:05 -0300] "GET /cormun/static/Shared/jqueryui/images/ui-bg_flat_55_fafafa_40x100.png HTTP/1.1" 404 1097
186.103.157.98 - - [29/Dec/2022:09:25:05 -0300] "GET /cormun/static/Shared/jqueryui/images/ui-icons_8d78a5_256x240.png HTTP/1.1" 404 1089
186.103.157.98 - - [29/Dec/2022:09:25:05 -0300] "GET /cormun/static/Shared/jqueryui/images/ui-icons_82798d_256x240.png HTTP/1.1" 404 1089
186.103.157.98 - - [29/Dec/2022:09:25:08 -0300] "GET /cormun/servlet/permisogoce?INS,0,,, HTTP/1.1" 200 7154
186.103.157.98 - - [29/Dec/2022:09:25:08 -0300] "GET /cormun/servlet/permisogoce?INS,0,,, HTTP/1.1" 200 7153
186.103.157.98 - - [29/Dec/2022:09:25:20 -0300] "GET /cormun/servlet/prfichaempleado?,MD,,gxPopupLevel%3D0%3B HTTP/1.1" 200 9278
152.89.196.211 - - [29/Dec/2022:09:26:13 -0300] "POST /cgi-bin/.%2e/.%2e/.%2e/.%2e/bin/sh HTTP/1.1" 400 -
186.103.157.98 - - [29/Dec/2022:09:26:43 -0300] "POST /cormun/servlet/prfichaempleado?16cd201510bc65caeefc94228f4f93d9,,MD,,gxPopupLevel%3D0%3B,gx-no-cache=1672315906380 HTTP/1.1" 200 3417
186.103.157.98 - - [29/Dec/2022:09:26:46 -0300] "GET /cormun/servlet/permisogoce?04aa8eb0c77c77110a47b0388c857eab62142408bf3b0357a35e80d42e4a135a14aae75737854a9536c102ce3f735ab3dd72a9fb2f549f7d49a017ca1c390c59,gx-no-cache=1672315909575 HTTP/1.1" 200 79
186.103.157.98 - - [29/Dec/2022:09:26:46 -0300] "GET /cormun/static/menuarrow.gif HTTP/1.1" 404 1015
186.103.157.98 - - [29/Dec/2022:09:26:50 -0300] "GET /cormun/servlet/permisogoce?04aa8eb0c77c77110a47b0388c857eab67924249cb1b6c7e0ffeace1f55541caf7b75248507710da47dd9efab66a6b47b2531c7c5c6195b8bb800826b05510fd,gx-no-cache=1672315913320 HTTP/1.1" 200 47
186.103.157.98 - - [29/Dec/2022:09:26:52 -0300] "POST /cormun/servlet/permisogoce?16cd201510bc65caeefc94228f4f93d9,INS,0,,,,gx-no-cache=1672315914685 HTTP/1.1" 200 93
186.103.157.98 - - [29/Dec/2022:09:26:52 -0300] "GET /cormun/servlet/hpexe_return? HTTP/1.1" 200 1013
186.103.157.98 - - [29/Dec/2022:09:26:52 -0300] "GET /cormun/servlet/trpermisosgoce? HTTP/1.1" 200 12292
186.103.157.98 - - [29/Dec/2022:09:26:52 -0300] "GET /cormun/servlet/trpermisosgoce? HTTP/1.1" 200 12339
186.103.157.98 - - [29/Dec/2022:09:26:56 -0300] "GET /cormun/servlet/trpermisosadjuntos?11171709,20221229091011,P, HTTP/1.1" 200 6585
186.103.157.98 - - [29/Dec/2022:09:26:56 -0300] "GET /cormun/servlet/trpermisosadjuntos?11171709,20221229091011,P, HTTP/1.1" 200 6585
186.103.157.98 - - [29/Dec/2022:09:26:58 -0300] "GET /cormun/servlet/permisosadjuntos?INS,11171709,P,20221229091011,, HTTP/1.1" 200 5909
186.103.157.98 - - [29/Dec/2022:09:26:58 -0300] "GET /cormun/static/about:blank HTTP/1.1" 404 1011
186.103.157.98 - - [29/Dec/2022:09:26:58 -0300] "GET /cormun/servlet/permisosadjuntos?INS,11171709,P,20221229091011,, HTTP/1.1" 200 5899
186.103.157.98 - - [29/Dec/2022:09:27:20 -0300] "POST /cormun/servlet/permisosadjuntos?16cd201510bc65caeefc94228f4f93d9,INS,11171709,P,20221229091011,, HTTP/1.1" 200 116
186.103.157.98 - - [29/Dec/2022:09:27:20 -0300] "GET /cormun/servlet/hpexe_return? HTTP/1.1" 200 1041
186.103.157.98 - - [29/Dec/2022:09:27:20 -0300] "GET /cormun/servlet/trpermisosadjuntos?11171709,20221229091011,P, HTTP/1.1" 200 7083
186.103.157.98 - - [29/Dec/2022:09:27:21 -0300] "GET /cormun/servlet/trpermisosadjuntos?11171709,20221229091011,P, HTTP/1.1" 200 7078
186.103.157.98 - - [29/Dec/2022:09:27:24 -0300] "GET /cormun/servlet/trpermisosgoce? HTTP/1.1" 200 12289
186.103.157.98 - - [29/Dec/2022:09:27:25 -0300] "GET /cormun/servlet/trpermisosgoce? HTTP/1.1" 200 12288
186.103.157.98 - - [29/Dec/2022:09:27:27 -0300] "POST /cormun/servlet/trpermisosgoce?16cd201510bc65caeefc94228f4f93d9,,gx-no-cache=1672315950326 HTTP/1.1" 200 9508
186.103.157.98 - - [29/Dec/2022:09:27:27 -0300] "GET /cormun/static/Shared/jqueryui/images/ui-bg_highlight-soft_100_c6c2c8_1x100.png HTTP/1.1" 404 1117
186.103.157.98 - - [29/Dec/2022:09:27:27 -0300] "GET /cormun/static/Shared/jqueryui/images/ui-bg_flat_55_fafafa_40x100.png HTTP/1.1" 404 1097
186.103.157.98 - - [29/Dec/2022:09:27:27 -0300] "GET /cormun/static/Shared/jqueryui/images/ui-icons_8d78a5_256x240.png HTTP/1.1" 404 1089
186.103.157.98 - - [29/Dec/2022:09:27:27 -0300] "GET /cormun/static/Shared/jqueryui/images/ui-icons_82798d_256x240.png HTTP/1.1" 404 1089
186.103.157.98 - - [29/Dec/2022:09:27:30 -0300] "GET /cormun/servlet/trautorizarpermisogoce? HTTP/1.1" 200 11398
186.103.157.98 - - [29/Dec/2022:09:27:31 -0300] "GET /cormun/servlet/trautorizarpermisogoce? HTTP/1.1" 200 11398
186.103.157.98 - - [29/Dec/2022:09:27:36 -0300] "POST /cormun/servlet/trautorizarpermisogoce?16cd201510bc65caeefc94228f4f93d9,,gx-no-cache=1672315959238 HTTP/1.1" 200 8531
186.103.157.98 - - [29/Dec/2022:09:27:36 -0300] "GET /cormun/static/Shared/jqueryui/images/ui-icons_82798d_256x240.png HTTP/1.1" 404 1089
186.103.157.98 - - [29/Dec/2022:09:27:36 -0300] "GET /cormun/static/Shared/jqueryui/images/ui-bg_highlight-soft_100_c6c2c8_1x100.png HTTP/1.1" 404 1117
186.103.157.98 - - [29/Dec/2022:09:27:36 -0300] "GET /cormun/static/Shared/jqueryui/images/ui-bg_flat_55_fafafa_40x100.png HTTP/1.1" 404 1097
186.103.157.98 - - [29/Dec/2022:09:27:36 -0300] "GET /cormun/static/Shared/jqueryui/images/ui-icons_8d78a5_256x240.png HTTP/1.1" 404 1089
186.103.157.98 - - [29/Dec/2022:09:27:37 -0300] "POST /cormun/servlet/trautorizarpermisogoce?16cd201510bc65caeefc94228f4f93d9,,gx-no-cache=1672315960058 HTTP/1.1" 200 8347
186.103.157.98 - - [29/Dec/2022:09:27:37 -0300] "POST /cormun/servlet/trautorizarpermisogoce?16cd201510bc65caeefc94228f4f93d9,,gx-no-cache=1672315960694 HTTP/1.1" 200 7985
186.103.157.98 - - [29/Dec/2022:09:27:38 -0300] "POST /cormun/servlet/trautorizarpermisogoce?16cd201510bc65caeefc94228f4f93d9,,gx-no-cache=1672315961428 HTTP/1.1" 200 7646
186.103.157.98 - - [29/Dec/2022:09:27:39 -0300] "POST /cormun/servlet/trautorizarpermisogoce?16cd201510bc65caeefc94228f4f93d9,,gx-no-cache=1672315962080 HTTP/1.1" 200 7415
186.103.157.98 - - [29/Dec/2022:09:28:39 -0300] "GET /cormun/servlet/hlogin HTTP/1.1" 200 1751
152.89.196.211 - - [29/Dec/2022:09:30:16 -0300] "GET / HTTP/1.1" 200 11217
207.46.13.181 - - [29/Dec/2022:09:32:20 -0300] "GET /cormun/servlet/hpexe_return?_escaped_fragment_= HTTP/1.1" 200 998
40.77.167.75 - - [29/Dec/2022:09:32:38 -0300] "GET /cormun/static/gxcfg.js?201991422392976 HTTP/1.1" 200 953
40.77.167.75 - - [29/Dec/2022:09:32:39 -0300] "GET /cormun/static/hpexe_return.js?201991422392984 HTTP/1.1" 200 1633
157.55.39.146 - - [29/Dec/2022:09:32:44 -0300] "GET /cormun/servlet/hpexe_return HTTP/1.1" 200 989
190.171.142.42 - - [29/Dec/2022:09:35:15 -0300] "GET /cormun/servlet/hlogin HTTP/1.1" 200 1726
152.89.196.211 - - [29/Dec/2022:09:38:29 -0300] "GET /actuator/gateway/routes HTTP/1.1" 404 1007
190.171.149.90 - - [29/Dec/2022:09:43:51 -0300] "GET /cormun/servlet/hlogin HTTP/1.1" 200 1733
190.171.149.90 - - [29/Dec/2022:09:43:55 -0300] "POST /cormun/servlet/hlogin?d21d4907aa996e39d2f87fe525a6ce9f,gx-no-cache=1672316939650 HTTP/1.1" 200 90
190.171.149.90 - - [29/Dec/2022:09:43:55 -0300] "GET /cormun/servlet/hpexe_link HTTP/1.1" 200 957
190.171.149.90 - - [29/Dec/2022:09:43:55 -0300] "GET /cormun/servlet/hhome HTTP/1.1" 200 3952
190.171.149.90 - - [29/Dec/2022:09:43:55 -0300] "GET /cormun/servlet/hhome HTTP/1.1" 200 3949
190.171.149.90 - - [29/Dec/2022:09:43:57 -0300] "GET /cormun/servlet/trpermisosgoce? HTTP/1.1" 200 14881
190.171.149.90 - - [29/Dec/2022:09:43:58 -0300] "GET /cormun/servlet/trpermisosgoce? HTTP/1.1" 200 14880
190.171.149.90 - - [29/Dec/2022:09:44:00 -0300] "GET /cormun/servlet/permisogoce?INS,0,,, HTTP/1.1" 200 6816
190.171.149.90 - - [29/Dec/2022:09:44:00 -0300] "GET /cormun/servlet/permisogoce?INS,0,,, HTTP/1.1" 200 6816
190.171.149.90 - - [29/Dec/2022:09:44:07 -0300] "GET /cormun/servlet/permisogoce?aa96f0a36f25f5eb91422c855c0cc7a09607009de054fe239226cc160d2541b61a93d743fd906c64549ef035ccce22e1a49b4ff5ce1cf76f5f2d51ceac6dea6d,gx-no-cache=1672316951820 HTTP/1.1" 200 88
190.171.149.90 - - [29/Dec/2022:09:44:09 -0300] "GET /cormun/static/menuarrow.gif HTTP/1.1" 404 1015
190.171.149.90 - - [29/Dec/2022:09:44:16 -0300] "GET /cormun/servlet/permisogoce?aa96f0a36f25f5eb91422c855c0cc7a0c88dca68284b7283850065893782b25eed959ed29dce5d7fcbed8e6a65bf50a29bfc206921216cb62dcc7fc883af0f70,gx-no-cache=1672316960788 HTTP/1.1" 200 48
190.171.149.90 - - [29/Dec/2022:09:44:17 -0300] "POST /cormun/servlet/permisogoce?d21d4907aa996e39d2f87fe525a6ce9f,INS,0,,,,gx-no-cache=1672316962122 HTTP/1.1" 200 93
190.171.149.90 - - [29/Dec/2022:09:44:17 -0300] "GET /cormun/servlet/hpexe_return? HTTP/1.1" 200 1016
190.171.149.90 - - [29/Dec/2022:09:44:18 -0300] "GET /cormun/servlet/trpermisosgoce HTTP/1.1" 200 15092
190.171.149.90 - - [29/Dec/2022:09:44:18 -0300] "GET /cormun/servlet/trpermisosgoce HTTP/1.1" 200 15119
190.171.149.90 - - [29/Dec/2022:09:44:20 -0300] "GET /cormun/servlet/apermisogoceprn?9404476,P,20221229092903,PU HTTP/1.1" 200 1669
190.171.142.42 - - [29/Dec/2022:09:44:38 -0300] "POST /cormun/servlet/hlogin?1bc5823597155daef53be046695511d1,gx-no-cache=1672316976665 HTTP/1.1" 200 90
190.171.142.42 - - [29/Dec/2022:09:44:38 -0300] "GET /cormun/servlet/hpexe_link HTTP/1.1" 200 953
190.171.142.42 - - [29/Dec/2022:09:44:38 -0300] "GET /cormun/servlet/hhome HTTP/1.1" 200 4200
190.171.142.42 - - [29/Dec/2022:09:44:38 -0300] "GET /cormun/servlet/hhome HTTP/1.1" 200 4196
190.171.142.42 - - [29/Dec/2022:09:44:42 -0300] "GET /cormun/servlet/trlicencias? HTTP/1.1" 200 14759
190.171.142.42 - - [29/Dec/2022:09:44:43 -0300] "GET /cormun/servlet/trlicencias? HTTP/1.1" 200 14752
190.171.142.42 - - [29/Dec/2022:09:44:57 -0300] "GET /cormun/servlet/trpermisosgoce? HTTP/1.1" 200 18449
190.171.142.42 - - [29/Dec/2022:09:44:58 -0300] "GET /cormun/servlet/trpermisosgoce? HTTP/1.1" 200 18429
190.171.142.42 - - [29/Dec/2022:09:45:12 -0300] "GET /cormun/servlet/permisogoce?INS,0,,, HTTP/1.1" 200 7063
190.171.142.42 - - [29/Dec/2022:09:45:13 -0300] "GET /cormun/servlet/permisogoce?INS,0,,, HTTP/1.1" 200 7063
190.171.142.42 - - [29/Dec/2022:09:45:23 -0300] "GET /cormun/servlet/permisogoce?466c0be53ea50d4455556cf0531e41d80aceb741a43d632c258b83c1c6b5f6308bf4b82104c232654f8c3ea429c78031aff9eca68b4068b5a7f34582c53c801e,gx-no-cache=1672317025248 HTTP/1.1" 200 86
190.171.142.42 - - [29/Dec/2022:09:45:23 -0300] "GET /cormun/static/menuarrow.gif HTTP/1.1" 404 1015
190.171.142.42 - - [29/Dec/2022:09:45:28 -0300] "GET /cormun/servlet/permisogoce?466c0be53ea50d4455556cf0531e41d85ec9c6da07e158740b4e643090ced119ad99b5fbaa901eb4b3fb327d0685e4e8007977328192d5adddf0245f43585012,gx-no-cache=1672317029774 HTTP/1.1" 200 48
190.171.142.42 - - [29/Dec/2022:09:45:30 -0300] "POST /cormun/servlet/permisogoce?1bc5823597155daef53be046695511d1,INS,0,,,,gx-no-cache=1672317032223 HTTP/1.1" 200 93
190.171.142.42 - - [29/Dec/2022:09:45:30 -0300] "GET /cormun/servlet/hpexe_return? HTTP/1.1" 200 1010
190.171.142.42 - - [29/Dec/2022:09:45:31 -0300] "GET /cormun/servlet/trpermisosgoce HTTP/1.1" 200 18456
190.171.142.42 - - [29/Dec/2022:09:45:31 -0300] "GET /cormun/servlet/trpermisosgoce HTTP/1.1" 200 18453
190.171.142.42 - - [29/Dec/2022:09:45:37 -0300] "GET /cormun/servlet/permisogoce?INS,0,,, HTTP/1.1" 200 7063
190.171.142.42 - - [29/Dec/2022:09:45:38 -0300] "GET /cormun/servlet/permisogoce?INS,0,,, HTTP/1.1" 200 7063
190.171.142.42 - - [29/Dec/2022:09:45:46 -0300] "POST /cormun/servlet/permisogoce?1bc5823597155daef53be046695511d1,INS,0,,,,gx-no-cache=1672317048377 HTTP/1.1" 200 4758
190.171.142.42 - - [29/Dec/2022:09:45:46 -0300] "GET /cormun/static/Shared/jqueryui/images/ui-bg_highlight-soft_100_c6c2c8_1x100.png HTTP/1.1" 404 1117
190.171.142.42 - - [29/Dec/2022:09:45:46 -0300] "GET /cormun/static/Shared/jqueryui/images/ui-icons_82798d_256x240.png HTTP/1.1" 404 1089
190.171.142.42 - - [29/Dec/2022:09:45:46 -0300] "GET /cormun/static/Shared/jqueryui/images/ui-icons_ebccce_256x240.png HTTP/1.1" 404 1089
190.171.142.42 - - [29/Dec/2022:09:45:46 -0300] "GET /cormun/static/Shared/jqueryui/images/ui-bg_flat_55_994d53_40x100.png HTTP/1.1" 404 1097
190.171.142.42 - - [29/Dec/2022:09:45:48 -0300] "GET /cormun/servlet/permisogoce?466c0be53ea50d4455556cf0531e41d856884cfc2dcbaa617b500cc0966a654e1cabf3c1be7cbb0c8546531bfcf1441124f6d68819bf6d3a04ad791afd50cd46a39329636639cdfd6ec5dd70fed741de435c03b27f271c7ae469c6311fd8ae061192e937a67d62f611436f7e58f854ef435c03b27f271c7ae469c6311fd8ae0624f6d68819bf6d3a04ad791afd50cd46a39329636639cdfd6ec5dd70fed741de7ee5e69b41be9c7310ff10e6f3ac4abb4e4946a421ded3102cf3ff6883d48e3b45a5254872b5fc1afac75213eba5ca9d,gx-no-cache=1672317050593 HTTP/1.1" 200 76
190.171.142.42 - - [29/Dec/2022:09:45:48 -0300] "GET /cormun/static/menuarrow.gif HTTP/1.1" 404 1015
190.171.142.42 - - [29/Dec/2022:09:45:54 -0300] "GET /cormun/servlet/permisogoce?466c0be53ea50d4455556cf0531e41d8c12cbbeab1e7bb8063f0891ce1a700da051636cf205ef03814a8b5eee1fe5aa4212cac786ffc0d53a055c94e9c820894,gx-no-cache=1672317055734 HTTP/1.1" 200 48
186.103.157.98 - - [29/Dec/2022:09:45:55 -0300] "POST /cormun/servlet/hlogin?16cd201510bc65caeefc94228f4f93d9,gx-no-cache=1672317058080 HTTP/1.1" 200 90
186.103.157.98 - - [29/Dec/2022:09:45:55 -0300] "GET /cormun/servlet/hpexe_link HTTP/1.1" 200 968
186.103.157.98 - - [29/Dec/2022:09:45:55 -0300] "GET /cormun/servlet/trautorizarpermisogoce? HTTP/1.1" 200 10012
186.103.157.98 - - [29/Dec/2022:09:45:55 -0300] "GET /cormun/servlet/trautorizarpermisogoce? HTTP/1.1" 200 10010
190.171.142.42 - - [29/Dec/2022:09:45:56 -0300] "POST /cormun/servlet/permisogoce?1bc5823597155daef53be046695511d1,INS,0,,,,gx-no-cache=1672317057814 HTTP/1.1" 200 93
190.171.142.42 - - [29/Dec/2022:09:45:56 -0300] "GET /cormun/servlet/hpexe_return? HTTP/1.1" 200 1010
190.171.142.42 - - [29/Dec/2022:09:45:56 -0300] "GET /cormun/servlet/trpermisosgoce HTTP/1.1" 200 18476
190.171.142.42 - - [29/Dec/2022:09:45:57 -0300] "GET /cormun/servlet/trpermisosgoce HTTP/1.1" 200 18474
190.171.142.42 - - [29/Dec/2022:09:45:59 -0300] "GET /cormun/servlet/hlogin HTTP/1.1" 200 1744
186.103.157.98 - - [29/Dec/2022:09:46:01 -0300] "GET /cormun/static/menuarrow.gif HTTP/1.1" 404 1015
186.103.157.98 - - [29/Dec/2022:09:46:32 -0300] "POST /cormun/servlet/trautorizarpermisogoce?16cd201510bc65caeefc94228f4f93d9,,gx-no-cache=1672317095383 HTTP/1.1" 200 4433
186.103.157.98 - - [29/Dec/2022:09:46:41 -0300] "GET /cormun/servlet/trpermisosgoce? HTTP/1.1" 200 12265
186.103.157.98 - - [29/Dec/2022:09:46:42 -0300] "GET /cormun/servlet/trpermisosgoce? HTTP/1.1" 200 12252
186.103.157.98 - - [29/Dec/2022:09:46:44 -0300] "GET /cormun/static/menuarrow.gif HTTP/1.1" 404 1015
186.103.157.98 - - [29/Dec/2022:09:46:56 -0300] "POST /cormun/servlet/trpermisosgoce?16cd201510bc65caeefc94228f4f93d9,,gx-no-cache=1672317118850 HTTP/1.1" 200 6127
