190.171.142.26 - - [28/Dec/2022:12:15:46 -0300] "GET /cormun/servlet/permisogoce?bf50eebcadfac858214d53e0f799b94affe1f789d8aa6f074104a771b07aa0a1a33fe461b9e57a8c318f013141e31a8ff9ee5f784370eb3f805d03ba274497c1,gx-no-cache=1672239649303 HTTP/1.1" 200 89
190.171.142.26 - - [28/Dec/2022:12:15:54 -0300] "GET /cormun/static/menuarrow.gif HTTP/1.1" 404 1015
190.171.142.26 - - [28/Dec/2022:12:16:01 -0300] "GET /cormun/servlet/permisogoce?bf50eebcadfac858214d53e0f799b94ae1b849d5766f640f8f8977ef8cba7f7eef78b656f145e9e6061b3f1e987e8f16c6a0cd71cf9a2634532937a3b63bf18d,gx-no-cache=1672239664143 HTTP/1.1" 200 47
190.171.142.26 - - [28/Dec/2022:12:16:05 -0300] "POST /cormun/servlet/permisogoce?d2e2f6769ed0e6092b35ef30f2bd8c6c,INS,0,,,,gx-no-cache=1672239668095 HTTP/1.1" 200 93
190.171.142.26 - - [28/Dec/2022:12:16:05 -0300] "GET /cormun/servlet/hpexe_return? HTTP/1.1" 200 1013
190.171.142.26 - - [28/Dec/2022:12:16:06 -0300] "GET /cormun/servlet/trpermisosgoce HTTP/1.1" 200 18303
190.171.142.26 - - [28/Dec/2022:12:16:06 -0300] "GET /cormun/servlet/trpermisosgoce HTTP/1.1" 200 18303
200.54.237.82 - - [28/Dec/2022:12:16:08 -0300] "GET /cormun/servlet/hlogin HTTP/1.1" 200 1726
190.171.142.26 - - [28/Dec/2022:12:16:08 -0300] "GET /cormun/servlet/permisogoce?INS,0,,, HTTP/1.1" 200 6837
190.171.142.26 - - [28/Dec/2022:12:16:09 -0300] "GET /cormun/servlet/permisogoce?INS,0,,, HTTP/1.1" 200 6836
200.54.237.82 - - [28/Dec/2022:12:16:10 -0300] "POST /cormun/servlet/hlogin?b913881ca9f886d653a5e591aa0eaaa6,gx-no-cache=1672239673367 HTTP/1.1" 200 90
200.54.237.82 - - [28/Dec/2022:12:16:10 -0300] "GET /cormun/servlet/hpexe_link HTTP/1.1" 200 962
200.54.237.82 - - [28/Dec/2022:12:16:11 -0300] "GET /cormun/servlet/trbonoreemplazoaut HTTP/1.1" 500 10
200.54.237.82 - - [28/Dec/2022:12:16:12 -0300] "GET /cormun/servlet/trbonoreemplazoaut HTTP/1.1" 500 10
200.54.237.82 - - [28/Dec/2022:12:16:14 -0300] "GET /cormun/servlet/trbonoreemplazoaut HTTP/1.1" 500 10
190.171.142.26 - - [28/Dec/2022:12:16:18 -0300] "GET /cormun/servlet/permisogoce?bf50eebcadfac858214d53e0f799b94a0f1906d3e1fe1254a594d7182485e2a0a33fe461b9e57a8c318f013141e31a8ff9ee5f784370eb3f805d03ba274497c1,gx-no-cache=1672239680943 HTTP/1.1" 200 75
200.54.237.82 - - [28/Dec/2022:12:16:20 -0300] "GET /cormun/servlet/hlogin HTTP/1.1" 200 1726
190.171.142.26 - - [28/Dec/2022:12:16:23 -0300] "GET /cormun/static/menuarrow.gif HTTP/1.1" 404 1015
200.54.237.82 - - [28/Dec/2022:12:16:25 -0300] "POST /cormun/servlet/hlogin?b913881ca9f886d653a5e591aa0eaaa6,gx-no-cache=1672239687855 HTTP/1.1" 200 90
200.54.237.82 - - [28/Dec/2022:12:16:25 -0300] "GET /cormun/servlet/hpexe_link HTTP/1.1" 200 962
200.54.237.82 - - [28/Dec/2022:12:16:25 -0300] "GET /cormun/servlet/trbonoreemplazoaut HTTP/1.1" 500 10
190.171.142.26 - - [28/Dec/2022:12:16:26 -0300] "GET /cormun/servlet/permisogoce?bf50eebcadfac858214d53e0f799b94a1e73e8621e8ee1c640bf5bf7b5a050f30b4ae1060d37579babc2efb717fa5b7bc6a0cd71cf9a2634532937a3b63bf18d,gx-no-cache=1672239689307 HTTP/1.1" 200 48
190.171.142.26 - - [28/Dec/2022:12:16:28 -0300] "POST /cormun/servlet/permisogoce?d2e2f6769ed0e6092b35ef30f2bd8c6c,INS,0,,,,gx-no-cache=1672239690868 HTTP/1.1" 200 93
190.171.142.26 - - [28/Dec/2022:12:16:28 -0300] "GET /cormun/servlet/hpexe_return? HTTP/1.1" 200 1013
190.171.142.26 - - [28/Dec/2022:12:16:28 -0300] "GET /cormun/servlet/trpermisosgoce HTTP/1.1" 200 18302
190.171.142.26 - - [28/Dec/2022:12:16:29 -0300] "GET /cormun/servlet/trpermisosgoce HTTP/1.1" 200 18366
190.171.142.26 - - [28/Dec/2022:12:16:31 -0300] "GET /cormun/servlet/permisogoce?INS,0,,, HTTP/1.1" 200 6837
190.171.142.26 - - [28/Dec/2022:12:16:32 -0300] "GET /cormun/servlet/permisogoce?INS,0,,, HTTP/1.1" 200 6836
190.171.152.138 - - [28/Dec/2022:12:16:33 -0300] "GET /cormun/servlet/hlogin HTTP/1.1" 200 1728
190.171.152.138 - - [28/Dec/2022:12:16:33 -0300] "GET /cormun/static/gxtimezone.js?85251 HTTP/1.1" 200 5781
190.171.152.138 - - [28/Dec/2022:12:16:33 -0300] "GET /cormun/static/gxcfg.js?201910216285969 HTTP/1.1" 200 953
190.171.152.138 - - [28/Dec/2022:12:16:33 -0300] "GET /cormun/static/Resources/Spanish/PXTools.css?2294816 HTTP/1.1" 200 100853
190.171.152.138 - - [28/Dec/2022:12:16:33 -0300] "GET /cormun/static/messages.spa.js?85251 HTTP/1.1" 200 30736
190.171.152.138 - - [28/Dec/2022:12:16:33 -0300] "GET /cormun/static/hlogin.js?201910216285995 HTTP/1.1" 200 2136
190.171.152.138 - - [28/Dec/2022:12:16:33 -0300] "GET /cormun/static/Resources/Logo2019_Grande.png HTTP/1.1" 200 31733
190.171.152.138 - - [28/Dec/2022:12:16:33 -0300] "GET /cormun/static/gxgral.js?85251 HTTP/1.1" 200 384558
190.171.152.138 - - [28/Dec/2022:12:16:33 -0300] "GET /cormun/static/Resources/PXToolsLoginTop.png HTTP/1.1" 200 1337
190.171.152.138 - - [28/Dec/2022:12:16:33 -0300] "GET /cormun/static/Resources/PXToolsLoginBackground.png HTTP/1.1" 200 1164
190.171.152.138 - - [28/Dec/2022:12:16:33 -0300] "GET /cormun/static/Resources/PXToolsButtonLeft.png HTTP/1.1" 200 1310
190.171.152.138 - - [28/Dec/2022:12:16:33 -0300] "GET /cormun/static/Resources/PXToolsButtonBackground.png HTTP/1.1" 200 1176
190.171.152.138 - - [28/Dec/2022:12:16:33 -0300] "GET /cormun/static/Resources/PXToolsButtonRight.png HTTP/1.1" 200 1294
190.171.152.138 - - [28/Dec/2022:12:16:33 -0300] "GET /cormun/static/Resources/PXToolsLoginBottom.png HTTP/1.1" 200 1389
190.171.152.138 - - [28/Dec/2022:12:16:33 -0300] "GET /cormun/static/Resources/indicator.gif HTTP/1.1" 200 1553
190.171.152.138 - - [28/Dec/2022:12:16:33 -0300] "GET /cormun/servlet/hlogin HTTP/1.1" 200 1739
190.171.152.138 - - [28/Dec/2022:12:16:34 -0300] "GET /favicon.ico HTTP/1.1" 200 21630
190.171.142.26 - - [28/Dec/2022:12:16:43 -0300] "GET /cormun/servlet/permisogoce?bf50eebcadfac858214d53e0f799b94aa15066637c9b93141752926e283f4a52a33fe461b9e57a8c318f013141e31a8ff9ee5f784370eb3f805d03ba274497c1,gx-no-cache=1672239706422 HTTP/1.1" 200 226
190.171.142.26 - - [28/Dec/2022:12:16:43 -0300] "GET /cormun/static/Shared/jqueryui/images/ui-bg_highlight-soft_100_c6c2c8_1x100.png HTTP/1.1" 404 1117
190.171.142.26 - - [28/Dec/2022:12:16:43 -0300] "GET /cormun/static/Shared/jqueryui/images/ui-bg_flat_55_994d53_40x100.png HTTP/1.1" 404 1097
190.171.142.26 - - [28/Dec/2022:12:16:43 -0300] "GET /cormun/static/Shared/jqueryui/images/ui-icons_ebccce_256x240.png HTTP/1.1" 404 1089
190.171.142.26 - - [28/Dec/2022:12:16:43 -0300] "GET /cormun/static/Shared/jqueryui/images/ui-icons_82798d_256x240.png HTTP/1.1" 404 1089
190.171.152.138 - - [28/Dec/2022:12:16:46 -0300] "POST /cormun/servlet/hlogin?4ec71a39009e8334e380bc8a8cc2345f,gx-no-cache=1672239709770 HTTP/1.1" 200 90
190.171.152.138 - - [28/Dec/2022:12:16:46 -0300] "GET /cormun/servlet/hpexe_link HTTP/1.1" 200 957
190.171.152.138 - - [28/Dec/2022:12:16:46 -0300] "GET /cormun/static/gxcfg.js?201991422392958 HTTP/1.1" 200 953
190.171.152.138 - - [28/Dec/2022:12:16:46 -0300] "GET /cormun/static/hpexe_link.js?201991422392963 HTTP/1.1" 200 625
190.171.152.138 - - [28/Dec/2022:12:16:46 -0300] "GET /cormun/servlet/hhome HTTP/1.1" 200 3858
190.171.152.138 - - [28/Dec/2022:12:16:47 -0300] "GET /cormun/static/SmoothNavMenu/resources/ddsmoothmenu.css?1112540 HTTP/1.1" 200 2223
190.171.152.138 - - [28/Dec/2022:12:16:47 -0300] "GET /cormun/static/gxcfg.js?20201215495537 HTTP/1.1" 200 953
190.171.152.138 - - [28/Dec/2022:12:16:47 -0300] "GET /cormun/static/SmoothNavMenu/resources/ddsmoothmenu-v.css?1112540 HTTP/1.1" 200 1188
190.171.152.138 - - [28/Dec/2022:12:16:47 -0300] "GET /cormun/static/scaMessage/css/jquery.pnotify.default.css?1816380 HTTP/1.1" 200 1707
190.171.152.138 - - [28/Dec/2022:12:16:47 -0300] "GET /cormun/static/Shared/jqueryui/jquery-ui.min.css?1345370 HTTP/1.1" 200 30288
190.171.152.138 - - [28/Dec/2022:12:16:47 -0300] "GET /cormun/static/PXToolsJavascripts/pexe_autoreload.js HTTP/1.1" 200 1762
190.171.152.138 - - [28/Dec/2022:12:16:47 -0300] "GET /cormun/static/PXToolsJavascripts/pexe_cookies.js HTTP/1.1" 200 792
190.171.152.138 - - [28/Dec/2022:12:16:47 -0300] "GET /cormun/static/PXToolsJavascripts/pexe_griddivfix.js HTTP/1.1" 200 6644
190.171.152.138 - - [28/Dec/2022:12:16:47 -0300] "GET /cormun/static/PXToolsJavascripts/pexe_grid.js HTTP/1.1" 200 7559
190.171.152.138 - - [28/Dec/2022:12:16:47 -0300] "GET /cormun/static/Resources/Spanish/PXTools.css?14345360 HTTP/1.1" 200 100853
190.171.152.138 - - [28/Dec/2022:12:16:47 -0300] "GET /cormun/static/PXToolsJavascripts/pexe_windows.js HTTP/1.1" 200 15207
190.171.152.138 - - [28/Dec/2022:12:16:47 -0300] "GET /cormun/static/PXToolsJavascripts/pexe_link.js HTTP/1.1" 200 5671
190.171.152.138 - - [28/Dec/2022:12:16:47 -0300] "GET /cormun/static/PXToolsJavascripts/pexe_menudivfix.js HTTP/1.1" 200 333
190.171.152.138 - - [28/Dec/2022:12:16:47 -0300] "GET /cormun/static/PXToolsJavascripts/pexe_menus.js HTTP/1.1" 200 1286
190.171.152.138 - - [28/Dec/2022:12:16:47 -0300] "GET /cormun/static/PXToolsJavascripts/pexe_layers.js HTTP/1.1" 200 4114
190.171.152.138 - - [28/Dec/2022:12:16:47 -0300] "GET /cormun/static/PXToolsJavascripts/pexe_oav.js HTTP/1.1" 200 645
190.171.152.138 - - [28/Dec/2022:12:16:47 -0300] "GET /cormun/static/PXToolsJavascripts/pexe_oavdivfix.js HTTP/1.1" 200 639
190.171.152.138 - - [28/Dec/2022:12:16:47 -0300] "GET /cormun/static/PXToolsJavascripts/pexe_picture.js HTTP/1.1" 200 689
190.171.152.138 - - [28/Dec/2022:12:16:47 -0300] "GET /cormun/static/PXToolsJavascripts/pexe_popup.js HTTP/1.1" 200 13458
190.171.152.138 - - [28/Dec/2022:12:16:47 -0300] "GET /cormun/static/PXToolsJavascripts/pexe_scrolldiv.js HTTP/1.1" 200 4138
190.171.152.138 - - [28/Dec/2022:12:16:47 -0300] "GET /cormun/static/PXToolsJavascripts/pexe_tabdivfix.js HTTP/1.1" 200 876
190.171.152.138 - - [28/Dec/2022:12:16:47 -0300] "GET /cormun/static/PXToolsJavascripts/pexe_tabs.js HTTP/1.1" 200 3748
190.171.152.138 - - [28/Dec/2022:12:16:47 -0300] "GET /cormun/static/PXToolsJavascripts/pexe_upload.js HTTP/1.1" 200 1423
190.171.152.138 - - [28/Dec/2022:12:16:47 -0300] "GET /cormun/static/PXToolsJavascripts/PXToolsJavascriptsRender.js HTTP/1.1" 200 367
190.171.152.138 - - [28/Dec/2022:12:16:47 -0300] "GET /cormun/static/RunJS/RunJS.js HTTP/1.1" 200 288
190.171.152.138 - - [28/Dec/2022:12:16:47 -0300] "GET /cormun/static/Shared/ext/locale/ext-lang-en.js HTTP/1.1" 200 10940
190.171.152.138 - - [28/Dec/2022:12:16:47 -0300] "GET /cormun/static/hhome.js?20201215495544 HTTP/1.1" 200 777
190.171.152.138 - - [28/Dec/2022:12:16:47 -0300] "GET /cormun/static/hwchdr01.js?20201214473739 HTTP/1.1" 200 996
190.171.152.138 - - [28/Dec/2022:12:16:47 -0300] "GET /cormun/static/hpexe_recentlink.js?20201214471090 HTTP/1.1" 200 2144
190.171.152.138 - - [28/Dec/2022:12:16:47 -0300] "GET /cormun/static/hpexe_scripts.js?20201214471411 HTTP/1.1" 200 1544
190.171.152.138 - - [28/Dec/2022:12:16:47 -0300] "GET /cormun/static/hpexe_messagecontroller.js?201991422154126 HTTP/1.1" 200 870
190.171.152.138 - - [28/Dec/2022:12:16:47 -0300] "GET /cormun/static/gxui/gxui-all.js HTTP/1.1" 200 107772
190.171.152.138 - - [28/Dec/2022:12:16:47 -0300] "GET /cormun/static/hpexe_messagepopupcomponent.js?2020121447232 HTTP/1.1" 200 605
190.171.152.138 - - [28/Dec/2022:12:16:47 -0300] "GET /cormun/static/hpexe_messagegenexuscomponent.js?2020121447173 HTTP/1.1" 200 587
190.171.152.138 - - [28/Dec/2022:12:16:47 -0300] "GET /cormun/static/cmcontrolpreferences.js?20199141926336 HTTP/1.1" 200 1375
190.171.152.138 - - [28/Dec/2022:12:16:47 -0300] "GET /cormun/static/SmoothNavMenu/resources/ddsmoothmenu.js HTTP/1.1" 200 12712
190.171.152.138 - - [28/Dec/2022:12:16:47 -0300] "GET /cormun/static/SmoothNavMenu/resources/SmoothNavMenuRender.js HTTP/1.1" 200 5951
190.171.152.138 - - [28/Dec/2022:12:16:47 -0300] "GET /cormun/static/scaMessage/js/jquery.pnotify.min.js HTTP/1.1" 200 13038
190.171.152.138 - - [28/Dec/2022:12:16:47 -0300] "GET /cormun/static/Shared/jquery/jquery-1.4.2.min.js HTTP/1.1" 200 72174
190.171.152.138 - - [28/Dec/2022:12:16:47 -0300] "GET /cormun/static/scaMessage/scaMessageRender.js HTTP/1.1" 200 11977
190.171.152.138 - - [28/Dec/2022:12:16:47 -0300] "GET /cormun/static/hmpwkw03.js?20201215501896 HTTP/1.1" 200 3973
190.171.152.138 - - [28/Dec/2022:12:16:47 -0300] "GET /cormun/static/Resources/Logo2019_Small.png HTTP/1.1" 200 10855
190.171.152.138 - - [28/Dec/2022:12:16:47 -0300] "GET /cormun/static/Resources/ImgHome.png HTTP/1.1" 200 1364
190.171.152.138 - - [28/Dec/2022:12:16:47 -0300] "GET /cormun/static/Resources/ImgLogin.png HTTP/1.1" 200 1432
190.171.152.138 - - [28/Dec/2022:12:16:47 -0300] "GET /cormun/static/Resources/Llave.png HTTP/1.1" 200 1395
190.171.152.138 - - [28/Dec/2022:12:16:47 -0300] "GET /cormun/static/Resources/PXToolsDataTitle.png HTTP/1.1" 200 1173
190.171.152.138 - - [28/Dec/2022:12:16:47 -0300] "GET /cormun/static/Shared/jquery/jquery-1.10.2.min.js HTTP/1.1" 200 273199
190.171.152.138 - - [28/Dec/2022:12:16:47 -0300] "GET /cormun/static/Shared/jqueryui/jquery-ui.min.js HTTP/1.1" 200 240427
190.171.152.138 - - [28/Dec/2022:12:16:47 -0300] "GET /cormun/static/Shared/ext/ext-all.js HTTP/1.1" 200 1289687
190.171.152.138 - - [28/Dec/2022:12:16:48 -0300] "GET /cormun/static/SmoothNavMenu/resources/images/down.gif HTTP/1.1" 200 854
190.171.152.138 - - [28/Dec/2022:12:16:48 -0300] "GET /cormun/servlet/hhome HTTP/1.1" 200 3855
190.171.152.138 - - [28/Dec/2022:12:16:54 -0300] "GET /cormun/servlet/trlicencias? HTTP/1.1" 200 10065
190.171.152.138 - - [28/Dec/2022:12:16:54 -0300] "GET /cormun/static/gxui/gxui-all.css?120300 HTTP/1.1" 200 2179
190.171.152.138 - - [28/Dec/2022:12:16:54 -0300] "GET /cormun/static/calendar-system.css?85620 HTTP/1.1" 200 5572
190.171.152.138 - - [28/Dec/2022:12:16:54 -0300] "GET /cormun/static/gxcfg.js?2020121613995 HTTP/1.1" 200 953
190.171.152.138 - - [28/Dec/2022:12:16:54 -0300] "GET /cormun/static/calendar.js?85251 HTTP/1.1" 200 26246
190.171.152.138 - - [28/Dec/2022:12:16:54 -0300] "GET /cormun/static/calendar-setup.js?85251 HTTP/1.1" 200 2588
190.171.152.138 - - [28/Dec/2022:12:16:54 -0300] "GET /cormun/static/calendar-es.js?85251 HTTP/1.1" 200 1901
190.171.152.138 - - [28/Dec/2022:12:16:54 -0300] "GET /cormun/static/gxdec.js?85251 HTTP/1.1" 200 19579
190.171.152.138 - - [28/Dec/2022:12:16:54 -0300] "GET /cormun/static/Shared/ext/resources/css/ext-all.css?215870 HTTP/1.1" 200 416045
190.171.152.138 - - [28/Dec/2022:12:16:54 -0300] "GET /cormun/static/Resources/PXTools/calendar.png HTTP/1.1" 200 1306
190.171.152.138 - - [28/Dec/2022:12:16:54 -0300] "GET /cormun/static/trlicencias.js?202012162481 HTTP/1.1" 200 41883
190.171.142.26 - - [28/Dec/2022:12:16:54 -0300] "GET /cormun/servlet/permisogoce?bf50eebcadfac858214d53e0f799b94a7b5f97ae614dde73801600203052ca83a33fe461b9e57a8c318f013141e31a8ff9ee5f784370eb3f805d03ba274497c1,gx-no-cache=1672239717424 HTTP/1.1" 200 82
190.171.152.138 - - [28/Dec/2022:12:16:54 -0300] "GET /cormun/static/Resources/PXToolsGridNextDisabled.gif HTTP/1.1" 200 90
190.171.152.138 - - [28/Dec/2022:12:16:54 -0300] "GET /cormun/static/Resources/PXToolsGridFirstDisabled.gif HTTP/1.1" 200 100
190.171.152.138 - - [28/Dec/2022:12:16:54 -0300] "GET /cormun/static/Resources/PXToolsGridPreviousDisabled.gif HTTP/1.1" 200 90
190.171.152.138 - - [28/Dec/2022:12:16:54 -0300] "GET /cormun/static/Resources/PXToolsGridPage.gif HTTP/1.1" 200 725
190.171.152.138 - - [28/Dec/2022:12:16:54 -0300] "GET /cormun/static/Resources/PXToolsDataSearch.png HTTP/1.1" 200 435
190.171.152.138 - - [28/Dec/2022:12:16:54 -0300] "GET /cormun/static/Resources/PXToolsGridLastDisabled.gif HTTP/1.1" 200 98
190.171.152.138 - - [28/Dec/2022:12:16:54 -0300] "GET /cormun/static/Resources/PXToolsActionExcel.png HTTP/1.1" 200 727
190.171.152.138 - - [28/Dec/2022:12:16:54 -0300] "GET /cormun/static/Resources/PXToolsAddAllAction.png HTTP/1.1" 200 495
190.171.152.138 - - [28/Dec/2022:12:16:54 -0300] "GET /cormun/static/Resources/asc.gif HTTP/1.1" 200 67
190.171.152.138 - - [28/Dec/2022:12:16:54 -0300] "GET /cormun//static/Resources/PXToolsHeaderHelp.png HTTP/1.1" 200 1333
190.171.152.138 - - [28/Dec/2022:12:16:54 -0300] "GET /cormun/static/Resources/desc.gif HTTP/1.1" 200 65
190.171.152.138 - - [28/Dec/2022:12:16:54 -0300] "GET /cormun//static/Resources/PXToolsGridDisplay.png HTTP/1.1" 200 525
190.171.152.138 - - [28/Dec/2022:12:16:54 -0300] "GET /cormun//static/Resources/PXToolsActionPrint.png HTTP/1.1" 200 404
190.171.152.138 - - [28/Dec/2022:12:16:54 -0300] "GET /cormun//static/Resources/PXToolsHeaderFavorites.png HTTP/1.1" 200 1414
190.171.152.138 - - [28/Dec/2022:12:16:54 -0300] "GET /cormun//static/Resources/PXTools/ActionInsert.png HTTP/1.1" 200 1482
190.171.152.138 - - [28/Dec/2022:12:16:54 -0300] "GET /cormun//static/Resources/PXToolsActionDisabled.gif HTTP/1.1" 200 53
190.171.152.138 - - [28/Dec/2022:12:16:55 -0300] "GET /cormun/servlet/trlicencias? HTTP/1.1" 200 10062
190.171.152.138 - - [28/Dec/2022:12:16:55 -0300] "GET /cormun/static/Shared/ext/resources/themes/images/default/panel/bg-headersPanel.png HTTP/1.1" 200 255
190.171.152.138 - - [28/Dec/2022:12:16:55 -0300] "GET /cormun/static/Shared/ext/resources/themes/images/default/tools/tool-sprites.gif HTTP/1.1" 200 5434
190.171.142.26 - - [28/Dec/2022:12:16:58 -0300] "GET /cormun/static/menuarrow.gif HTTP/1.1" 404 1015
190.171.142.26 - - [28/Dec/2022:12:17:03 -0300] "GET /cormun/servlet/permisogoce?bf50eebcadfac858214d53e0f799b94adaadf875bc61f98fb2f72d2d63dc155572c5e859b2ca74896f04fd45b37e961ddbb9cb95415a0d451b03bf0452e5c414,gx-no-cache=1672239726145 HTTP/1.1" 200 48
190.171.142.26 - - [28/Dec/2022:12:17:05 -0300] "POST /cormun/servlet/permisogoce?d2e2f6769ed0e6092b35ef30f2bd8c6c,INS,0,,,,gx-no-cache=1672239727688 HTTP/1.1" 200 93
190.171.142.26 - - [28/Dec/2022:12:17:05 -0300] "GET /cormun/servlet/hpexe_return? HTTP/1.1" 200 1013
190.171.142.26 - - [28/Dec/2022:12:17:05 -0300] "GET /cormun/servlet/trpermisosgoce HTTP/1.1" 200 18419
190.171.142.26 - - [28/Dec/2022:12:17:06 -0300] "GET /cormun/servlet/trpermisosgoce HTTP/1.1" 200 18401
190.171.153.26 - - [28/Dec/2022:12:17:09 -0300] "POST /cormun/servlet/trsolicitudot?be8016dbdc9db8828741f9a7fd028ce7,,gx-no-cache=1672239735262 HTTP/1.1" 200 4392
190.171.142.26 - - [28/Dec/2022:12:17:10 -0300] "GET /cormun/servlet/permisogoce?INS,0,,, HTTP/1.1" 200 6837
190.171.153.26 - - [28/Dec/2022:12:17:10 -0300] "POST /cormun/servlet/trsolicitudot?be8016dbdc9db8828741f9a7fd028ce7,,gx-no-cache=1672239736382 HTTP/1.1" 200 4392
190.171.142.26 - - [28/Dec/2022:12:17:10 -0300] "GET /cormun/servlet/permisogoce?INS,0,,, HTTP/1.1" 200 6837
190.171.153.26 - - [28/Dec/2022:12:17:13 -0300] "POST /cormun/servlet/trsolicitudot?be8016dbdc9db8828741f9a7fd028ce7,,gx-no-cache=1672239739836 HTTP/1.1" 200 4388
190.171.153.26 - - [28/Dec/2022:12:17:14 -0300] "POST /cormun/servlet/trsolicitudot?be8016dbdc9db8828741f9a7fd028ce7,,gx-no-cache=1672239740769 HTTP/1.1" 200 4388
190.171.153.26 - - [28/Dec/2022:12:17:18 -0300] "GET /cormun/static/menuarrow.gif HTTP/1.1" 404 1015
190.171.142.26 - - [28/Dec/2022:12:17:19 -0300] "GET /cormun/servlet/permisogoce?bf50eebcadfac858214d53e0f799b94a974af4e4214cec48e71393c956f6bf79a33fe461b9e57a8c318f013141e31a8ff9ee5f784370eb3f805d03ba274497c1,gx-no-cache=1672239742183 HTTP/1.1" 200 81
190.171.142.26 - - [28/Dec/2022:12:17:23 -0300] "GET /cormun/static/menuarrow.gif HTTP/1.1" 404 1015
190.171.142.26 - - [28/Dec/2022:12:17:26 -0300] "GET /cormun/servlet/permisogoce?bf50eebcadfac858214d53e0f799b94ad4b867f53d29046d4fbbc28b6a2acd35e944145c0afdf6d90ff78f28415417cec6a0cd71cf9a2634532937a3b63bf18d,gx-no-cache=1672239749271 HTTP/1.1" 200 47
190.171.142.26 - - [28/Dec/2022:12:17:28 -0300] "POST /cormun/servlet/permisogoce?d2e2f6769ed0e6092b35ef30f2bd8c6c,INS,0,,,,gx-no-cache=1672239750727 HTTP/1.1" 200 93
190.171.142.26 - - [28/Dec/2022:12:17:28 -0300] "GET /cormun/servlet/hpexe_return? HTTP/1.1" 200 1013
190.171.142.26 - - [28/Dec/2022:12:17:28 -0300] "GET /cormun/servlet/trpermisosgoce HTTP/1.1" 200 18426
190.171.142.26 - - [28/Dec/2022:12:17:29 -0300] "GET /cormun/servlet/trpermisosgoce HTTP/1.1" 200 18348
190.171.153.26 - - [28/Dec/2022:12:17:32 -0300] "POST /cormun/servlet/trsolicitudot?be8016dbdc9db8828741f9a7fd028ce7,,gx-no-cache=1672239758519 HTTP/1.1" 200 4388
190.171.142.26 - - [28/Dec/2022:12:17:32 -0300] "GET /cormun/servlet/permisogoce?INS,0,,, HTTP/1.1" 200 6837
190.171.142.26 - - [28/Dec/2022:12:17:32 -0300] "GET /cormun/servlet/permisogoce?INS,0,,, HTTP/1.1" 200 6837
190.171.153.26 - - [28/Dec/2022:12:17:33 -0300] "POST /cormun/servlet/trsolicitudot?be8016dbdc9db8828741f9a7fd028ce7,,gx-no-cache=1672239759416 HTTP/1.1" 200 4388
190.171.153.26 - - [28/Dec/2022:12:17:39 -0300] "POST /cormun/servlet/trsolicitudot?be8016dbdc9db8828741f9a7fd028ce7,,gx-no-cache=1672239765026 HTTP/1.1" 200 4389
190.171.152.138 - - [28/Dec/2022:12:17:40 -0300] "GET /cormun/servlet/hlogin HTTP/1.1" 200 1745
190.171.153.26 - - [28/Dec/2022:12:17:40 -0300] "POST /cormun/servlet/trsolicitudot?be8016dbdc9db8828741f9a7fd028ce7,,gx-no-cache=1672239766404 HTTP/1.1" 200 4389
190.171.153.26 - - [28/Dec/2022:12:17:43 -0300] "POST /cormun/servlet/trsolicitudot?be8016dbdc9db8828741f9a7fd028ce7,,gx-no-cache=1672239769609 HTTP/1.1" 200 4393
190.171.153.26 - - [28/Dec/2022:12:17:54 -0300] "POST /cormun/servlet/trsolicitudot?be8016dbdc9db8828741f9a7fd028ce7,,gx-no-cache=1672239780827 HTTP/1.1" 200 4392
190.171.153.26 - - [28/Dec/2022:12:17:55 -0300] "POST /cormun/servlet/trsolicitudot?be8016dbdc9db8828741f9a7fd028ce7,,gx-no-cache=1672239781848 HTTP/1.1" 200 4392
186.103.157.42 - - [28/Dec/2022:12:18:01 -0300] "GET /cormun/servlet/hlogin HTTP/1.1" 200 1728
186.103.157.42 - - [28/Dec/2022:12:18:01 -0300] "GET /cormun/servlet/hlogin HTTP/1.1" 200 1737
186.103.157.42 - - [28/Dec/2022:12:18:01 -0300] "GET /favicon.ico HTTP/1.1" 200 21630
190.171.153.26 - - [28/Dec/2022:12:18:13 -0300] "GET /cormun/servlet/trsolicitudot? HTTP/1.1" 200 7220
190.171.153.26 - - [28/Dec/2022:12:18:14 -0300] "GET /cormun/servlet/trsolicitudot? HTTP/1.1" 200 7220
190.171.141.106 - - [28/Dec/2022:12:18:14 -0300] "GET /cormun/servlet/hhome HTTP/1.1" 200 4272
190.171.141.106 - - [28/Dec/2022:12:18:14 -0300] "GET /cormun/servlet/hhome HTTP/1.1" 200 4269
186.103.157.42 - - [28/Dec/2022:12:18:16 -0300] "POST /cormun/servlet/hlogin?ddfca782ce4b6c7dcb23dac50299f40e,gx-no-cache=1672239852804 HTTP/1.1" 200 90
186.103.157.42 - - [28/Dec/2022:12:18:16 -0300] "GET /cormun/servlet/hpexe_link HTTP/1.1" 200 953
186.103.157.42 - - [28/Dec/2022:12:18:17 -0300] "GET /cormun/servlet/hhome HTTP/1.1" 200 4380
190.171.153.26 - - [28/Dec/2022:12:18:17 -0300] "GET /cormun/servlet/solicitudot?INS,0,0,false, HTTP/1.1" 200 15748
186.103.157.42 - - [28/Dec/2022:12:18:17 -0300] "GET /cormun/servlet/hhome HTTP/1.1" 200 4376
190.171.153.26 - - [28/Dec/2022:12:18:17 -0300] "GET /cormun/servlet/solicitudot?INS,0,0,false, HTTP/1.1" 200 15755
186.103.157.42 - - [28/Dec/2022:12:18:21 -0300] "GET /cormun/servlet/trpermisosgoce? HTTP/1.1" 200 13100
186.103.157.42 - - [28/Dec/2022:12:18:21 -0300] "GET /cormun/servlet/trpermisosgoce? HTTP/1.1" 200 13119
190.171.153.26 - - [28/Dec/2022:12:18:26 -0300] "POST /cormun/servlet/solicitudot?gx-no-cache=1672239811924 HTTP/1.1" 200 3900
190.171.153.26 - - [28/Dec/2022:12:18:26 -0300] "POST /cormun/servlet/solicitudot?be8016dbdc9db8828741f9a7fd028ce7,INS,0,0,false,,gx-no-cache=1672239812232 HTTP/1.1" 200 12456
190.171.153.26 - - [28/Dec/2022:12:18:27 -0300] "GET /cormun/servlet/solicitudot?d0842f6e59d93b685a9e9634179eff7506bf1774f0abe1a4dbb464e67eb6dd2357cebafd340a4584764387f042aa43ea,gx-no-cache=1672239813766 HTTP/1.1" 200 30
190.171.141.106 - - [28/Dec/2022:12:18:30 -0300] "GET /cormun/servlet/hlogin HTTP/1.1" 200 1722
190.171.141.106 - - [28/Dec/2022:12:18:34 -0300] "POST /cormun/servlet/hlogin?296fd55ff72baeb6d5407c0aff0a5789,gx-no-cache=1672239816744 HTTP/1.1" 200 90
190.171.141.106 - - [28/Dec/2022:12:18:34 -0300] "GET /cormun/servlet/hpexe_link HTTP/1.1" 200 951
190.171.141.106 - - [28/Dec/2022:12:18:34 -0300] "GET /cormun/servlet/hhome HTTP/1.1" 200 4264
190.171.141.106 - - [28/Dec/2022:12:18:34 -0300] "GET /cormun/servlet/hhome HTTP/1.1" 200 4262
190.171.141.106 - - [28/Dec/2022:12:18:38 -0300] "GET /cormun/servlet/trlicencias? HTTP/1.1" 200 11861
190.171.141.106 - - [28/Dec/2022:12:18:38 -0300] "GET /cormun/servlet/trlicencias? HTTP/1.1" 200 11858
186.103.157.42 - - [28/Dec/2022:12:19:13 -0300] "GET /cormun/servlet/permisogoce?INS,0,,, HTTP/1.1" 200 7272
186.103.157.42 - - [28/Dec/2022:12:19:14 -0300] "GET /cormun/servlet/permisogoce?INS,0,,, HTTP/1.1" 200 7272
190.171.153.26 - - [28/Dec/2022:12:19:22 -0300] "GET /cormun/servlet/solicitudot?d0842f6e59d93b685a9e9634179eff758ab727bce6f29ee3f6ec0a8376117e73b1e39c5173657d9323e22a104586bbce57cebafd340a4584764387f042aa43ea,gx-no-cache=1672239868041 HTTP/1.1" 200 30
190.171.153.26 - - [28/Dec/2022:12:19:22 -0300] "GET /cormun/servlet/solicitudot?d0842f6e59d93b685a9e9634179eff75597cec2f2eece341e0d43dfb94e5eb36,gx-no-cache=1672239868133 HTTP/1.1" 200 29
190.171.153.26 - - [28/Dec/2022:12:19:25 -0300] "POST /cormun/servlet/solicitudot?gx-no-cache=1672239871562 HTTP/1.1" 200 240
190.171.153.26 - - [28/Dec/2022:12:19:29 -0300] "GET /cormun/servlet/solicitudot?d0842f6e59d93b685a9e9634179eff75f2cbf2b06a677c3b04d4e91bac58de4cf7b683c1b886210967b7fbe8a6983ef391f3fba7bbe134e43d673dd11fdb2e50bf75f3bcc97317b4ba1edd1bba583c6956bb2f1ff20e4c79a5769dcc8719da2d0715b94a5f61327ee682900b23bddcabe97ad0a89e1d552ae062047c56c5d17ffcfe6ba54b6af17087d6f87a206aa0568a7b223a434b6d729853435d1d288e744eb02517159b2863a74c3045b563388501721642e1716932eeac171d1eda87847e882ca5ed4921f7528441a80b75a5d81fb076045415801da44142eada2d30ecdffc820d04d6ae8c6c74e622fffb1d36c8e05af555dffa87f16c2cc210c8207bfd060654976d87a915eb05280437f95b7066152463f232f7b1b31ed225be6b73aeba3e3b4f3aec7a070e4db2fc3e2481da9e84b1219fa71e523d9e2398c5bd5542113785c4dcab26a4fa1afe78ff55cf03591c28de49c09374f170cca20fcb53f0f3f3da95cbef3974f370d2c4455becde7bcb1bc158fa212dc39e145c5f6449,gx-no-cache=1672239875199 HTTP/1.1" 200 30
190.171.153.26 - - [28/Dec/2022:12:19:43 -0300] "POST /cormun/servlet/solicitudot?gx-no-cache=1672239889900 HTTP/1.1" 200 30
190.171.153.26 - - [28/Dec/2022:12:19:57 -0300] "POST /cormun/servlet/solicitudot?gx-no-cache=1672239903835 HTTP/1.1" 200 30
190.171.153.26 - - [28/Dec/2022:12:20:15 -0300] "GET /cormun/static/Resources/resize.gif HTTP/1.1" 200 77
190.171.153.26 - - [28/Dec/2022:12:20:15 -0300] "GET /cormun/static/Resources/PXTools/ClosePrompt.png HTTP/1.1" 200 1036
190.171.153.26 - - [28/Dec/2022:12:20:16 -0300] "GET /cormun/servlet/prfichaempleado?,MD,,gxPopupLevel%3D0%3B HTTP/1.1" 200 9224
190.171.153.26 - - [28/Dec/2022:12:20:16 -0300] "GET /cormun/static/gxcfg.js?20201215571085 HTTP/1.1" 200 953
190.171.153.26 - - [28/Dec/2022:12:20:16 -0300] "GET /cormun/static/menusearch.js?20201214473581 HTTP/1.1" 200 1424
190.171.153.26 - - [28/Dec/2022:12:20:16 -0300] "GET /cormun/static/prfichaempleado.js?20201215572193 HTTP/1.1" 200 16006
190.171.153.26 - - [28/Dec/2022:12:20:16 -0300] "GET /cormun/static/Resources/PXToolsMenuSearch.png HTTP/1.1" 200 336
190.171.153.26 - - [28/Dec/2022:12:20:16 -0300] "GET /cormun/static/Resources/PXToolsMenuSearchCancel.png HTTP/1.1" 200 306
190.171.153.26 - - [28/Dec/2022:12:20:16 -0300] "GET /cormun/static/hmpwkw011.js?20201215495555 HTTP/1.1" 200 1968
190.171.153.26 - - [28/Dec/2022:12:20:26 -0300] "POST /cormun/servlet/prfichaempleado?be8016dbdc9db8828741f9a7fd028ce7,,MD,,gxPopupLevel%3D0%3B,gx-no-cache=1672239932198 HTTP/1.1" 200 3411
190.171.142.26 - - [28/Dec/2022:12:20:26 -0300] "GET /cormun/servlet/permisogoce?bf50eebcadfac858214d53e0f799b94a4d74b5bcca1124f5823796828e24aa2ca33fe461b9e57a8c318f013141e31a8ff9ee5f784370eb3f805d03ba274497c1,gx-no-cache=1672239929137 HTTP/1.1" 200 80
190.171.142.26 - - [28/Dec/2022:12:20:31 -0300] "GET /cormun/static/menuarrow.gif HTTP/1.1" 404 1015
190.171.142.26 - - [28/Dec/2022:12:20:39 -0300] "GET /cormun/servlet/permisogoce?bf50eebcadfac858214d53e0f799b94a6034ce84a046872ad19e375ce208a368586548fdb5cff0ad944e92399b723285c6a0cd71cf9a2634532937a3b63bf18d,gx-no-cache=1672239941814 HTTP/1.1" 200 46
190.171.153.26 - - [28/Dec/2022:12:20:39 -0300] "POST /cormun/servlet/solicitudot?gx-no-cache=1672239945492 HTTP/1.1" 200 1470
190.171.153.26 - - [28/Dec/2022:12:20:39 -0300] "GET /cormun/static/menuarrow.gif HTTP/1.1" 404 1015
190.171.142.26 - - [28/Dec/2022:12:20:41 -0300] "POST /cormun/servlet/permisogoce?d2e2f6769ed0e6092b35ef30f2bd8c6c,INS,0,,,,gx-no-cache=1672239943719 HTTP/1.1" 200 93
190.171.142.26 - - [28/Dec/2022:12:20:41 -0300] "GET /cormun/servlet/hpexe_return? HTTP/1.1" 200 1013
190.171.153.26 - - [28/Dec/2022:12:20:41 -0300] "GET /cormun/servlet/prlicenciaspermisos?15525765,L,,MD,,gxPopupLevel%3D0%3B HTTP/1.1" 200 5901
190.171.153.26 - - [28/Dec/2022:12:20:41 -0300] "GET /cormun/static/gxcfg.js?2020121559567 HTTP/1.1" 200 953
190.171.153.26 - - [28/Dec/2022:12:20:41 -0300] "GET /cormun/static/prlicenciaspermisos.js?2020121559821 HTTP/1.1" 200 13379
190.171.142.26 - - [28/Dec/2022:12:20:41 -0300] "GET /cormun/servlet/trpermisosgoce HTTP/1.1" 200 18336
190.171.142.26 - - [28/Dec/2022:12:20:42 -0300] "GET /cormun/servlet/trpermisosgoce HTTP/1.1" 200 18482
190.171.142.26 - - [28/Dec/2022:12:20:52 -0300] "GET /cormun/servlet/permisogoce?INS,0,,, HTTP/1.1" 200 6837
190.171.142.26 - - [28/Dec/2022:12:20:52 -0300] "GET /cormun/servlet/permisogoce?INS,0,,, HTTP/1.1" 200 6837
186.103.157.42 - - [28/Dec/2022:12:20:57 -0300] "GET /cormun/servlet/permisogoce?2d5ad3000d06c412a27ab96a9c585518d7ebfc724512a55e1b491f859defd822506cec0b5696fbfa0189eb419a2f375cc1a5e4af7339597211286fc55c5a7d1e,gx-no-cache=1672240013046 HTTP/1.1" 200 76
186.103.157.42 - - [28/Dec/2022:12:20:57 -0300] "GET /cormun/static/menuarrow.gif HTTP/1.1" 404 1015
190.171.142.26 - - [28/Dec/2022:12:21:05 -0300] "GET /cormun/servlet/permisogoce?bf50eebcadfac858214d53e0f799b94a1bab643bda5b309a17c01f1a4cc2da31a33fe461b9e57a8c318f013141e31a8ff9ee5f784370eb3f805d03ba274497c1,gx-no-cache=1672239967835 HTTP/1.1" 200 78
186.103.157.42 - - [28/Dec/2022:12:21:09 -0300] "GET /cormun/servlet/permisogoce?2d5ad3000d06c412a27ab96a9c585518ff1a1aad0283fe83897135b62976b8402217e96c3f9b4e8ae95d10d042cfd5e2e671a33bda0e425b1e1f80ea798bd3eb,gx-no-cache=1672240025666 HTTP/1.1" 200 47
190.171.142.26 - - [28/Dec/2022:12:21:12 -0300] "GET /cormun/static/menuarrow.gif HTTP/1.1" 404 1015
186.103.157.42 - - [28/Dec/2022:12:21:16 -0300] "POST /cormun/servlet/permisogoce?ddfca782ce4b6c7dcb23dac50299f40e,INS,0,,,,gx-no-cache=1672240031888 HTTP/1.1" 200 93
186.103.157.42 - - [28/Dec/2022:12:21:16 -0300] "GET /cormun/servlet/hpexe_return? HTTP/1.1" 200 1010
186.103.157.42 - - [28/Dec/2022:12:21:16 -0300] "GET /cormun/servlet/trpermisosgoce HTTP/1.1" 200 13446
186.103.157.42 - - [28/Dec/2022:12:21:17 -0300] "GET /cormun/servlet/trpermisosgoce HTTP/1.1" 200 13453
186.103.157.42 - - [28/Dec/2022:12:21:22 -0300] "GET /cormun/servlet/trpermisosadjuntos?15994688,20221228120417,P, HTTP/1.1" 200 6692
186.103.157.42 - - [28/Dec/2022:12:21:22 -0300] "GET /cormun/servlet/trpermisosadjuntos?15994688,20221228120417,P, HTTP/1.1" 200 6692
190.171.142.26 - - [28/Dec/2022:12:21:22 -0300] "GET /cormun/servlet/permisogoce?bf50eebcadfac858214d53e0f799b94a3a05c616dc16b4dd95bf6437621b2df475dfde6a3087ef6879cf175df2b6171fc6a0cd71cf9a2634532937a3b63bf18d,gx-no-cache=1672239985298 HTTP/1.1" 200 47
190.171.142.26 - - [28/Dec/2022:12:21:24 -0300] "POST /cormun/servlet/permisogoce?d2e2f6769ed0e6092b35ef30f2bd8c6c,INS,0,,,,gx-no-cache=1672239987223 HTTP/1.1" 200 93
190.171.142.26 - - [28/Dec/2022:12:21:24 -0300] "GET /cormun/servlet/hpexe_return? HTTP/1.1" 200 1013
190.171.142.26 - - [28/Dec/2022:12:21:25 -0300] "GET /cormun/servlet/trpermisosgoce HTTP/1.1" 200 18456
190.171.142.26 - - [28/Dec/2022:12:21:25 -0300] "GET /cormun/servlet/trpermisosgoce HTTP/1.1" 200 18388
186.103.157.42 - - [28/Dec/2022:12:21:30 -0300] "GET /cormun/servlet/permisosadjuntos?INS,15994688,P,20221228120417,, HTTP/1.1" 200 6022
186.103.157.42 - - [28/Dec/2022:12:21:30 -0300] "GET /cormun/static/about:blank HTTP/1.1" 404 1011
186.103.157.42 - - [28/Dec/2022:12:21:30 -0300] "GET /cormun/servlet/permisosadjuntos?INS,15994688,P,20221228120417,, HTTP/1.1" 200 6011
186.103.157.42 - - [28/Dec/2022:12:21:44 -0300] "POST /cormun/servlet/permisosadjuntos?ddfca782ce4b6c7dcb23dac50299f40e,INS,15994688,P,20221228120417,, HTTP/1.1" 200 116
186.103.157.42 - - [28/Dec/2022:12:21:44 -0300] "GET /cormun/servlet/hpexe_return? HTTP/1.1" 200 1039
186.103.157.42 - - [28/Dec/2022:12:21:44 -0300] "GET /cormun/servlet/trpermisosadjuntos?15994688,20221228120417,P, HTTP/1.1" 200 7207
186.103.157.42 - - [28/Dec/2022:12:21:44 -0300] "GET /cormun/servlet/trpermisosadjuntos?15994688,20221228120417,P, HTTP/1.1" 200 7205
186.103.157.42 - - [28/Dec/2022:12:21:47 -0300] "POST /cormun/servlet/trpermisosadjuntos?ddfca782ce4b6c7dcb23dac50299f40e,15994688,20221228120417,P,,gx-no-cache=1672240063606 HTTP/1.1" 200 90
186.103.157.42 - - [28/Dec/2022:12:21:47 -0300] "GET /cormun/servlet/hpexe_link HTTP/1.1" 200 984
186.103.157.42 - - [28/Dec/2022:12:21:48 -0300] "GET /cormun/servlet/trpermisosgoce HTTP/1.1" 200 13450
186.103.157.42 - - [28/Dec/2022:12:21:48 -0300] "GET /cormun/servlet/trpermisosgoce HTTP/1.1" 200 13462
186.103.157.42 - - [28/Dec/2022:12:21:52 -0300] "POST /cormun/servlet/trpermisosgoce?ddfca782ce4b6c7dcb23dac50299f40e,gx-no-cache=1672240067729 HTTP/1.1" 200 10539
186.103.157.42 - - [28/Dec/2022:12:21:52 -0300] "GET /cormun/static/Shared/jqueryui/images/ui-bg_highlight-soft_100_c6c2c8_1x100.png HTTP/1.1" 404 1117
186.103.157.42 - - [28/Dec/2022:12:21:52 -0300] "GET /cormun/static/Shared/jqueryui/images/ui-icons_82798d_256x240.png HTTP/1.1" 404 1089
186.103.157.42 - - [28/Dec/2022:12:21:52 -0300] "GET /cormun/static/Shared/jqueryui/images/ui-icons_8d78a5_256x240.png HTTP/1.1" 404 1089
186.103.157.42 - - [28/Dec/2022:12:21:52 -0300] "GET /cormun/static/Shared/jqueryui/images/ui-bg_flat_55_fafafa_40x100.png HTTP/1.1" 404 1097
186.103.157.42 - - [28/Dec/2022:12:22:02 -0300] "GET /cormun/servlet/trautorizarpermisogoce? HTTP/1.1" 200 13107
186.103.157.42 - - [28/Dec/2022:12:22:02 -0300] "GET /cormun/servlet/trautorizarpermisogoce? HTTP/1.1" 200 13106
186.103.157.42 - - [28/Dec/2022:12:22:08 -0300] "GET /cormun/servlet/trpermisosgoce? HTTP/1.1" 200 13381
186.103.157.42 - - [28/Dec/2022:12:22:09 -0300] "GET /cormun/servlet/trpermisosgoce? HTTP/1.1" 200 13385
186.103.157.42 - - [28/Dec/2022:12:22:11 -0300] "GET /cormun/servlet/permisogoce?INS,0,,, HTTP/1.1" 200 7272
186.103.157.42 - - [28/Dec/2022:12:22:11 -0300] "GET /cormun/servlet/permisogoce?INS,0,,, HTTP/1.1" 200 7272
190.171.143.98 - - [28/Dec/2022:12:22:30 -0300] "GET /cormun/servlet/hlogin HTTP/1.1" 200 1721
190.171.143.98 - - [28/Dec/2022:12:22:30 -0300] "GET /cormun/static/gxcfg.js?201910216285969 HTTP/1.1" 200 953
190.171.143.98 - - [28/Dec/2022:12:22:30 -0300] "GET /cormun/static/gxtimezone.js?85251 HTTP/1.1" 200 5781
190.171.143.98 - - [28/Dec/2022:12:22:30 -0300] "GET /cormun/static/Resources/Spanish/PXTools.css?2294816 HTTP/1.1" 200 100853
190.171.143.98 - - [28/Dec/2022:12:22:30 -0300] "GET /cormun/static/messages.spa.js?85251 HTTP/1.1" 200 30736
190.171.143.98 - - [28/Dec/2022:12:22:30 -0300] "GET /cormun/static/gxgral.js?85251 HTTP/1.1" 200 384558
190.171.143.98 - - [28/Dec/2022:12:22:30 -0300] "GET /cormun/static/hlogin.js?201910216285995 HTTP/1.1" 200 2136
190.171.143.98 - - [28/Dec/2022:12:22:30 -0300] "GET /cormun/static/Resources/Logo2019_Grande.png HTTP/1.1" 200 31733
190.171.143.98 - - [28/Dec/2022:12:22:30 -0300] "GET /cormun/static/Resources/PXToolsLoginTop.png HTTP/1.1" 200 1337
190.171.143.98 - - [28/Dec/2022:12:22:30 -0300] "GET /cormun/static/Resources/PXToolsLoginBackground.png HTTP/1.1" 200 1164
190.171.143.98 - - [28/Dec/2022:12:22:30 -0300] "GET /cormun/static/Resources/PXToolsButtonLeft.png HTTP/1.1" 200 1310
190.171.143.98 - - [28/Dec/2022:12:22:30 -0300] "GET /cormun/static/Resources/PXToolsButtonRight.png HTTP/1.1" 200 1294
190.171.143.98 - - [28/Dec/2022:12:22:30 -0300] "GET /cormun/static/Resources/PXToolsButtonBackground.png HTTP/1.1" 200 1176
190.171.143.98 - - [28/Dec/2022:12:22:30 -0300] "GET /cormun/static/Resources/PXToolsLoginBottom.png HTTP/1.1" 200 1389
190.171.143.98 - - [28/Dec/2022:12:22:30 -0300] "GET /cormun/servlet/hlogin HTTP/1.1" 200 1731
190.171.143.98 - - [28/Dec/2022:12:22:30 -0300] "GET /cormun/static/Resources/indicator.gif HTTP/1.1" 200 1553
190.171.143.98 - - [28/Dec/2022:12:22:30 -0300] "GET /favicon.ico HTTP/1.1" 200 21630
186.103.157.42 - - [28/Dec/2022:12:22:48 -0300] "GET /cormun/servlet/permisogoce?2d5ad3000d06c412a27ab96a9c5855180f706daa9c5a2a5b0c98d38ddf559e44506cec0b5696fbfa0189eb419a2f375cc1a5e4af7339597211286fc55c5a7d1e,gx-no-cache=1672240124078 HTTP/1.1" 200 83
186.103.157.42 - - [28/Dec/2022:12:22:48 -0300] "GET /cormun/static/menuarrow.gif HTTP/1.1" 404 1015
186.103.157.42 - - [28/Dec/2022:12:23:00 -0300] "POST /cormun/servlet/permisogoce?ddfca782ce4b6c7dcb23dac50299f40e,INS,0,,,,gx-no-cache=1672240136335 HTTP/1.1" 200 93
186.103.157.42 - - [28/Dec/2022:12:23:00 -0300] "GET /cormun/servlet/hpexe_return? HTTP/1.1" 200 1010
186.103.157.42 - - [28/Dec/2022:12:23:00 -0300] "GET /cormun/servlet/trpermisosgoce HTTP/1.1" 200 13393
186.103.157.42 - - [28/Dec/2022:12:23:01 -0300] "GET /cormun/servlet/trpermisosgoce HTTP/1.1" 200 13380
186.103.157.42 - - [28/Dec/2022:12:23:30 -0300] "GET /cormun/servlet/permisogoce?INS,0,,, HTTP/1.1" 200 7272
186.103.157.42 - - [28/Dec/2022:12:23:31 -0300] "GET /cormun/servlet/permisogoce?INS,0,,, HTTP/1.1" 200 7272
186.103.157.42 - - [28/Dec/2022:12:23:45 -0300] "GET /cormun/servlet/permisogoce?2d5ad3000d06c412a27ab96a9c58551868a394cf1940dca53bdfc214596553a7506cec0b5696fbfa0189eb419a2f375cc1a5e4af7339597211286fc55c5a7d1e,gx-no-cache=1672240181535 HTTP/1.1" 200 83
186.103.157.42 - - [28/Dec/2022:12:23:45 -0300] "GET /cormun/static/menuarrow.gif HTTP/1.1" 404 1015
186.103.157.42 - - [28/Dec/2022:12:23:56 -0300] "GET /cormun/servlet/permisogoce?2d5ad3000d06c412a27ab96a9c5855186bd437a86820c023a9e85f77fd8b875b4bca8d7f9b964f08fe78e8f604a6d8a94559a31459f0a9f205e422b6c2e6ca20,gx-no-cache=1672240192724 HTTP/1.1" 200 47
186.103.157.42 - - [28/Dec/2022:12:24:05 -0300] "POST /cormun/servlet/permisogoce?ddfca782ce4b6c7dcb23dac50299f40e,INS,0,,,,gx-no-cache=1672240201097 HTTP/1.1" 200 93
186.103.157.42 - - [28/Dec/2022:12:24:05 -0300] "GET /cormun/servlet/hpexe_return? HTTP/1.1" 200 1010
186.103.157.42 - - [28/Dec/2022:12:24:05 -0300] "GET /cormun/servlet/trpermisosgoce HTTP/1.1" 200 13640
186.103.157.42 - - [28/Dec/2022:12:24:06 -0300] "GET /cormun/servlet/trpermisosgoce HTTP/1.1" 200 13624
186.103.157.42 - - [28/Dec/2022:12:24:10 -0300] "GET /cormun/servlet/trpermisosadjuntos?18412977,20221228120834,P, HTTP/1.1" 200 6698
186.103.157.42 - - [28/Dec/2022:12:24:10 -0300] "GET /cormun/servlet/trpermisosadjuntos?18412977,20221228120834,P, HTTP/1.1" 200 6698
186.103.157.42 - - [28/Dec/2022:12:24:12 -0300] "GET /cormun/servlet/permisosadjuntos?INS,18412977,P,20221228120834,, HTTP/1.1" 200 6027
186.103.157.42 - - [28/Dec/2022:12:24:12 -0300] "GET /cormun/static/about:blank HTTP/1.1" 404 1011
186.103.157.42 - - [28/Dec/2022:12:24:13 -0300] "GET /cormun/servlet/permisosadjuntos?INS,18412977,P,20221228120834,, HTTP/1.1" 200 6017
154.89.5.216 - - [28/Dec/2022:12:24:16 -0300] "GET / HTTP/1.1" 200 11217
190.171.142.26 - - [28/Dec/2022:12:24:19 -0300] "GET /cormun/servlet/permisogoce?INS,0,,, HTTP/1.1" 200 6837
190.171.142.26 - - [28/Dec/2022:12:24:20 -0300] "GET /cormun/servlet/permisogoce?INS,0,,, HTTP/1.1" 200 6837
186.103.157.42 - - [28/Dec/2022:12:24:29 -0300] "POST /cormun/servlet/permisosadjuntos?ddfca782ce4b6c7dcb23dac50299f40e,INS,18412977,P,20221228120834,, HTTP/1.1" 200 116
186.103.157.42 - - [28/Dec/2022:12:24:29 -0300] "GET /cormun/servlet/hpexe_return? HTTP/1.1" 200 1039
186.103.157.42 - - [28/Dec/2022:12:24:29 -0300] "GET /cormun/servlet/trpermisosadjuntos?18412977,20221228120834,P, HTTP/1.1" 200 7217
186.103.157.42 - - [28/Dec/2022:12:24:30 -0300] "GET /cormun/servlet/trpermisosadjuntos?18412977,20221228120834,P, HTTP/1.1" 200 7213
190.171.142.26 - - [28/Dec/2022:12:24:30 -0300] "GET /cormun/servlet/permisogoce?bf50eebcadfac858214d53e0f799b94a04ec02ac8d22d10ce049abd59fda339ea33fe461b9e57a8c318f013141e31a8ff9ee5f784370eb3f805d03ba274497c1,gx-no-cache=1672240173186 HTTP/1.1" 200 82
186.103.157.42 - - [28/Dec/2022:12:24:32 -0300] "POST /cormun/servlet/trpermisosadjuntos?ddfca782ce4b6c7dcb23dac50299f40e,18412977,20221228120834,P,,gx-no-cache=1672240228583 HTTP/1.1" 200 90
186.103.157.42 - - [28/Dec/2022:12:24:32 -0300] "GET /cormun/servlet/hpexe_link HTTP/1.1" 200 985
186.103.157.42 - - [28/Dec/2022:12:24:33 -0300] "GET /cormun/servlet/trpermisosgoce HTTP/1.1" 200 13634
186.103.157.42 - - [28/Dec/2022:12:24:33 -0300] "GET /cormun/servlet/trpermisosgoce HTTP/1.1" 200 13621
190.171.142.26 - - [28/Dec/2022:12:24:34 -0300] "GET /cormun/static/menuarrow.gif HTTP/1.1" 404 1015
186.103.157.42 - - [28/Dec/2022:12:24:37 -0300] "POST /cormun/servlet/trpermisosgoce?ddfca782ce4b6c7dcb23dac50299f40e,gx-no-cache=1672240232554 HTTP/1.1" 200 10719
186.103.157.42 - - [28/Dec/2022:12:24:37 -0300] "GET /cormun/static/Shared/jqueryui/images/ui-bg_highlight-soft_100_c6c2c8_1x100.png HTTP/1.1" 404 1117
186.103.157.42 - - [28/Dec/2022:12:24:37 -0300] "GET /cormun/static/Shared/jqueryui/images/ui-icons_8d78a5_256x240.png HTTP/1.1" 404 1089
186.103.157.42 - - [28/Dec/2022:12:24:37 -0300] "GET /cormun/static/Shared/jqueryui/images/ui-bg_flat_55_fafafa_40x100.png HTTP/1.1" 404 1097
186.103.157.42 - - [28/Dec/2022:12:24:37 -0300] "GET /cormun/static/Shared/jqueryui/images/ui-icons_82798d_256x240.png HTTP/1.1" 404 1089
190.171.142.26 - - [28/Dec/2022:12:24:38 -0300] "GET /cormun/servlet/permisogoce?bf50eebcadfac858214d53e0f799b94ae606592f73bdf17719c37f3a6ef20d3ee1e835b4a7f11025b5d4e237cd6e6883c6a0cd71cf9a2634532937a3b63bf18d,gx-no-cache=1672240181422 HTTP/1.1" 200 48
190.171.142.26 - - [28/Dec/2022:12:24:41 -0300] "POST /cormun/servlet/permisogoce?d2e2f6769ed0e6092b35ef30f2bd8c6c,INS,0,,,,gx-no-cache=1672240183728 HTTP/1.1" 200 93
190.171.142.26 - - [28/Dec/2022:12:24:41 -0300] "GET /cormun/servlet/hpexe_return? HTTP/1.1" 200 1013
190.171.142.26 - - [28/Dec/2022:12:24:41 -0300] "GET /cormun/servlet/trpermisosgoce HTTP/1.1" 200 18441
190.171.142.26 - - [28/Dec/2022:12:24:42 -0300] "GET /cormun/servlet/trpermisosgoce HTTP/1.1" 200 18397
186.103.157.42 - - [28/Dec/2022:12:24:42 -0300] "GET /cormun/servlet/trautorizarpermisogoce? HTTP/1.1" 200 13250
186.103.157.42 - - [28/Dec/2022:12:24:43 -0300] "GET /cormun/servlet/trautorizarpermisogoce? HTTP/1.1" 200 13250
190.171.142.26 - - [28/Dec/2022:12:24:46 -0300] "GET /cormun/servlet/permisogoce?INS,0,,, HTTP/1.1" 200 6837
190.171.142.26 - - [28/Dec/2022:12:24:47 -0300] "GET /cormun/servlet/permisogoce?INS,0,,, HTTP/1.1" 200 6837
190.171.153.26 - - [28/Dec/2022:12:24:48 -0300] "GET /cormun/servlet/prlicenciaspermisos?15525765,L,,MD,,gxPopupLevel%3D0%3B HTTP/1.1" 200 5901
190.171.142.26 - - [28/Dec/2022:12:24:56 -0300] "GET /cormun/servlet/permisogoce?bf50eebcadfac858214d53e0f799b94a0f1906d3e1fe1254a594d7182485e2a0a33fe461b9e57a8c318f013141e31a8ff9ee5f784370eb3f805d03ba274497c1,gx-no-cache=1672240198789 HTTP/1.1" 200 74
186.103.157.42 - - [28/Dec/2022:12:25:00 -0300] "GET /cormun/servlet/trautorizarpermisogoce? HTTP/1.1" 200 13250
186.103.157.42 - - [28/Dec/2022:12:25:00 -0300] "GET /cormun/servlet/trautorizarpermisogoce? HTTP/1.1" 200 13250
190.171.142.26 - - [28/Dec/2022:12:25:01 -0300] "GET /cormun/static/menuarrow.gif HTTP/1.1" 404 1015
186.103.157.42 - - [28/Dec/2022:12:25:05 -0300] "GET /cormun/servlet/trpermisosgoce? HTTP/1.1" 200 13550
186.103.157.42 - - [28/Dec/2022:12:25:06 -0300] "GET /cormun/servlet/trpermisosgoce? HTTP/1.1" 200 13526
190.171.142.26 - - [28/Dec/2022:12:25:08 -0300] "GET /cormun/servlet/permisogoce?bf50eebcadfac858214d53e0f799b94a1e73e8621e8ee1c640bf5bf7b5a050f3442171c878e38275028063ef719e114dc6a0cd71cf9a2634532937a3b63bf18d,gx-no-cache=1672240211005 HTTP/1.1" 200 48
186.103.157.42 - - [28/Dec/2022:12:25:08 -0300] "GET /cormun/servlet/permisogoce?INS,0,,, HTTP/1.1" 200 7271
186.103.157.42 - - [28/Dec/2022:12:25:08 -0300] "GET /cormun/servlet/permisogoce?INS,0,,, HTTP/1.1" 200 7271
190.171.142.26 - - [28/Dec/2022:12:25:13 -0300] "POST /cormun/servlet/permisogoce?d2e2f6769ed0e6092b35ef30f2bd8c6c,INS,0,,,,gx-no-cache=1672240215472 HTTP/1.1" 200 93
190.171.142.26 - - [28/Dec/2022:12:25:13 -0300] "GET /cormun/servlet/hpexe_return? HTTP/1.1" 200 1013
190.171.142.26 - - [28/Dec/2022:12:25:13 -0300] "GET /cormun/servlet/trpermisosgoce HTTP/1.1" 200 18352
190.171.142.26 - - [28/Dec/2022:12:25:14 -0300] "GET /cormun/servlet/trpermisosgoce HTTP/1.1" 200 18415
186.103.157.42 - - [28/Dec/2022:12:25:48 -0300] "GET /cormun/servlet/permisogoce?2d5ad3000d06c412a27ab96a9c585518d2c5ab234be97216b845592e777e4e4e506cec0b5696fbfa0189eb419a2f375cc1a5e4af7339597211286fc55c5a7d1e,gx-no-cache=1672240304790 HTTP/1.1" 200 79
186.103.157.42 - - [28/Dec/2022:12:25:48 -0300] "GET /cormun/static/menuarrow.gif HTTP/1.1" 404 1015
186.103.157.42 - - [28/Dec/2022:12:26:05 -0300] "GET /cormun/servlet/permisogoce?2d5ad3000d06c412a27ab96a9c585518b72930897b7c1dd4a37e92b48e979ee3dc1367cba769f413c4705317284d54f44559a31459f0a9f205e422b6c2e6ca20,gx-no-cache=1672240321226 HTTP/1.1" 200 47
186.103.157.42 - - [28/Dec/2022:12:26:10 -0300] "POST /cormun/servlet/permisogoce?ddfca782ce4b6c7dcb23dac50299f40e,INS,0,,,,gx-no-cache=1672240326295 HTTP/1.1" 200 93
186.103.157.42 - - [28/Dec/2022:12:26:10 -0300] "GET /cormun/servlet/hpexe_return? HTTP/1.1" 200 1010
186.103.157.42 - - [28/Dec/2022:12:26:11 -0300] "GET /cormun/servlet/trpermisosgoce HTTP/1.1" 200 13792
186.103.157.42 - - [28/Dec/2022:12:26:11 -0300] "GET /cormun/servlet/trpermisosgoce HTTP/1.1" 200 13826
190.171.142.26 - - [28/Dec/2022:12:26:26 -0300] "GET /cormun/servlet/permisogoce?INS,0,,, HTTP/1.1" 200 6837
190.171.142.26 - - [28/Dec/2022:12:26:26 -0300] "GET /cormun/servlet/permisogoce?INS,0,,, HTTP/1.1" 200 6836
190.171.143.98 - - [28/Dec/2022:12:26:34 -0300] "GET /cormun/servlet/hlogin HTTP/1.1" 200 1723
186.103.157.42 - - [28/Dec/2022:12:26:34 -0300] "GET /cormun/servlet/trpermisosadjuntos?17520708,20221228121012,P, HTTP/1.1" 200 6697
190.171.143.98 - - [28/Dec/2022:12:26:34 -0300] "GET /cormun/servlet/hlogin HTTP/1.1" 200 1733
190.171.143.98 - - [28/Dec/2022:12:26:34 -0300] "GET /favicon.ico HTTP/1.1" 200 21630
186.103.157.42 - - [28/Dec/2022:12:26:35 -0300] "GET /cormun/servlet/trpermisosadjuntos?17520708,20221228121012,P, HTTP/1.1" 200 6697
190.171.142.26 - - [28/Dec/2022:12:26:36 -0300] "GET /cormun/servlet/permisogoce?bf50eebcadfac858214d53e0f799b94a3dbd5554227685c8195a62a969a5963ca33fe461b9e57a8c318f013141e31a8ff9ee5f784370eb3f805d03ba274497c1,gx-no-cache=1672240299376 HTTP/1.1" 200 226
190.171.142.26 - - [28/Dec/2022:12:26:36 -0300] "GET /cormun/static/Shared/jqueryui/images/ui-bg_highlight-soft_100_c6c2c8_1x100.png HTTP/1.1" 404 1117
190.171.142.26 - - [28/Dec/2022:12:26:36 -0300] "GET /cormun/static/Shared/jqueryui/images/ui-icons_82798d_256x240.png HTTP/1.1" 404 1089
190.171.142.26 - - [28/Dec/2022:12:26:36 -0300] "GET /cormun/static/Shared/jqueryui/images/ui-bg_flat_55_994d53_40x100.png HTTP/1.1" 404 1097
190.171.142.26 - - [28/Dec/2022:12:26:36 -0300] "GET /cormun/static/Shared/jqueryui/images/ui-icons_ebccce_256x240.png HTTP/1.1" 404 1089
186.103.157.42 - - [28/Dec/2022:12:26:36 -0300] "GET /cormun/servlet/permisosadjuntos?INS,17520708,P,20221228121012,, HTTP/1.1" 200 6024
186.103.157.42 - - [28/Dec/2022:12:26:36 -0300] "GET /cormun/static/about:blank HTTP/1.1" 404 1011
186.103.157.42 - - [28/Dec/2022:12:26:37 -0300] "GET /cormun/servlet/permisosadjuntos?INS,17520708,P,20221228121012,, HTTP/1.1" 200 6014
190.171.143.98 - - [28/Dec/2022:12:26:42 -0300] "POST /cormun/servlet/hlogin?06c887d9c014bd42a0f0afdea53795ab,gx-no-cache=1672240468156 HTTP/1.1" 200 441
190.171.142.26 - - [28/Dec/2022:12:26:48 -0300] "GET /cormun/servlet/permisogoce?bf50eebcadfac858214d53e0f799b94a81930f1ef679805e7b7b1d0c48a4fa3da33fe461b9e57a8c318f013141e31a8ff9ee5f784370eb3f805d03ba274497c1,gx-no-cache=1672240311483 HTTP/1.1" 200 70
190.171.143.98 - - [28/Dec/2022:12:26:49 -0300] "POST /cormun/servlet/hlogin?06c887d9c014bd42a0f0afdea53795ab,gx-no-cache=1672240474100 HTTP/1.1" 200 90
190.171.143.98 - - [28/Dec/2022:12:26:49 -0300] "GET /cormun/servlet/hpexe_link HTTP/1.1" 200 950
190.171.143.98 - - [28/Dec/2022:12:26:49 -0300] "GET /cormun/servlet/hhome HTTP/1.1" 200 4304
186.103.157.42 - - [28/Dec/2022:12:26:49 -0300] "POST /cormun/servlet/permisosadjuntos?ddfca782ce4b6c7dcb23dac50299f40e,INS,17520708,P,20221228121012,, HTTP/1.1" 200 116
186.103.157.42 - - [28/Dec/2022:12:26:49 -0300] "GET /cormun/servlet/hpexe_return? HTTP/1.1" 200 1039
186.103.157.42 - - [28/Dec/2022:12:26:49 -0300] "GET /cormun/servlet/trpermisosadjuntos?17520708,20221228121012,P, HTTP/1.1" 200 7227
190.171.143.98 - - [28/Dec/2022:12:26:49 -0300] "GET /cormun/servlet/hhome HTTP/1.1" 200 4300
186.103.157.42 - - [28/Dec/2022:12:26:50 -0300] "GET /cormun/servlet/trpermisosadjuntos?17520708,20221228121012,P, HTTP/1.1" 200 7224
186.103.157.42 - - [28/Dec/2022:12:26:52 -0300] "POST /cormun/servlet/trpermisosadjuntos?ddfca782ce4b6c7dcb23dac50299f40e,17520708,20221228121012,P,,gx-no-cache=1672240368319 HTTP/1.1" 200 90
186.103.157.42 - - [28/Dec/2022:12:26:52 -0300] "GET /cormun/servlet/hpexe_link HTTP/1.1" 200 985
186.103.157.42 - - [28/Dec/2022:12:26:52 -0300] "GET /cormun/servlet/trpermisosgoce HTTP/1.1" 200 13841
186.103.157.42 - - [28/Dec/2022:12:26:53 -0300] "GET /cormun/servlet/trpermisosgoce HTTP/1.1" 200 13840
190.171.142.26 - - [28/Dec/2022:12:26:53 -0300] "GET /cormun/static/menuarrow.gif HTTP/1.1" 404 1015
186.103.157.42 - - [28/Dec/2022:12:26:56 -0300] "POST /cormun/servlet/trpermisosgoce?ddfca782ce4b6c7dcb23dac50299f40e,gx-no-cache=1672240372129 HTTP/1.1" 200 10970
