190.171.153.26 - - [28/Dec/2022:12:36:23 -0300] "GET /cormun/static/Shared/ext/resources/css/ext-all.css?205870 HTTP/1.1" 200 416045
190.171.153.26 - - [28/Dec/2022:12:36:24 -0300] "GET /cormun/static/Resources/PXTools/calendar.png HTTP/1.1" 200 1306
190.171.153.26 - - [28/Dec/2022:12:36:24 -0300] "GET /cormun/static/Resources/PXToolsGridFirstDisabled.gif HTTP/1.1" 200 100
190.171.153.26 - - [28/Dec/2022:12:36:24 -0300] "GET /cormun/static/Resources/PXToolsGridPreviousDisabled.gif HTTP/1.1" 200 90
190.171.153.26 - - [28/Dec/2022:12:36:24 -0300] "GET /cormun/static/Resources/PXToolsGridNextDisabled.gif HTTP/1.1" 200 90
190.171.153.26 - - [28/Dec/2022:12:36:24 -0300] "GET /cormun/static/Resources/PXToolsGridLastDisabled.gif HTTP/1.1" 200 98
190.171.153.26 - - [28/Dec/2022:12:36:24 -0300] "GET /cormun/static/Resources/PXToolsGridPage.gif HTTP/1.1" 200 725
190.171.153.26 - - [28/Dec/2022:12:36:24 -0300] "GET /cormun/static/Resources/PXToolsActionExcel.png HTTP/1.1" 200 727
190.171.153.26 - - [28/Dec/2022:12:36:24 -0300] "GET /cormun/static/Shared/ext/resources/themes/images/default/tools/tool-sprites.gif HTTP/1.1" 200 5434
190.171.153.26 - - [28/Dec/2022:12:36:24 -0300] "GET /cormun/static/Shared/ext/resources/themes/images/default/panel/bg-headersPanel.png HTTP/1.1" 200 255
190.171.153.26 - - [28/Dec/2022:12:36:24 -0300] "GET /cormun/servlet/trautorizarsolicitud? HTTP/1.1" 200 7395
190.171.143.98 - - [28/Dec/2022:12:36:26 -0300] "GET /cormun/servlet/trpermisosadjuntos?8534216,20221228122036,P, HTTP/1.1" 200 6618
190.171.143.98 - - [28/Dec/2022:12:36:26 -0300] "GET /cormun/servlet/trpermisosadjuntos?8534216,20221228122036,P, HTTP/1.1" 200 6618
190.171.143.98 - - [28/Dec/2022:12:36:28 -0300] "GET /cormun/servlet/permisosadjuntos?INS,8534216,P,20221228122036,, HTTP/1.1" 200 5943
190.171.143.98 - - [28/Dec/2022:12:36:28 -0300] "GET /cormun/static/about:blank HTTP/1.1" 404 1011
190.171.143.98 - - [28/Dec/2022:12:36:28 -0300] "GET /cormun/servlet/permisosadjuntos?INS,8534216,P,20221228122036,, HTTP/1.1" 200 5933
190.171.143.98 - - [28/Dec/2022:12:36:34 -0300] "POST /cormun/servlet/permisosadjuntos?06c887d9c014bd42a0f0afdea53795ab,INS,8534216,P,20221228122036,, HTTP/1.1" 200 116
190.171.143.98 - - [28/Dec/2022:12:36:35 -0300] "GET /cormun/servlet/hpexe_return? HTTP/1.1" 200 1035
190.171.143.98 - - [28/Dec/2022:12:36:35 -0300] "GET /cormun/servlet/trpermisosadjuntos?8534216,20221228122036,P, HTTP/1.1" 200 7118
186.103.157.42 - - [28/Dec/2022:12:36:35 -0300] "GET /cormun/servlet/permisogoce?2d5ad3000d06c412a27ab96a9c585518f9380199abb15abf3b619d99f07da9f4506cec0b5696fbfa0189eb419a2f375cc1a5e4af7339597211286fc55c5a7d1e,gx-no-cache=1672240951310 HTTP/1.1" 200 78
186.103.157.42 - - [28/Dec/2022:12:36:35 -0300] "GET /cormun/static/menuarrow.gif HTTP/1.1" 404 1015
190.171.143.98 - - [28/Dec/2022:12:36:35 -0300] "GET /cormun/servlet/trpermisosadjuntos?8534216,20221228122036,P, HTTP/1.1" 200 7113
190.171.143.98 - - [28/Dec/2022:12:36:37 -0300] "POST /cormun/servlet/trpermisosadjuntos?06c887d9c014bd42a0f0afdea53795ab,8534216,20221228122036,P,,gx-no-cache=1672241063115 HTTP/1.1" 200 90
190.171.143.98 - - [28/Dec/2022:12:36:37 -0300] "GET /cormun/servlet/hpexe_link HTTP/1.1" 200 980
190.171.143.98 - - [28/Dec/2022:12:36:38 -0300] "GET /cormun/servlet/trpermisosgoce HTTP/1.1" 200 12262
190.171.143.98 - - [28/Dec/2022:12:36:38 -0300] "GET /cormun/servlet/trpermisosgoce HTTP/1.1" 200 12258
190.171.143.98 - - [28/Dec/2022:12:36:42 -0300] "POST /cormun/servlet/trpermisosgoce?06c887d9c014bd42a0f0afdea53795ab,gx-no-cache=1672241067477 HTTP/1.1" 200 9494
190.171.143.98 - - [28/Dec/2022:12:36:42 -0300] "GET /cormun/static/Shared/jqueryui/images/ui-bg_highlight-soft_100_c6c2c8_1x100.png HTTP/1.1" 404 1117
190.171.143.98 - - [28/Dec/2022:12:36:42 -0300] "GET /cormun/static/Shared/jqueryui/images/ui-icons_82798d_256x240.png HTTP/1.1" 404 1089
190.171.143.98 - - [28/Dec/2022:12:36:42 -0300] "GET /cormun/static/Shared/jqueryui/images/ui-bg_flat_55_fafafa_40x100.png HTTP/1.1" 404 1097
190.171.143.98 - - [28/Dec/2022:12:36:42 -0300] "GET /cormun/static/Shared/jqueryui/images/ui-icons_8d78a5_256x240.png HTTP/1.1" 404 1089
186.103.157.42 - - [28/Dec/2022:12:36:42 -0300] "GET /cormun/servlet/permisogoce?2d5ad3000d06c412a27ab96a9c585518215e537b6e2e8ec824e051990902622d7943a5cb98e42bad2bbc7572ab9347204559a31459f0a9f205e422b6c2e6ca20,gx-no-cache=1672240958836 HTTP/1.1" 200 48
190.171.153.26 - - [28/Dec/2022:12:36:43 -0300] "POST /cormun/servlet/trautorizarsolicitud?9f742066618fb68315868e8a9c5b0fe8,,gx-no-cache=1672244510608 HTTP/1.1" 200 4551
190.171.143.98 - - [28/Dec/2022:12:36:43 -0300] "GET /cormun/servlet/apermisogoceprn?8534216,P,20221228122036,PU HTTP/1.1" 200 1656
186.103.157.42 - - [28/Dec/2022:12:36:49 -0300] "POST /cormun/servlet/permisogoce?ddfca782ce4b6c7dcb23dac50299f40e,INS,0,,,,gx-no-cache=1672240964568 HTTP/1.1" 200 93
186.103.157.42 - - [28/Dec/2022:12:36:49 -0300] "GET /cormun/servlet/hpexe_return? HTTP/1.1" 200 1010
186.103.157.42 - - [28/Dec/2022:12:36:49 -0300] "GET /cormun/servlet/trpermisosgoce HTTP/1.1" 200 14445
186.103.157.42 - - [28/Dec/2022:12:36:49 -0300] "GET /cormun/servlet/trpermisosgoce HTTP/1.1" 200 14430
186.103.157.42 - - [28/Dec/2022:12:36:53 -0300] "GET /cormun/servlet/trpermisosadjuntos?15123618,20221228121838,P, HTTP/1.1" 200 6694
186.103.157.42 - - [28/Dec/2022:12:36:53 -0300] "GET /cormun/servlet/trpermisosadjuntos?15123618,20221228121838,P, HTTP/1.1" 200 6694
190.171.153.26 - - [28/Dec/2022:12:36:54 -0300] "POST /cormun/servlet/trautorizarsolicitud?9f742066618fb68315868e8a9c5b0fe8,,gx-no-cache=1672244521758 HTTP/1.1" 200 4552
186.103.157.42 - - [28/Dec/2022:12:36:55 -0300] "GET /cormun/servlet/permisosadjuntos?INS,15123618,P,20221228121838,, HTTP/1.1" 200 6022
186.103.157.42 - - [28/Dec/2022:12:36:55 -0300] "GET /cormun/static/about:blank HTTP/1.1" 404 1011
186.103.157.42 - - [28/Dec/2022:12:36:56 -0300] "GET /cormun/servlet/permisosadjuntos?INS,15123618,P,20221228121838,, HTTP/1.1" 200 6011
190.171.153.26 - - [28/Dec/2022:12:37:01 -0300] "GET /cormun/servlet/trsolicitudot? HTTP/1.1" 200 7498
190.171.153.26 - - [28/Dec/2022:12:37:02 -0300] "GET /cormun/static/gxcfg.js?201991910464971 HTTP/1.1" 200 953
190.171.153.26 - - [28/Dec/2022:12:37:02 -0300] "GET /cormun/static/Resources/PXToolsAddAllAction.png HTTP/1.1" 200 495
190.171.153.26 - - [28/Dec/2022:12:37:02 -0300] "GET /cormun/static/trsolicitudot.js?201991910465845 HTTP/1.1" 200 54041
190.171.153.26 - - [28/Dec/2022:12:37:02 -0300] "GET /cormun/servlet/trsolicitudot? HTTP/1.1" 200 7497
190.171.153.26 - - [28/Dec/2022:12:37:08 -0300] "GET /cormun/servlet/trvisualizadoreventos? HTTP/1.1" 200 7070
190.171.153.26 - - [28/Dec/2022:12:37:08 -0300] "GET /cormun/static/gxcfg.js?20199142243133 HTTP/1.1" 200 953
190.171.153.26 - - [28/Dec/2022:12:37:08 -0300] "GET /cormun/static/trvisualizadoreventos.js?201991422431650 HTTP/1.1" 200 19318
190.171.153.26 - - [28/Dec/2022:12:37:08 -0300] "GET /cormun/static/Resources/PXToolsActionPrint.png HTTP/1.1" 200 404
190.171.153.26 - - [28/Dec/2022:12:37:08 -0300] "GET /cormun/servlet/trvisualizadoreventos? HTTP/1.1" 200 7069
186.103.157.42 - - [28/Dec/2022:12:37:14 -0300] "POST /cormun/servlet/permisosadjuntos?ddfca782ce4b6c7dcb23dac50299f40e,INS,15123618,P,20221228121838,, HTTP/1.1" 200 116
186.103.157.42 - - [28/Dec/2022:12:37:14 -0300] "GET /cormun/servlet/hpexe_return? HTTP/1.1" 200 1038
186.103.157.42 - - [28/Dec/2022:12:37:15 -0300] "GET /cormun/servlet/trpermisosadjuntos?15123618,20221228121838,P, HTTP/1.1" 200 7215
186.103.157.42 - - [28/Dec/2022:12:37:15 -0300] "GET /cormun/servlet/trpermisosadjuntos?15123618,20221228121838,P, HTTP/1.1" 200 7211
190.171.153.26 - - [28/Dec/2022:12:37:15 -0300] "GET /cormun/servlet/trautorizarsolicitud? HTTP/1.1" 200 7410
186.103.157.42 - - [28/Dec/2022:12:37:18 -0300] "POST /cormun/servlet/trpermisosadjuntos?ddfca782ce4b6c7dcb23dac50299f40e,15123618,20221228121838,P,,gx-no-cache=1672240994559 HTTP/1.1" 200 90
186.103.157.42 - - [28/Dec/2022:12:37:18 -0300] "GET /cormun/servlet/hpexe_link HTTP/1.1" 200 984
186.103.157.42 - - [28/Dec/2022:12:37:18 -0300] "GET /cormun/servlet/trpermisosgoce HTTP/1.1" 200 14427
186.103.157.42 - - [28/Dec/2022:12:37:19 -0300] "GET /cormun/servlet/trpermisosgoce HTTP/1.1" 200 14428
190.171.153.26 - - [28/Dec/2022:12:37:21 -0300] "GET /cormun/servlet/trautorizarsolicitud? HTTP/1.1" 200 7410
190.171.143.98 - - [28/Dec/2022:12:37:23 -0300] "GET /cormun/servlet/trautorizarpermisogoce? HTTP/1.1" 200 7979
190.171.143.98 - - [28/Dec/2022:12:37:23 -0300] "GET /cormun/servlet/trautorizarpermisogoce? HTTP/1.1" 200 7979
186.103.157.42 - - [28/Dec/2022:12:37:24 -0300] "POST /cormun/servlet/trpermisosgoce?ddfca782ce4b6c7dcb23dac50299f40e,gx-no-cache=1672240999569 HTTP/1.1" 200 11582
186.103.157.42 - - [28/Dec/2022:12:37:24 -0300] "GET /cormun/static/Shared/jqueryui/images/ui-bg_highlight-soft_100_c6c2c8_1x100.png HTTP/1.1" 404 1117
186.103.157.42 - - [28/Dec/2022:12:37:24 -0300] "GET /cormun/static/Shared/jqueryui/images/ui-icons_82798d_256x240.png HTTP/1.1" 404 1089
186.103.157.42 - - [28/Dec/2022:12:37:24 -0300] "GET /cormun/static/Shared/jqueryui/images/ui-bg_flat_55_fafafa_40x100.png HTTP/1.1" 404 1097
186.103.157.42 - - [28/Dec/2022:12:37:24 -0300] "GET /cormun/static/Shared/jqueryui/images/ui-icons_8d78a5_256x240.png HTTP/1.1" 404 1089
190.171.153.26 - - [28/Dec/2022:12:37:28 -0300] "POST /cormun/servlet/trautorizarsolicitud?9f742066618fb68315868e8a9c5b0fe8,,gx-no-cache=1672244555177 HTTP/1.1" 200 4561
190.171.143.98 - - [28/Dec/2022:12:37:29 -0300] "POST /cormun/servlet/trautorizarpermisogoce?06c887d9c014bd42a0f0afdea53795ab,,gx-no-cache=1672241114652 HTTP/1.1" 200 4515
190.171.143.98 - - [28/Dec/2022:12:37:29 -0300] "GET /cormun/static/Shared/jqueryui/images/ui-bg_highlight-soft_100_c6c2c8_1x100.png HTTP/1.1" 404 1117
190.171.143.98 - - [28/Dec/2022:12:37:29 -0300] "GET /cormun/static/Shared/jqueryui/images/ui-icons_82798d_256x240.png HTTP/1.1" 404 1089
190.171.143.98 - - [28/Dec/2022:12:37:29 -0300] "GET /cormun/static/Shared/jqueryui/images/ui-bg_flat_55_fafafa_40x100.png HTTP/1.1" 404 1097
190.171.143.98 - - [28/Dec/2022:12:37:29 -0300] "GET /cormun/static/Shared/jqueryui/images/ui-icons_8d78a5_256x240.png HTTP/1.1" 404 1089
186.103.157.42 - - [28/Dec/2022:12:37:30 -0300] "GET /cormun/servlet/trautorizarpermisogoce? HTTP/1.1" 200 14074
186.103.157.42 - - [28/Dec/2022:12:37:31 -0300] "GET /cormun/servlet/trautorizarpermisogoce? HTTP/1.1" 200 14073
190.171.153.26 - - [28/Dec/2022:12:37:47 -0300] "POST /cormun/servlet/trautorizarsolicitud?9f742066618fb68315868e8a9c5b0fe8,,gx-no-cache=1672244574726 HTTP/1.1" 200 5965
190.171.153.26 - - [28/Dec/2022:12:37:47 -0300] "GET /cormun//static/Resources/PXToolsActionView.png HTTP/1.1" 200 398
190.171.153.26 - - [28/Dec/2022:12:37:47 -0300] "GET /cormun//static/Resources/PXToolsGridDelete.png HTTP/1.1" 200 538
190.171.153.26 - - [28/Dec/2022:12:37:47 -0300] "GET /cormun//static/Resources/PXToolsGridUpdate.png HTTP/1.1" 200 470
190.171.153.26 - - [28/Dec/2022:12:37:47 -0300] "GET /cormun//static/Resources/PXToolsRemoveAllAction.png HTTP/1.1" 200 487
190.171.153.26 - - [28/Dec/2022:12:37:47 -0300] "GET /cormun//static/Resources/PXTools/ActionInsert.png HTTP/1.1" 200 1482
190.171.142.26 - - [28/Dec/2022:12:38:01 -0300] "GET /cormun/servlet/apermisogoceprn?17108069,P,20221228120236,PU HTTP/1.1" 200 1656
190.171.142.26 - - [28/Dec/2022:12:38:11 -0300] "GET /cormun/servlet/apermisogoceprn?20370089,P,20221228120556,PU HTTP/1.1" 200 1666
190.171.142.26 - - [28/Dec/2022:12:38:27 -0300] "GET /cormun/servlet/apermisogoceprn?13345162,P,20221228121129,PU HTTP/1.1" 200 1652
190.171.153.26 - - [28/Dec/2022:12:38:48 -0300] "POST /cormun/servlet/solicitudot?gx-no-cache=1672241034478 HTTP/1.1" 200 30
190.171.153.26 - - [28/Dec/2022:12:38:54 -0300] "POST /cormun/servlet/solicitudot?gx-no-cache=1672241040964 HTTP/1.1" 200 30
190.171.153.26 - - [28/Dec/2022:12:38:58 -0300] "POST /cormun/servlet/solicitudot?gx-no-cache=1672241044867 HTTP/1.1" 200 30
190.171.153.26 - - [28/Dec/2022:12:39:08 -0300] "POST /cormun/servlet/solicitudot?gx-no-cache=1672241054747 HTTP/1.1" 200 30
190.171.144.234 - - [28/Dec/2022:12:39:21 -0300] "GET /cormun/servlet/hlogin HTTP/1.1" 200 1726
190.171.144.234 - - [28/Dec/2022:12:39:22 -0300] "GET /cormun/servlet/hlogin HTTP/1.1" 200 1736
190.171.144.234 - - [28/Dec/2022:12:39:22 -0300] "GET /favicon.ico HTTP/1.1" 200 21630
190.171.153.26 - - [28/Dec/2022:12:39:22 -0300] "POST /cormun/servlet/solicitudot?gx-no-cache=1672241068500 HTTP/1.1" 200 30
157.55.39.146 - - [28/Dec/2022:12:39:24 -0300] "GET /cormun/servlet/hpexe_return HTTP/1.1" 200 981
190.171.144.234 - - [28/Dec/2022:12:39:24 -0300] "POST /cormun/servlet/hlogin?42217a64656f93099c9887be065c48b6,gx-no-cache=1672241066016 HTTP/1.1" 200 90
190.171.144.234 - - [28/Dec/2022:12:39:25 -0300] "GET /cormun/servlet/hpexe_link HTTP/1.1" 200 953
190.171.153.26 - - [28/Dec/2022:12:39:25 -0300] "POST /cormun/servlet/solicitudot?gx-no-cache=1672241071641 HTTP/1.1" 200 1470
190.171.144.234 - - [28/Dec/2022:12:39:25 -0300] "GET /cormun/servlet/hhome HTTP/1.1" 200 3992
190.171.144.234 - - [28/Dec/2022:12:39:26 -0300] "GET /cormun/servlet/hhome HTTP/1.1" 200 3988
190.171.153.26 - - [28/Dec/2022:12:39:27 -0300] "GET /cormun/servlet/prlicenciaspermisos?15525765,L,,MD,,gxPopupLevel%3D0%3B HTTP/1.1" 200 5901
190.171.153.26 - - [28/Dec/2022:12:39:29 -0300] "POST /cormun/servlet/solicitudot?gx-no-cache=1672241075416 HTTP/1.1" 200 30
190.171.153.26 - - [28/Dec/2022:12:39:29 -0300] "POST /cormun/servlet/solicitudot?gx-no-cache=1672241075461 HTTP/1.1" 200 1470
190.171.144.234 - - [28/Dec/2022:12:39:29 -0300] "GET /cormun/servlet/trpermisosgoce? HTTP/1.1" 200 13207
190.171.144.234 - - [28/Dec/2022:12:39:30 -0300] "GET /cormun/servlet/trpermisosgoce? HTTP/1.1" 200 13200
190.171.153.26 - - [28/Dec/2022:12:39:34 -0300] "POST /cormun/servlet/solicitudot?gx-no-cache=1672241080720 HTTP/1.1" 200 41
190.171.153.26 - - [28/Dec/2022:12:39:34 -0300] "GET /cormun/servlet/solicitudot?d0842f6e59d93b685a9e9634179eff757e6e514c9d44e2bebc88ab5bf94acf411c622e0cd2d25e0181232d267eefa8b58e1f954a08394226cddffe8400315c305f27746d4e49bbc521dc4193de688cacfc216730cfb7b58484a2e047f4148f3fae82747327193cd9013157159bd366f8,gx-no-cache=1672241080780 HTTP/1.1" 200 110
190.171.153.26 - - [28/Dec/2022:12:39:34 -0300] "POST /cormun/servlet/solicitudot?gx-no-cache=1672241080821 HTTP/1.1" 200 64
190.171.144.234 - - [28/Dec/2022:12:39:38 -0300] "GET /cormun/servlet/apermisogoceprn?13945792,P,20221226124909,PU HTTP/1.1" 200 1663
190.171.153.26 - - [28/Dec/2022:12:39:42 -0300] "GET /cormun/servlet/solicitudot?d0842f6e59d93b685a9e9634179eff757e6e514c9d44e2bebc88ab5bf94acf411c622e0cd2d25e0181232d267eefa8b58e1f954a08394226cddffe8400315c305f27746d4e49bbc521dc4193de688cacfc216730cfb7b58484a2e047f4148f3fae82747327193cd9013157159bd366f8,gx-no-cache=1672241088837 HTTP/1.1" 200 110
157.55.39.146 - - [28/Dec/2022:12:39:44 -0300] "GET /cormun/static/RunJS/RunJS.js HTTP/1.1" 200 288
190.171.153.26 - - [28/Dec/2022:12:39:45 -0300] "GET /cormun/servlet/solicitudot?d0842f6e59d93b685a9e9634179eff75c31c98c7efe27850612e670a49b2991d29c575e184bab37acefbb83418927c2b,gx-no-cache=1672241091424 HTTP/1.1" 200 30
190.171.153.26 - - [28/Dec/2022:12:39:45 -0300] "POST /cormun/servlet/solicitudot?gx-no-cache=1672241091458 HTTP/1.1" 200 34
40.77.167.75 - - [28/Dec/2022:12:39:49 -0300] "GET /cormun/static/Resources/Spanish/PXTools.css?2294816 HTTP/1.1" 200 100853
40.77.167.75 - - [28/Dec/2022:12:39:49 -0300] "GET /cormun/static/gxcfg.js?201991422392976 HTTP/1.1" 200 953
40.77.167.75 - - [28/Dec/2022:12:39:49 -0300] "GET /cormun/static/gxtimezone.js?85251 HTTP/1.1" 200 5781
40.77.167.75 - - [28/Dec/2022:12:39:49 -0300] "GET /cormun/static/hpexe_return.js?201991422392984 HTTP/1.1" 200 1633
40.77.167.75 - - [28/Dec/2022:12:39:49 -0300] "GET /cormun/static/messages.spa.js?85251 HTTP/1.1" 200 30736
190.171.153.26 - - [28/Dec/2022:12:40:37 -0300] "POST /cormun/servlet/solicitudot?be8016dbdc9db8828741f9a7fd028ce7,INS,0,0,false,,gx-no-cache=1672241142446 HTTP/1.1" 200 93
190.171.153.26 - - [28/Dec/2022:12:40:37 -0300] "GET /cormun/servlet/hpexe_return? HTTP/1.1" 200 1013
190.171.153.26 - - [28/Dec/2022:12:40:37 -0300] "GET /cormun/servlet/trsolicitudot HTTP/1.1" 200 7224
190.171.153.26 - - [28/Dec/2022:12:40:37 -0300] "GET /cormun/servlet/trsolicitudot HTTP/1.1" 200 7220
190.171.153.26 - - [28/Dec/2022:12:40:45 -0300] "GET /cormun/servlet/trvisualizadoreventos? HTTP/1.1" 200 7201
190.171.153.26 - - [28/Dec/2022:12:40:46 -0300] "GET /cormun/servlet/trvisualizadoreventos? HTTP/1.1" 200 7201
190.171.153.26 - - [28/Dec/2022:12:40:53 -0300] "POST /cormun/servlet/trvisualizadoreventos?be8016dbdc9db8828741f9a7fd028ce7,,gx-no-cache=1672241158899 HTTP/1.1" 200 4514
190.171.153.26 - - [28/Dec/2022:12:40:58 -0300] "GET /cormun/servlet/trvisualizadoreventos? HTTP/1.1" 200 7201
190.171.153.26 - - [28/Dec/2022:12:40:58 -0300] "GET /cormun/servlet/trvisualizadoreventos? HTTP/1.1" 200 7201
190.171.153.26 - - [28/Dec/2022:12:41:09 -0300] "GET /cormun/servlet/trsolicitudot? HTTP/1.1" 200 7221
190.171.153.26 - - [28/Dec/2022:12:41:09 -0300] "GET /cormun/servlet/trsolicitudot? HTTP/1.1" 200 7220
190.171.153.26 - - [28/Dec/2022:12:41:12 -0300] "POST /cormun/servlet/trsolicitudot?be8016dbdc9db8828741f9a7fd028ce7,,gx-no-cache=1672241178823 HTTP/1.1" 200 4392
190.171.153.26 - - [28/Dec/2022:12:41:20 -0300] "GET /cormun/servlet/trvisualizadoreventos? HTTP/1.1" 200 7201
190.171.153.26 - - [28/Dec/2022:12:41:20 -0300] "GET /cormun/servlet/trvisualizadoreventos? HTTP/1.1" 200 7201
190.171.153.26 - - [28/Dec/2022:12:41:37 -0300] "POST /cormun/servlet/trvisualizadoreventos?be8016dbdc9db8828741f9a7fd028ce7,,gx-no-cache=1672241202910 HTTP/1.1" 200 4022
190.171.153.26 - - [28/Dec/2022:12:41:38 -0300] "POST /cormun/servlet/trvisualizadoreventos?be8016dbdc9db8828741f9a7fd028ce7,,gx-no-cache=1672241204875 HTTP/1.1" 200 4022
190.171.153.26 - - [28/Dec/2022:12:41:57 -0300] "GET /cormun/servlet/trsolicitudot? HTTP/1.1" 200 8909
190.171.153.26 - - [28/Dec/2022:12:41:57 -0300] "GET /cormun/servlet/trsolicitudot? HTTP/1.1" 200 8908
190.171.153.26 - - [28/Dec/2022:12:42:00 -0300] "GET /cormun/servlet/trautorizarsolicitud? HTTP/1.1" 200 8810
190.171.153.26 - - [28/Dec/2022:12:42:01 -0300] "GET /cormun/servlet/trautorizarsolicitud? HTTP/1.1" 200 8810
190.171.153.26 - - [28/Dec/2022:12:42:25 -0300] "GET /cormun/servlet/trsolicitudot? HTTP/1.1" 200 7221
190.171.153.26 - - [28/Dec/2022:12:42:26 -0300] "GET /cormun/servlet/trsolicitudot? HTTP/1.1" 200 7220
190.171.153.26 - - [28/Dec/2022:12:42:29 -0300] "POST /cormun/servlet/trsolicitudot?be8016dbdc9db8828741f9a7fd028ce7,,gx-no-cache=1672241255507 HTTP/1.1" 200 4392
190.171.153.26 - - [28/Dec/2022:12:42:33 -0300] "POST /cormun/servlet/trsolicitudot?be8016dbdc9db8828741f9a7fd028ce7,,gx-no-cache=1672241259019 HTTP/1.1" 200 4392
190.171.153.26 - - [28/Dec/2022:12:42:38 -0300] "GET /cormun/servlet/trsolicitudot? HTTP/1.1" 200 7219
190.171.153.26 - - [28/Dec/2022:12:42:38 -0300] "GET /cormun/servlet/trsolicitudot? HTTP/1.1" 200 7219
190.171.153.26 - - [28/Dec/2022:12:42:45 -0300] "POST /cormun/servlet/trsolicitudot?be8016dbdc9db8828741f9a7fd028ce7,,gx-no-cache=1672241271201 HTTP/1.1" 200 4360
190.171.153.26 - - [28/Dec/2022:12:42:48 -0300] "GET /cormun/servlet/trsolicitudot? HTTP/1.1" 200 7185
190.171.153.26 - - [28/Dec/2022:12:42:49 -0300] "GET /cormun/servlet/trsolicitudot? HTTP/1.1" 200 7185
190.171.153.26 - - [28/Dec/2022:12:42:52 -0300] "GET /cormun/servlet/trsolicitudot? HTTP/1.1" 200 7185
190.171.153.26 - - [28/Dec/2022:12:42:53 -0300] "GET /cormun/servlet/trsolicitudot? HTTP/1.1" 200 7185
190.171.153.26 - - [28/Dec/2022:12:42:54 -0300] "GET /cormun/servlet/solicitudot?INS,0,0,false, HTTP/1.1" 200 15747
190.171.153.26 - - [28/Dec/2022:12:42:55 -0300] "GET /cormun/servlet/solicitudot?INS,0,0,false, HTTP/1.1" 200 15755
190.171.153.26 - - [28/Dec/2022:12:43:07 -0300] "POST /cormun/servlet/solicitudot?gx-no-cache=1672241293611 HTTP/1.1" 200 3900
190.171.153.26 - - [28/Dec/2022:12:43:07 -0300] "POST /cormun/servlet/solicitudot?be8016dbdc9db8828741f9a7fd028ce7,INS,0,0,false,,gx-no-cache=1672241293794 HTTP/1.1" 200 12458
190.171.153.26 - - [28/Dec/2022:12:43:08 -0300] "GET /cormun/servlet/solicitudot?d0842f6e59d93b685a9e9634179eff75570647c75f00fa5c8a02b1e22b545b009d4af8a6adb1aa7051d1649bcaa97248,gx-no-cache=1672241294187 HTTP/1.1" 200 111
190.171.153.26 - - [28/Dec/2022:12:43:08 -0300] "GET /cormun/static/Shared/jqueryui/images/ui-bg_highlight-soft_100_c6c2c8_1x100.png HTTP/1.1" 404 1117
190.171.153.26 - - [28/Dec/2022:12:43:08 -0300] "GET /cormun/static/Shared/jqueryui/images/ui-icons_82798d_256x240.png HTTP/1.1" 404 1089
190.171.153.26 - - [28/Dec/2022:12:43:08 -0300] "GET /cormun/static/Shared/jqueryui/images/ui-bg_flat_55_994d53_40x100.png HTTP/1.1" 404 1097
190.171.153.26 - - [28/Dec/2022:12:43:08 -0300] "GET /cormun/static/Shared/jqueryui/images/ui-icons_ebccce_256x240.png HTTP/1.1" 404 1089
190.171.153.26 - - [28/Dec/2022:12:43:12 -0300] "GET /cormun/servlet/solicitudot?d0842f6e59d93b685a9e9634179eff7506bf1774f0abe1a4dbb464e67eb6dd2357cebafd340a4584764387f042aa43ea,gx-no-cache=1672241298411 HTTP/1.1" 200 30
190.171.153.26 - - [28/Dec/2022:12:43:44 -0300] "GET /cormun/servlet/prbanco?,MD,,gxPopupLevel%3D0%3B HTTP/1.1" 200 6510
190.171.153.26 - - [28/Dec/2022:12:43:44 -0300] "GET /cormun/static/gxcfg.js?20201216131581 HTTP/1.1" 200 953
190.171.153.26 - - [28/Dec/2022:12:43:44 -0300] "GET /cormun/static/prbanco.js?20201216132311 HTTP/1.1" 200 10693
190.171.153.26 - - [28/Dec/2022:12:43:49 -0300] "GET /cormun/servlet/solicitudot?d0842f6e59d93b685a9e9634179eff75774b05fbdad9283db07d35b7805553da,gx-no-cache=1672241335114 HTTP/1.1" 200 94
190.171.153.26 - - [28/Dec/2022:12:43:50 -0300] "GET /cormun/servlet/solicitudot?d0842f6e59d93b685a9e9634179eff7558905880e6ddcbae9595491856801124,gx-no-cache=1672241336190 HTTP/1.1" 200 53
190.171.153.26 - - [28/Dec/2022:12:44:20 -0300] "GET /cormun/servlet/solicitudot?d0842f6e59d93b685a9e9634179eff758ab727bce6f29ee3f6ec0a8376117e73b1e39c5173657d9323e22a104586bbce57cebafd340a4584764387f042aa43ea,gx-no-cache=1672241366738 HTTP/1.1" 200 30
190.171.153.26 - - [28/Dec/2022:12:44:20 -0300] "POST /cormun/servlet/solicitudot?gx-no-cache=1672241366833 HTTP/1.1" 200 297
190.171.153.26 - - [28/Dec/2022:12:44:20 -0300] "GET /cormun/servlet/solicitudot?d0842f6e59d93b685a9e9634179eff75f2cbf2b06a677c3b04d4e91bac58de4c78697f878bdf8328bb9a4147a0a890e991f3fba7bbe134e43d673dd11fdb2e50bf75f3bcc97317b4ba1edd1bba583c6956bb2f1ff20e4c79a5769dcc8719da2d0715b94a5f61327ee682900b23bddcabe97ad0a89e1d552ae062047c56c5d17ffcfe6ba54b6af17087d6f87a206aa0568a7b223a434b6d729853435d1d288e744eb02517159b2863a74c3045b563388501721642e1716932eeac171d1eda87847e882ca5ed4921f7528441a80b75a5d81fb076045415801da44142eada2d30ecdffc820d04d6ae8c6c74e622fffb1d36c8e05af555dffa87f16c2cc210c8207bfd060654976d87a915eb05280437f95b7066152463f232f7b1b31ed225be6b73aeba3e3b4f3aec7a070e4db2fc3e2481da9e84b1219fa71e523d9e2398c5bd55118f5fcd067254c3ff3c862a2696001ff02bbce597e62cb311879f85a693a2ed346f0c6d3b8afc259dc2e47d64072f6a9e28de5eb8d70980fc04eaab40d77ce20d7b9e927f31fc0fb6b1de20f6feffe6,gx-no-cache=1672241366881 HTTP/1.1" 200 30
190.171.153.26 - - [28/Dec/2022:12:44:30 -0300] "POST /cormun/servlet/solicitudot?gx-no-cache=1672241376437 HTTP/1.1" 200 30
190.171.153.26 - - [28/Dec/2022:12:44:48 -0300] "POST /cormun/servlet/solicitudot?gx-no-cache=1672241394981 HTTP/1.1" 200 30
190.171.153.26 - - [28/Dec/2022:12:45:04 -0300] "POST /cormun/servlet/solicitudot?gx-no-cache=1672241410198 HTTP/1.1" 200 1470
190.171.153.26 - - [28/Dec/2022:12:45:04 -0300] "GET /cormun/static/menuarrow.gif HTTP/1.1" 404 1015
190.171.153.26 - - [28/Dec/2022:12:45:05 -0300] "GET /cormun/servlet/prlicenciaspermisos?15525765,L,,MD,,gxPopupLevel%3D0%3B HTTP/1.1" 200 5901
190.171.142.26 - - [28/Dec/2022:12:45:05 -0300] "GET /cormun/servlet/apermisogoceprn?19036652,P,20221228115911,PU HTTP/1.1" 200 1658
190.171.153.26 - - [28/Dec/2022:12:45:09 -0300] "POST /cormun/servlet/solicitudot?gx-no-cache=1672241415892 HTTP/1.1" 200 41
190.171.153.26 - - [28/Dec/2022:12:45:20 -0300] "GET /cormun/servlet/solicitudot?d0842f6e59d93b685a9e9634179eff757e6e514c9d44e2bebc88ab5bf94acf411c622e0cd2d25e0181232d267eefa8b58e1f954a08394226cddffe8400315c305f27746d4e49bbc521dc4193de688cacfc216730cfb7b58484a2e047f4148f3fae82747327193cd9013157159bd366f8,gx-no-cache=1672241426690 HTTP/1.1" 200 110
190.171.153.26 - - [28/Dec/2022:12:45:23 -0300] "POST /cormun/servlet/solicitudot?gx-no-cache=1672241429344 HTTP/1.1" 200 64
190.171.153.26 - - [28/Dec/2022:12:45:25 -0300] "POST /cormun/servlet/solicitudot?gx-no-cache=1672241431367 HTTP/1.1" 200 64
190.171.153.26 - - [28/Dec/2022:12:45:28 -0300] "GET /cormun/servlet/solicitudot?d0842f6e59d93b685a9e9634179eff75b5b94f45d930b56fb76ff6775ca12eb8c005ea019f6f97c6bf7c5acf9d29ffdaa5356d3cc940700f3af71bf10badf4d8cb0503bf08d22c47fedc4cec05103e81072d04cfbe261bc96251d173449d466f7cd8c24598ded6704d828a9b5c9bcf01,gx-no-cache=1672241434102 HTTP/1.1" 200 29
190.171.153.26 - - [28/Dec/2022:12:45:36 -0300] "GET /cormun/servlet/solicitudot?d0842f6e59d93b685a9e9634179eff75c31c98c7efe27850612e670a49b2991d29c575e184bab37acefbb83418927c2b,gx-no-cache=1672241442116 HTTP/1.1" 200 30
190.171.153.26 - - [28/Dec/2022:12:45:47 -0300] "POST /cormun/servlet/solicitudot?gx-no-cache=1672241453895 HTTP/1.1" 200 34
190.171.153.26 - - [28/Dec/2022:12:46:20 -0300] "GET /cormun/servlet/solicitudot?d0842f6e59d93b685a9e9634179eff75f2cbf2b06a677c3b04d4e91bac58de4c78697f878bdf8328bb9a4147a0a890e991f3fba7bbe134e43d673dd11fdb2e50bf75f3bcc97317b4ba1edd1bba583c6956bb2f1ff20e4c79a5769dcc8719da2d0715b94a5f61327ee682900b23bddcabe97ad0a89e1d552ae062047c56c5d17ffcfe6ba54b6af17087d6f87a206aa0568a7b223a434b6d729853435d1d288e744eb02517159b2863a74c3045b563388501721642e1716932eeac171d1eda87847e882ca5ed4921f7528441a80b75a5d81fb076045415801da44142eada2d30ecdffc820d04d6ae8c6c74e622fffb1d36c8e05af555dffa87f16c2cc210c8207bfd060654976d87a915eb05280437f95b7066152463f232f7b1b31ed225be6b73aeba3e3b4f3aec7a070e4db2fc3e2481da9e84b1219fa71e523d9e2398c5bd55118f5fcd067254c3ff3c862a2696001ff02bbce597e62cb311879f85a693a2ed346f0c6d3b8afc259dc2e47d64072f6aacff2bcb3676f0b4058d333ef63a561b0d7b9e927f31fc0fb6b1de20f6feffe6,gx-no-cache=1672241486072 HTTP/1.1" 200 30
190.171.153.26 - - [28/Dec/2022:12:46:20 -0300] "POST /cormun/servlet/solicitudot?gx-no-cache=1672241486114 HTTP/1.1" 200 30
190.171.153.26 - - [28/Dec/2022:12:46:20 -0300] "POST /cormun/servlet/solicitudot?gx-no-cache=1672241486156 HTTP/1.1" 200 1470
190.171.153.26 - - [28/Dec/2022:12:46:20 -0300] "POST /cormun/servlet/solicitudot?gx-no-cache=1672241486257 HTTP/1.1" 200 41
190.171.153.26 - - [28/Dec/2022:12:46:20 -0300] "GET /cormun/servlet/solicitudot?d0842f6e59d93b685a9e9634179eff757e6e514c9d44e2bebc88ab5bf94acf411c622e0cd2d25e0181232d267eefa8b58e1f954a08394226cddffe8400315c305f27746d4e49bbc521dc4193de688cacfc216730cfb7b58484a2e047f4148f3fae82747327193cd9013157159bd366f8,gx-no-cache=1672241486293 HTTP/1.1" 200 110
190.171.153.26 - - [28/Dec/2022:12:46:20 -0300] "POST /cormun/servlet/solicitudot?gx-no-cache=1672241486325 HTTP/1.1" 200 64
190.171.153.26 - - [28/Dec/2022:12:46:20 -0300] "GET /cormun/servlet/solicitudot?d0842f6e59d93b685a9e9634179eff75c31c98c7efe27850612e670a49b2991d29c575e184bab37acefbb83418927c2b,gx-no-cache=1672241486359 HTTP/1.1" 200 30
190.171.153.26 - - [28/Dec/2022:12:46:20 -0300] "POST /cormun/servlet/solicitudot?gx-no-cache=1672241486387 HTTP/1.1" 200 34
190.171.153.26 - - [28/Dec/2022:12:46:20 -0300] "POST /cormun/servlet/solicitudot?be8016dbdc9db8828741f9a7fd028ce7,INS,0,0,false,,gx-no-cache=1672241486423 HTTP/1.1" 200 93
190.171.153.26 - - [28/Dec/2022:12:46:20 -0300] "GET /cormun/servlet/hpexe_return? HTTP/1.1" 200 1013
190.171.153.26 - - [28/Dec/2022:12:46:20 -0300] "GET /cormun/servlet/trsolicitudot HTTP/1.1" 200 7189
190.171.153.26 - - [28/Dec/2022:12:46:21 -0300] "GET /cormun/servlet/trsolicitudot HTTP/1.1" 200 7185
190.171.153.26 - - [28/Dec/2022:12:46:28 -0300] "GET /cormun/servlet/trvisualizadoreventos? HTTP/1.1" 200 6702
190.171.153.26 - - [28/Dec/2022:12:46:28 -0300] "GET /cormun/servlet/trvisualizadoreventos? HTTP/1.1" 200 6702
190.171.153.26 - - [28/Dec/2022:12:46:32 -0300] "POST /cormun/servlet/trvisualizadoreventos?be8016dbdc9db8828741f9a7fd028ce7,,gx-no-cache=1672241498589 HTTP/1.1" 200 4021
190.171.153.26 - - [28/Dec/2022:12:46:37 -0300] "GET /cormun/servlet/trvisualizadoreventos? HTTP/1.1" 200 6702
190.171.153.26 - - [28/Dec/2022:12:46:38 -0300] "GET /cormun/servlet/trvisualizadoreventos? HTTP/1.1" 200 6702
190.171.153.26 - - [28/Dec/2022:12:46:57 -0300] "POST /cormun/servlet/trvisualizadoreventos?be8016dbdc9db8828741f9a7fd028ce7,,gx-no-cache=1672241523263 HTTP/1.1" 200 4020
190.171.142.26 - - [28/Dec/2022:12:47:02 -0300] "GET /cormun/servlet/apermisogoceprn?18645865,P,20221228120923,PU HTTP/1.1" 200 1666
190.171.153.26 - - [28/Dec/2022:12:47:09 -0300] "POST /cormun/servlet/trvisualizadoreventos?be8016dbdc9db8828741f9a7fd028ce7,,gx-no-cache=1672241535262 HTTP/1.1" 200 4018
186.103.157.42 - - [28/Dec/2022:12:47:10 -0300] "GET /cormun/servlet/trpermisosgoce? HTTP/1.1" 200 14378
186.103.157.42 - - [28/Dec/2022:12:47:10 -0300] "GET /cormun/servlet/trpermisosgoce? HTTP/1.1" 200 14382
190.171.153.26 - - [28/Dec/2022:12:47:14 -0300] "POST /cormun/servlet/trvisualizadoreventos?be8016dbdc9db8828741f9a7fd028ce7,,gx-no-cache=1672241540635 HTTP/1.1" 200 4018
190.171.153.26 - - [28/Dec/2022:12:47:26 -0300] "POST /cormun/servlet/trvisualizadoreventos?be8016dbdc9db8828741f9a7fd028ce7,,gx-no-cache=1672241552475 HTTP/1.1" 200 4513
190.171.153.26 - - [28/Dec/2022:12:47:43 -0300] "POST /cormun/servlet/trvisualizadoreventos?be8016dbdc9db8828741f9a7fd028ce7,,gx-no-cache=1672241568342 HTTP/1.1" 200 111
190.171.153.26 - - [28/Dec/2022:12:47:43 -0300] "GET /cormun/VisualizadorEventos-3771.xls HTTP/1.1" 200 4608
186.103.157.42 - - [28/Dec/2022:12:47:47 -0300] "GET /cormun/servlet/permisogoce?INS,0,,, HTTP/1.1" 200 7271
186.103.157.42 - - [28/Dec/2022:12:47:47 -0300] "GET /cormun/servlet/permisogoce?INS,0,,, HTTP/1.1" 200 7271
190.171.153.26 - - [28/Dec/2022:12:48:07 -0300] "GET /cormun/servlet/trvisualizadoreventos? HTTP/1.1" 200 7201
190.171.153.26 - - [28/Dec/2022:12:48:08 -0300] "GET /cormun/servlet/trvisualizadoreventos? HTTP/1.1" 200 7201
190.171.153.26 - - [28/Dec/2022:12:48:15 -0300] "GET /cormun/servlet/trsolicitudcuentarbd? HTTP/1.1" 200 6676
190.171.153.26 - - [28/Dec/2022:12:48:15 -0300] "GET /cormun/static/gxcfg.js?201991422574133 HTTP/1.1" 200 953
190.171.153.26 - - [28/Dec/2022:12:48:15 -0300] "GET /cormun/static/trsolicitudcuentarbd.js?201991422574613 HTTP/1.1" 200 29350
190.171.153.26 - - [28/Dec/2022:12:48:15 -0300] "GET /cormun/servlet/trsolicitudcuentarbd? HTTP/1.1" 200 6675
190.171.153.26 - - [28/Dec/2022:12:48:16 -0300] "POST /cormun/servlet/acontrolpreferencessavestate?None,CE-34,true HTTP/1.1" 200 35
190.171.153.26 - - [28/Dec/2022:12:48:21 -0300] "GET /cormun/servlet/trsolicitudot? HTTP/1.1" 200 7193
190.171.153.26 - - [28/Dec/2022:12:48:22 -0300] "GET /cormun/servlet/trsolicitudot? HTTP/1.1" 200 7192
190.171.153.26 - - [28/Dec/2022:12:48:26 -0300] "POST /cormun/servlet/trsolicitudot?be8016dbdc9db8828741f9a7fd028ce7,,gx-no-cache=1672241612628 HTTP/1.1" 200 4368
186.103.157.42 - - [28/Dec/2022:12:48:27 -0300] "GET /cormun/servlet/permisogoce?2d5ad3000d06c412a27ab96a9c585518ac46d41e6a007428c50b8eb50adae3c2506cec0b5696fbfa0189eb419a2f375cc1a5e4af7339597211286fc55c5a7d1e,gx-no-cache=1672241663359 HTTP/1.1" 200 76
186.103.157.42 - - [28/Dec/2022:12:48:27 -0300] "GET /cormun/static/menuarrow.gif HTTP/1.1" 404 1015
190.171.153.26 - - [28/Dec/2022:12:48:28 -0300] "POST /cormun/servlet/trsolicitudot?be8016dbdc9db8828741f9a7fd028ce7,,gx-no-cache=1672241614700 HTTP/1.1" 200 4368
190.171.153.26 - - [28/Dec/2022:12:48:35 -0300] "POST /cormun/servlet/trsolicitudot?be8016dbdc9db8828741f9a7fd028ce7,,gx-no-cache=1672241621341 HTTP/1.1" 200 6638
190.171.153.26 - - [28/Dec/2022:12:48:35 -0300] "GET /cormun//static/Resources/PXToolsActionView.png HTTP/1.1" 200 398
190.171.153.26 - - [28/Dec/2022:12:48:35 -0300] "GET /cormun//static/Resources/PXToolsRemoveAllAction.png HTTP/1.1" 200 487
186.103.157.42 - - [28/Dec/2022:12:48:44 -0300] "GET /cormun/servlet/permisogoce?2d5ad3000d06c412a27ab96a9c5855180b285882f497d181469df8807b801020baf8b9988c8fcfe4e5f4263e80b100c54559a31459f0a9f205e422b6c2e6ca20,gx-no-cache=1672241680787 HTTP/1.1" 200 48
186.103.157.42 - - [28/Dec/2022:12:48:49 -0300] "POST /cormun/servlet/permisogoce?ddfca782ce4b6c7dcb23dac50299f40e,INS,0,,,,gx-no-cache=1672241685401 HTTP/1.1" 200 93
186.103.157.42 - - [28/Dec/2022:12:48:49 -0300] "GET /cormun/servlet/hpexe_return? HTTP/1.1" 200 1010
186.103.157.42 - - [28/Dec/2022:12:48:50 -0300] "GET /cormun/servlet/trpermisosgoce HTTP/1.1" 200 14640
190.171.153.26 - - [28/Dec/2022:12:48:50 -0300] "POST /cormun/servlet/trsolicitudot?be8016dbdc9db8828741f9a7fd028ce7,,gx-no-cache=1672241636050 HTTP/1.1" 200 6680
190.171.153.26 - - [28/Dec/2022:12:48:50 -0300] "GET /cormun/static/Shared/jqueryui/images/ui-bg_highlight-soft_100_c6c2c8_1x100.png HTTP/1.1" 404 1117
190.171.153.26 - - [28/Dec/2022:12:48:50 -0300] "GET /cormun/static/Shared/jqueryui/images/ui-icons_82798d_256x240.png HTTP/1.1" 404 1089
190.171.153.26 - - [28/Dec/2022:12:48:50 -0300] "GET /cormun/static/Shared/jqueryui/images/ui-icons_8d78a5_256x240.png HTTP/1.1" 404 1089
190.171.153.26 - - [28/Dec/2022:12:48:50 -0300] "GET /cormun/static/Shared/jqueryui/images/ui-bg_flat_55_fafafa_40x100.png HTTP/1.1" 404 1097
186.103.157.42 - - [28/Dec/2022:12:48:50 -0300] "GET /cormun/servlet/trpermisosgoce HTTP/1.1" 200 14638
190.171.153.26 - - [28/Dec/2022:12:48:50 -0300] "POST /cormun/servlet/trsolicitudot?be8016dbdc9db8828741f9a7fd028ce7,,gx-no-cache=1672241636512 HTTP/1.1" 200 6624
186.103.157.42 - - [28/Dec/2022:12:49:09 -0300] "GET /cormun/servlet/trpermisosadjuntos?16337452,20221228123251,P, HTTP/1.1" 200 6691
186.103.157.42 - - [28/Dec/2022:12:49:09 -0300] "GET /cormun/servlet/trpermisosadjuntos?16337452,20221228123251,P, HTTP/1.1" 200 6691
186.103.157.42 - - [28/Dec/2022:12:49:11 -0300] "GET /cormun/servlet/permisosadjuntos?INS,16337452,P,20221228123251,, HTTP/1.1" 200 6017
186.103.157.42 - - [28/Dec/2022:12:49:11 -0300] "GET /cormun/static/about:blank HTTP/1.1" 404 1011
186.103.157.42 - - [28/Dec/2022:12:49:11 -0300] "GET /cormun/servlet/permisosadjuntos?INS,16337452,P,20221228123251,, HTTP/1.1" 200 6006
190.171.153.26 - - [28/Dec/2022:12:49:14 -0300] "POST /cormun/servlet/trsolicitudot?be8016dbdc9db8828741f9a7fd028ce7,,gx-no-cache=1672241659840 HTTP/1.1" 200 6675
190.171.153.26 - - [28/Dec/2022:12:49:14 -0300] "POST /cormun/servlet/trsolicitudot?be8016dbdc9db8828741f9a7fd028ce7,,gx-no-cache=1672241660671 HTTP/1.1" 200 6617
186.103.157.42 - - [28/Dec/2022:12:49:26 -0300] "POST /cormun/servlet/permisosadjuntos?ddfca782ce4b6c7dcb23dac50299f40e,INS,16337452,P,20221228123251,, HTTP/1.1" 200 116
186.103.157.42 - - [28/Dec/2022:12:49:26 -0300] "GET /cormun/servlet/hpexe_return? HTTP/1.1" 200 1039
186.103.157.42 - - [28/Dec/2022:12:49:26 -0300] "GET /cormun/servlet/trpermisosadjuntos?16337452,20221228123251,P, HTTP/1.1" 200 7202
186.103.157.42 - - [28/Dec/2022:12:49:27 -0300] "GET /cormun/servlet/trpermisosadjuntos?16337452,20221228123251,P, HTTP/1.1" 200 7198
186.103.157.42 - - [28/Dec/2022:12:49:30 -0300] "POST /cormun/servlet/trpermisosadjuntos?ddfca782ce4b6c7dcb23dac50299f40e,16337452,20221228123251,P,,gx-no-cache=1672241725919 HTTP/1.1" 200 90
186.103.157.42 - - [28/Dec/2022:12:49:30 -0300] "GET /cormun/servlet/hpexe_link HTTP/1.1" 200 985
186.103.157.42 - - [28/Dec/2022:12:49:30 -0300] "GET /cormun/servlet/trpermisosgoce HTTP/1.1" 200 14624
190.171.153.26 - - [28/Dec/2022:12:49:30 -0300] "POST /cormun/servlet/trautorizarsolicitud?9f742066618fb68315868e8a9c5b0fe8,,gx-no-cache=1672245277365 HTTP/1.1" 200 5960
186.103.157.42 - - [28/Dec/2022:12:49:30 -0300] "GET /cormun/servlet/trpermisosgoce HTTP/1.1" 200 14643
186.103.157.42 - - [28/Dec/2022:12:49:36 -0300] "POST /cormun/servlet/trpermisosgoce?ddfca782ce4b6c7dcb23dac50299f40e,gx-no-cache=1672241732377 HTTP/1.1" 200 11813
186.103.157.42 - - [28/Dec/2022:12:49:36 -0300] "GET /cormun/static/Shared/jqueryui/images/ui-bg_highlight-soft_100_c6c2c8_1x100.png HTTP/1.1" 404 1117
186.103.157.42 - - [28/Dec/2022:12:49:36 -0300] "GET /cormun/static/Shared/jqueryui/images/ui-icons_82798d_256x240.png HTTP/1.1" 404 1089
186.103.157.42 - - [28/Dec/2022:12:49:36 -0300] "GET /cormun/static/Shared/jqueryui/images/ui-bg_flat_55_fafafa_40x100.png HTTP/1.1" 404 1097
186.103.157.42 - - [28/Dec/2022:12:49:36 -0300] "GET /cormun/static/Shared/jqueryui/images/ui-icons_8d78a5_256x240.png HTTP/1.1" 404 1089
190.171.153.26 - - [28/Dec/2022:12:49:37 -0300] "GET /cormun/servlet/trautorizarsolicitud? HTTP/1.1" 200 8810
190.171.153.26 - - [28/Dec/2022:12:49:38 -0300] "GET /cormun/servlet/trautorizarsolicitud? HTTP/1.1" 200 8810
186.103.157.42 - - [28/Dec/2022:12:49:42 -0300] "GET /cormun/servlet/trautorizarpermisogoce? HTTP/1.1" 200 14283
186.103.157.42 - - [28/Dec/2022:12:49:42 -0300] "GET /cormun/servlet/trautorizarpermisogoce? HTTP/1.1" 200 14282
190.171.153.26 - - [28/Dec/2022:12:49:54 -0300] "POST /cormun/servlet/trautorizarsolicitud?9f742066618fb68315868e8a9c5b0fe8,,gx-no-cache=1672245300970 HTTP/1.1" 200 5958
190.171.153.26 - - [28/Dec/2022:12:50:03 -0300] "GET /cormun/servlet/hhome HTTP/1.1" 200 4286
190.171.153.26 - - [28/Dec/2022:12:50:05 -0300] "GET /cormun/servlet/hlogin HTTP/1.1" 200 1743
190.171.153.26 - - [28/Dec/2022:12:50:14 -0300] "POST /cormun/servlet/hlogin?9f742066618fb68315868e8a9c5b0fe8,gx-no-cache=1672245321506 HTTP/1.1" 200 90
190.171.153.26 - - [28/Dec/2022:12:50:14 -0300] "GET /cormun/servlet/hpexe_link HTTP/1.1" 200 945
190.171.153.26 - - [28/Dec/2022:12:50:14 -0300] "GET /cormun/servlet/hhome HTTP/1.1" 200 4287
190.171.153.26 - - [28/Dec/2022:12:50:14 -0300] "GET /cormun/servlet/hhome HTTP/1.1" 200 4283
190.171.153.26 - - [28/Dec/2022:12:50:20 -0300] "GET /cormun/servlet/trautorizarsolicitud? HTTP/1.1" 200 8811
190.171.153.26 - - [28/Dec/2022:12:50:21 -0300] "GET /cormun/servlet/trautorizarsolicitud? HTTP/1.1" 200 8810
190.171.153.26 - - [28/Dec/2022:12:51:18 -0300] "POST /cormun/servlet/trautorizarsolicitud?9f742066618fb68315868e8a9c5b0fe8,,gx-no-cache=1672245385330 HTTP/1.1" 200 4558
190.171.153.26 - - [28/Dec/2022:12:51:29 -0300] "POST /cormun/servlet/trautorizarsolicitud?9f742066618fb68315868e8a9c5b0fe8,,gx-no-cache=1672245396715 HTTP/1.1" 200 4560
190.171.153.26 - - [28/Dec/2022:12:51:31 -0300] "POST /cormun/servlet/trautorizarsolicitud?9f742066618fb68315868e8a9c5b0fe8,,gx-no-cache=1672245398829 HTTP/1.1" 200 4560
190.171.153.26 - - [28/Dec/2022:12:51:42 -0300] "POST /cormun/servlet/trsolicitudot?be8016dbdc9db8828741f9a7fd028ce7,,gx-no-cache=1672241807764 HTTP/1.1" 200 6616
190.171.153.26 - - [28/Dec/2022:12:51:44 -0300] "POST /cormun/servlet/trsolicitudot?be8016dbdc9db8828741f9a7fd028ce7,,gx-no-cache=1672241810170 HTTP/1.1" 200 6617
190.171.153.26 - - [28/Dec/2022:12:51:50 -0300] "POST /cormun/servlet/trsolicitudot?be8016dbdc9db8828741f9a7fd028ce7,,gx-no-cache=1672241816776 HTTP/1.1" 200 6616
190.171.153.26 - - [28/Dec/2022:12:51:55 -0300] "POST /cormun/servlet/trautorizarsolicitud?9f742066618fb68315868e8a9c5b0fe8,,gx-no-cache=1672245422449 HTTP/1.1" 200 5954
190.171.142.26 - - [28/Dec/2022:12:53:15 -0300] "GET /cormun/servlet/permisogoce?INS,0,,, HTTP/1.1" 200 6838
190.171.142.26 - - [28/Dec/2022:12:53:15 -0300] "GET /cormun/servlet/permisogoce?INS,0,,, HTTP/1.1" 200 6837
190.171.149.90 - - [28/Dec/2022:12:53:16 -0300] "GET /cormun/servlet/hlogin HTTP/1.1" 200 1728
190.171.149.90 - - [28/Dec/2022:12:53:21 -0300] "POST /cormun/servlet/hlogin?774f018321e50e96eecd82b967d0b836,gx-no-cache=1672241905654 HTTP/1.1" 200 90
190.171.149.90 - - [28/Dec/2022:12:53:21 -0300] "GET /cormun/servlet/hpexe_link HTTP/1.1" 200 953
190.171.149.90 - - [28/Dec/2022:12:53:21 -0300] "GET /cormun/servlet/hhome HTTP/1.1" 200 3950
190.171.149.90 - - [28/Dec/2022:12:53:23 -0300] "GET /cormun/servlet/hhome HTTP/1.1" 200 3946
190.171.149.90 - - [28/Dec/2022:12:53:25 -0300] "GET /cormun/servlet/trpermisosgoce? HTTP/1.1" 200 15175
190.171.149.90 - - [28/Dec/2022:12:53:27 -0300] "GET /cormun/servlet/trpermisosgoce? HTTP/1.1" 200 15152
190.171.149.90 - - [28/Dec/2022:12:53:32 -0300] "GET /cormun/servlet/permisogoce?INS,0,,, HTTP/1.1" 200 6814
190.171.149.90 - - [28/Dec/2022:12:53:33 -0300] "GET /cormun/servlet/permisogoce?INS,0,,, HTTP/1.1" 200 6814
190.171.149.90 - - [28/Dec/2022:12:53:42 -0300] "GET /cormun/servlet/permisogoce?63137893fed4e4014ee3ccdf093acff1d61a9b27d2a1c706916b5aa584bbd91223205db47d06402833367b72208412080cfb415fa970c85c6db3ca9aad7689eb,gx-no-cache=1672241927226 HTTP/1.1" 200 79
190.171.149.90 - - [28/Dec/2022:12:53:44 -0300] "GET /cormun/static/menuarrow.gif HTTP/1.1" 404 1015
190.171.149.90 - - [28/Dec/2022:12:53:49 -0300] "GET /cormun/servlet/permisogoce?63137893fed4e4014ee3ccdf093acff1674333cee13fc97ba0c16f004943aefe1c9a71e78fd7deb80223793a910dd4c0d3c6903b4899bf922c7bd68e7725274c,gx-no-cache=1672241933634 HTTP/1.1" 200 49
190.171.149.90 - - [28/Dec/2022:12:53:51 -0300] "POST /cormun/servlet/permisogoce?774f018321e50e96eecd82b967d0b836,INS,0,,,,gx-no-cache=1672241935317 HTTP/1.1" 200 93
190.171.149.90 - - [28/Dec/2022:12:53:51 -0300] "GET /cormun/servlet/hpexe_return? HTTP/1.1" 200 1011
190.171.149.90 - - [28/Dec/2022:12:53:52 -0300] "GET /cormun/servlet/trpermisosgoce HTTP/1.1" 200 15381
190.171.149.90 - - [28/Dec/2022:12:53:54 -0300] "GET /cormun/servlet/trpermisosgoce HTTP/1.1" 200 15382
190.171.149.90 - - [28/Dec/2022:12:53:57 -0300] "GET /cormun/servlet/apermisogoceprn?19894546,P,20221228123835,PU HTTP/1.1" 200 1662
186.103.157.42 - - [28/Dec/2022:12:54:10 -0300] "GET /cormun/servlet/trpermisosgoce? HTTP/1.1" 200 14589
186.103.157.42 - - [28/Dec/2022:12:54:10 -0300] "GET /cormun/servlet/trpermisosgoce? HTTP/1.1" 200 14607
186.103.157.42 - - [28/Dec/2022:12:54:12 -0300] "GET /cormun/servlet/permisogoce?INS,0,,, HTTP/1.1" 200 7272
186.103.157.42 - - [28/Dec/2022:12:54:13 -0300] "GET /cormun/servlet/permisogoce?INS,0,,, HTTP/1.1" 200 7272
190.171.153.26 - - [28/Dec/2022:12:54:23 -0300] "POST /cormun/servlet/trsolicitudot?be8016dbdc9db8828741f9a7fd028ce7,,gx-no-cache=1672241969186 HTTP/1.1" 200 6617
186.103.157.42 - - [28/Dec/2022:12:55:27 -0300] "GET /cormun/servlet/permisogoce?2d5ad3000d06c412a27ab96a9c5855185f03cbda60c9febc76b1507c774d4e16506cec0b5696fbfa0189eb419a2f375cc1a5e4af7339597211286fc55c5a7d1e,gx-no-cache=1672242083199 HTTP/1.1" 200 77
186.103.157.42 - - [28/Dec/2022:12:55:27 -0300] "GET /cormun/static/menuarrow.gif HTTP/1.1" 404 1015
186.103.157.42 - - [28/Dec/2022:12:55:45 -0300] "GET /cormun/servlet/permisogoce?2d5ad3000d06c412a27ab96a9c5855187342006543046274b013d6b9f81bcb7312b968af427e8fb2d3e8aa0c3f257c4d4559a31459f0a9f205e422b6c2e6ca20,gx-no-cache=1672242101637 HTTP/1.1" 200 48
186.103.157.42 - - [28/Dec/2022:12:56:01 -0300] "POST /cormun/servlet/permisogoce?ddfca782ce4b6c7dcb23dac50299f40e,INS,0,,,,gx-no-cache=1672242116641 HTTP/1.1" 200 93
186.103.157.42 - - [28/Dec/2022:12:56:01 -0300] "GET /cormun/servlet/hpexe_return? HTTP/1.1" 200 1010
186.103.157.42 - - [28/Dec/2022:12:56:01 -0300] "GET /cormun/servlet/trpermisosgoce HTTP/1.1" 200 14841
186.103.157.42 - - [28/Dec/2022:12:56:01 -0300] "GET /cormun/servlet/trpermisosgoce HTTP/1.1" 200 14838
186.103.157.42 - - [28/Dec/2022:12:56:05 -0300] "GET /cormun/servlet/trpermisosadjuntos?13568605,20221228123916,P, HTTP/1.1" 200 6693
186.103.157.42 - - [28/Dec/2022:12:56:05 -0300] "GET /cormun/servlet/trpermisosadjuntos?13568605,20221228123916,P, HTTP/1.1" 200 6693
186.103.157.42 - - [28/Dec/2022:12:56:07 -0300] "GET /cormun/servlet/permisosadjuntos?INS,13568605,P,20221228123916,, HTTP/1.1" 200 6023
186.103.157.42 - - [28/Dec/2022:12:56:07 -0300] "GET /cormun/static/about:blank HTTP/1.1" 404 1011
186.103.157.42 - - [28/Dec/2022:12:56:08 -0300] "GET /cormun/servlet/permisosadjuntos?INS,13568605,P,20221228123916,, HTTP/1.1" 200 6013
186.103.157.42 - - [28/Dec/2022:12:56:10 -0300] "POST /cormun/servlet/permisosadjuntos?ddfca782ce4b6c7dcb23dac50299f40e,INS,13568605,P,20221228123916,,,gx-no-cache=1672242126063 HTTP/1.1" 200 93
186.103.157.42 - - [28/Dec/2022:12:56:10 -0300] "GET /cormun/servlet/hpexe_return? HTTP/1.1" 200 1039
186.103.157.42 - - [28/Dec/2022:12:56:10 -0300] "GET /cormun/servlet/trpermisosadjuntos?13568605,20221228123916,P, HTTP/1.1" 200 7065
186.103.157.42 - - [28/Dec/2022:12:56:10 -0300] "GET /cormun/servlet/trpermisosadjuntos?13568605,20221228123916,P, HTTP/1.1" 200 7061
186.103.157.42 - - [28/Dec/2022:12:56:13 -0300] "POST /cormun/servlet/trpermisosadjuntos?ddfca782ce4b6c7dcb23dac50299f40e,13568605,20221228123916,P,,gx-no-cache=1672242129439 HTTP/1.1" 200 90
186.103.157.42 - - [28/Dec/2022:12:56:13 -0300] "GET /cormun/servlet/hpexe_link HTTP/1.1" 200 984
186.103.157.42 - - [28/Dec/2022:12:56:13 -0300] "GET /cormun/servlet/trpermisosgoce HTTP/1.1" 200 14871
186.103.157.42 - - [28/Dec/2022:12:56:14 -0300] "GET /cormun/servlet/trpermisosgoce HTTP/1.1" 200 14865
186.103.157.42 - - [28/Dec/2022:12:56:18 -0300] "GET /cormun/servlet/trpermisosadjuntos?13568605,20221228123916,P, HTTP/1.1" 200 7061
186.103.157.42 - - [28/Dec/2022:12:56:19 -0300] "GET /cormun/servlet/trpermisosadjuntos?13568605,20221228123916,P, HTTP/1.1" 200 7061
190.171.142.26 - - [28/Dec/2022:12:56:19 -0300] "GET /cormun/servlet/permisogoce?bf50eebcadfac858214d53e0f799b94a5574eb327912245e016ac6e4d580f537a33fe461b9e57a8c318f013141e31a8ff9ee5f784370eb3f805d03ba274497c1,gx-no-cache=1672242082181 HTTP/1.1" 200 85
186.103.157.42 - - [28/Dec/2022:12:56:22 -0300] "GET /cormun/servlet/permisosadjuntos?INS,13568605,P,20221228123916,, HTTP/1.1" 200 6024
186.103.157.42 - - [28/Dec/2022:12:56:22 -0300] "GET /cormun/static/about:blank HTTP/1.1" 404 1011
186.103.157.42 - - [28/Dec/2022:12:56:22 -0300] "GET /cormun/servlet/permisosadjuntos?INS,13568605,P,20221228123916,, HTTP/1.1" 200 6014
190.171.142.26 - - [28/Dec/2022:12:56:23 -0300] "GET /cormun/static/menuarrow.gif HTTP/1.1" 404 1015
190.171.142.26 - - [28/Dec/2022:12:56:30 -0300] "GET /cormun/servlet/permisogoce?bf50eebcadfac858214d53e0f799b94a2d59c9636ee7489cfdeb1fe661d8e36c1840a26239fe28fb3ed97eb0a51724c4c6a0cd71cf9a2634532937a3b63bf18d,gx-no-cache=1672242093403 HTTP/1.1" 200 48
190.171.142.26 - - [28/Dec/2022:12:56:32 -0300] "POST /cormun/servlet/permisogoce?d2e2f6769ed0e6092b35ef30f2bd8c6c,INS,0,,,,gx-no-cache=1672242094629 HTTP/1.1" 200 93
190.171.142.26 - - [28/Dec/2022:12:56:32 -0300] "GET /cormun/servlet/hpexe_return? HTTP/1.1" 200 1013
190.171.142.26 - - [28/Dec/2022:12:56:32 -0300] "GET /cormun/servlet/trpermisosgoce HTTP/1.1" 200 18324
190.171.142.26 - - [28/Dec/2022:12:56:33 -0300] "GET /cormun/servlet/trpermisosgoce HTTP/1.1" 200 18368
190.171.142.26 - - [28/Dec/2022:12:56:35 -0300] "GET /cormun/servlet/permisogoce?INS,0,,, HTTP/1.1" 200 6837
190.171.142.26 - - [28/Dec/2022:12:56:35 -0300] "GET /cormun/servlet/permisogoce?INS,0,,, HTTP/1.1" 200 6837
190.171.142.26 - - [28/Dec/2022:12:56:45 -0300] "GET /cormun/servlet/permisogoce?bf50eebcadfac858214d53e0f799b94acba3f397c84c8a0d3b1c4c7cef3ffd38a33fe461b9e57a8c318f013141e31a8ff9ee5f784370eb3f805d03ba274497c1,gx-no-cache=1672242108730 HTTP/1.1" 200 77
186.103.157.42 - - [28/Dec/2022:12:56:49 -0300] "POST /cormun/servlet/permisosadjuntos?ddfca782ce4b6c7dcb23dac50299f40e,INS,13568605,P,20221228123916,, HTTP/1.1" 200 116
186.103.157.42 - - [28/Dec/2022:12:56:49 -0300] "GET /cormun/servlet/hpexe_return? HTTP/1.1" 200 1039
186.103.157.42 - - [28/Dec/2022:12:56:49 -0300] "GET /cormun/servlet/trpermisosadjuntos?13568605,20221228123916,P, HTTP/1.1" 200 7275
186.103.157.42 - - [28/Dec/2022:12:56:49 -0300] "GET /cormun/servlet/trpermisosadjuntos?13568605,20221228123916,P, HTTP/1.1" 200 7270
190.171.142.26 - - [28/Dec/2022:12:56:49 -0300] "GET /cormun/static/menuarrow.gif HTTP/1.1" 404 1015
190.171.142.26 - - [28/Dec/2022:12:56:55 -0300] "GET /cormun/servlet/permisogoce?bf50eebcadfac858214d53e0f799b94a0e87e44c8cf71858786f7ca65896d606806dbbc5e063f19b1ebf5f4430c17cbac6a0cd71cf9a2634532937a3b63bf18d,gx-no-cache=1672242117917 HTTP/1.1" 200 48
190.171.142.26 - - [28/Dec/2022:12:56:57 -0300] "POST /cormun/servlet/permisogoce?d2e2f6769ed0e6092b35ef30f2bd8c6c,INS,0,,,,gx-no-cache=1672242120346 HTTP/1.1" 200 93
190.171.142.26 - - [28/Dec/2022:12:56:57 -0300] "GET /cormun/servlet/hpexe_return? HTTP/1.1" 200 1013
190.171.142.26 - - [28/Dec/2022:12:56:58 -0300] "GET /cormun/servlet/trpermisosgoce HTTP/1.1" 200 18375
190.171.142.26 - - [28/Dec/2022:12:56:58 -0300] "GET /cormun/servlet/trpermisosgoce HTTP/1.1" 200 18370
190.171.142.26 - - [28/Dec/2022:12:57:03 -0300] "GET /cormun/servlet/permisogoce?INS,0,,, HTTP/1.1" 200 6837
190.171.142.26 - - [28/Dec/2022:12:57:03 -0300] "GET /cormun/servlet/permisogoce?INS,0,,, HTTP/1.1" 200 6837
186.103.157.42 - - [28/Dec/2022:12:57:09 -0300] "GET /cormun/servlet/permisosadjuntos?INS,13568605,P,20221228123916,, HTTP/1.1" 200 6024
186.103.157.42 - - [28/Dec/2022:12:57:09 -0300] "GET /cormun/static/about:blank HTTP/1.1" 404 1011
186.103.157.42 - - [28/Dec/2022:12:57:09 -0300] "GET /cormun/servlet/permisosadjuntos?INS,13568605,P,20221228123916,, HTTP/1.1" 200 6013
190.171.142.26 - - [28/Dec/2022:12:57:10 -0300] "GET /cormun/servlet/permisogoce?bf50eebcadfac858214d53e0f799b94a0b28a4332c6fbda898167b8fd3a89a45a33fe461b9e57a8c318f013141e31a8ff9ee5f784370eb3f805d03ba274497c1,gx-no-cache=1672242133236 HTTP/1.1" 200 78
186.103.157.42 - - [28/Dec/2022:12:57:12 -0300] "POST /cormun/servlet/permisosadjuntos?ddfca782ce4b6c7dcb23dac50299f40e,INS,13568605,P,20221228123916,,,gx-no-cache=1672242188503 HTTP/1.1" 200 93
186.103.157.42 - - [28/Dec/2022:12:57:12 -0300] "GET /cormun/servlet/hpexe_return? HTTP/1.1" 200 1039
