186.103.157.42 - - [28/Dec/2022:12:57:12 -0300] "GET /cormun/servlet/trpermisosadjuntos?13568605,20221228123916,P, HTTP/1.1" 200 7325
186.103.157.42 - - [28/Dec/2022:12:57:13 -0300] "GET /cormun/servlet/trpermisosadjuntos?13568605,20221228123916,P, HTTP/1.1" 200 7321
190.171.142.26 - - [28/Dec/2022:12:57:16 -0300] "GET /cormun/static/menuarrow.gif HTTP/1.1" 404 1015
186.103.157.42 - - [28/Dec/2022:12:57:17 -0300] "POST /cormun/servlet/trpermisosadjuntos?ddfca782ce4b6c7dcb23dac50299f40e,13568605,20221228123916,P,,gx-no-cache=1672242193679 HTTP/1.1" 200 90
186.103.157.42 - - [28/Dec/2022:12:57:17 -0300] "GET /cormun/servlet/hpexe_link HTTP/1.1" 200 984
186.103.157.42 - - [28/Dec/2022:12:57:18 -0300] "GET /cormun/servlet/trpermisosgoce HTTP/1.1" 200 14840
186.103.157.42 - - [28/Dec/2022:12:57:18 -0300] "GET /cormun/servlet/trpermisosgoce HTTP/1.1" 200 14859
190.171.142.26 - - [28/Dec/2022:12:57:24 -0300] "GET /cormun/servlet/permisogoce?bf50eebcadfac858214d53e0f799b94a8bcffd3a45914f4fd58ea091484596d4bca0371799b6243d488ea64192a718ecdbb9cb95415a0d451b03bf0452e5c414,gx-no-cache=1672242146906 HTTP/1.1" 200 48
186.103.157.42 - - [28/Dec/2022:12:57:24 -0300] "POST /cormun/servlet/trpermisosgoce?ddfca782ce4b6c7dcb23dac50299f40e,gx-no-cache=1672242199977 HTTP/1.1" 200 12015
186.103.157.42 - - [28/Dec/2022:12:57:24 -0300] "GET /cormun/static/Shared/jqueryui/images/ui-bg_highlight-soft_100_c6c2c8_1x100.png HTTP/1.1" 404 1117
186.103.157.42 - - [28/Dec/2022:12:57:24 -0300] "GET /cormun/static/Shared/jqueryui/images/ui-icons_82798d_256x240.png HTTP/1.1" 404 1089
186.103.157.42 - - [28/Dec/2022:12:57:24 -0300] "GET /cormun/static/Shared/jqueryui/images/ui-bg_flat_55_fafafa_40x100.png HTTP/1.1" 404 1097
186.103.157.42 - - [28/Dec/2022:12:57:24 -0300] "GET /cormun/static/Shared/jqueryui/images/ui-icons_8d78a5_256x240.png HTTP/1.1" 404 1089
190.171.142.26 - - [28/Dec/2022:12:57:26 -0300] "POST /cormun/servlet/permisogoce?d2e2f6769ed0e6092b35ef30f2bd8c6c,INS,0,,,,gx-no-cache=1672242149312 HTTP/1.1" 200 93
190.171.142.26 - - [28/Dec/2022:12:57:26 -0300] "GET /cormun/servlet/hpexe_return? HTTP/1.1" 200 1013
190.171.142.26 - - [28/Dec/2022:12:57:27 -0300] "GET /cormun/servlet/trpermisosgoce HTTP/1.1" 200 18308
190.171.142.26 - - [28/Dec/2022:12:57:27 -0300] "GET /cormun/servlet/trpermisosgoce HTTP/1.1" 200 18337
190.171.142.26 - - [28/Dec/2022:12:57:35 -0300] "GET /cormun/servlet/permisogoce?INS,0,,, HTTP/1.1" 200 6838
190.171.142.26 - - [28/Dec/2022:12:57:36 -0300] "GET /cormun/servlet/permisogoce?INS,0,,, HTTP/1.1" 200 6837
190.171.142.26 - - [28/Dec/2022:12:57:44 -0300] "GET /cormun/servlet/permisogoce?bf50eebcadfac858214d53e0f799b94a3e2406e819601b6fff49be1dd7ef5929a33fe461b9e57a8c318f013141e31a8ff9ee5f784370eb3f805d03ba274497c1,gx-no-cache=1672242167421 HTTP/1.1" 200 78
190.171.142.26 - - [28/Dec/2022:12:57:55 -0300] "GET /cormun/static/menuarrow.gif HTTP/1.1" 404 1015
190.171.142.26 - - [28/Dec/2022:12:57:59 -0300] "GET /cormun/servlet/permisogoce?bf50eebcadfac858214d53e0f799b94a75a24baaacfa92116915f46e6711f553bd1e06d7d18098796831ce21cadafe29c6a0cd71cf9a2634532937a3b63bf18d,gx-no-cache=1672242182670 HTTP/1.1" 200 48
190.171.142.26 - - [28/Dec/2022:12:58:04 -0300] "POST /cormun/servlet/permisogoce?d2e2f6769ed0e6092b35ef30f2bd8c6c,INS,0,,,,gx-no-cache=1672242186480 HTTP/1.1" 200 93
190.171.142.26 - - [28/Dec/2022:12:58:04 -0300] "GET /cormun/servlet/hpexe_return? HTTP/1.1" 200 1013
190.171.142.26 - - [28/Dec/2022:12:58:04 -0300] "GET /cormun/servlet/trpermisosgoce HTTP/1.1" 200 18359
190.171.142.26 - - [28/Dec/2022:12:58:05 -0300] "GET /cormun/servlet/trpermisosgoce HTTP/1.1" 200 18483
186.103.157.42 - - [28/Dec/2022:12:58:05 -0300] "GET /cormun/servlet/permisogoce?INS,0,,, HTTP/1.1" 200 7272
186.103.157.42 - - [28/Dec/2022:12:58:05 -0300] "GET /cormun/servlet/permisogoce?INS,0,,, HTTP/1.1" 200 7272
190.171.142.26 - - [28/Dec/2022:12:58:09 -0300] "GET /cormun/servlet/permisogoce?INS,0,,, HTTP/1.1" 200 6837
190.171.142.26 - - [28/Dec/2022:12:58:09 -0300] "GET /cormun/servlet/permisogoce?INS,0,,, HTTP/1.1" 200 6836
190.171.142.26 - - [28/Dec/2022:12:58:18 -0300] "GET /cormun/servlet/permisogoce?bf50eebcadfac858214d53e0f799b94ae9db600c3745bd92abf68e5f86ee7e03a33fe461b9e57a8c318f013141e31a8ff9ee5f784370eb3f805d03ba274497c1,gx-no-cache=1672242201768 HTTP/1.1" 200 84
186.103.157.42 - - [28/Dec/2022:12:58:21 -0300] "GET /cormun/servlet/permisogoce?2d5ad3000d06c412a27ab96a9c585518e24d447f84bf317523483848ed747faf506cec0b5696fbfa0189eb419a2f375cc1a5e4af7339597211286fc55c5a7d1e,gx-no-cache=1672242257534 HTTP/1.1" 200 85
186.103.157.42 - - [28/Dec/2022:12:58:21 -0300] "GET /cormun/static/menuarrow.gif HTTP/1.1" 404 1015
190.171.142.26 - - [28/Dec/2022:12:58:24 -0300] "GET /cormun/static/menuarrow.gif HTTP/1.1" 404 1015
190.171.142.26 - - [28/Dec/2022:12:58:29 -0300] "GET /cormun/servlet/permisogoce?bf50eebcadfac858214d53e0f799b94a9b15373e38568c398e2083e285d0a018474f11af1f1f11fa4cdf92e90931f5a5c6a0cd71cf9a2634532937a3b63bf18d,gx-no-cache=1672242211960 HTTP/1.1" 200 47
190.171.142.26 - - [28/Dec/2022:12:58:31 -0300] "POST /cormun/servlet/permisogoce?d2e2f6769ed0e6092b35ef30f2bd8c6c,INS,0,,,,gx-no-cache=1672242214168 HTTP/1.1" 200 93
190.171.142.26 - - [28/Dec/2022:12:58:31 -0300] "GET /cormun/servlet/hpexe_return? HTTP/1.1" 200 1013
190.171.142.26 - - [28/Dec/2022:12:58:32 -0300] "GET /cormun/servlet/trpermisosgoce HTTP/1.1" 200 18428
186.103.157.42 - - [28/Dec/2022:12:58:32 -0300] "GET /cormun/servlet/permisogoce?2d5ad3000d06c412a27ab96a9c5855185ac65b98257af58a300e9406f781db1781737da7b71a6e5524ed573da4c73ed84559a31459f0a9f205e422b6c2e6ca20,gx-no-cache=1672242268557 HTTP/1.1" 200 129
186.103.157.42 - - [28/Dec/2022:12:58:32 -0300] "GET /cormun/static/Shared/jqueryui/images/ui-bg_highlight-soft_100_c6c2c8_1x100.png HTTP/1.1" 404 1117
186.103.157.42 - - [28/Dec/2022:12:58:32 -0300] "GET /cormun/static/Shared/jqueryui/images/ui-bg_flat_55_994d53_40x100.png HTTP/1.1" 404 1097
186.103.157.42 - - [28/Dec/2022:12:58:32 -0300] "GET /cormun/static/Shared/jqueryui/images/ui-icons_82798d_256x240.png HTTP/1.1" 404 1089
186.103.157.42 - - [28/Dec/2022:12:58:32 -0300] "GET /cormun/static/Shared/jqueryui/images/ui-icons_ebccce_256x240.png HTTP/1.1" 404 1089
190.171.142.26 - - [28/Dec/2022:12:58:32 -0300] "GET /cormun/servlet/trpermisosgoce HTTP/1.1" 200 18402
186.103.157.42 - - [28/Dec/2022:12:58:32 -0300] "POST /cormun/servlet/permisogoce?ddfca782ce4b6c7dcb23dac50299f40e,INS,0,,,,gx-no-cache=1672242268605 HTTP/1.1" 200 4760
190.171.142.26 - - [28/Dec/2022:12:58:36 -0300] "GET /cormun/servlet/permisogoce?INS,0,,, HTTP/1.1" 200 6837
190.171.142.26 - - [28/Dec/2022:12:58:36 -0300] "GET /cormun/servlet/permisogoce?INS,0,,, HTTP/1.1" 200 6837
190.171.142.26 - - [28/Dec/2022:12:58:41 -0300] "GET /cormun/servlet/permisogoce?bf50eebcadfac858214d53e0f799b94a694cdddba873bea5d904dfab70790b1aa33fe461b9e57a8c318f013141e31a8ff9ee5f784370eb3f805d03ba274497c1,gx-no-cache=1672242224533 HTTP/1.1" 200 84
186.103.157.42 - - [28/Dec/2022:12:58:43 -0300] "GET /cormun/servlet/permisogoce?2d5ad3000d06c412a27ab96a9c5855185ac65b98257af58a300e9406f781db17799e010282b5be86d2632fa584cf8b8bba0d8cfdee7ace4eac94e0d11373f937,gx-no-cache=1672242279548 HTTP/1.1" 200 48
190.171.142.26 - - [28/Dec/2022:12:58:45 -0300] "GET /cormun/static/menuarrow.gif HTTP/1.1" 404 1015
186.103.157.42 - - [28/Dec/2022:12:58:48 -0300] "POST /cormun/servlet/permisogoce?ddfca782ce4b6c7dcb23dac50299f40e,INS,0,,,,gx-no-cache=1672242284207 HTTP/1.1" 200 93
186.103.157.42 - - [28/Dec/2022:12:58:48 -0300] "GET /cormun/servlet/hpexe_return? HTTP/1.1" 200 1032
186.103.157.42 - - [28/Dec/2022:12:58:49 -0300] "GET /cormun/servlet/trpermisosgoce?gx-no-cache=1672242199977 HTTP/1.1" 200 15063
190.171.142.26 - - [28/Dec/2022:12:58:49 -0300] "GET /cormun/servlet/permisogoce?bf50eebcadfac858214d53e0f799b94a884f5c04fb9bdbe08778180a1d67ac507b26de847bcfc840f5a92b28cc6a6bb4c6a0cd71cf9a2634532937a3b63bf18d,gx-no-cache=1672242232063 HTTP/1.1" 200 47
186.103.157.42 - - [28/Dec/2022:12:58:49 -0300] "GET /cormun/servlet/trpermisosgoce?gx-no-cache=1672242199977 HTTP/1.1" 200 15112
186.103.157.42 - - [28/Dec/2022:12:58:53 -0300] "GET /cormun/servlet/trpermisosadjuntos?19263504,20221228124309,P, HTTP/1.1" 200 6718
186.103.157.42 - - [28/Dec/2022:12:58:54 -0300] "GET /cormun/servlet/trpermisosadjuntos?19263504,20221228124309,P, HTTP/1.1" 200 6696
190.171.142.26 - - [28/Dec/2022:12:58:54 -0300] "POST /cormun/servlet/permisogoce?d2e2f6769ed0e6092b35ef30f2bd8c6c,INS,0,,,,gx-no-cache=1672242236845 HTTP/1.1" 200 93
190.171.142.26 - - [28/Dec/2022:12:58:54 -0300] "GET /cormun/servlet/hpexe_return? HTTP/1.1" 200 1013
190.171.142.26 - - [28/Dec/2022:12:58:54 -0300] "GET /cormun/servlet/trpermisosgoce HTTP/1.1" 200 18447
190.171.142.26 - - [28/Dec/2022:12:58:55 -0300] "GET /cormun/servlet/trpermisosgoce HTTP/1.1" 200 18461
186.103.157.42 - - [28/Dec/2022:12:58:58 -0300] "GET /cormun/servlet/permisosadjuntos?INS,19263504,P,20221228124309,, HTTP/1.1" 200 6024
186.103.157.42 - - [28/Dec/2022:12:58:58 -0300] "GET /cormun/static/about:blank HTTP/1.1" 404 1011
186.103.157.42 - - [28/Dec/2022:12:58:58 -0300] "GET /cormun/servlet/permisosadjuntos?INS,19263504,P,20221228124309,, HTTP/1.1" 200 6013
190.171.142.26 - - [28/Dec/2022:12:58:58 -0300] "GET /cormun/servlet/permisogoce?INS,0,,, HTTP/1.1" 200 6837
190.171.142.26 - - [28/Dec/2022:12:58:58 -0300] "GET /cormun/servlet/permisogoce?INS,0,,, HTTP/1.1" 200 6837
190.171.142.26 - - [28/Dec/2022:12:59:06 -0300] "GET /cormun/servlet/permisogoce?bf50eebcadfac858214d53e0f799b94acbe91f21f42e480b66985008c6ba92a0a33fe461b9e57a8c318f013141e31a8ff9ee5f784370eb3f805d03ba274497c1,gx-no-cache=1672242249200 HTTP/1.1" 200 82
190.171.142.26 - - [28/Dec/2022:12:59:10 -0300] "GET /cormun/static/menuarrow.gif HTTP/1.1" 404 1015
190.171.142.26 - - [28/Dec/2022:12:59:14 -0300] "GET /cormun/servlet/permisogoce?bf50eebcadfac858214d53e0f799b94a35a2511cc3c2790353e681576022fdf286444829c707860e902f69e5a608b0d7c6a0cd71cf9a2634532937a3b63bf18d,gx-no-cache=1672242257385 HTTP/1.1" 200 47
186.103.157.42 - - [28/Dec/2022:12:59:16 -0300] "POST /cormun/servlet/permisosadjuntos?ddfca782ce4b6c7dcb23dac50299f40e,INS,19263504,P,20221228124309,, HTTP/1.1" 200 116
186.103.157.42 - - [28/Dec/2022:12:59:16 -0300] "GET /cormun/servlet/hpexe_return? HTTP/1.1" 200 1040
186.103.157.42 - - [28/Dec/2022:12:59:16 -0300] "GET /cormun/servlet/trpermisosadjuntos?19263504,20221228124309,P, HTTP/1.1" 200 7218
186.103.157.42 - - [28/Dec/2022:12:59:16 -0300] "GET /cormun/servlet/trpermisosadjuntos?19263504,20221228124309,P, HTTP/1.1" 200 7215
190.171.142.26 - - [28/Dec/2022:12:59:17 -0300] "POST /cormun/servlet/permisogoce?d2e2f6769ed0e6092b35ef30f2bd8c6c,INS,0,,,,gx-no-cache=1672242259775 HTTP/1.1" 200 93
190.171.142.26 - - [28/Dec/2022:12:59:17 -0300] "GET /cormun/servlet/hpexe_return? HTTP/1.1" 200 1013
190.171.142.26 - - [28/Dec/2022:12:59:17 -0300] "GET /cormun/servlet/trpermisosgoce HTTP/1.1" 200 18485
190.171.142.26 - - [28/Dec/2022:12:59:18 -0300] "GET /cormun/servlet/trpermisosgoce HTTP/1.1" 200 18383
186.103.157.42 - - [28/Dec/2022:12:59:19 -0300] "POST /cormun/servlet/trpermisosadjuntos?ddfca782ce4b6c7dcb23dac50299f40e,19263504,20221228124309,P,,gx-no-cache=1672242315735 HTTP/1.1" 200 90
186.103.157.42 - - [28/Dec/2022:12:59:19 -0300] "GET /cormun/servlet/hpexe_link HTTP/1.1" 200 1007
186.103.157.42 - - [28/Dec/2022:12:59:20 -0300] "GET /cormun/servlet/trpermisosgoce?gx-no-cache=1672242199977 HTTP/1.1" 200 15073
186.103.157.42 - - [28/Dec/2022:12:59:20 -0300] "GET /cormun/servlet/trpermisosgoce?gx-no-cache=1672242199977 HTTP/1.1" 200 15066
186.103.157.42 - - [28/Dec/2022:12:59:24 -0300] "GET /cormun/servlet/trpermisosadjuntos?19263504,20221228124309,P, HTTP/1.1" 200 7236
186.103.157.42 - - [28/Dec/2022:12:59:24 -0300] "GET /cormun/servlet/trpermisosadjuntos?19263504,20221228124309,P, HTTP/1.1" 200 7214
190.171.142.26 - - [28/Dec/2022:12:59:29 -0300] "GET /cormun/servlet/apermisogoceprn?18377764,P,20221228123818,PU HTTP/1.1" 200 1661
186.103.157.42 - - [28/Dec/2022:12:59:31 -0300] "POST /cormun/servlet/trpermisosadjuntos?ddfca782ce4b6c7dcb23dac50299f40e,19263504,20221228124309,P,,gx-no-cache=1672242327215 HTTP/1.1" 200 90
186.103.157.42 - - [28/Dec/2022:12:59:31 -0300] "GET /cormun/servlet/hpexe_link HTTP/1.1" 200 1007
186.103.157.42 - - [28/Dec/2022:12:59:31 -0300] "GET /cormun/servlet/trpermisosgoce?gx-no-cache=1672242199977 HTTP/1.1" 200 15066
186.103.157.42 - - [28/Dec/2022:12:59:32 -0300] "GET /cormun/servlet/trpermisosgoce?gx-no-cache=1672242199977 HTTP/1.1" 200 15085
186.103.157.42 - - [28/Dec/2022:12:59:36 -0300] "GET /cormun/servlet/trpermisosadjuntos?19263504,20221228124309,P, HTTP/1.1" 200 7236
186.103.157.42 - - [28/Dec/2022:12:59:37 -0300] "GET /cormun/servlet/trpermisosadjuntos?19263504,20221228124309,P, HTTP/1.1" 200 7215
186.103.157.42 - - [28/Dec/2022:12:59:40 -0300] "GET /cormun/servlet/permisosadjuntos?INS,19263504,P,20221228124309,, HTTP/1.1" 200 6022
186.103.157.42 - - [28/Dec/2022:12:59:41 -0300] "GET /cormun/static/about:blank HTTP/1.1" 404 1011
186.103.157.42 - - [28/Dec/2022:12:59:41 -0300] "GET /cormun/servlet/permisosadjuntos?INS,19263504,P,20221228124309,, HTTP/1.1" 200 6013
190.171.142.26 - - [28/Dec/2022:12:59:48 -0300] "GET /cormun/servlet/apermisogoceprn?26534905,P,20221228124139,PU HTTP/1.1" 200 1648
186.103.157.42 - - [28/Dec/2022:12:59:52 -0300] "POST /cormun/servlet/permisosadjuntos?ddfca782ce4b6c7dcb23dac50299f40e,INS,19263504,P,20221228124309,, HTTP/1.1" 200 116
186.103.157.42 - - [28/Dec/2022:12:59:52 -0300] "GET /cormun/servlet/hpexe_return? HTTP/1.1" 200 1040
186.103.157.42 - - [28/Dec/2022:12:59:52 -0300] "GET /cormun/servlet/trpermisosadjuntos?19263504,20221228124309,P, HTTP/1.1" 200 7310
186.103.157.42 - - [28/Dec/2022:12:59:52 -0300] "GET /cormun/servlet/trpermisosadjuntos?19263504,20221228124309,P, HTTP/1.1" 200 7304
186.103.157.42 - - [28/Dec/2022:12:59:55 -0300] "POST /cormun/servlet/trpermisosadjuntos?ddfca782ce4b6c7dcb23dac50299f40e,19263504,20221228124309,P,,gx-no-cache=1672242351463 HTTP/1.1" 200 90
186.103.157.42 - - [28/Dec/2022:12:59:55 -0300] "GET /cormun/servlet/hpexe_link HTTP/1.1" 200 1007
186.103.157.42 - - [28/Dec/2022:12:59:55 -0300] "GET /cormun/servlet/trpermisosgoce?gx-no-cache=1672242199977 HTTP/1.1" 200 15045
186.103.157.42 - - [28/Dec/2022:12:59:56 -0300] "GET /cormun/servlet/trpermisosgoce?gx-no-cache=1672242199977 HTTP/1.1" 200 15073
190.171.142.26 - - [28/Dec/2022:13:00:01 -0300] "GET /cormun/servlet/apermisogoceprn?11889665,P,20221228124207,PU HTTP/1.1" 200 1651
186.103.157.42 - - [28/Dec/2022:13:00:02 -0300] "POST /cormun/servlet/trpermisosgoce?ddfca782ce4b6c7dcb23dac50299f40e,gx-no-cache=1672242199977,gx-no-cache=1672242358121 HTTP/1.1" 200 12231
186.103.157.42 - - [28/Dec/2022:13:00:02 -0300] "GET /cormun/static/Shared/jqueryui/images/ui-bg_highlight-soft_100_c6c2c8_1x100.png HTTP/1.1" 404 1117
186.103.157.42 - - [28/Dec/2022:13:00:02 -0300] "GET /cormun/static/Shared/jqueryui/images/ui-icons_82798d_256x240.png HTTP/1.1" 404 1089
186.103.157.42 - - [28/Dec/2022:13:00:02 -0300] "GET /cormun/static/Shared/jqueryui/images/ui-bg_flat_55_fafafa_40x100.png HTTP/1.1" 404 1097
186.103.157.42 - - [28/Dec/2022:13:00:02 -0300] "GET /cormun/static/Shared/jqueryui/images/ui-icons_8d78a5_256x240.png HTTP/1.1" 404 1089
190.171.141.114 - - [28/Dec/2022:13:00:04 -0300] "GET /cormun/servlet/hlogin HTTP/1.1" 200 1725
190.171.141.114 - - [28/Dec/2022:13:00:04 -0300] "GET /cormun/servlet/hlogin HTTP/1.1" 200 1736
186.103.157.42 - - [28/Dec/2022:13:00:07 -0300] "GET /cormun/servlet/trautorizarpermisogoce? HTTP/1.1" 200 14744
186.103.157.42 - - [28/Dec/2022:13:00:08 -0300] "GET /cormun/servlet/trautorizarpermisogoce? HTTP/1.1" 200 14722
190.171.142.26 - - [28/Dec/2022:13:00:15 -0300] "GET /cormun/servlet/apermisogoceprn?17138688,P,20221228124239,PU HTTP/1.1" 200 1654
190.171.141.114 - - [28/Dec/2022:13:00:20 -0300] "POST /cormun/servlet/hlogin?2a4827e1032852b1bc146c61f9e36c46,gx-no-cache=1672242331073 HTTP/1.1" 200 90
190.171.141.114 - - [28/Dec/2022:13:00:20 -0300] "GET /cormun/servlet/hpexe_link HTTP/1.1" 200 950
190.171.141.114 - - [28/Dec/2022:13:00:20 -0300] "GET /cormun/servlet/hhome HTTP/1.1" 200 4305
190.171.141.114 - - [28/Dec/2022:13:00:20 -0300] "GET /cormun/servlet/hhome HTTP/1.1" 200 4301
186.103.157.42 - - [28/Dec/2022:13:00:22 -0300] "GET /cormun/servlet/trlicencias? HTTP/1.1" 200 10942
186.103.157.42 - - [28/Dec/2022:13:00:22 -0300] "GET /cormun/servlet/trlicencias? HTTP/1.1" 200 10940
190.171.141.114 - - [28/Dec/2022:13:00:34 -0300] "GET /cormun/servlet/trautorizarsolicitud? HTTP/1.1" 200 7415
190.171.141.114 - - [28/Dec/2022:13:00:34 -0300] "GET /cormun/static/gxcfg.js?201991422414522 HTTP/1.1" 200 953
190.171.141.114 - - [28/Dec/2022:13:00:34 -0300] "GET /cormun/static/trautorizarsolicitud.js?201991422415463 HTTP/1.1" 200 53910
190.171.141.114 - - [28/Dec/2022:13:00:34 -0300] "GET /cormun/servlet/trautorizarsolicitud? HTTP/1.1" 200 7413
190.171.141.114 - - [28/Dec/2022:13:00:38 -0300] "GET /cormun/static/menuarrow.gif HTTP/1.1" 404 1015
190.171.142.26 - - [28/Dec/2022:13:00:50 -0300] "GET /cormun/servlet/apermisogoceprn?26146010,P,20221228124313,PU HTTP/1.1" 200 1669
190.171.141.114 - - [28/Dec/2022:13:00:58 -0300] "POST /cormun/servlet/trautorizarsolicitud?2a4827e1032852b1bc146c61f9e36c46,,gx-no-cache=1672242369211 HTTP/1.1" 200 4550
190.171.141.114 - - [28/Dec/2022:13:01:00 -0300] "POST /cormun/servlet/trautorizarsolicitud?2a4827e1032852b1bc146c61f9e36c46,,gx-no-cache=1672242370609 HTTP/1.1" 200 4550
190.171.141.114 - - [28/Dec/2022:13:01:05 -0300] "POST /cormun/servlet/trautorizarsolicitud?2a4827e1032852b1bc146c61f9e36c46,,gx-no-cache=1672242375561 HTTP/1.1" 200 14319
190.171.141.114 - - [28/Dec/2022:13:01:05 -0300] "GET /cormun//static/Resources/PXToolsActionView.png HTTP/1.1" 200 398
190.171.141.114 - - [28/Dec/2022:13:01:05 -0300] "GET /cormun//static/Resources/PXToolsRemoveAllAction.png HTTP/1.1" 200 487
190.171.142.26 - - [28/Dec/2022:13:01:34 -0300] "GET /cormun/servlet/apermisogoceprn?13995422,P,20221228124340,PU HTTP/1.1" 200 1661
190.171.142.26 - - [28/Dec/2022:13:01:47 -0300] "GET /cormun/servlet/apermisogoceprn?11788524,P,20221228124402,PU HTTP/1.1" 200 1658
181.212.47.137 - - [28/Dec/2022:13:01:50 -0300] "GET /cormun/servlet/hlogin HTTP/1.1" 200 1727
181.212.47.137 - - [28/Dec/2022:13:01:50 -0300] "GET /cormun/servlet/hlogin HTTP/1.1" 200 1738
181.212.47.137 - - [28/Dec/2022:13:01:50 -0300] "GET /favicon.ico HTTP/1.1" 200 21630
181.212.47.137 - - [28/Dec/2022:13:01:58 -0300] "POST /cormun/servlet/hlogin?22d46bf7e593d0e842825728ac825892,gx-no-cache=1672242421864 HTTP/1.1" 200 90
181.212.47.137 - - [28/Dec/2022:13:01:58 -0300] "GET /cormun/servlet/hpexe_link HTTP/1.1" 200 954
181.212.47.137 - - [28/Dec/2022:13:01:58 -0300] "GET /cormun/static/gxcfg.js?201991422392958 HTTP/1.1" 200 953
181.212.47.137 - - [28/Dec/2022:13:01:58 -0300] "GET /cormun/static/hpexe_link.js?201991422392963 HTTP/1.1" 200 625
181.212.47.137 - - [28/Dec/2022:13:01:58 -0300] "GET /cormun/servlet/hhome HTTP/1.1" 200 3790
181.212.47.137 - - [28/Dec/2022:13:01:58 -0300] "GET /cormun/static/gxcfg.js?20201215495537 HTTP/1.1" 200 953
181.212.47.137 - - [28/Dec/2022:13:01:58 -0300] "GET /cormun/static/hhome.js?20201215495544 HTTP/1.1" 200 777
181.212.47.137 - - [28/Dec/2022:13:01:58 -0300] "GET /cormun/servlet/hhome HTTP/1.1" 200 3786
190.171.141.114 - - [28/Dec/2022:13:01:59 -0300] "GET /cormun/servlet/veautorizarsolicitud?2022,19178,, HTTP/1.1" 200 8691
190.171.141.114 - - [28/Dec/2022:13:01:59 -0300] "GET /cormun/static/gxcfg.js?201991422424023 HTTP/1.1" 200 953
190.171.141.114 - - [28/Dec/2022:13:01:59 -0300] "GET /cormun/pexe_scrolldiv.js HTTP/1.1" 404 1009
190.171.141.114 - - [28/Dec/2022:13:01:59 -0300] "GET /cormun/static/veautorizarsolicitud.js?201991422424092 HTTP/1.1" 200 6140
190.171.141.114 - - [28/Dec/2022:13:01:59 -0300] "GET /cormun/static/hpexe_tabsview.js?2020121447381 HTTP/1.1" 200 1661
190.171.141.114 - - [28/Dec/2022:13:01:59 -0300] "GET /cormun/static/hwcviewtabs.js?201991422154026 HTTP/1.1" 200 1074
190.171.141.114 - - [28/Dec/2022:13:01:59 -0300] "GET /cormun/static/Resources/PXToolsTabFirstSelected.png HTTP/1.1" 200 1270
190.171.141.114 - - [28/Dec/2022:13:01:59 -0300] "GET /cormun/static/Resources/PXToolsTabLastUnselected.png HTTP/1.1" 200 1297
190.171.141.114 - - [28/Dec/2022:13:01:59 -0300] "GET /cormun/static/tbautorizarsolicitud01.js?201991419252835 HTTP/1.1" 200 30580
190.171.141.114 - - [28/Dec/2022:13:01:59 -0300] "GET /cormun/static/Resources/PXToolsTabPrevious.gif HTTP/1.1" 200 172
190.171.141.114 - - [28/Dec/2022:13:01:59 -0300] "GET /cormun/static/Resources/PXToolsTabNext.gif HTTP/1.1" 200 168
190.171.141.114 - - [28/Dec/2022:13:02:00 -0300] "GET /cormun/static/calendar-system.css HTTP/1.1" 200 5572
190.171.141.114 - - [28/Dec/2022:13:02:00 -0300] "GET /cormun/static/Resources/PXToolsTabBackUnselected.png HTTP/1.1" 200 1175
190.171.141.114 - - [28/Dec/2022:13:02:00 -0300] "GET /cormun/static/Resources/PXToolsTabBackSelected.png HTTP/1.1" 200 1157
190.171.141.114 - - [28/Dec/2022:13:02:00 -0300] "GET /cormun/static/Resources/PXToolsTabUnselectedUnselected.png HTTP/1.1" 200 1470
190.171.141.114 - - [28/Dec/2022:13:02:00 -0300] "GET /cormun/static/Resources/PXToolsTabSelectedUnselected.png HTTP/1.1" 200 1451
190.171.141.114 - - [28/Dec/2022:13:02:00 -0300] "GET /cormun/servlet/veautorizarsolicitud?2022,19178,, HTTP/1.1" 200 8690
181.212.47.137 - - [28/Dec/2022:13:02:00 -0300] "GET /cormun/servlet/trsolicitudgral? HTTP/1.1" 200 15764
181.212.47.137 - - [28/Dec/2022:13:02:01 -0300] "GET /cormun/servlet/trsolicitudgral? HTTP/1.1" 200 15761
181.212.47.137 - - [28/Dec/2022:13:02:16 -0300] "POST /cormun/servlet/trsolicitudgral?22d46bf7e593d0e842825728ac825892,,gx-no-cache=1672242440515 HTTP/1.1" 200 6674
190.171.141.114 - - [28/Dec/2022:13:02:18 -0300] "GET /cormun/servlet/veautorizarsolicitud?2022,19178,,SolicitudOTLog HTTP/1.1" 200 10475
190.171.141.114 - - [28/Dec/2022:13:02:18 -0300] "GET /cormun/pexe_scrolldiv.js HTTP/1.1" 404 1009
190.171.141.114 - - [28/Dec/2022:13:02:18 -0300] "GET /cormun/static/tbautorizarsolicitud03.js?20201214455732 HTTP/1.1" 200 13367
190.171.141.114 - - [28/Dec/2022:13:02:18 -0300] "GET /cormun/static/Resources/PXToolsTabLastSelected.png HTTP/1.1" 200 1274
181.212.47.137 - - [28/Dec/2022:13:02:18 -0300] "GET /cormun/servlet/vesolicitudgral?2022,19367,, HTTP/1.1" 200 8355
190.171.141.114 - - [28/Dec/2022:13:02:18 -0300] "GET /cormun/static/gxui/gxui-all.css HTTP/1.1" 200 2179
181.212.47.137 - - [28/Dec/2022:13:02:18 -0300] "GET /cormun/pexe_scrolldiv.js HTTP/1.1" 404 1009
190.171.141.114 - - [28/Dec/2022:13:02:18 -0300] "GET /cormun/static/Resources/PXToolsTabUnselectedSelected.png HTTP/1.1" 200 1458
190.171.141.114 - - [28/Dec/2022:13:02:18 -0300] "GET /cormun/static/Resources/PXToolsTabFirstUnselected.png HTTP/1.1" 200 1278
190.171.141.114 - - [28/Dec/2022:13:02:18 -0300] "GET /cormun/static/Shared/ext/resources/css/ext-all.css HTTP/1.1" 200 416045
190.171.141.114 - - [28/Dec/2022:13:02:18 -0300] "GET /cormun/servlet/veautorizarsolicitud?2022,19178,,SolicitudOTLog HTTP/1.1" 200 10477
181.212.47.137 - - [28/Dec/2022:13:02:18 -0300] "GET /cormun/servlet/vesolicitudgral?2022,19367,, HTTP/1.1" 200 8355
190.171.141.114 - - [28/Dec/2022:13:02:19 -0300] "POST /cormun/servlet/acontrolpreferencessavestate?None,CJACQRG,true HTTP/1.1" 200 35
181.212.47.137 - - [28/Dec/2022:13:02:27 -0300] "POST /cormun/servlet/vesolicitudgral?22d46bf7e593d0e842825728ac825892,2022,19367,,,gx-no-cache=1672242450675 HTTP/1.1" 200 12119
181.212.47.137 - - [28/Dec/2022:13:02:27 -0300] "GET /cormun/static/Shared/jqueryui/images/ui-bg_highlight-soft_100_c6c2c8_1x100.png HTTP/1.1" 404 1117
181.212.47.137 - - [28/Dec/2022:13:02:27 -0300] "GET /cormun/static/Shared/jqueryui/images/ui-icons_82798d_256x240.png HTTP/1.1" 404 1089
181.212.47.137 - - [28/Dec/2022:13:02:27 -0300] "GET /cormun/static/Shared/jqueryui/images/ui-bg_flat_55_fafafa_40x100.png HTTP/1.1" 404 1097
181.212.47.137 - - [28/Dec/2022:13:02:27 -0300] "GET /cormun/static/Shared/jqueryui/images/ui-icons_8d78a5_256x240.png HTTP/1.1" 404 1089
181.212.47.137 - - [28/Dec/2022:13:02:27 -0300] "POST /cormun/servlet/vesolicitudgral?22d46bf7e593d0e842825728ac825892,2022,19367,,,gx-no-cache=1672242451030 HTTP/1.1" 200 12052
181.212.47.137 - - [28/Dec/2022:13:02:27 -0300] "GET /cormun//static/Resources/PXToolsTabLastUnselected.png HTTP/1.1" 200 1297
190.171.141.114 - - [28/Dec/2022:13:02:35 -0300] "GET /cormun/servlet/veautorizarsolicitud?2022,19178,,SolicitudOTAdjuntos HTTP/1.1" 200 7540
190.171.141.114 - - [28/Dec/2022:13:02:35 -0300] "GET /cormun/static/tbautorizarsolicitud02.js?201991419251923 HTTP/1.1" 200 14747
190.171.141.114 - - [28/Dec/2022:13:02:35 -0300] "GET /cormun/pexe_scrolldiv.js HTTP/1.1" 404 1009
190.171.141.114 - - [28/Dec/2022:13:02:36 -0300] "GET /cormun/servlet/veautorizarsolicitud?2022,19178,,SolicitudOTAdjuntos HTTP/1.1" 200 7540
190.171.141.114 - - [28/Dec/2022:13:02:36 -0300] "POST /cormun/servlet/acontrolpreferencessavestate?None,CJACQRG,true HTTP/1.1" 200 35
190.171.141.114 - - [28/Dec/2022:13:02:37 -0300] "GET /cormun/servlet/veautorizarsolicitud?2022,19178,,General HTTP/1.1" 200 8695
190.171.141.114 - - [28/Dec/2022:13:02:37 -0300] "GET /cormun/pexe_scrolldiv.js HTTP/1.1" 404 1009
190.171.141.114 - - [28/Dec/2022:13:02:38 -0300] "GET /cormun/servlet/veautorizarsolicitud?2022,19178,,General HTTP/1.1" 200 8695
190.171.141.114 - - [28/Dec/2022:13:03:01 -0300] "GET /cormun/servlet/veautorizarsolicitud?2022,19178,,SolicitudOTAdjuntos HTTP/1.1" 200 7540
190.171.141.114 - - [28/Dec/2022:13:03:01 -0300] "GET /cormun/servlet/veautorizarsolicitud?2022,19178,,SolicitudOTAdjuntos HTTP/1.1" 200 7540
190.171.141.114 - - [28/Dec/2022:13:03:02 -0300] "POST /cormun/servlet/acontrolpreferencessavestate?None,CJACQRG,true HTTP/1.1" 200 35
181.212.47.137 - - [28/Dec/2022:13:03:16 -0300] "GET /cormun/servlet/trautorizarot? HTTP/1.1" 200 9573
181.212.47.137 - - [28/Dec/2022:13:03:16 -0300] "GET /cormun/static/gxui/gxui-all.css?120300 HTTP/1.1" 200 2179
181.212.47.137 - - [28/Dec/2022:13:03:16 -0300] "GET /cormun/static/calendar-system.css?85620 HTTP/1.1" 200 5572
181.212.47.137 - - [28/Dec/2022:13:03:16 -0300] "GET /cormun/static/gxcfg.js?202012169508 HTTP/1.1" 200 953
181.212.47.137 - - [28/Dec/2022:13:03:16 -0300] "GET /cormun/static/trautorizarot.js?2020121695965 HTTP/1.1" 200 53844
181.212.47.137 - - [28/Dec/2022:13:03:16 -0300] "GET /cormun/static/Shared/ext/resources/css/ext-all.css?215870 HTTP/1.1" 200 416045
181.212.47.137 - - [28/Dec/2022:13:03:16 -0300] "GET /cormun//static/Resources/PXToolsDataSearchRemember.gif HTTP/1.1" 200 1153
181.212.47.137 - - [28/Dec/2022:13:03:16 -0300] "GET /cormun/servlet/trautorizarot? HTTP/1.1" 200 9568
190.171.141.114 - - [28/Dec/2022:13:03:18 -0300] "GET /cormun/servlet/veautorizarsolicitud?2022,19178,,SolicitudOTLog HTTP/1.1" 200 10475
190.171.141.114 - - [28/Dec/2022:13:03:18 -0300] "GET /cormun/servlet/veautorizarsolicitud?2022,19178,,SolicitudOTLog HTTP/1.1" 200 10477
190.171.141.114 - - [28/Dec/2022:13:03:19 -0300] "POST /cormun/servlet/acontrolpreferencessavestate?None,CJACQRG,true HTTP/1.1" 200 35
190.171.141.114 - - [28/Dec/2022:13:03:20 -0300] "GET /cormun/servlet/veautorizarsolicitud?2022,19178,, HTTP/1.1" 200 8691
181.212.47.137 - - [28/Dec/2022:13:03:20 -0300] "POST /cormun/servlet/trautorizarot?22d46bf7e593d0e842825728ac825892,,gx-no-cache=1672242503868 HTTP/1.1" 200 5359
190.171.141.114 - - [28/Dec/2022:13:03:20 -0300] "GET /cormun/servlet/veautorizarsolicitud?2022,19178,, HTTP/1.1" 200 8690
190.171.141.114 - - [28/Dec/2022:13:03:21 -0300] "GET /cormun/servlet/trautorizarsolicitud? HTTP/1.1" 200 16973
190.171.141.114 - - [28/Dec/2022:13:03:22 -0300] "GET /cormun/servlet/trautorizarsolicitud? HTTP/1.1" 200 16971
190.171.141.114 - - [28/Dec/2022:13:03:38 -0300] "GET /cormun/servlet/veautorizarsolicitud?2022,19186,, HTTP/1.1" 200 8709
190.171.141.114 - - [28/Dec/2022:13:03:38 -0300] "GET /cormun/pexe_scrolldiv.js HTTP/1.1" 404 1009
190.171.141.114 - - [28/Dec/2022:13:03:38 -0300] "GET /cormun/servlet/veautorizarsolicitud?2022,19186,, HTTP/1.1" 200 8708
190.171.149.90 - - [28/Dec/2022:13:04:45 -0300] "GET /cormun/servlet/trpermisosgoce? HTTP/1.1" 200 15401
190.171.149.90 - - [28/Dec/2022:13:04:46 -0300] "GET /cormun/servlet/trpermisosgoce? HTTP/1.1" 200 15372
190.171.149.90 - - [28/Dec/2022:13:04:50 -0300] "GET /cormun/servlet/trlicencias? HTTP/1.1" 200 10225
190.171.149.90 - - [28/Dec/2022:13:04:51 -0300] "GET /cormun/servlet/trlicencias? HTTP/1.1" 200 10224
190.171.141.114 - - [28/Dec/2022:13:05:23 -0300] "GET /cormun/servlet/hlogin HTTP/1.1" 200 1725
190.171.141.114 - - [28/Dec/2022:13:05:32 -0300] "POST /cormun/servlet/hlogin?2a4827e1032852b1bc146c61f9e36c46,gx-no-cache=1672242643039 HTTP/1.1" 200 90
190.171.141.114 - - [28/Dec/2022:13:05:32 -0300] "GET /cormun/servlet/hpexe_link HTTP/1.1" 200 950
190.171.141.114 - - [28/Dec/2022:13:05:32 -0300] "GET /cormun/servlet/hhome HTTP/1.1" 200 4002
190.171.141.114 - - [28/Dec/2022:13:05:32 -0300] "GET /cormun/servlet/hhome HTTP/1.1" 200 3998
190.171.142.42 - - [28/Dec/2022:13:07:14 -0300] "GET /cormun/servlet/hlogin HTTP/1.1" 200 1727
190.171.142.42 - - [28/Dec/2022:13:07:14 -0300] "GET /cormun/servlet/hlogin HTTP/1.1" 200 1738
190.171.142.42 - - [28/Dec/2022:13:07:26 -0300] "POST /cormun/servlet/hlogin?c6dff0b5e10248c36c6d609810c9eb91,gx-no-cache=1672242747636 HTTP/1.1" 200 90
190.171.142.42 - - [28/Dec/2022:13:07:26 -0300] "GET /cormun/servlet/hpexe_link HTTP/1.1" 200 955
190.171.142.42 - - [28/Dec/2022:13:07:26 -0300] "GET /cormun/servlet/hhome HTTP/1.1" 200 4201
190.171.142.42 - - [28/Dec/2022:13:07:26 -0300] "GET /cormun/servlet/hhome HTTP/1.1" 200 4199
190.171.142.42 - - [28/Dec/2022:13:07:29 -0300] "GET /cormun/servlet/trpermisosgoce? HTTP/1.1" 200 18574
190.171.142.42 - - [28/Dec/2022:13:07:30 -0300] "GET /cormun/servlet/trpermisosgoce? HTTP/1.1" 200 18556
190.171.142.42 - - [28/Dec/2022:13:07:32 -0300] "GET /cormun/servlet/permisogoce?INS,0,,, HTTP/1.1" 200 7066
190.171.142.42 - - [28/Dec/2022:13:07:32 -0300] "GET /cormun/servlet/permisogoce?INS,0,,, HTTP/1.1" 200 7066
190.171.142.42 - - [28/Dec/2022:13:07:44 -0300] "POST /cormun/servlet/permisogoce?c6dff0b5e10248c36c6d609810c9eb91,INS,0,,,,gx-no-cache=1672242765606 HTTP/1.1" 200 4760
190.171.142.42 - - [28/Dec/2022:13:07:44 -0300] "GET /cormun/static/Shared/jqueryui/images/ui-bg_highlight-soft_100_c6c2c8_1x100.png HTTP/1.1" 404 1117
190.171.142.42 - - [28/Dec/2022:13:07:44 -0300] "GET /cormun/static/Shared/jqueryui/images/ui-icons_82798d_256x240.png HTTP/1.1" 404 1089
190.171.142.42 - - [28/Dec/2022:13:07:44 -0300] "GET /cormun/static/Shared/jqueryui/images/ui-bg_flat_55_994d53_40x100.png HTTP/1.1" 404 1097
190.171.142.42 - - [28/Dec/2022:13:07:44 -0300] "GET /cormun/static/Shared/jqueryui/images/ui-icons_ebccce_256x240.png HTTP/1.1" 404 1089
190.171.143.106 - - [28/Dec/2022:13:08:37 -0300] "GET /cormun/servlet/trsolicitudot? HTTP/1.1" 200 6321
190.171.143.106 - - [28/Dec/2022:13:08:38 -0300] "GET /cormun/servlet/hlogin HTTP/1.1" 200 1739
190.171.143.106 - - [28/Dec/2022:13:08:38 -0300] "GET /cormun/servlet/trsolicitudot? HTTP/1.1" 200 6318
190.171.143.106 - - [28/Dec/2022:13:08:41 -0300] "POST /cormun/servlet/hlogin?2f44f14aa78c3be7450a774189a32a34,gx-no-cache=1672242910131 HTTP/1.1" 200 90
190.171.143.106 - - [28/Dec/2022:13:08:41 -0300] "GET /cormun/servlet/hpexe_link HTTP/1.1" 200 955
190.171.143.106 - - [28/Dec/2022:13:08:41 -0300] "GET /cormun/servlet/trsolicitudot HTTP/1.1" 200 7010
190.171.143.106 - - [28/Dec/2022:13:08:41 -0300] "GET /cormun/servlet/trsolicitudot HTTP/1.1" 200 7010
190.171.143.106 - - [28/Dec/2022:13:08:44 -0300] "GET /cormun/servlet/solicitudot?INS,0,0,false, HTTP/1.1" 200 15765
190.171.143.106 - - [28/Dec/2022:13:08:44 -0300] "GET /cormun/servlet/solicitudot?INS,0,0,false, HTTP/1.1" 200 15773
190.171.143.106 - - [28/Dec/2022:13:08:52 -0300] "POST /cormun/servlet/solicitudot?gx-no-cache=1672242921061 HTTP/1.1" 200 3900
190.171.143.106 - - [28/Dec/2022:13:08:52 -0300] "POST /cormun/servlet/solicitudot?2f44f14aa78c3be7450a774189a32a34,INS,0,0,false,,gx-no-cache=1672242921190 HTTP/1.1" 200 12453
190.171.143.106 - - [28/Dec/2022:13:08:55 -0300] "GET /cormun/servlet/solicitudot?796c9c73713d02617d37f7816afa83a2a7b3e09724df8242c36d94feac2326c609245c4f6adfb32440e88b53632a5228,gx-no-cache=1672242924419 HTTP/1.1" 200 111
190.171.143.106 - - [28/Dec/2022:13:08:55 -0300] "GET /cormun/static/Shared/jqueryui/images/ui-bg_highlight-soft_100_c6c2c8_1x100.png HTTP/1.1" 404 1117
190.171.143.106 - - [28/Dec/2022:13:08:55 -0300] "GET /cormun/static/Shared/jqueryui/images/ui-icons_82798d_256x240.png HTTP/1.1" 404 1089
190.171.143.106 - - [28/Dec/2022:13:08:55 -0300] "GET /cormun/static/Shared/jqueryui/images/ui-icons_ebccce_256x240.png HTTP/1.1" 404 1089
190.171.143.106 - - [28/Dec/2022:13:08:55 -0300] "GET /cormun/static/Shared/jqueryui/images/ui-bg_flat_55_994d53_40x100.png HTTP/1.1" 404 1097
190.171.143.106 - - [28/Dec/2022:13:08:58 -0300] "GET /cormun/servlet/solicitudot?796c9c73713d02617d37f7816afa83a2a56c2d92c281974a58c40fd70ea4839edfbe733751353aa77af4d874a33e867c,gx-no-cache=1672242927055 HTTP/1.1" 200 30
190.171.142.42 - - [28/Dec/2022:13:09:05 -0300] "POST /cormun/servlet/permisogoce?c6dff0b5e10248c36c6d609810c9eb91,INS,0,,,,gx-no-cache=1672242847069 HTTP/1.1" 200 4764
190.171.142.42 - - [28/Dec/2022:13:09:08 -0300] "GET /cormun/servlet/permisogoce?98ea0537412e50dd3cb4ddb711a7856c32c45ceb9ee1e4c0d82cee9eae21e7a36398790e335fbde60b34326049511c3623720b0502e92a955fd541f71be82b0fa730128881d5f55ad20c02970b897510b269b7fbe5706abc8a678c70b8738f13b5780cd54c21813c263d9fbc00fa5d5ab269b7fbe5706abc8a678c70b8738f1323720b0502e92a955fd541f71be82b0fe1cc395ad0008884e574ccfdca26f75a7fa84824a8786d00d28812aa30cbdd9a0f775bca1051e786a6100363ad9ee0841076e99f74d107b64f94e8f3d397ad05,gx-no-cache=1672242849308 HTTP/1.1" 200 85
190.171.142.42 - - [28/Dec/2022:13:09:08 -0300] "GET /cormun/static/menuarrow.gif HTTP/1.1" 404 1015
190.171.142.42 - - [28/Dec/2022:13:09:13 -0300] "GET /cormun/servlet/permisogoce?98ea0537412e50dd3cb4ddb711a7856cbf9ef6dd12e1b87802802d45fe4d03e586352abafe9cd087b80292bca57d1f27a009a26373c581847acc33ead83ea29a,gx-no-cache=1672242854658 HTTP/1.1" 200 48
190.171.143.106 - - [28/Dec/2022:13:09:14 -0300] "GET /cormun/servlet/solicitudot?796c9c73713d02617d37f7816afa83a27866cde22ae9be4f73de2afaa80a7c9d6c500069aed143b6011c64b0e4a51981f31724bfb8a103f43d462d7529c1ed2b,gx-no-cache=1672242943697 HTTP/1.1" 200 30
190.171.142.42 - - [28/Dec/2022:13:09:15 -0300] "POST /cormun/servlet/permisogoce?c6dff0b5e10248c36c6d609810c9eb91,INS,0,,,,gx-no-cache=1672242856685 HTTP/1.1" 200 93
190.171.142.42 - - [28/Dec/2022:13:09:15 -0300] "GET /cormun/servlet/hpexe_return? HTTP/1.1" 200 1013
190.171.142.42 - - [28/Dec/2022:13:09:16 -0300] "GET /cormun/servlet/trpermisosgoce HTTP/1.1" 200 18614
190.171.142.42 - - [28/Dec/2022:13:09:16 -0300] "GET /cormun/servlet/trpermisosgoce HTTP/1.1" 200 18589
190.171.143.106 - - [28/Dec/2022:13:09:17 -0300] "GET /cormun/servlet/solicitudot?796c9c73713d02617d37f7816afa83a251786c4a9714aa62be76a856a492645c,gx-no-cache=1672242946661 HTTP/1.1" 200 53
190.171.142.42 - - [28/Dec/2022:13:09:20 -0300] "GET /cormun/servlet/permisogoce?INS,0,,, HTTP/1.1" 200 7066
190.171.142.42 - - [28/Dec/2022:13:09:21 -0300] "GET /cormun/servlet/permisogoce?INS,0,,, HTTP/1.1" 200 7066
200.54.107.2 - - [28/Dec/2022:13:09:21 -0300] "GET /cormun/servlet/hlogin HTTP/1.1" 200 1729
200.54.107.2 - - [28/Dec/2022:13:09:22 -0300] "GET /cormun/servlet/hlogin HTTP/1.1" 200 1739
190.171.143.106 - - [28/Dec/2022:13:09:23 -0300] "POST /cormun/servlet/solicitudot?gx-no-cache=1672242952074 HTTP/1.1" 200 240
190.171.143.106 - - [28/Dec/2022:13:09:24 -0300] "GET /cormun/servlet/solicitudot?796c9c73713d02617d37f7816afa83a2d4db2031b1f71edf0c31cb8ba51cef2fda31602c564aa960d370a465d4a87c7bb103e88e5e7c33327685d16236791705161e979c00e68c90096a631a7d8470aa5e1f4606db34f7c35ce1bff3ede9899306b4ff002f6d676490035d2071d6542ab2fa1dd653c0c15d6967465ef73b3afd3c9d24810cc9af6b8af25223fdec6a8cbb9acafaa75770ac8967014732dd6faedd80a36e4b1d00452aa7bddefc85cb9f3fe1f3cc476f5c6ecbb05fddb1e0bf491380588cdf89210aaa2af51b5aae5c74fa45838f3df7f36feaa257220931874cb81ee581a2d74c06a6d6da4831792da5417efc4d89f2ed65a73e5922e8e6ce8ac13c7bd134942e01f5c45c61335b512fa29cbe7edca02eab803a027c040783e2abb2f31ae91d8eb19a54e0d20a2fa0f697ad9945349489de93fd108a2ca2d95123e6ef38d4534de1bee0bdcc46b3b58e8d758ca653daf055bbbb4b6296f3b18eb9c6ca161dc5b9e8a10035e91bc89692a39e2a0ef7230e22dda784b7bae0b47c,gx-no-cache=1672242953086 HTTP/1.1" 200 30
200.54.107.2 - - [28/Dec/2022:13:09:25 -0300] "POST /cormun/servlet/hlogin?649be1d72646ef42e24a94688247adad,gx-no-cache=1672242868231 HTTP/1.1" 200 90
200.54.107.2 - - [28/Dec/2022:13:09:25 -0300] "GET /cormun/servlet/hpexe_link HTTP/1.1" 200 954
200.54.107.2 - - [28/Dec/2022:13:09:25 -0300] "GET /cormun/servlet/hhome HTTP/1.1" 200 4353
200.54.107.2 - - [28/Dec/2022:13:09:26 -0300] "GET /cormun/servlet/hhome HTTP/1.1" 200 4349
190.171.143.106 - - [28/Dec/2022:13:09:26 -0300] "POST /cormun/servlet/solicitudot?gx-no-cache=1672242955706 HTTP/1.1" 200 30
190.171.142.42 - - [28/Dec/2022:13:09:29 -0300] "POST /cormun/servlet/permisogoce?c6dff0b5e10248c36c6d609810c9eb91,INS,0,,,,gx-no-cache=1672242870532 HTTP/1.1" 200 4761
190.171.142.42 - - [28/Dec/2022:13:09:29 -0300] "GET /cormun/static/Shared/jqueryui/images/ui-icons_82798d_256x240.png HTTP/1.1" 404 1089
190.171.142.42 - - [28/Dec/2022:13:09:29 -0300] "GET /cormun/static/Shared/jqueryui/images/ui-bg_highlight-soft_100_c6c2c8_1x100.png HTTP/1.1" 404 1117
190.171.142.42 - - [28/Dec/2022:13:09:29 -0300] "GET /cormun/static/Shared/jqueryui/images/ui-bg_flat_55_994d53_40x100.png HTTP/1.1" 404 1097
190.171.142.42 - - [28/Dec/2022:13:09:29 -0300] "GET /cormun/static/Shared/jqueryui/images/ui-icons_ebccce_256x240.png HTTP/1.1" 404 1089
190.171.143.106 - - [28/Dec/2022:13:09:32 -0300] "POST /cormun/servlet/solicitudot?gx-no-cache=1672242961451 HTTP/1.1" 200 1470
190.171.143.106 - - [28/Dec/2022:13:09:32 -0300] "GET /cormun/static/menuarrow.gif HTTP/1.1" 404 1015
190.171.142.42 - - [28/Dec/2022:13:09:33 -0300] "GET /cormun/servlet/permisogoce?98ea0537412e50dd3cb4ddb711a7856c2cf36e55c3e4a500d7d891ecaba865aa237c92b346df89ec6dfd4ec8d1b7a703a730128881d5f55ad20c02970b897510b269b7fbe5706abc8a678c70b8738f1323720b0502e92a955fd541f71be82b0fb130312d182739532ea3f63c52700cefa730128881d5f55ad20c02970b897510b269b7fbe5706abc8a678c70b8738f1323720b0502e92a955fd541f71be82b0f1f30ffcf24143093ffd4a20f9bc229f269cecaae97c38f372be859db81d8c5a75e1acc589dc03d4202c2f76aa0a25b0409eaf2d8b71851a4abc972ee154aa4b4,gx-no-cache=1672242874325 HTTP/1.1" 200 81
190.171.142.42 - - [28/Dec/2022:13:09:33 -0300] "GET /cormun/static/menuarrow.gif HTTP/1.1" 404 1015
200.54.107.2 - - [28/Dec/2022:13:09:33 -0300] "GET /cormun/servlet/trpermisosgoce? HTTP/1.1" 200 8303
200.54.107.2 - - [28/Dec/2022:13:09:33 -0300] "GET /cormun/servlet/trpermisosgoce? HTTP/1.1" 200 8299
190.171.143.106 - - [28/Dec/2022:13:09:36 -0300] "POST /cormun/servlet/solicitudot?gx-no-cache=1672242965758 HTTP/1.1" 200 41
190.171.142.42 - - [28/Dec/2022:13:09:39 -0300] "GET /cormun/servlet/permisogoce?98ea0537412e50dd3cb4ddb711a7856ce504b77e482a651101e83606c550c3fb63f1194102a513cd3ea71e75ce9cd6bb77bd82e4ef56aac9d9b259d6fcaeda41,gx-no-cache=1672242881046 HTTP/1.1" 200 48
190.171.142.42 - - [28/Dec/2022:13:09:42 -0300] "POST /cormun/servlet/permisogoce?c6dff0b5e10248c36c6d609810c9eb91,INS,0,,,,gx-no-cache=1672242883706 HTTP/1.1" 200 93
190.171.142.42 - - [28/Dec/2022:13:09:42 -0300] "GET /cormun/servlet/hpexe_return? HTTP/1.1" 200 1013
190.171.142.42 - - [28/Dec/2022:13:09:43 -0300] "GET /cormun/servlet/trpermisosgoce HTTP/1.1" 200 18569
190.171.142.42 - - [28/Dec/2022:13:09:43 -0300] "GET /cormun/servlet/trpermisosgoce HTTP/1.1" 200 18574
190.171.143.106 - - [28/Dec/2022:13:09:44 -0300] "GET /cormun/servlet/solicitudot?796c9c73713d02617d37f7816afa83a22d547d29c9edd270ebdcd3c4633feba33c9107d6324d573bc2f97969da30ff1761aececf6c371b840bd84796fcc3606d00ba3c4200662d7351db9e1a100597d66092847a52bacd532cc0cf66ac91c297302abdd03c5d4580a4effa32d217fd05,gx-no-cache=1672242973631 HTTP/1.1" 200 110
190.171.143.106 - - [28/Dec/2022:13:09:46 -0300] "POST /cormun/servlet/solicitudot?gx-no-cache=1672242975547 HTTP/1.1" 200 83
190.171.142.42 - - [28/Dec/2022:13:09:49 -0300] "GET /cormun/servlet/permisogoce?INS,0,,, HTTP/1.1" 200 7066
190.171.142.42 - - [28/Dec/2022:13:09:49 -0300] "GET /cormun/servlet/permisogoce?INS,0,,, HTTP/1.1" 200 7066
190.171.143.106 - - [28/Dec/2022:13:09:52 -0300] "GET /cormun/servlet/solicitudot?796c9c73713d02617d37f7816afa83a285b301e1440bb21de0dc587779d1afc59bf520dfe9646cf024f2c3c6dda82c204f2f987acb48a78f82f7a6eaa11520a352ce2d26f808046bde78eaff17476ad4b6eb7bee4f2f43dc75deb53c5d4cd3937dd9cede81a0b412bdf2606e83e7951e,gx-no-cache=1672242981106 HTTP/1.1" 200 29
200.54.107.2 - - [28/Dec/2022:13:09:52 -0300] "POST /cormun/servlet/trpermisosgoce?649be1d72646ef42e24a94688247adad,,gx-no-cache=1672242895261 HTTP/1.1" 200 16294
190.171.143.106 - - [28/Dec/2022:13:09:54 -0300] "GET /cormun/servlet/solicitudot?796c9c73713d02617d37f7816afa83a2079cf4ae4d3bdb0c01059fc4d6f6623d2860f552d802a204dd44684c3c5c394b,gx-no-cache=1672242983121 HTTP/1.1" 200 30
190.171.143.106 - - [28/Dec/2022:13:09:54 -0300] "POST /cormun/servlet/solicitudot?gx-no-cache=1672242983153 HTTP/1.1" 200 34
190.171.142.42 - - [28/Dec/2022:13:09:58 -0300] "POST /cormun/servlet/permisogoce?c6dff0b5e10248c36c6d609810c9eb91,INS,0,,,,gx-no-cache=1672242899172 HTTP/1.1" 200 4766
190.171.142.42 - - [28/Dec/2022:13:09:58 -0300] "GET /cormun/static/Shared/jqueryui/images/ui-bg_highlight-soft_100_c6c2c8_1x100.png HTTP/1.1" 404 1117
190.171.142.42 - - [28/Dec/2022:13:09:58 -0300] "GET /cormun/static/Shared/jqueryui/images/ui-bg_flat_55_994d53_40x100.png HTTP/1.1" 404 1097
190.171.142.42 - - [28/Dec/2022:13:09:58 -0300] "GET /cormun/static/Shared/jqueryui/images/ui-icons_ebccce_256x240.png HTTP/1.1" 404 1089
190.171.142.42 - - [28/Dec/2022:13:09:58 -0300] "GET /cormun/static/Shared/jqueryui/images/ui-icons_82798d_256x240.png HTTP/1.1" 404 1089
190.171.142.42 - - [28/Dec/2022:13:10:01 -0300] "GET /cormun/servlet/permisogoce?98ea0537412e50dd3cb4ddb711a7856cadf2a5507d9036de3170112f673f4ce7cc9e8c58e3d65cb84031a611d75aa813b269b7fbe5706abc8a678c70b8738f1323720b0502e92a955fd541f71be82b0fa730128881d5f55ad20c02970b897510cbd0640667b1dd4b722d039834f4680db269b7fbe5706abc8a678c70b8738f1323720b0502e92a955fd541f71be82b0fa730128881d5f55ad20c02970b8975107f171598d126b614f7e8771de323d6841c3caf1291a7044453ecb4c0c27bc5519ad7d25de042b2003bfd1ddd177a27c1a8abc85d612ecda35d8cb1f9a6409917,gx-no-cache=1672242903023 HTTP/1.1" 200 85
190.171.142.42 - - [28/Dec/2022:13:10:01 -0300] "GET /cormun/static/menuarrow.gif HTTP/1.1" 404 1015
190.171.142.42 - - [28/Dec/2022:13:10:07 -0300] "GET /cormun/servlet/permisogoce?98ea0537412e50dd3cb4ddb711a7856c37e162f9518b4dd1d63d24faa4f96e79bdac5ec191a7409139d0ec8d67ba85c04e69a4f99438f3589861d40796164c69,gx-no-cache=1672242908807 HTTP/1.1" 200 48
190.171.142.42 - - [28/Dec/2022:13:10:10 -0300] "POST /cormun/servlet/permisogoce?c6dff0b5e10248c36c6d609810c9eb91,INS,0,,,,gx-no-cache=1672242911065 HTTP/1.1" 200 93
190.171.142.42 - - [28/Dec/2022:13:10:10 -0300] "GET /cormun/servlet/hpexe_return? HTTP/1.1" 200 1013
190.171.142.42 - - [28/Dec/2022:13:10:10 -0300] "GET /cormun/servlet/trpermisosgoce HTTP/1.1" 200 18511
190.171.142.42 - - [28/Dec/2022:13:10:11 -0300] "GET /cormun/servlet/trpermisosgoce HTTP/1.1" 200 18518
190.171.142.42 - - [28/Dec/2022:13:10:14 -0300] "GET /cormun/servlet/permisogoce?INS,0,,, HTTP/1.1" 200 7067
190.171.142.42 - - [28/Dec/2022:13:10:14 -0300] "GET /cormun/servlet/permisogoce?INS,0,,, HTTP/1.1" 200 7067
190.171.142.42 - - [28/Dec/2022:13:10:24 -0300] "POST /cormun/servlet/permisogoce?c6dff0b5e10248c36c6d609810c9eb91,INS,0,,,,gx-no-cache=1672242925901 HTTP/1.1" 200 4760
190.171.142.42 - - [28/Dec/2022:13:10:24 -0300] "GET /cormun/static/Shared/jqueryui/images/ui-bg_highlight-soft_100_c6c2c8_1x100.png HTTP/1.1" 404 1117
190.171.142.42 - - [28/Dec/2022:13:10:24 -0300] "GET /cormun/static/Shared/jqueryui/images/ui-bg_flat_55_994d53_40x100.png HTTP/1.1" 404 1097
190.171.142.42 - - [28/Dec/2022:13:10:24 -0300] "GET /cormun/static/Shared/jqueryui/images/ui-icons_82798d_256x240.png HTTP/1.1" 404 1089
190.171.142.42 - - [28/Dec/2022:13:10:24 -0300] "GET /cormun/static/Shared/jqueryui/images/ui-icons_ebccce_256x240.png HTTP/1.1" 404 1089
190.171.142.42 - - [28/Dec/2022:13:10:27 -0300] "GET /cormun/servlet/permisogoce?98ea0537412e50dd3cb4ddb711a7856c6ab060ba2e66fe26964690e48739b02fc806e430d2a8174270d8f6c5a64176bdb269b7fbe5706abc8a678c70b8738f1323720b0502e92a955fd541f71be82b0fa730128881d5f55ad20c02970b89751024e1eebfad3e2ae2edd4c67a07884772b269b7fbe5706abc8a678c70b8738f1323720b0502e92a955fd541f71be82b0fa730128881d5f55ad20c02970b8975107da766b3b4dfd2afd203c7f2abd4d21b045bb7713829ed4e639893b7b974e60845a6797d0c1a5e41bcf8fb4bceb6bf93da1aa3c71c26c5aae5a0ac3ea96c55a5,gx-no-cache=1672242928835 HTTP/1.1" 200 82
190.171.142.42 - - [28/Dec/2022:13:10:27 -0300] "GET /cormun/static/menuarrow.gif HTTP/1.1" 404 1015
190.171.142.42 - - [28/Dec/2022:13:10:32 -0300] "GET /cormun/servlet/permisogoce?98ea0537412e50dd3cb4ddb711a7856c0f1c61b848c6f780fe97045c32bed84b6ff53516211b35baa7d9e661c3f641bd96dfb36d8813743ef0464b05642977a0,gx-no-cache=1672242933821 HTTP/1.1" 200 48
190.171.142.42 - - [28/Dec/2022:13:10:35 -0300] "POST /cormun/servlet/permisogoce?c6dff0b5e10248c36c6d609810c9eb91,INS,0,,,,gx-no-cache=1672242936037 HTTP/1.1" 200 93
190.171.142.42 - - [28/Dec/2022:13:10:35 -0300] "GET /cormun/servlet/hpexe_return? HTTP/1.1" 200 1013
190.171.142.42 - - [28/Dec/2022:13:10:35 -0300] "GET /cormun/servlet/trpermisosgoce HTTP/1.1" 200 18434
190.171.142.42 - - [28/Dec/2022:13:10:36 -0300] "GET /cormun/servlet/trpermisosgoce HTTP/1.1" 200 18436
190.171.142.42 - - [28/Dec/2022:13:10:45 -0300] "GET /cormun/servlet/permisogoce?INS,0,,, HTTP/1.1" 200 7066
190.171.142.42 - - [28/Dec/2022:13:10:45 -0300] "GET /cormun/servlet/permisogoce?INS,0,,, HTTP/1.1" 200 7066
190.171.142.42 - - [28/Dec/2022:13:10:52 -0300] "POST /cormun/servlet/permisogoce?c6dff0b5e10248c36c6d609810c9eb91,INS,0,,,,gx-no-cache=1672242953260 HTTP/1.1" 200 4752
190.171.142.42 - - [28/Dec/2022:13:10:52 -0300] "GET /cormun/static/Shared/jqueryui/images/ui-bg_highlight-soft_100_c6c2c8_1x100.png HTTP/1.1" 404 1117
190.171.142.42 - - [28/Dec/2022:13:10:52 -0300] "GET /cormun/static/Shared/jqueryui/images/ui-icons_ebccce_256x240.png HTTP/1.1" 404 1089
190.171.142.42 - - [28/Dec/2022:13:10:52 -0300] "GET /cormun/static/Shared/jqueryui/images/ui-icons_82798d_256x240.png HTTP/1.1" 404 1089
190.171.142.42 - - [28/Dec/2022:13:10:52 -0300] "GET /cormun/static/Shared/jqueryui/images/ui-bg_flat_55_994d53_40x100.png HTTP/1.1" 404 1097
190.171.142.42 - - [28/Dec/2022:13:10:55 -0300] "GET /cormun/servlet/permisogoce?98ea0537412e50dd3cb4ddb711a7856ce18ad2495c76a5dec4cddede1c6b49b8be1d25567f1ff53b95dfd261efe51844a730128881d5f55ad20c02970b897510b269b7fbe5706abc8a678c70b8738f1323720b0502e92a955fd541f71be82b0f8c43c8ffe67f0c7e3c400931f62a9072b269b7fbe5706abc8a678c70b8738f1323720b0502e92a955fd541f71be82b0fa730128881d5f55ad20c02970b8975105bc72ffb9288ab7b4d6494fea74d5d13cf7eabea688657e896539a8c9200b44ee255aa8e9d6e24cad34a6d2e904c329f2cff9c69202ea7320a5f3873317bc885,gx-no-cache=1672242956236 HTTP/1.1" 200 75
190.171.142.42 - - [28/Dec/2022:13:10:55 -0300] "GET /cormun/static/menuarrow.gif HTTP/1.1" 404 1015
190.171.142.42 - - [28/Dec/2022:13:10:59 -0300] "GET /cormun/servlet/permisogoce?98ea0537412e50dd3cb4ddb711a7856c0316a37119ba04588e90b1243b1443e8b322050120be9affdd12a04625a55b8f4d7f64e5b182d054f8d4ac6b9d869d0d,gx-no-cache=1672242961137 HTTP/1.1" 200 48
190.171.142.42 - - [28/Dec/2022:13:11:02 -0300] "POST /cormun/servlet/permisogoce?c6dff0b5e10248c36c6d609810c9eb91,INS,0,,,,gx-no-cache=1672242963167 HTTP/1.1" 200 93
190.171.142.42 - - [28/Dec/2022:13:11:02 -0300] "GET /cormun/servlet/hpexe_return? HTTP/1.1" 200 1013
190.171.142.42 - - [28/Dec/2022:13:11:02 -0300] "GET /cormun/servlet/trpermisosgoce HTTP/1.1" 200 18409
190.171.142.42 - - [28/Dec/2022:13:11:03 -0300] "GET /cormun/servlet/trpermisosgoce HTTP/1.1" 200 18444
190.171.142.42 - - [28/Dec/2022:13:11:08 -0300] "GET /cormun/servlet/trlicencias? HTTP/1.1" 200 14796
190.171.142.42 - - [28/Dec/2022:13:11:08 -0300] "GET /cormun/servlet/trlicencias? HTTP/1.1" 200 14787
200.54.237.82 - - [28/Dec/2022:13:11:50 -0300] "GET /cormun/servlet/hlogin HTTP/1.1" 200 1729
190.171.153.26 - - [28/Dec/2022:13:11:52 -0300] "POST /cormun/servlet/trsolicitudot?be8016dbdc9db8828741f9a7fd028ce7,,gx-no-cache=1672243018431 HTTP/1.1" 200 6617
200.54.237.82 - - [28/Dec/2022:13:11:52 -0300] "POST /cormun/servlet/hlogin?55a138276c603cfb5074fbc4c9c00285,gx-no-cache=1672243015325 HTTP/1.1" 200 90
200.54.237.82 - - [28/Dec/2022:13:11:52 -0300] "GET /cormun/servlet/hpexe_link HTTP/1.1" 200 955
200.54.237.82 - - [28/Dec/2022:13:11:53 -0300] "GET /cormun/servlet/hhome HTTP/1.1" 200 4336
200.54.237.82 - - [28/Dec/2022:13:11:53 -0300] "GET /cormun/servlet/hhome HTTP/1.1" 200 4332
200.54.237.82 - - [28/Dec/2022:13:11:57 -0300] "GET /cormun/servlet/trlicencias? HTTP/1.1" 200 10875
200.54.237.82 - - [28/Dec/2022:13:11:57 -0300] "GET /cormun/servlet/trlicencias? HTTP/1.1" 200 10873
190.171.153.26 - - [28/Dec/2022:13:11:58 -0300] "POST /cormun/servlet/trsolicitudot?be8016dbdc9db8828741f9a7fd028ce7,,gx-no-cache=1672243024629 HTTP/1.1" 200 6617
200.54.237.82 - - [28/Dec/2022:13:12:04 -0300] "GET /cormun/static/menuarrow.gif HTTP/1.1" 404 1015
40.77.167.6 - - [28/Dec/2022:13:12:06 -0300] "GET /cormun/servlet/hhome HTTP/1.1" 200 3312
