186.103.157.42 - - [28/Dec/2022:12:26:56 -0300] "GET /cormun/static/Shared/jqueryui/images/ui-bg_highlight-soft_100_c6c2c8_1x100.png HTTP/1.1" 404 1117
186.103.157.42 - - [28/Dec/2022:12:26:56 -0300] "GET /cormun/static/Shared/jqueryui/images/ui-icons_82798d_256x240.png HTTP/1.1" 404 1089
186.103.157.42 - - [28/Dec/2022:12:26:56 -0300] "GET /cormun/static/Shared/jqueryui/images/ui-bg_flat_55_fafafa_40x100.png HTTP/1.1" 404 1097
186.103.157.42 - - [28/Dec/2022:12:26:56 -0300] "GET /cormun/static/Shared/jqueryui/images/ui-icons_8d78a5_256x240.png HTTP/1.1" 404 1089
190.171.142.26 - - [28/Dec/2022:12:26:56 -0300] "GET /cormun/servlet/permisogoce?bf50eebcadfac858214d53e0f799b94a0dd7b90d2bb9a58b2426f0db60601543b3f29a05a8563866c7daed9706d2f998c6a0cd71cf9a2634532937a3b63bf18d,gx-no-cache=1672240319793 HTTP/1.1" 200 47
190.171.142.26 - - [28/Dec/2022:12:26:58 -0300] "POST /cormun/servlet/permisogoce?d2e2f6769ed0e6092b35ef30f2bd8c6c,INS,0,,,,gx-no-cache=1672240321120 HTTP/1.1" 200 93
190.171.142.26 - - [28/Dec/2022:12:26:58 -0300] "GET /cormun/servlet/hpexe_return? HTTP/1.1" 200 1013
190.171.142.26 - - [28/Dec/2022:12:26:59 -0300] "GET /cormun/servlet/trpermisosgoce HTTP/1.1" 200 18344
190.171.142.26 - - [28/Dec/2022:12:26:59 -0300] "GET /cormun/servlet/trpermisosgoce HTTP/1.1" 200 18397
186.103.157.42 - - [28/Dec/2022:12:27:03 -0300] "GET /cormun/servlet/trautorizarpermisogoce? HTTP/1.1" 200 13481
186.103.157.42 - - [28/Dec/2022:12:27:04 -0300] "GET /cormun/servlet/trautorizarpermisogoce? HTTP/1.1" 200 13481
190.171.143.98 - - [28/Dec/2022:12:27:09 -0300] "GET /cormun/servlet/trpermisosgoce? HTTP/1.1" 200 11085
190.171.143.98 - - [28/Dec/2022:12:27:09 -0300] "GET /cormun/static/gxcfg.js?2020121631564 HTTP/1.1" 200 953
190.171.143.98 - - [28/Dec/2022:12:27:09 -0300] "GET /cormun/static/trpermisosgoce.js?2020121633681 HTTP/1.1" 200 35904
190.171.143.98 - - [28/Dec/2022:12:27:09 -0300] "GET /cormun//static/Resources/PXToolsGridDelete.png HTTP/1.1" 200 538
190.171.143.98 - - [28/Dec/2022:12:27:09 -0300] "GET /cormun/servlet/trpermisosgoce? HTTP/1.1" 200 11090
190.171.143.98 - - [28/Dec/2022:12:27:12 -0300] "GET /cormun/servlet/permisogoce?INS,0,,, HTTP/1.1" 200 7190
190.171.143.98 - - [28/Dec/2022:12:27:12 -0300] "GET /cormun/static/gxcfg.js?20201215124560 HTTP/1.1" 200 953
190.171.143.98 - - [28/Dec/2022:12:27:12 -0300] "GET /cormun/static/permisogoce.js?20201215124939 HTTP/1.1" 200 27919
190.171.143.98 - - [28/Dec/2022:12:27:12 -0300] "GET /cormun/static/Resources/prompt.gif HTTP/1.1" 200 902
190.171.143.98 - - [28/Dec/2022:12:27:13 -0300] "GET /cormun/servlet/permisogoce?INS,0,,, HTTP/1.1" 200 7190
186.103.157.42 - - [28/Dec/2022:12:27:24 -0300] "GET /cormun/servlet/trpermisosgoce? HTTP/1.1" 200 13773
186.103.157.42 - - [28/Dec/2022:12:27:24 -0300] "GET /cormun/servlet/trpermisosgoce? HTTP/1.1" 200 13742
186.103.157.42 - - [28/Dec/2022:12:27:26 -0300] "GET /cormun/servlet/permisogoce?INS,0,,, HTTP/1.1" 200 7270
186.103.157.42 - - [28/Dec/2022:12:27:27 -0300] "GET /cormun/servlet/permisogoce?INS,0,,, HTTP/1.1" 200 7271
190.171.143.98 - - [28/Dec/2022:12:27:29 -0300] "GET /cormun/servlet/permisogoce?e351f9de5d4e4f183d6c72983ba985e43b4ecdc6029e1cc5e2bbb4f954b2e640f51a6c6170a35697c4fc848d819e90445a8dc0f0bef9e2720fb38f8fb2d69b34,gx-no-cache=1672240514790 HTTP/1.1" 200 82
190.171.143.98 - - [28/Dec/2022:12:27:29 -0300] "GET /cormun/static/menuarrow.gif HTTP/1.1" 404 1015
190.171.143.98 - - [28/Dec/2022:12:27:40 -0300] "GET /cormun/servlet/permisogoce?e351f9de5d4e4f183d6c72983ba985e4ac9fb0b0a48dc3902c5aef1b209fbcaffb2cde3b9f8d60d1876cd9f42b3656e5d0be8ade05a781dc210e278a2a475216,gx-no-cache=1672240526116 HTTP/1.1" 200 47
190.171.142.26 - - [28/Dec/2022:12:27:44 -0300] "GET /cormun/servlet/apermisogoceprn?13567526,P,20221228115153,PU HTTP/1.1" 200 1662
190.171.143.98 - - [28/Dec/2022:12:27:44 -0300] "POST /cormun/servlet/permisogoce?06c887d9c014bd42a0f0afdea53795ab,INS,0,,,,gx-no-cache=1672240529824 HTTP/1.1" 200 93
190.171.143.98 - - [28/Dec/2022:12:27:44 -0300] "GET /cormun/servlet/hpexe_return? HTTP/1.1" 200 1008
190.171.143.98 - - [28/Dec/2022:12:27:45 -0300] "GET /cormun/static/gxcfg.js?201991422392976 HTTP/1.1" 200 953
190.171.143.98 - - [28/Dec/2022:12:27:45 -0300] "GET /cormun/static/hpexe_return.js?201991422392984 HTTP/1.1" 200 1633
190.171.143.98 - - [28/Dec/2022:12:27:45 -0300] "GET /cormun/servlet/trpermisosgoce HTTP/1.1" 200 11357
190.171.143.98 - - [28/Dec/2022:12:27:45 -0300] "GET /cormun//static/Resources/PXToolsGridUpdate.png HTTP/1.1" 200 470
190.171.143.98 - - [28/Dec/2022:12:27:45 -0300] "GET /cormun/servlet/trpermisosgoce HTTP/1.1" 200 11356
190.171.142.26 - - [28/Dec/2022:12:27:55 -0300] "GET /cormun/servlet/apermisogoceprn?16879896,P,20221228115325,PU HTTP/1.1" 200 1660
190.171.143.98 - - [28/Dec/2022:12:28:06 -0300] "GET /cormun/servlet/trpermisosadjuntos?17505935,20221228121216,P, HTTP/1.1" 200 6623
190.171.143.98 - - [28/Dec/2022:12:28:06 -0300] "GET /cormun/static/gxcfg.js?2020121641683 HTTP/1.1" 200 953
190.171.143.98 - - [28/Dec/2022:12:28:06 -0300] "GET /cormun/static/trpermisosadjuntos.js?2020121642996 HTTP/1.1" 200 20158
190.171.143.98 - - [28/Dec/2022:12:28:07 -0300] "GET /cormun/servlet/trpermisosadjuntos?17505935,20221228121216,P, HTTP/1.1" 200 6623
190.171.143.98 - - [28/Dec/2022:12:28:09 -0300] "GET /cormun/servlet/permisosadjuntos?INS,17505935,P,20221228121216,, HTTP/1.1" 200 5947
190.171.143.98 - - [28/Dec/2022:12:28:09 -0300] "GET /cormun/static/gxcfg.js?20201215134212 HTTP/1.1" 200 953
190.171.143.98 - - [28/Dec/2022:12:28:09 -0300] "GET /cormun/static/permisosadjuntos.js?20201215134285 HTTP/1.1" 200 8724
190.171.143.98 - - [28/Dec/2022:12:28:09 -0300] "GET /cormun/static/about:blank HTTP/1.1" 404 1011
190.171.143.98 - - [28/Dec/2022:12:28:09 -0300] "GET /cormun/servlet/permisosadjuntos?INS,17505935,P,20221228121216,, HTTP/1.1" 200 5936
190.171.142.26 - - [28/Dec/2022:12:28:11 -0300] "GET /cormun/servlet/apermisogoceprn?20999005,P,20221228115349,PU HTTP/1.1" 200 1647
190.171.142.26 - - [28/Dec/2022:12:28:19 -0300] "GET /cormun/servlet/apermisogoceprn?18041847,P,20221228115413,PU HTTP/1.1" 200 1653
190.171.143.98 - - [28/Dec/2022:12:28:19 -0300] "POST /cormun/servlet/permisosadjuntos?06c887d9c014bd42a0f0afdea53795ab,INS,17505935,P,20221228121216,, HTTP/1.1" 200 116
190.171.143.98 - - [28/Dec/2022:12:28:19 -0300] "GET /cormun/servlet/hpexe_return? HTTP/1.1" 200 1035
190.171.143.98 - - [28/Dec/2022:12:28:20 -0300] "GET /cormun/servlet/trpermisosadjuntos?17505935,20221228121216,P, HTTP/1.1" 200 7115
190.171.143.98 - - [28/Dec/2022:12:28:20 -0300] "GET /cormun/servlet/trpermisosadjuntos?17505935,20221228121216,P, HTTP/1.1" 200 7112
190.171.143.98 - - [28/Dec/2022:12:28:23 -0300] "POST /cormun/servlet/trpermisosadjuntos?06c887d9c014bd42a0f0afdea53795ab,17505935,20221228121216,P,,gx-no-cache=1672240568647 HTTP/1.1" 200 90
190.171.143.98 - - [28/Dec/2022:12:28:23 -0300] "GET /cormun/servlet/hpexe_link HTTP/1.1" 200 982
190.171.143.98 - - [28/Dec/2022:12:28:23 -0300] "GET /cormun/servlet/trpermisosgoce HTTP/1.1" 200 11354
190.171.143.98 - - [28/Dec/2022:12:28:24 -0300] "GET /cormun/servlet/trpermisosgoce HTTP/1.1" 200 11356
186.103.157.42 - - [28/Dec/2022:12:28:26 -0300] "GET /cormun/servlet/permisogoce?2d5ad3000d06c412a27ab96a9c585518478d69248904cfb0f0262a245496e052506cec0b5696fbfa0189eb419a2f375cc1a5e4af7339597211286fc55c5a7d1e,gx-no-cache=1672240462382 HTTP/1.1" 200 81
186.103.157.42 - - [28/Dec/2022:12:28:26 -0300] "GET /cormun/static/menuarrow.gif HTTP/1.1" 404 1015
190.171.143.98 - - [28/Dec/2022:12:28:28 -0300] "POST /cormun/servlet/trpermisosgoce?06c887d9c014bd42a0f0afdea53795ab,gx-no-cache=1672240573024 HTTP/1.1" 200 8598
190.171.142.26 - - [28/Dec/2022:12:28:28 -0300] "GET /cormun/servlet/apermisogoceprn?15524622,P,20221228115702,PU HTTP/1.1" 200 1659
190.171.143.98 - - [28/Dec/2022:12:28:28 -0300] "GET /cormun/static/Shared/jqueryui/images/ui-bg_highlight-soft_100_c6c2c8_1x100.png HTTP/1.1" 404 1117
190.171.143.98 - - [28/Dec/2022:12:28:28 -0300] "GET /cormun/static/Shared/jqueryui/images/ui-icons_82798d_256x240.png HTTP/1.1" 404 1089
190.171.143.98 - - [28/Dec/2022:12:28:28 -0300] "GET /cormun/static/Shared/jqueryui/images/ui-bg_flat_55_fafafa_40x100.png HTTP/1.1" 404 1097
190.171.143.98 - - [28/Dec/2022:12:28:28 -0300] "GET /cormun/static/Shared/jqueryui/images/ui-icons_8d78a5_256x240.png HTTP/1.1" 404 1089
190.171.143.98 - - [28/Dec/2022:12:28:29 -0300] "GET /cormun/servlet/apermisogoceprn?17505935,P,20221228121216,PU HTTP/1.1" 200 1656
186.103.157.42 - - [28/Dec/2022:12:28:35 -0300] "GET /cormun/servlet/permisogoce?2d5ad3000d06c412a27ab96a9c585518dd98af890105ceaa40ace513d219027ddf9f6260694c970c1e32abe0aea70e204559a31459f0a9f205e422b6c2e6ca20,gx-no-cache=1672240471809 HTTP/1.1" 200 48
190.171.142.26 - - [28/Dec/2022:12:28:36 -0300] "GET /cormun/servlet/apermisogoceprn?17130963,P,20221228120035,PU HTTP/1.1" 200 1668
186.103.157.42 - - [28/Dec/2022:12:28:41 -0300] "POST /cormun/servlet/permisogoce?ddfca782ce4b6c7dcb23dac50299f40e,INS,0,,,,gx-no-cache=1672240477000 HTTP/1.1" 200 93
186.103.157.42 - - [28/Dec/2022:12:28:41 -0300] "GET /cormun/servlet/hpexe_return? HTTP/1.1" 200 1010
186.103.157.42 - - [28/Dec/2022:12:28:41 -0300] "GET /cormun/servlet/trpermisosgoce HTTP/1.1" 200 14030
186.103.157.42 - - [28/Dec/2022:12:28:42 -0300] "GET /cormun/servlet/trpermisosgoce HTTP/1.1" 200 13995
186.103.157.42 - - [28/Dec/2022:12:28:45 -0300] "GET /cormun/servlet/trpermisosadjuntos?12912714,20221228121230,P, HTTP/1.1" 200 6693
186.103.157.42 - - [28/Dec/2022:12:28:45 -0300] "GET /cormun/servlet/trpermisosadjuntos?12912714,20221228121230,P, HTTP/1.1" 200 6693
186.103.157.42 - - [28/Dec/2022:12:28:47 -0300] "GET /cormun/servlet/permisosadjuntos?INS,12912714,P,20221228121230,, HTTP/1.1" 200 6022
186.103.157.42 - - [28/Dec/2022:12:28:47 -0300] "GET /cormun/static/about:blank HTTP/1.1" 404 1011
186.103.157.42 - - [28/Dec/2022:12:28:47 -0300] "GET /cormun/servlet/permisosadjuntos?INS,12912714,P,20221228121230,, HTTP/1.1" 200 6012
186.103.157.42 - - [28/Dec/2022:12:28:58 -0300] "POST /cormun/servlet/permisosadjuntos?ddfca782ce4b6c7dcb23dac50299f40e,INS,12912714,P,20221228121230,, HTTP/1.1" 200 116
186.103.157.42 - - [28/Dec/2022:12:28:58 -0300] "GET /cormun/servlet/hpexe_return? HTTP/1.1" 200 1038
186.103.157.42 - - [28/Dec/2022:12:28:59 -0300] "GET /cormun/servlet/trpermisosadjuntos?12912714,20221228121230,P, HTTP/1.1" 200 7210
190.171.143.98 - - [28/Dec/2022:12:28:59 -0300] "GET /cormun/servlet/trautorizarpermisogoce? HTTP/1.1" 200 8253
190.171.143.98 - - [28/Dec/2022:12:28:59 -0300] "GET /cormun/static/gxcfg.js?2020121645532 HTTP/1.1" 200 953
190.171.143.98 - - [28/Dec/2022:12:28:59 -0300] "GET /cormun/static/trautorizarpermisogoce.js?2020121651492 HTTP/1.1" 200 34948
186.103.157.42 - - [28/Dec/2022:12:28:59 -0300] "GET /cormun/servlet/trpermisosadjuntos?12912714,20221228121230,P, HTTP/1.1" 200 7206
190.171.143.98 - - [28/Dec/2022:12:28:59 -0300] "GET /cormun/servlet/trautorizarpermisogoce? HTTP/1.1" 200 8252
186.103.157.42 - - [28/Dec/2022:12:29:01 -0300] "POST /cormun/servlet/trpermisosadjuntos?ddfca782ce4b6c7dcb23dac50299f40e,12912714,20221228121230,P,,gx-no-cache=1672240497807 HTTP/1.1" 200 90
186.103.157.42 - - [28/Dec/2022:12:29:01 -0300] "GET /cormun/servlet/hpexe_link HTTP/1.1" 200 984
186.103.157.42 - - [28/Dec/2022:12:29:02 -0300] "GET /cormun/servlet/trpermisosgoce HTTP/1.1" 200 14051
186.103.157.42 - - [28/Dec/2022:12:29:02 -0300] "GET /cormun/servlet/trpermisosgoce HTTP/1.1" 200 14010
186.103.157.42 - - [28/Dec/2022:12:29:07 -0300] "POST /cormun/servlet/trpermisosgoce?ddfca782ce4b6c7dcb23dac50299f40e,gx-no-cache=1672240502977 HTTP/1.1" 200 11182
190.171.142.26 - - [28/Dec/2022:12:29:07 -0300] "GET /cormun/servlet/apermisogoceprn?17107852,P,20221228115958,PU HTTP/1.1" 200 1654
186.103.157.42 - - [28/Dec/2022:12:29:07 -0300] "GET /cormun/static/Shared/jqueryui/images/ui-bg_highlight-soft_100_c6c2c8_1x100.png HTTP/1.1" 404 1117
186.103.157.42 - - [28/Dec/2022:12:29:07 -0300] "GET /cormun/static/Shared/jqueryui/images/ui-icons_82798d_256x240.png HTTP/1.1" 404 1089
186.103.157.42 - - [28/Dec/2022:12:29:07 -0300] "GET /cormun/static/Shared/jqueryui/images/ui-bg_flat_55_fafafa_40x100.png HTTP/1.1" 404 1097
186.103.157.42 - - [28/Dec/2022:12:29:07 -0300] "GET /cormun/static/Shared/jqueryui/images/ui-icons_8d78a5_256x240.png HTTP/1.1" 404 1089
190.171.143.98 - - [28/Dec/2022:12:29:09 -0300] "POST /cormun/servlet/trautorizarpermisogoce?06c887d9c014bd42a0f0afdea53795ab,,gx-no-cache=1672240614759 HTTP/1.1" 200 5274
190.171.143.98 - - [28/Dec/2022:12:29:09 -0300] "GET /cormun/static/Shared/jqueryui/images/ui-bg_highlight-soft_100_c6c2c8_1x100.png HTTP/1.1" 404 1117
190.171.143.98 - - [28/Dec/2022:12:29:09 -0300] "GET /cormun/static/Shared/jqueryui/images/ui-icons_82798d_256x240.png HTTP/1.1" 404 1089
190.171.143.98 - - [28/Dec/2022:12:29:09 -0300] "GET /cormun/static/Shared/jqueryui/images/ui-bg_flat_55_fafafa_40x100.png HTTP/1.1" 404 1097
190.171.143.98 - - [28/Dec/2022:12:29:09 -0300] "GET /cormun/static/Shared/jqueryui/images/ui-icons_8d78a5_256x240.png HTTP/1.1" 404 1089
190.171.143.98 - - [28/Dec/2022:12:29:10 -0300] "POST /cormun/servlet/trautorizarpermisogoce?06c887d9c014bd42a0f0afdea53795ab,,gx-no-cache=1672240615876 HTTP/1.1" 200 4517
190.171.153.26 - - [28/Dec/2022:12:29:12 -0300] "POST /cormun/servlet/solicitudot?gx-no-cache=1672240458665 HTTP/1.1" 200 118
190.171.153.26 - - [28/Dec/2022:12:29:12 -0300] "GET /cormun/static/Shared/jqueryui/images/ui-bg_highlight-soft_100_c6c2c8_1x100.png HTTP/1.1" 404 1117
190.171.153.26 - - [28/Dec/2022:12:29:12 -0300] "GET /cormun/static/Shared/jqueryui/images/ui-bg_flat_55_994d53_40x100.png HTTP/1.1" 404 1097
190.171.153.26 - - [28/Dec/2022:12:29:12 -0300] "GET /cormun/static/Shared/jqueryui/images/ui-icons_ebccce_256x240.png HTTP/1.1" 404 1089
190.171.153.26 - - [28/Dec/2022:12:29:12 -0300] "GET /cormun/static/Shared/jqueryui/images/ui-icons_82798d_256x240.png HTTP/1.1" 404 1089
190.171.143.98 - - [28/Dec/2022:12:29:13 -0300] "GET /cormun/servlet/trpermisosgoce? HTTP/1.1" 200 11282
190.171.143.98 - - [28/Dec/2022:12:29:14 -0300] "GET /cormun/servlet/trpermisosgoce? HTTP/1.1" 200 11282
186.103.157.42 - - [28/Dec/2022:12:29:14 -0300] "GET /cormun/servlet/trautorizarpermisogoce? HTTP/1.1" 200 13713
186.103.157.42 - - [28/Dec/2022:12:29:14 -0300] "GET /cormun/servlet/trautorizarpermisogoce? HTTP/1.1" 200 13713
190.171.143.98 - - [28/Dec/2022:12:29:17 -0300] "GET /cormun/servlet/permisogoce?INS,0,,, HTTP/1.1" 200 7192
190.171.143.98 - - [28/Dec/2022:12:29:17 -0300] "GET /cormun/servlet/permisogoce?INS,0,,, HTTP/1.1" 200 7192
190.171.142.26 - - [28/Dec/2022:12:29:20 -0300] "GET /cormun/servlet/apermisogoceprn?18171768,P,20221228115037,PU HTTP/1.1" 200 1652
190.171.142.26 - - [28/Dec/2022:12:29:29 -0300] "GET /cormun/servlet/apermisogoceprn?18171768,P,20221228115125,PU HTTP/1.1" 200 1661
186.103.157.42 - - [28/Dec/2022:12:29:41 -0300] "GET /cormun/servlet/trpermisosgoce? HTTP/1.1" 200 13969
186.103.157.42 - - [28/Dec/2022:12:29:41 -0300] "GET /cormun/servlet/trpermisosgoce? HTTP/1.1" 200 13994
186.103.157.42 - - [28/Dec/2022:12:29:44 -0300] "GET /cormun/servlet/permisogoce?INS,0,,, HTTP/1.1" 200 7272
186.103.157.42 - - [28/Dec/2022:12:29:44 -0300] "GET /cormun/servlet/permisogoce?INS,0,,, HTTP/1.1" 200 7272
190.171.153.26 - - [28/Dec/2022:12:29:53 -0300] "POST /cormun/servlet/solicitudot?gx-no-cache=1672240499668 HTTP/1.1" 200 30
190.171.143.98 - - [28/Dec/2022:12:30:00 -0300] "GET /cormun/servlet/permisogoce?e351f9de5d4e4f183d6c72983ba985e4846fb743bd8eb3fc9b97789628945cfaf51a6c6170a35697c4fc848d819e90445a8dc0f0bef9e2720fb38f8fb2d69b34,gx-no-cache=1672240665997 HTTP/1.1" 200 76
190.171.143.98 - - [28/Dec/2022:12:30:00 -0300] "GET /cormun/static/menuarrow.gif HTTP/1.1" 404 1015
190.171.142.26 - - [28/Dec/2022:12:30:09 -0300] "GET /cormun/servlet/apermisogoceprn?9070743,P,20221228115439,PU HTTP/1.1" 200 1647
190.171.153.26 - - [28/Dec/2022:12:30:10 -0300] "POST /cormun/servlet/solicitudot?gx-no-cache=1672240516618 HTTP/1.1" 200 30
186.103.157.42 - - [28/Dec/2022:12:30:12 -0300] "GET /cormun/servlet/permisogoce?2d5ad3000d06c412a27ab96a9c5855180f11434e37fd6d9d9645ed0ccf865284506cec0b5696fbfa0189eb419a2f375cc1a5e4af7339597211286fc55c5a7d1e,gx-no-cache=1672240567862 HTTP/1.1" 200 83
186.103.157.42 - - [28/Dec/2022:12:30:12 -0300] "GET /cormun/static/menuarrow.gif HTTP/1.1" 404 1015
190.171.143.98 - - [28/Dec/2022:12:30:14 -0300] "GET /cormun/servlet/permisogoce?e351f9de5d4e4f183d6c72983ba985e4a904ff65962484cb60ded5479ccd9cf65b40e5b34dc2ddd1316d25246dc8ec6ad0be8ade05a781dc210e278a2a475216,gx-no-cache=1672240679899 HTTP/1.1" 200 48
190.171.143.98 - - [28/Dec/2022:12:30:20 -0300] "POST /cormun/servlet/permisogoce?06c887d9c014bd42a0f0afdea53795ab,INS,0,,,,gx-no-cache=1672240685464 HTTP/1.1" 200 93
190.171.143.98 - - [28/Dec/2022:12:30:20 -0300] "GET /cormun/servlet/hpexe_return? HTTP/1.1" 200 1008
190.171.143.98 - - [28/Dec/2022:12:30:20 -0300] "GET /cormun/servlet/trpermisosgoce HTTP/1.1" 200 11534
190.171.153.26 - - [28/Dec/2022:12:30:20 -0300] "POST /cormun/servlet/solicitudot?gx-no-cache=1672240526898 HTTP/1.1" 200 30
190.171.143.98 - - [28/Dec/2022:12:30:21 -0300] "GET /cormun/servlet/trpermisosgoce HTTP/1.1" 200 11529
186.103.157.42 - - [28/Dec/2022:12:30:24 -0300] "GET /cormun/servlet/permisogoce?2d5ad3000d06c412a27ab96a9c585518a2203438c0c582608ef924538675ebc29e9f9712c70e2a9882c7c66d874089c34559a31459f0a9f205e422b6c2e6ca20,gx-no-cache=1672240580218 HTTP/1.1" 200 48
190.171.143.98 - - [28/Dec/2022:12:30:26 -0300] "GET /cormun/servlet/trpermisosadjuntos?16856630,20221228121421,P, HTTP/1.1" 200 6617
190.171.143.98 - - [28/Dec/2022:12:30:26 -0300] "GET /cormun/servlet/trpermisosadjuntos?16856630,20221228121421,P, HTTP/1.1" 200 6618
190.171.142.26 - - [28/Dec/2022:12:30:27 -0300] "GET /cormun/servlet/apermisogoceprn?17524797,P,20221228115513,PU HTTP/1.1" 200 1655
186.103.157.42 - - [28/Dec/2022:12:30:27 -0300] "POST /cormun/servlet/permisogoce?ddfca782ce4b6c7dcb23dac50299f40e,INS,0,,,,gx-no-cache=1672240583496 HTTP/1.1" 200 93
186.103.157.42 - - [28/Dec/2022:12:30:28 -0300] "GET /cormun/servlet/hpexe_return? HTTP/1.1" 200 1010
190.171.143.98 - - [28/Dec/2022:12:30:28 -0300] "GET /cormun/servlet/permisosadjuntos?INS,16856630,P,20221228121421,, HTTP/1.1" 200 5937
190.171.143.98 - - [28/Dec/2022:12:30:28 -0300] "GET /cormun/static/about:blank HTTP/1.1" 404 1011
186.103.157.42 - - [28/Dec/2022:12:30:28 -0300] "GET /cormun/servlet/trpermisosgoce HTTP/1.1" 200 14260
190.171.143.98 - - [28/Dec/2022:12:30:28 -0300] "GET /cormun/servlet/permisosadjuntos?INS,16856630,P,20221228121421,, HTTP/1.1" 200 5927
186.103.157.42 - - [28/Dec/2022:12:30:28 -0300] "GET /cormun/servlet/trpermisosgoce HTTP/1.1" 200 14248
190.171.153.26 - - [28/Dec/2022:12:30:29 -0300] "POST /cormun/servlet/solicitudot?gx-no-cache=1672240535095 HTTP/1.1" 200 30
190.171.143.98 - - [28/Dec/2022:12:30:30 -0300] "POST /cormun/servlet/permisosadjuntos?06c887d9c014bd42a0f0afdea53795ab,INS,16856630,P,20221228121421,,,gx-no-cache=1672240695373 HTTP/1.1" 200 93
190.171.143.98 - - [28/Dec/2022:12:30:30 -0300] "GET /cormun/servlet/hpexe_return? HTTP/1.1" 200 1036
190.171.143.98 - - [28/Dec/2022:12:30:30 -0300] "GET /cormun/servlet/trpermisosadjuntos?16856630,20221228121421,P, HTTP/1.1" 200 6978
190.171.143.98 - - [28/Dec/2022:12:30:30 -0300] "GET /cormun/servlet/trpermisosadjuntos?16856630,20221228121421,P, HTTP/1.1" 200 6975
190.171.153.26 - - [28/Dec/2022:12:30:35 -0300] "POST /cormun/servlet/solicitudot?gx-no-cache=1672240541113 HTTP/1.1" 200 1470
190.171.153.26 - - [28/Dec/2022:12:30:35 -0300] "POST /cormun/servlet/solicitudot?gx-no-cache=1672240541215 HTTP/1.1" 200 38
190.171.153.26 - - [28/Dec/2022:12:30:35 -0300] "GET /cormun/servlet/solicitudot?d0842f6e59d93b685a9e9634179eff757e6e514c9d44e2bebc88ab5bf94acf411c622e0cd2d25e0181232d267eefa8b58e1f954a08394226cddffe8400315c305f27746d4e49bbc521dc4193de688cacfc216730cfb7b58484a2e047f4148f3fae82747327193cd9013157159bd366f8,gx-no-cache=1672240541249 HTTP/1.1" 200 110
190.171.153.26 - - [28/Dec/2022:12:30:35 -0300] "POST /cormun/servlet/solicitudot?gx-no-cache=1672240541280 HTTP/1.1" 200 64
186.103.157.42 - - [28/Dec/2022:12:30:36 -0300] "GET /cormun/servlet/trpermisosadjuntos?15122330,20221228121448,P, HTTP/1.1" 200 6699
186.103.157.42 - - [28/Dec/2022:12:30:36 -0300] "GET /cormun/servlet/trpermisosadjuntos?15122330,20221228121448,P, HTTP/1.1" 200 6699
190.171.143.98 - - [28/Dec/2022:12:30:37 -0300] "GET /cormun/servlet/permisosadjuntos?INS,16856630,P,20221228121421,, HTTP/1.1" 200 5937
190.171.143.98 - - [28/Dec/2022:12:30:37 -0300] "GET /cormun/static/about:blank HTTP/1.1" 404 1011
190.171.143.98 - - [28/Dec/2022:12:30:37 -0300] "GET /cormun/servlet/permisosadjuntos?INS,16856630,P,20221228121421,, HTTP/1.1" 200 5927
190.171.153.26 - - [28/Dec/2022:12:30:40 -0300] "GET /cormun/servlet/solicitudot?d0842f6e59d93b685a9e9634179eff75b5b94f45d930b56fb76ff6775ca12eb8c005ea019f6f97c6bf7c5acf9d29ffdaa5356d3cc940700f3af71bf10badf4d8cb0503bf08d22c47fedc4cec05103e81072d04cfbe261bc96251d173449d466f7cd8c24598ded6704d828a9b5c9bcf01,gx-no-cache=1672240546031 HTTP/1.1" 200 29
186.103.157.42 - - [28/Dec/2022:12:30:41 -0300] "GET /cormun/servlet/permisosadjuntos?INS,15122330,P,20221228121448,, HTTP/1.1" 200 6023
186.103.157.42 - - [28/Dec/2022:12:30:42 -0300] "GET /cormun/static/about:blank HTTP/1.1" 404 1011
186.103.157.42 - - [28/Dec/2022:12:30:42 -0300] "GET /cormun/servlet/permisosadjuntos?INS,15122330,P,20221228121448,, HTTP/1.1" 200 6014
190.171.143.98 - - [28/Dec/2022:12:30:44 -0300] "POST /cormun/servlet/permisosadjuntos?06c887d9c014bd42a0f0afdea53795ab,INS,16856630,P,20221228121421,, HTTP/1.1" 200 116
190.171.143.98 - - [28/Dec/2022:12:30:45 -0300] "GET /cormun/servlet/hpexe_return? HTTP/1.1" 200 1036
190.171.143.98 - - [28/Dec/2022:12:30:45 -0300] "GET /cormun/servlet/trpermisosadjuntos?16856630,20221228121421,P, HTTP/1.1" 200 7179
190.171.142.26 - - [28/Dec/2022:12:30:45 -0300] "GET /cormun/servlet/apermisogoceprn?15102549,P,20221228115539,PU HTTP/1.1" 200 1655
190.171.143.98 - - [28/Dec/2022:12:30:45 -0300] "GET /cormun/servlet/trpermisosadjuntos?16856630,20221228121421,P, HTTP/1.1" 200 7174
190.171.143.98 - - [28/Dec/2022:12:30:48 -0300] "POST /cormun/servlet/trpermisosadjuntos?06c887d9c014bd42a0f0afdea53795ab,16856630,20221228121421,P,,gx-no-cache=1672240713670 HTTP/1.1" 200 90
190.171.143.98 - - [28/Dec/2022:12:30:48 -0300] "GET /cormun/servlet/hpexe_link HTTP/1.1" 200 982
190.171.143.98 - - [28/Dec/2022:12:30:48 -0300] "GET /cormun/servlet/trpermisosgoce HTTP/1.1" 200 11531
190.171.143.98 - - [28/Dec/2022:12:30:49 -0300] "GET /cormun/servlet/trpermisosgoce HTTP/1.1" 200 11529
186.103.157.42 - - [28/Dec/2022:12:30:59 -0300] "POST /cormun/servlet/permisosadjuntos?ddfca782ce4b6c7dcb23dac50299f40e,INS,15122330,P,20221228121448,, HTTP/1.1" 200 116
186.103.157.42 - - [28/Dec/2022:12:30:59 -0300] "GET /cormun/servlet/hpexe_return? HTTP/1.1" 200 1039
186.103.157.42 - - [28/Dec/2022:12:30:59 -0300] "GET /cormun/servlet/trpermisosadjuntos?15122330,20221228121448,P, HTTP/1.1" 200 7213
186.103.157.42 - - [28/Dec/2022:12:31:00 -0300] "GET /cormun/servlet/trpermisosadjuntos?15122330,20221228121448,P, HTTP/1.1" 200 7209
190.171.143.98 - - [28/Dec/2022:12:31:00 -0300] "POST /cormun/servlet/trpermisosgoce?06c887d9c014bd42a0f0afdea53795ab,gx-no-cache=1672240725279 HTTP/1.1" 200 8842
190.171.143.98 - - [28/Dec/2022:12:31:00 -0300] "GET /cormun/static/Shared/jqueryui/images/ui-bg_highlight-soft_100_c6c2c8_1x100.png HTTP/1.1" 404 1117
190.171.143.98 - - [28/Dec/2022:12:31:00 -0300] "GET /cormun/static/Shared/jqueryui/images/ui-icons_82798d_256x240.png HTTP/1.1" 404 1089
190.171.143.98 - - [28/Dec/2022:12:31:00 -0300] "GET /cormun/static/Shared/jqueryui/images/ui-bg_flat_55_fafafa_40x100.png HTTP/1.1" 404 1097
190.171.143.98 - - [28/Dec/2022:12:31:00 -0300] "GET /cormun/static/Shared/jqueryui/images/ui-icons_8d78a5_256x240.png HTTP/1.1" 404 1089
190.171.143.98 - - [28/Dec/2022:12:31:01 -0300] "GET /cormun/servlet/apermisogoceprn?16856630,P,20221228121421,PU HTTP/1.1" 200 1654
186.103.157.42 - - [28/Dec/2022:12:31:02 -0300] "POST /cormun/servlet/trpermisosadjuntos?ddfca782ce4b6c7dcb23dac50299f40e,15122330,20221228121448,P,,gx-no-cache=1672240618535 HTTP/1.1" 200 90
186.103.157.42 - - [28/Dec/2022:12:31:02 -0300] "GET /cormun/servlet/hpexe_link HTTP/1.1" 200 984
190.171.142.26 - - [28/Dec/2022:12:31:02 -0300] "GET /cormun/servlet/apermisogoceprn?17477438,P,20221228115615,PU HTTP/1.1" 200 1654
186.103.157.42 - - [28/Dec/2022:12:31:02 -0300] "GET /cormun/servlet/trpermisosgoce HTTP/1.1" 200 14267
186.103.157.42 - - [28/Dec/2022:12:31:03 -0300] "GET /cormun/servlet/trpermisosgoce HTTP/1.1" 200 14258
186.103.157.42 - - [28/Dec/2022:12:31:07 -0300] "POST /cormun/servlet/trpermisosgoce?ddfca782ce4b6c7dcb23dac50299f40e,gx-no-cache=1672240622617 HTTP/1.1" 200 11433
186.103.157.42 - - [28/Dec/2022:12:31:07 -0300] "GET /cormun/static/Shared/jqueryui/images/ui-bg_highlight-soft_100_c6c2c8_1x100.png HTTP/1.1" 404 1117
186.103.157.42 - - [28/Dec/2022:12:31:07 -0300] "GET /cormun/static/Shared/jqueryui/images/ui-icons_82798d_256x240.png HTTP/1.1" 404 1089
186.103.157.42 - - [28/Dec/2022:12:31:07 -0300] "GET /cormun/static/Shared/jqueryui/images/ui-bg_flat_55_fafafa_40x100.png HTTP/1.1" 404 1097
186.103.157.42 - - [28/Dec/2022:12:31:07 -0300] "GET /cormun/static/Shared/jqueryui/images/ui-icons_8d78a5_256x240.png HTTP/1.1" 404 1089
190.171.142.26 - - [28/Dec/2022:12:31:16 -0300] "GET /cormun/servlet/apermisogoceprn?14136625,P,20221228120112,PU HTTP/1.1" 200 1655
190.171.153.26 - - [28/Dec/2022:12:31:23 -0300] "POST /cormun/servlet/solicitudot?gx-no-cache=1672240589913 HTTP/1.1" 200 30
190.171.143.98 - - [28/Dec/2022:12:31:27 -0300] "GET /cormun/servlet/trautorizarpermisogoce? HTTP/1.1" 200 7980
190.171.143.98 - - [28/Dec/2022:12:31:27 -0300] "GET /cormun/servlet/trautorizarpermisogoce? HTTP/1.1" 200 7979
190.171.153.26 - - [28/Dec/2022:12:31:27 -0300] "POST /cormun/servlet/solicitudot?gx-no-cache=1672240593879 HTTP/1.1" 200 1470
190.171.153.26 - - [28/Dec/2022:12:31:27 -0300] "POST /cormun/servlet/solicitudot?gx-no-cache=1672240593980 HTTP/1.1" 200 38
190.171.142.26 - - [28/Dec/2022:12:31:30 -0300] "GET /cormun/servlet/apermisogoceprn?13608989,P,20221228120135,PU HTTP/1.1" 200 1655
190.171.143.98 - - [28/Dec/2022:12:31:32 -0300] "POST /cormun/servlet/trautorizarpermisogoce?06c887d9c014bd42a0f0afdea53795ab,,gx-no-cache=1672240757278 HTTP/1.1" 200 4516
190.171.143.98 - - [28/Dec/2022:12:31:32 -0300] "GET /cormun/static/Shared/jqueryui/images/ui-bg_highlight-soft_100_c6c2c8_1x100.png HTTP/1.1" 404 1117
190.171.143.98 - - [28/Dec/2022:12:31:32 -0300] "GET /cormun/static/Shared/jqueryui/images/ui-icons_82798d_256x240.png HTTP/1.1" 404 1089
190.171.143.98 - - [28/Dec/2022:12:31:32 -0300] "GET /cormun/static/Shared/jqueryui/images/ui-bg_flat_55_fafafa_40x100.png HTTP/1.1" 404 1097
190.171.143.98 - - [28/Dec/2022:12:31:32 -0300] "GET /cormun/static/Shared/jqueryui/images/ui-icons_8d78a5_256x240.png HTTP/1.1" 404 1089
190.171.143.98 - - [28/Dec/2022:12:31:36 -0300] "GET /cormun/servlet/trpermisosgoce? HTTP/1.1" 200 11486
190.171.143.98 - - [28/Dec/2022:12:31:36 -0300] "GET /cormun/servlet/trpermisosgoce? HTTP/1.1" 200 11495
190.171.142.26 - - [28/Dec/2022:12:31:37 -0300] "GET /cormun/servlet/apermisogoceprn?10798657,P,20221228120214,PU HTTP/1.1" 200 1653
190.171.143.98 - - [28/Dec/2022:12:31:39 -0300] "GET /cormun/servlet/permisogoce?INS,0,,, HTTP/1.1" 200 7192
190.171.143.98 - - [28/Dec/2022:12:31:39 -0300] "GET /cormun/servlet/permisogoce?INS,0,,, HTTP/1.1" 200 7192
190.171.143.106 - - [28/Dec/2022:12:31:55 -0300] "GET /cormun/servlet/hlogin HTTP/1.1" 200 1728
190.171.143.106 - - [28/Dec/2022:12:31:55 -0300] "GET /cormun/servlet/hlogin HTTP/1.1" 200 1739
190.171.143.106 - - [28/Dec/2022:12:31:57 -0300] "POST /cormun/servlet/hlogin?a674ca4fb5b9df191e59de30e67ee1b6,gx-no-cache=1672240706792 HTTP/1.1" 200 90
190.171.143.106 - - [28/Dec/2022:12:31:57 -0300] "GET /cormun/servlet/hpexe_link HTTP/1.1" 200 956
190.171.143.106 - - [28/Dec/2022:12:31:58 -0300] "GET /cormun/servlet/hhome HTTP/1.1" 200 3974
190.171.143.106 - - [28/Dec/2022:12:31:58 -0300] "GET /cormun/servlet/hhome HTTP/1.1" 200 3970
190.171.143.106 - - [28/Dec/2022:12:32:00 -0300] "GET /cormun/servlet/trlicencias? HTTP/1.1" 200 12909
190.171.143.106 - - [28/Dec/2022:12:32:00 -0300] "GET /cormun/servlet/trlicencias? HTTP/1.1" 200 12906
190.171.143.98 - - [28/Dec/2022:12:32:01 -0300] "GET /cormun/servlet/permisogoce?e351f9de5d4e4f183d6c72983ba985e43361741c471ae1f5ad1b01e797f4d835f51a6c6170a35697c4fc848d819e90445a8dc0f0bef9e2720fb38f8fb2d69b34,gx-no-cache=1672240786708 HTTP/1.1" 200 88
190.171.143.98 - - [28/Dec/2022:12:32:01 -0300] "GET /cormun/static/menuarrow.gif HTTP/1.1" 404 1015
190.171.153.26 - - [28/Dec/2022:12:32:05 -0300] "GET /cormun/servlet/solicitudot?d0842f6e59d93b685a9e9634179eff757e6e514c9d44e2bebc88ab5bf94acf411c622e0cd2d25e0181232d267eefa8b58e1f954a08394226cddffe8400315c305f27746d4e49bbc521dc4193de688cacfc216730cfb7b58484a2e047f4148f3fae82747327193cd9013157159bd366f8,gx-no-cache=1672240631210 HTTP/1.1" 200 110
190.171.143.98 - - [28/Dec/2022:12:32:11 -0300] "GET /cormun/servlet/permisogoce?e351f9de5d4e4f183d6c72983ba985e416b6d3c9a98bd10aeca7a10421506bcd77d5664d6d0127449b06b34c22f6a1b3d0be8ade05a781dc210e278a2a475216,gx-no-cache=1672240797354 HTTP/1.1" 200 47
190.171.143.98 - - [28/Dec/2022:12:32:15 -0300] "POST /cormun/servlet/permisogoce?06c887d9c014bd42a0f0afdea53795ab,INS,0,,,,gx-no-cache=1672240800109 HTTP/1.1" 200 93
190.171.143.98 - - [28/Dec/2022:12:32:15 -0300] "GET /cormun/servlet/hpexe_return? HTTP/1.1" 200 1008
190.171.143.98 - - [28/Dec/2022:12:32:15 -0300] "GET /cormun/servlet/trpermisosgoce HTTP/1.1" 200 11840
190.171.143.98 - - [28/Dec/2022:12:32:15 -0300] "GET /cormun/servlet/trpermisosgoce HTTP/1.1" 200 11831
190.171.143.98 - - [28/Dec/2022:12:32:20 -0300] "GET /cormun/servlet/trpermisosadjuntos?15993925,20221228121643,P, HTTP/1.1" 200 6628
190.171.143.98 - - [28/Dec/2022:12:32:20 -0300] "GET /cormun/servlet/trpermisosadjuntos?15993925,20221228121643,P, HTTP/1.1" 200 6629
190.171.143.98 - - [28/Dec/2022:12:32:22 -0300] "GET /cormun/servlet/permisosadjuntos?INS,15993925,P,20221228121643,, HTTP/1.1" 200 5954
190.171.143.98 - - [28/Dec/2022:12:32:22 -0300] "GET /cormun/static/about:blank HTTP/1.1" 404 1011
190.171.143.98 - - [28/Dec/2022:12:32:23 -0300] "GET /cormun/servlet/permisosadjuntos?INS,15993925,P,20221228121643,, HTTP/1.1" 200 5944
190.171.143.98 - - [28/Dec/2022:12:32:30 -0300] "POST /cormun/servlet/permisosadjuntos?06c887d9c014bd42a0f0afdea53795ab,INS,15993925,P,20221228121643,, HTTP/1.1" 200 116
190.171.143.98 - - [28/Dec/2022:12:32:30 -0300] "GET /cormun/servlet/hpexe_return? HTTP/1.1" 200 1036
190.171.143.98 - - [28/Dec/2022:12:32:30 -0300] "GET /cormun/servlet/trpermisosadjuntos?15993925,20221228121643,P, HTTP/1.1" 200 7137
190.171.143.98 - - [28/Dec/2022:12:32:31 -0300] "GET /cormun/servlet/trpermisosadjuntos?15993925,20221228121643,P, HTTP/1.1" 200 7133
190.171.143.98 - - [28/Dec/2022:12:32:33 -0300] "POST /cormun/servlet/trpermisosadjuntos?06c887d9c014bd42a0f0afdea53795ab,15993925,20221228121643,P,,gx-no-cache=1672240818612 HTTP/1.1" 200 90
190.171.143.98 - - [28/Dec/2022:12:32:33 -0300] "GET /cormun/servlet/hpexe_link HTTP/1.1" 200 983
190.171.143.98 - - [28/Dec/2022:12:32:33 -0300] "GET /cormun/servlet/trpermisosgoce HTTP/1.1" 200 11832
190.171.143.98 - - [28/Dec/2022:12:32:34 -0300] "GET /cormun/servlet/trpermisosgoce HTTP/1.1" 200 11831
190.171.143.98 - - [28/Dec/2022:12:32:38 -0300] "POST /cormun/servlet/trpermisosgoce?06c887d9c014bd42a0f0afdea53795ab,gx-no-cache=1672240823423 HTTP/1.1" 200 9072
190.171.143.98 - - [28/Dec/2022:12:32:38 -0300] "GET /cormun/static/Shared/jqueryui/images/ui-bg_highlight-soft_100_c6c2c8_1x100.png HTTP/1.1" 404 1117
190.171.143.98 - - [28/Dec/2022:12:32:38 -0300] "GET /cormun/static/Shared/jqueryui/images/ui-icons_82798d_256x240.png HTTP/1.1" 404 1089
190.171.143.98 - - [28/Dec/2022:12:32:38 -0300] "GET /cormun/static/Shared/jqueryui/images/ui-bg_flat_55_fafafa_40x100.png HTTP/1.1" 404 1097
190.171.143.98 - - [28/Dec/2022:12:32:38 -0300] "GET /cormun/static/Shared/jqueryui/images/ui-icons_8d78a5_256x240.png HTTP/1.1" 404 1089
190.171.143.98 - - [28/Dec/2022:12:32:39 -0300] "GET /cormun/servlet/apermisogoceprn?15993925,P,20221228121643,PU HTTP/1.1" 200 1671
190.171.143.98 - - [28/Dec/2022:12:33:11 -0300] "GET /cormun/servlet/permisogoce?INS,0,,, HTTP/1.1" 200 7192
190.171.143.98 - - [28/Dec/2022:12:33:11 -0300] "GET /cormun/servlet/permisogoce?INS,0,,, HTTP/1.1" 200 7192
186.103.157.42 - - [28/Dec/2022:12:33:15 -0300] "GET /cormun/servlet/trautorizarpermisogoce? HTTP/1.1" 200 13911
186.103.157.42 - - [28/Dec/2022:12:33:15 -0300] "GET /cormun/servlet/trautorizarpermisogoce? HTTP/1.1" 200 13910
186.103.157.42 - - [28/Dec/2022:12:33:20 -0300] "GET /cormun/servlet/trpermisosgoce? HTTP/1.1" 200 14211
186.103.157.42 - - [28/Dec/2022:12:33:20 -0300] "GET /cormun/servlet/trpermisosgoce? HTTP/1.1" 200 14192
190.171.143.98 - - [28/Dec/2022:12:33:28 -0300] "GET /cormun/servlet/permisogoce?e351f9de5d4e4f183d6c72983ba985e4a40a5b045014062324e409ce14f2c775f51a6c6170a35697c4fc848d819e90445a8dc0f0bef9e2720fb38f8fb2d69b34,gx-no-cache=1672240873796 HTTP/1.1" 200 80
190.171.143.98 - - [28/Dec/2022:12:33:28 -0300] "GET /cormun/static/menuarrow.gif HTTP/1.1" 404 1015
186.103.157.42 - - [28/Dec/2022:12:33:34 -0300] "GET /cormun/servlet/permisogoce?INS,0,,, HTTP/1.1" 200 7272
186.103.157.42 - - [28/Dec/2022:12:33:35 -0300] "GET /cormun/servlet/permisogoce?INS,0,,, HTTP/1.1" 200 7272
190.171.143.98 - - [28/Dec/2022:12:33:43 -0300] "GET /cormun/servlet/permisogoce?e351f9de5d4e4f183d6c72983ba985e4a15cd7d2d68af3fa42192eb81e27b694d0f0dd133aa62b8a1203117b1f00b8d6d0be8ade05a781dc210e278a2a475216,gx-no-cache=1672240888786 HTTP/1.1" 200 48
190.171.143.98 - - [28/Dec/2022:12:33:46 -0300] "POST /cormun/servlet/permisogoce?06c887d9c014bd42a0f0afdea53795ab,INS,0,,,,gx-no-cache=1672240891629 HTTP/1.1" 200 93
190.171.143.98 - - [28/Dec/2022:12:33:46 -0300] "GET /cormun/servlet/hpexe_return? HTTP/1.1" 200 1029
190.171.143.98 - - [28/Dec/2022:12:33:46 -0300] "GET /cormun/servlet/trpermisosgoce?gx-no-cache=1672240823423 HTTP/1.1" 200 12050
190.171.143.98 - - [28/Dec/2022:12:33:47 -0300] "GET /cormun/servlet/trpermisosgoce?gx-no-cache=1672240823423 HTTP/1.1" 200 12066
190.171.153.26 - - [28/Dec/2022:12:33:48 -0300] "POST /cormun/servlet/solicitudot?gx-no-cache=1672240734829 HTTP/1.1" 200 64
190.171.153.26 - - [28/Dec/2022:12:33:53 -0300] "GET /cormun/servlet/solicitudot?d0842f6e59d93b685a9e9634179eff75bc1d33d4441c275ff3548619fd4773841ab55cd3b28bf68a8ef19864500240ba,gx-no-cache=1672240739896 HTTP/1.1" 200 30
190.171.143.98 - - [28/Dec/2022:12:34:36 -0300] "GET /cormun/servlet/trpermisosadjuntos?15104431,20221228121815,P, HTTP/1.1" 200 6642
190.171.143.98 - - [28/Dec/2022:12:34:37 -0300] "GET /cormun/servlet/trpermisosadjuntos?15104431,20221228121815,P, HTTP/1.1" 200 6621
190.171.143.98 - - [28/Dec/2022:12:34:39 -0300] "GET /cormun/servlet/permisosadjuntos?INS,15104431,P,20221228121815,, HTTP/1.1" 200 5948
190.171.143.98 - - [28/Dec/2022:12:34:39 -0300] "GET /cormun/static/about:blank HTTP/1.1" 404 1011
190.171.143.98 - - [28/Dec/2022:12:34:39 -0300] "GET /cormun/servlet/permisosadjuntos?INS,15104431,P,20221228121815,, HTTP/1.1" 200 5937
190.171.143.98 - - [28/Dec/2022:12:34:45 -0300] "POST /cormun/servlet/permisosadjuntos?06c887d9c014bd42a0f0afdea53795ab,INS,15104431,P,20221228121815,, HTTP/1.1" 200 116
190.171.143.98 - - [28/Dec/2022:12:34:45 -0300] "GET /cormun/servlet/hpexe_return? HTTP/1.1" 200 1036
190.171.143.98 - - [28/Dec/2022:12:34:46 -0300] "GET /cormun/servlet/trpermisosadjuntos?15104431,20221228121815,P, HTTP/1.1" 200 7109
190.171.143.98 - - [28/Dec/2022:12:34:46 -0300] "GET /cormun/servlet/trpermisosadjuntos?15104431,20221228121815,P, HTTP/1.1" 200 7106
190.171.143.98 - - [28/Dec/2022:12:34:47 -0300] "POST /cormun/servlet/trpermisosadjuntos?06c887d9c014bd42a0f0afdea53795ab,15104431,20221228121815,P,,gx-no-cache=1672240952868 HTTP/1.1" 200 90
190.171.143.98 - - [28/Dec/2022:12:34:47 -0300] "GET /cormun/servlet/hpexe_link HTTP/1.1" 200 1003
190.171.143.98 - - [28/Dec/2022:12:34:47 -0300] "GET /cormun/servlet/trpermisosgoce?gx-no-cache=1672240823423 HTTP/1.1" 200 12055
190.171.143.98 - - [28/Dec/2022:12:34:48 -0300] "GET /cormun/servlet/trpermisosgoce?gx-no-cache=1672240823423 HTTP/1.1" 200 12074
190.171.143.98 - - [28/Dec/2022:12:34:52 -0300] "POST /cormun/servlet/trpermisosgoce?06c887d9c014bd42a0f0afdea53795ab,gx-no-cache=1672240823423,gx-no-cache=1672240957502 HTTP/1.1" 200 9312
190.171.143.98 - - [28/Dec/2022:12:34:52 -0300] "GET /cormun/static/Shared/jqueryui/images/ui-bg_highlight-soft_100_c6c2c8_1x100.png HTTP/1.1" 404 1117
190.171.143.98 - - [28/Dec/2022:12:34:52 -0300] "GET /cormun/static/Shared/jqueryui/images/ui-icons_82798d_256x240.png HTTP/1.1" 404 1089
190.171.143.98 - - [28/Dec/2022:12:34:52 -0300] "GET /cormun/static/Shared/jqueryui/images/ui-bg_flat_55_fafafa_40x100.png HTTP/1.1" 404 1097
190.171.143.98 - - [28/Dec/2022:12:34:52 -0300] "GET /cormun/static/Shared/jqueryui/images/ui-icons_8d78a5_256x240.png HTTP/1.1" 404 1089
190.171.143.98 - - [28/Dec/2022:12:34:53 -0300] "GET /cormun/servlet/apermisogoceprn?15104431,P,20221228121815,PU HTTP/1.1" 200 1645
190.171.153.26 - - [28/Dec/2022:12:35:17 -0300] "GET /cormun/servlet/hlogin HTTP/1.1" 200 1721
190.171.153.26 - - [28/Dec/2022:12:35:17 -0300] "GET /cormun/static/gxtimezone.js?85251 HTTP/1.1" 200 5781
190.171.153.26 - - [28/Dec/2022:12:35:17 -0300] "GET /cormun/static/gxcfg.js?201910216285969 HTTP/1.1" 200 953
190.171.153.26 - - [28/Dec/2022:12:35:18 -0300] "GET /cormun/static/messages.spa.js?85251 HTTP/1.1" 200 30736
190.171.153.26 - - [28/Dec/2022:12:35:18 -0300] "GET /cormun/static/hlogin.js?201910216285995 HTTP/1.1" 200 2136
190.171.153.26 - - [28/Dec/2022:12:35:18 -0300] "GET /cormun/static/gxgral.js?85251 HTTP/1.1" 200 384558
190.171.153.26 - - [28/Dec/2022:12:35:18 -0300] "GET /cormun/static/Resources/Logo2019_Grande.png HTTP/1.1" 200 31733
190.171.153.26 - - [28/Dec/2022:12:35:18 -0300] "GET /cormun/static/Resources/PXToolsLoginTop.png HTTP/1.1" 200 1337
190.171.153.26 - - [28/Dec/2022:12:35:18 -0300] "GET /cormun/static/Resources/PXToolsLoginBackground.png HTTP/1.1" 200 1164
190.171.153.26 - - [28/Dec/2022:12:35:18 -0300] "GET /cormun/static/Resources/PXToolsLoginBottom.png HTTP/1.1" 200 1389
190.171.153.26 - - [28/Dec/2022:12:35:18 -0300] "GET /cormun/static/Resources/indicator.gif HTTP/1.1" 200 1553
190.171.153.26 - - [28/Dec/2022:12:35:18 -0300] "GET /cormun/servlet/hlogin HTTP/1.1" 200 1732
190.171.153.26 - - [28/Dec/2022:12:35:18 -0300] "GET /favicon.ico HTTP/1.1" 200 21630
190.171.143.98 - - [28/Dec/2022:12:35:20 -0300] "GET /cormun/servlet/trautorizarpermisogoce? HTTP/1.1" 200 8282
190.171.143.98 - - [28/Dec/2022:12:35:20 -0300] "GET /cormun/servlet/trautorizarpermisogoce? HTTP/1.1" 200 8260
190.171.143.98 - - [28/Dec/2022:12:35:24 -0300] "POST /cormun/servlet/trautorizarpermisogoce?06c887d9c014bd42a0f0afdea53795ab,,gx-no-cache=1672240989564 HTTP/1.1" 200 5294
190.171.143.98 - - [28/Dec/2022:12:35:24 -0300] "GET /cormun/static/Shared/jqueryui/images/ui-bg_highlight-soft_100_c6c2c8_1x100.png HTTP/1.1" 404 1117
190.171.143.98 - - [28/Dec/2022:12:35:24 -0300] "GET /cormun/static/Shared/jqueryui/images/ui-icons_82798d_256x240.png HTTP/1.1" 404 1089
190.171.143.98 - - [28/Dec/2022:12:35:24 -0300] "GET /cormun/static/Shared/jqueryui/images/ui-bg_flat_55_fafafa_40x100.png HTTP/1.1" 404 1097
190.171.143.98 - - [28/Dec/2022:12:35:24 -0300] "GET /cormun/static/Shared/jqueryui/images/ui-icons_8d78a5_256x240.png HTTP/1.1" 404 1089
190.171.143.98 - - [28/Dec/2022:12:35:25 -0300] "POST /cormun/servlet/trautorizarpermisogoce?06c887d9c014bd42a0f0afdea53795ab,,gx-no-cache=1672240990595 HTTP/1.1" 200 4534
190.171.143.98 - - [28/Dec/2022:12:35:29 -0300] "GET /cormun/servlet/trpermisosgoce? HTTP/1.1" 200 12010
190.171.143.98 - - [28/Dec/2022:12:35:29 -0300] "GET /cormun/servlet/trpermisosgoce? HTTP/1.1" 200 12003
190.171.153.26 - - [28/Dec/2022:12:35:30 -0300] "POST /cormun/servlet/hlogin?9f742066618fb68315868e8a9c5b0fe8,gx-no-cache=1672244437513 HTTP/1.1" 200 439
190.171.143.98 - - [28/Dec/2022:12:35:32 -0300] "GET /cormun/servlet/permisogoce?INS,0,,, HTTP/1.1" 200 7192
190.171.143.98 - - [28/Dec/2022:12:35:33 -0300] "GET /cormun/servlet/permisogoce?INS,0,,, HTTP/1.1" 200 7192
190.171.153.26 - - [28/Dec/2022:12:35:38 -0300] "POST /cormun/servlet/hlogin?9f742066618fb68315868e8a9c5b0fe8,gx-no-cache=1672244446083 HTTP/1.1" 200 439
190.171.143.98 - - [28/Dec/2022:12:35:40 -0300] "GET /cormun/servlet/permisogoce?e351f9de5d4e4f183d6c72983ba985e4e42522ffb9627bee60f99214bc9b9338f51a6c6170a35697c4fc848d819e90445a8dc0f0bef9e2720fb38f8fb2d69b34,gx-no-cache=1672241005635 HTTP/1.1" 200 226
190.171.143.98 - - [28/Dec/2022:12:35:40 -0300] "GET /cormun/static/Shared/jqueryui/images/ui-bg_highlight-soft_100_c6c2c8_1x100.png HTTP/1.1" 404 1117
190.171.143.98 - - [28/Dec/2022:12:35:40 -0300] "GET /cormun/static/Shared/jqueryui/images/ui-icons_82798d_256x240.png HTTP/1.1" 404 1089
190.171.143.98 - - [28/Dec/2022:12:35:40 -0300] "GET /cormun/static/Shared/jqueryui/images/ui-bg_flat_55_994d53_40x100.png HTTP/1.1" 404 1097
190.171.143.98 - - [28/Dec/2022:12:35:40 -0300] "GET /cormun/static/Shared/jqueryui/images/ui-icons_ebccce_256x240.png HTTP/1.1" 404 1089
190.171.143.98 - - [28/Dec/2022:12:36:05 -0300] "GET /cormun/servlet/permisogoce?e351f9de5d4e4f183d6c72983ba985e45458aace19a30442ab1b16079add981c0bfb3d09e902a72365669125ef95afbc7dc494d97098a8448f93e76d928fae92,gx-no-cache=1672241030849 HTTP/1.1" 200 79
190.171.143.98 - - [28/Dec/2022:12:36:05 -0300] "GET /cormun/static/menuarrow.gif HTTP/1.1" 404 1015
190.171.153.26 - - [28/Dec/2022:12:36:09 -0300] "POST /cormun/servlet/hlogin?9f742066618fb68315868e8a9c5b0fe8,gx-no-cache=1672244476507 HTTP/1.1" 200 90
190.171.153.26 - - [28/Dec/2022:12:36:09 -0300] "GET /cormun/servlet/hpexe_link HTTP/1.1" 200 945
190.171.153.26 - - [28/Dec/2022:12:36:09 -0300] "GET /cormun/static/gxcfg.js?201991422392958 HTTP/1.1" 200 953
190.171.153.26 - - [28/Dec/2022:12:36:09 -0300] "GET /cormun/static/hpexe_link.js?201991422392963 HTTP/1.1" 200 625
190.171.153.26 - - [28/Dec/2022:12:36:09 -0300] "GET /cormun/servlet/hhome HTTP/1.1" 200 4287
190.171.153.26 - - [28/Dec/2022:12:36:10 -0300] "GET /cormun/static/PXToolsJavascripts/pexe_autoreload.js HTTP/1.1" 200 1762
190.171.153.26 - - [28/Dec/2022:12:36:10 -0300] "GET /cormun/static/gxcfg.js?20201215495537 HTTP/1.1" 200 953
190.171.153.26 - - [28/Dec/2022:12:36:10 -0300] "GET /cormun/static/PXToolsJavascripts/pexe_cookies.js HTTP/1.1" 200 792
190.171.153.26 - - [28/Dec/2022:12:36:10 -0300] "GET /cormun/static/PXToolsJavascripts/pexe_windows.js HTTP/1.1" 200 15207
190.171.153.26 - - [28/Dec/2022:12:36:10 -0300] "GET /cormun/static/PXToolsJavascripts/pexe_grid.js HTTP/1.1" 200 7559
190.171.153.26 - - [28/Dec/2022:12:36:10 -0300] "GET /cormun/static/PXToolsJavascripts/pexe_griddivfix.js HTTP/1.1" 200 6644
190.171.153.26 - - [28/Dec/2022:12:36:10 -0300] "GET /cormun/static/PXToolsJavascripts/pexe_link.js HTTP/1.1" 200 5671
190.171.153.26 - - [28/Dec/2022:12:36:10 -0300] "GET /cormun/static/PXToolsJavascripts/pexe_menudivfix.js HTTP/1.1" 200 333
190.171.153.26 - - [28/Dec/2022:12:36:10 -0300] "GET /cormun/static/PXToolsJavascripts/pexe_menus.js HTTP/1.1" 200 1286
190.171.153.26 - - [28/Dec/2022:12:36:10 -0300] "GET /cormun/static/PXToolsJavascripts/pexe_layers.js HTTP/1.1" 200 4114
190.171.153.26 - - [28/Dec/2022:12:36:10 -0300] "GET /cormun/static/PXToolsJavascripts/pexe_picture.js HTTP/1.1" 200 689
190.171.153.26 - - [28/Dec/2022:12:36:10 -0300] "GET /cormun/static/PXToolsJavascripts/pexe_oav.js HTTP/1.1" 200 645
190.171.153.26 - - [28/Dec/2022:12:36:10 -0300] "GET /cormun/static/PXToolsJavascripts/pexe_popup.js HTTP/1.1" 200 13458
190.171.153.26 - - [28/Dec/2022:12:36:10 -0300] "GET /cormun/static/PXToolsJavascripts/pexe_oavdivfix.js HTTP/1.1" 200 639
190.171.153.26 - - [28/Dec/2022:12:36:10 -0300] "GET /cormun/static/PXToolsJavascripts/pexe_scrolldiv.js HTTP/1.1" 200 4138
190.171.153.26 - - [28/Dec/2022:12:36:10 -0300] "GET /cormun/static/PXToolsJavascripts/pexe_tabdivfix.js HTTP/1.1" 200 876
190.171.153.26 - - [28/Dec/2022:12:36:10 -0300] "GET /cormun/static/PXToolsJavascripts/pexe_tabs.js HTTP/1.1" 200 3748
190.171.153.26 - - [28/Dec/2022:12:36:10 -0300] "GET /cormun/static/PXToolsJavascripts/pexe_upload.js HTTP/1.1" 200 1423
190.171.153.26 - - [28/Dec/2022:12:36:10 -0300] "GET /cormun/static/PXToolsJavascripts/PXToolsJavascriptsRender.js HTTP/1.1" 200 367
190.171.153.26 - - [28/Dec/2022:12:36:10 -0300] "GET /cormun/static/RunJS/RunJS.js HTTP/1.1" 200 288
190.171.153.26 - - [28/Dec/2022:12:36:10 -0300] "GET /cormun/static/hwchdr01.js?20201214473739 HTTP/1.1" 200 996
190.171.153.26 - - [28/Dec/2022:12:36:10 -0300] "GET /cormun/static/Shared/ext/locale/ext-lang-en.js HTTP/1.1" 200 10940
190.171.153.26 - - [28/Dec/2022:12:36:10 -0300] "GET /cormun/static/hhome.js?20201215495544 HTTP/1.1" 200 777
190.171.153.26 - - [28/Dec/2022:12:36:10 -0300] "GET /cormun/static/Resources/ImgHome.png HTTP/1.1" 200 1364
190.171.153.26 - - [28/Dec/2022:12:36:10 -0300] "GET /cormun/static/Resources/PXToolsDataTitle.png HTTP/1.1" 200 1173
190.171.153.26 - - [28/Dec/2022:12:36:10 -0300] "GET /cormun/static/Resources/Llave.png HTTP/1.1" 200 1395
190.171.153.26 - - [28/Dec/2022:12:36:10 -0300] "GET /cormun/static/Resources/ImgLogin.png HTTP/1.1" 200 1432
190.171.153.26 - - [28/Dec/2022:12:36:10 -0300] "GET /cormun/static/Resources/Logo2019_Small.png HTTP/1.1" 200 10855
190.171.153.26 - - [28/Dec/2022:12:36:10 -0300] "GET /cormun/static/hpexe_recentlink.js?20201214471090 HTTP/1.1" 200 2144
190.171.153.26 - - [28/Dec/2022:12:36:10 -0300] "GET /cormun/static/hpexe_scripts.js?20201214471411 HTTP/1.1" 200 1544
190.171.153.26 - - [28/Dec/2022:12:36:10 -0300] "GET /cormun/static/hpexe_messagecontroller.js?201991422154126 HTTP/1.1" 200 870
190.171.153.26 - - [28/Dec/2022:12:36:10 -0300] "GET /cormun/static/hpexe_messagepopupcomponent.js?2020121447232 HTTP/1.1" 200 605
190.171.153.26 - - [28/Dec/2022:12:36:10 -0300] "GET /cormun/static/hpexe_messagegenexuscomponent.js?2020121447173 HTTP/1.1" 200 587
190.171.153.26 - - [28/Dec/2022:12:36:10 -0300] "GET /cormun/static/gxui/gxui-all.js HTTP/1.1" 200 107772
190.171.153.26 - - [28/Dec/2022:12:36:10 -0300] "GET /cormun/static/cmcontrolpreferences.js?20199141926336 HTTP/1.1" 200 1375
190.171.153.26 - - [28/Dec/2022:12:36:10 -0300] "GET /cormun/static/SmoothNavMenu/resources/ddsmoothmenu.js HTTP/1.1" 200 12712
190.171.153.26 - - [28/Dec/2022:12:36:10 -0300] "GET /cormun/static/Shared/jquery/jquery-1.4.2.min.js HTTP/1.1" 200 72174
190.171.153.26 - - [28/Dec/2022:12:36:10 -0300] "GET /cormun/static/scaMessage/js/jquery.pnotify.min.js HTTP/1.1" 200 13038
190.171.153.26 - - [28/Dec/2022:12:36:10 -0300] "GET /cormun/static/SmoothNavMenu/resources/SmoothNavMenuRender.js HTTP/1.1" 200 5951
190.171.153.26 - - [28/Dec/2022:12:36:10 -0300] "GET /cormun/static/scaMessage/scaMessageRender.js HTTP/1.1" 200 11977
190.171.153.26 - - [28/Dec/2022:12:36:10 -0300] "GET /cormun/static/hmpwkw03.js?20201215501896 HTTP/1.1" 200 3973
190.171.153.26 - - [28/Dec/2022:12:36:10 -0300] "GET /cormun/static/Shared/jqueryui/jquery-ui.min.js HTTP/1.1" 200 240427
190.171.153.26 - - [28/Dec/2022:12:36:10 -0300] "GET /cormun/static/Shared/jquery/jquery-1.10.2.min.js HTTP/1.1" 200 273199
190.171.153.26 - - [28/Dec/2022:12:36:10 -0300] "GET /cormun/static/Shared/ext/ext-all.js HTTP/1.1" 200 1289687
190.171.153.26 - - [28/Dec/2022:12:36:11 -0300] "GET /cormun/static/SmoothNavMenu/resources/images/down.gif HTTP/1.1" 200 854
190.171.153.26 - - [28/Dec/2022:12:36:11 -0300] "GET /cormun/static/SmoothNavMenu/resources/images/right.gif HTTP/1.1" 200 860
190.171.153.26 - - [28/Dec/2022:12:36:11 -0300] "GET /cormun/servlet/hhome HTTP/1.1" 200 4283
190.171.143.98 - - [28/Dec/2022:12:36:15 -0300] "GET /cormun/servlet/permisogoce?e351f9de5d4e4f183d6c72983ba985e4bf8d918ab6d34163699411ade5adeafacc45493b85fbead79f5ca78b9c4bb78d78d4868d3b4c3a3ab429e9670bea2275,gx-no-cache=1672241040785 HTTP/1.1" 200 48
190.171.143.98 - - [28/Dec/2022:12:36:20 -0300] "POST /cormun/servlet/permisogoce?06c887d9c014bd42a0f0afdea53795ab,INS,0,,,,gx-no-cache=1672241045941 HTTP/1.1" 200 93
190.171.143.98 - - [28/Dec/2022:12:36:20 -0300] "GET /cormun/servlet/hpexe_return? HTTP/1.1" 200 1008
190.171.143.98 - - [28/Dec/2022:12:36:21 -0300] "GET /cormun/servlet/trpermisosgoce HTTP/1.1" 200 12265
190.171.143.98 - - [28/Dec/2022:12:36:21 -0300] "GET /cormun/servlet/trpermisosgoce HTTP/1.1" 200 12258
190.171.153.26 - - [28/Dec/2022:12:36:23 -0300] "GET /cormun/servlet/trautorizarsolicitud? HTTP/1.1" 200 7396
190.171.153.26 - - [28/Dec/2022:12:36:23 -0300] "GET /cormun/static/gxui/gxui-all.css?110300 HTTP/1.1" 200 2179
190.171.153.26 - - [28/Dec/2022:12:36:23 -0300] "GET /cormun/static/calendar-system.css?75620 HTTP/1.1" 200 5572
190.171.153.26 - - [28/Dec/2022:12:36:23 -0300] "GET /cormun/static/calendar-setup.js?85251 HTTP/1.1" 200 2588
190.171.153.26 - - [28/Dec/2022:12:36:23 -0300] "GET /cormun/static/gxcfg.js?201991422414522 HTTP/1.1" 200 953
190.171.153.26 - - [28/Dec/2022:12:36:23 -0300] "GET /cormun/static/calendar.js?85251 HTTP/1.1" 200 26246
190.171.153.26 - - [28/Dec/2022:12:36:23 -0300] "GET /cormun/static/calendar-es.js?85251 HTTP/1.1" 200 1901
190.171.153.26 - - [28/Dec/2022:12:36:23 -0300] "GET /cormun/static/gxdec.js?85251 HTTP/1.1" 200 19579
190.171.153.26 - - [28/Dec/2022:12:36:23 -0300] "GET /cormun/static/trautorizarsolicitud.js?201991422415463 HTTP/1.1" 200 53910
