190.171.149.82 - - [27/Dec/2022:10:54:34 -0300] "GET /cormun/static/Shared/jqueryui/images/ui-bg_highlight-soft_100_c6c2c8_1x100.png HTTP/1.1" 404 1117
190.171.149.82 - - [27/Dec/2022:10:54:34 -0300] "GET /cormun/static/Shared/jqueryui/images/ui-icons_82798d_256x240.png HTTP/1.1" 404 1089
190.171.149.82 - - [27/Dec/2022:10:54:34 -0300] "GET /cormun/static/Shared/jqueryui/images/ui-icons_ebccce_256x240.png HTTP/1.1" 404 1089
190.171.149.82 - - [27/Dec/2022:10:54:34 -0300] "GET /cormun/static/Shared/jqueryui/images/ui-bg_flat_55_994d53_40x100.png HTTP/1.1" 404 1097
190.171.142.42 - - [27/Dec/2022:10:54:36 -0300] "GET /cormun/servlet/puconsultapgoce?16532754,MD,gxPopupLevel%3D0%3B HTTP/1.1" 200 4462
190.171.142.42 - - [27/Dec/2022:10:54:36 -0300] "GET /cormun/pexe_cookies.js HTTP/1.1" 404 1005
190.171.142.42 - - [27/Dec/2022:10:54:36 -0300] "GET /cormun/pexe_grid.js HTTP/1.1" 404 999
190.171.142.42 - - [27/Dec/2022:10:54:36 -0300] "GET /cormun/pexe_link.js HTTP/1.1" 404 999
190.171.142.42 - - [27/Dec/2022:10:54:36 -0300] "GET /cormun/pexe_griddivfix.js HTTP/1.1" 404 1011
190.171.142.42 - - [27/Dec/2022:10:54:36 -0300] "GET /cormun/pexe_picture.js HTTP/1.1" 404 1005
190.171.142.42 - - [27/Dec/2022:10:54:36 -0300] "GET /cormun/pexe_menus.js HTTP/1.1" 404 1001
190.171.142.42 - - [27/Dec/2022:10:54:36 -0300] "GET /cormun/pexe_windows.js HTTP/1.1" 404 1005
190.171.142.42 - - [27/Dec/2022:10:54:36 -0300] "GET /cormun/pexe_layers.js HTTP/1.1" 404 1003
190.171.142.42 - - [27/Dec/2022:10:54:36 -0300] "GET /cormun/pexe_treedivfix.js HTTP/1.1" 404 1011
190.171.142.42 - - [27/Dec/2022:10:54:36 -0300] "GET /cormun/pexe_menudivfix.js HTTP/1.1" 404 1011
190.171.142.42 - - [27/Dec/2022:10:54:36 -0300] "GET /cormun/pexe_tabdivfix.js HTTP/1.1" 404 1009
190.171.142.42 - - [27/Dec/2022:10:54:36 -0300] "GET /cormun/pexe_autoreload.js HTTP/1.1" 404 1011
190.171.149.82 - - [27/Dec/2022:10:54:36 -0300] "GET /cormun/servlet/permisogoce?aa3f79c167bbf7426f8b26990a9aa164a3fdedc8227c6d9b9f9902f5a459b07d155c7160a8fd3f970e435d16915c0f998a0ddff65ad13d393c409ba3a5763364680773fc53d9bb5cb391e216be5e53d5cd59e50fb93794102a75382e9d2a2500f61d304f5ea9bd85289315ec1622b7ff680773fc53d9bb5cb391e216be5e53d5cd59e50fb93794102a75382e9d2a250083b0bb23367cf059e5fcb0677886b0e2f2337b526091369037242218faf6c053a9734b4d4abbccdcc94fdf51e35a0e5d54110b55530f310fd3139d83bfd72b09,gx-no-cache=1672152036511 HTTP/1.1" 200 80
190.171.149.82 - - [27/Dec/2022:10:54:36 -0300] "GET /cormun/static/menuarrow.gif HTTP/1.1" 404 1015
190.171.149.82 - - [27/Dec/2022:10:54:42 -0300] "GET /cormun/servlet/permisogoce?aa3f79c167bbf7426f8b26990a9aa1643cd56b41b02a1ebd1d719a5499d7b1f1e4da73ba82268437479250b2351f85172dd05c520ac715fa61a73d0dc8c611aa,gx-no-cache=1672152042596 HTTP/1.1" 200 47
190.171.142.42 - - [27/Dec/2022:10:54:43 -0300] "GET /cormun/servlet/permisogoce?cb851574f1d041e27863538af24a7470780eb63a5ef0001248b0f0b16d95ff40d4b0a3144d2ffff555c8dd5d4af9b611c34cec77f7d6ae442fc3c9ada22830528f3310c2ee06e7533045f1fa586927505e4016d15a4e3bce6b7bc4e663ebaf982b4a680abff364ce702752ab93e0ca28c34cec77f7d6ae442fc3c9ada22830528f3310c2ee06e7533045f1fa586927506d5e915e34772d1de1b711fdeab2ca9ad74f31b6608ea11d7c8272444528984db3cd82615cb5afe3925c4a80683759daea4fef2fb10613169edf1559ecb23b37,gx-no-cache=1672148383762 HTTP/1.1" 200 85
190.171.142.42 - - [27/Dec/2022:10:54:43 -0300] "GET /cormun/static/menuarrow.gif HTTP/1.1" 404 1015
190.171.142.50 - - [27/Dec/2022:10:54:43 -0300] "GET /cormun/servlet/trlicencias? HTTP/1.1" 200 7240
190.171.142.50 - - [27/Dec/2022:10:54:43 -0300] "GET /cormun/servlet/hlogin HTTP/1.1" 200 1739
190.171.142.50 - - [27/Dec/2022:10:54:44 -0300] "GET /cormun/servlet/trlicencias? HTTP/1.1" 200 7233
190.171.149.82 - - [27/Dec/2022:10:54:45 -0300] "POST /cormun/servlet/permisogoce?38ac20c33d34acf96e8f6e4c912184c1,INS,0,,,,gx-no-cache=1672152045319 HTTP/1.1" 200 93
190.171.149.82 - - [27/Dec/2022:10:54:45 -0300] "GET /cormun/servlet/hpexe_return? HTTP/1.1" 200 1012
190.171.149.82 - - [27/Dec/2022:10:54:45 -0300] "GET /cormun/servlet/trpermisosgoce HTTP/1.1" 200 13218
190.171.149.82 - - [27/Dec/2022:10:54:46 -0300] "GET /cormun/servlet/trpermisosgoce HTTP/1.1" 200 13223
190.171.149.82 - - [27/Dec/2022:10:54:47 -0300] "GET /cormun/servlet/permisogoce?INS,0,,, HTTP/1.1" 200 6770
190.171.149.82 - - [27/Dec/2022:10:54:48 -0300] "GET /cormun/servlet/permisogoce?INS,0,,, HTTP/1.1" 200 6770
190.171.142.50 - - [27/Dec/2022:10:54:50 -0300] "POST /cormun/servlet/hlogin?c124e1b036df1f36e3128fe646c81e61,gx-no-cache=1672150686280 HTTP/1.1" 200 90
190.171.142.50 - - [27/Dec/2022:10:54:50 -0300] "GET /cormun/servlet/hpexe_link HTTP/1.1" 200 955
190.171.142.50 - - [27/Dec/2022:10:54:50 -0300] "GET /cormun/servlet/trlicencias HTTP/1.1" 200 10877
190.171.142.50 - - [27/Dec/2022:10:54:50 -0300] "GET /cormun/servlet/trlicencias HTTP/1.1" 200 10872
190.171.149.82 - - [27/Dec/2022:10:54:58 -0300] "POST /cormun/servlet/permisogoce?38ac20c33d34acf96e8f6e4c912184c1,INS,0,,,,gx-no-cache=1672152058791 HTTP/1.1" 200 4487
190.171.149.82 - - [27/Dec/2022:10:54:58 -0300] "GET /cormun/static/Shared/jqueryui/images/ui-bg_highlight-soft_100_c6c2c8_1x100.png HTTP/1.1" 404 1117
190.171.149.82 - - [27/Dec/2022:10:54:58 -0300] "GET /cormun/static/Shared/jqueryui/images/ui-bg_flat_55_994d53_40x100.png HTTP/1.1" 404 1097
190.171.149.82 - - [27/Dec/2022:10:54:58 -0300] "GET /cormun/static/Shared/jqueryui/images/ui-icons_ebccce_256x240.png HTTP/1.1" 404 1089
190.171.149.82 - - [27/Dec/2022:10:54:58 -0300] "GET /cormun/static/Shared/jqueryui/images/ui-icons_82798d_256x240.png HTTP/1.1" 404 1089
190.171.149.82 - - [27/Dec/2022:10:55:00 -0300] "GET /cormun/servlet/permisogoce?aa3f79c167bbf7426f8b26990a9aa1644d356ea0d936d035f99d5ccdde95c881081ebe5e4938e4136b69644ae83dd1ce8a0ddff65ad13d393c409ba3a5763364680773fc53d9bb5cb391e216be5e53d5cd59e50fb93794102a75382e9d2a250027656910b4b995e83012ae98ed018ca0680773fc53d9bb5cb391e216be5e53d5cd59e50fb93794102a75382e9d2a25008a0ddff65ad13d393c409ba3a5763364d4662153e51305e80fc75fd9a32d9815c7c2cf1294ecba3b2a0a278ebc8bdca2b4d7345dbcfb578b82c4a7dd38c6d7c53ef2136f7c86f9ae4bfd3408b3d357dd,gx-no-cache=1672152060495 HTTP/1.1" 200 79
190.171.149.82 - - [27/Dec/2022:10:55:00 -0300] "GET /cormun/static/menuarrow.gif HTTP/1.1" 404 1015
190.171.149.82 - - [27/Dec/2022:10:55:05 -0300] "GET /cormun/servlet/permisogoce?aa3f79c167bbf7426f8b26990a9aa16458b6283b19c10180eddaa3777d9d421aeed17550d1a723b1c1804e047b05e9d47657836e7c2fe07a0243073e55e08c37,gx-no-cache=1672152065692 HTTP/1.1" 200 47
190.171.149.82 - - [27/Dec/2022:10:55:07 -0300] "GET /cormun/servlet/puconsultapgoce?10568448,MD,gxPopupLevel%3D0%3B HTTP/1.1" 200 4292
190.171.149.82 - - [27/Dec/2022:10:55:07 -0300] "GET /cormun/pexe_layers.js HTTP/1.1" 404 1003
190.171.149.82 - - [27/Dec/2022:10:55:07 -0300] "GET /cormun/pexe_link.js HTTP/1.1" 404 999
190.171.149.82 - - [27/Dec/2022:10:55:07 -0300] "GET /cormun/pexe_windows.js HTTP/1.1" 404 1005
190.171.149.82 - - [27/Dec/2022:10:55:07 -0300] "GET /cormun/pexe_menus.js HTTP/1.1" 404 1001
190.171.149.82 - - [27/Dec/2022:10:55:07 -0300] "GET /cormun/pexe_cookies.js HTTP/1.1" 404 1005
190.171.149.82 - - [27/Dec/2022:10:55:07 -0300] "GET /cormun/pexe_grid.js HTTP/1.1" 404 999
190.171.149.82 - - [27/Dec/2022:10:55:07 -0300] "GET /cormun/pexe_griddivfix.js HTTP/1.1" 404 1011
190.171.149.82 - - [27/Dec/2022:10:55:07 -0300] "GET /cormun/pexe_picture.js HTTP/1.1" 404 1005
190.171.149.82 - - [27/Dec/2022:10:55:07 -0300] "GET /cormun/pexe_treedivfix.js HTTP/1.1" 404 1011
190.171.149.82 - - [27/Dec/2022:10:55:07 -0300] "GET /cormun/pexe_autoreload.js HTTP/1.1" 404 1011
190.171.149.82 - - [27/Dec/2022:10:55:07 -0300] "GET /cormun/pexe_menudivfix.js HTTP/1.1" 404 1011
190.171.149.82 - - [27/Dec/2022:10:55:07 -0300] "GET /cormun/pexe_tabdivfix.js HTTP/1.1" 404 1009
190.171.149.82 - - [27/Dec/2022:10:55:10 -0300] "POST /cormun/servlet/permisogoce?38ac20c33d34acf96e8f6e4c912184c1,INS,0,,,,gx-no-cache=1672152070518 HTTP/1.1" 200 93
190.171.149.82 - - [27/Dec/2022:10:55:10 -0300] "GET /cormun/servlet/hpexe_return? HTTP/1.1" 200 1012
190.171.149.82 - - [27/Dec/2022:10:55:10 -0300] "GET /cormun/servlet/trpermisosgoce HTTP/1.1" 200 13503
190.171.149.82 - - [27/Dec/2022:10:55:11 -0300] "GET /cormun/servlet/trpermisosgoce HTTP/1.1" 200 13503
190.171.149.82 - - [27/Dec/2022:10:55:12 -0300] "GET /cormun/servlet/permisogoce?INS,0,,, HTTP/1.1" 200 6771
190.171.149.82 - - [27/Dec/2022:10:55:13 -0300] "GET /cormun/servlet/permisogoce?INS,0,,, HTTP/1.1" 200 6770
190.171.149.82 - - [27/Dec/2022:10:55:21 -0300] "POST /cormun/servlet/permisogoce?38ac20c33d34acf96e8f6e4c912184c1,INS,0,,,,gx-no-cache=1672152082112 HTTP/1.1" 200 4487
190.171.149.82 - - [27/Dec/2022:10:55:21 -0300] "GET /cormun/static/Shared/jqueryui/images/ui-bg_highlight-soft_100_c6c2c8_1x100.png HTTP/1.1" 404 1117
190.171.149.82 - - [27/Dec/2022:10:55:21 -0300] "GET /cormun/static/Shared/jqueryui/images/ui-icons_82798d_256x240.png HTTP/1.1" 404 1089
190.171.149.82 - - [27/Dec/2022:10:55:21 -0300] "GET /cormun/static/Shared/jqueryui/images/ui-bg_flat_55_994d53_40x100.png HTTP/1.1" 404 1097
190.171.149.82 - - [27/Dec/2022:10:55:21 -0300] "GET /cormun/static/Shared/jqueryui/images/ui-icons_ebccce_256x240.png HTTP/1.1" 404 1089
190.171.149.82 - - [27/Dec/2022:10:55:23 -0300] "GET /cormun/servlet/permisogoce?aa3f79c167bbf7426f8b26990a9aa16483148792d8db8b03a7eec2b5a8be828b6b5ecc1773700dac7247bc6ea6de527e8a0ddff65ad13d393c409ba3a5763364680773fc53d9bb5cb391e216be5e53d5cd59e50fb93794102a75382e9d2a2500ca8f4c59abcdb361bd0fafc52fbd93b3cd59e50fb93794102a75382e9d2a25008a0ddff65ad13d393c409ba3a5763364680773fc53d9bb5cb391e216be5e53d580a958093ac944dff9ee6024a6212381763bf95953eeaccd30f78bcfc144dcf422fa605537e741a5d5f69b07477404e1731bf6a73a99e412f51c3dcf48fe7137,gx-no-cache=1672152084087 HTTP/1.1" 200 81
190.171.149.82 - - [27/Dec/2022:10:55:23 -0300] "GET /cormun/static/menuarrow.gif HTTP/1.1" 404 1015
190.171.142.42 - - [27/Dec/2022:10:55:26 -0300] "GET /cormun/servlet/permisogoce?cb851574f1d041e27863538af24a7470a16902f32cfd29830a8dcba332741093717d271e32c44404360e67d52e07e8386c5cf37beefa8ac8b51c836cec0b0ee7,gx-no-cache=1672148427386 HTTP/1.1" 200 48
190.171.149.82 - - [27/Dec/2022:10:55:29 -0300] "GET /cormun/servlet/permisogoce?aa3f79c167bbf7426f8b26990a9aa164adfc1265d4be35368c1f61bc5cbc8e97c4a517281f35c32d28f074912381fda77657836e7c2fe07a0243073e55e08c37,gx-no-cache=1672152090164 HTTP/1.1" 200 47
190.171.142.42 - - [27/Dec/2022:10:55:30 -0300] "POST /cormun/servlet/permisogoce?2c5657f6e546d1e7a415031f3b3c4b93,INS,0,,,,gx-no-cache=1672148430335 HTTP/1.1" 200 93
190.171.142.42 - - [27/Dec/2022:10:55:30 -0300] "GET /cormun/servlet/hpexe_return? HTTP/1.1" 200 1008
190.171.142.42 - - [27/Dec/2022:10:55:30 -0300] "GET /cormun/servlet/trpermisosgoce HTTP/1.1" 200 18646
190.171.142.42 - - [27/Dec/2022:10:55:31 -0300] "GET /cormun/servlet/trpermisosgoce HTTP/1.1" 200 18607
190.171.149.82 - - [27/Dec/2022:10:55:33 -0300] "POST /cormun/servlet/permisogoce?38ac20c33d34acf96e8f6e4c912184c1,INS,0,,,,gx-no-cache=1672152093503 HTTP/1.1" 200 93
190.171.149.82 - - [27/Dec/2022:10:55:33 -0300] "GET /cormun/servlet/hpexe_return? HTTP/1.1" 200 1012
190.171.142.42 - - [27/Dec/2022:10:55:33 -0300] "GET /cormun/servlet/permisogoce?INS,0,,, HTTP/1.1" 200 7059
190.171.149.82 - - [27/Dec/2022:10:55:33 -0300] "GET /cormun/servlet/trpermisosgoce HTTP/1.1" 200 13687
190.171.142.42 - - [27/Dec/2022:10:55:34 -0300] "GET /cormun/servlet/permisogoce?INS,0,,, HTTP/1.1" 200 7059
190.171.149.82 - - [27/Dec/2022:10:55:34 -0300] "GET /cormun/servlet/trpermisosgoce HTTP/1.1" 200 13670
190.171.149.82 - - [27/Dec/2022:10:55:36 -0300] "GET /cormun/servlet/permisogoce?INS,0,,, HTTP/1.1" 200 6771
190.171.149.82 - - [27/Dec/2022:10:55:36 -0300] "GET /cormun/servlet/permisogoce?INS,0,,, HTTP/1.1" 200 6770
190.171.142.42 - - [27/Dec/2022:10:55:43 -0300] "POST /cormun/servlet/permisogoce?2c5657f6e546d1e7a415031f3b3c4b93,INS,0,,,,gx-no-cache=1672148443887 HTTP/1.1" 200 4757
190.171.142.42 - - [27/Dec/2022:10:55:43 -0300] "GET /cormun/static/Shared/jqueryui/images/ui-bg_highlight-soft_100_c6c2c8_1x100.png HTTP/1.1" 404 1117
190.171.142.42 - - [27/Dec/2022:10:55:43 -0300] "GET /cormun/static/Shared/jqueryui/images/ui-icons_82798d_256x240.png HTTP/1.1" 404 1089
190.171.142.42 - - [27/Dec/2022:10:55:43 -0300] "GET /cormun/static/Shared/jqueryui/images/ui-bg_flat_55_994d53_40x100.png HTTP/1.1" 404 1097
190.171.142.42 - - [27/Dec/2022:10:55:43 -0300] "GET /cormun/static/Shared/jqueryui/images/ui-icons_ebccce_256x240.png HTTP/1.1" 404 1089
190.171.149.82 - - [27/Dec/2022:10:55:46 -0300] "POST /cormun/servlet/permisogoce?38ac20c33d34acf96e8f6e4c912184c1,INS,0,,,,gx-no-cache=1672152106943 HTTP/1.1" 200 4485
190.171.149.82 - - [27/Dec/2022:10:55:46 -0300] "GET /cormun/static/Shared/jqueryui/images/ui-bg_highlight-soft_100_c6c2c8_1x100.png HTTP/1.1" 404 1117
190.171.149.82 - - [27/Dec/2022:10:55:46 -0300] "GET /cormun/static/Shared/jqueryui/images/ui-bg_flat_55_994d53_40x100.png HTTP/1.1" 404 1097
190.171.149.82 - - [27/Dec/2022:10:55:46 -0300] "GET /cormun/static/Shared/jqueryui/images/ui-icons_82798d_256x240.png HTTP/1.1" 404 1089
190.171.149.82 - - [27/Dec/2022:10:55:46 -0300] "GET /cormun/static/Shared/jqueryui/images/ui-icons_ebccce_256x240.png HTTP/1.1" 404 1089
190.171.149.82 - - [27/Dec/2022:10:55:49 -0300] "GET /cormun/servlet/permisogoce?aa3f79c167bbf7426f8b26990a9aa164dde90fa01fe5f7e79ffe2544ff6b7a8515f45dc2196dd4beab7b04a7bbc01602cd59e50fb93794102a75382e9d2a25008a0ddff65ad13d393c409ba3a5763364680bda3913fd48aa65eeea0b350e50a9a754c35c72b3288b35bade5359eb4f178a0ddff65ad13d393c409ba3a5763364680773fc53d9bb5cb391e216be5e53d5b62565389e0561fa03a9d33e8ef5507e52d7379874bf2577f4042a291ff237b1f2c25153c789488a25f2fc8675cbd3f3339cf1f3353e7d920e5c3e6b67c0e44a,gx-no-cache=1672152110167 HTTP/1.1" 200 81
190.171.149.82 - - [27/Dec/2022:10:55:49 -0300] "GET /cormun/static/menuarrow.gif HTTP/1.1" 404 1015
190.171.149.82 - - [27/Dec/2022:10:55:56 -0300] "GET /cormun/servlet/permisogoce?aa3f79c167bbf7426f8b26990a9aa164c6a3c4635c55d2604c25a26eb5db792b7f976e4d433171dc642ec33c6b5e2aad311bfa3a2d9d581690586db0dfadfefc,gx-no-cache=1672152117276 HTTP/1.1" 200 48
190.171.149.82 - - [27/Dec/2022:10:56:00 -0300] "POST /cormun/servlet/permisogoce?38ac20c33d34acf96e8f6e4c912184c1,INS,0,,,,gx-no-cache=1672152120055 HTTP/1.1" 200 93
190.171.149.82 - - [27/Dec/2022:10:56:00 -0300] "GET /cormun/servlet/hpexe_return? HTTP/1.1" 200 1012
190.171.149.82 - - [27/Dec/2022:10:56:00 -0300] "GET /cormun/servlet/trpermisosgoce HTTP/1.1" 200 13872
190.171.149.82 - - [27/Dec/2022:10:56:00 -0300] "GET /cormun/servlet/trpermisosgoce HTTP/1.1" 200 13872
190.171.149.82 - - [27/Dec/2022:10:56:04 -0300] "GET /cormun/servlet/permisogoce?INS,0,,, HTTP/1.1" 200 6771
190.171.149.82 - - [27/Dec/2022:10:56:04 -0300] "GET /cormun/servlet/permisogoce?INS,0,,, HTTP/1.1" 200 6770
181.212.42.153 - - [27/Dec/2022:10:56:31 -0300] "GET /cormun/servlet/hlogin HTTP/1.1" 200 1725
190.171.149.82 - - [27/Dec/2022:10:56:33 -0300] "POST /cormun/servlet/permisogoce?38ac20c33d34acf96e8f6e4c912184c1,INS,0,,,,gx-no-cache=1672152153247 HTTP/1.1" 200 4483
190.171.149.82 - - [27/Dec/2022:10:56:33 -0300] "GET /cormun/static/Shared/jqueryui/images/ui-bg_highlight-soft_100_c6c2c8_1x100.png HTTP/1.1" 404 1117
190.171.149.82 - - [27/Dec/2022:10:56:33 -0300] "GET /cormun/static/Shared/jqueryui/images/ui-bg_flat_55_994d53_40x100.png HTTP/1.1" 404 1097
190.171.149.82 - - [27/Dec/2022:10:56:33 -0300] "GET /cormun/static/Shared/jqueryui/images/ui-icons_ebccce_256x240.png HTTP/1.1" 404 1089
190.171.149.82 - - [27/Dec/2022:10:56:33 -0300] "GET /cormun/static/Shared/jqueryui/images/ui-icons_82798d_256x240.png HTTP/1.1" 404 1089
190.171.149.82 - - [27/Dec/2022:10:56:34 -0300] "GET /cormun/servlet/permisogoce?aa3f79c167bbf7426f8b26990a9aa1643b623745f1977d214e1409c5a86ea9fb18417d357b3c97b0e44c0aabb11a24c0680773fc53d9bb5cb391e216be5e53d5cd59e50fb93794102a75382e9d2a25008a0ddff65ad13d393c409ba3a5763364f920f7ab1ab359affc5ea478898d6211680773fc53d9bb5cb391e216be5e53d5cd59e50fb93794102a75382e9d2a25008a0ddff65ad13d393c409ba3a5763364698d491ab042636bd6975b0634c38d8fa8be50f0e0790d714f0b90cd1931513d72502022c708abebf2d21e37664e1a14,gx-no-cache=1672152154998 HTTP/1.1" 200 77
190.171.149.82 - - [27/Dec/2022:10:56:34 -0300] "GET /cormun/static/menuarrow.gif HTTP/1.1" 404 1015
190.171.149.82 - - [27/Dec/2022:10:56:43 -0300] "GET /cormun/servlet/permisogoce?aa3f79c167bbf7426f8b26990a9aa1648fa62d63dcb9a6b6bd47b903d82b46770f0668e6dae3832f19660391efc71d2e7657836e7c2fe07a0243073e55e08c37,gx-no-cache=1672152163692 HTTP/1.1" 200 47
181.212.42.153 - - [27/Dec/2022:10:56:45 -0300] "POST /cormun/servlet/hlogin?47f166fa33ce5f4c0c051bfa46857604,gx-no-cache=1672148524709 HTTP/1.1" 200 431
190.171.149.82 - - [27/Dec/2022:10:56:46 -0300] "POST /cormun/servlet/permisogoce?38ac20c33d34acf96e8f6e4c912184c1,INS,0,,,,gx-no-cache=1672152166687 HTTP/1.1" 200 93
190.171.149.82 - - [27/Dec/2022:10:56:46 -0300] "GET /cormun/servlet/hpexe_return? HTTP/1.1" 200 1012
190.171.149.82 - - [27/Dec/2022:10:56:46 -0300] "GET /cormun/servlet/trpermisosgoce HTTP/1.1" 200 14012
190.171.149.82 - - [27/Dec/2022:10:56:47 -0300] "GET /cormun/servlet/trpermisosgoce HTTP/1.1" 200 14054
190.171.142.42 - - [27/Dec/2022:10:56:51 -0300] "GET /cormun/servlet/permisogoce?cb851574f1d041e27863538af24a7470780eb63a5ef0001248b0f0b16d95ff40d4b0a3144d2ffff555c8dd5d4af9b611c34cec77f7d6ae442fc3c9ada22830528f3310c2ee06e7533045f1fa586927505e4016d15a4e3bce6b7bc4e663ebaf982b4a680abff364ce702752ab93e0ca28c34cec77f7d6ae442fc3c9ada22830528f3310c2ee06e7533045f1fa586927506d5e915e34772d1de1b711fdeab2ca9ad74f31b6608ea11d7c8272444528984db3cd82615cb5afe3925c4a80683759da58d9e412c10e70bc0507ffbe38143dfd,gx-no-cache=1672148511677 HTTP/1.1" 200 85
190.171.142.42 - - [27/Dec/2022:10:56:51 -0300] "GET /cormun/static/menuarrow.gif HTTP/1.1" 404 1015
181.212.42.153 - - [27/Dec/2022:10:56:53 -0300] "POST /cormun/servlet/hlogin?47f166fa33ce5f4c0c051bfa46857604,gx-no-cache=1672148532420 HTTP/1.1" 200 90
181.212.42.153 - - [27/Dec/2022:10:56:53 -0300] "GET /cormun/servlet/hpexe_link HTTP/1.1" 200 952
181.212.42.153 - - [27/Dec/2022:10:56:54 -0300] "GET /cormun/servlet/hhome HTTP/1.1" 200 4338
181.212.42.153 - - [27/Dec/2022:10:56:55 -0300] "GET /cormun/servlet/hhome HTTP/1.1" 200 4334
190.171.142.42 - - [27/Dec/2022:10:56:59 -0300] "GET /cormun/servlet/permisogoce?cb851574f1d041e27863538af24a7470a16902f32cfd29830a8dcba3327410931c4d4de19da7fb60a1efbe1a849e23f28776f82c5524adf05c89c93c65f0b986,gx-no-cache=1672148519420 HTTP/1.1" 200 48
181.212.42.153 - - [27/Dec/2022:10:56:59 -0300] "GET /cormun/servlet/trlicencias? HTTP/1.1" 200 19076
181.212.42.153 - - [27/Dec/2022:10:57:00 -0300] "GET /cormun/servlet/trlicencias? HTTP/1.1" 200 19054
190.171.142.42 - - [27/Dec/2022:10:57:01 -0300] "POST /cormun/servlet/permisogoce?2c5657f6e546d1e7a415031f3b3c4b93,INS,0,,,,gx-no-cache=1672148521772 HTTP/1.1" 200 93
190.171.142.42 - - [27/Dec/2022:10:57:01 -0300] "GET /cormun/servlet/hpexe_return? HTTP/1.1" 200 1008
190.171.142.42 - - [27/Dec/2022:10:57:02 -0300] "GET /cormun/servlet/trpermisosgoce HTTP/1.1" 200 18534
190.171.142.42 - - [27/Dec/2022:10:57:02 -0300] "GET /cormun/servlet/trpermisosgoce HTTP/1.1" 200 18537
190.171.149.82 - - [27/Dec/2022:10:57:08 -0300] "GET /cormun/servlet/apermisogoceprn?14272425,P,20221227103519,PU HTTP/1.1" 200 1656
190.171.149.82 - - [27/Dec/2022:10:57:08 -0300] "GET /cormun/servlet/apermisogoceprn?14272425,P,20221227103519,PU HTTP/1.1" 200 1662
190.171.149.82 - - [27/Dec/2022:10:57:26 -0300] "GET /cormun/servlet/apermisogoceprn?8721006,P,20221227103550,PU HTTP/1.1" 200 1652
190.171.149.82 - - [27/Dec/2022:10:57:26 -0300] "GET /cormun/servlet/apermisogoceprn?8721006,P,20221227103550,PU HTTP/1.1" 200 1655
190.171.149.82 - - [27/Dec/2022:10:57:38 -0300] "GET /cormun/servlet/apermisogoceprn?19860909,P,20221227103857,PU HTTP/1.1" 200 1654
190.171.149.82 - - [27/Dec/2022:10:57:38 -0300] "GET /cormun/servlet/apermisogoceprn?19860909,P,20221227103857,PU HTTP/1.1" 200 1654
181.212.43.89 - - [27/Dec/2022:10:57:46 -0300] "GET /cormun/servlet/permisogoce?INS,0,,, HTTP/1.1" 200 6882
181.212.43.89 - - [27/Dec/2022:10:57:47 -0300] "GET /cormun/servlet/permisogoce?INS,0,,, HTTP/1.1" 200 6860
190.171.149.82 - - [27/Dec/2022:10:57:50 -0300] "GET /cormun/servlet/apermisogoceprn?20372747,P,20221227104016,PU HTTP/1.1" 200 1648
190.171.149.82 - - [27/Dec/2022:10:57:50 -0300] "GET /cormun/servlet/apermisogoceprn?20372747,P,20221227104016,PU HTTP/1.1" 200 1652
181.212.43.89 - - [27/Dec/2022:10:57:52 -0300] "GET /cormun/servlet/permisogoce?9d7ff1eac73e9b100549280875ef5269678b2fd40f0bca054cdefdfd90653ebcc7a17b004bb3cf723a46b933e8f894a5f28e88668e18cafe44655dd8950bfa76,gx-no-cache=1672148575244 HTTP/1.1" 200 80
181.212.43.89 - - [27/Dec/2022:10:57:55 -0300] "GET /cormun/static/menuarrow.gif HTTP/1.1" 404 1015
181.212.43.89 - - [27/Dec/2022:10:57:58 -0300] "GET /cormun/servlet/permisogoce?9d7ff1eac73e9b100549280875ef52690479c7f06185bfb36b2ddfd9cd7c3c1b3b92b71f4f583d98b8f1d8bdb050e19b0928d091b07ac3502e84f2863ec3f66e,gx-no-cache=1672148581316 HTTP/1.1" 200 49
181.212.43.89 - - [27/Dec/2022:10:58:01 -0300] "POST /cormun/servlet/permisogoce?0057c0090131bf105a299ce27b04ff97,INS,0,,,,gx-no-cache=1672148583607 HTTP/1.1" 200 93
181.212.43.89 - - [27/Dec/2022:10:58:01 -0300] "GET /cormun/servlet/hpexe_return? HTTP/1.1" 200 1027
181.212.43.89 - - [27/Dec/2022:10:58:01 -0300] "GET /cormun/servlet/trpermisosgoce?gx-no-cache=1672140731073 HTTP/1.1" 200 18458
190.171.149.82 - - [27/Dec/2022:10:58:02 -0300] "GET /cormun/servlet/apermisogoceprn?8141861,P,20221227104039,PU HTTP/1.1" 200 1658
190.171.149.82 - - [27/Dec/2022:10:58:02 -0300] "GET /cormun/servlet/apermisogoceprn?8141861,P,20221227104039,PU HTTP/1.1" 200 1654
181.212.43.89 - - [27/Dec/2022:10:58:02 -0300] "GET /cormun/servlet/trpermisosgoce?gx-no-cache=1672140731073 HTTP/1.1" 200 18438
181.212.43.89 - - [27/Dec/2022:10:58:07 -0300] "GET /cormun/servlet/apermisogoceprn?11435718,P,20221227104250,PU HTTP/1.1" 200 1676
181.212.43.89 - - [27/Dec/2022:10:58:13 -0300] "GET /cormun/servlet/trpermisosadjuntos?11435718,20221227104250,P, HTTP/1.1" 200 6338
181.212.43.89 - - [27/Dec/2022:10:58:13 -0300] "GET /cormun/servlet/trpermisosadjuntos?11435718,20221227104250,P, HTTP/1.1" 200 6318
181.212.43.89 - - [27/Dec/2022:10:58:14 -0300] "GET /cormun/servlet/permisosadjuntos?INS,11435718,P,20221227104250,, HTTP/1.1" 200 5637
181.212.43.89 - - [27/Dec/2022:10:58:15 -0300] "GET /cormun/static/about:blank HTTP/1.1" 404 1011
181.212.43.89 - - [27/Dec/2022:10:58:15 -0300] "GET /cormun/servlet/permisosadjuntos?INS,11435718,P,20221227104250,, HTTP/1.1" 200 5627
190.171.149.82 - - [27/Dec/2022:10:58:15 -0300] "GET /cormun/servlet/apermisogoceprn?10337394,P,20221227104107,PU HTTP/1.1" 200 1661
190.171.149.82 - - [27/Dec/2022:10:58:15 -0300] "GET /cormun/servlet/apermisogoceprn?10337394,P,20221227104107,PU HTTP/1.1" 200 1658
190.171.149.82 - - [27/Dec/2022:10:58:28 -0300] "GET /cormun/servlet/apermisogoceprn?13098058,P,20221227102659,PU HTTP/1.1" 200 1663
190.171.149.82 - - [27/Dec/2022:10:58:28 -0300] "GET /cormun/servlet/apermisogoceprn?13098058,P,20221227102659,PU HTTP/1.1" 200 1669
190.171.142.42 - - [27/Dec/2022:10:58:30 -0300] "GET /cormun/servlet/permisogoce?INS,0,,, HTTP/1.1" 200 7059
190.171.142.42 - - [27/Dec/2022:10:58:30 -0300] "GET /cormun/servlet/permisogoce?INS,0,,, HTTP/1.1" 200 7059
181.212.43.89 - - [27/Dec/2022:10:58:30 -0300] "POST /cormun/servlet/permisosadjuntos?0057c0090131bf105a299ce27b04ff97,INS,11435718,P,20221227104250,, HTTP/1.1" 200 116
181.212.43.89 - - [27/Dec/2022:10:58:30 -0300] "GET /cormun/servlet/hpexe_return? HTTP/1.1" 200 1032
181.212.43.89 - - [27/Dec/2022:10:58:31 -0300] "GET /cormun/servlet/trpermisosadjuntos?11435718,20221227104250,P, HTTP/1.1" 200 6796
181.212.43.89 - - [27/Dec/2022:10:58:31 -0300] "GET /cormun/servlet/trpermisosadjuntos?11435718,20221227104250,P, HTTP/1.1" 200 6793
181.212.43.89 - - [27/Dec/2022:10:58:33 -0300] "POST /cormun/servlet/trpermisosadjuntos?0057c0090131bf105a299ce27b04ff97,11435718,20221227104250,P,,gx-no-cache=1672148616197 HTTP/1.1" 200 90
181.212.43.89 - - [27/Dec/2022:10:58:33 -0300] "GET /cormun/servlet/hpexe_link HTTP/1.1" 200 1001
181.212.43.89 - - [27/Dec/2022:10:58:33 -0300] "GET /cormun/servlet/trpermisosgoce?gx-no-cache=1672140731073 HTTP/1.1" 200 18481
181.212.43.89 - - [27/Dec/2022:10:58:34 -0300] "GET /cormun/servlet/trpermisosgoce?gx-no-cache=1672140731073 HTTP/1.1" 200 18502
181.212.43.89 - - [27/Dec/2022:10:58:37 -0300] "POST /cormun/servlet/trpermisosgoce?0057c0090131bf105a299ce27b04ff97,gx-no-cache=1672140731073,gx-no-cache=1672148619842 HTTP/1.1" 200 15781
181.212.43.89 - - [27/Dec/2022:10:58:37 -0300] "GET /cormun/static/Shared/jqueryui/images/ui-bg_highlight-soft_100_c6c2c8_1x100.png HTTP/1.1" 404 1117
181.212.43.89 - - [27/Dec/2022:10:58:37 -0300] "GET /cormun/static/Shared/jqueryui/images/ui-icons_82798d_256x240.png HTTP/1.1" 404 1089
181.212.43.89 - - [27/Dec/2022:10:58:37 -0300] "GET /cormun/static/Shared/jqueryui/images/ui-icons_8d78a5_256x240.png HTTP/1.1" 404 1089
181.212.43.89 - - [27/Dec/2022:10:58:37 -0300] "GET /cormun/static/Shared/jqueryui/images/ui-bg_flat_55_fafafa_40x100.png HTTP/1.1" 404 1097
190.171.149.82 - - [27/Dec/2022:10:58:41 -0300] "GET /cormun/servlet/apermisogoceprn?8141861,P,20221227102748,PU HTTP/1.1" 200 1656
190.171.149.82 - - [27/Dec/2022:10:58:42 -0300] "GET /cormun/servlet/apermisogoceprn?8141861,P,20221227102748,PU HTTP/1.1" 200 1661
190.171.142.42 - - [27/Dec/2022:10:58:45 -0300] "POST /cormun/servlet/permisogoce?2c5657f6e546d1e7a415031f3b3c4b93,INS,0,,,,gx-no-cache=1672148625807 HTTP/1.1" 200 4753
190.171.142.42 - - [27/Dec/2022:10:58:45 -0300] "GET /cormun/static/Shared/jqueryui/images/ui-bg_highlight-soft_100_c6c2c8_1x100.png HTTP/1.1" 404 1117
190.171.142.42 - - [27/Dec/2022:10:58:45 -0300] "GET /cormun/static/Shared/jqueryui/images/ui-icons_82798d_256x240.png HTTP/1.1" 404 1089
190.171.142.42 - - [27/Dec/2022:10:58:45 -0300] "GET /cormun/static/Shared/jqueryui/images/ui-bg_flat_55_994d53_40x100.png HTTP/1.1" 404 1097
190.171.142.42 - - [27/Dec/2022:10:58:45 -0300] "GET /cormun/static/Shared/jqueryui/images/ui-icons_ebccce_256x240.png HTTP/1.1" 404 1089
190.171.142.42 - - [27/Dec/2022:10:58:47 -0300] "GET /cormun/servlet/permisogoce?cb851574f1d041e27863538af24a7470ade2370d30a8c7481c67c1afe78ae99782509fdd1084d560cf4b5da5232c65d3a455ada971291ae1af419c2160469db0c34cec77f7d6ae442fc3c9ada22830528f3310c2ee06e7533045f1fa5869275024073b0b65b7d5c967316a89c8f45c39a455ada971291ae1af419c2160469db0c34cec77f7d6ae442fc3c9ada22830528f3310c2ee06e7533045f1fa58692750e564d06a263a76ece8a480409e471eb2b547c7ba0d555384c9090f3732c986248364e037d60d28f5283a57d4c036b106,gx-no-cache=1672148628071 HTTP/1.1" 200 74
190.171.142.42 - - [27/Dec/2022:10:58:47 -0300] "GET /cormun/static/menuarrow.gif HTTP/1.1" 404 1015
190.171.142.42 - - [27/Dec/2022:10:58:53 -0300] "GET /cormun/servlet/permisogoce?cb851574f1d041e27863538af24a747071d7063b8282fa8e7e2f3fb832bacc2023c9ac32e2b94eb1b9cbf87b99ac04936c5cf37beefa8ac8b51c836cec0b0ee7,gx-no-cache=1672148633985 HTTP/1.1" 200 48
190.171.149.82 - - [27/Dec/2022:10:58:53 -0300] "GET /cormun/servlet/apermisogoceprn?10337394,P,20221227102823,PU HTTP/1.1" 200 1653
190.171.149.82 - - [27/Dec/2022:10:58:53 -0300] "GET /cormun/servlet/apermisogoceprn?10337394,P,20221227102823,PU HTTP/1.1" 200 1653
190.171.142.42 - - [27/Dec/2022:10:58:56 -0300] "POST /cormun/servlet/permisogoce?2c5657f6e546d1e7a415031f3b3c4b93,INS,0,,,,gx-no-cache=1672148636817 HTTP/1.1" 200 93
190.171.142.42 - - [27/Dec/2022:10:58:56 -0300] "GET /cormun/servlet/hpexe_return? HTTP/1.1" 200 1008
190.171.142.42 - - [27/Dec/2022:10:58:57 -0300] "GET /cormun/servlet/trpermisosgoce HTTP/1.1" 200 18515
190.171.142.42 - - [27/Dec/2022:10:58:57 -0300] "GET /cormun/servlet/trpermisosgoce HTTP/1.1" 200 18540
190.171.149.82 - - [27/Dec/2022:10:59:05 -0300] "GET /cormun/servlet/apermisogoceprn?19131588,P,20221227102856,PU HTTP/1.1" 200 1654
190.171.149.82 - - [27/Dec/2022:10:59:05 -0300] "GET /cormun/servlet/apermisogoceprn?19131588,P,20221227102856,PU HTTP/1.1" 200 1650
190.171.149.82 - - [27/Dec/2022:10:59:12 -0300] "GET /cormun/servlet/apermisogoceprn?18646940,P,20221227102956,PU HTTP/1.1" 200 1655
190.171.149.82 - - [27/Dec/2022:10:59:12 -0300] "GET /cormun/servlet/apermisogoceprn?18646940,P,20221227102956,PU HTTP/1.1" 200 1653
190.171.149.82 - - [27/Dec/2022:10:59:25 -0300] "GET /cormun/servlet/apermisogoceprn?18798630,P,20221227103113,PU HTTP/1.1" 200 1657
190.171.149.82 - - [27/Dec/2022:10:59:25 -0300] "GET /cormun/servlet/apermisogoceprn?18798630,P,20221227103113,PU HTTP/1.1" 200 1654
181.212.43.89 - - [27/Dec/2022:10:59:49 -0300] "GET /cormun/servlet/permisogoce?INS,0,,, HTTP/1.1" 200 6882
181.212.43.89 - - [27/Dec/2022:10:59:49 -0300] "GET /cormun/servlet/permisogoce?INS,0,,, HTTP/1.1" 200 6861
181.212.43.89 - - [27/Dec/2022:10:59:54 -0300] "GET /cormun/servlet/permisogoce?9d7ff1eac73e9b100549280875ef5269a24f50129c5e84c9346b2aaec3812654c7a17b004bb3cf723a46b933e8f894a5f28e88668e18cafe44655dd8950bfa76,gx-no-cache=1672148696973 HTTP/1.1" 200 80
181.212.43.89 - - [27/Dec/2022:10:59:57 -0300] "GET /cormun/static/menuarrow.gif HTTP/1.1" 404 1015
190.171.149.82 - - [27/Dec/2022:10:59:59 -0300] "GET /cormun/servlet/apermisogoceprn?8141861,P,20221227103152,PU HTTP/1.1" 200 1660
190.171.149.82 - - [27/Dec/2022:10:59:59 -0300] "GET /cormun/servlet/apermisogoceprn?8141861,P,20221227103152,PU HTTP/1.1" 200 1663
181.212.43.89 - - [27/Dec/2022:11:00:00 -0300] "GET /cormun/servlet/permisogoce?9d7ff1eac73e9b100549280875ef5269a85acbf27e35e1105f99992a4e489df1b09b1785f4ba3bd4a08d0952d320accd0928d091b07ac3502e84f2863ec3f66e,gx-no-cache=1672148703446 HTTP/1.1" 200 48
181.212.43.89 - - [27/Dec/2022:11:00:08 -0300] "POST /cormun/servlet/permisogoce?0057c0090131bf105a299ce27b04ff97,INS,0,,,,gx-no-cache=1672148710626 HTTP/1.1" 200 93
181.212.43.89 - - [27/Dec/2022:11:00:08 -0300] "GET /cormun/servlet/hpexe_return? HTTP/1.1" 200 1027
181.212.43.89 - - [27/Dec/2022:11:00:08 -0300] "GET /cormun/servlet/trpermisosgoce?gx-no-cache=1672140731073 HTTP/1.1" 200 18383
181.212.43.89 - - [27/Dec/2022:11:00:08 -0300] "GET /cormun/servlet/trpermisosgoce?gx-no-cache=1672140731073 HTTP/1.1" 200 18533
181.212.43.89 - - [27/Dec/2022:11:00:12 -0300] "GET /cormun/servlet/apermisogoceprn?12078921,P,20221227104453,PU HTTP/1.1" 200 1662
181.212.43.89 - - [27/Dec/2022:11:00:16 -0300] "GET /cormun/servlet/trpermisosadjuntos?12078921,20221227104453,P, HTTP/1.1" 200 6337
181.212.43.89 - - [27/Dec/2022:11:00:16 -0300] "GET /cormun/servlet/trpermisosadjuntos?12078921,20221227104453,P, HTTP/1.1" 200 6317
190.171.142.42 - - [27/Dec/2022:11:00:17 -0300] "GET /cormun/servlet/permisogoce?INS,0,,, HTTP/1.1" 200 7059
190.171.142.42 - - [27/Dec/2022:11:00:17 -0300] "GET /cormun/servlet/permisogoce?INS,0,,, HTTP/1.1" 200 7059
181.212.43.89 - - [27/Dec/2022:11:00:18 -0300] "GET /cormun/servlet/permisosadjuntos?INS,12078921,P,20221227104453,, HTTP/1.1" 200 5638
181.212.43.89 - - [27/Dec/2022:11:00:18 -0300] "GET /cormun/static/about:blank HTTP/1.1" 404 1011
181.212.43.89 - - [27/Dec/2022:11:00:18 -0300] "GET /cormun/servlet/permisosadjuntos?INS,12078921,P,20221227104453,, HTTP/1.1" 200 5626
190.171.149.82 - - [27/Dec/2022:11:00:29 -0300] "GET /cormun/servlet/apermisogoceprn?19018603,P,20221227103225,PU HTTP/1.1" 200 1662
190.171.149.82 - - [27/Dec/2022:11:00:29 -0300] "GET /cormun/servlet/apermisogoceprn?19018603,P,20221227103225,PU HTTP/1.1" 200 1663
190.171.142.42 - - [27/Dec/2022:11:00:32 -0300] "POST /cormun/servlet/permisogoce?2c5657f6e546d1e7a415031f3b3c4b93,INS,0,,,,gx-no-cache=1672148732998 HTTP/1.1" 200 4807
190.171.142.42 - - [27/Dec/2022:11:00:32 -0300] "GET /cormun/static/Shared/jqueryui/images/ui-bg_highlight-soft_100_c6c2c8_1x100.png HTTP/1.1" 404 1117
190.171.142.42 - - [27/Dec/2022:11:00:32 -0300] "GET /cormun/static/Shared/jqueryui/images/ui-icons_82798d_256x240.png HTTP/1.1" 404 1089
190.171.142.42 - - [27/Dec/2022:11:00:32 -0300] "GET /cormun/static/Shared/jqueryui/images/ui-icons_ebccce_256x240.png HTTP/1.1" 404 1089
190.171.142.42 - - [27/Dec/2022:11:00:32 -0300] "GET /cormun/static/Shared/jqueryui/images/ui-bg_flat_55_994d53_40x100.png HTTP/1.1" 404 1097
190.171.142.42 - - [27/Dec/2022:11:00:36 -0300] "GET /cormun/servlet/permisogoce?cb851574f1d041e27863538af24a74705453321b7edfa9ad1ad70ef01e1284c5c87605abcc3db1358252d99d30bbe97d1bd71ff1f1bba6f46688562a3087ca5a,gx-no-cache=1672148737049 HTTP/1.1" 200 226
190.171.142.42 - - [27/Dec/2022:11:00:38 -0300] "GET /cormun/static/menuarrow.gif HTTP/1.1" 404 1015
190.171.143.106 - - [27/Dec/2022:11:00:43 -0300] "GET /cormun/servlet/trlicencias? HTTP/1.1" 200 7247
190.171.143.106 - - [27/Dec/2022:11:00:44 -0300] "GET /cormun/servlet/hlogin HTTP/1.1" 200 1747
190.171.143.106 - - [27/Dec/2022:11:00:44 -0300] "GET /cormun/servlet/trlicencias? HTTP/1.1" 200 7241
190.171.143.106 - - [27/Dec/2022:11:00:44 -0300] "GET /cormun/servlet/trlicencias? HTTP/1.1" 200 7241
190.171.149.82 - - [27/Dec/2022:11:00:45 -0300] "GET /cormun/servlet/apermisogoceprn?16271586,P,20221227103256,PU HTTP/1.1" 200 1654
190.171.149.82 - - [27/Dec/2022:11:00:45 -0300] "GET /cormun/servlet/apermisogoceprn?16271586,P,20221227103256,PU HTTP/1.1" 200 1656
190.171.143.106 - - [27/Dec/2022:11:00:51 -0300] "POST /cormun/servlet/hlogin?41b99eae51d73ce031e2a41fec8f60c6,gx-no-cache=1672148839166 HTTP/1.1" 200 90
190.171.143.106 - - [27/Dec/2022:11:00:51 -0300] "GET /cormun/servlet/hpexe_link HTTP/1.1" 200 959
190.171.143.106 - - [27/Dec/2022:11:00:51 -0300] "GET /cormun/servlet/trlicencias HTTP/1.1" 200 12564
190.171.143.106 - - [27/Dec/2022:11:00:51 -0300] "GET /cormun/servlet/trlicencias HTTP/1.1" 200 12573
190.171.142.42 - - [27/Dec/2022:11:00:56 -0300] "POST /cormun/servlet/permisogoce?2c5657f6e546d1e7a415031f3b3c4b93,INS,0,,,,gx-no-cache=1672148756774 HTTP/1.1" 200 4755
190.171.142.42 - - [27/Dec/2022:11:00:59 -0300] "GET /cormun/servlet/permisogoce?cb851574f1d041e27863538af24a7470195d0005afee0230e06207b6630dc4a074b8c624f42d755b6aac6e630d7bcb258f3310c2ee06e7533045f1fa58692750a455ada971291ae1af419c2160469db011a8160af104d5bbf1bddd16d7bec375cc56a25ea649dd519497775945155d3c8f3310c2ee06e7533045f1fa58692750a455ada971291ae1af419c2160469db0e8a13cbc0acba908e07ba558e6b938783e126e4bdbcb5c1494d1c7db520720a4e28ea409b2d046ed840e65a41741c12991f5a2dd01509b10b681f56c702d2fd0,gx-no-cache=1672148760291 HTTP/1.1" 200 86
190.171.149.82 - - [27/Dec/2022:11:01:02 -0300] "GET /cormun/servlet/apermisogoceprn?9447962,P,20221227103329,PU HTTP/1.1" 200 1630
190.171.149.82 - - [27/Dec/2022:11:01:02 -0300] "GET /cormun/servlet/apermisogoceprn?9447962,P,20221227103329,PU HTTP/1.1" 200 1628
190.171.142.42 - - [27/Dec/2022:11:01:02 -0300] "GET /cormun/servlet/permisogoce?cb851574f1d041e27863538af24a7470862de35e8327f7b4d8f7967887f980a9dc69c3fbe248182d2b98cda510adcaaf6c5cf37beefa8ac8b51c836cec0b0ee7,gx-no-cache=1672148763320 HTTP/1.1" 200 48
190.171.142.42 - - [27/Dec/2022:11:01:05 -0300] "POST /cormun/servlet/permisogoce?2c5657f6e546d1e7a415031f3b3c4b93,INS,0,,,,gx-no-cache=1672148765713 HTTP/1.1" 200 93
190.171.142.42 - - [27/Dec/2022:11:01:05 -0300] "GET /cormun/servlet/hpexe_return? HTTP/1.1" 200 1008
190.171.142.42 - - [27/Dec/2022:11:01:06 -0300] "GET /cormun/servlet/trpermisosgoce HTTP/1.1" 200 18547
190.171.142.42 - - [27/Dec/2022:11:01:06 -0300] "GET /cormun/servlet/trpermisosgoce HTTP/1.1" 200 18541
181.212.43.89 - - [27/Dec/2022:11:01:11 -0300] "POST /cormun/servlet/permisosadjuntos?0057c0090131bf105a299ce27b04ff97,INS,12078921,P,20221227104453,, HTTP/1.1" 200 116
181.212.43.89 - - [27/Dec/2022:11:01:11 -0300] "GET /cormun/servlet/hpexe_return? HTTP/1.1" 200 1034
181.212.43.89 - - [27/Dec/2022:11:01:11 -0300] "GET /cormun/servlet/trpermisosadjuntos?12078921,20221227104453,P, HTTP/1.1" 200 6797
181.212.43.89 - - [27/Dec/2022:11:01:11 -0300] "GET /cormun/servlet/trpermisosadjuntos?12078921,20221227104453,P, HTTP/1.1" 200 6791
181.212.43.89 - - [27/Dec/2022:11:01:13 -0300] "POST /cormun/servlet/trpermisosadjuntos?0057c0090131bf105a299ce27b04ff97,12078921,20221227104453,P,,gx-no-cache=1672148776304 HTTP/1.1" 200 90
181.212.43.89 - - [27/Dec/2022:11:01:13 -0300] "GET /cormun/servlet/hpexe_link HTTP/1.1" 200 1001
181.212.43.89 - - [27/Dec/2022:11:01:13 -0300] "GET /cormun/servlet/trpermisosgoce?gx-no-cache=1672140731073 HTTP/1.1" 200 18440
181.212.43.89 - - [27/Dec/2022:11:01:14 -0300] "GET /cormun/servlet/trpermisosgoce?gx-no-cache=1672140731073 HTTP/1.1" 200 18463
181.212.43.89 - - [27/Dec/2022:11:01:17 -0300] "POST /cormun/servlet/trpermisosgoce?0057c0090131bf105a299ce27b04ff97,gx-no-cache=1672140731073,gx-no-cache=1672148779863 HTTP/1.1" 200 15731
181.212.43.89 - - [27/Dec/2022:11:01:17 -0300] "GET /cormun/static/Shared/jqueryui/images/ui-bg_highlight-soft_100_c6c2c8_1x100.png HTTP/1.1" 404 1117
181.212.43.89 - - [27/Dec/2022:11:01:17 -0300] "GET /cormun/static/Shared/jqueryui/images/ui-icons_82798d_256x240.png HTTP/1.1" 404 1089
181.212.43.89 - - [27/Dec/2022:11:01:17 -0300] "GET /cormun/static/Shared/jqueryui/images/ui-bg_flat_55_fafafa_40x100.png HTTP/1.1" 404 1097
181.212.43.89 - - [27/Dec/2022:11:01:17 -0300] "GET /cormun/static/Shared/jqueryui/images/ui-icons_8d78a5_256x240.png HTTP/1.1" 404 1089
190.171.142.42 - - [27/Dec/2022:11:01:17 -0300] "GET /cormun/servlet/permisogoce?INS,0,,, HTTP/1.1" 200 7059
190.171.142.42 - - [27/Dec/2022:11:01:17 -0300] "GET /cormun/servlet/permisogoce?INS,0,,, HTTP/1.1" 200 7059
190.171.142.42 - - [27/Dec/2022:11:01:26 -0300] "POST /cormun/servlet/permisogoce?2c5657f6e546d1e7a415031f3b3c4b93,INS,0,,,,gx-no-cache=1672148786494 HTTP/1.1" 200 4757
190.171.142.42 - - [27/Dec/2022:11:01:26 -0300] "GET /cormun/static/Shared/jqueryui/images/ui-bg_highlight-soft_100_c6c2c8_1x100.png HTTP/1.1" 404 1117
190.171.142.42 - - [27/Dec/2022:11:01:26 -0300] "GET /cormun/static/Shared/jqueryui/images/ui-icons_82798d_256x240.png HTTP/1.1" 404 1089
190.171.142.42 - - [27/Dec/2022:11:01:26 -0300] "GET /cormun/static/Shared/jqueryui/images/ui-icons_ebccce_256x240.png HTTP/1.1" 404 1089
190.171.142.42 - - [27/Dec/2022:11:01:26 -0300] "GET /cormun/static/Shared/jqueryui/images/ui-bg_flat_55_994d53_40x100.png HTTP/1.1" 404 1097
190.171.142.42 - - [27/Dec/2022:11:01:28 -0300] "GET /cormun/servlet/puconsultapgoce?17058407,MD,gxPopupLevel%3D0%3B HTTP/1.1" 200 4546
190.171.142.42 - - [27/Dec/2022:11:01:28 -0300] "GET /cormun/pexe_link.js HTTP/1.1" 404 999
190.171.142.42 - - [27/Dec/2022:11:01:28 -0300] "GET /cormun/pexe_layers.js HTTP/1.1" 404 1003
190.171.142.42 - - [27/Dec/2022:11:01:28 -0300] "GET /cormun/pexe_menus.js HTTP/1.1" 404 1001
190.171.142.42 - - [27/Dec/2022:11:01:28 -0300] "GET /cormun/pexe_windows.js HTTP/1.1" 404 1005
190.171.142.42 - - [27/Dec/2022:11:01:28 -0300] "GET /cormun/pexe_grid.js HTTP/1.1" 404 999
190.171.142.42 - - [27/Dec/2022:11:01:28 -0300] "GET /cormun/pexe_cookies.js HTTP/1.1" 404 1005
190.171.142.42 - - [27/Dec/2022:11:01:28 -0300] "GET /cormun/pexe_griddivfix.js HTTP/1.1" 404 1011
190.171.142.42 - - [27/Dec/2022:11:01:28 -0300] "GET /cormun/pexe_picture.js HTTP/1.1" 404 1005
190.171.142.42 - - [27/Dec/2022:11:01:28 -0300] "GET /cormun/pexe_treedivfix.js HTTP/1.1" 404 1011
190.171.142.42 - - [27/Dec/2022:11:01:28 -0300] "GET /cormun/pexe_menudivfix.js HTTP/1.1" 404 1011
190.171.142.42 - - [27/Dec/2022:11:01:28 -0300] "GET /cormun/pexe_tabdivfix.js HTTP/1.1" 404 1009
190.171.142.42 - - [27/Dec/2022:11:01:28 -0300] "GET /cormun/pexe_autoreload.js HTTP/1.1" 404 1011
190.171.149.82 - - [27/Dec/2022:11:01:29 -0300] "GET /cormun/servlet/apermisogoceprn?18375973,P,20221227103353,PU HTTP/1.1" 200 1648
190.171.149.82 - - [27/Dec/2022:11:01:29 -0300] "GET /cormun/servlet/apermisogoceprn?18375973,P,20221227103353,PU HTTP/1.1" 200 1650
114.119.151.156 - - [27/Dec/2022:11:01:41 -0300] "GET /robots.txt HTTP/1.1" 404 981
190.171.149.82 - - [27/Dec/2022:11:01:42 -0300] "GET /cormun/servlet/apermisogoceprn?17295959,P,20221227103423,PU HTTP/1.1" 200 1651
190.171.149.82 - - [27/Dec/2022:11:01:42 -0300] "GET /cormun/servlet/apermisogoceprn?17295959,P,20221227103423,PU HTTP/1.1" 200 1649
190.171.149.82 - - [27/Dec/2022:11:01:53 -0300] "GET /cormun/servlet/apermisogoceprn?13300992,P,20221227103449,PU HTTP/1.1" 200 1661
190.171.149.82 - - [27/Dec/2022:11:01:53 -0300] "GET /cormun/servlet/apermisogoceprn?13300992,P,20221227103449,PU HTTP/1.1" 200 1661
190.171.149.82 - - [27/Dec/2022:11:02:07 -0300] "GET /cormun/servlet/apermisogoceprn?15525635,P,20221227103926,PU HTTP/1.1" 200 1647
190.171.149.82 - - [27/Dec/2022:11:02:07 -0300] "GET /cormun/servlet/apermisogoceprn?15525635,P,20221227103926,PU HTTP/1.1" 200 1650
181.212.43.89 - - [27/Dec/2022:11:02:27 -0300] "GET /cormun/servlet/permisogoce?INS,0,,, HTTP/1.1" 200 6882
181.212.43.89 - - [27/Dec/2022:11:02:28 -0300] "GET /cormun/servlet/permisogoce?INS,0,,, HTTP/1.1" 200 6861
190.171.149.82 - - [27/Dec/2022:11:02:31 -0300] "GET /cormun/servlet/apermisogoceprn?10568448,P,20221227103951,PU HTTP/1.1" 200 1660
190.171.149.82 - - [27/Dec/2022:11:02:31 -0300] "GET /cormun/servlet/apermisogoceprn?10568448,P,20221227103951,PU HTTP/1.1" 200 1654
181.212.43.89 - - [27/Dec/2022:11:02:33 -0300] "GET /cormun/servlet/permisogoce?9d7ff1eac73e9b100549280875ef5269646aa85a0a0e4376e1da6170043b4b39c7a17b004bb3cf723a46b933e8f894a5f28e88668e18cafe44655dd8950bfa76,gx-no-cache=1672148856669 HTTP/1.1" 200 75
181.212.43.89 - - [27/Dec/2022:11:02:37 -0300] "GET /cormun/static/menuarrow.gif HTTP/1.1" 404 1015
181.212.43.89 - - [27/Dec/2022:11:02:42 -0300] "GET /cormun/servlet/permisogoce?9d7ff1eac73e9b100549280875ef5269a5a74cdec4155c56056d2927d477cdae4700bdc5ba4fb3b900b79cce6d0fbd940928d091b07ac3502e84f2863ec3f66e,gx-no-cache=1672148865038 HTTP/1.1" 200 49
190.171.149.82 - - [27/Dec/2022:11:02:44 -0300] "GET /cormun/servlet/apermisogoceprn?16251438,P,20221227103657,PU HTTP/1.1" 200 1652
190.171.149.82 - - [27/Dec/2022:11:02:44 -0300] "GET /cormun/servlet/apermisogoceprn?16251438,P,20221227103657,PU HTTP/1.1" 200 1654
181.212.43.89 - - [27/Dec/2022:11:02:45 -0300] "POST /cormun/servlet/permisogoce?0057c0090131bf105a299ce27b04ff97,INS,0,,,,gx-no-cache=1672148867618 HTTP/1.1" 200 93
181.212.43.89 - - [27/Dec/2022:11:02:45 -0300] "GET /cormun/servlet/hpexe_return? HTTP/1.1" 200 1027
181.212.43.89 - - [27/Dec/2022:11:02:45 -0300] "GET /cormun/servlet/trpermisosgoce?gx-no-cache=1672140731073 HTTP/1.1" 200 18448
181.212.43.89 - - [27/Dec/2022:11:02:45 -0300] "GET /cormun/servlet/trpermisosgoce?gx-no-cache=1672140731073 HTTP/1.1" 200 18481
181.212.43.89 - - [27/Dec/2022:11:02:49 -0300] "GET /cormun/servlet/apermisogoceprn?18646838,P,20221227104731,PU HTTP/1.1" 200 1668
181.212.43.89 - - [27/Dec/2022:11:02:54 -0300] "GET /cormun/servlet/trpermisosadjuntos?18646838,20221227104731,P, HTTP/1.1" 200 6338
181.212.43.89 - - [27/Dec/2022:11:02:54 -0300] "GET /cormun/servlet/trpermisosadjuntos?18646838,20221227104731,P, HTTP/1.1" 200 6318
181.212.43.89 - - [27/Dec/2022:11:02:56 -0300] "GET /cormun/servlet/permisosadjuntos?INS,18646838,P,20221227104731,, HTTP/1.1" 200 5634
181.212.43.89 - - [27/Dec/2022:11:02:56 -0300] "GET /cormun/static/about:blank HTTP/1.1" 404 1011
181.212.43.89 - - [27/Dec/2022:11:02:56 -0300] "GET /cormun/servlet/permisosadjuntos?INS,18646838,P,20221227104731,, HTTP/1.1" 200 5624
190.171.149.82 - - [27/Dec/2022:11:02:59 -0300] "GET /cormun/servlet/apermisogoceprn?17523102,P,20221227103733,PU HTTP/1.1" 200 1651
190.171.149.82 - - [27/Dec/2022:11:02:59 -0300] "GET /cormun/servlet/apermisogoceprn?17523102,P,20221227103733,PU HTTP/1.1" 200 1652
181.212.43.89 - - [27/Dec/2022:11:03:05 -0300] "POST /cormun/servlet/permisosadjuntos?0057c0090131bf105a299ce27b04ff97,INS,18646838,P,20221227104731,, HTTP/1.1" 200 116
181.212.43.89 - - [27/Dec/2022:11:03:05 -0300] "GET /cormun/servlet/hpexe_return? HTTP/1.1" 200 1033
181.212.43.89 - - [27/Dec/2022:11:03:05 -0300] "GET /cormun/servlet/trpermisosadjuntos?18646838,20221227104731,P, HTTP/1.1" 200 6794
181.212.43.89 - - [27/Dec/2022:11:03:05 -0300] "GET /cormun/servlet/trpermisosadjuntos?18646838,20221227104731,P, HTTP/1.1" 200 6791
181.212.43.89 - - [27/Dec/2022:11:03:10 -0300] "POST /cormun/servlet/trpermisosadjuntos?0057c0090131bf105a299ce27b04ff97,18646838,20221227104731,P,,gx-no-cache=1672148893528 HTTP/1.1" 200 90
181.212.43.89 - - [27/Dec/2022:11:03:10 -0300] "GET /cormun/servlet/hpexe_link HTTP/1.1" 200 1002
181.212.43.89 - - [27/Dec/2022:11:03:10 -0300] "GET /cormun/servlet/trpermisosgoce?gx-no-cache=1672140731073 HTTP/1.1" 200 18458
181.212.43.89 - - [27/Dec/2022:11:03:11 -0300] "GET /cormun/servlet/trpermisosgoce?gx-no-cache=1672140731073 HTTP/1.1" 200 18409
190.171.149.82 - - [27/Dec/2022:11:03:12 -0300] "GET /cormun/servlet/apermisogoceprn?19860909,P,20221227103819,PU HTTP/1.1" 200 1654
190.171.149.82 - - [27/Dec/2022:11:03:12 -0300] "GET /cormun/servlet/apermisogoceprn?19860909,P,20221227103819,PU HTTP/1.1" 200 1653
181.212.43.89 - - [27/Dec/2022:11:03:15 -0300] "POST /cormun/servlet/trpermisosgoce?0057c0090131bf105a299ce27b04ff97,gx-no-cache=1672140731073,gx-no-cache=1672148897519 HTTP/1.1" 200 15718
181.212.43.89 - - [27/Dec/2022:11:03:15 -0300] "GET /cormun/static/Shared/jqueryui/images/ui-bg_highlight-soft_100_c6c2c8_1x100.png HTTP/1.1" 404 1117
181.212.43.89 - - [27/Dec/2022:11:03:15 -0300] "GET /cormun/static/Shared/jqueryui/images/ui-bg_flat_55_fafafa_40x100.png HTTP/1.1" 404 1097
181.212.43.89 - - [27/Dec/2022:11:03:15 -0300] "GET /cormun/static/Shared/jqueryui/images/ui-icons_8d78a5_256x240.png HTTP/1.1" 404 1089
181.212.43.89 - - [27/Dec/2022:11:03:15 -0300] "GET /cormun/static/Shared/jqueryui/images/ui-icons_82798d_256x240.png HTTP/1.1" 404 1089
190.171.149.82 - - [27/Dec/2022:11:03:26 -0300] "GET /cormun/servlet/apermisogoceprn?9523283,P,20221227103617,PU HTTP/1.1" 200 1658
190.171.149.82 - - [27/Dec/2022:11:03:26 -0300] "GET /cormun/servlet/apermisogoceprn?9523283,P,20221227103617,PU HTTP/1.1" 200 1656
190.171.143.106 - - [27/Dec/2022:11:05:30 -0300] "GET /cormun/servlet/trlicencias HTTP/1.1" 200 12575
190.171.143.106 - - [27/Dec/2022:11:05:30 -0300] "GET /cormun/servlet/trlicencias HTTP/1.1" 200 12573
181.212.43.89 - - [27/Dec/2022:11:05:56 -0300] "GET /cormun/servlet/permisogoce?INS,0,,, HTTP/1.1" 200 6881
181.212.43.89 - - [27/Dec/2022:11:05:56 -0300] "GET /cormun/servlet/permisogoce?INS,0,,, HTTP/1.1" 200 6860
181.212.43.89 - - [27/Dec/2022:11:06:01 -0300] "GET /cormun/servlet/permisogoce?9d7ff1eac73e9b100549280875ef52692cbf8c95eaea71968ca3879edbb054c5c7a17b004bb3cf723a46b933e8f894a5f28e88668e18cafe44655dd8950bfa76,gx-no-cache=1672149064053 HTTP/1.1" 200 85
181.212.43.89 - - [27/Dec/2022:11:06:04 -0300] "GET /cormun/static/menuarrow.gif HTTP/1.1" 404 1015
181.212.43.89 - - [27/Dec/2022:11:06:09 -0300] "GET /cormun/servlet/permisogoce?9d7ff1eac73e9b100549280875ef5269043c2d7e137a8d884966e5cc73a3e65985b7a633bdbf361ee9ceb8ad50fb0f255b0527db4bae25dec7cb5937b50c7833,gx-no-cache=1672149072870 HTTP/1.1" 200 49
181.212.43.89 - - [27/Dec/2022:11:06:12 -0300] "POST /cormun/servlet/permisogoce?0057c0090131bf105a299ce27b04ff97,INS,0,,,,gx-no-cache=1672149075190 HTTP/1.1" 200 93
181.212.43.89 - - [27/Dec/2022:11:06:12 -0300] "GET /cormun/servlet/hpexe_return? HTTP/1.1" 200 1027
181.212.43.89 - - [27/Dec/2022:11:06:12 -0300] "GET /cormun/servlet/trpermisosgoce?gx-no-cache=1672140731073 HTTP/1.1" 200 18399
181.212.43.89 - - [27/Dec/2022:11:06:13 -0300] "GET /cormun/servlet/trpermisosgoce?gx-no-cache=1672140731073 HTTP/1.1" 200 18414
181.212.43.89 - - [27/Dec/2022:11:06:17 -0300] "GET /cormun/servlet/apermisogoceprn?17107771,P,20221227105059,PU HTTP/1.1" 200 1675
181.212.43.89 - - [27/Dec/2022:11:06:21 -0300] "GET /cormun/servlet/trpermisosadjuntos?17107771,20221227105059,P, HTTP/1.1" 200 6344
181.212.43.89 - - [27/Dec/2022:11:06:22 -0300] "GET /cormun/servlet/trpermisosadjuntos?17107771,20221227105059,P, HTTP/1.1" 200 6323
181.212.43.89 - - [27/Dec/2022:11:06:23 -0300] "GET /cormun/servlet/permisosadjuntos?INS,17107771,P,20221227105059,, HTTP/1.1" 200 5642
181.212.43.89 - - [27/Dec/2022:11:06:24 -0300] "GET /cormun/static/about:blank HTTP/1.1" 404 1011
181.212.43.89 - - [27/Dec/2022:11:06:24 -0300] "GET /cormun/servlet/permisosadjuntos?INS,17107771,P,20221227105059,, HTTP/1.1" 200 5632
181.212.43.89 - - [27/Dec/2022:11:06:41 -0300] "POST /cormun/servlet/permisosadjuntos?0057c0090131bf105a299ce27b04ff97,INS,17107771,P,20221227105059,, HTTP/1.1" 200 116
181.212.43.89 - - [27/Dec/2022:11:06:41 -0300] "GET /cormun/servlet/hpexe_return? HTTP/1.1" 200 1034
181.212.43.89 - - [27/Dec/2022:11:06:41 -0300] "GET /cormun/servlet/trpermisosadjuntos?17107771,20221227105059,P, HTTP/1.1" 200 6806
181.212.43.89 - - [27/Dec/2022:11:06:41 -0300] "GET /cormun/servlet/trpermisosadjuntos?17107771,20221227105059,P, HTTP/1.1" 200 6801
181.212.43.89 - - [27/Dec/2022:11:06:44 -0300] "POST /cormun/servlet/trpermisosadjuntos?0057c0090131bf105a299ce27b04ff97,17107771,20221227105059,P,,gx-no-cache=1672149107367 HTTP/1.1" 200 90
181.212.43.89 - - [27/Dec/2022:11:06:44 -0300] "GET /cormun/servlet/hpexe_link HTTP/1.1" 200 1000
181.212.43.89 - - [27/Dec/2022:11:06:44 -0300] "GET /cormun/servlet/trpermisosgoce?gx-no-cache=1672140731073 HTTP/1.1" 200 18401
181.212.43.89 - - [27/Dec/2022:11:06:45 -0300] "GET /cormun/servlet/trpermisosgoce?gx-no-cache=1672140731073 HTTP/1.1" 200 18418
181.212.43.89 - - [27/Dec/2022:11:06:48 -0300] "POST /cormun/servlet/trpermisosgoce?0057c0090131bf105a299ce27b04ff97,gx-no-cache=1672140731073,gx-no-cache=1672149110959 HTTP/1.1" 200 15740
181.212.43.89 - - [27/Dec/2022:11:06:48 -0300] "GET /cormun/static/Shared/jqueryui/images/ui-bg_highlight-soft_100_c6c2c8_1x100.png HTTP/1.1" 404 1117
181.212.43.89 - - [27/Dec/2022:11:06:48 -0300] "GET /cormun/static/Shared/jqueryui/images/ui-icons_82798d_256x240.png HTTP/1.1" 404 1089
