186.11.19.201 - - [26/Dec/2022:15:52:48 -0300] "GET /cormun/static/gxgral.js?85251 HTTP/1.1" 200 384558
186.11.19.201 - - [26/Dec/2022:15:52:48 -0300] "GET /cormun/static/Resources/PXToolsLoginTop.png HTTP/1.1" 200 1337
186.11.19.201 - - [26/Dec/2022:15:52:48 -0300] "GET /cormun/static/Resources/PXToolsButtonLeft.png HTTP/1.1" 200 1310
186.11.19.201 - - [26/Dec/2022:15:52:48 -0300] "GET /cormun/static/Resources/PXToolsButtonRight.png HTTP/1.1" 200 1294
186.11.19.201 - - [26/Dec/2022:15:52:48 -0300] "GET /cormun/static/Resources/PXToolsLoginBackground.png HTTP/1.1" 200 1164
186.11.19.201 - - [26/Dec/2022:15:52:48 -0300] "GET /cormun/static/Resources/PXToolsButtonBackground.png HTTP/1.1" 200 1176
186.11.19.201 - - [26/Dec/2022:15:52:48 -0300] "GET /cormun/static/Resources/PXToolsLoginBottom.png HTTP/1.1" 200 1389
186.11.19.201 - - [26/Dec/2022:15:52:48 -0300] "GET /cormun/static/Resources/indicator.gif HTTP/1.1" 200 1553
186.11.19.201 - - [26/Dec/2022:15:52:48 -0300] "GET /cormun/servlet/hlogin HTTP/1.1" 200 1744
186.11.19.201 - - [26/Dec/2022:15:52:49 -0300] "GET /cormun/static/Resources/indicator.gif HTTP/1.1" 200 1553
186.11.19.201 - - [26/Dec/2022:15:52:49 -0300] "GET /favicon.ico HTTP/1.1" 200 21630
186.11.19.201 - - [26/Dec/2022:15:53:00 -0300] "POST /cormun/servlet/hlogin?f6e463b2f1428052657b241aa5b72b6c,gx-no-cache=1672079944107 HTTP/1.1" 200 447
186.11.19.201 - - [26/Dec/2022:15:53:09 -0300] "POST /cormun/servlet/hlogin?f6e463b2f1428052657b241aa5b72b6c,gx-no-cache=1672079953323 HTTP/1.1" 200 451
186.11.19.201 - - [26/Dec/2022:15:53:18 -0300] "POST /cormun/servlet/hlogin?f6e463b2f1428052657b241aa5b72b6c,gx-no-cache=1672079962709 HTTP/1.1" 200 448
190.171.141.82 - - [26/Dec/2022:15:53:56 -0300] "POST /cormun/servlet/trlicencias?8872465cadfd8159f0e9ff5672325710,,gx-no-cache=1672079940073 HTTP/1.1" 200 5708
190.171.141.82 - - [26/Dec/2022:15:53:58 -0300] "POST /cormun/servlet/trlicencias?8872465cadfd8159f0e9ff5672325710,,gx-no-cache=1672079941345 HTTP/1.1" 200 5709
190.171.141.82 - - [26/Dec/2022:15:54:21 -0300] "POST /cormun/servlet/trlicencias?8872465cadfd8159f0e9ff5672325710,,gx-no-cache=1672079965049 HTTP/1.1" 200 4175
190.171.141.82 - - [26/Dec/2022:15:54:23 -0300] "POST /cormun/servlet/trlicencias?8872465cadfd8159f0e9ff5672325710,,gx-no-cache=1672079966177 HTTP/1.1" 200 4175
190.171.141.82 - - [26/Dec/2022:15:54:23 -0300] "POST /cormun/servlet/trlicencias?8872465cadfd8159f0e9ff5672325710,,gx-no-cache=1672079966801 HTTP/1.1" 200 4175
190.171.142.42 - - [26/Dec/2022:15:54:52 -0300] "GET /cormun/servlet/hlogin HTTP/1.1" 200 1742
190.171.144.234 - - [26/Dec/2022:15:55:59 -0300] "GET /cormun/servlet/hlogin HTTP/1.1" 200 1726
190.171.144.234 - - [26/Dec/2022:15:55:59 -0300] "GET /favicon.ico HTTP/1.1" 200 21630
190.171.144.234 - - [26/Dec/2022:15:56:05 -0300] "POST /cormun/servlet/hlogin?5fcde318076a30c183d76895bc140cf1,gx-no-cache=1672080068106 HTTP/1.1" 200 90
190.171.144.234 - - [26/Dec/2022:15:56:05 -0300] "GET /cormun/servlet/hpexe_link HTTP/1.1" 200 953
190.171.144.234 - - [26/Dec/2022:15:56:06 -0300] "GET /cormun/servlet/hhome HTTP/1.1" 200 3989
190.171.144.234 - - [26/Dec/2022:15:56:06 -0300] "GET /cormun/servlet/hhome HTTP/1.1" 200 3985
190.171.144.234 - - [26/Dec/2022:15:56:15 -0300] "GET /cormun/servlet/trpermisosgoce? HTTP/1.1" 200 13079
190.171.144.234 - - [26/Dec/2022:15:56:15 -0300] "GET /cormun/servlet/trpermisosgoce? HTTP/1.1" 200 13058
190.171.144.234 - - [26/Dec/2022:15:56:19 -0300] "GET /cormun/servlet/permisogoce?INS,0,,, HTTP/1.1" 200 6853
190.171.144.234 - - [26/Dec/2022:15:56:20 -0300] "GET /cormun/servlet/permisogoce?INS,0,,, HTTP/1.1" 200 6852
190.171.141.82 - - [26/Dec/2022:15:56:30 -0300] "POST /cormun/servlet/trlicencias?8872465cadfd8159f0e9ff5672325710,,gx-no-cache=1672080093968 HTTP/1.1" 200 5413
190.171.141.82 - - [26/Dec/2022:15:56:32 -0300] "POST /cormun/servlet/trlicencias?8872465cadfd8159f0e9ff5672325710,,gx-no-cache=1672080095192 HTTP/1.1" 200 5412
190.171.144.234 - - [26/Dec/2022:15:56:37 -0300] "GET /cormun/servlet/permisogoce?46e40081129cb9d09741cb76156420576cbe8f11775d7e0c96c3a2caf1bf1715ec567c9ce5b1734a2750d487bb72d7919639f43a4bde6fa353650d19ab726beb,gx-no-cache=1672080100215 HTTP/1.1" 200 81
190.171.144.234 - - [26/Dec/2022:15:56:37 -0300] "GET /cormun/static/menuarrow.gif HTTP/1.1" 404 1015
190.171.144.234 - - [26/Dec/2022:15:56:48 -0300] "GET /cormun/servlet/permisogoce?46e40081129cb9d09741cb7615642057b8cc6dd914279e023e62d80af60bd659aded325d35a8174ba32b59c1f3c812ce651984ee9396d1123a803d87dfe53cf8,gx-no-cache=1672080111277 HTTP/1.1" 200 129
190.171.144.234 - - [26/Dec/2022:15:56:48 -0300] "GET /cormun/static/Shared/jqueryui/images/ui-bg_highlight-soft_100_c6c2c8_1x100.png HTTP/1.1" 404 1117
190.171.144.234 - - [26/Dec/2022:15:56:48 -0300] "GET /cormun/static/Shared/jqueryui/images/ui-icons_ebccce_256x240.png HTTP/1.1" 404 1089
190.171.144.234 - - [26/Dec/2022:15:56:48 -0300] "GET /cormun/static/Shared/jqueryui/images/ui-bg_flat_55_994d53_40x100.png HTTP/1.1" 404 1097
190.171.144.234 - - [26/Dec/2022:15:56:48 -0300] "GET /cormun/static/Shared/jqueryui/images/ui-icons_82798d_256x240.png HTTP/1.1" 404 1089
190.171.144.234 - - [26/Dec/2022:15:56:48 -0300] "POST /cormun/servlet/permisogoce?5fcde318076a30c183d76895bc140cf1,INS,0,,,,gx-no-cache=1672080111323 HTTP/1.1" 200 4484
190.171.144.234 - - [26/Dec/2022:15:56:56 -0300] "GET /cormun/servlet/permisogoce?46e40081129cb9d09741cb7615642057b8cc6dd914279e023e62d80af60bd65931374e261bb65920d79bb45455ccc8e7545cc49037ccfd5baaf46534c5b55de7,gx-no-cache=1672080119568 HTTP/1.1" 200 47
190.171.144.234 - - [26/Dec/2022:15:57:06 -0300] "POST /cormun/servlet/permisogoce?5fcde318076a30c183d76895bc140cf1,INS,0,,,,gx-no-cache=1672080128418 HTTP/1.1" 200 93
190.171.144.234 - - [26/Dec/2022:15:57:07 -0300] "GET /cormun/servlet/hpexe_return? HTTP/1.1" 200 1012
190.171.144.234 - - [26/Dec/2022:15:57:07 -0300] "GET /cormun/servlet/trpermisosgoce HTTP/1.1" 200 13220
190.171.144.234 - - [26/Dec/2022:15:57:07 -0300] "GET /cormun/servlet/trpermisosgoce HTTP/1.1" 200 13223
190.171.141.82 - - [26/Dec/2022:15:57:12 -0300] "POST /cormun/servlet/trlicencias?8872465cadfd8159f0e9ff5672325710,,gx-no-cache=1672080135720 HTTP/1.1" 200 5942
190.171.141.82 - - [26/Dec/2022:15:57:13 -0300] "POST /cormun/servlet/trlicencias?8872465cadfd8159f0e9ff5672325710,,gx-no-cache=1672080136872 HTTP/1.1" 200 5943
190.171.144.234 - - [26/Dec/2022:15:57:17 -0300] "GET /cormun/servlet/apermisogoceprn?9869447,P,20221226112759,PU HTTP/1.1" 200 1670
190.171.141.82 - - [26/Dec/2022:15:57:40 -0300] "POST /cormun/servlet/trlicencias?8872465cadfd8159f0e9ff5672325710,,gx-no-cache=1672080163520 HTTP/1.1" 200 6651
190.171.141.82 - - [26/Dec/2022:15:57:41 -0300] "POST /cormun/servlet/trlicencias?8872465cadfd8159f0e9ff5672325710,,gx-no-cache=1672080164800 HTTP/1.1" 200 6651
190.171.144.234 - - [26/Dec/2022:15:57:46 -0300] "GET /cormun/servlet/apermisogoceprn?9869447,P,20221226112759,PU HTTP/1.1" 200 1667
190.171.144.234 - - [26/Dec/2022:15:57:59 -0300] "GET /cormun/servlet/permisogoce?UPD,9869447,P,20221226112759, HTTP/1.1" 200 6907
190.171.144.234 - - [26/Dec/2022:15:57:59 -0300] "GET /cormun/servlet/permisogoce?UPD,9869447,P,20221226112759, HTTP/1.1" 200 6907
190.171.144.234 - - [26/Dec/2022:15:58:00 -0300] "GET /cormun/servlet/permisogoce?46e40081129cb9d09741cb76156420576cbe8f11775d7e0c96c3a2caf1bf1715a13311943571b0b4db5d1f0002854a166a65d50bb4529742442c6de48dd7a158,gx-no-cache=1672080183113 HTTP/1.1" 200 84
190.171.144.234 - - [26/Dec/2022:15:58:04 -0300] "GET /cormun/static/menuarrow.gif HTTP/1.1" 404 1015
190.171.144.234 - - [26/Dec/2022:15:58:08 -0300] "GET /cormun/servlet/permisogoce?46e40081129cb9d09741cb7615642057b8cc6dd914279e023e62d80af60bd659ae7840297e45dea6ca6c79ecb7e936d1cfbf8ae8ed6212510c3617253d094e57,gx-no-cache=1672080191237 HTTP/1.1" 200 48
190.171.144.234 - - [26/Dec/2022:15:58:12 -0300] "POST /cormun/servlet/permisogoce?5fcde318076a30c183d76895bc140cf1,UPD,9869447,P,20221226112759,,gx-no-cache=1672080195139 HTTP/1.1" 200 93
190.171.144.234 - - [26/Dec/2022:15:58:12 -0300] "GET /cormun/servlet/hpexe_return? HTTP/1.1" 200 1030
190.171.144.234 - - [26/Dec/2022:15:58:12 -0300] "GET /cormun/servlet/trpermisosgoce HTTP/1.1" 200 13232
190.171.144.234 - - [26/Dec/2022:15:58:13 -0300] "GET /cormun/servlet/trpermisosgoce HTTP/1.1" 200 13191
190.171.144.234 - - [26/Dec/2022:15:58:16 -0300] "GET /cormun/servlet/apermisogoceprn?9869447,P,20221226112759,PU HTTP/1.1" 200 1669
190.171.141.82 - - [26/Dec/2022:15:58:55 -0300] "POST /cormun/servlet/trlicencias?8872465cadfd8159f0e9ff5672325710,,gx-no-cache=1672080239057 HTTP/1.1" 200 5423
190.171.141.82 - - [26/Dec/2022:15:58:57 -0300] "POST /cormun/servlet/trlicencias?8872465cadfd8159f0e9ff5672325710,,gx-no-cache=1672080240216 HTTP/1.1" 200 5423
190.171.141.82 - - [26/Dec/2022:15:59:18 -0300] "POST /cormun/servlet/trlicencias?8872465cadfd8159f0e9ff5672325710,,gx-no-cache=1672080261633 HTTP/1.1" 200 5415
190.171.141.82 - - [26/Dec/2022:15:59:19 -0300] "POST /cormun/servlet/trlicencias?8872465cadfd8159f0e9ff5672325710,,gx-no-cache=1672080262520 HTTP/1.1" 200 5415
190.171.141.82 - - [26/Dec/2022:15:59:19 -0300] "POST /cormun/servlet/trlicencias?8872465cadfd8159f0e9ff5672325710,,gx-no-cache=1672080263121 HTTP/1.1" 200 5415
190.171.141.82 - - [26/Dec/2022:15:59:38 -0300] "POST /cormun/servlet/trlicencias?8872465cadfd8159f0e9ff5672325710,,gx-no-cache=1672080281617 HTTP/1.1" 200 4179
190.171.141.82 - - [26/Dec/2022:15:59:39 -0300] "POST /cormun/servlet/trlicencias?8872465cadfd8159f0e9ff5672325710,,gx-no-cache=1672080282656 HTTP/1.1" 200 4180
190.171.141.82 - - [26/Dec/2022:15:59:40 -0300] "POST /cormun/servlet/trlicencias?8872465cadfd8159f0e9ff5672325710,,gx-no-cache=1672080283945 HTTP/1.1" 200 4180
190.171.141.82 - - [26/Dec/2022:15:59:41 -0300] "POST /cormun/servlet/trlicencias?8872465cadfd8159f0e9ff5672325710,,gx-no-cache=1672080284441 HTTP/1.1" 200 4180
190.171.141.82 - - [26/Dec/2022:15:59:58 -0300] "POST /cormun/servlet/trlicencias?8872465cadfd8159f0e9ff5672325710,,gx-no-cache=1672080301145 HTTP/1.1" 200 5427
190.171.141.82 - - [26/Dec/2022:15:59:59 -0300] "POST /cormun/servlet/trlicencias?8872465cadfd8159f0e9ff5672325710,,gx-no-cache=1672080302200 HTTP/1.1" 200 5427
190.171.141.82 - - [26/Dec/2022:16:00:10 -0300] "POST /cormun/servlet/trlicencias?8872465cadfd8159f0e9ff5672325710,,gx-no-cache=1672080313953 HTTP/1.1" 200 4179
190.171.141.82 - - [26/Dec/2022:16:00:11 -0300] "POST /cormun/servlet/trlicencias?8872465cadfd8159f0e9ff5672325710,,gx-no-cache=1672080314912 HTTP/1.1" 200 4178
190.171.141.82 - - [26/Dec/2022:16:00:12 -0300] "POST /cormun/servlet/trlicencias?8872465cadfd8159f0e9ff5672325710,,gx-no-cache=1672080315504 HTTP/1.1" 200 4178
190.171.141.82 - - [26/Dec/2022:16:00:12 -0300] "POST /cormun/servlet/trlicencias?8872465cadfd8159f0e9ff5672325710,,gx-no-cache=1672080315784 HTTP/1.1" 200 4179
190.171.141.82 - - [26/Dec/2022:16:00:27 -0300] "POST /cormun/servlet/trlicencias?8872465cadfd8159f0e9ff5672325710,,gx-no-cache=1672080331025 HTTP/1.1" 200 6654
190.171.141.82 - - [26/Dec/2022:16:00:29 -0300] "POST /cormun/servlet/trlicencias?8872465cadfd8159f0e9ff5672325710,,gx-no-cache=1672080332177 HTTP/1.1" 200 6653
190.171.141.82 - - [26/Dec/2022:16:00:29 -0300] "POST /cormun/servlet/trlicencias?8872465cadfd8159f0e9ff5672325710,,gx-no-cache=1672080332515 HTTP/1.1" 200 6654
186.67.172.234 - - [26/Dec/2022:16:00:31 -0300] "POST /cormun/servlet/trpermisosgoce?5ba26e07bd7a7526c2bfe1738e8962f9,,gx-no-cache=1672080336355 HTTP/1.1" 200 4487
186.67.172.234 - - [26/Dec/2022:16:00:55 -0300] "POST /cormun/servlet/trpermisosgoce?5ba26e07bd7a7526c2bfe1738e8962f9,,gx-no-cache=1672080359682 HTTP/1.1" 200 4486
190.171.141.82 - - [26/Dec/2022:16:01:19 -0300] "POST /cormun/servlet/trlicencias?8872465cadfd8159f0e9ff5672325710,,gx-no-cache=1672080382569 HTTP/1.1" 200 5694
190.171.149.90 - - [26/Dec/2022:16:02:59 -0300] "GET /cormun/servlet/trlicencias? HTTP/1.1" 200 7245
190.171.149.90 - - [26/Dec/2022:16:02:59 -0300] "GET /cormun/servlet/hlogin HTTP/1.1" 200 1746
190.171.149.90 - - [26/Dec/2022:16:03:00 -0300] "GET /cormun/servlet/trlicencias? HTTP/1.1" 200 7240
190.171.141.82 - - [26/Dec/2022:16:03:09 -0300] "POST /cormun/servlet/trlicencias?8872465cadfd8159f0e9ff5672325710,,gx-no-cache=1672080492513 HTTP/1.1" 200 4175
190.171.141.82 - - [26/Dec/2022:16:03:10 -0300] "POST /cormun/servlet/trlicencias?8872465cadfd8159f0e9ff5672325710,,gx-no-cache=1672080493504 HTTP/1.1" 200 4176
190.171.141.82 - - [26/Dec/2022:16:03:10 -0300] "POST /cormun/servlet/trlicencias?8872465cadfd8159f0e9ff5672325710,,gx-no-cache=1672080493873 HTTP/1.1" 200 4176
190.171.141.82 - - [26/Dec/2022:16:03:11 -0300] "POST /cormun/servlet/trlicencias?8872465cadfd8159f0e9ff5672325710,,gx-no-cache=1672080494168 HTTP/1.1" 200 4175
190.171.141.82 - - [26/Dec/2022:16:03:29 -0300] "POST /cormun/servlet/trlicencias?8872465cadfd8159f0e9ff5672325710,,gx-no-cache=1672080512329 HTTP/1.1" 200 5416
190.171.141.82 - - [26/Dec/2022:16:04:20 -0300] "POST /cormun/servlet/trlicencias?8872465cadfd8159f0e9ff5672325710,,gx-no-cache=1672080563666 HTTP/1.1" 200 4171
190.171.141.82 - - [26/Dec/2022:16:04:21 -0300] "POST /cormun/servlet/trlicencias?8872465cadfd8159f0e9ff5672325710,,gx-no-cache=1672080564593 HTTP/1.1" 200 4172
190.171.141.82 - - [26/Dec/2022:16:04:21 -0300] "POST /cormun/servlet/trlicencias?8872465cadfd8159f0e9ff5672325710,,gx-no-cache=1672080564849 HTTP/1.1" 200 4172
190.171.141.82 - - [26/Dec/2022:16:04:35 -0300] "POST /cormun/servlet/trlicencias?8872465cadfd8159f0e9ff5672325710,,gx-no-cache=1672080578610 HTTP/1.1" 200 5419
190.171.141.82 - - [26/Dec/2022:16:04:36 -0300] "POST /cormun/servlet/trlicencias?8872465cadfd8159f0e9ff5672325710,,gx-no-cache=1672080579865 HTTP/1.1" 200 5419
190.171.141.82 - - [26/Dec/2022:16:04:37 -0300] "POST /cormun/servlet/trlicencias?8872465cadfd8159f0e9ff5672325710,,gx-no-cache=1672080580225 HTTP/1.1" 200 5419
190.171.141.82 - - [26/Dec/2022:16:04:58 -0300] "POST /cormun/servlet/trlicencias?8872465cadfd8159f0e9ff5672325710,,gx-no-cache=1672080601593 HTTP/1.1" 200 4179
190.171.141.82 - - [26/Dec/2022:16:05:00 -0300] "POST /cormun/servlet/trlicencias?8872465cadfd8159f0e9ff5672325710,,gx-no-cache=1672080603617 HTTP/1.1" 200 4179
190.171.141.82 - - [26/Dec/2022:16:05:12 -0300] "POST /cormun/servlet/trlicencias?8872465cadfd8159f0e9ff5672325710,,gx-no-cache=1672080615169 HTTP/1.1" 200 4173
190.171.141.82 - - [26/Dec/2022:16:05:13 -0300] "POST /cormun/servlet/trlicencias?8872465cadfd8159f0e9ff5672325710,,gx-no-cache=1672080616161 HTTP/1.1" 200 4171
186.67.172.234 - - [26/Dec/2022:16:05:24 -0300] "GET /cormun/servlet/trpermisosgoce? HTTP/1.1" 200 7086
186.67.172.234 - - [26/Dec/2022:16:05:24 -0300] "GET /cormun/servlet/trpermisosgoce? HTTP/1.1" 200 7086
190.171.141.82 - - [26/Dec/2022:16:05:27 -0300] "POST /cormun/servlet/trlicencias?8872465cadfd8159f0e9ff5672325710,,gx-no-cache=1672080630145 HTTP/1.1" 200 4166
190.171.141.82 - - [26/Dec/2022:16:05:27 -0300] "POST /cormun/servlet/trlicencias?8872465cadfd8159f0e9ff5672325710,,gx-no-cache=1672080630905 HTTP/1.1" 200 4166
190.171.141.82 - - [26/Dec/2022:16:05:28 -0300] "POST /cormun/servlet/trlicencias?8872465cadfd8159f0e9ff5672325710,,gx-no-cache=1672080631441 HTTP/1.1" 200 4166
190.171.141.82 - - [26/Dec/2022:16:05:28 -0300] "POST /cormun/servlet/trlicencias?8872465cadfd8159f0e9ff5672325710,,gx-no-cache=1672080631881 HTTP/1.1" 200 4166
190.171.141.82 - - [26/Dec/2022:16:05:29 -0300] "POST /cormun/servlet/trlicencias?8872465cadfd8159f0e9ff5672325710,,gx-no-cache=1672080632195 HTTP/1.1" 200 4167
186.67.172.234 - - [26/Dec/2022:16:05:30 -0300] "POST /cormun/servlet/trpermisosgoce?5ba26e07bd7a7526c2bfe1738e8962f9,,gx-no-cache=1672080634349 HTTP/1.1" 200 16037
186.67.172.234 - - [26/Dec/2022:16:05:32 -0300] "GET /cormun/static/menuarrow.gif HTTP/1.1" 404 1015
186.67.172.234 - - [26/Dec/2022:16:05:40 -0300] "POST /cormun/servlet/trpermisosgoce?5ba26e07bd7a7526c2bfe1738e8962f9,,gx-no-cache=1672080645020 HTTP/1.1" 200 16035
190.171.141.82 - - [26/Dec/2022:16:05:51 -0300] "POST /cormun/servlet/trlicencias?8872465cadfd8159f0e9ff5672325710,,gx-no-cache=1672080654849 HTTP/1.1" 200 4171
190.171.141.82 - - [26/Dec/2022:16:05:52 -0300] "POST /cormun/servlet/trlicencias?8872465cadfd8159f0e9ff5672325710,,gx-no-cache=1672080655777 HTTP/1.1" 200 4172
190.171.141.82 - - [26/Dec/2022:16:06:04 -0300] "POST /cormun/servlet/trlicencias?8872465cadfd8159f0e9ff5672325710,,gx-no-cache=1672080668057 HTTP/1.1" 200 5956
190.171.141.82 - - [26/Dec/2022:16:06:06 -0300] "POST /cormun/servlet/trlicencias?8872465cadfd8159f0e9ff5672325710,,gx-no-cache=1672080669313 HTTP/1.1" 200 5956
190.171.141.114 - - [26/Dec/2022:16:06:42 -0300] "GET /cormun/servlet/hlogin HTTP/1.1" 200 1727
190.171.141.82 - - [26/Dec/2022:16:06:48 -0300] "POST /cormun/servlet/trlicencias?8872465cadfd8159f0e9ff5672325710,,gx-no-cache=1672080711825 HTTP/1.1" 200 5938
190.171.141.82 - - [26/Dec/2022:16:06:49 -0300] "POST /cormun/servlet/trlicencias?8872465cadfd8159f0e9ff5672325710,,gx-no-cache=1672080712793 HTTP/1.1" 200 5939
190.171.141.82 - - [26/Dec/2022:16:06:50 -0300] "POST /cormun/servlet/trlicencias?8872465cadfd8159f0e9ff5672325710,,gx-no-cache=1672080713169 HTTP/1.1" 200 5939
190.171.141.82 - - [26/Dec/2022:16:06:50 -0300] "POST /cormun/servlet/trlicencias?8872465cadfd8159f0e9ff5672325710,,gx-no-cache=1672080713785 HTTP/1.1" 200 5938
190.171.141.114 - - [26/Dec/2022:16:06:58 -0300] "POST /cormun/servlet/hlogin?9a478fb0c7f649bf1c6a9f1a3c2b1ef7,gx-no-cache=1672080729207 HTTP/1.1" 200 90
190.171.141.114 - - [26/Dec/2022:16:06:58 -0300] "GET /cormun/servlet/hpexe_link HTTP/1.1" 200 954
190.171.141.114 - - [26/Dec/2022:16:06:58 -0300] "GET /cormun/servlet/hhome HTTP/1.1" 200 4008
190.171.141.114 - - [26/Dec/2022:16:06:59 -0300] "GET /cormun/servlet/hhome HTTP/1.1" 200 4004
190.171.141.82 - - [26/Dec/2022:16:07:45 -0300] "POST /cormun/servlet/trlicencias?8872465cadfd8159f0e9ff5672325710,,gx-no-cache=1672080769073 HTTP/1.1" 200 4173
190.171.141.82 - - [26/Dec/2022:16:07:46 -0300] "POST /cormun/servlet/trlicencias?8872465cadfd8159f0e9ff5672325710,,gx-no-cache=1672080770001 HTTP/1.1" 200 4171
190.171.141.82 - - [26/Dec/2022:16:07:47 -0300] "POST /cormun/servlet/trlicencias?8872465cadfd8159f0e9ff5672325710,,gx-no-cache=1672080770272 HTTP/1.1" 200 4172
190.171.141.82 - - [26/Dec/2022:16:07:47 -0300] "POST /cormun/servlet/trlicencias?8872465cadfd8159f0e9ff5672325710,,gx-no-cache=1672080770913 HTTP/1.1" 200 4173
190.171.141.82 - - [26/Dec/2022:16:07:48 -0300] "POST /cormun/servlet/trlicencias?8872465cadfd8159f0e9ff5672325710,,gx-no-cache=1672080771184 HTTP/1.1" 200 4173
190.171.149.90 - - [26/Dec/2022:16:07:53 -0300] "POST /cormun/servlet/hlogin?1feba1fadf0967c76b6267911448afa4,gx-no-cache=1672080777585 HTTP/1.1" 440 972
190.171.149.90 - - [26/Dec/2022:16:07:58 -0300] "GET /cormun/servlet/hlogin HTTP/1.1" 200 1740
190.171.149.90 - - [26/Dec/2022:16:08:02 -0300] "POST /cormun/servlet/hlogin?825b60fbea14fb0330b1eeedfbbafc8a,gx-no-cache=1672080786447 HTTP/1.1" 200 90
190.171.149.90 - - [26/Dec/2022:16:08:02 -0300] "GET /cormun/servlet/hpexe_link HTTP/1.1" 200 958
190.171.149.90 - - [26/Dec/2022:16:08:02 -0300] "GET /cormun/servlet/trlicencias HTTP/1.1" 200 10091
190.171.149.90 - - [26/Dec/2022:16:08:02 -0300] "GET /cormun/servlet/trlicencias HTTP/1.1" 200 10092
190.171.141.82 - - [26/Dec/2022:16:08:03 -0300] "POST /cormun/servlet/trlicencias?8872465cadfd8159f0e9ff5672325710,,gx-no-cache=1672080786234 HTTP/1.1" 200 5936
190.171.141.82 - - [26/Dec/2022:16:08:04 -0300] "POST /cormun/servlet/trlicencias?8872465cadfd8159f0e9ff5672325710,,gx-no-cache=1672080787266 HTTP/1.1" 200 5936
190.171.141.82 - - [26/Dec/2022:16:08:04 -0300] "POST /cormun/servlet/trlicencias?8872465cadfd8159f0e9ff5672325710,,gx-no-cache=1672080787661 HTTP/1.1" 200 5936
186.67.172.234 - - [26/Dec/2022:16:08:09 -0300] "GET /cormun/servlet/hlogin HTTP/1.1" 200 1729
186.67.172.234 - - [26/Dec/2022:16:08:12 -0300] "POST /cormun/servlet/hlogin?97762f8f71e545883662ac18bb28f6bc,gx-no-cache=1672080796236 HTTP/1.1" 200 90
186.67.172.234 - - [26/Dec/2022:16:08:12 -0300] "GET /cormun/servlet/hpexe_link HTTP/1.1" 200 954
186.67.172.234 - - [26/Dec/2022:16:08:13 -0300] "GET /cormun/servlet/hhome HTTP/1.1" 200 4150
186.67.172.234 - - [26/Dec/2022:16:08:13 -0300] "GET /cormun/servlet/hhome HTTP/1.1" 200 4147
190.171.149.90 - - [26/Dec/2022:16:08:15 -0300] "GET /cormun/servlet/trpermisosgoce? HTTP/1.1" 200 14814
190.171.149.90 - - [26/Dec/2022:16:08:15 -0300] "GET /cormun/servlet/trpermisosgoce? HTTP/1.1" 200 14808
186.67.172.234 - - [26/Dec/2022:16:08:16 -0300] "GET /cormun/servlet/trpermisosgoce? HTTP/1.1" 200 18613
186.67.172.234 - - [26/Dec/2022:16:08:17 -0300] "GET /cormun/servlet/trpermisosgoce? HTTP/1.1" 200 18715
190.171.149.90 - - [26/Dec/2022:16:08:19 -0300] "GET /cormun/servlet/permisogoce?INS,0,,, HTTP/1.1" 200 6814
190.171.149.90 - - [26/Dec/2022:16:08:19 -0300] "GET /cormun/servlet/permisogoce?INS,0,,, HTTP/1.1" 200 6814
186.67.172.234 - - [26/Dec/2022:16:08:22 -0300] "GET /cormun/servlet/trautorizarpermisogoce? HTTP/1.1" 200 6968
186.67.172.234 - - [26/Dec/2022:16:08:22 -0300] "GET /cormun/servlet/trautorizarpermisogoce? HTTP/1.1" 200 6968
190.171.141.82 - - [26/Dec/2022:16:08:26 -0300] "POST /cormun/servlet/trlicencias?8872465cadfd8159f0e9ff5672325710,,gx-no-cache=1672080809162 HTTP/1.1" 200 4175
186.67.172.234 - - [26/Dec/2022:16:08:26 -0300] "GET /cormun/servlet/trpermisosgoce? HTTP/1.1" 200 18611
190.171.141.82 - - [26/Dec/2022:16:08:27 -0300] "POST /cormun/servlet/trlicencias?8872465cadfd8159f0e9ff5672325710,,gx-no-cache=1672080810122 HTTP/1.1" 200 4175
186.67.172.234 - - [26/Dec/2022:16:08:27 -0300] "GET /cormun/servlet/trpermisosgoce? HTTP/1.1" 200 18635
190.171.149.90 - - [26/Dec/2022:16:08:27 -0300] "GET /cormun/servlet/permisogoce?c6db1e9cf47378271deb98aa84baa95ab1040cbc0584b136f302b94e53ee45a66c90a576d32306d76fe06acca662db50fff04dc4e7ddd740d9aeb1a29a02a944,gx-no-cache=1672080812150 HTTP/1.1" 200 82
190.171.141.82 - - [26/Dec/2022:16:08:28 -0300] "POST /cormun/servlet/trlicencias?8872465cadfd8159f0e9ff5672325710,,gx-no-cache=1672080811833 HTTP/1.1" 200 4177
186.67.172.234 - - [26/Dec/2022:16:08:30 -0300] "GET /cormun/servlet/permisogoce?INS,0,,, HTTP/1.1" 200 7010
186.67.172.234 - - [26/Dec/2022:16:08:31 -0300] "GET /cormun/static/Resources/prompt.gif HTTP/1.1" 304 -
186.67.172.234 - - [26/Dec/2022:16:08:31 -0300] "GET /cormun/servlet/permisogoce?INS,0,,, HTTP/1.1" 200 7010
190.171.149.90 - - [26/Dec/2022:16:08:40 -0300] "POST /cormun/servlet/permisogoce?825b60fbea14fb0330b1eeedfbbafc8a,INS,0,,,,gx-no-cache=1672080825136 HTTP/1.1" 200 93
190.171.149.90 - - [26/Dec/2022:16:08:40 -0300] "GET /cormun/servlet/hpexe_return? HTTP/1.1" 200 1012
190.171.149.90 - - [26/Dec/2022:16:08:41 -0300] "GET /cormun/servlet/trpermisosgoce HTTP/1.1" 200 14819
190.171.141.114 - - [26/Dec/2022:16:08:41 -0300] "GET /cormun/servlet/trpermisosgoce? HTTP/1.1" 200 14124
190.171.149.90 - - [26/Dec/2022:16:08:41 -0300] "GET /cormun/servlet/trpermisosgoce HTTP/1.1" 200 14823
190.171.141.114 - - [26/Dec/2022:16:08:41 -0300] "GET /cormun/servlet/trpermisosgoce? HTTP/1.1" 200 14120
190.171.141.114 - - [26/Dec/2022:16:08:45 -0300] "GET /cormun/servlet/trpermisosadjuntos?7910799,20221226112100,P, HTTP/1.1" 200 6329
190.171.141.114 - - [26/Dec/2022:16:08:45 -0300] "GET /cormun/servlet/trpermisosadjuntos?7910799,20221226112100,P, HTTP/1.1" 200 6329
190.171.141.82 - - [26/Dec/2022:16:08:45 -0300] "POST /cormun/servlet/trlicencias?8872465cadfd8159f0e9ff5672325710,,gx-no-cache=1672080828922 HTTP/1.1" 200 5754
190.171.141.82 - - [26/Dec/2022:16:08:46 -0300] "POST /cormun/servlet/trlicencias?8872465cadfd8159f0e9ff5672325710,,gx-no-cache=1672080830002 HTTP/1.1" 200 5753
190.171.141.114 - - [26/Dec/2022:16:08:49 -0300] "GET /cormun/servlet/permisosadjuntos?INS,7910799,P,20221226112100,, HTTP/1.1" 200 5649
190.171.141.114 - - [26/Dec/2022:16:08:49 -0300] "GET /cormun/static/about:blank HTTP/1.1" 404 1011
190.171.141.114 - - [26/Dec/2022:16:08:49 -0300] "GET /cormun/servlet/permisosadjuntos?INS,7910799,P,20221226112100,, HTTP/1.1" 200 5639
186.67.172.234 - - [26/Dec/2022:16:08:50 -0300] "GET /cormun/servlet/permisogoce?8368b70296ef35eeeee83218a651843d9d51bf5aea944268862486bd7cb6ecc754f4be08e4fd25eb433cf375d0c9f392e44cf75fbda75838480835581197fb79,gx-no-cache=1672080834213 HTTP/1.1" 200 83
186.67.172.234 - - [26/Dec/2022:16:08:50 -0300] "GET /cormun/static/menuarrow.gif HTTP/1.1" 404 1015
190.171.141.114 - - [26/Dec/2022:16:08:55 -0300] "POST /cormun/servlet/permisosadjuntos?9a478fb0c7f649bf1c6a9f1a3c2b1ef7,INS,7910799,P,20221226112100,, HTTP/1.1" 200 116
190.171.141.114 - - [26/Dec/2022:16:08:56 -0300] "GET /cormun/servlet/hpexe_return? HTTP/1.1" 200 1040
190.171.141.114 - - [26/Dec/2022:16:08:56 -0300] "GET /cormun/servlet/trpermisosadjuntos?7910799,20221226112100,P, HTTP/1.1" 200 6811
190.171.141.114 - - [26/Dec/2022:16:08:56 -0300] "GET /cormun/servlet/trpermisosadjuntos?7910799,20221226112100,P, HTTP/1.1" 200 6807
190.171.141.114 - - [26/Dec/2022:16:08:58 -0300] "POST /cormun/servlet/trpermisosadjuntos?9a478fb0c7f649bf1c6a9f1a3c2b1ef7,7910799,20221226112100,P,,gx-no-cache=1672080848734 HTTP/1.1" 200 90
190.171.141.114 - - [26/Dec/2022:16:08:58 -0300] "GET /cormun/servlet/hpexe_link HTTP/1.1" 200 985
190.171.141.114 - - [26/Dec/2022:16:08:58 -0300] "GET /cormun/servlet/trpermisosgoce HTTP/1.1" 200 14132
190.171.141.114 - - [26/Dec/2022:16:08:59 -0300] "GET /cormun/servlet/trpermisosgoce HTTP/1.1" 200 14130
186.67.172.234 - - [26/Dec/2022:16:09:01 -0300] "GET /cormun/servlet/permisogoce?8368b70296ef35eeeee83218a651843de92ccfb9e8941056f6a212d9d48140e7b6fb0ab66d7411ec267f04614ab97230ac93ff43f16c7947dde932b3fcb56be4,gx-no-cache=1672080844903 HTTP/1.1" 200 48
190.171.141.114 - - [26/Dec/2022:16:09:02 -0300] "POST /cormun/servlet/trpermisosgoce?9a478fb0c7f649bf1c6a9f1a3c2b1ef7,gx-no-cache=1672080852815 HTTP/1.1" 200 11406
190.171.141.114 - - [26/Dec/2022:16:09:02 -0300] "GET /cormun/static/Shared/jqueryui/images/ui-bg_highlight-soft_100_c6c2c8_1x100.png HTTP/1.1" 404 1117
190.171.141.114 - - [26/Dec/2022:16:09:02 -0300] "GET /cormun/static/Shared/jqueryui/images/ui-icons_82798d_256x240.png HTTP/1.1" 404 1089
190.171.141.114 - - [26/Dec/2022:16:09:02 -0300] "GET /cormun/static/Shared/jqueryui/images/ui-bg_flat_55_fafafa_40x100.png HTTP/1.1" 404 1097
190.171.141.114 - - [26/Dec/2022:16:09:02 -0300] "GET /cormun/static/Shared/jqueryui/images/ui-icons_8d78a5_256x240.png HTTP/1.1" 404 1089
190.171.141.114 - - [26/Dec/2022:16:09:04 -0300] "GET /cormun/servlet/trpermisosadjuntos?7778577,20221226112152,P, HTTP/1.1" 200 6327
190.171.141.114 - - [26/Dec/2022:16:09:04 -0300] "GET /cormun/servlet/trpermisosadjuntos?7778577,20221226112152,P, HTTP/1.1" 200 6327
190.171.141.82 - - [26/Dec/2022:16:09:06 -0300] "POST /cormun/servlet/trlicencias?8872465cadfd8159f0e9ff5672325710,,gx-no-cache=1672080849225 HTTP/1.1" 200 4174
190.171.141.82 - - [26/Dec/2022:16:09:07 -0300] "POST /cormun/servlet/trlicencias?8872465cadfd8159f0e9ff5672325710,,gx-no-cache=1672080850553 HTTP/1.1" 200 4172
190.171.141.82 - - [26/Dec/2022:16:09:07 -0300] "POST /cormun/servlet/trlicencias?8872465cadfd8159f0e9ff5672325710,,gx-no-cache=1672080851041 HTTP/1.1" 200 4173
190.171.141.114 - - [26/Dec/2022:16:09:10 -0300] "GET /cormun/servlet/permisosadjuntos?INS,7778577,P,20221226112152,, HTTP/1.1" 200 5646
190.171.141.114 - - [26/Dec/2022:16:09:10 -0300] "GET /cormun/static/about:blank HTTP/1.1" 404 1011
190.171.141.114 - - [26/Dec/2022:16:09:10 -0300] "GET /cormun/servlet/permisosadjuntos?INS,7778577,P,20221226112152,, HTTP/1.1" 200 5636
186.67.172.234 - - [26/Dec/2022:16:09:12 -0300] "POST /cormun/servlet/permisogoce?97762f8f71e545883662ac18bb28f6bc,INS,0,,,,gx-no-cache=1672080854991 HTTP/1.1" 200 93
186.67.172.234 - - [26/Dec/2022:16:09:12 -0300] "GET /cormun/servlet/hpexe_return? HTTP/1.1" 200 1012
186.67.172.234 - - [26/Dec/2022:16:09:12 -0300] "GET /cormun/servlet/trpermisosgoce HTTP/1.1" 200 18773
186.67.172.234 - - [26/Dec/2022:16:09:12 -0300] "GET /cormun//static/Resources/PXToolsGridUpdate.png HTTP/1.1" 304 -
186.67.172.234 - - [26/Dec/2022:16:09:13 -0300] "GET /cormun/servlet/trpermisosgoce HTTP/1.1" 200 18769
186.67.172.234 - - [26/Dec/2022:16:09:18 -0300] "GET /cormun/servlet/trpermisosadjuntos?16674778,20221226155335,P, HTTP/1.1" 200 6470
186.67.172.234 - - [26/Dec/2022:16:09:18 -0300] "GET /cormun/servlet/trpermisosadjuntos?16674778,20221226155335,P, HTTP/1.1" 200 6470
186.67.172.234 - - [26/Dec/2022:16:09:20 -0300] "GET /cormun/servlet/permisosadjuntos?INS,16674778,P,20221226155335,, HTTP/1.1" 200 5796
186.67.172.234 - - [26/Dec/2022:16:09:20 -0300] "GET /cormun/static/about:blank HTTP/1.1" 404 1011
186.67.172.234 - - [26/Dec/2022:16:09:20 -0300] "GET /cormun/servlet/permisosadjuntos?INS,16674778,P,20221226155335,, HTTP/1.1" 200 5785
190.171.141.114 - - [26/Dec/2022:16:09:27 -0300] "POST /cormun/servlet/permisosadjuntos?9a478fb0c7f649bf1c6a9f1a3c2b1ef7,INS,7778577,P,20221226112152,, HTTP/1.1" 200 116
190.171.141.114 - - [26/Dec/2022:16:09:27 -0300] "GET /cormun/servlet/hpexe_return? HTTP/1.1" 200 1039
190.171.141.114 - - [26/Dec/2022:16:09:27 -0300] "GET /cormun/servlet/trpermisosadjuntos?7778577,20221226112152,P, HTTP/1.1" 200 6820
190.171.141.114 - - [26/Dec/2022:16:09:27 -0300] "GET /cormun/servlet/trpermisosadjuntos?7778577,20221226112152,P, HTTP/1.1" 200 6817
190.171.141.82 - - [26/Dec/2022:16:09:31 -0300] "POST /cormun/servlet/trlicencias?8872465cadfd8159f0e9ff5672325710,,gx-no-cache=1672080874113 HTTP/1.1" 200 5420
186.67.172.234 - - [26/Dec/2022:16:09:34 -0300] "POST /cormun/servlet/permisosadjuntos?97762f8f71e545883662ac18bb28f6bc,INS,16674778,P,20221226155335,, HTTP/1.1" 200 116
186.67.172.234 - - [26/Dec/2022:16:09:34 -0300] "GET /cormun/servlet/hpexe_return? HTTP/1.1" 200 1041
186.67.172.234 - - [26/Dec/2022:16:09:34 -0300] "GET /cormun/servlet/trpermisosadjuntos?16674778,20221226155335,P, HTTP/1.1" 200 6952
186.67.172.234 - - [26/Dec/2022:16:09:34 -0300] "GET /cormun/servlet/trpermisosadjuntos?16674778,20221226155335,P, HTTP/1.1" 200 6949
190.171.141.114 - - [26/Dec/2022:16:09:36 -0300] "POST /cormun/servlet/trpermisosadjuntos?9a478fb0c7f649bf1c6a9f1a3c2b1ef7,7778577,20221226112152,P,,gx-no-cache=1672080886679 HTTP/1.1" 200 90
190.171.141.114 - - [26/Dec/2022:16:09:36 -0300] "GET /cormun/servlet/hpexe_link HTTP/1.1" 200 1007
190.171.141.114 - - [26/Dec/2022:16:09:36 -0300] "GET /cormun/servlet/trpermisosgoce?gx-no-cache=1672080852815 HTTP/1.1" 200 14104
190.171.141.114 - - [26/Dec/2022:16:09:36 -0300] "GET /cormun/servlet/trpermisosgoce?gx-no-cache=1672080852815 HTTP/1.1" 200 14132
186.67.172.234 - - [26/Dec/2022:16:09:37 -0300] "POST /cormun/servlet/trpermisosadjuntos?97762f8f71e545883662ac18bb28f6bc,16674778,20221226155335,P,,gx-no-cache=1672080880504 HTTP/1.1" 200 90
186.67.172.234 - - [26/Dec/2022:16:09:37 -0300] "GET /cormun/servlet/hpexe_link HTTP/1.1" 200 987
186.67.172.234 - - [26/Dec/2022:16:09:37 -0300] "GET /cormun/servlet/trpermisosgoce HTTP/1.1" 200 18826
186.67.172.234 - - [26/Dec/2022:16:09:38 -0300] "GET /cormun/servlet/trpermisosgoce HTTP/1.1" 200 18729
186.67.172.234 - - [26/Dec/2022:16:09:41 -0300] "POST /cormun/servlet/trpermisosgoce?97762f8f71e545883662ac18bb28f6bc,gx-no-cache=1672080884792 HTTP/1.1" 200 16145
186.67.172.234 - - [26/Dec/2022:16:09:41 -0300] "GET /cormun/static/Shared/jqueryui/images/ui-bg_highlight-soft_100_c6c2c8_1x100.png HTTP/1.1" 404 1117
186.67.172.234 - - [26/Dec/2022:16:09:41 -0300] "GET /cormun/static/Shared/jqueryui/images/ui-icons_82798d_256x240.png HTTP/1.1" 404 1089
186.67.172.234 - - [26/Dec/2022:16:09:42 -0300] "GET /cormun/static/Shared/jqueryui/images/ui-icons_8d78a5_256x240.png HTTP/1.1" 404 1089
186.67.172.234 - - [26/Dec/2022:16:09:42 -0300] "GET /cormun/static/Shared/jqueryui/images/ui-bg_flat_55_fafafa_40x100.png HTTP/1.1" 404 1097
186.67.172.234 - - [26/Dec/2022:16:09:42 -0300] "GET /cormun/static/Resources/PXToolsGridNext.gif HTTP/1.1" 304 -
186.67.172.234 - - [26/Dec/2022:16:09:42 -0300] "GET /cormun/static/Resources/PXToolsGridLast.gif HTTP/1.1" 304 -
190.171.141.114 - - [26/Dec/2022:16:09:42 -0300] "POST /cormun/servlet/trpermisosgoce?9a478fb0c7f649bf1c6a9f1a3c2b1ef7,gx-no-cache=1672080852815,gx-no-cache=1672080892271 HTTP/1.1" 200 11381
190.171.141.114 - - [26/Dec/2022:16:09:42 -0300] "GET /cormun/static/Shared/jqueryui/images/ui-bg_highlight-soft_100_c6c2c8_1x100.png HTTP/1.1" 404 1117
190.171.141.114 - - [26/Dec/2022:16:09:42 -0300] "GET /cormun/static/Shared/jqueryui/images/ui-icons_82798d_256x240.png HTTP/1.1" 404 1089
190.171.141.114 - - [26/Dec/2022:16:09:42 -0300] "GET /cormun/static/Shared/jqueryui/images/ui-bg_flat_55_fafafa_40x100.png HTTP/1.1" 404 1097
190.171.141.114 - - [26/Dec/2022:16:09:42 -0300] "GET /cormun/static/Shared/jqueryui/images/ui-icons_8d78a5_256x240.png HTTP/1.1" 404 1089
190.171.141.114 - - [26/Dec/2022:16:09:43 -0300] "GET /cormun/servlet/trpermisosadjuntos?16276563,20221223094502,P, HTTP/1.1" 200 6351
190.171.141.114 - - [26/Dec/2022:16:09:44 -0300] "GET /cormun/servlet/trpermisosadjuntos?16276563,20221223094502,P, HTTP/1.1" 200 6329
157.55.39.146 - - [26/Dec/2022:16:09:44 -0300] "GET /cormun/servlet/hlogin HTTP/1.1" 200 1713
190.171.141.82 - - [26/Dec/2022:16:09:47 -0300] "POST /cormun/servlet/trlicencias?8872465cadfd8159f0e9ff5672325710,,gx-no-cache=1672080890322 HTTP/1.1" 200 5417
190.171.141.114 - - [26/Dec/2022:16:09:47 -0300] "GET /cormun/servlet/permisosadjuntos?INS,16276563,P,20221223094502,, HTTP/1.1" 200 5651
190.171.141.114 - - [26/Dec/2022:16:09:47 -0300] "GET /cormun/static/about:blank HTTP/1.1" 404 1011
190.171.141.114 - - [26/Dec/2022:16:09:47 -0300] "GET /cormun/servlet/permisosadjuntos?INS,16276563,P,20221223094502,, HTTP/1.1" 200 5641
190.171.141.82 - - [26/Dec/2022:16:09:48 -0300] "POST /cormun/servlet/trlicencias?8872465cadfd8159f0e9ff5672325710,,gx-no-cache=1672080891449 HTTP/1.1" 200 5418
190.171.141.114 - - [26/Dec/2022:16:09:53 -0300] "POST /cormun/servlet/permisosadjuntos?9a478fb0c7f649bf1c6a9f1a3c2b1ef7,INS,16276563,P,20221223094502,, HTTP/1.1" 200 116
190.171.141.114 - - [26/Dec/2022:16:09:53 -0300] "GET /cormun/servlet/hpexe_return? HTTP/1.1" 200 1041
190.171.141.114 - - [26/Dec/2022:16:09:53 -0300] "GET /cormun/servlet/trpermisosadjuntos?16276563,20221223094502,P, HTTP/1.1" 200 6819
190.171.141.114 - - [26/Dec/2022:16:09:53 -0300] "GET /cormun/servlet/trpermisosadjuntos?16276563,20221223094502,P, HTTP/1.1" 200 6816
186.67.172.234 - - [26/Dec/2022:16:09:57 -0300] "GET /cormun/servlet/permisogoce?INS,0,,, HTTP/1.1" 200 7010
190.171.141.114 - - [26/Dec/2022:16:09:57 -0300] "POST /cormun/servlet/trpermisosadjuntos?9a478fb0c7f649bf1c6a9f1a3c2b1ef7,16276563,20221223094502,P,,gx-no-cache=1672080907607 HTTP/1.1" 200 90
190.171.141.114 - - [26/Dec/2022:16:09:57 -0300] "GET /cormun/servlet/hpexe_link HTTP/1.1" 200 1008
186.67.172.234 - - [26/Dec/2022:16:09:57 -0300] "GET /cormun/servlet/permisogoce?INS,0,,, HTTP/1.1" 200 7010
190.171.141.114 - - [26/Dec/2022:16:09:57 -0300] "GET /cormun/servlet/trpermisosgoce?gx-no-cache=1672080852815 HTTP/1.1" 200 14108
190.171.141.114 - - [26/Dec/2022:16:09:58 -0300] "GET /cormun/servlet/trpermisosgoce?gx-no-cache=1672080852815 HTTP/1.1" 200 14128
190.171.141.82 - - [26/Dec/2022:16:10:09 -0300] "POST /cormun/servlet/trlicencias?8872465cadfd8159f0e9ff5672325710,,gx-no-cache=1672080913002 HTTP/1.1" 200 4181
186.67.172.234 - - [26/Dec/2022:16:10:09 -0300] "GET /cormun/servlet/permisogoce?8368b70296ef35eeeee83218a651843d19c7d6c978bdab7979339235690416a554f4be08e4fd25eb433cf375d0c9f392e44cf75fbda75838480835581197fb79,gx-no-cache=1672080913286 HTTP/1.1" 200 83
186.67.172.234 - - [26/Dec/2022:16:10:10 -0300] "GET /cormun/static/menuarrow.gif HTTP/1.1" 404 1015
190.171.141.82 - - [26/Dec/2022:16:10:11 -0300] "POST /cormun/servlet/trlicencias?8872465cadfd8159f0e9ff5672325710,,gx-no-cache=1672080914281 HTTP/1.1" 200 4182
190.171.141.82 - - [26/Dec/2022:16:10:11 -0300] "POST /cormun/servlet/trlicencias?8872465cadfd8159f0e9ff5672325710,,gx-no-cache=1672080914587 HTTP/1.1" 200 4181
190.171.141.138 - - [26/Dec/2022:16:10:17 -0300] "GET /cormun/servlet/hlogin HTTP/1.1" 200 1728
190.171.141.114 - - [26/Dec/2022:16:10:18 -0300] "GET /cormun/servlet/trpermisosadjuntos?8510071,20221216084619,P, HTTP/1.1" 200 6351
190.171.141.114 - - [26/Dec/2022:16:10:18 -0300] "GET /cormun/servlet/trpermisosadjuntos?8510071,20221216084619,P, HTTP/1.1" 200 6330
190.171.141.82 - - [26/Dec/2022:16:10:19 -0300] "POST /cormun/servlet/trlicencias?8872465cadfd8159f0e9ff5672325710,,gx-no-cache=1672080922714 HTTP/1.1" 200 4182
190.171.141.138 - - [26/Dec/2022:16:10:19 -0300] "POST /cormun/servlet/hlogin?9636a4d274b99f421ba193da0dfb6b98,gx-no-cache=1672080923122 HTTP/1.1" 200 90
190.171.141.138 - - [26/Dec/2022:16:10:19 -0300] "GET /cormun/servlet/hpexe_link HTTP/1.1" 200 955
190.171.141.138 - - [26/Dec/2022:16:10:20 -0300] "GET /cormun/servlet/hhome HTTP/1.1" 200 4477
190.171.141.138 - - [26/Dec/2022:16:10:20 -0300] "GET /cormun/servlet/hhome HTTP/1.1" 200 4473
190.171.141.114 - - [26/Dec/2022:16:10:20 -0300] "GET /cormun/servlet/permisosadjuntos?INS,8510071,P,20221216084619,, HTTP/1.1" 200 5654
190.171.141.114 - - [26/Dec/2022:16:10:20 -0300] "GET /cormun/static/about:blank HTTP/1.1" 404 1011
190.171.141.114 - - [26/Dec/2022:16:10:20 -0300] "GET /cormun/servlet/permisosadjuntos?INS,8510071,P,20221216084619,, HTTP/1.1" 200 5644
186.67.172.234 - - [26/Dec/2022:16:10:24 -0300] "GET /cormun/servlet/permisogoce?8368b70296ef35eeeee83218a651843de09b41b54dead97c25f42e0b06abd2b48c65ea3972bd4d8a38806adfde5bed77ac93ff43f16c7947dde932b3fcb56be4,gx-no-cache=1672080928132 HTTP/1.1" 200 48
190.171.141.138 - - [26/Dec/2022:16:10:32 -0300] "GET /cormun/servlet/trpermisosgoce? HTTP/1.1" 200 17971
190.171.141.138 - - [26/Dec/2022:16:10:32 -0300] "GET /cormun/servlet/trpermisosgoce? HTTP/1.1" 200 17956
190.171.141.138 - - [26/Dec/2022:16:10:35 -0300] "GET /cormun/servlet/apermisogoceprn?18041194,P,20221226102831,PU HTTP/1.1" 200 1658
190.171.141.82 - - [26/Dec/2022:16:10:38 -0300] "POST /cormun/servlet/trlicencias?8872465cadfd8159f0e9ff5672325710,,gx-no-cache=1672080941386 HTTP/1.1" 200 4177
190.171.141.82 - - [26/Dec/2022:16:10:39 -0300] "POST /cormun/servlet/trlicencias?8872465cadfd8159f0e9ff5672325710,,gx-no-cache=1672080942433 HTTP/1.1" 200 4177
190.171.141.82 - - [26/Dec/2022:16:10:40 -0300] "POST /cormun/servlet/trlicencias?8872465cadfd8159f0e9ff5672325710,,gx-no-cache=1672080943162 HTTP/1.1" 200 4177
186.67.172.234 - - [26/Dec/2022:16:10:45 -0300] "POST /cormun/servlet/permisogoce?97762f8f71e545883662ac18bb28f6bc,INS,0,,,,gx-no-cache=1672080948398 HTTP/1.1" 200 93
186.67.172.234 - - [26/Dec/2022:16:10:45 -0300] "GET /cormun/servlet/hpexe_return? HTTP/1.1" 200 1034
186.67.172.234 - - [26/Dec/2022:16:10:45 -0300] "GET /cormun/servlet/trpermisosgoce?gx-no-cache=1672080884792 HTTP/1.1" 200 18787
186.67.172.234 - - [26/Dec/2022:16:10:46 -0300] "GET /cormun/servlet/trpermisosgoce?gx-no-cache=1672080884792 HTTP/1.1" 200 18820
186.67.172.234 - - [26/Dec/2022:16:10:53 -0300] "GET /cormun/servlet/trpermisosadjuntos?18379244,20221226155501,P, HTTP/1.1" 200 6491
190.171.141.82 - - [26/Dec/2022:16:10:53 -0300] "POST /cormun/servlet/trlicencias?8872465cadfd8159f0e9ff5672325710,,gx-no-cache=1672080956938 HTTP/1.1" 200 5416
186.67.172.234 - - [26/Dec/2022:16:10:54 -0300] "GET /cormun/servlet/trpermisosadjuntos?18379244,20221226155501,P, HTTP/1.1" 200 6469
186.67.172.234 - - [26/Dec/2022:16:10:59 -0300] "GET /cormun/servlet/permisosadjuntos?INS,18379244,P,20221226155501,, HTTP/1.1" 200 5798
186.67.172.234 - - [26/Dec/2022:16:10:59 -0300] "GET /cormun/static/about:blank HTTP/1.1" 404 1011
186.67.172.234 - - [26/Dec/2022:16:11:00 -0300] "GET /cormun/servlet/permisosadjuntos?INS,18379244,P,20221226155501,, HTTP/1.1" 200 5788
190.171.141.82 - - [26/Dec/2022:16:11:12 -0300] "POST /cormun/servlet/trlicencias?8872465cadfd8159f0e9ff5672325710,,gx-no-cache=1672080976025 HTTP/1.1" 200 4175
190.171.141.82 - - [26/Dec/2022:16:11:20 -0300] "POST /cormun/servlet/trlicencias?8872465cadfd8159f0e9ff5672325710,,gx-no-cache=1672080984049 HTTP/1.1" 200 4174
190.171.141.82 - - [26/Dec/2022:16:11:21 -0300] "POST /cormun/servlet/trlicencias?8872465cadfd8159f0e9ff5672325710,,gx-no-cache=1672080984337 HTTP/1.1" 200 4174
186.67.172.234 - - [26/Dec/2022:16:11:25 -0300] "POST /cormun/servlet/permisosadjuntos?97762f8f71e545883662ac18bb28f6bc,INS,18379244,P,20221226155501,, HTTP/1.1" 200 116
186.67.172.234 - - [26/Dec/2022:16:11:25 -0300] "GET /cormun/servlet/hpexe_return? HTTP/1.1" 200 1041
186.67.172.234 - - [26/Dec/2022:16:11:25 -0300] "GET /cormun/servlet/trpermisosadjuntos?18379244,20221226155501,P, HTTP/1.1" 200 6980
186.67.172.234 - - [26/Dec/2022:16:11:25 -0300] "GET /cormun/servlet/trpermisosadjuntos?18379244,20221226155501,P, HTTP/1.1" 200 6977
186.67.172.234 - - [26/Dec/2022:16:11:29 -0300] "POST /cormun/servlet/trpermisosadjuntos?97762f8f71e545883662ac18bb28f6bc,18379244,20221226155501,P,,gx-no-cache=1672080993030 HTTP/1.1" 200 90
186.67.172.234 - - [26/Dec/2022:16:11:29 -0300] "GET /cormun/servlet/hpexe_link HTTP/1.1" 200 1009
186.67.172.234 - - [26/Dec/2022:16:11:30 -0300] "GET /cormun/servlet/trpermisosgoce?gx-no-cache=1672080884792 HTTP/1.1" 200 18737
186.67.172.234 - - [26/Dec/2022:16:11:30 -0300] "GET /cormun/servlet/trpermisosgoce?gx-no-cache=1672080884792 HTTP/1.1" 200 18589
186.67.172.234 - - [26/Dec/2022:16:11:39 -0300] "GET /cormun/servlet/trpermisosadjuntos?18379244,20221226155501,P, HTTP/1.1" 200 6998
186.67.172.234 - - [26/Dec/2022:16:11:40 -0300] "GET /cormun/servlet/trpermisosadjuntos?18379244,20221226155501,P, HTTP/1.1" 200 6977
186.67.172.234 - - [26/Dec/2022:16:11:42 -0300] "POST /cormun/servlet/trpermisosadjuntos?97762f8f71e545883662ac18bb28f6bc,18379244,20221226155501,P,,gx-no-cache=1672081005936 HTTP/1.1" 200 90
186.67.172.234 - - [26/Dec/2022:16:11:42 -0300] "GET /cormun/servlet/hpexe_link HTTP/1.1" 200 1009
186.67.172.234 - - [26/Dec/2022:16:11:43 -0300] "GET /cormun/servlet/trpermisosgoce?gx-no-cache=1672080884792 HTTP/1.1" 200 18727
186.67.172.234 - - [26/Dec/2022:16:11:43 -0300] "GET /cormun/servlet/trpermisosgoce?gx-no-cache=1672080884792 HTTP/1.1" 200 18784
186.67.172.234 - - [26/Dec/2022:16:11:45 -0300] "POST /cormun/servlet/trpermisosgoce?97762f8f71e545883662ac18bb28f6bc,gx-no-cache=1672080884792,gx-no-cache=1672081008931 HTTP/1.1" 200 16143
186.67.172.234 - - [26/Dec/2022:16:11:46 -0300] "GET /cormun/static/Shared/jqueryui/images/ui-bg_highlight-soft_100_c6c2c8_1x100.png HTTP/1.1" 404 1117
186.67.172.234 - - [26/Dec/2022:16:11:46 -0300] "GET /cormun/static/Shared/jqueryui/images/ui-icons_82798d_256x240.png HTTP/1.1" 404 1089
186.67.172.234 - - [26/Dec/2022:16:11:46 -0300] "GET /cormun/static/Shared/jqueryui/images/ui-icons_8d78a5_256x240.png HTTP/1.1" 404 1089
186.67.172.234 - - [26/Dec/2022:16:11:46 -0300] "GET /cormun/static/Shared/jqueryui/images/ui-bg_flat_55_fafafa_40x100.png HTTP/1.1" 404 1097
190.171.141.82 - - [26/Dec/2022:16:11:47 -0300] "POST /cormun/servlet/trlicencias?8872465cadfd8159f0e9ff5672325710,,gx-no-cache=1672081010833 HTTP/1.1" 200 4178
190.171.141.82 - - [26/Dec/2022:16:11:48 -0300] "POST /cormun/servlet/trlicencias?8872465cadfd8159f0e9ff5672325710,,gx-no-cache=1672081012049 HTTP/1.1" 200 4178
190.171.141.82 - - [26/Dec/2022:16:11:52 -0300] "POST /cormun/servlet/trlicencias?8872465cadfd8159f0e9ff5672325710,,gx-no-cache=1672081015801 HTTP/1.1" 200 4177
186.67.172.234 - - [26/Dec/2022:16:11:59 -0300] "GET /cormun/servlet/permisogoce?INS,0,,, HTTP/1.1" 200 7033
186.67.172.234 - - [26/Dec/2022:16:12:00 -0300] "GET /cormun/servlet/permisogoce?INS,0,,, HTTP/1.1" 200 7010
190.171.141.82 - - [26/Dec/2022:16:12:12 -0300] "POST /cormun/servlet/trlicencias?8872465cadfd8159f0e9ff5672325710,,gx-no-cache=1672081035153 HTTP/1.1" 200 8742
190.171.141.82 - - [26/Dec/2022:16:12:14 -0300] "POST /cormun/servlet/trlicencias?8872465cadfd8159f0e9ff5672325710,,gx-no-cache=1672081037146 HTTP/1.1" 200 8742
186.67.172.234 - - [26/Dec/2022:16:12:16 -0300] "GET /cormun/servlet/permisogoce?8368b70296ef35eeeee83218a651843d36285cee43396ea47d133f6522f2fdcc54f4be08e4fd25eb433cf375d0c9f392e44cf75fbda75838480835581197fb79,gx-no-cache=1672081040308 HTTP/1.1" 200 84
186.67.172.234 - - [26/Dec/2022:16:12:17 -0300] "GET /cormun/servlet/permisogoce?8368b70296ef35eeeee83218a651843dfc2bb2751ded978767d78a49c1e14e6813ffa3648a43b9c06505974cfd487bfd,gx-no-cache=1672081040399 HTTP/1.1" 200 129
186.67.172.234 - - [26/Dec/2022:16:12:17 -0300] "GET /cormun/static/Shared/jqueryui/images/ui-bg_highlight-soft_100_c6c2c8_1x100.png HTTP/1.1" 404 1117
186.67.172.234 - - [26/Dec/2022:16:12:17 -0300] "GET /cormun/static/Shared/jqueryui/images/ui-icons_82798d_256x240.png HTTP/1.1" 404 1089
186.67.172.234 - - [26/Dec/2022:16:12:17 -0300] "GET /cormun/static/Shared/jqueryui/images/ui-bg_flat_55_994d53_40x100.png HTTP/1.1" 404 1097
186.67.172.234 - - [26/Dec/2022:16:12:17 -0300] "GET /cormun/static/Shared/jqueryui/images/ui-icons_ebccce_256x240.png HTTP/1.1" 404 1089
186.67.172.234 - - [26/Dec/2022:16:12:17 -0300] "POST /cormun/servlet/permisogoce?97762f8f71e545883662ac18bb28f6bc,INS,0,,,,gx-no-cache=1672081040451 HTTP/1.1" 200 4790
186.67.172.234 - - [26/Dec/2022:16:12:19 -0300] "GET /cormun/static/menuarrow.gif HTTP/1.1" 404 1015
190.171.141.82 - - [26/Dec/2022:16:12:25 -0300] "POST /cormun/servlet/trlicencias?8872465cadfd8159f0e9ff5672325710,,gx-no-cache=1672081048282 HTTP/1.1" 200 101
190.171.141.82 - - [26/Dec/2022:16:12:25 -0300] "GET /cormun/Licencias-9887.xls HTTP/1.1" 200 8704
186.67.172.234 - - [26/Dec/2022:16:12:37 -0300] "GET /cormun/servlet/permisogoce?8368b70296ef35eeeee83218a651843dfc2bb2751ded978767d78a49c1e14e68003e58d1424e326e0ac975b8fde989bfeee6394ff33882f36e3e031535ad5b70,gx-no-cache=1672081060892 HTTP/1.1" 200 47
186.67.172.234 - - [26/Dec/2022:16:12:37 -0300] "POST /cormun/servlet/permisogoce?97762f8f71e545883662ac18bb28f6bc,INS,0,,,,gx-no-cache=1672081060914 HTTP/1.1" 200 93
186.67.172.234 - - [26/Dec/2022:16:12:37 -0300] "GET /cormun/servlet/hpexe_return? HTTP/1.1" 200 1034
186.67.172.234 - - [26/Dec/2022:16:12:38 -0300] "GET /cormun/servlet/trpermisosgoce?gx-no-cache=1672080884792 HTTP/1.1" 200 18806
186.67.172.234 - - [26/Dec/2022:16:12:38 -0300] "GET /cormun/servlet/trpermisosgoce?gx-no-cache=1672080884792 HTTP/1.1" 200 18655
190.171.141.114 - - [26/Dec/2022:16:12:45 -0300] "POST /cormun/servlet/permisosadjuntos?9a478fb0c7f649bf1c6a9f1a3c2b1ef7,INS,8510071,P,20221216084619,, HTTP/1.1" 200 116
190.171.141.114 - - [26/Dec/2022:16:12:45 -0300] "GET /cormun/servlet/hpexe_return? HTTP/1.1" 200 1038
190.171.141.114 - - [26/Dec/2022:16:12:45 -0300] "GET /cormun/servlet/trpermisosadjuntos?8510071,20221216084619,P, HTTP/1.1" 200 6805
190.171.141.114 - - [26/Dec/2022:16:12:45 -0300] "GET /cormun/servlet/trpermisosadjuntos?8510071,20221216084619,P, HTTP/1.1" 200 6801
190.171.141.114 - - [26/Dec/2022:16:12:48 -0300] "POST /cormun/servlet/trpermisosadjuntos?9a478fb0c7f649bf1c6a9f1a3c2b1ef7,8510071,20221216084619,P,,gx-no-cache=1672081078678 HTTP/1.1" 200 90
190.171.141.114 - - [26/Dec/2022:16:12:48 -0300] "GET /cormun/servlet/hpexe_link HTTP/1.1" 200 1005
190.171.141.114 - - [26/Dec/2022:16:12:48 -0300] "GET /cormun/servlet/trpermisosgoce?gx-no-cache=1672080852815 HTTP/1.1" 200 14114
190.171.141.114 - - [26/Dec/2022:16:12:48 -0300] "GET /cormun/servlet/trpermisosgoce?gx-no-cache=1672080852815 HTTP/1.1" 200 14127
186.67.172.234 - - [26/Dec/2022:16:12:49 -0300] "GET /cormun/servlet/trpermisosadjuntos?20024091,20221226155704,P, HTTP/1.1" 200 6492
186.67.172.234 - - [26/Dec/2022:16:12:49 -0300] "GET /cormun/servlet/trpermisosadjuntos?20024091,20221226155704,P, HTTP/1.1" 200 6470
186.67.172.234 - - [26/Dec/2022:16:12:51 -0300] "GET /cormun/servlet/permisosadjuntos?INS,20024091,P,20221226155704,, HTTP/1.1" 200 5796
186.67.172.234 - - [26/Dec/2022:16:12:51 -0300] "GET /cormun/static/about:blank HTTP/1.1" 404 1011
186.67.172.234 - - [26/Dec/2022:16:12:51 -0300] "GET /cormun/servlet/permisosadjuntos?INS,20024091,P,20221226155704,, HTTP/1.1" 200 5786
190.171.141.114 - - [26/Dec/2022:16:12:53 -0300] "POST /cormun/servlet/trpermisosgoce?9a478fb0c7f649bf1c6a9f1a3c2b1ef7,gx-no-cache=1672080852815,gx-no-cache=1672081083822 HTTP/1.1" 200 11377
190.171.141.114 - - [26/Dec/2022:16:12:53 -0300] "GET /cormun/static/Shared/jqueryui/images/ui-bg_highlight-soft_100_c6c2c8_1x100.png HTTP/1.1" 404 1117
190.171.141.114 - - [26/Dec/2022:16:12:53 -0300] "GET /cormun/static/Shared/jqueryui/images/ui-icons_82798d_256x240.png HTTP/1.1" 404 1089
190.171.141.114 - - [26/Dec/2022:16:12:53 -0300] "GET /cormun/static/Shared/jqueryui/images/ui-bg_flat_55_fafafa_40x100.png HTTP/1.1" 404 1097
190.171.141.114 - - [26/Dec/2022:16:12:53 -0300] "GET /cormun/static/Shared/jqueryui/images/ui-icons_8d78a5_256x240.png HTTP/1.1" 404 1089
190.171.141.114 - - [26/Dec/2022:16:12:55 -0300] "GET /cormun/servlet/trpermisosadjuntos?8176952,20221214134321,P, HTTP/1.1" 200 6346
190.171.141.114 - - [26/Dec/2022:16:12:56 -0300] "GET /cormun/servlet/trpermisosadjuntos?8176952,20221214134321,P, HTTP/1.1" 200 6324
186.67.172.234 - - [26/Dec/2022:16:12:57 -0300] "POST /cormun/servlet/permisosadjuntos?97762f8f71e545883662ac18bb28f6bc,INS,20024091,P,20221226155704,, HTTP/1.1" 200 116
186.67.172.234 - - [26/Dec/2022:16:12:57 -0300] "GET /cormun/servlet/hpexe_return? HTTP/1.1" 200 1040
186.67.172.234 - - [26/Dec/2022:16:12:58 -0300] "GET /cormun/servlet/trpermisosadjuntos?20024091,20221226155704,P, HTTP/1.1" 200 6972
186.67.172.234 - - [26/Dec/2022:16:12:58 -0300] "GET /cormun/servlet/trpermisosadjuntos?20024091,20221226155704,P, HTTP/1.1" 200 6968
190.171.141.114 - - [26/Dec/2022:16:13:00 -0300] "GET /cormun/servlet/permisosadjuntos?INS,8176952,P,20221214134321,, HTTP/1.1" 200 5646
190.171.141.114 - - [26/Dec/2022:16:13:00 -0300] "GET /cormun/static/about:blank HTTP/1.1" 404 1011
