190.171.141.114 - - [26/Dec/2022:16:13:00 -0300] "GET /cormun/servlet/permisosadjuntos?INS,8176952,P,20221214134321,, HTTP/1.1" 200 5636
186.67.172.234 - - [26/Dec/2022:16:13:01 -0300] "POST /cormun/servlet/trpermisosadjuntos?97762f8f71e545883662ac18bb28f6bc,20024091,20221226155704,P,,gx-no-cache=1672081084638 HTTP/1.1" 200 90
186.67.172.234 - - [26/Dec/2022:16:13:01 -0300] "GET /cormun/servlet/hpexe_link HTTP/1.1" 200 1007
186.67.172.234 - - [26/Dec/2022:16:13:01 -0300] "GET /cormun/servlet/trpermisosgoce?gx-no-cache=1672080884792 HTTP/1.1" 200 18719
186.67.172.234 - - [26/Dec/2022:16:13:02 -0300] "GET /cormun/servlet/trpermisosgoce?gx-no-cache=1672080884792 HTTP/1.1" 200 18804
186.67.172.234 - - [26/Dec/2022:16:13:07 -0300] "POST /cormun/servlet/trpermisosgoce?97762f8f71e545883662ac18bb28f6bc,gx-no-cache=1672080884792,gx-no-cache=1672081090724 HTTP/1.1" 200 16110
186.67.172.234 - - [26/Dec/2022:16:13:08 -0300] "GET /cormun/static/Shared/jqueryui/images/ui-bg_highlight-soft_100_c6c2c8_1x100.png HTTP/1.1" 404 1117
186.67.172.234 - - [26/Dec/2022:16:13:08 -0300] "GET /cormun/static/Shared/jqueryui/images/ui-icons_82798d_256x240.png HTTP/1.1" 404 1089
186.67.172.234 - - [26/Dec/2022:16:13:08 -0300] "GET /cormun/static/Shared/jqueryui/images/ui-bg_flat_55_fafafa_40x100.png HTTP/1.1" 404 1097
186.67.172.234 - - [26/Dec/2022:16:13:08 -0300] "GET /cormun/static/Shared/jqueryui/images/ui-icons_8d78a5_256x240.png HTTP/1.1" 404 1089
190.171.141.114 - - [26/Dec/2022:16:13:12 -0300] "POST /cormun/servlet/permisosadjuntos?9a478fb0c7f649bf1c6a9f1a3c2b1ef7,INS,8176952,P,20221214134321,, HTTP/1.1" 200 116
190.171.141.114 - - [26/Dec/2022:16:13:12 -0300] "GET /cormun/servlet/hpexe_return? HTTP/1.1" 200 1040
190.171.141.114 - - [26/Dec/2022:16:13:12 -0300] "GET /cormun/servlet/trpermisosadjuntos?8176952,20221214134321,P, HTTP/1.1" 200 6798
190.171.141.114 - - [26/Dec/2022:16:13:13 -0300] "GET /cormun/servlet/trpermisosadjuntos?8176952,20221214134321,P, HTTP/1.1" 200 6794
190.171.141.114 - - [26/Dec/2022:16:13:16 -0300] "POST /cormun/servlet/trpermisosadjuntos?9a478fb0c7f649bf1c6a9f1a3c2b1ef7,8176952,20221214134321,P,,gx-no-cache=1672081106958 HTTP/1.1" 200 90
190.171.141.114 - - [26/Dec/2022:16:13:16 -0300] "GET /cormun/servlet/hpexe_link HTTP/1.1" 200 1007
190.171.141.114 - - [26/Dec/2022:16:13:16 -0300] "GET /cormun/servlet/trpermisosgoce?gx-no-cache=1672080852815 HTTP/1.1" 200 14104
190.171.141.114 - - [26/Dec/2022:16:13:17 -0300] "GET /cormun/servlet/trpermisosgoce?gx-no-cache=1672080852815 HTTP/1.1" 200 14120
190.171.141.114 - - [26/Dec/2022:16:13:23 -0300] "POST /cormun/servlet/trpermisosgoce?9a478fb0c7f649bf1c6a9f1a3c2b1ef7,gx-no-cache=1672080852815,gx-no-cache=1672081113554 HTTP/1.1" 200 11358
190.171.141.114 - - [26/Dec/2022:16:13:23 -0300] "GET /cormun/static/Shared/jqueryui/images/ui-bg_highlight-soft_100_c6c2c8_1x100.png HTTP/1.1" 404 1117
190.171.141.114 - - [26/Dec/2022:16:13:23 -0300] "GET /cormun/static/Shared/jqueryui/images/ui-icons_82798d_256x240.png HTTP/1.1" 404 1089
190.171.141.114 - - [26/Dec/2022:16:13:23 -0300] "GET /cormun/static/Shared/jqueryui/images/ui-bg_flat_55_fafafa_40x100.png HTTP/1.1" 404 1097
190.171.141.114 - - [26/Dec/2022:16:13:23 -0300] "GET /cormun/static/Shared/jqueryui/images/ui-icons_8d78a5_256x240.png HTTP/1.1" 404 1089
190.171.141.114 - - [26/Dec/2022:16:13:24 -0300] "GET /cormun/servlet/trpermisosadjuntos?16302014,20221216093818,P, HTTP/1.1" 200 6346
190.171.141.114 - - [26/Dec/2022:16:13:25 -0300] "GET /cormun/servlet/trpermisosadjuntos?16302014,20221216093818,P, HTTP/1.1" 200 6325
186.67.172.234 - - [26/Dec/2022:16:13:25 -0300] "GET /cormun/servlet/permisogoce?INS,0,,, HTTP/1.1" 200 7031
186.67.172.234 - - [26/Dec/2022:16:13:26 -0300] "GET /cormun/servlet/permisogoce?INS,0,,, HTTP/1.1" 200 7009
190.171.141.114 - - [26/Dec/2022:16:13:27 -0300] "GET /cormun/servlet/permisosadjuntos?INS,16302014,P,20221216093818,, HTTP/1.1" 200 5648
190.171.141.114 - - [26/Dec/2022:16:13:27 -0300] "GET /cormun/static/about:blank HTTP/1.1" 404 1011
190.171.141.114 - - [26/Dec/2022:16:13:27 -0300] "GET /cormun/servlet/permisosadjuntos?INS,16302014,P,20221216093818,, HTTP/1.1" 200 5638
190.171.141.114 - - [26/Dec/2022:16:13:36 -0300] "POST /cormun/servlet/permisosadjuntos?9a478fb0c7f649bf1c6a9f1a3c2b1ef7,INS,16302014,P,20221216093818,, HTTP/1.1" 200 116
190.171.141.114 - - [26/Dec/2022:16:13:36 -0300] "GET /cormun/servlet/hpexe_return? HTTP/1.1" 200 1041
190.171.141.114 - - [26/Dec/2022:16:13:36 -0300] "GET /cormun/servlet/trpermisosadjuntos?16302014,20221216093818,P, HTTP/1.1" 200 6799
190.171.141.114 - - [26/Dec/2022:16:13:36 -0300] "GET /cormun/servlet/trpermisosadjuntos?16302014,20221216093818,P, HTTP/1.1" 200 6796
186.67.172.234 - - [26/Dec/2022:16:13:38 -0300] "GET /cormun/servlet/permisogoce?8368b70296ef35eeeee83218a651843d25c0137472e18df2d3e1701343f6da1c54f4be08e4fd25eb433cf375d0c9f392e44cf75fbda75838480835581197fb79,gx-no-cache=1672081122060 HTTP/1.1" 200 86
186.67.172.234 - - [26/Dec/2022:16:13:38 -0300] "GET /cormun/static/menuarrow.gif HTTP/1.1" 404 1015
190.171.141.114 - - [26/Dec/2022:16:13:45 -0300] "POST /cormun/servlet/trpermisosadjuntos?9a478fb0c7f649bf1c6a9f1a3c2b1ef7,16302014,20221216093818,P,,gx-no-cache=1672081135479 HTTP/1.1" 200 90
190.171.141.114 - - [26/Dec/2022:16:13:45 -0300] "GET /cormun/servlet/hpexe_link HTTP/1.1" 200 1008
190.171.141.114 - - [26/Dec/2022:16:13:45 -0300] "GET /cormun/servlet/trpermisosgoce?gx-no-cache=1672080852815 HTTP/1.1" 200 14082
186.67.172.234 - - [26/Dec/2022:16:13:45 -0300] "GET /cormun/servlet/permisogoce?8368b70296ef35eeeee83218a651843dc92a66044d9cd0ed229cd6f1189dd6b96ff68ee81cf7f5e5d0016ef750a84573ac93ff43f16c7947dde932b3fcb56be4,gx-no-cache=1672081128744 HTTP/1.1" 200 49
190.171.141.114 - - [26/Dec/2022:16:13:45 -0300] "GET /cormun/servlet/trpermisosgoce?gx-no-cache=1672080852815 HTTP/1.1" 200 14118
190.171.141.114 - - [26/Dec/2022:16:13:49 -0300] "POST /cormun/servlet/trpermisosgoce?9a478fb0c7f649bf1c6a9f1a3c2b1ef7,gx-no-cache=1672080852815,gx-no-cache=1672081139264 HTTP/1.1" 200 11358
190.171.141.114 - - [26/Dec/2022:16:13:49 -0300] "GET /cormun/static/Shared/jqueryui/images/ui-bg_highlight-soft_100_c6c2c8_1x100.png HTTP/1.1" 404 1117
190.171.141.114 - - [26/Dec/2022:16:13:49 -0300] "GET /cormun/static/Shared/jqueryui/images/ui-icons_82798d_256x240.png HTTP/1.1" 404 1089
190.171.141.114 - - [26/Dec/2022:16:13:49 -0300] "GET /cormun/static/Shared/jqueryui/images/ui-bg_flat_55_fafafa_40x100.png HTTP/1.1" 404 1097
190.171.141.114 - - [26/Dec/2022:16:13:49 -0300] "GET /cormun/static/Shared/jqueryui/images/ui-icons_8d78a5_256x240.png HTTP/1.1" 404 1089
190.171.141.114 - - [26/Dec/2022:16:13:55 -0300] "GET /cormun/servlet/trpermisosadjuntos?16276563,20221223094502,P, HTTP/1.1" 200 6835
190.171.141.114 - - [26/Dec/2022:16:13:55 -0300] "GET /cormun/servlet/trpermisosadjuntos?16276563,20221223094502,P, HTTP/1.1" 200 6816
190.171.141.82 - - [26/Dec/2022:16:13:55 -0300] "POST /cormun/servlet/trlicencias?8872465cadfd8159f0e9ff5672325710,,gx-no-cache=1672081138707 HTTP/1.1" 200 4174
190.171.141.82 - - [26/Dec/2022:16:13:56 -0300] "POST /cormun/servlet/trlicencias?8872465cadfd8159f0e9ff5672325710,,gx-no-cache=1672081139946 HTTP/1.1" 200 4174
190.171.141.82 - - [26/Dec/2022:16:13:57 -0300] "POST /cormun/servlet/trlicencias?8872465cadfd8159f0e9ff5672325710,,gx-no-cache=1672081140938 HTTP/1.1" 200 4173
190.171.141.114 - - [26/Dec/2022:16:14:01 -0300] "POST /cormun/servlet/trpermisosadjuntos?9a478fb0c7f649bf1c6a9f1a3c2b1ef7,16276563,20221223094502,P,,gx-no-cache=1672081151478 HTTP/1.1" 200 90
190.171.141.114 - - [26/Dec/2022:16:14:01 -0300] "GET /cormun/servlet/hpexe_link HTTP/1.1" 200 1008
190.171.141.114 - - [26/Dec/2022:16:14:01 -0300] "GET /cormun/servlet/trpermisosgoce?gx-no-cache=1672080852815 HTTP/1.1" 200 14062
190.171.141.114 - - [26/Dec/2022:16:14:01 -0300] "GET /cormun/servlet/trpermisosgoce?gx-no-cache=1672080852815 HTTP/1.1" 200 14091
190.171.141.114 - - [26/Dec/2022:16:14:06 -0300] "POST /cormun/servlet/trpermisosgoce?9a478fb0c7f649bf1c6a9f1a3c2b1ef7,gx-no-cache=1672080852815,gx-no-cache=1672081156233 HTTP/1.1" 200 11330
190.171.141.114 - - [26/Dec/2022:16:14:06 -0300] "GET /cormun/static/Shared/jqueryui/images/ui-bg_highlight-soft_100_c6c2c8_1x100.png HTTP/1.1" 404 1117
190.171.141.114 - - [26/Dec/2022:16:14:06 -0300] "GET /cormun/static/Shared/jqueryui/images/ui-icons_82798d_256x240.png HTTP/1.1" 404 1089
190.171.141.114 - - [26/Dec/2022:16:14:06 -0300] "GET /cormun/static/Shared/jqueryui/images/ui-bg_flat_55_fafafa_40x100.png HTTP/1.1" 404 1097
190.171.141.114 - - [26/Dec/2022:16:14:06 -0300] "GET /cormun/static/Shared/jqueryui/images/ui-icons_8d78a5_256x240.png HTTP/1.1" 404 1089
190.171.141.114 - - [26/Dec/2022:16:14:12 -0300] "GET /cormun/servlet/hlogin HTTP/1.1" 200 1727
186.67.172.234 - - [26/Dec/2022:16:14:13 -0300] "POST /cormun/servlet/permisogoce?97762f8f71e545883662ac18bb28f6bc,INS,0,,,,gx-no-cache=1672081156358 HTTP/1.1" 200 93
186.67.172.234 - - [26/Dec/2022:16:14:13 -0300] "GET /cormun/servlet/hpexe_return? HTTP/1.1" 200 1034
186.67.172.234 - - [26/Dec/2022:16:14:13 -0300] "GET /cormun/servlet/trpermisosgoce?gx-no-cache=1672080884792 HTTP/1.1" 200 18782
186.67.172.234 - - [26/Dec/2022:16:14:14 -0300] "GET /cormun/servlet/trpermisosgoce?gx-no-cache=1672080884792 HTTP/1.1" 200 18853
190.171.141.82 - - [26/Dec/2022:16:14:14 -0300] "POST /cormun/servlet/trlicencias?8872465cadfd8159f0e9ff5672325710,,gx-no-cache=1672081158098 HTTP/1.1" 200 4179
190.171.141.82 - - [26/Dec/2022:16:14:16 -0300] "POST /cormun/servlet/trlicencias?8872465cadfd8159f0e9ff5672325710,,gx-no-cache=1672081159282 HTTP/1.1" 200 4180
190.171.141.114 - - [26/Dec/2022:16:14:20 -0300] "POST /cormun/servlet/hlogin?9a478fb0c7f649bf1c6a9f1a3c2b1ef7,gx-no-cache=1672081170411 HTTP/1.1" 200 90
190.171.141.114 - - [26/Dec/2022:16:14:20 -0300] "GET /cormun/servlet/hpexe_link HTTP/1.1" 200 954
190.171.141.114 - - [26/Dec/2022:16:14:20 -0300] "GET /cormun/servlet/hhome HTTP/1.1" 200 4310
190.171.141.114 - - [26/Dec/2022:16:14:20 -0300] "GET /cormun/servlet/hhome HTTP/1.1" 200 4306
186.67.172.234 - - [26/Dec/2022:16:14:22 -0300] "GET /cormun/servlet/trpermisosadjuntos?14007229,20221226155830,P, HTTP/1.1" 200 6492
186.67.172.234 - - [26/Dec/2022:16:14:22 -0300] "GET /cormun/servlet/trpermisosadjuntos?14007229,20221226155830,P, HTTP/1.1" 200 6470
190.171.141.82 - - [26/Dec/2022:16:14:23 -0300] "POST /cormun/servlet/trlicencias?8872465cadfd8159f0e9ff5672325710,,gx-no-cache=1672081166354 HTTP/1.1" 200 4175
190.171.141.82 - - [26/Dec/2022:16:14:24 -0300] "POST /cormun/servlet/trlicencias?8872465cadfd8159f0e9ff5672325710,,gx-no-cache=1672081167546 HTTP/1.1" 200 4175
186.67.172.234 - - [26/Dec/2022:16:14:25 -0300] "GET /cormun/servlet/permisosadjuntos?INS,14007229,P,20221226155830,, HTTP/1.1" 200 5797
190.171.141.82 - - [26/Dec/2022:16:14:25 -0300] "POST /cormun/servlet/trlicencias?8872465cadfd8159f0e9ff5672325710,,gx-no-cache=1672081168298 HTTP/1.1" 200 4176
186.67.172.234 - - [26/Dec/2022:16:14:25 -0300] "GET /cormun/static/about:blank HTTP/1.1" 404 1011
186.67.172.234 - - [26/Dec/2022:16:14:25 -0300] "GET /cormun/servlet/permisosadjuntos?INS,14007229,P,20221226155830,, HTTP/1.1" 200 5787
190.171.141.114 - - [26/Dec/2022:16:14:27 -0300] "GET /cormun/servlet/trautorizarpermisogoce? HTTP/1.1" 200 10571
190.171.141.114 - - [26/Dec/2022:16:14:27 -0300] "GET /cormun/static/gxcfg.js?2020121645532 HTTP/1.1" 200 953
190.171.141.114 - - [26/Dec/2022:16:14:27 -0300] "GET /cormun/static/trautorizarpermisogoce.js?2020121651492 HTTP/1.1" 200 34948
190.171.141.114 - - [26/Dec/2022:16:14:28 -0300] "GET /cormun/servlet/trautorizarpermisogoce? HTTP/1.1" 200 10568
190.171.141.114 - - [26/Dec/2022:16:14:30 -0300] "POST /cormun/servlet/trautorizarpermisogoce?9a478fb0c7f649bf1c6a9f1a3c2b1ef7,,gx-no-cache=1672081181192 HTTP/1.1" 200 7672
190.171.141.114 - - [26/Dec/2022:16:14:31 -0300] "GET /cormun/static/Shared/jqueryui/images/ui-bg_highlight-soft_100_c6c2c8_1x100.png HTTP/1.1" 404 1117
190.171.141.114 - - [26/Dec/2022:16:14:31 -0300] "GET /cormun/static/Shared/jqueryui/images/ui-icons_82798d_256x240.png HTTP/1.1" 404 1089
190.171.141.114 - - [26/Dec/2022:16:14:31 -0300] "GET /cormun/static/Shared/jqueryui/images/ui-icons_8d78a5_256x240.png HTTP/1.1" 404 1089
190.171.141.114 - - [26/Dec/2022:16:14:31 -0300] "GET /cormun/static/Shared/jqueryui/images/ui-bg_flat_55_fafafa_40x100.png HTTP/1.1" 404 1097
190.171.141.114 - - [26/Dec/2022:16:14:32 -0300] "POST /cormun/servlet/trautorizarpermisogoce?9a478fb0c7f649bf1c6a9f1a3c2b1ef7,,gx-no-cache=1672081182500 HTTP/1.1" 200 7408
186.67.172.234 - - [26/Dec/2022:16:14:32 -0300] "POST /cormun/servlet/permisosadjuntos?97762f8f71e545883662ac18bb28f6bc,INS,14007229,P,20221226155830,, HTTP/1.1" 200 116
186.67.172.234 - - [26/Dec/2022:16:14:32 -0300] "GET /cormun/servlet/hpexe_return? HTTP/1.1" 200 1041
190.171.141.114 - - [26/Dec/2022:16:14:32 -0300] "POST /cormun/servlet/trautorizarpermisogoce?9a478fb0c7f649bf1c6a9f1a3c2b1ef7,,gx-no-cache=1672081182996 HTTP/1.1" 200 7085
186.67.172.234 - - [26/Dec/2022:16:14:32 -0300] "GET /cormun/servlet/trpermisosadjuntos?14007229,20221226155830,P, HTTP/1.1" 200 6964
186.67.172.234 - - [26/Dec/2022:16:14:33 -0300] "GET /cormun/servlet/trpermisosadjuntos?14007229,20221226155830,P, HTTP/1.1" 200 6974
190.171.141.114 - - [26/Dec/2022:16:14:33 -0300] "POST /cormun/servlet/trautorizarpermisogoce?9a478fb0c7f649bf1c6a9f1a3c2b1ef7,,gx-no-cache=1672081183563 HTTP/1.1" 200 6882
190.171.141.114 - - [26/Dec/2022:16:14:33 -0300] "POST /cormun/servlet/trautorizarpermisogoce?9a478fb0c7f649bf1c6a9f1a3c2b1ef7,,gx-no-cache=1672081184108 HTTP/1.1" 200 6642
190.171.141.114 - - [26/Dec/2022:16:14:34 -0300] "POST /cormun/servlet/trautorizarpermisogoce?9a478fb0c7f649bf1c6a9f1a3c2b1ef7,,gx-no-cache=1672081184594 HTTP/1.1" 200 6431
186.67.172.234 - - [26/Dec/2022:16:14:34 -0300] "POST /cormun/servlet/trpermisosadjuntos?97762f8f71e545883662ac18bb28f6bc,14007229,20221226155830,P,,gx-no-cache=1672081178144 HTTP/1.1" 200 90
186.67.172.234 - - [26/Dec/2022:16:14:34 -0300] "GET /cormun/servlet/hpexe_link HTTP/1.1" 200 1008
190.171.141.114 - - [26/Dec/2022:16:14:34 -0300] "POST /cormun/servlet/trautorizarpermisogoce?9a478fb0c7f649bf1c6a9f1a3c2b1ef7,,gx-no-cache=1672081185107 HTTP/1.1" 200 6256
190.171.141.114 - - [26/Dec/2022:16:14:36 -0300] "POST /cormun/servlet/trautorizarpermisogoce?9a478fb0c7f649bf1c6a9f1a3c2b1ef7,,gx-no-cache=1672081185594 HTTP/1.1" 200 6077
186.67.172.234 - - [26/Dec/2022:16:14:36 -0300] "GET /cormun/servlet/trpermisosgoce?gx-no-cache=1672080884792 HTTP/1.1" 200 18809
190.171.141.114 - - [26/Dec/2022:16:14:36 -0300] "POST /cormun/servlet/trautorizarpermisogoce?9a478fb0c7f649bf1c6a9f1a3c2b1ef7,,gx-no-cache=1672081186980 HTTP/1.1" 200 5826
186.67.172.234 - - [26/Dec/2022:16:14:37 -0300] "GET /cormun/servlet/trpermisosgoce?gx-no-cache=1672080884792 HTTP/1.1" 200 18839
190.171.141.114 - - [26/Dec/2022:16:14:37 -0300] "POST /cormun/servlet/trautorizarpermisogoce?9a478fb0c7f649bf1c6a9f1a3c2b1ef7,,gx-no-cache=1672081187779 HTTP/1.1" 200 5566
190.171.141.114 - - [26/Dec/2022:16:14:38 -0300] "POST /cormun/servlet/trautorizarpermisogoce?9a478fb0c7f649bf1c6a9f1a3c2b1ef7,,gx-no-cache=1672081188755 HTTP/1.1" 200 5277
190.171.141.114 - - [26/Dec/2022:16:14:39 -0300] "POST /cormun/servlet/trautorizarpermisogoce?9a478fb0c7f649bf1c6a9f1a3c2b1ef7,,gx-no-cache=1672081189459 HTTP/1.1" 200 4524
190.171.141.82 - - [26/Dec/2022:16:14:44 -0300] "POST /cormun/servlet/trlicencias?8872465cadfd8159f0e9ff5672325710,,gx-no-cache=1672081186938 HTTP/1.1" 200 4176
190.171.141.82 - - [26/Dec/2022:16:14:45 -0300] "POST /cormun/servlet/trlicencias?8872465cadfd8159f0e9ff5672325710,,gx-no-cache=1672081188418 HTTP/1.1" 200 4175
186.67.172.234 - - [26/Dec/2022:16:14:46 -0300] "POST /cormun/servlet/trpermisosgoce?97762f8f71e545883662ac18bb28f6bc,gx-no-cache=1672080884792,gx-no-cache=1672081189352 HTTP/1.1" 200 16018
186.67.172.234 - - [26/Dec/2022:16:14:46 -0300] "GET /cormun/static/Shared/jqueryui/images/ui-bg_highlight-soft_100_c6c2c8_1x100.png HTTP/1.1" 404 1117
186.67.172.234 - - [26/Dec/2022:16:14:46 -0300] "GET /cormun/static/Shared/jqueryui/images/ui-icons_82798d_256x240.png HTTP/1.1" 404 1089
186.67.172.234 - - [26/Dec/2022:16:14:46 -0300] "GET /cormun/static/Shared/jqueryui/images/ui-bg_flat_55_fafafa_40x100.png HTTP/1.1" 404 1097
186.67.172.234 - - [26/Dec/2022:16:14:46 -0300] "GET /cormun/static/Shared/jqueryui/images/ui-icons_8d78a5_256x240.png HTTP/1.1" 404 1089
186.67.172.234 - - [26/Dec/2022:16:15:03 -0300] "GET /cormun/servlet/permisogoce?INS,0,,, HTTP/1.1" 200 7033
186.67.172.234 - - [26/Dec/2022:16:15:03 -0300] "GET /cormun/servlet/permisogoce?INS,0,,, HTTP/1.1" 200 7010
190.171.141.82 - - [26/Dec/2022:16:15:05 -0300] "POST /cormun/servlet/trlicencias?8872465cadfd8159f0e9ff5672325710,,gx-no-cache=1672081208506 HTTP/1.1" 200 4171
190.171.153.26 - - [26/Dec/2022:16:15:11 -0300] "GET /cormun/servlet/trpermisosadjuntos?19593560,20221226131925,P, HTTP/1.1" 200 6282
190.171.153.26 - - [26/Dec/2022:16:15:11 -0300] "GET /cormun/servlet/trpermisosadjuntos?19593560,20221226131925,P, HTTP/1.1" 200 6281
190.171.153.26 - - [26/Dec/2022:16:15:13 -0300] "GET /cormun/servlet/permisosadjuntos?INS,19593560,P,20221226131925,, HTTP/1.1" 200 5600
190.171.141.82 - - [26/Dec/2022:16:15:13 -0300] "POST /cormun/servlet/trlicencias?8872465cadfd8159f0e9ff5672325710,,gx-no-cache=1672081216450 HTTP/1.1" 200 4171
190.171.153.26 - - [26/Dec/2022:16:15:13 -0300] "GET /cormun/static/about:blank HTTP/1.1" 404 1011
190.171.153.26 - - [26/Dec/2022:16:15:13 -0300] "GET /cormun/servlet/permisosadjuntos?INS,19593560,P,20221226131925,, HTTP/1.1" 200 5590
190.171.141.82 - - [26/Dec/2022:16:15:13 -0300] "POST /cormun/servlet/trlicencias?8872465cadfd8159f0e9ff5672325710,,gx-no-cache=1672081216930 HTTP/1.1" 200 4172
186.67.172.234 - - [26/Dec/2022:16:15:16 -0300] "GET /cormun/servlet/permisogoce?8368b70296ef35eeeee83218a651843d3db05839d0bc2470dc01dac1b1f1828854f4be08e4fd25eb433cf375d0c9f392e44cf75fbda75838480835581197fb79,gx-no-cache=1672081219896 HTTP/1.1" 200 79
186.67.172.234 - - [26/Dec/2022:16:15:16 -0300] "GET /cormun/static/menuarrow.gif HTTP/1.1" 404 1015
190.171.141.82 - - [26/Dec/2022:16:15:30 -0300] "POST /cormun/servlet/trlicencias?8872465cadfd8159f0e9ff5672325710,,gx-no-cache=1672081233482 HTTP/1.1" 200 4174
190.171.141.82 - - [26/Dec/2022:16:15:31 -0300] "POST /cormun/servlet/trlicencias?8872465cadfd8159f0e9ff5672325710,,gx-no-cache=1672081234674 HTTP/1.1" 200 4174
190.171.153.26 - - [26/Dec/2022:16:15:37 -0300] "POST /cormun/servlet/permisosadjuntos?b485de3bcf16c4a08109cec84acbfe94,INS,19593560,P,20221226131925,, HTTP/1.1" 200 116
190.171.153.26 - - [26/Dec/2022:16:15:37 -0300] "GET /cormun/servlet/hpexe_return? HTTP/1.1" 200 1040
190.171.153.26 - - [26/Dec/2022:16:15:37 -0300] "GET /cormun/servlet/trpermisosadjuntos?19593560,20221226131925,P, HTTP/1.1" 200 6755
190.171.153.26 - - [26/Dec/2022:16:15:38 -0300] "GET /cormun/servlet/trpermisosadjuntos?19593560,20221226131925,P, HTTP/1.1" 200 6749
190.171.153.26 - - [26/Dec/2022:16:15:40 -0300] "GET /cormun/servlet/trpermisosgoce? HTTP/1.1" 200 12619
190.171.153.26 - - [26/Dec/2022:16:15:41 -0300] "GET /cormun/servlet/trpermisosgoce? HTTP/1.1" 200 12619
186.67.172.234 - - [26/Dec/2022:16:15:43 -0300] "GET /cormun/servlet/permisogoce?8368b70296ef35eeeee83218a651843dc0769af97513f7dcc5cb19f04cafd694837244429ae00c587ad3b2b4e9d19c32ac93ff43f16c7947dde932b3fcb56be4,gx-no-cache=1672081246842 HTTP/1.1" 200 48
190.171.153.26 - - [26/Dec/2022:16:15:44 -0300] "POST /cormun/servlet/trpermisosgoce?b485de3bcf16c4a08109cec84acbfe94,,gx-no-cache=1672081247409 HTTP/1.1" 200 9664
190.171.153.26 - - [26/Dec/2022:16:15:44 -0300] "GET /cormun/static/Shared/jqueryui/images/ui-icons_82798d_256x240.png HTTP/1.1" 404 1089
190.171.153.26 - - [26/Dec/2022:16:15:44 -0300] "GET /cormun/static/Shared/jqueryui/images/ui-bg_highlight-soft_100_c6c2c8_1x100.png HTTP/1.1" 404 1117
190.171.153.26 - - [26/Dec/2022:16:15:44 -0300] "GET /cormun/static/Shared/jqueryui/images/ui-bg_flat_55_fafafa_40x100.png HTTP/1.1" 404 1097
190.171.153.26 - - [26/Dec/2022:16:15:44 -0300] "GET /cormun/static/Shared/jqueryui/images/ui-icons_8d78a5_256x240.png HTTP/1.1" 404 1089
190.171.141.82 - - [26/Dec/2022:16:15:47 -0300] "POST /cormun/servlet/trlicencias?8872465cadfd8159f0e9ff5672325710,,gx-no-cache=1672081250978 HTTP/1.1" 200 4176
190.171.141.82 - - [26/Dec/2022:16:15:48 -0300] "POST /cormun/servlet/trlicencias?8872465cadfd8159f0e9ff5672325710,,gx-no-cache=1672081251890 HTTP/1.1" 200 4177
190.171.141.82 - - [26/Dec/2022:16:16:04 -0300] "POST /cormun/servlet/trlicencias?8872465cadfd8159f0e9ff5672325710,,gx-no-cache=1672081268042 HTTP/1.1" 200 4176
190.171.141.82 - - [26/Dec/2022:16:16:05 -0300] "POST /cormun/servlet/trlicencias?8872465cadfd8159f0e9ff5672325710,,gx-no-cache=1672081268650 HTTP/1.1" 200 4175
186.67.172.234 - - [26/Dec/2022:16:16:10 -0300] "POST /cormun/servlet/permisogoce?97762f8f71e545883662ac18bb28f6bc,INS,0,,,,gx-no-cache=1672081273588 HTTP/1.1" 200 93
186.67.172.234 - - [26/Dec/2022:16:16:10 -0300] "GET /cormun/servlet/hpexe_return? HTTP/1.1" 200 1034
186.67.172.234 - - [26/Dec/2022:16:16:11 -0300] "GET /cormun/servlet/trpermisosgoce?gx-no-cache=1672080884792 HTTP/1.1" 200 18917
186.67.172.234 - - [26/Dec/2022:16:16:11 -0300] "GET /cormun/servlet/trpermisosgoce?gx-no-cache=1672080884792 HTTP/1.1" 200 18711
186.67.172.234 - - [26/Dec/2022:16:16:18 -0300] "GET /cormun/servlet/trpermisosadjuntos?18105044,20221226160007,P, HTTP/1.1" 200 6488
186.67.172.234 - - [26/Dec/2022:16:16:18 -0300] "GET /cormun/servlet/trpermisosadjuntos?18105044,20221226160007,P, HTTP/1.1" 200 6466
186.67.172.234 - - [26/Dec/2022:16:16:20 -0300] "GET /cormun/servlet/permisosadjuntos?INS,18105044,P,20221226160007,, HTTP/1.1" 200 5792
186.67.172.234 - - [26/Dec/2022:16:16:20 -0300] "GET /cormun/static/about:blank HTTP/1.1" 404 1011
186.67.172.234 - - [26/Dec/2022:16:16:20 -0300] "GET /cormun/servlet/permisosadjuntos?INS,18105044,P,20221226160007,, HTTP/1.1" 200 5781
190.171.141.82 - - [26/Dec/2022:16:16:20 -0300] "POST /cormun/servlet/trlicencias?8872465cadfd8159f0e9ff5672325710,,gx-no-cache=1672081284050 HTTP/1.1" 200 4180
190.171.141.82 - - [26/Dec/2022:16:16:22 -0300] "POST /cormun/servlet/trlicencias?8872465cadfd8159f0e9ff5672325710,,gx-no-cache=1672081285050 HTTP/1.1" 200 4178
186.67.172.234 - - [26/Dec/2022:16:16:43 -0300] "POST /cormun/servlet/permisosadjuntos?97762f8f71e545883662ac18bb28f6bc,INS,18105044,P,20221226160007,, HTTP/1.1" 200 116
186.67.172.234 - - [26/Dec/2022:16:16:44 -0300] "GET /cormun/servlet/hpexe_return? HTTP/1.1" 200 1041
186.67.172.234 - - [26/Dec/2022:16:16:44 -0300] "GET /cormun/servlet/trpermisosadjuntos?18105044,20221226160007,P, HTTP/1.1" 200 6934
186.67.172.234 - - [26/Dec/2022:16:16:44 -0300] "GET /cormun/servlet/trpermisosadjuntos?18105044,20221226160007,P, HTTP/1.1" 200 6935
186.67.172.234 - - [26/Dec/2022:16:16:46 -0300] "POST /cormun/servlet/trpermisosadjuntos?97762f8f71e545883662ac18bb28f6bc,18105044,20221226160007,P,,gx-no-cache=1672081310312 HTTP/1.1" 200 90
186.67.172.234 - - [26/Dec/2022:16:16:47 -0300] "GET /cormun/servlet/hpexe_link HTTP/1.1" 200 1009
186.67.172.234 - - [26/Dec/2022:16:16:47 -0300] "GET /cormun/servlet/trpermisosgoce?gx-no-cache=1672080884792 HTTP/1.1" 200 18818
186.67.172.234 - - [26/Dec/2022:16:16:47 -0300] "GET /cormun/servlet/trpermisosgoce?gx-no-cache=1672080884792 HTTP/1.1" 200 18696
190.171.153.26 - - [26/Dec/2022:16:16:51 -0300] "GET /cormun/servlet/trpermisosadjuntos?12778046,20221226153344,P, HTTP/1.1" 200 6289
190.171.153.26 - - [26/Dec/2022:16:16:53 -0300] "GET /cormun/servlet/trpermisosadjuntos?12778046,20221226153344,P, HTTP/1.1" 200 6289
186.67.172.234 - - [26/Dec/2022:16:16:54 -0300] "GET /cormun/servlet/trpermisosadjuntos?18105044,20221226160007,P, HTTP/1.1" 200 6957
186.67.172.234 - - [26/Dec/2022:16:16:54 -0300] "GET /cormun/servlet/trpermisosadjuntos?18105044,20221226160007,P, HTTP/1.1" 200 6935
190.171.153.26 - - [26/Dec/2022:16:16:54 -0300] "GET /cormun/servlet/permisosadjuntos?INS,12778046,P,20221226153344,, HTTP/1.1" 200 5611
190.171.153.26 - - [26/Dec/2022:16:16:55 -0300] "GET /cormun/static/about:blank HTTP/1.1" 404 1011
190.171.153.26 - - [26/Dec/2022:16:16:55 -0300] "GET /cormun/servlet/permisosadjuntos?INS,12778046,P,20221226153344,, HTTP/1.1" 200 5600
186.67.172.234 - - [26/Dec/2022:16:16:59 -0300] "POST /cormun/servlet/trpermisosadjuntos?97762f8f71e545883662ac18bb28f6bc,18105044,20221226160007,P,,gx-no-cache=1672081322284 HTTP/1.1" 200 90
186.67.172.234 - - [26/Dec/2022:16:16:59 -0300] "GET /cormun/servlet/hpexe_link HTTP/1.1" 200 1009
186.67.172.234 - - [26/Dec/2022:16:16:59 -0300] "GET /cormun/servlet/trpermisosgoce?gx-no-cache=1672080884792 HTTP/1.1" 200 18780
186.67.172.234 - - [26/Dec/2022:16:17:00 -0300] "GET /cormun/servlet/trpermisosgoce?gx-no-cache=1672080884792 HTTP/1.1" 200 18703
186.67.172.234 - - [26/Dec/2022:16:17:02 -0300] "POST /cormun/servlet/trpermisosgoce?97762f8f71e545883662ac18bb28f6bc,gx-no-cache=1672080884792,gx-no-cache=1672081325027 HTTP/1.1" 200 16283
186.67.172.234 - - [26/Dec/2022:16:17:02 -0300] "GET /cormun/static/Shared/jqueryui/images/ui-bg_highlight-soft_100_c6c2c8_1x100.png HTTP/1.1" 404 1117
186.67.172.234 - - [26/Dec/2022:16:17:02 -0300] "GET /cormun/static/Shared/jqueryui/images/ui-icons_82798d_256x240.png HTTP/1.1" 404 1089
186.67.172.234 - - [26/Dec/2022:16:17:02 -0300] "GET /cormun/static/Shared/jqueryui/images/ui-bg_flat_55_fafafa_40x100.png HTTP/1.1" 404 1097
186.67.172.234 - - [26/Dec/2022:16:17:02 -0300] "GET /cormun/static/Shared/jqueryui/images/ui-icons_8d78a5_256x240.png HTTP/1.1" 404 1089
190.171.153.26 - - [26/Dec/2022:16:17:06 -0300] "POST /cormun/servlet/permisosadjuntos?b485de3bcf16c4a08109cec84acbfe94,INS,12778046,P,20221226153344,, HTTP/1.1" 200 116
190.171.153.26 - - [26/Dec/2022:16:17:06 -0300] "GET /cormun/servlet/hpexe_return? HTTP/1.1" 200 1040
190.171.153.26 - - [26/Dec/2022:16:17:07 -0300] "GET /cormun/servlet/trpermisosadjuntos?12778046,20221226153344,P, HTTP/1.1" 200 6762
190.171.153.26 - - [26/Dec/2022:16:17:07 -0300] "GET /cormun/servlet/trpermisosadjuntos?12778046,20221226153344,P, HTTP/1.1" 200 6758
190.171.153.26 - - [26/Dec/2022:16:17:10 -0300] "GET /cormun/servlet/trpermisosgoce? HTTP/1.1" 200 12631
190.171.153.26 - - [26/Dec/2022:16:17:11 -0300] "GET /cormun/servlet/trpermisosgoce? HTTP/1.1" 200 12630
190.171.153.26 - - [26/Dec/2022:16:17:15 -0300] "POST /cormun/servlet/trpermisosgoce?b485de3bcf16c4a08109cec84acbfe94,,gx-no-cache=1672081338079 HTTP/1.1" 200 9634
190.171.153.26 - - [26/Dec/2022:16:17:15 -0300] "GET /cormun/static/Shared/jqueryui/images/ui-bg_highlight-soft_100_c6c2c8_1x100.png HTTP/1.1" 404 1117
190.171.153.26 - - [26/Dec/2022:16:17:15 -0300] "GET /cormun/static/Shared/jqueryui/images/ui-icons_82798d_256x240.png HTTP/1.1" 404 1089
190.171.153.26 - - [26/Dec/2022:16:17:15 -0300] "GET /cormun/static/Shared/jqueryui/images/ui-bg_flat_55_fafafa_40x100.png HTTP/1.1" 404 1097
190.171.153.26 - - [26/Dec/2022:16:17:16 -0300] "GET /cormun/static/Shared/jqueryui/images/ui-icons_8d78a5_256x240.png HTTP/1.1" 404 1089
186.67.172.234 - - [26/Dec/2022:16:17:17 -0300] "GET /cormun/servlet/permisogoce?INS,0,,, HTTP/1.1" 200 7033
186.67.172.234 - - [26/Dec/2022:16:17:17 -0300] "GET /cormun/servlet/permisogoce?INS,0,,, HTTP/1.1" 200 7010
186.67.172.234 - - [26/Dec/2022:16:17:34 -0300] "GET /cormun/servlet/permisogoce?8368b70296ef35eeeee83218a651843df94960d15b511ab968c3c4f101e1da7b54f4be08e4fd25eb433cf375d0c9f392e44cf75fbda75838480835581197fb79,gx-no-cache=1672081357552 HTTP/1.1" 200 81
186.67.172.234 - - [26/Dec/2022:16:17:34 -0300] "GET /cormun/static/menuarrow.gif HTTP/1.1" 404 1015
186.67.172.234 - - [26/Dec/2022:16:17:44 -0300] "GET /cormun/servlet/permisogoce?8368b70296ef35eeeee83218a651843d49f61f95e68ff1376a0fadcecc058d5ab55f98746ed7d89337c83c6473ac0163ac93ff43f16c7947dde932b3fcb56be4,gx-no-cache=1672081367677 HTTP/1.1" 200 49
186.67.172.234 - - [26/Dec/2022:16:17:44 -0300] "POST /cormun/servlet/permisogoce?97762f8f71e545883662ac18bb28f6bc,INS,0,,,,gx-no-cache=1672081367698 HTTP/1.1" 200 93
186.67.172.234 - - [26/Dec/2022:16:17:44 -0300] "GET /cormun/servlet/hpexe_return? HTTP/1.1" 200 1034
186.67.172.234 - - [26/Dec/2022:16:17:45 -0300] "GET /cormun/servlet/trpermisosgoce?gx-no-cache=1672080884792 HTTP/1.1" 200 18658
186.67.172.234 - - [26/Dec/2022:16:17:45 -0300] "GET /cormun/servlet/trpermisosgoce?gx-no-cache=1672080884792 HTTP/1.1" 200 18685
186.67.172.234 - - [26/Dec/2022:16:17:52 -0300] "GET /cormun/servlet/trpermisosadjuntos?17508246,20221226160221,P, HTTP/1.1" 200 6483
186.67.172.234 - - [26/Dec/2022:16:17:52 -0300] "GET /cormun/servlet/trpermisosadjuntos?17508246,20221226160221,P, HTTP/1.1" 200 6462
186.67.172.234 - - [26/Dec/2022:16:17:54 -0300] "GET /cormun/servlet/permisosadjuntos?INS,17508246,P,20221226160221,, HTTP/1.1" 200 5787
186.67.172.234 - - [26/Dec/2022:16:17:54 -0300] "GET /cormun/static/about:blank HTTP/1.1" 404 1011
186.67.172.234 - - [26/Dec/2022:16:17:54 -0300] "GET /cormun/servlet/permisosadjuntos?INS,17508246,P,20221226160221,, HTTP/1.1" 200 5777
186.67.172.234 - - [26/Dec/2022:16:18:00 -0300] "POST /cormun/servlet/permisosadjuntos?97762f8f71e545883662ac18bb28f6bc,INS,17508246,P,20221226160221,, HTTP/1.1" 200 116
186.67.172.234 - - [26/Dec/2022:16:18:00 -0300] "GET /cormun/servlet/hpexe_return? HTTP/1.1" 200 1039
186.67.172.234 - - [26/Dec/2022:16:18:01 -0300] "GET /cormun/servlet/trpermisosadjuntos?17508246,20221226160221,P, HTTP/1.1" 200 6936
186.67.172.234 - - [26/Dec/2022:16:18:01 -0300] "GET /cormun/servlet/trpermisosadjuntos?17508246,20221226160221,P, HTTP/1.1" 200 6932
186.67.172.234 - - [26/Dec/2022:16:18:04 -0300] "POST /cormun/servlet/trpermisosadjuntos?97762f8f71e545883662ac18bb28f6bc,17508246,20221226160221,P,,gx-no-cache=1672081388168 HTTP/1.1" 200 90
186.67.172.234 - - [26/Dec/2022:16:18:04 -0300] "GET /cormun/servlet/hpexe_link HTTP/1.1" 200 1007
186.67.172.234 - - [26/Dec/2022:16:18:05 -0300] "GET /cormun/servlet/trpermisosgoce?gx-no-cache=1672080884792 HTTP/1.1" 200 18902
186.67.172.234 - - [26/Dec/2022:16:18:05 -0300] "GET /cormun/servlet/trpermisosgoce?gx-no-cache=1672080884792 HTTP/1.1" 200 18880
186.67.172.234 - - [26/Dec/2022:16:18:15 -0300] "GET /cormun/servlet/trpermisosadjuntos?17508246,20221226160221,P, HTTP/1.1" 200 6953
186.67.172.234 - - [26/Dec/2022:16:18:16 -0300] "GET /cormun/servlet/trpermisosadjuntos?17508246,20221226160221,P, HTTP/1.1" 200 6933
186.67.172.234 - - [26/Dec/2022:16:18:19 -0300] "POST /cormun/servlet/trpermisosadjuntos?97762f8f71e545883662ac18bb28f6bc,17508246,20221226160221,P,,gx-no-cache=1672081402487 HTTP/1.1" 200 90
186.67.172.234 - - [26/Dec/2022:16:18:19 -0300] "GET /cormun/servlet/hpexe_link HTTP/1.1" 200 1007
186.67.172.234 - - [26/Dec/2022:16:18:19 -0300] "GET /cormun/servlet/trpermisosgoce?gx-no-cache=1672080884792 HTTP/1.1" 200 18888
71.6.232.25 - - [26/Dec/2022:16:18:20 -0300] "GET / HTTP/1.1" 200 11217
186.67.172.234 - - [26/Dec/2022:16:18:20 -0300] "GET /cormun/servlet/trpermisosgoce?gx-no-cache=1672080884792 HTTP/1.1" 200 18918
186.67.172.234 - - [26/Dec/2022:16:18:26 -0300] "POST /cormun/servlet/trpermisosgoce?97762f8f71e545883662ac18bb28f6bc,gx-no-cache=1672080884792,gx-no-cache=1672081408943 HTTP/1.1" 200 16084
186.67.172.234 - - [26/Dec/2022:16:18:26 -0300] "GET /cormun/static/Shared/jqueryui/images/ui-bg_highlight-soft_100_c6c2c8_1x100.png HTTP/1.1" 404 1117
186.67.172.234 - - [26/Dec/2022:16:18:26 -0300] "GET /cormun/static/Shared/jqueryui/images/ui-icons_82798d_256x240.png HTTP/1.1" 404 1089
186.67.172.234 - - [26/Dec/2022:16:18:26 -0300] "GET /cormun/static/Shared/jqueryui/images/ui-icons_8d78a5_256x240.png HTTP/1.1" 404 1089
186.67.172.234 - - [26/Dec/2022:16:18:26 -0300] "GET /cormun/static/Shared/jqueryui/images/ui-bg_flat_55_fafafa_40x100.png HTTP/1.1" 404 1097
186.67.172.234 - - [26/Dec/2022:16:18:35 -0300] "GET /cormun/servlet/permisogoce?INS,0,,, HTTP/1.1" 200 7032
186.67.172.234 - - [26/Dec/2022:16:18:36 -0300] "GET /cormun/servlet/permisogoce?INS,0,,, HTTP/1.1" 200 7010
186.67.172.234 - - [26/Dec/2022:16:18:45 -0300] "GET /cormun/servlet/permisogoce?8368b70296ef35eeeee83218a651843d92ddd8932946bc14ad1149ab20a8e32754f4be08e4fd25eb433cf375d0c9f392e44cf75fbda75838480835581197fb79,gx-no-cache=1672081428598 HTTP/1.1" 200 80
186.67.172.234 - - [26/Dec/2022:16:18:45 -0300] "GET /cormun/static/menuarrow.gif HTTP/1.1" 404 1015
186.67.172.234 - - [26/Dec/2022:16:18:59 -0300] "GET /cormun/servlet/permisogoce?8368b70296ef35eeeee83218a651843deea2e6a08bfe871577f2ead048f6ec5ed754d0208b01fcb77ad440e6f9ed5ca8ac93ff43f16c7947dde932b3fcb56be4,gx-no-cache=1672081443011 HTTP/1.1" 200 48
186.67.172.234 - - [26/Dec/2022:16:19:00 -0300] "POST /cormun/servlet/permisogoce?97762f8f71e545883662ac18bb28f6bc,INS,0,,,,gx-no-cache=1672081443033 HTTP/1.1" 200 93
186.67.172.234 - - [26/Dec/2022:16:19:00 -0300] "GET /cormun/servlet/hpexe_return? HTTP/1.1" 200 1034
186.67.172.234 - - [26/Dec/2022:16:19:00 -0300] "GET /cormun/servlet/trpermisosgoce?gx-no-cache=1672080884792 HTTP/1.1" 200 18845
186.67.172.234 - - [26/Dec/2022:16:19:01 -0300] "GET /cormun/servlet/trpermisosgoce?gx-no-cache=1672080884792 HTTP/1.1" 200 18692
186.67.172.234 - - [26/Dec/2022:16:19:08 -0300] "GET /cormun/servlet/trpermisosadjuntos?15960047,20221226160340,P, HTTP/1.1" 200 6488
186.67.172.234 - - [26/Dec/2022:16:19:08 -0300] "GET /cormun/servlet/trpermisosadjuntos?15960047,20221226160340,P, HTTP/1.1" 200 6466
186.67.172.234 - - [26/Dec/2022:16:19:10 -0300] "GET /cormun/servlet/permisosadjuntos?INS,15960047,P,20221226160340,, HTTP/1.1" 200 5793
186.67.172.234 - - [26/Dec/2022:16:19:10 -0300] "GET /cormun/static/about:blank HTTP/1.1" 404 1011
186.67.172.234 - - [26/Dec/2022:16:19:10 -0300] "GET /cormun/servlet/permisosadjuntos?INS,15960047,P,20221226160340,, HTTP/1.1" 200 5783
186.67.172.234 - - [26/Dec/2022:16:19:21 -0300] "POST /cormun/servlet/permisosadjuntos?97762f8f71e545883662ac18bb28f6bc,INS,15960047,P,20221226160340,, HTTP/1.1" 200 116
186.67.172.234 - - [26/Dec/2022:16:19:21 -0300] "GET /cormun/servlet/hpexe_return? HTTP/1.1" 200 1041
186.67.172.234 - - [26/Dec/2022:16:19:21 -0300] "GET /cormun/servlet/trpermisosadjuntos?15960047,20221226160340,P, HTTP/1.1" 200 6994
186.67.172.234 - - [26/Dec/2022:16:19:21 -0300] "GET /cormun/servlet/trpermisosadjuntos?15960047,20221226160340,P, HTTP/1.1" 200 6992
186.67.172.234 - - [26/Dec/2022:16:19:24 -0300] "POST /cormun/servlet/trpermisosadjuntos?97762f8f71e545883662ac18bb28f6bc,15960047,20221226160340,P,,gx-no-cache=1672081467758 HTTP/1.1" 200 90
186.67.172.234 - - [26/Dec/2022:16:19:24 -0300] "GET /cormun/servlet/hpexe_link HTTP/1.1" 200 1008
186.67.172.234 - - [26/Dec/2022:16:19:24 -0300] "GET /cormun/servlet/trpermisosgoce?gx-no-cache=1672080884792 HTTP/1.1" 200 18861
186.67.172.234 - - [26/Dec/2022:16:19:25 -0300] "GET /cormun/servlet/trpermisosgoce?gx-no-cache=1672080884792 HTTP/1.1" 200 18995
186.67.172.234 - - [26/Dec/2022:16:19:29 -0300] "POST /cormun/servlet/trpermisosgoce?97762f8f71e545883662ac18bb28f6bc,gx-no-cache=1672080884792,gx-no-cache=1672081472602 HTTP/1.1" 200 16081
186.67.172.234 - - [26/Dec/2022:16:19:29 -0300] "GET /cormun/static/Shared/jqueryui/images/ui-bg_highlight-soft_100_c6c2c8_1x100.png HTTP/1.1" 404 1117
186.67.172.234 - - [26/Dec/2022:16:19:29 -0300] "GET /cormun/static/Shared/jqueryui/images/ui-icons_82798d_256x240.png HTTP/1.1" 404 1089
186.67.172.234 - - [26/Dec/2022:16:19:29 -0300] "GET /cormun/static/Shared/jqueryui/images/ui-bg_flat_55_fafafa_40x100.png HTTP/1.1" 404 1097
186.67.172.234 - - [26/Dec/2022:16:19:29 -0300] "GET /cormun/static/Shared/jqueryui/images/ui-icons_8d78a5_256x240.png HTTP/1.1" 404 1089
186.67.172.234 - - [26/Dec/2022:16:19:40 -0300] "GET /cormun/servlet/permisogoce?INS,0,,, HTTP/1.1" 200 7033
186.67.172.234 - - [26/Dec/2022:16:19:41 -0300] "GET /cormun/servlet/permisogoce?INS,0,,, HTTP/1.1" 200 7010
186.67.172.234 - - [26/Dec/2022:16:19:53 -0300] "GET /cormun/servlet/permisogoce?8368b70296ef35eeeee83218a651843d10fe5e2956d0dc056d9fe4b97fa18a1b54f4be08e4fd25eb433cf375d0c9f392e44cf75fbda75838480835581197fb79,gx-no-cache=1672081496559 HTTP/1.1" 200 79
186.67.172.234 - - [26/Dec/2022:16:19:53 -0300] "GET /cormun/static/menuarrow.gif HTTP/1.1" 404 1015
186.67.172.234 - - [26/Dec/2022:16:20:01 -0300] "GET /cormun/servlet/permisogoce?8368b70296ef35eeeee83218a651843d0ffc542ed812a2c70b34034501f5858df9593ce673161d97c9cf42a33cb4a2f5ac93ff43f16c7947dde932b3fcb56be4,gx-no-cache=1672081504697 HTTP/1.1" 200 48
186.67.172.234 - - [26/Dec/2022:16:20:25 -0300] "POST /cormun/servlet/permisogoce?97762f8f71e545883662ac18bb28f6bc,INS,0,,,,gx-no-cache=1672081528294 HTTP/1.1" 200 93
186.67.172.234 - - [26/Dec/2022:16:20:25 -0300] "GET /cormun/servlet/hpexe_return? HTTP/1.1" 200 1034
186.67.172.234 - - [26/Dec/2022:16:20:25 -0300] "GET /cormun/servlet/trpermisosgoce?gx-no-cache=1672080884792 HTTP/1.1" 200 18941
186.67.172.234 - - [26/Dec/2022:16:20:26 -0300] "GET /cormun/servlet/trpermisosgoce?gx-no-cache=1672080884792 HTTP/1.1" 200 18754
190.171.141.82 - - [26/Dec/2022:16:20:27 -0300] "GET /cormun/servlet/trpermisosgoce? HTTP/1.1" 200 15048
190.171.141.82 - - [26/Dec/2022:16:20:27 -0300] "GET /cormun/servlet/trpermisosgoce? HTTP/1.1" 200 15096
190.171.141.82 - - [26/Dec/2022:16:20:29 -0300] "GET /cormun/servlet/permisogoce?INS,0,,, HTTP/1.1" 200 6833
190.171.141.82 - - [26/Dec/2022:16:20:30 -0300] "GET /cormun/servlet/permisogoce?INS,0,,, HTTP/1.1" 200 6832
186.67.172.234 - - [26/Dec/2022:16:20:33 -0300] "GET /cormun/servlet/trpermisosadjuntos?13503827,20221226160445,P, HTTP/1.1" 200 6489
186.67.172.234 - - [26/Dec/2022:16:20:34 -0300] "GET /cormun/servlet/trpermisosadjuntos?13503827,20221226160445,P, HTTP/1.1" 200 6467
186.67.172.234 - - [26/Dec/2022:16:20:37 -0300] "GET /cormun/servlet/permisosadjuntos?INS,13503827,P,20221226160445,, HTTP/1.1" 200 5794
186.67.172.234 - - [26/Dec/2022:16:20:37 -0300] "GET /cormun/static/about:blank HTTP/1.1" 404 1011
186.67.172.234 - - [26/Dec/2022:16:20:37 -0300] "GET /cormun/servlet/permisosadjuntos?INS,13503827,P,20221226160445,, HTTP/1.1" 200 5783
190.171.141.82 - - [26/Dec/2022:16:20:41 -0300] "GET /cormun/servlet/permisogoce?c6d3a431d89cddfd1977bdd8ed6401271197251c51e3c2e3c834ff18529329db63cc463489849730b26a96658a0d15d2d76c8598e48f84f574858bf21eae83fb,gx-no-cache=1672081544884 HTTP/1.1" 200 79
186.67.172.234 - - [26/Dec/2022:16:20:47 -0300] "POST /cormun/servlet/permisosadjuntos?97762f8f71e545883662ac18bb28f6bc,INS,13503827,P,20221226160445,, HTTP/1.1" 200 116
186.67.172.234 - - [26/Dec/2022:16:20:47 -0300] "GET /cormun/servlet/hpexe_return? HTTP/1.1" 200 1042
186.67.172.234 - - [26/Dec/2022:16:20:48 -0300] "GET /cormun/servlet/trpermisosadjuntos?13503827,20221226160445,P, HTTP/1.1" 200 6942
186.67.172.234 - - [26/Dec/2022:16:20:48 -0300] "GET /cormun/servlet/trpermisosadjuntos?13503827,20221226160445,P, HTTP/1.1" 200 6939
190.171.141.82 - - [26/Dec/2022:16:20:49 -0300] "GET /cormun/servlet/permisogoce?c6d3a431d89cddfd1977bdd8ed640127e2300c16b897a6299c7750ef21efddf35eb898c36fef074409bb540e35ef64b9e96d1b7f35c810c22887f8866a58bd97,gx-no-cache=1672081552935 HTTP/1.1" 200 48
186.67.172.234 - - [26/Dec/2022:16:20:51 -0300] "POST /cormun/servlet/trpermisosadjuntos?97762f8f71e545883662ac18bb28f6bc,13503827,20221226160445,P,,gx-no-cache=1672081554304 HTTP/1.1" 200 90
186.67.172.234 - - [26/Dec/2022:16:20:51 -0300] "GET /cormun/servlet/hpexe_link HTTP/1.1" 200 1009
186.67.172.234 - - [26/Dec/2022:16:20:51 -0300] "GET /cormun/servlet/trpermisosgoce?gx-no-cache=1672080884792 HTTP/1.1" 200 18730
186.67.172.234 - - [26/Dec/2022:16:20:52 -0300] "GET /cormun/servlet/trpermisosgoce?gx-no-cache=1672080884792 HTTP/1.1" 200 18904
190.171.141.82 - - [26/Dec/2022:16:20:55 -0300] "POST /cormun/servlet/permisogoce?8872465cadfd8159f0e9ff5672325710,INS,0,,,,gx-no-cache=1672081557715 HTTP/1.1" 200 93
190.171.141.82 - - [26/Dec/2022:16:20:55 -0300] "GET /cormun/servlet/hpexe_return? HTTP/1.1" 200 1017
186.67.172.234 - - [26/Dec/2022:16:20:55 -0300] "POST /cormun/servlet/trpermisosgoce?97762f8f71e545883662ac18bb28f6bc,gx-no-cache=1672080884792,gx-no-cache=1672081558027 HTTP/1.1" 200 16364
186.67.172.234 - - [26/Dec/2022:16:20:55 -0300] "GET /cormun/static/Shared/jqueryui/images/ui-bg_highlight-soft_100_c6c2c8_1x100.png HTTP/1.1" 404 1117
186.67.172.234 - - [26/Dec/2022:16:20:55 -0300] "GET /cormun/static/Shared/jqueryui/images/ui-icons_82798d_256x240.png HTTP/1.1" 404 1089
186.67.172.234 - - [26/Dec/2022:16:20:55 -0300] "GET /cormun/static/Shared/jqueryui/images/ui-bg_flat_55_fafafa_40x100.png HTTP/1.1" 404 1097
190.171.141.82 - - [26/Dec/2022:16:20:55 -0300] "GET /cormun/servlet/trpermisosgoce HTTP/1.1" 200 15298
186.67.172.234 - - [26/Dec/2022:16:20:55 -0300] "GET /cormun/static/Shared/jqueryui/images/ui-icons_8d78a5_256x240.png HTTP/1.1" 404 1089
190.171.141.82 - - [26/Dec/2022:16:20:56 -0300] "GET /cormun/servlet/trpermisosgoce HTTP/1.1" 200 15261
190.171.141.82 - - [26/Dec/2022:16:21:03 -0300] "GET /cormun/servlet/apermisogoceprn?10875801,P,20221226160534,PU HTTP/1.1" 200 1655
186.67.172.234 - - [26/Dec/2022:16:21:05 -0300] "GET /cormun/servlet/permisogoce?INS,0,,, HTTP/1.1" 200 7032
186.67.172.234 - - [26/Dec/2022:16:21:05 -0300] "GET /cormun/servlet/permisogoce?INS,0,,, HTTP/1.1" 200 7009
186.67.172.234 - - [26/Dec/2022:16:21:18 -0300] "GET /cormun/servlet/permisogoce?8368b70296ef35eeeee83218a651843d3ded1b98207a649a624133a2f9791e2354f4be08e4fd25eb433cf375d0c9f392e44cf75fbda75838480835581197fb79,gx-no-cache=1672081582040 HTTP/1.1" 200 67
186.67.172.234 - - [26/Dec/2022:16:21:18 -0300] "GET /cormun/static/menuarrow.gif HTTP/1.1" 404 1015
186.67.172.234 - - [26/Dec/2022:16:21:28 -0300] "GET /cormun/servlet/permisogoce?8368b70296ef35eeeee83218a651843dc0769af97513f7dcc5cb19f04cafd694eb2fd895a7e264a3a388390f93db42f2ac93ff43f16c7947dde932b3fcb56be4,gx-no-cache=1672081591949 HTTP/1.1" 200 48
186.67.172.234 - - [26/Dec/2022:16:21:29 -0300] "POST /cormun/servlet/permisogoce?97762f8f71e545883662ac18bb28f6bc,INS,0,,,,gx-no-cache=1672081592076 HTTP/1.1" 200 93
186.67.172.234 - - [26/Dec/2022:16:21:29 -0300] "GET /cormun/servlet/hpexe_return? HTTP/1.1" 200 1034
186.67.172.234 - - [26/Dec/2022:16:21:29 -0300] "GET /cormun/servlet/trpermisosgoce?gx-no-cache=1672080884792 HTTP/1.1" 200 18740
186.67.172.234 - - [26/Dec/2022:16:21:30 -0300] "GET /cormun/servlet/trpermisosgoce?gx-no-cache=1672080884792 HTTP/1.1" 200 18988
186.67.172.234 - - [26/Dec/2022:16:21:37 -0300] "POST /cormun/servlet/trpermisosgoce?97762f8f71e545883662ac18bb28f6bc,gx-no-cache=1672080884792,gx-no-cache=1672081600160 HTTP/1.1" 200 16336
186.67.172.234 - - [26/Dec/2022:16:21:37 -0300] "GET /cormun/static/Shared/jqueryui/images/ui-bg_highlight-soft_100_c6c2c8_1x100.png HTTP/1.1" 404 1117
186.67.172.234 - - [26/Dec/2022:16:21:37 -0300] "GET /cormun/static/Shared/jqueryui/images/ui-bg_flat_55_fafafa_40x100.png HTTP/1.1" 404 1097
186.67.172.234 - - [26/Dec/2022:16:21:37 -0300] "GET /cormun/static/Shared/jqueryui/images/ui-icons_82798d_256x240.png HTTP/1.1" 404 1089
186.67.172.234 - - [26/Dec/2022:16:21:37 -0300] "GET /cormun/static/Shared/jqueryui/images/ui-icons_8d78a5_256x240.png HTTP/1.1" 404 1089
186.67.172.234 - - [26/Dec/2022:16:21:40 -0300] "GET /cormun/servlet/trpermisosadjuntos?18105334,20221226160609,P, HTTP/1.1" 200 6477
186.67.172.234 - - [26/Dec/2022:16:21:41 -0300] "GET /cormun/servlet/trpermisosadjuntos?18105334,20221226160609,P, HTTP/1.1" 200 6456
186.67.172.234 - - [26/Dec/2022:16:21:44 -0300] "GET /cormun/servlet/permisosadjuntos?INS,18105334,P,20221226160609,, HTTP/1.1" 200 5783
186.67.172.234 - - [26/Dec/2022:16:21:44 -0300] "GET /cormun/static/about:blank HTTP/1.1" 404 1011
186.67.172.234 - - [26/Dec/2022:16:21:44 -0300] "GET /cormun/servlet/permisosadjuntos?INS,18105334,P,20221226160609,, HTTP/1.1" 200 5773
186.67.172.234 - - [26/Dec/2022:16:21:56 -0300] "POST /cormun/servlet/permisosadjuntos?97762f8f71e545883662ac18bb28f6bc,INS,18105334,P,20221226160609,, HTTP/1.1" 200 116
186.67.172.234 - - [26/Dec/2022:16:21:56 -0300] "GET /cormun/servlet/hpexe_return? HTTP/1.1" 200 1041
186.67.172.234 - - [26/Dec/2022:16:21:56 -0300] "GET /cormun/servlet/trpermisosadjuntos?18105334,20221226160609,P, HTTP/1.1" 200 6922
186.67.172.234 - - [26/Dec/2022:16:21:56 -0300] "GET /cormun/servlet/trpermisosadjuntos?18105334,20221226160609,P, HTTP/1.1" 200 6923
186.67.172.234 - - [26/Dec/2022:16:21:59 -0300] "POST /cormun/servlet/trpermisosadjuntos?97762f8f71e545883662ac18bb28f6bc,18105334,20221226160609,P,,gx-no-cache=1672081622648 HTTP/1.1" 200 90
186.67.172.234 - - [26/Dec/2022:16:21:59 -0300] "GET /cormun/servlet/hpexe_link HTTP/1.1" 200 1009
186.67.172.234 - - [26/Dec/2022:16:22:01 -0300] "GET /cormun/servlet/trpermisosgoce?gx-no-cache=1672080884792 HTTP/1.1" 200 18862
186.67.172.234 - - [26/Dec/2022:16:22:02 -0300] "GET /cormun/servlet/trpermisosgoce?gx-no-cache=1672080884792 HTTP/1.1" 200 18836
186.67.172.234 - - [26/Dec/2022:16:22:10 -0300] "POST /cormun/servlet/trpermisosgoce?97762f8f71e545883662ac18bb28f6bc,gx-no-cache=1672080884792,gx-no-cache=1672081633191 HTTP/1.1" 200 16306
186.67.172.234 - - [26/Dec/2022:16:22:11 -0300] "GET /cormun/static/Shared/jqueryui/images/ui-bg_highlight-soft_100_c6c2c8_1x100.png HTTP/1.1" 404 1117
186.67.172.234 - - [26/Dec/2022:16:22:11 -0300] "GET /cormun/static/Shared/jqueryui/images/ui-icons_82798d_256x240.png HTTP/1.1" 404 1089
186.67.172.234 - - [26/Dec/2022:16:22:11 -0300] "GET /cormun/static/Shared/jqueryui/images/ui-bg_flat_55_fafafa_40x100.png HTTP/1.1" 404 1097
186.67.172.234 - - [26/Dec/2022:16:22:11 -0300] "GET /cormun/static/Shared/jqueryui/images/ui-icons_8d78a5_256x240.png HTTP/1.1" 404 1089
186.67.172.234 - - [26/Dec/2022:16:22:24 -0300] "GET /cormun/servlet/permisogoce?INS,0,,, HTTP/1.1" 200 7034
186.67.172.234 - - [26/Dec/2022:16:22:24 -0300] "GET /cormun/servlet/permisogoce?INS,0,,, HTTP/1.1" 200 7010
186.67.172.234 - - [26/Dec/2022:16:22:34 -0300] "GET /cormun/servlet/permisogoce?8368b70296ef35eeeee83218a651843dbeec78fdb6a30832543d1db5205cb72b54f4be08e4fd25eb433cf375d0c9f392e44cf75fbda75838480835581197fb79,gx-no-cache=1672081657819 HTTP/1.1" 200 76
186.67.172.234 - - [26/Dec/2022:16:22:34 -0300] "GET /cormun/static/menuarrow.gif HTTP/1.1" 404 1015
186.67.172.234 - - [26/Dec/2022:16:22:54 -0300] "GET /cormun/servlet/permisogoce?8368b70296ef35eeeee83218a651843d262a15d052a32d4241b81161465ae3e36d54eddad0e36a66337e3e9cda2b910fac93ff43f16c7947dde932b3fcb56be4,gx-no-cache=1672081677500 HTTP/1.1" 200 47
186.67.172.234 - - [26/Dec/2022:16:23:04 -0300] "POST /cormun/servlet/permisogoce?97762f8f71e545883662ac18bb28f6bc,INS,0,,,,gx-no-cache=1672081687920 HTTP/1.1" 200 93
186.67.172.234 - - [26/Dec/2022:16:23:05 -0300] "GET /cormun/servlet/hpexe_return? HTTP/1.1" 200 1034
186.67.172.234 - - [26/Dec/2022:16:23:05 -0300] "GET /cormun/servlet/trpermisosgoce?gx-no-cache=1672080884792 HTTP/1.1" 200 18694
186.67.172.234 - - [26/Dec/2022:16:23:06 -0300] "GET /cormun/servlet/trpermisosgoce?gx-no-cache=1672080884792 HTTP/1.1" 200 18736
186.67.172.234 - - [26/Dec/2022:16:23:09 -0300] "GET /cormun/servlet/trpermisosadjuntos?18374545,20221226160728,P, HTTP/1.1" 200 6486
186.67.172.234 - - [26/Dec/2022:16:23:09 -0300] "GET /cormun/servlet/trpermisosadjuntos?18374545,20221226160728,P, HTTP/1.1" 200 6464
186.67.172.234 - - [26/Dec/2022:16:23:11 -0300] "GET /cormun/servlet/permisosadjuntos?INS,18374545,P,20221226160728,, HTTP/1.1" 200 5792
186.67.172.234 - - [26/Dec/2022:16:23:11 -0300] "GET /cormun/static/about:blank HTTP/1.1" 404 1011
186.67.172.234 - - [26/Dec/2022:16:23:11 -0300] "GET /cormun/servlet/permisosadjuntos?INS,18374545,P,20221226160728,, HTTP/1.1" 200 5782
186.67.172.234 - - [26/Dec/2022:16:23:21 -0300] "POST /cormun/servlet/permisosadjuntos?97762f8f71e545883662ac18bb28f6bc,INS,18374545,P,20221226160728,, HTTP/1.1" 200 116
186.67.172.234 - - [26/Dec/2022:16:23:21 -0300] "GET /cormun/servlet/hpexe_return? HTTP/1.1" 200 1041
186.67.172.234 - - [26/Dec/2022:16:23:21 -0300] "GET /cormun/servlet/trpermisosadjuntos?18374545,20221226160728,P, HTTP/1.1" 200 6941
186.67.172.234 - - [26/Dec/2022:16:23:21 -0300] "GET /cormun/servlet/trpermisosadjuntos?18374545,20221226160728,P, HTTP/1.1" 200 6936
186.67.172.234 - - [26/Dec/2022:16:23:24 -0300] "POST /cormun/servlet/trpermisosadjuntos?97762f8f71e545883662ac18bb28f6bc,18374545,20221226160728,P,,gx-no-cache=1672081707432 HTTP/1.1" 200 90
186.67.172.234 - - [26/Dec/2022:16:23:24 -0300] "GET /cormun/servlet/hpexe_link HTTP/1.1" 200 1009
186.67.172.234 - - [26/Dec/2022:16:23:24 -0300] "GET /cormun/servlet/trpermisosgoce?gx-no-cache=1672080884792 HTTP/1.1" 200 18773
186.67.172.234 - - [26/Dec/2022:16:23:25 -0300] "GET /cormun/servlet/trpermisosgoce?gx-no-cache=1672080884792 HTTP/1.1" 200 18742
186.67.172.234 - - [26/Dec/2022:16:23:29 -0300] "POST /cormun/servlet/trpermisosgoce?97762f8f71e545883662ac18bb28f6bc,gx-no-cache=1672080884792,gx-no-cache=1672081712360 HTTP/1.1" 200 16297
186.67.172.234 - - [26/Dec/2022:16:23:29 -0300] "GET /cormun/static/Shared/jqueryui/images/ui-bg_highlight-soft_100_c6c2c8_1x100.png HTTP/1.1" 404 1117
186.67.172.234 - - [26/Dec/2022:16:23:29 -0300] "GET /cormun/static/Shared/jqueryui/images/ui-icons_82798d_256x240.png HTTP/1.1" 404 1089
186.67.172.234 - - [26/Dec/2022:16:23:29 -0300] "GET /cormun/static/Shared/jqueryui/images/ui-bg_flat_55_fafafa_40x100.png HTTP/1.1" 404 1097
186.67.172.234 - - [26/Dec/2022:16:23:29 -0300] "GET /cormun/static/Shared/jqueryui/images/ui-icons_8d78a5_256x240.png HTTP/1.1" 404 1089
186.67.172.234 - - [26/Dec/2022:16:23:40 -0300] "GET /cormun/servlet/permisogoce?INS,0,,, HTTP/1.1" 200 7034
186.67.172.234 - - [26/Dec/2022:16:23:40 -0300] "GET /cormun/servlet/permisogoce?INS,0,,, HTTP/1.1" 200 7010
