200.83.224.3 - - [30/Nov/2022:09:56:23 -0300] "GET /cormun/static/Resources/PXToolsAddAllStandardAction.png HTTP/1.1" 200 628
200.83.224.3 - - [30/Nov/2022:09:56:23 -0300] "GET /cormun/static/trhorasextras.js?20201216212234 HTTP/1.1" 200 35129
200.83.224.3 - - [30/Nov/2022:09:56:23 -0300] "GET /cormun/static/Resources/PXToolsRemoveAllStandardAction.png HTTP/1.1" 200 495
200.83.224.3 - - [30/Nov/2022:09:56:24 -0300] "GET /cormun/servlet/trhorasextras? HTTP/1.1" 200 7714
200.83.224.3 - - [30/Nov/2022:09:56:30 -0300] "GET /cormun/servlet/trsolicitudot? HTTP/1.1" 200 7539
200.83.224.3 - - [30/Nov/2022:09:56:31 -0300] "GET /cormun/servlet/trsolicitudot? HTTP/1.1" 200 7537
200.83.224.3 - - [30/Nov/2022:09:56:59 -0300] "GET /cormun/servlet/trsolicitudot? HTTP/1.1" 200 7537
200.83.224.3 - - [30/Nov/2022:09:57:00 -0300] "GET /cormun/servlet/trsolicitudot? HTTP/1.1" 200 7537
200.83.224.3 - - [30/Nov/2022:09:57:21 -0300] "GET /cormun/servlet/trlicencias? HTTP/1.1" 200 13225
200.83.224.3 - - [30/Nov/2022:09:57:22 -0300] "GET /cormun/servlet/trlicencias? HTTP/1.1" 200 13224
200.83.224.3 - - [30/Nov/2022:09:57:32 -0300] "GET /cormun/servlet/trlicencias? HTTP/1.1" 200 13224
200.83.224.3 - - [30/Nov/2022:09:57:33 -0300] "GET /cormun/servlet/trlicencias? HTTP/1.1" 200 13224
200.83.224.3 - - [30/Nov/2022:09:57:51 -0300] "GET /cormun/servlet/trlicencias? HTTP/1.1" 200 13224
200.83.224.3 - - [30/Nov/2022:09:57:52 -0300] "GET /cormun/servlet/trlicencias? HTTP/1.1" 200 13224
200.83.224.3 - - [30/Nov/2022:09:57:55 -0300] "POST /cormun/servlet/trlicencias?b058fed14ef512a2b6db31dc75911089,,gx-no-cache=1669812288128 HTTP/1.1" 200 100
200.83.224.3 - - [30/Nov/2022:09:57:56 -0300] "GET /cormun/Licencias-794.xls HTTP/1.1" 200 10752
181.212.47.137 - - [30/Nov/2022:09:58:40 -0300] "GET /cormun/servlet/vesolicitudgral?2022,19352,, HTTP/1.1" 200 8361
181.212.47.137 - - [30/Nov/2022:09:58:40 -0300] "GET /cormun/pexe_scrolldiv.js HTTP/1.1" 404 1009
181.212.47.137 - - [30/Nov/2022:09:58:41 -0300] "GET /cormun/servlet/vesolicitudgral?2022,19352,, HTTP/1.1" 200 8360
200.83.224.3 - - [30/Nov/2022:09:59:10 -0300] "GET /cormun/static/menuarrow.gif HTTP/1.1" 404 1015
181.212.47.137 - - [30/Nov/2022:10:00:53 -0300] "GET /cormun/servlet/trsolicitudgral? HTTP/1.1" 200 10550
181.212.47.137 - - [30/Nov/2022:10:00:53 -0300] "GET /cormun/servlet/trsolicitudgral? HTTP/1.1" 200 10547
200.83.224.3 - - [30/Nov/2022:10:02:15 -0300] "POST /cormun/servlet/trlicencias?b058fed14ef512a2b6db31dc75911089,,gx-no-cache=1669812547874 HTTP/1.1" 200 4489
200.83.224.3 - - [30/Nov/2022:10:02:32 -0300] "GET /cormun/servlet/trsolicitudot? HTTP/1.1" 200 7537
200.83.224.3 - - [30/Nov/2022:10:02:33 -0300] "GET /cormun/servlet/trsolicitudot? HTTP/1.1" 200 7537
200.83.224.3 - - [30/Nov/2022:10:02:41 -0300] "GET /cormun/static/menuarrow.gif HTTP/1.1" 404 1015
190.171.149.82 - - [30/Nov/2022:10:02:43 -0300] "GET /cormun/servlet/hlogin HTTP/1.1" 200 1722
190.171.149.82 - - [30/Nov/2022:10:02:43 -0300] "GET /cormun/servlet/hlogin HTTP/1.1" 200 1733
190.171.149.82 - - [30/Nov/2022:10:03:00 -0300] "POST /cormun/servlet/hlogin?9c9a90b6ac256c93d335aad7eeac4abc,gx-no-cache=1669816131648 HTTP/1.1" 200 90
190.171.149.82 - - [30/Nov/2022:10:03:00 -0300] "GET /cormun/servlet/hpexe_link HTTP/1.1" 200 949
190.171.149.82 - - [30/Nov/2022:10:03:00 -0300] "GET /cormun/servlet/hhome HTTP/1.1" 200 3904
190.171.149.82 - - [30/Nov/2022:10:03:01 -0300] "GET /cormun/servlet/hhome HTTP/1.1" 200 3900
190.171.149.82 - - [30/Nov/2022:10:03:23 -0300] "GET /cormun/servlet/trpermisosgoce? HTTP/1.1" 200 9780
190.171.149.82 - - [30/Nov/2022:10:03:24 -0300] "GET /cormun/servlet/trpermisosgoce? HTTP/1.1" 200 9778
181.212.47.137 - - [30/Nov/2022:10:04:24 -0300] "GET /cormun/servlet/vesolicitudgral?2022,19301,, HTTP/1.1" 200 8377
181.212.47.137 - - [30/Nov/2022:10:04:24 -0300] "GET /cormun/pexe_scrolldiv.js HTTP/1.1" 404 1009
181.212.47.137 - - [30/Nov/2022:10:04:24 -0300] "GET /cormun/servlet/vesolicitudgral?2022,19301,, HTTP/1.1" 200 8376
181.212.47.137 - - [30/Nov/2022:10:04:36 -0300] "GET /cormun/servlet/trsolicitudgral? HTTP/1.1" 200 10169
181.212.47.137 - - [30/Nov/2022:10:04:36 -0300] "GET /cormun/servlet/trsolicitudgral? HTTP/1.1" 200 10165
181.212.47.137 - - [30/Nov/2022:10:04:42 -0300] "GET /cormun/servlet/vesolicitudgral?2022,19351,, HTTP/1.1" 200 8335
181.212.47.137 - - [30/Nov/2022:10:04:42 -0300] "GET /cormun/pexe_scrolldiv.js HTTP/1.1" 404 1009
181.212.47.137 - - [30/Nov/2022:10:04:43 -0300] "GET /cormun/servlet/vesolicitudgral?2022,19351,, HTTP/1.1" 200 8335
190.171.143.82 - - [30/Nov/2022:10:05:26 -0300] "POST /cormun/servlet/trlicencias?1966a33465f668a1adfb778ecb752655,,gx-no-cache=1669812629675 HTTP/1.1" 200 10000
200.83.224.3 - - [30/Nov/2022:10:05:48 -0300] "GET /cormun/servlet/trsolicitudot? HTTP/1.1" 200 7537
200.83.224.3 - - [30/Nov/2022:10:05:49 -0300] "GET /cormun/servlet/trsolicitudot? HTTP/1.1" 200 7537
190.171.149.90 - - [30/Nov/2022:10:06:11 -0300] "GET /cormun/servlet/hlogin HTTP/1.1" 200 1727
190.171.149.90 - - [30/Nov/2022:10:06:11 -0300] "GET /cormun/servlet/hlogin HTTP/1.1" 200 1737
190.171.149.90 - - [30/Nov/2022:10:06:14 -0300] "POST /cormun/servlet/hlogin?838941af3bdfd1a94a0fa5927379513a,gx-no-cache=1669812692673 HTTP/1.1" 200 90
190.171.149.90 - - [30/Nov/2022:10:06:14 -0300] "GET /cormun/servlet/hpexe_link HTTP/1.1" 200 954
190.171.149.90 - - [30/Nov/2022:10:06:14 -0300] "GET /cormun/servlet/hhome HTTP/1.1" 200 3949
190.171.149.90 - - [30/Nov/2022:10:06:15 -0300] "GET /cormun/servlet/hhome HTTP/1.1" 200 3946
190.171.152.114 - - [30/Nov/2022:10:06:17 -0300] "GET /cormun/servlet/hlogin HTTP/1.1" 200 1731
190.171.149.90 - - [30/Nov/2022:10:06:19 -0300] "GET /cormun/servlet/trpermisosgoce? HTTP/1.1" 200 12761
190.171.149.90 - - [30/Nov/2022:10:06:19 -0300] "GET /cormun/servlet/trpermisosgoce? HTTP/1.1" 200 12763
190.171.149.90 - - [30/Nov/2022:10:06:22 -0300] "GET /cormun/servlet/trpermisosadjuntos?19020124,20221129123149,P, HTTP/1.1" 200 6270
190.171.149.90 - - [30/Nov/2022:10:06:22 -0300] "GET /cormun/servlet/trpermisosadjuntos?19020124,20221129123149,P, HTTP/1.1" 200 6270
190.171.149.90 - - [30/Nov/2022:10:06:24 -0300] "GET /cormun/servlet/permisosadjuntos?INS,19020124,P,20221129123149,, HTTP/1.1" 200 5592
190.171.149.90 - - [30/Nov/2022:10:06:24 -0300] "GET /cormun/static/about:blank HTTP/1.1" 404 1011
190.171.149.90 - - [30/Nov/2022:10:06:24 -0300] "GET /cormun/servlet/permisosadjuntos?INS,19020124,P,20221129123149,, HTTP/1.1" 200 5582
200.83.224.3 - - [30/Nov/2022:10:06:33 -0300] "GET /cormun/servlet/trvisualizadoreventos? HTTP/1.1" 200 7102
200.83.224.3 - - [30/Nov/2022:10:06:33 -0300] "GET /cormun/static/gxcfg.js?20199142243133 HTTP/1.1" 200 953
200.83.224.3 - - [30/Nov/2022:10:06:33 -0300] "GET /cormun/static/trvisualizadoreventos.js?201991422431650 HTTP/1.1" 200 19318
200.83.224.3 - - [30/Nov/2022:10:06:33 -0300] "GET /cormun/static/Resources/PXToolsActionPrint.png HTTP/1.1" 200 404
200.83.224.3 - - [30/Nov/2022:10:06:34 -0300] "GET /cormun/servlet/trvisualizadoreventos? HTTP/1.1" 200 7102
190.171.149.90 - - [30/Nov/2022:10:06:36 -0300] "POST /cormun/servlet/permisosadjuntos?838941af3bdfd1a94a0fa5927379513a,INS,19020124,P,20221129123149,, HTTP/1.1" 200 116
190.171.149.90 - - [30/Nov/2022:10:06:36 -0300] "GET /cormun/servlet/hpexe_return? HTTP/1.1" 200 1039
190.171.149.90 - - [30/Nov/2022:10:06:36 -0300] "GET /cormun/servlet/trpermisosadjuntos?19020124,20221129123149,P, HTTP/1.1" 200 6765
190.171.149.90 - - [30/Nov/2022:10:06:36 -0300] "GET /cormun/servlet/trpermisosadjuntos?19020124,20221129123149,P, HTTP/1.1" 200 6761
190.171.152.114 - - [30/Nov/2022:10:06:38 -0300] "POST /cormun/servlet/hlogin?7d7bbdbb8fffb45a9ff7cef683c86c7b,gx-no-cache=1669812708142 HTTP/1.1" 200 90
190.171.149.90 - - [30/Nov/2022:10:06:38 -0300] "GET /cormun/servlet/trpermisosgoce? HTTP/1.1" 200 12759
190.171.152.114 - - [30/Nov/2022:10:06:38 -0300] "GET /cormun/servlet/hpexe_link HTTP/1.1" 200 959
190.171.152.114 - - [30/Nov/2022:10:06:38 -0300] "GET /cormun/servlet/hhome HTTP/1.1" 200 4338
190.171.152.114 - - [30/Nov/2022:10:06:38 -0300] "GET /cormun/servlet/hhome HTTP/1.1" 200 4333
190.171.149.90 - - [30/Nov/2022:10:06:38 -0300] "GET /cormun/servlet/trpermisosgoce? HTTP/1.1" 200 12761
200.83.224.3 - - [30/Nov/2022:10:06:39 -0300] "GET /cormun/servlet/trsolicitudot? HTTP/1.1" 200 7538
200.83.224.3 - - [30/Nov/2022:10:06:40 -0300] "GET /cormun/servlet/trsolicitudot? HTTP/1.1" 200 7537
190.171.149.90 - - [30/Nov/2022:10:06:41 -0300] "POST /cormun/servlet/trpermisosgoce?838941af3bdfd1a94a0fa5927379513a,,gx-no-cache=1669812719140 HTTP/1.1" 200 9867
190.171.149.90 - - [30/Nov/2022:10:06:41 -0300] "GET /cormun/static/Shared/jqueryui/images/ui-icons_82798d_256x240.png HTTP/1.1" 404 1089
190.171.149.90 - - [30/Nov/2022:10:06:41 -0300] "GET /cormun/static/Shared/jqueryui/images/ui-bg_highlight-soft_100_c6c2c8_1x100.png HTTP/1.1" 404 1117
190.171.149.90 - - [30/Nov/2022:10:06:41 -0300] "GET /cormun/static/Shared/jqueryui/images/ui-icons_8d78a5_256x240.png HTTP/1.1" 404 1089
190.171.149.90 - - [30/Nov/2022:10:06:41 -0300] "GET /cormun/static/Shared/jqueryui/images/ui-bg_flat_55_fafafa_40x100.png HTTP/1.1" 404 1097
190.171.152.114 - - [30/Nov/2022:10:06:41 -0300] "GET /cormun/servlet/trlicencias? HTTP/1.1" 200 13497
190.171.152.114 - - [30/Nov/2022:10:06:42 -0300] "GET /cormun/servlet/trlicencias? HTTP/1.1" 200 13494
200.83.224.3 - - [30/Nov/2022:10:06:43 -0300] "GET /cormun/static/menuarrow.gif HTTP/1.1" 404 1015
181.212.47.137 - - [30/Nov/2022:10:07:04 -0300] "GET /cormun/servlet/vesolicitudgral?2022,19351,,SolicitudOTAdjuntos HTTP/1.1" 200 10978
181.212.47.137 - - [30/Nov/2022:10:07:04 -0300] "GET /cormun/pexe_scrolldiv.js HTTP/1.1" 404 1009
181.212.47.137 - - [30/Nov/2022:10:07:04 -0300] "GET /cormun/servlet/vesolicitudgral?2022,19351,,SolicitudOTAdjuntos HTTP/1.1" 200 10979
181.212.47.137 - - [30/Nov/2022:10:07:05 -0300] "POST /cormun/servlet/acontrolpreferencessavestate?None,RRHH+DANIELA,true HTTP/1.1" 200 35
181.212.47.137 - - [30/Nov/2022:10:07:28 -0300] "GET /cormun/PublicTempStorage/c.i_catalina_rivera3660741.docx HTTP/1.1" 200 3565212
181.212.47.137 - - [30/Nov/2022:10:08:00 -0300] "GET /cormun/PublicTempStorage/catalina_rivera_curriculum9419937.pdf HTTP/1.1" 200 92403
200.83.224.3 - - [30/Nov/2022:10:08:03 -0300] "GET /cormun/servlet/solicitudot?INS,0,0,false, HTTP/1.1" 200 16089
200.83.224.3 - - [30/Nov/2022:10:08:03 -0300] "GET /cormun/static/gxcfg.js?20203414241232 HTTP/1.1" 200 953
200.83.224.3 - - [30/Nov/2022:10:08:03 -0300] "GET /cormun/static/solicitudot.js?20203414242792 HTTP/1.1" 200 74114
200.83.224.3 - - [30/Nov/2022:10:08:04 -0300] "GET /cormun/servlet/solicitudot?INS,0,0,false, HTTP/1.1" 200 16096
190.171.149.82 - - [30/Nov/2022:10:08:08 -0300] "GET /cormun/static/menuarrow.gif HTTP/1.1" 404 1015
190.171.149.82 - - [30/Nov/2022:10:08:16 -0300] "POST /cormun/servlet/trpermisosgoce?9c9a90b6ac256c93d335aad7eeac4abc,,gx-no-cache=1669816447074 HTTP/1.1" 200 13841
181.212.47.137 - - [30/Nov/2022:10:08:39 -0300] "GET /cormun/servlet/vesolicitudgral?2022,19351,,SolicitudOTAdjuntos HTTP/1.1" 200 10981
181.212.47.137 - - [30/Nov/2022:10:08:40 -0300] "GET /cormun/servlet/vesolicitudgral?2022,19351,,SolicitudOTAdjuntos HTTP/1.1" 200 10980
181.212.47.137 - - [30/Nov/2022:10:08:40 -0300] "POST /cormun/servlet/acontrolpreferencessavestate?None,RRHH+DANIELA,true HTTP/1.1" 200 35
200.83.224.3 - - [30/Nov/2022:10:08:42 -0300] "POST /cormun/servlet/solicitudot?gx-no-cache=1669812934713 HTTP/1.1" 200 4007
200.83.224.3 - - [30/Nov/2022:10:08:42 -0300] "POST /cormun/servlet/solicitudot?b058fed14ef512a2b6db31dc75911089,INS,0,0,false,,gx-no-cache=1669812935009 HTTP/1.1" 200 12854
190.171.143.82 - - [30/Nov/2022:10:08:45 -0300] "POST /cormun/servlet/trlicencias?1966a33465f668a1adfb778ecb752655,,gx-no-cache=1669812828723 HTTP/1.1" 200 10000
181.212.47.137 - - [30/Nov/2022:10:09:12 -0300] "GET /cormun/PublicTempStorage/afiliacion_fonasa6280068.pdf HTTP/1.1" 200 71810
181.212.47.137 - - [30/Nov/2022:10:09:16 -0300] "GET /cormun/servlet/vesolicitudgral?2022,19351,,SolicitudOTAdjuntos HTTP/1.1" 200 10978
181.212.47.137 - - [30/Nov/2022:10:09:16 -0300] "GET /cormun/servlet/vesolicitudgral?2022,19351,,SolicitudOTAdjuntos HTTP/1.1" 200 10982
181.212.47.137 - - [30/Nov/2022:10:09:17 -0300] "POST /cormun/servlet/acontrolpreferencessavestate?None,RRHH+DANIELA,true HTTP/1.1" 200 35
200.83.224.3 - - [30/Nov/2022:10:09:30 -0300] "GET /cormun/servlet/solicitudot?2d81f06f5ade6c8e443d0d3ea8252fd796ad376eaaecdbaf2b8904ceb0fb1ce2ce188fae53cdb04080d1d537861d7a61,gx-no-cache=1669812982498 HTTP/1.1" 200 30
200.83.224.3 - - [30/Nov/2022:10:09:30 -0300] "GET /cormun/servlet/solicitudot?2d81f06f5ade6c8e443d0d3ea8252fd7379a9d83cc7628157679695cd4d0362e85899087d05ed353c58b356e804aa712680661f1ab692273080836363630e574,gx-no-cache=1669812982657 HTTP/1.1" 200 30
200.83.224.3 - - [30/Nov/2022:10:09:30 -0300] "GET /cormun/servlet/solicitudot?2d81f06f5ade6c8e443d0d3ea8252fd7b10c3eedee15f226f504b34dc0caf084,gx-no-cache=1669812982702 HTTP/1.1" 200 53
200.83.224.3 - - [30/Nov/2022:10:09:30 -0300] "POST /cormun/servlet/solicitudot?gx-no-cache=1669812982750 HTTP/1.1" 200 255
200.83.224.3 - - [30/Nov/2022:10:09:30 -0300] "GET /cormun/servlet/solicitudot?2d81f06f5ade6c8e443d0d3ea8252fd72ac7155493422090a82d5f3691eae73a8461063b6d76c2aaeb91ce65662930ccf1ab409fc7b08f6d96f5c2440dec3ba94aba432f0f2b842216385bbece12df8579c2863a2ab50a20b4693136766432248f4790695580530a4ad04931dc888508a93ae656785f20743c7ecf145c447df57a37017bd86e386c624e5b99c2a0fd28770f8cca730023c6f89a1acbf9172ce3aefb98620ddb4c5ada07d71d58052d49c195bc4effd28454710aee025bc576447c30f1fcb5cdbf84222a847870ee3baca62c421a01f90216ec844597ff43bfab5d848118462a33070dfcf0b0dda4d6b5300743aac7c12c81aa53b695e1741ecaa5be7c15b06e4b0d2aad8a9071906914365bc1ade652738805b0372892424fb31307db17d420625d23ca9873d198127b38925d96d700eb4b0100b1b23ff9dd5c6929bfa462406e983df8e6f8600883e227b9c01d9348e164ed3933b68ca8d459036d5934742437003893101c17bb704ce71e1ece7df83658b9649370ccb60e15,gx-no-cache=1669812982810 HTTP/1.1" 200 30
200.83.224.3 - - [30/Nov/2022:10:09:40 -0300] "POST /cormun/servlet/solicitudot?gx-no-cache=1669812992681 HTTP/1.1" 200 30
190.171.149.82 - - [30/Nov/2022:10:09:43 -0300] "POST /cormun/servlet/trpermisosgoce?9c9a90b6ac256c93d335aad7eeac4abc,,gx-no-cache=1669816534651 HTTP/1.1" 200 13597
190.171.149.82 - - [30/Nov/2022:10:09:44 -0300] "POST /cormun/servlet/trpermisosgoce?9c9a90b6ac256c93d335aad7eeac4abc,,gx-no-cache=1669816535375 HTTP/1.1" 200 13562
181.212.47.137 - - [30/Nov/2022:10:09:48 -0300] "GET /cormun/PublicTempStorage/afiliacion_afp6992730.pdf HTTP/1.1" 200 68458
181.212.47.137 - - [30/Nov/2022:10:10:35 -0300] "GET /cormun/servlet/vesolicitudgral?2022,19351,,SolicitudOTAdjuntos HTTP/1.1" 200 10984
181.212.47.137 - - [30/Nov/2022:10:10:36 -0300] "GET /cormun/servlet/vesolicitudgral?2022,19351,,SolicitudOTAdjuntos HTTP/1.1" 200 10988
181.212.47.137 - - [30/Nov/2022:10:10:36 -0300] "POST /cormun/servlet/acontrolpreferencessavestate?None,RRHH+DANIELA,true HTTP/1.1" 200 35
181.212.47.137 - - [30/Nov/2022:10:10:37 -0300] "GET /cormun/servlet/vesolicitudgral?2022,19351,,General HTTP/1.1" 200 8344
181.212.47.137 - - [30/Nov/2022:10:10:37 -0300] "GET /cormun/pexe_scrolldiv.js HTTP/1.1" 404 1009
181.212.47.137 - - [30/Nov/2022:10:10:38 -0300] "GET /cormun/servlet/vesolicitudgral?2022,19351,,General HTTP/1.1" 200 8345
181.212.47.137 - - [30/Nov/2022:10:13:18 -0300] "GET /cormun/servlet/trsolicitudgral? HTTP/1.1" 200 9709
181.212.47.137 - - [30/Nov/2022:10:13:18 -0300] "GET /cormun/servlet/trsolicitudgral? HTTP/1.1" 200 9701
181.212.47.137 - - [30/Nov/2022:10:13:30 -0300] "GET /cormun/servlet/vesolicitudgral?2022,19289,, HTTP/1.1" 200 8422
181.212.47.137 - - [30/Nov/2022:10:13:30 -0300] "GET /cormun/pexe_scrolldiv.js HTTP/1.1" 404 1009
181.212.47.137 - - [30/Nov/2022:10:13:30 -0300] "GET /cormun/servlet/vesolicitudgral?2022,19289,, HTTP/1.1" 200 8422
190.171.149.90 - - [30/Nov/2022:10:19:31 -0300] "GET /cormun/servlet/permisogoce?INS,0,,, HTTP/1.1" 200 6813
190.171.149.90 - - [30/Nov/2022:10:19:32 -0300] "GET /cormun/servlet/permisogoce?INS,0,,, HTTP/1.1" 200 6812
190.171.149.90 - - [30/Nov/2022:10:19:41 -0300] "GET /cormun/servlet/permisogoce?0c8f76fa0e2a754f2352f3c7cad3c3015a6e1dd1695e75878b31036c8a8736d7ce8d16627261c08402a01ae85c58397dc864aaaedc2c5aac87207cd6fa7891a8,gx-no-cache=1669813499935 HTTP/1.1" 200 85
190.171.149.90 - - [30/Nov/2022:10:19:43 -0300] "GET /cormun/static/menuarrow.gif HTTP/1.1" 404 1015
190.171.149.90 - - [30/Nov/2022:10:19:52 -0300] "GET /cormun/servlet/permisogoce?0c8f76fa0e2a754f2352f3c7cad3c3015557544486bec405bedcd5d50e7b99eb17d3e1533c70c7d083363f5731b85e8dad2e03fdc6811ad2484133ee63eed899,gx-no-cache=1669813510912 HTTP/1.1" 200 48
190.171.149.90 - - [30/Nov/2022:10:19:55 -0300] "POST /cormun/servlet/permisogoce?838941af3bdfd1a94a0fa5927379513a,INS,0,,,,gx-no-cache=1669813512459 HTTP/1.1" 200 93
190.171.149.90 - - [30/Nov/2022:10:19:55 -0300] "GET /cormun/servlet/hpexe_return? HTTP/1.1" 200 1011
190.171.149.90 - - [30/Nov/2022:10:19:55 -0300] "GET /cormun/servlet/trpermisosgoce? HTTP/1.1" 200 12967
190.171.149.90 - - [30/Nov/2022:10:19:55 -0300] "GET /cormun/servlet/trpermisosgoce? HTTP/1.1" 200 12958
190.171.149.90 - - [30/Nov/2022:10:19:57 -0300] "GET /cormun/servlet/apermisogoceprn?19851782,P,20221130100413,PU HTTP/1.1" 200 1655
181.212.47.137 - - [30/Nov/2022:10:22:19 -0300] "GET /cormun/servlet/trsolicitudgral? HTTP/1.1" 200 9701
181.212.47.137 - - [30/Nov/2022:10:22:20 -0300] "GET /cormun/servlet/trsolicitudgral? HTTP/1.1" 200 9701
181.212.47.137 - - [30/Nov/2022:10:23:02 -0300] "POST /cormun/servlet/trsolicitudgral?75208d043ac33b0986247f5d052852aa,,gx-no-cache=1669813664262 HTTP/1.1" 200 5267
181.212.47.137 - - [30/Nov/2022:10:23:09 -0300] "POST /cormun/servlet/trsolicitudgral?75208d043ac33b0986247f5d052852aa,,gx-no-cache=1669813671388 HTTP/1.1" 200 5266
181.212.47.137 - - [30/Nov/2022:10:23:15 -0300] "GET /cormun/static/menuarrow.gif HTTP/1.1" 404 1015
181.212.47.137 - - [30/Nov/2022:10:23:20 -0300] "POST /cormun/servlet/trsolicitudgral?75208d043ac33b0986247f5d052852aa,,gx-no-cache=1669813682105 HTTP/1.1" 200 7344
89.248.165.52 - - [30/Nov/2022:10:23:51 -0300] "CONNECT 85.206.160.115:80 HTTP/1.1" 400 -
191.114.242.227 - - [30/Nov/2022:10:29:12 -0300] "GET /cormun/servlet/hlogin HTTP/1.1" 200 1732
191.114.242.227 - - [30/Nov/2022:10:29:12 -0300] "GET /cormun/static/gxtimezone.js?85251 HTTP/1.1" 200 5781
191.114.242.227 - - [30/Nov/2022:10:29:12 -0300] "GET /cormun/static/gxcfg.js?201910216285969 HTTP/1.1" 200 953
191.114.242.227 - - [30/Nov/2022:10:29:14 -0300] "GET /cormun/static/Resources/Spanish/PXTools.css?2294816 HTTP/1.1" 200 100853
191.114.242.227 - - [30/Nov/2022:10:29:14 -0300] "GET /cormun/static/messages.spa.js?85251 HTTP/1.1" 200 30736
191.114.242.227 - - [30/Nov/2022:10:29:15 -0300] "GET /cormun/static/gxgral.js?85251 HTTP/1.1" 200 384558
191.114.242.227 - - [30/Nov/2022:10:29:15 -0300] "GET /cormun/static/hlogin.js?201910216285995 HTTP/1.1" 200 2136
191.114.242.227 - - [30/Nov/2022:10:29:15 -0300] "GET /cormun/static/Resources/PXToolsLoginBackground.png HTTP/1.1" 200 1164
191.114.242.227 - - [30/Nov/2022:10:29:15 -0300] "GET /cormun/static/Resources/PXToolsButtonLeft.png HTTP/1.1" 200 1310
191.114.242.227 - - [30/Nov/2022:10:29:15 -0300] "GET /cormun/static/Resources/Logo2019_Grande.png HTTP/1.1" 200 31733
191.114.242.227 - - [30/Nov/2022:10:29:15 -0300] "GET /cormun/servlet/hlogin HTTP/1.1" 200 1743
191.114.242.227 - - [30/Nov/2022:10:29:15 -0300] "GET /cormun/static/Resources/PXToolsLoginBottom.png HTTP/1.1" 200 1389
191.114.242.227 - - [30/Nov/2022:10:29:15 -0300] "GET /cormun/static/Resources/PXToolsLoginTop.png HTTP/1.1" 200 1337
191.114.242.227 - - [30/Nov/2022:10:29:15 -0300] "GET /cormun/static/Resources/PXToolsButtonRight.png HTTP/1.1" 200 1294
191.114.242.227 - - [30/Nov/2022:10:29:15 -0300] "GET /cormun/static/Resources/PXToolsButtonBackground.png HTTP/1.1" 200 1176
191.114.242.227 - - [30/Nov/2022:10:29:15 -0300] "GET /cormun/static/Resources/Logo2019_Grande.png HTTP/1.1" 206 1
191.114.242.227 - - [30/Nov/2022:10:29:15 -0300] "GET /cormun/static/Resources/PXToolsLoginTop.png HTTP/1.1" 200 1337
191.114.242.227 - - [30/Nov/2022:10:29:15 -0300] "GET /cormun/static/Resources/PXToolsButtonRight.png HTTP/1.1" 200 1294
191.114.242.227 - - [30/Nov/2022:10:29:15 -0300] "GET /cormun/static/Resources/Logo2019_Grande.png HTTP/1.1" 206 4243
191.114.242.227 - - [30/Nov/2022:10:29:15 -0300] "GET /cormun/static/Resources/PXToolsButtonBackground.png HTTP/1.1" 200 1176
191.114.242.227 - - [30/Nov/2022:10:29:15 -0300] "GET /cormun/static/Resources/indicator.gif HTTP/1.1" 200 1553
191.114.242.227 - - [30/Nov/2022:10:29:16 -0300] "GET /favicon.ico HTTP/1.1" 200 21630
191.114.242.227 - - [30/Nov/2022:10:29:44 -0300] "POST /cormun/servlet/hlogin?865a443ef3bc651bc20786b3398f35e0,gx-no-cache=1669814100674 HTTP/1.1" 200 448
191.114.242.227 - - [30/Nov/2022:10:29:56 -0300] "POST /cormun/servlet/hlogin?865a443ef3bc651bc20786b3398f35e0,gx-no-cache=1669814112817 HTTP/1.1" 200 449
201.186.225.191 - - [30/Nov/2022:10:31:03 -0300] "POST /cormun/servlet/hlogin?e8b19d5b2edd44b860cec3413a79cf3b,gx-no-cache=1669814174408 HTTP/1.1" 440 972
201.186.225.191 - - [30/Nov/2022:10:31:05 -0300] "GET /cormun/servlet/hlogin HTTP/1.1" 200 1741
201.186.225.191 - - [30/Nov/2022:10:31:05 -0300] "GET /cormun/servlet/hlogin HTTP/1.1" 200 1741
191.114.242.227 - - [30/Nov/2022:10:31:12 -0300] "POST /cormun/servlet/hlogin?865a443ef3bc651bc20786b3398f35e0,gx-no-cache=1669814189664 HTTP/1.1" 200 449
191.114.242.227 - - [30/Nov/2022:10:31:31 -0300] "POST /cormun/servlet/hlogin?865a443ef3bc651bc20786b3398f35e0,gx-no-cache=1669814208202 HTTP/1.1" 200 448
201.186.225.191 - - [30/Nov/2022:10:31:41 -0300] "POST /cormun/servlet/hlogin?055e569ddbe9f2f8854c27bb98c26867,gx-no-cache=1669814211687 HTTP/1.1" 200 90
201.186.225.191 - - [30/Nov/2022:10:31:41 -0300] "GET /cormun/servlet/hpexe_link HTTP/1.1" 200 957
201.186.225.191 - - [30/Nov/2022:10:31:41 -0300] "GET /cormun/servlet/hhome HTTP/1.1" 200 4274
201.186.225.191 - - [30/Nov/2022:10:31:41 -0300] "GET /cormun/servlet/hhome HTTP/1.1" 200 4270
190.171.143.106 - - [30/Nov/2022:10:31:56 -0300] "GET /cormun/servlet/trsolicitudot? HTTP/1.1" 200 6329
190.171.143.106 - - [30/Nov/2022:10:31:57 -0300] "GET /cormun/servlet/hlogin HTTP/1.1" 200 1741
190.171.143.106 - - [30/Nov/2022:10:31:57 -0300] "GET /cormun/servlet/trsolicitudot? HTTP/1.1" 200 6327
190.171.143.106 - - [30/Nov/2022:10:32:01 -0300] "POST /cormun/servlet/hlogin?9d525b1510ba3fb95db0c76b6001abcf,gx-no-cache=1669814291335 HTTP/1.1" 200 90
190.171.143.106 - - [30/Nov/2022:10:32:01 -0300] "GET /cormun/servlet/hpexe_link HTTP/1.1" 200 956
190.171.143.106 - - [30/Nov/2022:10:32:01 -0300] "GET /cormun/servlet/trsolicitudot HTTP/1.1" 200 7017
190.171.143.106 - - [30/Nov/2022:10:32:01 -0300] "GET /cormun/servlet/trsolicitudot HTTP/1.1" 200 7017
191.114.242.227 - - [30/Nov/2022:10:32:03 -0300] "POST /cormun/servlet/hlogin?865a443ef3bc651bc20786b3398f35e0,gx-no-cache=1669814239873 HTTP/1.1" 200 449
190.171.143.106 - - [30/Nov/2022:10:32:26 -0300] "GET /cormun/servlet/trlicencias? HTTP/1.1" 200 13008
190.171.143.106 - - [30/Nov/2022:10:32:27 -0300] "GET /cormun/servlet/trlicencias? HTTP/1.1" 200 13006
201.186.225.191 - - [30/Nov/2022:10:32:27 -0300] "GET /cormun/servlet/tratrazos? HTTP/1.1" 200 7192
201.186.225.191 - - [30/Nov/2022:10:32:27 -0300] "GET /cormun/static/gxcfg.js?202012168415 HTTP/1.1" 200 953
201.186.225.191 - - [30/Nov/2022:10:32:27 -0300] "GET /cormun/static/tratrazos.js?20201216890 HTTP/1.1" 200 33389
201.186.225.191 - - [30/Nov/2022:10:32:28 -0300] "GET /cormun/servlet/tratrazos? HTTP/1.1" 200 7192
201.186.225.191 - - [30/Nov/2022:10:32:31 -0300] "GET /cormun/static/menuarrow.gif HTTP/1.1" 404 1015
201.186.225.191 - - [30/Nov/2022:10:32:52 -0300] "GET /cormun/servlet/tratrazos? HTTP/1.1" 200 7192
201.186.225.191 - - [30/Nov/2022:10:32:52 -0300] "GET /cormun/servlet/tratrazos? HTTP/1.1" 200 7192
201.186.225.191 - - [30/Nov/2022:10:32:55 -0300] "GET /cormun/servlet/atrazos?INS,0, HTTP/1.1" 200 7125
201.186.225.191 - - [30/Nov/2022:10:32:55 -0300] "GET /cormun/static/gxcfg.js?201991419452688 HTTP/1.1" 200 953
201.186.225.191 - - [30/Nov/2022:10:32:55 -0300] "GET /cormun/static/Resources/Spanish/PXTools.css?19172979 HTTP/1.1" 200 100853
201.186.225.191 - - [30/Nov/2022:10:32:55 -0300] "GET /cormun/static/atrazos.js?201991419452780 HTTP/1.1" 200 25537
201.186.225.191 - - [30/Nov/2022:10:32:55 -0300] "GET /cormun/servlet/atrazos?INS,0, HTTP/1.1" 200 7126
190.171.143.106 - - [30/Nov/2022:10:33:37 -0300] "GET /cormun/servlet/trsolicitudot? HTTP/1.1" 200 7015
190.171.143.106 - - [30/Nov/2022:10:33:37 -0300] "GET /cormun/servlet/trsolicitudot? HTTP/1.1" 200 7017
190.171.143.106 - - [30/Nov/2022:10:33:40 -0300] "POST /cormun/servlet/trsolicitudot?9d525b1510ba3fb95db0c76b6001abcf,,gx-no-cache=1669814390120 HTTP/1.1" 200 103
190.171.143.106 - - [30/Nov/2022:10:33:40 -0300] "POST /cormun/servlet/trsolicitudot?9d525b1510ba3fb95db0c76b6001abcf,,gx-no-cache=1669814390278 HTTP/1.1" 200 4075
190.171.143.106 - - [30/Nov/2022:10:33:40 -0300] "GET /cormun/SolicitudOT-3969.xls HTTP/1.1" 200 4608
190.171.143.106 - - [30/Nov/2022:10:33:42 -0300] "GET /cormun/servlet/solicitudot?INS,0,0,false, HTTP/1.1" 200 15759
190.171.143.106 - - [30/Nov/2022:10:33:42 -0300] "GET /cormun/servlet/solicitudot?INS,0,0,false, HTTP/1.1" 200 15766
190.171.141.114 - - [30/Nov/2022:10:33:51 -0300] "GET /cormun/servlet/trpermisosgoce? HTTP/1.1" 200 6031
190.171.141.114 - - [30/Nov/2022:10:33:52 -0300] "GET /cormun/servlet/hlogin HTTP/1.1" 200 1739
190.171.141.114 - - [30/Nov/2022:10:33:52 -0300] "GET /cormun/servlet/trpermisosgoce? HTTP/1.1" 200 6023
190.171.141.114 - - [30/Nov/2022:10:33:52 -0300] "GET /cormun/servlet/trpermisosgoce? HTTP/1.1" 200 6023
190.171.149.82 - - [30/Nov/2022:10:33:55 -0300] "POST /cormun/servlet/trpermisosgoce?9c9a90b6ac256c93d335aad7eeac4abc,,gx-no-cache=1669817986173 HTTP/1.1" 200 13565
190.171.141.114 - - [30/Nov/2022:10:34:03 -0300] "POST /cormun/servlet/hlogin?be836d8deccd3609492c55b96c5ac510,gx-no-cache=1669814369685 HTTP/1.1" 200 90
190.171.141.114 - - [30/Nov/2022:10:34:04 -0300] "GET /cormun/servlet/hpexe_link HTTP/1.1" 200 948
190.171.141.114 - - [30/Nov/2022:10:34:04 -0300] "GET /cormun/servlet/hhome HTTP/1.1" 200 3998
190.171.141.114 - - [30/Nov/2022:10:34:04 -0300] "GET /cormun/servlet/hhome HTTP/1.1" 200 3994
190.171.143.106 - - [30/Nov/2022:10:34:04 -0300] "POST /cormun/servlet/solicitudot?gx-no-cache=1669814414476 HTTP/1.1" 200 3892
190.171.143.106 - - [30/Nov/2022:10:34:04 -0300] "POST /cormun/servlet/solicitudot?9d525b1510ba3fb95db0c76b6001abcf,INS,0,0,false,,gx-no-cache=1669814414602 HTTP/1.1" 200 12448
190.171.143.106 - - [30/Nov/2022:10:34:07 -0300] "GET /cormun/servlet/solicitudot?d0f88f697b335f8eabe6c24e57361d3f8303c55360c10328309f9909db8d93c8a66b2484deaf61f92bde60b22b2557e4,gx-no-cache=1669814417247 HTTP/1.1" 200 30
190.171.141.114 - - [30/Nov/2022:10:34:10 -0300] "GET /cormun/servlet/trpermisosgoce? HTTP/1.1" 200 12602
190.171.141.114 - - [30/Nov/2022:10:34:10 -0300] "GET /cormun/servlet/trpermisosgoce? HTTP/1.1" 200 12605
190.171.141.114 - - [30/Nov/2022:10:34:12 -0300] "GET /cormun/servlet/permisogoce?INS,0,,, HTTP/1.1" 200 6867
190.171.141.114 - - [30/Nov/2022:10:34:13 -0300] "GET /cormun/servlet/permisogoce?INS,0,,, HTTP/1.1" 200 6867
191.114.242.227 - - [30/Nov/2022:10:34:22 -0300] "POST /cormun/servlet/hlogin?865a443ef3bc651bc20786b3398f35e0,gx-no-cache=1669814379250 HTTP/1.1" 200 448
190.171.141.114 - - [30/Nov/2022:10:34:24 -0300] "GET /cormun/servlet/permisogoce?f09f8dcb4c4a5f4892efa9a06cf93b46181d835aa28258a19b8f5fd904cb4a47b89319cedd7c6edac6fb73323b031a5dea3a6c8e96d34131385087512f22973a,gx-no-cache=1669814389726 HTTP/1.1" 200 81
190.171.141.114 - - [30/Nov/2022:10:34:24 -0300] "GET /cormun/static/menuarrow.gif HTTP/1.1" 404 1015
191.114.242.227 - - [30/Nov/2022:10:34:33 -0300] "GET /cormun/servlet/hlogin HTTP/1.1" 200 1732
190.171.141.114 - - [30/Nov/2022:10:34:40 -0300] "GET /cormun/servlet/permisogoce?f09f8dcb4c4a5f4892efa9a06cf93b463002d17bca0c2c3eb8de61551d9fb0ff657363c58f6e8b0a3d69ea4de4a336154c35e53aaf294bb220dea558be03dfce,gx-no-cache=1669814405908 HTTP/1.1" 200 47
191.114.242.227 - - [30/Nov/2022:10:34:46 -0300] "POST /cormun/servlet/hlogin?865a443ef3bc651bc20786b3398f35e0,gx-no-cache=1669814403111 HTTP/1.1" 200 430
190.171.141.114 - - [30/Nov/2022:10:35:04 -0300] "POST /cormun/servlet/permisogoce?be836d8deccd3609492c55b96c5ac510,INS,0,,,,gx-no-cache=1669814429702 HTTP/1.1" 200 93
190.171.141.114 - - [30/Nov/2022:10:35:04 -0300] "GET /cormun/servlet/hpexe_return? HTTP/1.1" 200 1005
190.171.141.114 - - [30/Nov/2022:10:35:04 -0300] "GET /cormun/servlet/trpermisosgoce HTTP/1.1" 200 12987
190.171.141.114 - - [30/Nov/2022:10:35:05 -0300] "GET /cormun/servlet/trpermisosgoce HTTP/1.1" 200 12977
190.171.141.114 - - [30/Nov/2022:10:35:08 -0300] "GET /cormun/servlet/apermisogoceprn?18044640,P,20221130101854,PU HTTP/1.1" 200 1675
191.114.242.227 - - [30/Nov/2022:10:35:15 -0300] "GET /cormun/servlet/hlogin HTTP/1.1" 200 1732
201.186.225.191 - - [30/Nov/2022:10:35:33 -0300] "GET /cormun/servlet/prfichaempleado?,MD,,gxPopupLevel%3D0%3B HTTP/1.1" 200 9295
191.114.242.227 - - [30/Nov/2022:10:36:00 -0300] "POST /cormun/servlet/hlogin?865a443ef3bc651bc20786b3398f35e0,gx-no-cache=1669814477360 HTTP/1.1" 200 433
191.114.242.227 - - [30/Nov/2022:10:36:09 -0300] "GET /cormun/servlet/hlogin HTTP/1.1" 200 1732
191.114.242.227 - - [30/Nov/2022:10:36:25 -0300] "POST /cormun/servlet/hlogin?865a443ef3bc651bc20786b3398f35e0,gx-no-cache=1669814502375 HTTP/1.1" 200 430
191.114.242.227 - - [30/Nov/2022:10:36:40 -0300] "POST /cormun/servlet/hlogin?865a443ef3bc651bc20786b3398f35e0,gx-no-cache=1669814517468 HTTP/1.1" 200 430
190.171.142.42 - - [30/Nov/2022:10:36:42 -0300] "GET /cormun/servlet/hlogin HTTP/1.1" 200 1741
191.114.242.227 - - [30/Nov/2022:10:36:44 -0300] "POST /cormun/servlet/hlogin?865a443ef3bc651bc20786b3398f35e0,gx-no-cache=1669814521271 HTTP/1.1" 200 430
201.186.225.191 - - [30/Nov/2022:10:36:51 -0300] "GET /cormun/servlet/hlogin HTTP/1.1" 200 1752
190.171.143.106 - - [30/Nov/2022:10:37:02 -0300] "GET /cormun/servlet/solicitudot?d0f88f697b335f8eabe6c24e57361d3f7f7b5d9d5c752fc55716bf54dcfcda11b0ced6858d9b5c6b72cc5fc4fc72d1d93bc8141096f70048e0f004575be80267,gx-no-cache=1669814592903 HTTP/1.1" 200 30
190.171.143.106 - - [30/Nov/2022:10:37:04 -0300] "GET /cormun/servlet/solicitudot?d0f88f697b335f8eabe6c24e57361d3fb0ea591a32aa4ac7889b0f9e5646d265,gx-no-cache=1669814595053 HTTP/1.1" 200 53
190.171.143.106 - - [30/Nov/2022:10:37:16 -0300] "POST /cormun/servlet/solicitudot?gx-no-cache=1669814606606 HTTP/1.1" 200 240
190.171.143.106 - - [30/Nov/2022:10:37:17 -0300] "GET /cormun/servlet/solicitudot?d0f88f697b335f8eabe6c24e57361d3f0e86f5f75598223342b993d0ad9665df3083c4990f48df0eca50b0c6f1960d01b61bd4b90b1f4585857d21c3401d3da742f1a3c5f7ab59635359bb20e55fd40afff2ce9a1733094165dca57590b217b1881c96059db0a8a1433fade7a2b48e4889544c50651e66eb3a6ffeba2b8e46a4280a72049537ea3a35364fcf7e93a0ee4a9075614e17fbb6824073f009304cab16c0f8c13c38dc864e79726a8f11ba489af97d9665612c1534f52041964ca08bd55bcdcd642736e03b95add564865bfbec83eaaa463a93d3c319cbe692185d2dc077311b89740de9c259f7cc6db3d49288af507476afedba0c08aae04e5e0209cd422585e4abf7114e434c382f374a878e3a4707a42ca95d1b8192f79c0fb5e6212f6c6b6239f63ac44598f9d6226778fe6a2b8eac4ce71169453fe07f72c365ffb5bb95be6ff375bd0fceee43c73645cdcefe6bd8d5756cd3154dfaf53ef40cabe02f0acbf84db1c745ceba601460618aaa0b9ea1df616f31496f3f7c953b5f,gx-no-cache=1669814607609 HTTP/1.1" 200 30
191.114.242.227 - - [30/Nov/2022:10:37:19 -0300] "POST /cormun/servlet/hlogin?865a443ef3bc651bc20786b3398f35e0,gx-no-cache=1669814556289 HTTP/1.1" 200 430
190.171.143.106 - - [30/Nov/2022:10:37:20 -0300] "POST /cormun/servlet/solicitudot?gx-no-cache=1669814610721 HTTP/1.1" 200 30
190.171.143.106 - - [30/Nov/2022:10:37:20 -0300] "POST /cormun/servlet/solicitudot?gx-no-cache=1669814610766 HTTP/1.1" 200 1469
190.171.143.106 - - [30/Nov/2022:10:37:20 -0300] "POST /cormun/servlet/solicitudot?gx-no-cache=1669814610804 HTTP/1.1" 200 38
190.171.143.106 - - [30/Nov/2022:10:37:30 -0300] "POST /cormun/servlet/solicitudot?gx-no-cache=1669814620758 HTTP/1.1" 200 30
191.114.242.227 - - [30/Nov/2022:10:37:38 -0300] "POST /cormun/servlet/hlogin?865a443ef3bc651bc20786b3398f35e0,gx-no-cache=1669814575597 HTTP/1.1" 200 431
191.114.242.227 - - [30/Nov/2022:10:37:40 -0300] "POST /cormun/servlet/hlogin?865a443ef3bc651bc20786b3398f35e0,gx-no-cache=1669814577153 HTTP/1.1" 200 429
191.114.242.227 - - [30/Nov/2022:10:37:47 -0300] "GET /cormun/servlet/hlogin HTTP/1.1" 200 1732
190.171.143.106 - - [30/Nov/2022:10:37:57 -0300] "POST /cormun/servlet/solicitudot?gx-no-cache=1669814647466 HTTP/1.1" 200 1470
190.171.143.106 - - [30/Nov/2022:10:37:57 -0300] "GET /cormun/static/menuarrow.gif HTTP/1.1" 404 1015
191.114.242.227 - - [30/Nov/2022:10:38:01 -0300] "POST /cormun/servlet/hlogin?865a443ef3bc651bc20786b3398f35e0,gx-no-cache=1669814598493 HTTP/1.1" 200 430
190.171.143.106 - - [30/Nov/2022:10:38:03 -0300] "GET /cormun/servlet/hlogin HTTP/1.1" 200 1723
190.171.143.106 - - [30/Nov/2022:10:38:05 -0300] "POST /cormun/servlet/hlogin?9d525b1510ba3fb95db0c76b6001abcf,gx-no-cache=1669814655695 HTTP/1.1" 200 90
190.171.143.106 - - [30/Nov/2022:10:38:05 -0300] "GET /cormun/servlet/hpexe_link HTTP/1.1" 200 965
190.171.143.106 - - [30/Nov/2022:10:38:05 -0300] "GET /cormun/servlet/solicitudot?INS,0,0,false, HTTP/1.1" 200 15756
190.171.143.106 - - [30/Nov/2022:10:38:06 -0300] "GET /cormun/servlet/solicitudot?INS,0,0,false, HTTP/1.1" 200 15762
190.171.143.106 - - [30/Nov/2022:10:38:08 -0300] "GET /cormun/servlet/trlicencias? HTTP/1.1" 200 13016
190.171.143.106 - - [30/Nov/2022:10:38:08 -0300] "GET /cormun/servlet/trlicencias? HTTP/1.1" 200 13006
190.171.143.106 - - [30/Nov/2022:10:38:25 -0300] "GET /cormun/static/menuarrow.gif HTTP/1.1" 404 1015
190.171.152.138 - - [30/Nov/2022:10:38:26 -0300] "GET /cormun/servlet/hlogin HTTP/1.1" 200 1723
190.171.143.106 - - [30/Nov/2022:10:38:31 -0300] "POST /cormun/servlet/trlicencias?9d525b1510ba3fb95db0c76b6001abcf,,gx-no-cache=1669814680938 HTTP/1.1" 200 13056
190.171.152.138 - - [30/Nov/2022:10:38:40 -0300] "POST /cormun/servlet/hlogin?a38178757b96be26bfd42b98c81d0447,gx-no-cache=1669814631479 HTTP/1.1" 200 90
190.171.152.138 - - [30/Nov/2022:10:38:40 -0300] "GET /cormun/servlet/hpexe_link HTTP/1.1" 200 948
190.171.152.138 - - [30/Nov/2022:10:38:41 -0300] "GET /cormun/servlet/hhome HTTP/1.1" 200 3848
190.171.152.138 - - [30/Nov/2022:10:38:41 -0300] "GET /cormun/servlet/hhome HTTP/1.1" 200 3846
191.114.242.227 - - [30/Nov/2022:10:38:41 -0300] "GET /cormun/servlet/hlogin HTTP/1.1" 200 1732
190.171.152.138 - - [30/Nov/2022:10:38:44 -0300] "GET /cormun/servlet/trlicencias? HTTP/1.1" 200 10915
190.171.152.138 - - [30/Nov/2022:10:38:44 -0300] "GET /cormun/servlet/trlicencias? HTTP/1.1" 200 10912
191.114.242.227 - - [30/Nov/2022:10:38:57 -0300] "POST /cormun/servlet/hlogin?865a443ef3bc651bc20786b3398f35e0,gx-no-cache=1669814654769 HTTP/1.1" 200 430
190.171.143.106 - - [30/Nov/2022:10:39:40 -0300] "POST /cormun/servlet/solicitudot?gx-no-cache=1669814750420 HTTP/1.1" 200 41
191.114.242.227 - - [30/Nov/2022:10:40:43 -0300] "POST /cormun/servlet/hlogin?865a443ef3bc651bc20786b3398f35e0,gx-no-cache=1669814760434 HTTP/1.1" 200 430
190.171.152.138 - - [30/Nov/2022:10:41:12 -0300] "GET /cormun/servlet/trpermisosgoce? HTTP/1.1" 200 12757
190.171.152.138 - - [30/Nov/2022:10:41:13 -0300] "GET /cormun/servlet/trpermisosgoce? HTTP/1.1" 200 12753
200.29.179.254 - - [30/Nov/2022:10:42:16 -0300] "GET /cormun/servlet/hlogin HTTP/1.1" 200 1728
200.29.179.254 - - [30/Nov/2022:10:42:16 -0300] "GET /cormun/static/gxtimezone.js?85251 HTTP/1.1" 200 5781
200.29.179.254 - - [30/Nov/2022:10:42:16 -0300] "GET /cormun/static/gxcfg.js?201910216285969 HTTP/1.1" 200 953
200.29.179.254 - - [30/Nov/2022:10:42:16 -0300] "GET /cormun/static/Resources/Spanish/PXTools.css?2294816 HTTP/1.1" 200 100853
200.29.179.254 - - [30/Nov/2022:10:42:16 -0300] "GET /cormun/static/messages.spa.js?85251 HTTP/1.1" 200 30736
200.29.179.254 - - [30/Nov/2022:10:42:16 -0300] "GET /cormun/static/hlogin.js?201910216285995 HTTP/1.1" 200 2136
200.29.179.254 - - [30/Nov/2022:10:42:16 -0300] "GET /cormun/static/Resources/Logo2019_Grande.png HTTP/1.1" 200 31733
200.29.179.254 - - [30/Nov/2022:10:42:16 -0300] "GET /cormun/static/gxgral.js?85251 HTTP/1.1" 200 384558
200.29.179.254 - - [30/Nov/2022:10:42:16 -0300] "GET /cormun/static/Resources/PXToolsLoginBackground.png HTTP/1.1" 200 1164
200.29.179.254 - - [30/Nov/2022:10:42:16 -0300] "GET /cormun/static/Resources/PXToolsLoginTop.png HTTP/1.1" 200 1337
200.29.179.254 - - [30/Nov/2022:10:42:16 -0300] "GET /cormun/static/Resources/PXToolsButtonLeft.png HTTP/1.1" 200 1310
200.29.179.254 - - [30/Nov/2022:10:42:16 -0300] "GET /cormun/static/Resources/PXToolsButtonRight.png HTTP/1.1" 200 1294
200.29.179.254 - - [30/Nov/2022:10:42:16 -0300] "GET /cormun/static/Resources/PXToolsButtonBackground.png HTTP/1.1" 200 1176
200.29.179.254 - - [30/Nov/2022:10:42:16 -0300] "GET /cormun/static/Resources/PXToolsLoginBottom.png HTTP/1.1" 200 1389
200.29.179.254 - - [30/Nov/2022:10:42:16 -0300] "GET /cormun/static/Resources/indicator.gif HTTP/1.1" 200 1553
200.29.179.254 - - [30/Nov/2022:10:42:16 -0300] "GET /cormun/servlet/hlogin HTTP/1.1" 200 1738
200.29.179.254 - - [30/Nov/2022:10:42:16 -0300] "GET /favicon.ico HTTP/1.1" 200 21630
190.171.152.138 - - [30/Nov/2022:10:42:27 -0300] "GET /cormun/servlet/trlicencias? HTTP/1.1" 200 10914
190.171.152.138 - - [30/Nov/2022:10:42:27 -0300] "GET /cormun/servlet/trlicencias? HTTP/1.1" 200 10912
190.171.149.82 - - [30/Nov/2022:10:42:58 -0300] "GET /cormun/servlet/trpermisosgoce? HTTP/1.1" 200 16239
190.171.149.82 - - [30/Nov/2022:10:43:11 -0300] "GET /cormun/servlet/trpermisosgoce? HTTP/1.1" 200 16258
191.114.242.227 - - [30/Nov/2022:10:45:32 -0300] "GET /cormun/servlet/hlogin HTTP/1.1" 200 1729
191.114.242.227 - - [30/Nov/2022:10:45:34 -0300] "GET /cormun/static/gxtimezone.js?85251 HTTP/1.1" 200 5781
191.114.242.227 - - [30/Nov/2022:10:45:34 -0300] "GET /cormun/static/gxcfg.js?201910216285969 HTTP/1.1" 200 953
191.114.242.227 - - [30/Nov/2022:10:45:34 -0300] "GET /cormun/static/Resources/Spanish/PXTools.css?2294816 HTTP/1.1" 200 100853
191.114.242.227 - - [30/Nov/2022:10:45:35 -0300] "GET /cormun/static/messages.spa.js?85251 HTTP/1.1" 200 30736
191.114.242.227 - - [30/Nov/2022:10:45:36 -0300] "GET /cormun/static/gxgral.js?85251 HTTP/1.1" 200 384558
191.114.242.227 - - [30/Nov/2022:10:45:36 -0300] "GET /cormun/static/Resources/Logo2019_Grande.png HTTP/1.1" 200 31733
191.114.242.227 - - [30/Nov/2022:10:45:36 -0300] "GET /cormun/static/hlogin.js?201910216285995 HTTP/1.1" 200 2136
191.114.242.227 - - [30/Nov/2022:10:45:36 -0300] "GET /cormun/static/Resources/PXToolsLoginTop.png HTTP/1.1" 200 1337
191.114.242.227 - - [30/Nov/2022:10:45:36 -0300] "GET /cormun/static/Resources/PXToolsLoginBackground.png HTTP/1.1" 200 1164
191.114.242.227 - - [30/Nov/2022:10:45:36 -0300] "GET /cormun/static/Resources/PXToolsLoginBottom.png HTTP/1.1" 200 1389
191.114.242.227 - - [30/Nov/2022:10:45:36 -0300] "GET /cormun/static/Resources/PXToolsButtonBackground.png HTTP/1.1" 200 1176
191.114.242.227 - - [30/Nov/2022:10:45:36 -0300] "GET /cormun/static/Resources/PXToolsButtonLeft.png HTTP/1.1" 200 1310
191.114.242.227 - - [30/Nov/2022:10:45:36 -0300] "GET /cormun/static/Resources/PXToolsButtonRight.png HTTP/1.1" 200 1294
191.114.242.227 - - [30/Nov/2022:10:45:37 -0300] "GET /cormun/servlet/hlogin HTTP/1.1" 200 1738
191.114.242.227 - - [30/Nov/2022:10:45:37 -0300] "GET /cormun/static/Resources/indicator.gif HTTP/1.1" 200 1553
191.114.242.227 - - [30/Nov/2022:10:45:37 -0300] "GET /cormun/static/Resources/indicator.gif HTTP/1.1" 200 1553
191.114.242.227 - - [30/Nov/2022:10:45:37 -0300] "GET /favicon.ico HTTP/1.1" 200 21630
191.114.242.227 - - [30/Nov/2022:10:45:51 -0300] "POST /cormun/servlet/hlogin?aa0cac41e6eee80498485a38b4713e28,gx-no-cache=1669815118280 HTTP/1.1" 200 448
191.114.242.227 - - [30/Nov/2022:10:50:17 -0300] "POST /cormun/servlet/hlogin?865a443ef3bc651bc20786b3398f35e0,gx-no-cache=1669815334152 HTTP/1.1" 200 433
191.114.242.227 - - [30/Nov/2022:10:50:29 -0300] "POST /cormun/servlet/hlogin?865a443ef3bc651bc20786b3398f35e0,gx-no-cache=1669815346536 HTTP/1.1" 200 430
181.212.47.137 - - [30/Nov/2022:10:51:27 -0300] "POST /cormun/servlet/trsolicitudgral?75208d043ac33b0986247f5d052852aa,,gx-no-cache=1669815367635 HTTP/1.1" 200 27037
181.212.47.137 - - [30/Nov/2022:10:51:33 -0300] "POST /cormun/servlet/trsolicitudgral?75208d043ac33b0986247f5d052852aa,,gx-no-cache=1669815374957 HTTP/1.1" 200 6659
191.114.242.227 - - [30/Nov/2022:10:54:27 -0300] "POST /cormun/servlet/hlogin?865a443ef3bc651bc20786b3398f35e0,gx-no-cache=1669815582190 HTTP/1.1" 200 430
181.212.47.137 - - [30/Nov/2022:10:54:31 -0300] "GET /cormun/servlet/trsolicitudgral? HTTP/1.1" 200 8277
181.212.47.137 - - [30/Nov/2022:10:54:31 -0300] "GET /cormun/servlet/trsolicitudgral? HTTP/1.1" 200 8277
191.114.242.227 - - [30/Nov/2022:10:55:29 -0300] "POST /cormun/servlet/hlogin?865a443ef3bc651bc20786b3398f35e0,gx-no-cache=1669815645667 HTTP/1.1" 200 430
191.114.242.227 - - [30/Nov/2022:10:55:37 -0300] "POST /cormun/servlet/hlogin?865a443ef3bc651bc20786b3398f35e0,gx-no-cache=1669815654285 HTTP/1.1" 200 430
191.114.242.227 - - [30/Nov/2022:10:56:01 -0300] "GET / HTTP/1.1" 200 11217
191.114.242.227 - - [30/Nov/2022:10:56:05 -0300] "GET /cormun/servlet/hlogin HTTP/1.1" 200 1732
191.114.242.227 - - [30/Nov/2022:10:56:21 -0300] "POST /cormun/servlet/hlogin?865a443ef3bc651bc20786b3398f35e0,gx-no-cache=1669815697881 HTTP/1.1" 200 430
181.203.126.124 - - [30/Nov/2022:10:57:24 -0300] "GET /cormun/servlet/hlogin HTTP/1.1" 200 1732
181.203.126.124 - - [30/Nov/2022:10:57:56 -0300] "POST /cormun/servlet/hlogin?865a443ef3bc651bc20786b3398f35e0,gx-no-cache=1669815793419 HTTP/1.1" 200 430
181.203.126.124 - - [30/Nov/2022:10:58:43 -0300] "GET /cormun/servlet/hlogin HTTP/1.1" 200 1732
181.203.126.124 - - [30/Nov/2022:10:59:01 -0300] "POST /cormun/servlet/hlogin?865a443ef3bc651bc20786b3398f35e0,gx-no-cache=1669815858178 HTTP/1.1" 200 430
190.171.143.82 - - [30/Nov/2022:11:04:51 -0300] "POST /cormun/servlet/trlicencias?1966a33465f668a1adfb778ecb752655,,gx-no-cache=1669816195217 HTTP/1.1" 440 972
190.171.143.82 - - [30/Nov/2022:11:04:53 -0300] "GET /cormun/servlet/trlicencias? HTTP/1.1" 200 6048
190.171.143.82 - - [30/Nov/2022:11:04:54 -0300] "GET /cormun/servlet/hlogin HTTP/1.1" 200 1746
190.171.143.82 - - [30/Nov/2022:11:04:54 -0300] "GET /cormun/servlet/trlicencias? HTTP/1.1" 200 6048
190.171.143.82 - - [30/Nov/2022:11:04:57 -0300] "POST /cormun/servlet/hlogin?0bfde70856bf7dcd815696fad31db9a9,gx-no-cache=1669816201722 HTTP/1.1" 200 90
190.171.143.82 - - [30/Nov/2022:11:04:57 -0300] "GET /cormun/servlet/hpexe_link HTTP/1.1" 200 960
190.171.143.82 - - [30/Nov/2022:11:04:58 -0300] "GET /cormun/servlet/trlicencias HTTP/1.1" 200 12362
190.171.143.82 - - [30/Nov/2022:11:04:59 -0300] "GET /cormun/servlet/trlicencias HTTP/1.1" 200 12360
190.171.142.42 - - [30/Nov/2022:11:06:08 -0300] "POST /cormun/servlet/hlogin?15df2c929fcaf3b1a6efab8de9e96ed6,gx-no-cache=1669816275799 HTTP/1.1" 200 90
190.171.142.42 - - [30/Nov/2022:11:06:08 -0300] "GET /cormun/servlet/hpexe_link HTTP/1.1" 200 952
190.171.142.42 - - [30/Nov/2022:11:06:08 -0300] "GET /cormun/servlet/hhome HTTP/1.1" 200 4199
190.171.142.42 - - [30/Nov/2022:11:06:09 -0300] "GET /cormun/servlet/hhome HTTP/1.1" 200 4195
190.171.142.42 - - [30/Nov/2022:11:06:11 -0300] "GET /cormun/servlet/trlicencias? HTTP/1.1" 200 13258
190.171.142.42 - - [30/Nov/2022:11:06:11 -0300] "GET /cormun/servlet/trlicencias? HTTP/1.1" 200 13256
191.114.242.227 - - [30/Nov/2022:11:09:33 -0300] "GET /cormun/servlet/hlogin HTTP/1.1" 200 1732
200.86.98.202 - - [30/Nov/2022:11:10:00 -0300] "GET /cormun/servlet/hlogin HTTP/1.1" 200 1765
200.86.98.202 - - [30/Nov/2022:11:10:00 -0300] "GET /cormun/static/gxtimezone.js?85251 HTTP/1.1" 200 5781
200.86.98.202 - - [30/Nov/2022:11:10:00 -0300] "GET /cormun/static/gxfxSD.js?85251 HTTP/1.1" 200 15384
200.86.98.202 - - [30/Nov/2022:11:10:00 -0300] "GET /cormun/static/gxpopupSD.js?85251 HTTP/1.1" 200 22377
200.86.98.202 - - [30/Nov/2022:11:10:00 -0300] "GET /cormun/static/gxhtmlSD.js?85251 HTTP/1.1" 200 50424
200.86.98.202 - - [30/Nov/2022:11:10:00 -0300] "GET /cormun/static/gxtypesSD.js?85251 HTTP/1.1" 200 24551
200.86.98.202 - - [30/Nov/2022:11:10:00 -0300] "GET /cormun/static/Resources/Spanish/PXTools.css?2294816 HTTP/1.1" 200 100853
200.86.98.202 - - [30/Nov/2022:11:10:00 -0300] "GET /cormun/static/JavaScripTableSD.js?85251 HTTP/1.1" 200 25100
200.86.98.202 - - [30/Nov/2022:11:10:00 -0300] "GET /cormun/static/gxapiSD.js?85251 HTTP/1.1" 200 78773
200.86.98.202 - - [30/Nov/2022:11:10:00 -0300] "GET /cormun/static/gxgridSD.js?85251 HTTP/1.1" 200 50735
200.86.98.202 - - [30/Nov/2022:11:10:00 -0300] "GET /cormun/static/gxgralSD.js?85251 HTTP/1.1" 200 20927
200.86.98.202 - - [30/Nov/2022:11:10:00 -0300] "GET /cormun/static/rijndaelSD.js?85251 HTTP/1.1" 200 6763
200.86.98.202 - - [30/Nov/2022:11:10:00 -0300] "GET /cormun/static/gxcfg.js?85251 HTTP/1.1" 200 953
200.86.98.202 - - [30/Nov/2022:11:10:00 -0300] "GET /cormun/static/gxfrmutlSD.js?85251 HTTP/1.1" 200 89044
200.86.98.202 - - [30/Nov/2022:11:10:00 -0300] "GET /cormun/static/messages.spa.js?85251 HTTP/1.1" 200 30736
200.86.98.202 - - [30/Nov/2022:11:10:00 -0300] "GET /cormun/static/hlogin.js?201910216285995 HTTP/1.1" 200 2136
200.86.98.202 - - [30/Nov/2022:11:10:00 -0300] "GET /cormun/static/Resources/Logo2019_Grande.png HTTP/1.1" 200 31733
200.86.98.202 - - [30/Nov/2022:11:10:00 -0300] "GET /cormun/static/Resources/PXToolsLoginTop.png HTTP/1.1" 200 1337
200.86.98.202 - - [30/Nov/2022:11:10:00 -0300] "GET /cormun/static/Resources/PXToolsLoginBackground.png HTTP/1.1" 200 1164
200.86.98.202 - - [30/Nov/2022:11:10:00 -0300] "GET /cormun/static/Resources/PXToolsLoginBottom.png HTTP/1.1" 200 1389
200.86.98.202 - - [30/Nov/2022:11:10:00 -0300] "GET /cormun/static/Resources/PXToolsButtonLeft.png HTTP/1.1" 200 1310
200.86.98.202 - - [30/Nov/2022:11:10:00 -0300] "GET /cormun/static/Resources/PXToolsButtonBackground.png HTTP/1.1" 200 1176
200.86.98.202 - - [30/Nov/2022:11:10:00 -0300] "GET /cormun/servlet/hlogin HTTP/1.1" 200 1765
200.86.98.202 - - [30/Nov/2022:11:10:00 -0300] "GET /cormun/static/Resources/Logo2019_Grande.png HTTP/1.1" 200 31733
200.86.98.202 - - [30/Nov/2022:11:10:00 -0300] "GET /cormun/static/Resources/PXToolsLoginBottom.png HTTP/1.1" 200 1389
200.86.98.202 - - [30/Nov/2022:11:10:00 -0300] "GET /cormun/static/Resources/indicator.gif HTTP/1.1" 200 1553
200.86.98.202 - - [30/Nov/2022:11:10:00 -0300] "GET /cormun/static/Resources/PXToolsButtonBackground.png HTTP/1.1" 200 1176
200.86.98.202 - - [30/Nov/2022:11:10:00 -0300] "GET /cormun/static/Resources/PXToolsLoginBackground.png HTTP/1.1" 200 1164
200.86.98.202 - - [30/Nov/2022:11:10:00 -0300] "GET /cormun/static/Resources/PXToolsButtonLeft.png HTTP/1.1" 200 1310
200.86.98.202 - - [30/Nov/2022:11:10:00 -0300] "GET /cormun/static/Resources/PXToolsButtonRight.png HTTP/1.1" 200 1294
192.168.10.96 - - [30/Nov/2022:11:10:47 -0300] "GET /cormun/servlet/trsolicitudgral? HTTP/1.1" 500 10
192.168.10.96 - - [30/Nov/2022:11:10:51 -0300] "GET /cormun/servlet/hlogin HTTP/1.1" 200 1729
190.171.143.82 - - [30/Nov/2022:11:13:12 -0300] "POST /cormun/servlet/trlicencias?0bfde70856bf7dcd815696fad31db9a9,gx-no-cache=1669816696426 HTTP/1.1" 200 9738
181.212.47.137 - - [30/Nov/2022:11:16:34 -0300] "POST /cormun/servlet/trsolicitudgral?75208d043ac33b0986247f5d052852aa,,gx-no-cache=1669816876229 HTTP/1.1" 200 17871
191.114.242.227 - - [30/Nov/2022:11:18:03 -0300] "POST /cormun/servlet/hlogin?865a443ef3bc651bc20786b3398f35e0,gx-no-cache=1669817000300 HTTP/1.1" 200 430
191.114.242.227 - - [30/Nov/2022:11:18:11 -0300] "GET /cormun/servlet/hlogin HTTP/1.1" 200 1732
191.114.242.227 - - [30/Nov/2022:11:18:46 -0300] "GET /cormun/servlet/hlogin HTTP/1.1" 200 1732
191.114.242.227 - - [30/Nov/2022:11:19:06 -0300] "POST /cormun/servlet/hlogin?865a443ef3bc651bc20786b3398f35e0,gx-no-cache=1669817063684 HTTP/1.1" 200 430
200.54.237.82 - - [30/Nov/2022:11:20:22 -0300] "GET /cormun/servlet/hlogin HTTP/1.1" 200 1722
200.54.237.82 - - [30/Nov/2022:11:20:25 -0300] "POST /cormun/servlet/hlogin?e64c36f91235a5e97b190e28bc5dd6e1,gx-no-cache=1669817134091 HTTP/1.1" 200 90
200.54.237.82 - - [30/Nov/2022:11:20:25 -0300] "GET /cormun/servlet/hpexe_link HTTP/1.1" 200 949
200.54.237.82 - - [30/Nov/2022:11:20:25 -0300] "GET /cormun/servlet/hhome HTTP/1.1" 200 4328
200.54.237.82 - - [30/Nov/2022:11:20:25 -0300] "GET /cormun/servlet/hhome HTTP/1.1" 200 4326
200.54.237.82 - - [30/Nov/2022:11:21:20 -0300] "GET /cormun/servlet/trlicencias? HTTP/1.1" 200 11121
200.54.237.82 - - [30/Nov/2022:11:21:21 -0300] "GET /cormun/servlet/trlicencias? HTTP/1.1" 200 11119
200.54.237.82 - - [30/Nov/2022:11:21:31 -0300] "GET /cormun/servlet/trcontratounov2? HTTP/1.1" 200 17803
200.54.237.82 - - [30/Nov/2022:11:21:31 -0300] "GET /cormun/static/gxcfg.js?2020121614367 HTTP/1.1" 200 953
200.54.237.82 - - [30/Nov/2022:11:21:31 -0300] "GET /cormun/static/Resources/PXToolsAddSelectedAction.png HTTP/1.1" 200 523
200.54.237.82 - - [30/Nov/2022:11:21:31 -0300] "GET /cormun/static/trcontratounov2.js?20201216143065 HTTP/1.1" 200 38486
200.54.237.82 - - [30/Nov/2022:11:21:31 -0300] "GET /cormun/servlet/trcontratounov2? HTTP/1.1" 200 17795
181.161.210.120 - - [30/Nov/2022:11:21:48 -0300] "GET /cormun/servlet/hlogin HTTP/1.1" 200 1782
181.161.210.120 - - [30/Nov/2022:11:21:49 -0300] "GET /cormun/static/gxtypesSD.js?85251 HTTP/1.1" 200 24551
181.161.210.120 - - [30/Nov/2022:11:21:49 -0300] "GET /cormun/static/gxpopupSD.js?85251 HTTP/1.1" 200 22377
