186.11.29.100 - - [17/Nov/2022:12:26:56 -0300] "GET /cormun/servlet/solicitudot?b59850f593a6a65488136ca52afd6015c10efaaa0ca65f5f6fbe94a7a58492405915886411950b3506cabc25f2a6aca2081a8bbb197bd5e7d154e3702a7486d5af41d2bbda1e8ab01a25731f44d178f8e8a5a4055bf9f756d58e5368ca12f83061043dfcf48c40077bb9fc282187a5bd55e76e50d27cad127c96b62a19fc7fa8aaba836466012fbafdd29c67c51f1996585015bbb001d9d15d31ae0ddba292f797133853397a94d1fb98b0a623998ddb16b01cc444dbb20a2b3c62961c4e4011eb0a94254d4534854b7f70c4ed0234a4e842424062f0b2ac895ab1ba22c0e10ba900f39013132db1537a8b2a5ceb2668390e8a978a7346e28f433cb4d9cc699f8c02bb209b3437811ced9cb9aee3bef03504151316e065e7b5cc2f591e5fe1efb1b9e3b4dff663546eaff63ecdc94a8032fc957c09bba0f55c2f50b2c5e193d66af096246a011812bb4b0fe0b5470c0dacace8bf90fe677baa494359616dd8c3b8abac38da52d2a3a86d9822b252637ccd2ba8597002c241d864ea9647ce9c7a1ff83b3c4ff22ecd86d7c0dc7163f8e4,gx-no-cache=1668697921734 HTTP/1.1" 200 30
190.171.141.106 - - [17/Nov/2022:12:26:56 -0300] "GET /cormun/static/about:blank HTTP/1.1" 404 1011
186.11.29.100 - - [17/Nov/2022:12:26:56 -0300] "POST /cormun/servlet/solicitudot?gx-no-cache=1668697921838 HTTP/1.1" 200 30
190.171.141.106 - - [17/Nov/2022:12:26:56 -0300] "GET /cormun/servlet/solicitudotadjuntos?INS,2022,19326,,1, HTTP/1.1" 200 6300
186.11.29.100 - - [17/Nov/2022:12:26:56 -0300] "POST /cormun/servlet/solicitudot?gx-no-cache=1668697921936 HTTP/1.1" 200 1462
186.11.29.100 - - [17/Nov/2022:12:26:56 -0300] "POST /cormun/servlet/solicitudot?gx-no-cache=1668697922085 HTTP/1.1" 200 38
190.171.141.106 - - [17/Nov/2022:12:26:57 -0300] "GET /cormun/servlet/solicitudotadjuntos?ccdc6476dbb270d8cf6e889d5f2970f8e4cf80b6f1aa432dd2ce3937b4ba1d1acfd086fa3445c7cb9cf0f1a9e200ea9c,gx-no-cache=1668697928425 HTTP/1.1" 200 30
190.171.141.106 - - [17/Nov/2022:12:26:57 -0300] "POST /cormun/servlet/solicitudotadjuntos?7100a9eecaa4a80cd8edeb115b85b9ca,INS,2022,19326,,1,,gx-no-cache=1668697928443 HTTP/1.1" 200 4146
190.171.141.106 - - [17/Nov/2022:12:27:01 -0300] "POST /cormun/servlet/solicitudotadjuntos?gx-no-cache=1668697932414 HTTP/1.1" 200 26
190.171.141.106 - - [17/Nov/2022:12:27:11 -0300] "GET /cormun/servlet/solicitudotadjuntos?ccdc6476dbb270d8cf6e889d5f2970f8987350f6b4826ddf68018ae423d378c0,gx-no-cache=1668697942645 HTTP/1.1" 200 30
190.171.141.106 - - [17/Nov/2022:12:27:11 -0300] "GET /cormun/servlet/solicitudotadjuntos?ccdc6476dbb270d8cf6e889d5f2970f8987350f6b4826ddf68018ae423d378c0,gx-no-cache=1668697942658 HTTP/1.1" 200 30
190.171.141.106 - - [17/Nov/2022:12:27:12 -0300] "POST /cormun/servlet/solicitudotadjuntos?7100a9eecaa4a80cd8edeb115b85b9ca,INS,2022,19326,,1, HTTP/1.1" 200 116
190.171.141.106 - - [17/Nov/2022:12:27:12 -0300] "GET /cormun/servlet/hpexe_return? HTTP/1.1" 200 1020
190.171.141.106 - - [17/Nov/2022:12:27:12 -0300] "GET /cormun/servlet/trsolicitudadjuntos?2022,19326, HTTP/1.1" 200 9824
190.171.141.106 - - [17/Nov/2022:12:27:12 -0300] "GET /cormun/servlet/trsolicitudadjuntos?2022,19326, HTTP/1.1" 200 9822
190.171.141.106 - - [17/Nov/2022:12:27:20 -0300] "GET /cormun/servlet/solicitudotadjuntos?INS,2022,19326,,1, HTTP/1.1" 200 6307
190.171.141.106 - - [17/Nov/2022:12:27:20 -0300] "GET /cormun/static/about:blank HTTP/1.1" 404 1011
190.171.141.106 - - [17/Nov/2022:12:27:20 -0300] "GET /cormun/servlet/solicitudotadjuntos?INS,2022,19326,,1, HTTP/1.1" 200 6300
190.171.141.106 - - [17/Nov/2022:12:27:21 -0300] "GET /cormun/servlet/solicitudotadjuntos?ccdc6476dbb270d8cf6e889d5f2970f8e4cf80b6f1aa432dd2ce3937b4ba1d1acfd086fa3445c7cb9cf0f1a9e200ea9c,gx-no-cache=1668697952648 HTTP/1.1" 200 30
190.171.141.106 - - [17/Nov/2022:12:27:21 -0300] "POST /cormun/servlet/solicitudotadjuntos?7100a9eecaa4a80cd8edeb115b85b9ca,INS,2022,19326,,1,,gx-no-cache=1668697952668 HTTP/1.1" 200 4146
186.67.172.234 - - [17/Nov/2022:12:27:25 -0300] "GET /cormun/static/menuarrow.gif HTTP/1.1" 404 1015
190.171.141.106 - - [17/Nov/2022:12:27:26 -0300] "POST /cormun/servlet/solicitudotadjuntos?gx-no-cache=1668697957680 HTTP/1.1" 200 26
186.11.29.100 - - [17/Nov/2022:12:27:28 -0300] "GET /cormun/servlet/solicitudot?b59850f593a6a65488136ca52afd6015a5b57f885170cdd1cee86d31c3c927ab25d558f3786e9dd260ce37f06b143f4ac89da28d62644c3f986388ee99ed1aedd56cf705206363e1f88659b2ec64bdbef00124ac5534b6a24fbc1c02968e536f04863d807411191de4367bde146b7bf2,gx-no-cache=1668697954055 HTTP/1.1" 200 110
190.171.141.106 - - [17/Nov/2022:12:27:34 -0300] "GET /cormun/servlet/solicitudotadjuntos?ccdc6476dbb270d8cf6e889d5f2970f8987350f6b4826ddf68018ae423d378c0,gx-no-cache=1668697966093 HTTP/1.1" 200 30
190.171.141.106 - - [17/Nov/2022:12:27:34 -0300] "GET /cormun/servlet/solicitudotadjuntos?ccdc6476dbb270d8cf6e889d5f2970f8987350f6b4826ddf68018ae423d378c0,gx-no-cache=1668697966105 HTTP/1.1" 200 30
190.171.141.106 - - [17/Nov/2022:12:27:35 -0300] "POST /cormun/servlet/solicitudotadjuntos?7100a9eecaa4a80cd8edeb115b85b9ca,INS,2022,19326,,1, HTTP/1.1" 200 116
190.171.141.106 - - [17/Nov/2022:12:27:35 -0300] "GET /cormun/servlet/hpexe_return? HTTP/1.1" 200 1020
190.171.141.106 - - [17/Nov/2022:12:27:35 -0300] "GET /cormun/servlet/trsolicitudadjuntos?2022,19326, HTTP/1.1" 200 10073
190.171.141.106 - - [17/Nov/2022:12:27:35 -0300] "GET /cormun/servlet/trsolicitudadjuntos?2022,19326, HTTP/1.1" 200 10072
186.67.172.234 - - [17/Nov/2022:12:27:48 -0300] "POST /cormun/servlet/trlicencias?09b88d4ae78fa085ab11eef4f885bb35,gx-no-cache=1668697979589 HTTP/1.1" 440 972
190.171.141.106 - - [17/Nov/2022:12:27:50 -0300] "GET /cormun/servlet/solicitudotadjuntos?INS,2022,19326,,1, HTTP/1.1" 200 6307
190.171.141.106 - - [17/Nov/2022:12:27:50 -0300] "GET /cormun/static/about:blank HTTP/1.1" 404 1011
190.171.141.106 - - [17/Nov/2022:12:27:50 -0300] "GET /cormun/servlet/solicitudotadjuntos?INS,2022,19326,,1, HTTP/1.1" 200 6300
186.67.172.234 - - [17/Nov/2022:12:27:50 -0300] "GET /cormun/servlet/trlicencias HTTP/1.1" 200 6040
190.171.141.106 - - [17/Nov/2022:12:27:50 -0300] "GET /cormun/servlet/solicitudotadjuntos?ccdc6476dbb270d8cf6e889d5f2970f8e4cf80b6f1aa432dd2ce3937b4ba1d1acfd086fa3445c7cb9cf0f1a9e200ea9c,gx-no-cache=1668697982143 HTTP/1.1" 200 30
190.171.141.106 - - [17/Nov/2022:12:27:50 -0300] "POST /cormun/servlet/solicitudotadjuntos?7100a9eecaa4a80cd8edeb115b85b9ca,INS,2022,19326,,1,,gx-no-cache=1668697982162 HTTP/1.1" 200 4146
186.67.172.234 - - [17/Nov/2022:12:27:51 -0300] "GET /cormun/servlet/trlicencias HTTP/1.1" 200 6040
186.67.172.234 - - [17/Nov/2022:12:27:51 -0300] "GET /cormun/servlet/hlogin HTTP/1.1" 200 1739
186.67.172.234 - - [17/Nov/2022:12:27:54 -0300] "POST /cormun/servlet/hlogin?5d1645116cf1635cf694f034eed4a5c2,gx-no-cache=1668697985417 HTTP/1.1" 200 90
186.11.29.100 - - [17/Nov/2022:12:27:54 -0300] "POST /cormun/servlet/solicitudot?gx-no-cache=1668697979822 HTTP/1.1" 200 72
186.67.172.234 - - [17/Nov/2022:12:27:54 -0300] "GET /cormun/servlet/hpexe_link HTTP/1.1" 200 952
186.67.172.234 - - [17/Nov/2022:12:27:55 -0300] "GET /cormun/servlet/trlicencias HTTP/1.1" 200 19775
186.67.172.234 - - [17/Nov/2022:12:27:56 -0300] "GET /cormun/servlet/trlicencias HTTP/1.1" 200 19777
190.171.141.106 - - [17/Nov/2022:12:27:56 -0300] "POST /cormun/servlet/solicitudotadjuntos?gx-no-cache=1668697988039 HTTP/1.1" 200 26
186.67.172.234 - - [17/Nov/2022:12:27:58 -0300] "GET /cormun/static/menuarrow.gif HTTP/1.1" 404 1015
190.171.141.106 - - [17/Nov/2022:12:28:00 -0300] "GET /cormun/servlet/solicitudotadjuntos?ccdc6476dbb270d8cf6e889d5f2970f8987350f6b4826ddf68018ae423d378c0,gx-no-cache=1668697991390 HTTP/1.1" 200 30
190.171.141.106 - - [17/Nov/2022:12:28:00 -0300] "GET /cormun/servlet/solicitudotadjuntos?ccdc6476dbb270d8cf6e889d5f2970f8987350f6b4826ddf68018ae423d378c0,gx-no-cache=1668697991403 HTTP/1.1" 200 30
190.171.141.106 - - [17/Nov/2022:12:28:00 -0300] "POST /cormun/servlet/solicitudotadjuntos?7100a9eecaa4a80cd8edeb115b85b9ca,INS,2022,19326,,1,,gx-no-cache=1668697991416 HTTP/1.1" 200 93
190.171.141.106 - - [17/Nov/2022:12:28:00 -0300] "GET /cormun/servlet/hpexe_return? HTTP/1.1" 200 1020
186.11.29.100 - - [17/Nov/2022:12:28:00 -0300] "POST /cormun/servlet/solicitudot?gx-no-cache=1668697985634 HTTP/1.1" 200 79
190.171.141.106 - - [17/Nov/2022:12:28:00 -0300] "GET /cormun/servlet/trsolicitudadjuntos?2022,19326, HTTP/1.1" 200 10172
190.171.141.106 - - [17/Nov/2022:12:28:00 -0300] "GET /cormun/servlet/trsolicitudadjuntos?2022,19326, HTTP/1.1" 200 10173
186.11.29.100 - - [17/Nov/2022:12:28:12 -0300] "GET /cormun/servlet/solicitudot?b59850f593a6a65488136ca52afd6015eb598889fb4523a827b399ccb5763caee1501ab47f3ea24bed9f32c2227e9aa2ee21486976c1a1880d90ead6fd9862b7973c2293beffabd2875d8422c5dcab30,gx-no-cache=1668697997842 HTTP/1.1" 200 29
186.11.29.100 - - [17/Nov/2022:12:28:12 -0300] "GET /cormun/static/menuarrow.gif HTTP/1.1" 404 1015
190.171.141.106 - - [17/Nov/2022:12:28:14 -0300] "GET /cormun/servlet/solicitudotadjuntos?INS,2022,19326,,1, HTTP/1.1" 200 6307
190.171.141.106 - - [17/Nov/2022:12:28:14 -0300] "GET /cormun/static/about:blank HTTP/1.1" 404 1011
190.171.141.106 - - [17/Nov/2022:12:28:14 -0300] "GET /cormun/servlet/solicitudotadjuntos?INS,2022,19326,,1, HTTP/1.1" 200 6300
190.171.141.106 - - [17/Nov/2022:12:28:14 -0300] "GET /cormun/servlet/solicitudotadjuntos?ccdc6476dbb270d8cf6e889d5f2970f8e4cf80b6f1aa432dd2ce3937b4ba1d1acfd086fa3445c7cb9cf0f1a9e200ea9c,gx-no-cache=1668698006282 HTTP/1.1" 200 30
190.171.141.106 - - [17/Nov/2022:12:28:15 -0300] "POST /cormun/servlet/solicitudotadjuntos?7100a9eecaa4a80cd8edeb115b85b9ca,INS,2022,19326,,1,,gx-no-cache=1668698006318 HTTP/1.1" 200 4146
186.11.29.100 - - [17/Nov/2022:12:28:17 -0300] "GET /cormun/servlet/solicitudot?b59850f593a6a65488136ca52afd601567de100d51dba329fdb6d7cd80de3d75acad9a94a6d379edb90fd5c8fd6de1fb,gx-no-cache=1668698002617 HTTP/1.1" 200 30
186.67.172.234 - - [17/Nov/2022:12:28:20 -0300] "POST /cormun/servlet/trlicencias?5d1645116cf1635cf694f034eed4a5c2,gx-no-cache=1668698010918 HTTP/1.1" 200 5754
190.171.141.106 - - [17/Nov/2022:12:28:22 -0300] "POST /cormun/servlet/solicitudotadjuntos?gx-no-cache=1668698013837 HTTP/1.1" 200 26
190.171.141.106 - - [17/Nov/2022:12:28:22 -0300] "GET /cormun/servlet/solicitudotadjuntos?ccdc6476dbb270d8cf6e889d5f2970f8987350f6b4826ddf68018ae423d378c0,gx-no-cache=1668698014214 HTTP/1.1" 200 30
190.171.141.106 - - [17/Nov/2022:12:28:22 -0300] "GET /cormun/servlet/solicitudotadjuntos?ccdc6476dbb270d8cf6e889d5f2970f8987350f6b4826ddf68018ae423d378c0,gx-no-cache=1668698014231 HTTP/1.1" 200 30
190.171.141.106 - - [17/Nov/2022:12:28:22 -0300] "POST /cormun/servlet/solicitudotadjuntos?7100a9eecaa4a80cd8edeb115b85b9ca,INS,2022,19326,,1,,gx-no-cache=1668698014251 HTTP/1.1" 200 3994
190.171.141.106 - - [17/Nov/2022:12:28:23 -0300] "GET /cormun/static/Shared/jqueryui/images/ui-icons_82798d_256x240.png HTTP/1.1" 404 1089
190.171.141.106 - - [17/Nov/2022:12:28:23 -0300] "GET /cormun/static/Shared/jqueryui/images/ui-bg_highlight-soft_100_c6c2c8_1x100.png HTTP/1.1" 404 1117
190.171.141.106 - - [17/Nov/2022:12:28:23 -0300] "GET /cormun/static/Shared/jqueryui/images/ui-bg_flat_55_994d53_40x100.png HTTP/1.1" 404 1097
190.171.141.106 - - [17/Nov/2022:12:28:23 -0300] "GET /cormun/static/Shared/jqueryui/images/ui-icons_ebccce_256x240.png HTTP/1.1" 404 1089
186.11.29.100 - - [17/Nov/2022:12:28:25 -0300] "POST /cormun/servlet/solicitudot?gx-no-cache=1668698010959 HTTP/1.1" 200 30
186.11.29.100 - - [17/Nov/2022:12:28:25 -0300] "POST /cormun/servlet/solicitudot?30da1a357bd3abe5463249407211b4b4,INS,0,0,false,,gx-no-cache=1668698011077 HTTP/1.1" 200 12850
190.171.141.106 - - [17/Nov/2022:12:28:26 -0300] "POST /cormun/servlet/solicitudotadjuntos?7100a9eecaa4a80cd8edeb115b85b9ca,INS,2022,19326,,1,,gx-no-cache=1668698017846 HTTP/1.1" 200 93
190.171.141.106 - - [17/Nov/2022:12:28:26 -0300] "GET /cormun/servlet/hpexe_return? HTTP/1.1" 200 1020
190.171.141.106 - - [17/Nov/2022:12:28:26 -0300] "GET /cormun/servlet/trsolicitudadjuntos?2022,19326, HTTP/1.1" 200 10171
190.171.141.106 - - [17/Nov/2022:12:28:27 -0300] "GET /cormun/servlet/trsolicitudadjuntos?2022,19326, HTTP/1.1" 200 10171
190.171.141.106 - - [17/Nov/2022:12:28:35 -0300] "GET /cormun/servlet/solicitudotadjuntos?INS,2022,19326,,2, HTTP/1.1" 200 6306
190.171.141.106 - - [17/Nov/2022:12:28:35 -0300] "GET /cormun/static/about:blank HTTP/1.1" 404 1011
190.171.141.106 - - [17/Nov/2022:12:28:35 -0300] "GET /cormun/servlet/solicitudotadjuntos?INS,2022,19326,,2, HTTP/1.1" 200 6299
190.171.141.106 - - [17/Nov/2022:12:28:36 -0300] "GET /cormun/servlet/solicitudotadjuntos?ccdc6476dbb270d8cf6e889d5f2970f8e4cf80b6f1aa432dd2ce3937b4ba1d1acfd086fa3445c7cb9cf0f1a9e200ea9c,gx-no-cache=1668698027569 HTTP/1.1" 200 30
190.171.141.106 - - [17/Nov/2022:12:28:36 -0300] "POST /cormun/servlet/solicitudotadjuntos?7100a9eecaa4a80cd8edeb115b85b9ca,INS,2022,19326,,2,,gx-no-cache=1668698027585 HTTP/1.1" 200 4364
186.11.29.100 - - [17/Nov/2022:12:28:43 -0300] "POST /cormun/servlet/solicitudot?gx-no-cache=1668698028125 HTTP/1.1" 200 4128
190.171.141.106 - - [17/Nov/2022:12:28:44 -0300] "POST /cormun/servlet/solicitudotadjuntos?gx-no-cache=1668698035628 HTTP/1.1" 200 26
186.11.29.100 - - [17/Nov/2022:12:28:46 -0300] "GET /cormun/servlet/solicitudot?b59850f593a6a65488136ca52afd6015c10efaaa0ca65f5f6fbe94a7a58492405915886411950b3506cabc25f2a6aca2081a8bbb197bd5e7d154e3702a7486d5af41d2bbda1e8ab01a25731f44d178f8e8a5a4055bf9f756d58e5368ca12f83061043dfcf48c40077bb9fc282187a5bd55e76e50d27cad127c96b62a19fc7fa8aaba836466012fbafdd29c67c51f1996585015bbb001d9d15d31ae0ddba292f797133853397a94d1fb98b0a623998ddb16b01cc444dbb20a2b3c62961c4e4011eb0a94254d4534854b7f70c4ed0234a4e842424062f0b2ac895ab1ba22c0e10ba900f39013132db1537a8b2a5ceb26689571f45b5e3d0547094cc7ef78ba99b68c02bb209b3437811ced9cb9aee3bef0895cff67ced049ed3c235c723791875a604cf834ae35a88c40a64de06c5736158878ddd6f163e0ceab05532cb37e8ac9d74cf7dfb497ee674735dfa0ec36545c3a75cc96bb5bcc44190b11a0eeb1aefd13a07449d7c65de37c65375358d15569626ce84e10ad25ac5da43d2bc5f609c1,gx-no-cache=1668698032203 HTTP/1.1" 200 30
186.11.29.100 - - [17/Nov/2022:12:28:47 -0300] "POST /cormun/servlet/solicitudot?gx-no-cache=1668698032545 HTTP/1.1" 200 30
186.11.29.100 - - [17/Nov/2022:12:28:47 -0300] "POST /cormun/servlet/solicitudot?gx-no-cache=1668698032633 HTTP/1.1" 200 1469
186.11.29.100 - - [17/Nov/2022:12:28:47 -0300] "POST /cormun/servlet/solicitudot?gx-no-cache=1668698032731 HTTP/1.1" 200 41
186.11.29.100 - - [17/Nov/2022:12:28:47 -0300] "GET /cormun/servlet/solicitudot?b59850f593a6a65488136ca52afd6015a5b57f885170cdd1cee86d31c3c927ab25d558f3786e9dd260ce37f06b143f4ac89da28d62644c3f986388ee99ed1aedd56cf705206363e1f88659b2ec64bdbef00124ac5534b6a24fbc1c02968e536f04863d807411191de4367bde146b7bf2,gx-no-cache=1668698032807 HTTP/1.1" 200 110
186.11.29.100 - - [17/Nov/2022:12:28:47 -0300] "POST /cormun/servlet/solicitudot?gx-no-cache=1668698032873 HTTP/1.1" 200 64
186.11.29.100 - - [17/Nov/2022:12:28:47 -0300] "GET /cormun/servlet/solicitudot?b59850f593a6a65488136ca52afd601567de100d51dba329fdb6d7cd80de3d75acad9a94a6d379edb90fd5c8fd6de1fb,gx-no-cache=1668698032981 HTTP/1.1" 200 30
186.11.29.100 - - [17/Nov/2022:12:28:47 -0300] "POST /cormun/servlet/solicitudot?gx-no-cache=1668698033062 HTTP/1.1" 200 30
186.11.29.100 - - [17/Nov/2022:12:28:48 -0300] "POST /cormun/servlet/solicitudot?30da1a357bd3abe5463249407211b4b4,INS,0,0,false,,gx-no-cache=1668698033137 HTTP/1.1" 200 12942
190.171.141.106 - - [17/Nov/2022:12:28:52 -0300] "GET /cormun/servlet/solicitudotadjuntos?ccdc6476dbb270d8cf6e889d5f2970f8987350f6b4826ddf68018ae423d378c0,gx-no-cache=1668698044189 HTTP/1.1" 200 30
190.171.141.106 - - [17/Nov/2022:12:28:52 -0300] "GET /cormun/servlet/solicitudotadjuntos?ccdc6476dbb270d8cf6e889d5f2970f8987350f6b4826ddf68018ae423d378c0,gx-no-cache=1668698044201 HTTP/1.1" 200 30
190.171.141.106 - - [17/Nov/2022:12:28:53 -0300] "POST /cormun/servlet/solicitudotadjuntos?7100a9eecaa4a80cd8edeb115b85b9ca,INS,2022,19326,,2, HTTP/1.1" 200 116
190.171.141.106 - - [17/Nov/2022:12:28:53 -0300] "GET /cormun/servlet/hpexe_return? HTTP/1.1" 200 1020
190.171.141.106 - - [17/Nov/2022:12:28:53 -0300] "GET /cormun/servlet/trsolicitudadjuntos?2022,19326, HTTP/1.1" 200 10335
190.171.141.106 - - [17/Nov/2022:12:28:54 -0300] "GET /cormun/servlet/trsolicitudadjuntos?2022,19326, HTTP/1.1" 200 10332
190.171.141.106 - - [17/Nov/2022:12:29:08 -0300] "GET /cormun/servlet/solicitudotadjuntos?INS,2022,19326,,2, HTTP/1.1" 200 6306
190.171.141.106 - - [17/Nov/2022:12:29:08 -0300] "GET /cormun/static/about:blank HTTP/1.1" 404 1011
190.171.141.106 - - [17/Nov/2022:12:29:08 -0300] "GET /cormun/servlet/solicitudotadjuntos?INS,2022,19326,,2, HTTP/1.1" 200 6299
190.171.141.106 - - [17/Nov/2022:12:29:09 -0300] "GET /cormun/servlet/solicitudotadjuntos?ccdc6476dbb270d8cf6e889d5f2970f8e4cf80b6f1aa432dd2ce3937b4ba1d1acfd086fa3445c7cb9cf0f1a9e200ea9c,gx-no-cache=1668698060409 HTTP/1.1" 200 30
190.171.141.106 - - [17/Nov/2022:12:29:09 -0300] "POST /cormun/servlet/solicitudotadjuntos?7100a9eecaa4a80cd8edeb115b85b9ca,INS,2022,19326,,2, HTTP/1.1" 200 7143
190.171.141.106 - - [17/Nov/2022:12:29:09 -0300] "GET /cormun/PrivateTempStorage/upload_00001809.pdf HTTP/1.1" 200 110685
190.171.141.106 - - [17/Nov/2022:12:29:13 -0300] "GET /cormun/servlet/trsolicitudadjuntos?2022,19326, HTTP/1.1" 200 10333
190.171.141.106 - - [17/Nov/2022:12:29:14 -0300] "GET /cormun/servlet/trsolicitudadjuntos?2022,19326, HTTP/1.1" 200 10333
186.11.29.100 - - [17/Nov/2022:12:29:19 -0300] "GET /cormun/servlet/solicitudot?b59850f593a6a65488136ca52afd601567de100d51dba329fdb6d7cd80de3d75acad9a94a6d379edb90fd5c8fd6de1fb,gx-no-cache=1668698064294 HTTP/1.1" 200 30
186.11.29.100 - - [17/Nov/2022:12:29:19 -0300] "POST /cormun/servlet/solicitudot?gx-no-cache=1668698064588 HTTP/1.1" 200 30
186.11.29.100 - - [17/Nov/2022:12:29:19 -0300] "POST /cormun/servlet/solicitudot?30da1a357bd3abe5463249407211b4b4,INS,0,0,false,,gx-no-cache=1668698064680 HTTP/1.1" 200 12997
190.171.141.106 - - [17/Nov/2022:12:29:27 -0300] "GET /cormun/servlet/hlogin HTTP/1.1" 200 1726
186.67.172.234 - - [17/Nov/2022:12:29:27 -0300] "POST /cormun/servlet/trlicencias?5d1645116cf1635cf694f034eed4a5c2,gx-no-cache=1668698077778 HTTP/1.1" 200 17579
190.171.141.106 - - [17/Nov/2022:12:29:32 -0300] "POST /cormun/servlet/hlogin?135747912c114c3a8d8633214ab1b657,gx-no-cache=1668698083430 HTTP/1.1" 200 90
190.171.141.106 - - [17/Nov/2022:12:29:32 -0300] "GET /cormun/servlet/hpexe_link HTTP/1.1" 200 954
190.171.141.106 - - [17/Nov/2022:12:29:32 -0300] "GET /cormun/servlet/hhome HTTP/1.1" 200 4271
190.171.141.106 - - [17/Nov/2022:12:29:32 -0300] "GET /cormun/servlet/hhome HTTP/1.1" 200 4267
190.171.141.106 - - [17/Nov/2022:12:29:37 -0300] "GET /cormun/servlet/trsolicitudot? HTTP/1.1" 200 8883
190.171.141.106 - - [17/Nov/2022:12:29:37 -0300] "GET /cormun/servlet/trsolicitudot? HTTP/1.1" 200 8881
190.171.141.106 - - [17/Nov/2022:12:29:44 -0300] "POST /cormun/servlet/trsolicitudot?135747912c114c3a8d8633214ab1b657,,gx-no-cache=1668698095731 HTTP/1.1" 200 107
190.171.141.106 - - [17/Nov/2022:12:29:44 -0300] "GET /cormun/servlet/trsolicitudadjuntos?2022,19326, HTTP/1.1" 200 10340
190.171.141.106 - - [17/Nov/2022:12:29:45 -0300] "GET /cormun/servlet/trsolicitudadjuntos?2022,19326, HTTP/1.1" 200 10343
190.171.141.106 - - [17/Nov/2022:12:29:49 -0300] "GET /cormun/servlet/trsolicitudot? HTTP/1.1" 200 8883
190.171.141.106 - - [17/Nov/2022:12:29:50 -0300] "GET /cormun/servlet/trsolicitudot? HTTP/1.1" 200 8881
186.11.29.100 - - [17/Nov/2022:12:29:51 -0300] "POST /cormun/servlet/solicitudot?gx-no-cache=1668698096403 HTTP/1.1" 200 1469
186.11.29.100 - - [17/Nov/2022:12:29:51 -0300] "POST /cormun/servlet/solicitudot?gx-no-cache=1668698096541 HTTP/1.1" 200 41
186.11.29.100 - - [17/Nov/2022:12:29:51 -0300] "GET /cormun/servlet/solicitudot?b59850f593a6a65488136ca52afd6015a5b57f885170cdd1cee86d31c3c927ab25d558f3786e9dd260ce37f06b143f4ac89da28d62644c3f986388ee99ed1aedd56cf705206363e1f88659b2ec64bdbef00124ac5534b6a24fbc1c02968e536f04863d807411191de4367bde146b7bf2,gx-no-cache=1668698096609 HTTP/1.1" 200 110
186.11.29.100 - - [17/Nov/2022:12:29:51 -0300] "POST /cormun/servlet/solicitudot?gx-no-cache=1668698096683 HTTP/1.1" 200 64
186.11.29.100 - - [17/Nov/2022:12:29:51 -0300] "GET /cormun/servlet/solicitudot?b59850f593a6a65488136ca52afd601567de100d51dba329fdb6d7cd80de3d75acad9a94a6d379edb90fd5c8fd6de1fb,gx-no-cache=1668698096758 HTTP/1.1" 200 30
186.11.29.100 - - [17/Nov/2022:12:29:51 -0300] "POST /cormun/servlet/solicitudot?gx-no-cache=1668698096808 HTTP/1.1" 200 30
186.11.29.100 - - [17/Nov/2022:12:29:51 -0300] "POST /cormun/servlet/solicitudot?30da1a357bd3abe5463249407211b4b4,INS,0,0,false,,gx-no-cache=1668698096864 HTTP/1.1" 200 13069
186.11.29.100 - - [17/Nov/2022:12:29:58 -0300] "POST /cormun/servlet/solicitudot?gx-no-cache=1668698103577 HTTP/1.1" 200 1469
186.11.29.100 - - [17/Nov/2022:12:29:58 -0300] "POST /cormun/servlet/solicitudot?gx-no-cache=1668698103696 HTTP/1.1" 200 41
186.11.29.100 - - [17/Nov/2022:12:29:58 -0300] "GET /cormun/servlet/solicitudot?b59850f593a6a65488136ca52afd6015a5b57f885170cdd1cee86d31c3c927ab25d558f3786e9dd260ce37f06b143f4ac89da28d62644c3f986388ee99ed1aedd56cf705206363e1f88659b2ec64bdbef00124ac5534b6a24fbc1c02968e536f04863d807411191de4367bde146b7bf2,gx-no-cache=1668698103772 HTTP/1.1" 200 110
186.11.29.100 - - [17/Nov/2022:12:29:58 -0300] "POST /cormun/servlet/solicitudot?gx-no-cache=1668698103885 HTTP/1.1" 200 64
186.11.29.100 - - [17/Nov/2022:12:29:58 -0300] "GET /cormun/servlet/solicitudot?b59850f593a6a65488136ca52afd601567de100d51dba329fdb6d7cd80de3d75acad9a94a6d379edb90fd5c8fd6de1fb,gx-no-cache=1668698103964 HTTP/1.1" 200 30
186.11.29.100 - - [17/Nov/2022:12:29:58 -0300] "POST /cormun/servlet/solicitudot?gx-no-cache=1668698104055 HTTP/1.1" 200 30
186.11.29.100 - - [17/Nov/2022:12:29:59 -0300] "POST /cormun/servlet/solicitudot?30da1a357bd3abe5463249407211b4b4,INS,0,0,false,,gx-no-cache=1668698104131 HTTP/1.1" 200 13086
190.171.141.106 - - [17/Nov/2022:12:30:00 -0300] "POST /cormun/servlet/trsolicitudot?135747912c114c3a8d8633214ab1b657,,gx-no-cache=1668698112163 HTTP/1.1" 200 4863
190.171.141.106 - - [17/Nov/2022:12:30:00 -0300] "GET /cormun/static/Shared/jqueryui/images/ui-bg_highlight-soft_100_c6c2c8_1x100.png HTTP/1.1" 404 1117
190.171.141.106 - - [17/Nov/2022:12:30:00 -0300] "GET /cormun/static/Shared/jqueryui/images/ui-icons_82798d_256x240.png HTTP/1.1" 404 1089
190.171.141.106 - - [17/Nov/2022:12:30:01 -0300] "GET /cormun/static/Shared/jqueryui/images/ui-bg_flat_55_fafafa_40x100.png HTTP/1.1" 404 1097
190.171.141.106 - - [17/Nov/2022:12:30:01 -0300] "GET /cormun/static/Shared/jqueryui/images/ui-icons_8d78a5_256x240.png HTTP/1.1" 404 1089
190.171.141.106 - - [17/Nov/2022:12:30:01 -0300] "POST /cormun/servlet/trsolicitudot?135747912c114c3a8d8633214ab1b657,,gx-no-cache=1668698112830 HTTP/1.1" 200 4617
190.171.143.82 - - [17/Nov/2022:12:31:19 -0300] "POST /cormun/servlet/trpermisosgoce?8a6ea3fac1af032036a05531b5c19dde,,gx-no-cache=1668698189203 HTTP/1.1" 200 11422
128.199.167.48 - - [17/Nov/2022:12:31:38 -0300] "GET /home.tgz HTTP/1.1" 404 977
190.171.149.82 - - [17/Nov/2022:12:34:07 -0300] "GET /cormun/servlet/hlogin HTTP/1.1" 200 1723
190.171.149.82 - - [17/Nov/2022:12:34:15 -0300] "POST /cormun/servlet/hlogin?d788cb76cfd6262418a9630cac0606c3,gx-no-cache=1668702000447 HTTP/1.1" 200 90
190.171.149.82 - - [17/Nov/2022:12:34:15 -0300] "GET /cormun/servlet/hpexe_link HTTP/1.1" 200 951
190.171.149.82 - - [17/Nov/2022:12:34:15 -0300] "GET /cormun/servlet/hhome HTTP/1.1" 200 3906
190.171.149.82 - - [17/Nov/2022:12:34:15 -0300] "GET /cormun/servlet/hhome HTTP/1.1" 200 3903
190.171.149.82 - - [17/Nov/2022:12:34:17 -0300] "GET /cormun/servlet/trpermisosgoce? HTTP/1.1" 200 9925
190.171.149.82 - - [17/Nov/2022:12:34:18 -0300] "GET /cormun/servlet/trpermisosgoce? HTTP/1.1" 200 9923
190.171.149.82 - - [17/Nov/2022:12:34:20 -0300] "GET /cormun/servlet/permisogoce?INS,0,,, HTTP/1.1" 200 6771
190.171.149.82 - - [17/Nov/2022:12:34:20 -0300] "GET /cormun/servlet/permisogoce?INS,0,,, HTTP/1.1" 200 6770
190.171.149.82 - - [17/Nov/2022:12:34:29 -0300] "POST /cormun/servlet/permisogoce?d788cb76cfd6262418a9630cac0606c3,INS,0,,,,gx-no-cache=1668702015279 HTTP/1.1" 200 4483
190.171.149.82 - - [17/Nov/2022:12:34:30 -0300] "GET /cormun/static/Shared/jqueryui/images/ui-bg_highlight-soft_100_c6c2c8_1x100.png HTTP/1.1" 404 1117
190.171.149.82 - - [17/Nov/2022:12:34:30 -0300] "GET /cormun/static/Shared/jqueryui/images/ui-icons_82798d_256x240.png HTTP/1.1" 404 1089
190.171.149.82 - - [17/Nov/2022:12:34:30 -0300] "GET /cormun/static/Shared/jqueryui/images/ui-bg_flat_55_994d53_40x100.png HTTP/1.1" 404 1097
190.171.149.82 - - [17/Nov/2022:12:34:30 -0300] "GET /cormun/static/Shared/jqueryui/images/ui-icons_ebccce_256x240.png HTTP/1.1" 404 1089
190.171.149.82 - - [17/Nov/2022:12:34:31 -0300] "GET /cormun/servlet/permisogoce?d71816a4a557e285cd1b7c21cf1163eb7a1b405215441c3331b7bbab952c7ad94811d0702b8bbf7bc5eca8be522cdf52f06d77c4b1e7daeeba8b4509ebf42b2c464d942bf6068962b82cd90d9740717f782d5aa82e71cc5a13010233258f905962668508d55f823a2a5166cc5ec593c7782d5aa82e71cc5a13010233258f9059f06d77c4b1e7daeeba8b4509ebf42b2c464d942bf6068962b82cd90d9740717f8a936233b0c4efb65dbecbb6ed1c2f4c3a688f5b554b3bb037ec20371166ecec7ba2af90bedf7d12900d0be610b298d2b6e4849a40f3da43d13cb6df5ffcc39e,gx-no-cache=1668702016793 HTTP/1.1" 200 80
190.171.149.82 - - [17/Nov/2022:12:34:31 -0300] "GET /cormun/static/menuarrow.gif HTTP/1.1" 404 1015
190.171.149.82 - - [17/Nov/2022:12:34:33 -0300] "GET /cormun/servlet/permisogoce?d71816a4a557e285cd1b7c21cf1163ebd072776bd487213ad460a1f8e31d61443da30f27ca55e590bc1d64cb76117863403c7f38fb8497ad8971bde61b7dd794,gx-no-cache=1668702018937 HTTP/1.1" 200 129
190.171.141.106 - - [17/Nov/2022:12:34:39 -0300] "GET /cormun/servlet/hhome HTTP/1.1" 200 3326
190.171.141.106 - - [17/Nov/2022:12:34:39 -0300] "GET /cormun/servlet/hhome HTTP/1.1" 200 3335
190.171.141.106 - - [17/Nov/2022:12:34:39 -0300] "GET /cormun/servlet/hlogin HTTP/1.1" 200 1742
190.171.149.82 - - [17/Nov/2022:12:34:41 -0300] "GET /cormun/servlet/permisogoce?d71816a4a557e285cd1b7c21cf1163ebd072776bd487213ad460a1f8e31d61446cb8566cd1be15f344f5545674ac8c21403c7f38fb8497ad8971bde61b7dd794,gx-no-cache=1668702026918 HTTP/1.1" 200 48
190.171.141.106 - - [17/Nov/2022:12:34:42 -0300] "POST /cormun/servlet/hlogin?6a6341c10a65ae23d31f2a646d36226a,gx-no-cache=1668698395071 HTTP/1.1" 200 90
190.171.141.106 - - [17/Nov/2022:12:34:42 -0300] "GET /cormun/servlet/hpexe_link HTTP/1.1" 200 958
190.171.141.106 - - [17/Nov/2022:12:34:42 -0300] "GET /cormun/servlet/hhome HTTP/1.1" 200 4274
190.171.141.106 - - [17/Nov/2022:12:34:42 -0300] "GET /cormun/servlet/hhome HTTP/1.1" 200 4272
190.171.149.82 - - [17/Nov/2022:12:34:44 -0300] "GET /cormun/servlet/puconsultapgoce?19018603,MD,gxPopupLevel%3D0%3B HTTP/1.1" 200 4183
190.171.149.82 - - [17/Nov/2022:12:34:44 -0300] "GET /cormun/pexe_menus.js HTTP/1.1" 404 1001
190.171.149.82 - - [17/Nov/2022:12:34:44 -0300] "GET /cormun/pexe_windows.js HTTP/1.1" 404 1005
190.171.149.82 - - [17/Nov/2022:12:34:44 -0300] "GET /cormun/pexe_layers.js HTTP/1.1" 404 1003
190.171.149.82 - - [17/Nov/2022:12:34:44 -0300] "GET /cormun/pexe_link.js HTTP/1.1" 404 999
190.171.149.82 - - [17/Nov/2022:12:34:44 -0300] "GET /cormun/pexe_grid.js HTTP/1.1" 404 999
190.171.149.82 - - [17/Nov/2022:12:34:44 -0300] "GET /cormun/pexe_cookies.js HTTP/1.1" 404 1005
190.171.149.82 - - [17/Nov/2022:12:34:44 -0300] "GET /cormun/pexe_griddivfix.js HTTP/1.1" 404 1011
190.171.149.82 - - [17/Nov/2022:12:34:44 -0300] "GET /cormun/pexe_picture.js HTTP/1.1" 404 1005
190.171.149.82 - - [17/Nov/2022:12:34:44 -0300] "GET /cormun/pexe_treedivfix.js HTTP/1.1" 404 1011
190.171.149.82 - - [17/Nov/2022:12:34:44 -0300] "GET /cormun/pexe_autoreload.js HTTP/1.1" 404 1011
190.171.149.82 - - [17/Nov/2022:12:34:44 -0300] "GET /cormun/pexe_menudivfix.js HTTP/1.1" 404 1011
190.171.149.82 - - [17/Nov/2022:12:34:44 -0300] "GET /cormun/pexe_tabdivfix.js HTTP/1.1" 404 1009
190.171.141.106 - - [17/Nov/2022:12:34:45 -0300] "GET /cormun/servlet/trautorizarsolicitud? HTTP/1.1" 200 8769
190.171.141.106 - - [17/Nov/2022:12:34:45 -0300] "GET /cormun/static/gxui/gxui-all.css?110300 HTTP/1.1" 200 2179
190.171.141.106 - - [17/Nov/2022:12:34:45 -0300] "GET /cormun/static/gxcfg.js?201991422414522 HTTP/1.1" 200 953
190.171.141.106 - - [17/Nov/2022:12:34:45 -0300] "GET /cormun/static/calendar-system.css?75620 HTTP/1.1" 200 5572
190.171.141.106 - - [17/Nov/2022:12:34:45 -0300] "GET /cormun/static/trautorizarsolicitud.js?201991422415463 HTTP/1.1" 200 53910
190.171.141.106 - - [17/Nov/2022:12:34:46 -0300] "GET /cormun/static/Shared/ext/resources/css/ext-all.css?205870 HTTP/1.1" 200 416045
190.171.141.106 - - [17/Nov/2022:12:34:46 -0300] "GET /cormun//static/Resources/PXToolsActionView.png HTTP/1.1" 200 398
190.171.141.106 - - [17/Nov/2022:12:34:46 -0300] "GET /cormun//static/Resources/PXToolsGridDelete.png HTTP/1.1" 200 538
190.171.141.106 - - [17/Nov/2022:12:34:46 -0300] "GET /cormun//static/Resources/PXToolsRemoveAllAction.png HTTP/1.1" 200 487
190.171.141.106 - - [17/Nov/2022:12:34:46 -0300] "GET /cormun//static/Resources/PXToolsGridUpdate.png HTTP/1.1" 200 470
190.171.141.106 - - [17/Nov/2022:12:34:46 -0300] "GET /cormun/servlet/trautorizarsolicitud? HTTP/1.1" 200 8767
190.171.149.82 - - [17/Nov/2022:12:34:47 -0300] "POST /cormun/servlet/permisogoce?d788cb76cfd6262418a9630cac0606c3,INS,0,,,,gx-no-cache=1668702032776 HTTP/1.1" 200 93
190.171.149.82 - - [17/Nov/2022:12:34:47 -0300] "GET /cormun/servlet/hpexe_return? HTTP/1.1" 200 1007
190.171.149.82 - - [17/Nov/2022:12:34:48 -0300] "GET /cormun/servlet/trpermisosgoce HTTP/1.1" 200 10185
190.171.149.82 - - [17/Nov/2022:12:34:48 -0300] "GET /cormun/servlet/trpermisosgoce HTTP/1.1" 200 10181
190.171.141.106 - - [17/Nov/2022:12:34:48 -0300] "POST /cormun/servlet/trautorizarsolicitud?6a6341c10a65ae23d31f2a646d36226a,,gx-no-cache=1668698401382 HTTP/1.1" 200 4787
190.171.141.106 - - [17/Nov/2022:12:34:48 -0300] "GET /cormun/static/Shared/jqueryui/images/ui-bg_highlight-soft_100_c6c2c8_1x100.png HTTP/1.1" 404 1117
190.171.141.106 - - [17/Nov/2022:12:34:48 -0300] "GET /cormun/static/Shared/jqueryui/images/ui-icons_82798d_256x240.png HTTP/1.1" 404 1089
190.171.141.106 - - [17/Nov/2022:12:34:48 -0300] "GET /cormun/static/Shared/jqueryui/images/ui-icons_8d78a5_256x240.png HTTP/1.1" 404 1089
190.171.141.106 - - [17/Nov/2022:12:34:48 -0300] "GET /cormun/static/Shared/jqueryui/images/ui-bg_flat_55_fafafa_40x100.png HTTP/1.1" 404 1097
190.171.141.106 - - [17/Nov/2022:12:34:48 -0300] "POST /cormun/servlet/trautorizarsolicitud?6a6341c10a65ae23d31f2a646d36226a,,gx-no-cache=1668698401538 HTTP/1.1" 200 4543
190.171.149.82 - - [17/Nov/2022:12:34:50 -0300] "GET /cormun/servlet/apermisogoceprn?19018603,P,20221117121913,PU HTTP/1.1" 200 1655
190.171.149.82 - - [17/Nov/2022:12:34:50 -0300] "GET /cormun/servlet/apermisogoceprn?19018603,P,20221117121913,PU HTTP/1.1" 200 1652
190.171.141.106 - - [17/Nov/2022:12:35:09 -0300] "GET /cormun/servlet/hhome HTTP/1.1" 200 4263
190.171.141.106 - - [17/Nov/2022:12:35:09 -0300] "GET /cormun/servlet/hhome HTTP/1.1" 200 4272
186.11.29.100 - - [17/Nov/2022:12:35:33 -0300] "POST /cormun/servlet/solicitudot?30da1a357bd3abe5463249407211b4b4,INS,0,0,false,,gx-no-cache=1668698436935 HTTP/1.1" 200 13149
186.11.29.100 - - [17/Nov/2022:12:38:42 -0300] "POST /cormun/servlet/solicitudot?30da1a357bd3abe5463249407211b4b4,INS,0,0,false,,gx-no-cache=1668698626319 HTTP/1.1" 200 13188
186.11.29.100 - - [17/Nov/2022:12:40:28 -0300] "GET /cormun/servlet/solicitudot?b59850f593a6a65488136ca52afd601567de100d51dba329fdb6d7cd80de3d75acad9a94a6d379edb90fd5c8fd6de1fb,gx-no-cache=1668698733361 HTTP/1.1" 200 30
186.11.29.100 - - [17/Nov/2022:12:40:28 -0300] "POST /cormun/servlet/solicitudot?gx-no-cache=1668698733534 HTTP/1.1" 200 30
186.11.29.100 - - [17/Nov/2022:12:40:31 -0300] "POST /cormun/servlet/solicitudot?30da1a357bd3abe5463249407211b4b4,INS,0,0,false,,gx-no-cache=1668698733668 HTTP/1.1" 200 13225
190.171.143.106 - - [17/Nov/2022:12:42:36 -0300] "GET /cormun/servlet/trlicencias? HTTP/1.1" 200 6051
190.171.143.106 - - [17/Nov/2022:12:42:36 -0300] "GET /cormun/servlet/hlogin HTTP/1.1" 200 1750
190.171.143.106 - - [17/Nov/2022:12:42:36 -0300] "GET /cormun/servlet/trlicencias? HTTP/1.1" 200 6052
190.171.143.106 - - [17/Nov/2022:12:42:36 -0300] "GET /cormun/servlet/trlicencias? HTTP/1.1" 200 6052
190.171.143.106 - - [17/Nov/2022:12:42:42 -0300] "POST /cormun/servlet/hlogin?6d7a119acf04097014a206dd6ae50307,gx-no-cache=1668698922057 HTTP/1.1" 200 90
190.171.143.106 - - [17/Nov/2022:12:42:42 -0300] "GET /cormun/servlet/hpexe_link HTTP/1.1" 200 963
190.171.143.106 - - [17/Nov/2022:12:42:42 -0300] "GET /cormun/servlet/trlicencias HTTP/1.1" 200 13114
190.171.143.106 - - [17/Nov/2022:12:42:43 -0300] "GET /cormun/servlet/trlicencias HTTP/1.1" 200 13108
190.171.142.50 - - [17/Nov/2022:12:42:58 -0300] "GET /cormun/servlet/trlicencias HTTP/1.1" 200 6045
190.171.142.50 - - [17/Nov/2022:12:42:59 -0300] "GET /cormun/servlet/hlogin HTTP/1.1" 200 1742
190.171.142.50 - - [17/Nov/2022:12:42:59 -0300] "GET /cormun/servlet/trlicencias HTTP/1.1" 200 6042
190.171.142.50 - - [17/Nov/2022:12:43:06 -0300] "POST /cormun/servlet/hlogin?225a9a59d649d363174f689fa768e8fc,gx-no-cache=1668701179520 HTTP/1.1" 200 90
190.171.142.50 - - [17/Nov/2022:12:43:06 -0300] "GET /cormun/servlet/hpexe_link HTTP/1.1" 200 957
190.171.142.50 - - [17/Nov/2022:12:43:06 -0300] "GET /cormun/servlet/trlicencias HTTP/1.1" 200 12670
190.171.142.50 - - [17/Nov/2022:12:43:06 -0300] "GET /cormun/servlet/trlicencias HTTP/1.1" 200 12668
157.55.39.22 - - [17/Nov/2022:12:44:36 -0300] "GET /cormun/servlet/permisogoce?INS,0,,,_escaped_fragment_%3D HTTP/1.1" 200 5853
186.11.29.100 - - [17/Nov/2022:12:46:42 -0300] "POST /cormun/servlet/solicitudot?gx-no-cache=1668699098027 HTTP/1.1" 200 4128
186.11.29.100 - - [17/Nov/2022:12:46:42 -0300] "POST /cormun/servlet/solicitudot?gx-no-cache=1668699107885 HTTP/1.1" 200 296
186.11.29.100 - - [17/Nov/2022:12:46:43 -0300] "GET /cormun/servlet/solicitudot?b59850f593a6a65488136ca52afd6015c10efaaa0ca65f5f6fbe94a7a58492405915886411950b3506cabc25f2a6aca2081a8bbb197bd5e7d154e3702a7486d5af41d2bbda1e8ab01a25731f44d178f8e8a5a4055bf9f756d58e5368ca12f83061043dfcf48c40077bb9fc282187a5bd55e76e50d27cad127c96b62a19fc7fa8aaba836466012fbafdd29c67c51f1996585015bbb001d9d15d31ae0ddba292f797133853397a94d1fb98b0a623998ddb16b01cc444dbb20a2b3c62961c4e4011eb0a94254d4534854b7f70c4ed0234a4e842424062f0b2ac895ab1ba22c0e10ba900f39013132db1537a8b2a5ceb26689571f45b5e3d0547094cc7ef78ba99b68c02bb209b3437811ced9cb9aee3bef03504151316e065e7b5cc2f591e5fe1efb1b9e3b4dff663546eaff63ecdc94a8032fc957c09bba0f55c2f50b2c5e193d66af096246a011812bb4b0fe0b5470c0dacace8bf90fe677baa494359616dd8c3b8abac38da52d2a3a86d9822b252637c48d306ddc6181c19d3a5f4c6e13fae3c1ff83b3c4ff22ecd86d7c0dc7163f8e4,gx-no-cache=1668699108624 HTTP/1.1" 200 30
186.11.29.100 - - [17/Nov/2022:12:46:43 -0300] "POST /cormun/servlet/solicitudot?gx-no-cache=1668699108705 HTTP/1.1" 200 30
186.11.29.100 - - [17/Nov/2022:12:46:43 -0300] "POST /cormun/servlet/solicitudot?gx-no-cache=1668699108899 HTTP/1.1" 200 1469
186.11.29.100 - - [17/Nov/2022:12:46:43 -0300] "POST /cormun/servlet/solicitudot?gx-no-cache=1668699109087 HTTP/1.1" 200 41
186.11.29.100 - - [17/Nov/2022:12:46:43 -0300] "GET /cormun/servlet/solicitudot?b59850f593a6a65488136ca52afd6015a5b57f885170cdd1cee86d31c3c927ab25d558f3786e9dd260ce37f06b143f4ac89da28d62644c3f986388ee99ed1aedd56cf705206363e1f88659b2ec64bdbef00124ac5534b6a24fbc1c02968e536f04863d807411191de4367bde146b7bf2,gx-no-cache=1668699109218 HTTP/1.1" 200 110
186.11.29.100 - - [17/Nov/2022:12:46:44 -0300] "POST /cormun/servlet/solicitudot?gx-no-cache=1668699109298 HTTP/1.1" 200 64
186.11.29.100 - - [17/Nov/2022:12:46:44 -0300] "GET /cormun/servlet/solicitudot?b59850f593a6a65488136ca52afd601567de100d51dba329fdb6d7cd80de3d75acad9a94a6d379edb90fd5c8fd6de1fb,gx-no-cache=1668699109458 HTTP/1.1" 200 30
186.11.29.100 - - [17/Nov/2022:12:46:44 -0300] "POST /cormun/servlet/solicitudot?gx-no-cache=1668699109574 HTTP/1.1" 200 30
186.11.29.100 - - [17/Nov/2022:12:46:44 -0300] "POST /cormun/servlet/solicitudot?30da1a357bd3abe5463249407211b4b4,INS,0,0,false,,gx-no-cache=1668699109717 HTTP/1.1" 200 13266
128.199.167.48 - - [17/Nov/2022:12:48:50 -0300] "GET /home.tar.bz2 HTTP/1.1" 404 985
207.46.13.43 - - [17/Nov/2022:12:50:47 -0300] "GET /cormun/servlet/solicitudotadjuntos?INS,2022,18601,,2,_escaped_fragment_%3D&_escaped_fragment_= HTTP/1.1" 200 5057
190.171.143.82 - - [17/Nov/2022:12:52:23 -0300] "POST /cormun/servlet/trpermisosgoce?8a6ea3fac1af032036a05531b5c19dde,,gx-no-cache=1668699452721 HTTP/1.1" 200 11406
186.11.29.100 - - [17/Nov/2022:12:52:33 -0300] "GET /cormun/servlet/hlogin HTTP/1.1" 200 1725
186.11.29.100 - - [17/Nov/2022:12:52:39 -0300] "POST /cormun/servlet/hlogin?bf1fee38b367120260456edebc9a42f2,gx-no-cache=1668699465184 HTTP/1.1" 200 90
186.11.29.100 - - [17/Nov/2022:12:52:40 -0300] "GET /cormun/servlet/hpexe_link HTTP/1.1" 200 951
186.11.29.100 - - [17/Nov/2022:12:52:40 -0300] "GET /cormun/servlet/hhome HTTP/1.1" 200 3892
186.11.29.100 - - [17/Nov/2022:12:52:41 -0300] "GET /cormun/servlet/hhome HTTP/1.1" 200 3888
186.11.29.100 - - [17/Nov/2022:12:52:45 -0300] "GET /cormun/servlet/trlicencias? HTTP/1.1" 200 11021
186.11.29.100 - - [17/Nov/2022:12:52:45 -0300] "GET /cormun/static/gxui/gxui-all.css?120300 HTTP/1.1" 200 2179
186.11.29.100 - - [17/Nov/2022:12:52:45 -0300] "GET /cormun/static/gxcfg.js?2020121613995 HTTP/1.1" 200 953
186.11.29.100 - - [17/Nov/2022:12:52:46 -0300] "GET /cormun/static/trlicencias.js?202012162481 HTTP/1.1" 200 41883
186.11.29.100 - - [17/Nov/2022:12:52:47 -0300] "GET /cormun/static/Shared/ext/resources/css/ext-all.css?215870 HTTP/1.1" 200 416045
186.11.29.100 - - [17/Nov/2022:12:52:48 -0300] "GET /cormun//static/Resources/PXToolsActionDisabled.gif HTTP/1.1" 200 53
186.11.29.100 - - [17/Nov/2022:12:52:48 -0300] "GET /cormun//static/Resources/PXToolsGridDisplay.png HTTP/1.1" 200 525
186.11.29.100 - - [17/Nov/2022:12:52:48 -0300] "GET /cormun//static/Resources/PXTools/ActionInsert.png HTTP/1.1" 200 1482
186.11.29.100 - - [17/Nov/2022:12:52:48 -0300] "GET /cormun/servlet/trlicencias? HTTP/1.1" 200 11019
186.11.29.100 - - [17/Nov/2022:12:52:48 -0300] "GET /cormun//static/Resources/PXToolsActionPrint.png HTTP/1.1" 200 404
186.11.29.100 - - [17/Nov/2022:12:52:48 -0300] "GET /cormun//static/Resources/PXToolsHeaderFavorites.png HTTP/1.1" 200 1414
186.11.29.100 - - [17/Nov/2022:12:52:48 -0300] "GET /cormun//static/Resources/PXToolsHeaderHelp.png HTTP/1.1" 200 1333
200.54.107.2 - - [17/Nov/2022:12:53:16 -0300] "GET /cormun/servlet/trlicencias? HTTP/1.1" 200 6043
200.54.107.2 - - [17/Nov/2022:12:53:17 -0300] "GET /cormun/servlet/hlogin HTTP/1.1" 200 1741
200.54.107.2 - - [17/Nov/2022:12:53:17 -0300] "GET /cormun/servlet/trlicencias? HTTP/1.1" 200 6042
200.54.107.2 - - [17/Nov/2022:12:53:21 -0300] "POST /cormun/servlet/hlogin?7b719a88498372e941fae90bea883028,gx-no-cache=1668699511681 HTTP/1.1" 200 90
200.54.107.2 - - [17/Nov/2022:12:53:21 -0300] "GET /cormun/servlet/hpexe_link HTTP/1.1" 200 955
200.54.107.2 - - [17/Nov/2022:12:53:21 -0300] "GET /cormun/servlet/trlicencias HTTP/1.1" 200 10703
200.54.107.2 - - [17/Nov/2022:12:53:21 -0300] "GET /cormun/servlet/trlicencias HTTP/1.1" 200 10702
200.54.107.2 - - [17/Nov/2022:12:53:27 -0300] "GET /cormun/servlet/trsolicitudot? HTTP/1.1" 200 7567
200.54.107.2 - - [17/Nov/2022:12:53:28 -0300] "GET /cormun/servlet/trsolicitudot? HTTP/1.1" 200 7567
200.54.107.2 - - [17/Nov/2022:12:54:44 -0300] "GET /cormun/servlet/trsolicitudot? HTTP/1.1" 200 7567
200.54.107.2 - - [17/Nov/2022:12:54:44 -0300] "GET /cormun/servlet/trsolicitudot? HTTP/1.1" 200 7567
200.54.107.2 - - [17/Nov/2022:12:54:49 -0300] "GET /cormun/servlet/solicitudot?INS,0,0,false, HTTP/1.1" 200 16132
200.54.107.2 - - [17/Nov/2022:12:54:50 -0300] "GET /cormun/servlet/solicitudot?INS,0,0,false, HTTP/1.1" 200 16140
200.54.107.2 - - [17/Nov/2022:12:55:15 -0300] "POST /cormun/servlet/solicitudot?gx-no-cache=1668699626164 HTTP/1.1" 200 4009
200.54.107.2 - - [17/Nov/2022:12:55:15 -0300] "POST /cormun/servlet/solicitudot?7b719a88498372e941fae90bea883028,INS,0,0,false,,gx-no-cache=1668699626333 HTTP/1.1" 200 12836
200.54.107.2 - - [17/Nov/2022:12:55:28 -0300] "GET /cormun/servlet/prbanco?,MD,,gxPopupLevel%3D0%3B HTTP/1.1" 200 6645
200.54.107.2 - - [17/Nov/2022:12:55:42 -0300] "GET /cormun/servlet/solicitudot?2aad6b32e273d9c88803de029a5f61124e0f587b9206edef928c984c8283148a29c8185e468ac15b86efd06a14a771a7,gx-no-cache=1668699652602 HTTP/1.1" 200 30
200.54.107.2 - - [17/Nov/2022:12:55:42 -0300] "GET /cormun/servlet/solicitudot?2aad6b32e273d9c88803de029a5f61126e218ccae29e336962e3a6baac3da107dd124504d1810819e3c3bf0ff485e84229c8185e468ac15b86efd06a14a771a7,gx-no-cache=1668699652638 HTTP/1.1" 200 30
201.186.225.189 - - [17/Nov/2022:13:01:57 -0300] "GET /cormun/servlet/hlogin HTTP/1.1" 200 1720
201.186.225.189 - - [17/Nov/2022:13:02:05 -0300] "POST /cormun/servlet/hlogin?d71c06001891588d996101abe644ada5,gx-no-cache=1668700035545 HTTP/1.1" 200 90
201.186.225.189 - - [17/Nov/2022:13:02:05 -0300] "GET /cormun/servlet/hpexe_link HTTP/1.1" 200 945
201.186.225.189 - - [17/Nov/2022:13:02:05 -0300] "GET /cormun/servlet/hhome HTTP/1.1" 200 4342
201.186.225.189 - - [17/Nov/2022:13:02:05 -0300] "GET /cormun/servlet/hhome HTTP/1.1" 200 4338
201.186.225.189 - - [17/Nov/2022:13:02:07 -0300] "GET /cormun/servlet/trlicencias? HTTP/1.1" 200 12333
201.186.225.189 - - [17/Nov/2022:13:02:08 -0300] "GET /cormun/servlet/trlicencias? HTTP/1.1" 200 12334
201.186.225.189 - - [17/Nov/2022:13:02:16 -0300] "GET /cormun/static/menuarrow.gif HTTP/1.1" 404 1015
201.186.225.189 - - [17/Nov/2022:13:02:37 -0300] "POST /cormun/servlet/trlicencias?d71c06001891588d996101abe644ada5,,gx-no-cache=1668700067400 HTTP/1.1" 200 9858
201.186.225.189 - - [17/Nov/2022:13:03:01 -0300] "POST /cormun/servlet/trlicencias?d71c06001891588d996101abe644ada5,,gx-no-cache=1668700091617 HTTP/1.1" 200 18087
201.186.225.189 - - [17/Nov/2022:13:03:01 -0300] "GET /cormun/static/Resources/PXToolsGridNext.gif HTTP/1.1" 200 369
201.186.225.189 - - [17/Nov/2022:13:03:01 -0300] "GET /cormun/static/Resources/PXToolsGridLast.gif HTTP/1.1" 200 370
201.186.225.189 - - [17/Nov/2022:13:03:17 -0300] "POST /cormun/servlet/trlicencias?d71c06001891588d996101abe644ada5,,gx-no-cache=1668700107968 HTTP/1.1" 200 16067
201.186.225.189 - - [17/Nov/2022:13:03:18 -0300] "GET /cormun/static/Resources/PXToolsGridFirst.gif HTTP/1.1" 200 379
201.186.225.189 - - [17/Nov/2022:13:03:18 -0300] "GET /cormun/static/Resources/PXToolsGridPrevious.gif HTTP/1.1" 200 369
201.186.225.189 - - [17/Nov/2022:13:04:47 -0300] "POST /cormun/servlet/trlicencias?d71c06001891588d996101abe644ada5,,gx-no-cache=1668700197596 HTTP/1.1" 200 4453
128.199.167.48 - - [17/Nov/2022:13:06:00 -0300] "GET /home.tar HTTP/1.1" 404 977
190.171.153.26 - - [17/Nov/2022:13:12:46 -0300] "POST /cormun/servlet/trlicencias?2e4859a0540c3ed1c987608081608307,gx-no-cache=1668700681385 HTTP/1.1" 440 972
190.171.153.26 - - [17/Nov/2022:13:12:48 -0300] "GET /cormun/servlet/trlicencias HTTP/1.1" 200 6041
190.171.153.26 - - [17/Nov/2022:13:12:51 -0300] "GET /cormun/servlet/hlogin HTTP/1.1" 200 1740
190.171.153.26 - - [17/Nov/2022:13:12:51 -0300] "GET /cormun/servlet/trlicencias HTTP/1.1" 200 6041
190.171.153.26 - - [17/Nov/2022:13:13:00 -0300] "POST /cormun/servlet/hlogin?739f350f33dc57d9236410179a774e55,gx-no-cache=1668700696037 HTTP/1.1" 200 90
190.171.153.26 - - [17/Nov/2022:13:13:01 -0300] "GET /cormun/servlet/hpexe_link HTTP/1.1" 200 953
190.171.153.26 - - [17/Nov/2022:13:13:01 -0300] "GET /cormun/servlet/trlicencias HTTP/1.1" 200 11472
190.171.153.26 - - [17/Nov/2022:13:13:01 -0300] "GET /cormun/servlet/trlicencias HTTP/1.1" 200 11474
190.171.142.50 - - [17/Nov/2022:13:20:44 -0300] "GET /cormun/servlet/trpermisosgoce? HTTP/1.1" 200 6030
190.171.142.50 - - [17/Nov/2022:13:20:44 -0300] "GET /cormun/servlet/hlogin HTTP/1.1" 200 1745
190.171.142.50 - - [17/Nov/2022:13:20:44 -0300] "GET /cormun/servlet/trpermisosgoce? HTTP/1.1" 200 6028
190.171.142.50 - - [17/Nov/2022:13:20:51 -0300] "POST /cormun/servlet/hlogin?daef23623efaece4e029dbe6370dd480,gx-no-cache=1668703445281 HTTP/1.1" 200 90
190.171.142.50 - - [17/Nov/2022:13:20:51 -0300] "GET /cormun/servlet/hpexe_link HTTP/1.1" 200 958
190.171.142.50 - - [17/Nov/2022:13:20:52 -0300] "GET /cormun/servlet/trpermisosgoce HTTP/1.1" 200 13654
190.171.142.50 - - [17/Nov/2022:13:20:52 -0300] "GET /cormun/servlet/trpermisosgoce HTTP/1.1" 200 13652
190.171.142.50 - - [17/Nov/2022:13:20:54 -0300] "GET /cormun/servlet/permisogoce?INS,0,,, HTTP/1.1" 200 6812
190.171.142.50 - - [17/Nov/2022:13:20:54 -0300] "GET /cormun/servlet/permisogoce?INS,0,,, HTTP/1.1" 200 6812
190.171.142.50 - - [17/Nov/2022:13:21:04 -0300] "GET /cormun/servlet/permisogoce?fa2f3683825bf12a28ed3a13e1398ac395707bf18a3e47328e7660fe2ce45c9de9c579f2babb8a1e0d5475d03cf29549412fec81621658ba37375b7e3d63e1be,gx-no-cache=1668703457446 HTTP/1.1" 200 87
190.171.142.50 - - [17/Nov/2022:13:21:04 -0300] "GET /cormun/static/menuarrow.gif HTTP/1.1" 404 1015
190.171.142.50 - - [17/Nov/2022:13:21:10 -0300] "GET /cormun/servlet/permisogoce?fa2f3683825bf12a28ed3a13e1398ac3d9bad2d717c3d9be09b203ca5f99a29133ab80e3efacb9239059bf716ef6b6105e3e40daf562612fdb88cd4695e8cd0f,gx-no-cache=1668703463865 HTTP/1.1" 200 47
190.171.142.50 - - [17/Nov/2022:13:21:14 -0300] "POST /cormun/servlet/permisogoce?daef23623efaece4e029dbe6370dd480,INS,0,,,,gx-no-cache=1668703467772 HTTP/1.1" 200 93
190.171.142.50 - - [17/Nov/2022:13:21:14 -0300] "GET /cormun/servlet/hpexe_return? HTTP/1.1" 200 1010
190.171.142.50 - - [17/Nov/2022:13:21:14 -0300] "GET /cormun/servlet/trpermisosgoce HTTP/1.1" 200 13860
190.171.142.50 - - [17/Nov/2022:13:21:15 -0300] "GET /cormun/servlet/trpermisosgoce HTTP/1.1" 200 13855
190.171.142.50 - - [17/Nov/2022:13:21:17 -0300] "GET /cormun/servlet/apermisogoceprn?17970245,P,20221117130547,PU HTTP/1.1" 200 1658
186.67.172.234 - - [17/Nov/2022:13:22:41 -0300] "GET /cormun/servlet/hlogin HTTP/1.1" 200 1719
128.199.167.48 - - [17/Nov/2022:13:23:12 -0300] "GET /home.jar HTTP/1.1" 404 977
186.67.172.234 - - [17/Nov/2022:13:23:14 -0300] "POST /cormun/servlet/hlogin?d8d253782eb7cf9f1e4f144ea272a504,gx-no-cache=1668701308824 HTTP/1.1" 200 90
186.67.172.234 - - [17/Nov/2022:13:23:14 -0300] "GET /cormun/servlet/hpexe_link HTTP/1.1" 200 946
186.67.172.234 - - [17/Nov/2022:13:23:14 -0300] "GET /cormun/servlet/hhome HTTP/1.1" 200 4127
186.67.172.234 - - [17/Nov/2022:13:23:14 -0300] "GET /cormun/servlet/hhome HTTP/1.1" 200 4123
190.171.141.138 - - [17/Nov/2022:13:25:22 -0300] "GET /cormun/servlet/trlicencias? HTTP/1.1" 200 6053
190.171.141.138 - - [17/Nov/2022:13:25:22 -0300] "GET /cormun/servlet/hlogin HTTP/1.1" 200 1745
190.171.141.138 - - [17/Nov/2022:13:25:22 -0300] "GET /cormun/servlet/trlicencias? HTTP/1.1" 200 6046
190.171.141.138 - - [17/Nov/2022:13:25:25 -0300] "POST /cormun/servlet/hlogin?ac9b066b5a50d6aa2581e7f6e65dde81,gx-no-cache=1668701435575 HTTP/1.1" 200 90
190.171.141.138 - - [17/Nov/2022:13:25:25 -0300] "GET /cormun/servlet/hpexe_link HTTP/1.1" 200 960
190.171.141.138 - - [17/Nov/2022:13:25:25 -0300] "GET /cormun/servlet/trlicencias HTTP/1.1" 200 17374
190.171.141.138 - - [17/Nov/2022:13:25:26 -0300] "GET /cormun/servlet/trlicencias HTTP/1.1" 200 17350
190.171.141.138 - - [17/Nov/2022:13:25:32 -0300] "GET /cormun/servlet/trautorizarpermisogoce? HTTP/1.1" 200 7321
190.171.141.138 - - [17/Nov/2022:13:25:32 -0300] "GET /cormun/servlet/trautorizarpermisogoce? HTTP/1.1" 200 7321
157.55.39.9 - - [17/Nov/2022:13:25:54 -0300] "GET /cormun/servlet/trlicencias HTTP/1.1" 200 6027
207.46.13.43 - - [17/Nov/2022:13:26:13 -0300] "GET /cormun/static/calendar-system.css?85620 HTTP/1.1" 200 5572
207.46.13.17 - - [17/Nov/2022:13:26:18 -0300] "GET /cormun/static/Resources/Spanish/PXTools.css?14345360 HTTP/1.1" 200 100853
157.55.39.22 - - [17/Nov/2022:13:26:21 -0300] "GET /cormun/static/Shared/ext/resources/css/ext-all.css?215870 HTTP/1.1" 200 416045
207.46.13.43 - - [17/Nov/2022:13:26:22 -0300] "GET /cormun/static/trlicencias.js?202012162481 HTTP/1.1" 200 41883
190.171.143.106 - - [17/Nov/2022:13:27:46 -0300] "GET /cormun/servlet/trlicencias HTTP/1.1" 200 6043
190.171.143.106 - - [17/Nov/2022:13:27:46 -0300] "GET /cormun/servlet/hlogin HTTP/1.1" 200 1741
190.171.143.106 - - [17/Nov/2022:13:27:46 -0300] "GET /cormun/servlet/trlicencias HTTP/1.1" 200 6041
190.171.149.74 - - [17/Nov/2022:13:29:00 -0300] "GET /cormun/servlet/hlogin HTTP/1.1" 200 1727
190.171.149.74 - - [17/Nov/2022:13:29:00 -0300] "GET /cormun/servlet/hlogin HTTP/1.1" 200 1736
190.171.149.74 - - [17/Nov/2022:13:29:06 -0300] "POST /cormun/servlet/hlogin?d480a4644a8f12094c51058af1c77991,gx-no-cache=1668705297771 HTTP/1.1" 200 90
190.171.149.74 - - [17/Nov/2022:13:29:06 -0300] "GET /cormun/servlet/hpexe_link HTTP/1.1" 200 951
190.171.149.74 - - [17/Nov/2022:13:29:07 -0300] "GET /cormun/servlet/hhome HTTP/1.1" 200 3976
190.171.149.74 - - [17/Nov/2022:13:29:07 -0300] "GET /cormun/servlet/hhome HTTP/1.1" 200 3973
190.171.149.74 - - [17/Nov/2022:13:29:11 -0300] "GET /cormun/servlet/trsolicitudot? HTTP/1.1" 200 7200
190.171.149.74 - - [17/Nov/2022:13:29:11 -0300] "GET /cormun/static/gxui/gxui-all.css?110300 HTTP/1.1" 200 2179
190.171.149.74 - - [17/Nov/2022:13:29:11 -0300] "GET /cormun/static/calendar-system.css?75620 HTTP/1.1" 200 5572
190.171.149.74 - - [17/Nov/2022:13:29:11 -0300] "GET /cormun/static/gxcfg.js?201991910464971 HTTP/1.1" 200 953
190.171.149.74 - - [17/Nov/2022:13:29:11 -0300] "GET /cormun/static/trsolicitudot.js?201991910465845 HTTP/1.1" 200 54041
190.171.149.74 - - [17/Nov/2022:13:29:11 -0300] "GET /cormun/static/Shared/ext/resources/css/ext-all.css?205870 HTTP/1.1" 200 416045
190.171.149.74 - - [17/Nov/2022:13:29:12 -0300] "GET /cormun/servlet/trsolicitudot? HTTP/1.1" 200 7199
190.171.149.74 - - [17/Nov/2022:13:29:15 -0300] "GET /cormun/servlet/solicitudot?INS,0,0,false, HTTP/1.1" 200 15756
