186.67.172.234 - - [10/Nov/2022:11:39:41 -0300] "GET /cormun/servlet/hpexe_link HTTP/1.1" 200 959
186.67.172.234 - - [10/Nov/2022:11:39:42 -0300] "GET /cormun/servlet/trlicencias HTTP/1.1" 200 18992
186.67.172.234 - - [10/Nov/2022:11:39:42 -0300] "GET /cormun/servlet/trlicencias HTTP/1.1" 200 18990
186.67.172.234 - - [10/Nov/2022:11:39:47 -0300] "POST /cormun/servlet/trlicencias?9623c6c567e4ae736540570248c12e05,gx-no-cache=1668090298512 HTTP/1.1" 200 101
186.67.172.234 - - [10/Nov/2022:11:39:47 -0300] "GET /cormun/Licencias-1266.xls HTTP/1.1" 200 19968
190.171.144.234 - - [10/Nov/2022:11:40:06 -0300] "GET /cormun/servlet/hlogin HTTP/1.1" 200 1728
190.171.144.234 - - [10/Nov/2022:11:40:21 -0300] "POST /cormun/servlet/hlogin?6022c8ccb5bae408adf8faf275136185,gx-no-cache=1668090333365 HTTP/1.1" 200 90
190.171.144.234 - - [10/Nov/2022:11:40:21 -0300] "GET /cormun/servlet/hpexe_link HTTP/1.1" 200 956
190.171.144.234 - - [10/Nov/2022:11:40:21 -0300] "GET /cormun/servlet/hhome HTTP/1.1" 200 4137
190.171.144.234 - - [10/Nov/2022:11:40:22 -0300] "GET /cormun/servlet/hhome HTTP/1.1" 200 4133
190.171.144.234 - - [10/Nov/2022:11:40:26 -0300] "GET /cormun/servlet/trautorizarpermisogoce? HTTP/1.1" 200 6962
190.171.144.234 - - [10/Nov/2022:11:40:26 -0300] "GET /cormun/servlet/trautorizarpermisogoce? HTTP/1.1" 200 6961
190.171.144.234 - - [10/Nov/2022:11:40:35 -0300] "GET /cormun/static/menuarrow.gif HTTP/1.1" 404 1015
190.171.144.234 - - [10/Nov/2022:11:40:48 -0300] "POST /cormun/servlet/trautorizarpermisogoce?6022c8ccb5bae408adf8faf275136185,,gx-no-cache=1668090360232 HTTP/1.1" 200 11883
190.171.144.234 - - [10/Nov/2022:11:41:22 -0300] "POST /cormun/servlet/trautorizarpermisogoce?6022c8ccb5bae408adf8faf275136185,,gx-no-cache=1668090394276 HTTP/1.1" 200 11693
190.171.144.234 - - [10/Nov/2022:11:41:22 -0300] "GET /cormun/static/Shared/jqueryui/images/ui-bg_highlight-soft_100_c6c2c8_1x100.png HTTP/1.1" 404 1117
190.171.144.234 - - [10/Nov/2022:11:41:22 -0300] "GET /cormun/static/Shared/jqueryui/images/ui-icons_82798d_256x240.png HTTP/1.1" 404 1089
190.171.144.234 - - [10/Nov/2022:11:41:23 -0300] "GET /cormun/static/Shared/jqueryui/images/ui-icons_8d78a5_256x240.png HTTP/1.1" 404 1089
190.171.144.234 - - [10/Nov/2022:11:41:23 -0300] "GET /cormun/static/Shared/jqueryui/images/ui-bg_flat_55_fafafa_40x100.png HTTP/1.1" 404 1097
190.171.144.234 - - [10/Nov/2022:11:41:56 -0300] "POST /cormun/servlet/trautorizarpermisogoce?6022c8ccb5bae408adf8faf275136185,,gx-no-cache=1668090428281 HTTP/1.1" 200 11506
190.171.144.234 - - [10/Nov/2022:11:42:26 -0300] "POST /cormun/servlet/trautorizarpermisogoce?6022c8ccb5bae408adf8faf275136185,,gx-no-cache=1668090457981 HTTP/1.1" 200 11295
190.171.144.234 - - [10/Nov/2022:11:43:01 -0300] "POST /cormun/servlet/trautorizarpermisogoce?6022c8ccb5bae408adf8faf275136185,,gx-no-cache=1668090492574 HTTP/1.1" 200 11085
190.171.143.106 - - [10/Nov/2022:11:44:36 -0300] "GET /cormun/servlet/hlogin HTTP/1.1" 200 1731
190.171.143.106 - - [10/Nov/2022:11:44:40 -0300] "POST /cormun/servlet/hlogin?ef91d04e11cda2dac5e90cac81090a3b,gx-no-cache=1668090633617 HTTP/1.1" 200 90
190.171.143.106 - - [10/Nov/2022:11:44:40 -0300] "GET /cormun/servlet/hpexe_link HTTP/1.1" 200 959
190.171.143.106 - - [10/Nov/2022:11:44:40 -0300] "GET /cormun/servlet/hhome HTTP/1.1" 200 3979
190.171.143.106 - - [10/Nov/2022:11:44:40 -0300] "GET /cormun/servlet/hhome HTTP/1.1" 200 3975
190.171.143.106 - - [10/Nov/2022:11:44:42 -0300] "GET /cormun/servlet/trlicencias? HTTP/1.1" 200 12057
190.171.143.106 - - [10/Nov/2022:11:44:43 -0300] "GET /cormun/servlet/trlicencias? HTTP/1.1" 200 12054
186.67.172.234 - - [10/Nov/2022:11:44:53 -0300] "GET /cormun/servlet/licenciaspermisos?DSP,17559875,L,20221107000000, HTTP/1.1" 200 7209
186.67.172.234 - - [10/Nov/2022:11:44:54 -0300] "GET /cormun/servlet/licenciaspermisos?DSP,17559875,L,20221107000000, HTTP/1.1" 200 7210
190.171.144.234 - - [10/Nov/2022:11:44:56 -0300] "POST /cormun/servlet/trautorizarpermisogoce?6022c8ccb5bae408adf8faf275136185,,gx-no-cache=1668090607962 HTTP/1.1" 200 10867
186.67.172.234 - - [10/Nov/2022:11:45:07 -0300] "GET /cormun/servlet/trlicencias HTTP/1.1" 200 18992
186.67.172.234 - - [10/Nov/2022:11:45:07 -0300] "GET /cormun/servlet/trlicencias HTTP/1.1" 200 18990
190.171.144.234 - - [10/Nov/2022:11:45:10 -0300] "POST /cormun/servlet/trautorizarpermisogoce?6022c8ccb5bae408adf8faf275136185,,gx-no-cache=1668090621716 HTTP/1.1" 200 10599
190.171.144.234 - - [10/Nov/2022:11:45:28 -0300] "POST /cormun/servlet/trautorizarpermisogoce?6022c8ccb5bae408adf8faf275136185,,gx-no-cache=1668090639939 HTTP/1.1" 200 10436
190.171.144.234 - - [10/Nov/2022:11:45:42 -0300] "POST /cormun/servlet/trautorizarpermisogoce?6022c8ccb5bae408adf8faf275136185,,gx-no-cache=1668090653977 HTTP/1.1" 200 10180
190.171.144.234 - - [10/Nov/2022:11:45:59 -0300] "POST /cormun/servlet/trautorizarpermisogoce?6022c8ccb5bae408adf8faf275136185,,gx-no-cache=1668090670868 HTTP/1.1" 200 9949
190.171.144.234 - - [10/Nov/2022:11:46:09 -0300] "POST /cormun/servlet/trautorizarpermisogoce?6022c8ccb5bae408adf8faf275136185,,gx-no-cache=1668090681308 HTTP/1.1" 200 9720
190.171.144.234 - - [10/Nov/2022:11:46:20 -0300] "POST /cormun/servlet/trautorizarpermisogoce?6022c8ccb5bae408adf8faf275136185,,gx-no-cache=1668090692321 HTTP/1.1" 200 9551
190.171.144.234 - - [10/Nov/2022:11:46:31 -0300] "POST /cormun/servlet/trautorizarpermisogoce?6022c8ccb5bae408adf8faf275136185,,gx-no-cache=1668090703161 HTTP/1.1" 200 9315
190.171.144.234 - - [10/Nov/2022:11:47:17 -0300] "POST /cormun/servlet/trautorizarpermisogoce?6022c8ccb5bae408adf8faf275136185,,gx-no-cache=1668090749031 HTTP/1.1" 200 8611
190.171.144.234 - - [10/Nov/2022:11:47:21 -0300] "POST /cormun/servlet/trautorizarpermisogoce?6022c8ccb5bae408adf8faf275136185,,gx-no-cache=1668090753135 HTTP/1.1" 200 8406
190.171.144.234 - - [10/Nov/2022:11:47:25 -0300] "POST /cormun/servlet/trautorizarpermisogoce?6022c8ccb5bae408adf8faf275136185,,gx-no-cache=1668090756862 HTTP/1.1" 200 8168
190.171.144.234 - - [10/Nov/2022:11:47:28 -0300] "POST /cormun/servlet/trautorizarpermisogoce?6022c8ccb5bae408adf8faf275136185,,gx-no-cache=1668090759764 HTTP/1.1" 200 7939
190.171.144.234 - - [10/Nov/2022:11:47:30 -0300] "POST /cormun/servlet/trautorizarpermisogoce?6022c8ccb5bae408adf8faf275136185,,gx-no-cache=1668090762377 HTTP/1.1" 200 7715
190.171.142.50 - - [10/Nov/2022:11:47:32 -0300] "GET /cormun/servlet/permisogoce?INS,0,,, HTTP/1.1" 200 6814
190.171.142.50 - - [10/Nov/2022:11:47:32 -0300] "GET /cormun/servlet/permisogoce?INS,0,,, HTTP/1.1" 200 6814
190.171.144.234 - - [10/Nov/2022:11:47:33 -0300] "POST /cormun/servlet/trautorizarpermisogoce?6022c8ccb5bae408adf8faf275136185,,gx-no-cache=1668090765128 HTTP/1.1" 200 7468
190.171.144.234 - - [10/Nov/2022:11:47:36 -0300] "POST /cormun/servlet/trautorizarpermisogoce?6022c8ccb5bae408adf8faf275136185,,gx-no-cache=1668090768320 HTTP/1.1" 200 7313
190.171.144.234 - - [10/Nov/2022:11:47:40 -0300] "POST /cormun/servlet/trautorizarpermisogoce?6022c8ccb5bae408adf8faf275136185,,gx-no-cache=1668090771562 HTTP/1.1" 200 7049
190.171.144.234 - - [10/Nov/2022:11:47:42 -0300] "POST /cormun/servlet/trautorizarpermisogoce?6022c8ccb5bae408adf8faf275136185,,gx-no-cache=1668090774322 HTTP/1.1" 200 6815
190.171.144.234 - - [10/Nov/2022:11:47:45 -0300] "POST /cormun/servlet/trautorizarpermisogoce?6022c8ccb5bae408adf8faf275136185,,gx-no-cache=1668090776657 HTTP/1.1" 200 6606
190.171.144.234 - - [10/Nov/2022:11:47:48 -0300] "POST /cormun/servlet/trautorizarpermisogoce?6022c8ccb5bae408adf8faf275136185,,gx-no-cache=1668090780248 HTTP/1.1" 200 6398
190.171.144.234 - - [10/Nov/2022:11:47:51 -0300] "POST /cormun/servlet/trautorizarpermisogoce?6022c8ccb5bae408adf8faf275136185,,gx-no-cache=1668090782919 HTTP/1.1" 200 6203
190.171.144.234 - - [10/Nov/2022:11:47:54 -0300] "POST /cormun/servlet/trautorizarpermisogoce?6022c8ccb5bae408adf8faf275136185,,gx-no-cache=1668090785636 HTTP/1.1" 200 5973
190.171.144.234 - - [10/Nov/2022:11:47:57 -0300] "POST /cormun/servlet/trautorizarpermisogoce?6022c8ccb5bae408adf8faf275136185,,gx-no-cache=1668090788806 HTTP/1.1" 200 5746
190.171.144.234 - - [10/Nov/2022:11:47:59 -0300] "POST /cormun/servlet/trautorizarpermisogoce?6022c8ccb5bae408adf8faf275136185,,gx-no-cache=1668090791440 HTTP/1.1" 200 5549
190.171.144.234 - - [10/Nov/2022:11:48:02 -0300] "POST /cormun/servlet/trautorizarpermisogoce?6022c8ccb5bae408adf8faf275136185,,gx-no-cache=1668090793982 HTTP/1.1" 200 5277
190.171.144.234 - - [10/Nov/2022:11:48:04 -0300] "POST /cormun/servlet/trautorizarpermisogoce?6022c8ccb5bae408adf8faf275136185,,gx-no-cache=1668090796298 HTTP/1.1" 200 4529
190.171.142.50 - - [10/Nov/2022:11:48:12 -0300] "POST /cormun/servlet/permisogoce?fb90a17bf0498b69cea5e17bb582cff8,INS,0,,,,gx-no-cache=1668093085134 HTTP/1.1" 200 93
190.171.142.50 - - [10/Nov/2022:11:48:13 -0300] "GET /cormun/servlet/hpexe_return? HTTP/1.1" 200 1011
190.171.142.50 - - [10/Nov/2022:11:48:13 -0300] "GET /cormun/servlet/trpermisosgoce HTTP/1.1" 200 13864
190.171.142.50 - - [10/Nov/2022:11:48:13 -0300] "GET /cormun/servlet/trpermisosgoce HTTP/1.1" 200 13859
190.171.149.74 - - [10/Nov/2022:11:48:21 -0300] "POST /cormun/servlet/trlicencias?2bc903c4dacda1f08b124305837c454d,gx-no-cache=1668094448706 HTTP/1.1" 200 11481
190.171.144.234 - - [10/Nov/2022:11:48:36 -0300] "GET /cormun/servlet/hlogin HTTP/1.1" 200 1728
190.171.144.234 - - [10/Nov/2022:11:48:50 -0300] "POST /cormun/servlet/hlogin?6022c8ccb5bae408adf8faf275136185,gx-no-cache=1668090842412 HTTP/1.1" 200 90
190.171.144.234 - - [10/Nov/2022:11:48:50 -0300] "GET /cormun/servlet/hpexe_link HTTP/1.1" 200 956
190.171.144.234 - - [10/Nov/2022:11:48:50 -0300] "GET /cormun/servlet/hhome HTTP/1.1" 200 3992
190.171.144.234 - - [10/Nov/2022:11:48:51 -0300] "GET /cormun/servlet/hhome HTTP/1.1" 200 3988
190.171.144.234 - - [10/Nov/2022:11:48:57 -0300] "GET /cormun/servlet/trpermisosgoce? HTTP/1.1" 200 18439
190.171.144.234 - - [10/Nov/2022:11:48:58 -0300] "GET /cormun/servlet/trpermisosgoce? HTTP/1.1" 200 18457
190.171.144.234 - - [10/Nov/2022:11:49:24 -0300] "POST /cormun/servlet/trpermisosgoce?6022c8ccb5bae408adf8faf275136185,,gx-no-cache=1668090875455 HTTP/1.1" 200 15845
190.171.144.234 - - [10/Nov/2022:11:49:24 -0300] "GET /cormun/static/Shared/jqueryui/images/ui-bg_highlight-soft_100_c6c2c8_1x100.png HTTP/1.1" 404 1117
190.171.144.234 - - [10/Nov/2022:11:49:24 -0300] "GET /cormun/static/Shared/jqueryui/images/ui-icons_82798d_256x240.png HTTP/1.1" 404 1089
190.171.144.234 - - [10/Nov/2022:11:49:24 -0300] "GET /cormun/static/Shared/jqueryui/images/ui-bg_flat_55_fafafa_40x100.png HTTP/1.1" 404 1097
190.171.144.234 - - [10/Nov/2022:11:49:24 -0300] "GET /cormun/static/Shared/jqueryui/images/ui-icons_8d78a5_256x240.png HTTP/1.1" 404 1089
190.171.144.234 - - [10/Nov/2022:11:49:34 -0300] "GET /cormun/servlet/trpermisosadjuntos?15523072,20220912185617,P, HTTP/1.1" 200 6318
190.171.144.234 - - [10/Nov/2022:11:49:34 -0300] "GET /cormun/servlet/trpermisosadjuntos?15523072,20220912185617,P, HTTP/1.1" 200 6319
190.171.144.234 - - [10/Nov/2022:11:49:37 -0300] "GET /cormun/servlet/permisosadjuntos?INS,15523072,P,20220912185617,, HTTP/1.1" 200 5642
190.171.144.234 - - [10/Nov/2022:11:49:37 -0300] "GET /cormun/static/about:blank HTTP/1.1" 404 1011
190.171.144.234 - - [10/Nov/2022:11:49:37 -0300] "GET /cormun/servlet/permisosadjuntos?INS,15523072,P,20220912185617,, HTTP/1.1" 200 5632
190.171.144.234 - - [10/Nov/2022:11:49:53 -0300] "POST /cormun/servlet/permisosadjuntos?6022c8ccb5bae408adf8faf275136185,INS,15523072,P,20220912185617,, HTTP/1.1" 200 116
190.171.144.234 - - [10/Nov/2022:11:49:53 -0300] "GET /cormun/servlet/hpexe_return? HTTP/1.1" 200 1041
190.171.144.234 - - [10/Nov/2022:11:49:54 -0300] "GET /cormun/servlet/trpermisosadjuntos?15523072,20220912185617,P, HTTP/1.1" 200 6791
190.171.144.234 - - [10/Nov/2022:11:49:54 -0300] "GET /cormun/servlet/trpermisosadjuntos?15523072,20220912185617,P, HTTP/1.1" 200 6789
190.171.144.234 - - [10/Nov/2022:11:49:59 -0300] "GET /cormun/servlet/trpermisosgoce? HTTP/1.1" 200 18478
190.171.144.234 - - [10/Nov/2022:11:50:00 -0300] "GET /cormun/servlet/trpermisosgoce? HTTP/1.1" 200 18456
190.171.144.234 - - [10/Nov/2022:11:50:49 -0300] "POST /cormun/servlet/trpermisosgoce?6022c8ccb5bae408adf8faf275136185,,gx-no-cache=1668090960427 HTTP/1.1" 200 15840
190.171.144.234 - - [10/Nov/2022:11:50:49 -0300] "POST /cormun/servlet/trpermisosgoce?6022c8ccb5bae408adf8faf275136185,,gx-no-cache=1668090961109 HTTP/1.1" 200 15808
190.171.144.234 - - [10/Nov/2022:11:52:44 -0300] "GET /cormun/static/menuarrow.gif HTTP/1.1" 404 1015
190.171.144.234 - - [10/Nov/2022:11:52:56 -0300] "POST /cormun/servlet/trpermisosgoce?6022c8ccb5bae408adf8faf275136185,,gx-no-cache=1668091088228 HTTP/1.1" 200 15795
186.175.172.235 - - [10/Nov/2022:11:54:52 -0300] "GET /cormun/servlet/hlogin HTTP/1.1" 200 1724
186.175.172.235 - - [10/Nov/2022:11:54:53 -0300] "GET /cormun/static/gxtimezone.js?85251 HTTP/1.1" 200 5781
186.175.172.235 - - [10/Nov/2022:11:54:53 -0300] "GET /cormun/static/gxcfg.js?201910216285969 HTTP/1.1" 200 953
186.175.172.235 - - [10/Nov/2022:11:54:53 -0300] "GET /cormun/static/Resources/Spanish/PXTools.css?2294816 HTTP/1.1" 200 100853
186.175.172.235 - - [10/Nov/2022:11:54:53 -0300] "GET /cormun/static/messages.spa.js?85251 HTTP/1.1" 200 30736
186.175.172.235 - - [10/Nov/2022:11:54:53 -0300] "GET /cormun/static/hlogin.js?201910216285995 HTTP/1.1" 200 2136
186.175.172.235 - - [10/Nov/2022:11:54:53 -0300] "GET /cormun/static/Resources/Logo2019_Grande.png HTTP/1.1" 200 31733
186.175.172.235 - - [10/Nov/2022:11:54:53 -0300] "GET /cormun/static/gxgral.js?85251 HTTP/1.1" 200 384558
186.175.172.235 - - [10/Nov/2022:11:54:53 -0300] "GET /cormun/static/Resources/PXToolsLoginTop.png HTTP/1.1" 200 1337
186.175.172.235 - - [10/Nov/2022:11:54:53 -0300] "GET /cormun/static/Resources/PXToolsLoginBackground.png HTTP/1.1" 200 1164
186.175.172.235 - - [10/Nov/2022:11:54:53 -0300] "GET /cormun/static/Resources/PXToolsButtonLeft.png HTTP/1.1" 200 1310
186.175.172.235 - - [10/Nov/2022:11:54:53 -0300] "GET /cormun/static/Resources/PXToolsButtonRight.png HTTP/1.1" 200 1294
186.175.172.235 - - [10/Nov/2022:11:54:53 -0300] "GET /cormun/static/Resources/PXToolsButtonBackground.png HTTP/1.1" 200 1176
186.175.172.235 - - [10/Nov/2022:11:54:53 -0300] "GET /cormun/static/Resources/PXToolsLoginBottom.png HTTP/1.1" 200 1389
186.175.172.235 - - [10/Nov/2022:11:54:53 -0300] "GET /cormun/static/Resources/indicator.gif HTTP/1.1" 200 1553
186.175.172.235 - - [10/Nov/2022:11:54:54 -0300] "GET /favicon.ico HTTP/1.1" 200 21630
190.95.1.129 - - [10/Nov/2022:11:58:52 -0300] "GET /cormun/servlet/trlicencias? HTTP/1.1" 200 20015
190.95.1.129 - - [10/Nov/2022:11:58:53 -0300] "GET /cormun/servlet/trlicencias? HTTP/1.1" 200 20014
190.171.141.90 - - [10/Nov/2022:12:00:37 -0300] "POST /cormun/servlet/hlogin?ef8e3e0003cf65f6dead80f2abf67435,gx-no-cache=1668091546634 HTTP/1.1" 440 972
190.171.141.90 - - [10/Nov/2022:12:00:45 -0300] "GET /cormun/servlet/hlogin HTTP/1.1" 200 1739
190.171.141.90 - - [10/Nov/2022:12:00:53 -0300] "POST /cormun/servlet/hlogin?cb1fb1aa44caa1eb0e43ca4b501b5303,gx-no-cache=1668091562384 HTTP/1.1" 200 90
190.171.141.90 - - [10/Nov/2022:12:00:53 -0300] "GET /cormun/servlet/hpexe_link HTTP/1.1" 200 955
190.171.141.90 - - [10/Nov/2022:12:00:54 -0300] "GET /cormun/servlet/hhome HTTP/1.1" 200 3973
190.171.141.90 - - [10/Nov/2022:12:00:54 -0300] "GET /cormun/servlet/hhome HTTP/1.1" 200 3969
190.171.141.90 - - [10/Nov/2022:12:00:59 -0300] "GET /cormun/servlet/trpermisosgoce? HTTP/1.1" 200 18569
190.171.141.90 - - [10/Nov/2022:12:00:59 -0300] "GET /cormun/servlet/trpermisosgoce? HTTP/1.1" 200 18557
190.171.141.90 - - [10/Nov/2022:12:01:03 -0300] "GET /cormun/static/menuarrow.gif HTTP/1.1" 404 1015
190.171.141.90 - - [10/Nov/2022:12:01:13 -0300] "POST /cormun/servlet/trpermisosgoce?cb1fb1aa44caa1eb0e43ca4b501b5303,,gx-no-cache=1668091582110 HTTP/1.1" 200 5031
190.95.1.129 - - [10/Nov/2022:12:05:11 -0300] "GET /cormun/servlet/hlogin HTTP/1.1" 200 1725
190.95.1.129 - - [10/Nov/2022:12:05:19 -0300] "POST /cormun/servlet/hlogin?62988270b5c2ab0b7f2f9b096cce6c50,gx-no-cache=1668091831108 HTTP/1.1" 200 90
190.95.1.129 - - [10/Nov/2022:12:05:19 -0300] "GET /cormun/servlet/hpexe_link HTTP/1.1" 200 951
190.95.1.129 - - [10/Nov/2022:12:05:19 -0300] "GET /cormun/servlet/hhome HTTP/1.1" 200 3970
190.95.1.129 - - [10/Nov/2022:12:05:19 -0300] "GET /cormun/servlet/hhome HTTP/1.1" 200 3966
190.95.1.129 - - [10/Nov/2022:12:05:24 -0300] "GET /cormun/servlet/trlicencias? HTTP/1.1" 200 20014
190.95.1.129 - - [10/Nov/2022:12:05:24 -0300] "GET /cormun/servlet/trlicencias? HTTP/1.1" 200 20011
190.171.142.42 - - [10/Nov/2022:12:06:12 -0300] "GET /cormun/servlet/hlogin HTTP/1.1" 200 1747
190.95.1.129 - - [10/Nov/2022:12:06:25 -0300] "POST /cormun/servlet/trlicencias?62988270b5c2ab0b7f2f9b096cce6c50,,gx-no-cache=1668091897033 HTTP/1.1" 200 101
190.95.1.129 - - [10/Nov/2022:12:06:25 -0300] "GET /cormun/Licencias-2579.xls HTTP/1.1" 200 20992
190.171.141.82 - - [10/Nov/2022:12:07:44 -0300] "GET /cormun/servlet/trpermisosgoce? HTTP/1.1" 200 6034
190.171.141.82 - - [10/Nov/2022:12:07:45 -0300] "GET /cormun/servlet/hlogin HTTP/1.1" 200 1750
190.171.141.82 - - [10/Nov/2022:12:07:45 -0300] "GET /cormun/servlet/trpermisosgoce? HTTP/1.1" 200 6032
190.171.144.234 - - [10/Nov/2022:12:07:50 -0300] "GET /cormun/servlet/hlogin HTTP/1.1" 200 1728
190.171.141.82 - - [10/Nov/2022:12:07:51 -0300] "POST /cormun/servlet/hlogin?3c76b6c286f911410665460fd95628e8,gx-no-cache=1668091984673 HTTP/1.1" 200 90
190.171.141.82 - - [10/Nov/2022:12:07:52 -0300] "GET /cormun/servlet/hpexe_link HTTP/1.1" 200 962
190.171.141.82 - - [10/Nov/2022:12:07:52 -0300] "GET /cormun/servlet/trpermisosgoce HTTP/1.1" 200 11594
190.171.141.82 - - [10/Nov/2022:12:07:52 -0300] "GET /cormun/servlet/trpermisosgoce HTTP/1.1" 200 11593
190.171.144.234 - - [10/Nov/2022:12:08:04 -0300] "POST /cormun/servlet/hlogin?6022c8ccb5bae408adf8faf275136185,gx-no-cache=1668091996264 HTTP/1.1" 200 90
190.171.144.234 - - [10/Nov/2022:12:08:04 -0300] "GET /cormun/servlet/hpexe_link HTTP/1.1" 200 963
190.171.144.234 - - [10/Nov/2022:12:08:05 -0300] "GET /cormun/servlet/trpermisosgoce? HTTP/1.1" 200 18444
190.171.144.234 - - [10/Nov/2022:12:08:06 -0300] "GET /cormun/servlet/trpermisosgoce? HTTP/1.1" 200 18423
186.67.172.234 - - [10/Nov/2022:12:08:07 -0300] "GET /cormun/servlet/hlogin HTTP/1.1" 200 1728
186.67.172.234 - - [10/Nov/2022:12:08:07 -0300] "GET /cormun/servlet/hlogin HTTP/1.1" 200 1739
186.67.172.234 - - [10/Nov/2022:12:08:13 -0300] "POST /cormun/servlet/hlogin?54c94112397ddbaaf828ff04502c7237,gx-no-cache=1668092006373 HTTP/1.1" 200 90
186.67.172.234 - - [10/Nov/2022:12:08:13 -0300] "GET /cormun/servlet/hpexe_link HTTP/1.1" 200 956
186.67.172.234 - - [10/Nov/2022:12:08:13 -0300] "GET /cormun/servlet/hhome HTTP/1.1" 200 4130
186.67.172.234 - - [10/Nov/2022:12:08:14 -0300] "GET /cormun/servlet/hhome HTTP/1.1" 200 4126
186.67.172.234 - - [10/Nov/2022:12:08:18 -0300] "GET /cormun/servlet/trpermisosgoce? HTTP/1.1" 200 19380
186.67.172.234 - - [10/Nov/2022:12:08:19 -0300] "GET /cormun/servlet/trpermisosgoce? HTTP/1.1" 200 19380
190.171.141.82 - - [10/Nov/2022:12:08:34 -0300] "GET /cormun/servlet/permisogoce?INS,0,,, HTTP/1.1" 200 6827
190.171.141.82 - - [10/Nov/2022:12:08:34 -0300] "GET /cormun/servlet/permisogoce?INS,0,,, HTTP/1.1" 200 6827
190.171.144.234 - - [10/Nov/2022:12:10:00 -0300] "GET /cormun/servlet/trpermisosadjuntos?10789448,20221019203316,P, HTTP/1.1" 200 6314
190.171.144.234 - - [10/Nov/2022:12:10:00 -0300] "GET /cormun/servlet/trpermisosadjuntos?10789448,20221019203316,P, HTTP/1.1" 200 6314
190.171.141.114 - - [10/Nov/2022:12:10:01 -0300] "GET /cormun/servlet/hlogin HTTP/1.1" 200 1724
190.171.144.234 - - [10/Nov/2022:12:10:04 -0300] "GET /cormun/servlet/permisosadjuntos?INS,10789448,P,20221019203316,, HTTP/1.1" 200 5639
190.171.144.234 - - [10/Nov/2022:12:10:04 -0300] "GET /cormun/servlet/permisosadjuntos?INS,10789448,P,20221019203316,, HTTP/1.1" 200 5628
190.171.144.234 - - [10/Nov/2022:12:10:05 -0300] "GET /cormun/static/about:blank HTTP/1.1" 404 1011
190.171.141.114 - - [10/Nov/2022:12:10:10 -0300] "POST /cormun/servlet/hlogin?1aa64e31ca6040deaebf85dafc780f94,gx-no-cache=1668092132319 HTTP/1.1" 200 90
190.171.141.114 - - [10/Nov/2022:12:10:10 -0300] "GET /cormun/servlet/hpexe_link HTTP/1.1" 200 948
190.171.141.114 - - [10/Nov/2022:12:10:10 -0300] "GET /cormun/servlet/hhome HTTP/1.1" 200 4001
190.171.141.114 - - [10/Nov/2022:12:10:10 -0300] "GET /cormun/servlet/hhome HTTP/1.1" 200 3998
190.171.141.114 - - [10/Nov/2022:12:10:13 -0300] "GET /cormun/servlet/trpermisosgoce? HTTP/1.1" 200 11204
190.171.141.114 - - [10/Nov/2022:12:10:13 -0300] "GET /cormun/servlet/trpermisosgoce? HTTP/1.1" 200 11202
190.171.144.234 - - [10/Nov/2022:12:10:17 -0300] "POST /cormun/servlet/permisosadjuntos?6022c8ccb5bae408adf8faf275136185,INS,10789448,P,20221019203316,, HTTP/1.1" 200 116
190.171.144.234 - - [10/Nov/2022:12:10:17 -0300] "GET /cormun/servlet/hpexe_return? HTTP/1.1" 200 1041
190.171.144.234 - - [10/Nov/2022:12:10:17 -0300] "GET /cormun/servlet/trpermisosadjuntos?10789448,20221019203316,P, HTTP/1.1" 200 6816
190.171.144.234 - - [10/Nov/2022:12:10:17 -0300] "GET /cormun/servlet/trpermisosadjuntos?10789448,20221019203316,P, HTTP/1.1" 200 6812
190.171.141.114 - - [10/Nov/2022:12:10:19 -0300] "GET /cormun/servlet/permisogoce?INS,0,,, HTTP/1.1" 200 6870
190.171.141.114 - - [10/Nov/2022:12:10:20 -0300] "GET /cormun/servlet/permisogoce?INS,0,,, HTTP/1.1" 200 6870
190.171.144.234 - - [10/Nov/2022:12:10:22 -0300] "GET /cormun/servlet/trpermisosgoce? HTTP/1.1" 200 18437
190.171.144.234 - - [10/Nov/2022:12:10:23 -0300] "GET /cormun/servlet/trpermisosgoce? HTTP/1.1" 200 18440
190.171.144.234 - - [10/Nov/2022:12:10:31 -0300] "POST /cormun/servlet/trpermisosgoce?6022c8ccb5bae408adf8faf275136185,,gx-no-cache=1668092143138 HTTP/1.1" 200 15853
190.171.144.234 - - [10/Nov/2022:12:10:31 -0300] "GET /cormun/static/Shared/jqueryui/images/ui-bg_highlight-soft_100_c6c2c8_1x100.png HTTP/1.1" 404 1117
190.171.144.234 - - [10/Nov/2022:12:10:31 -0300] "GET /cormun/static/Shared/jqueryui/images/ui-icons_82798d_256x240.png HTTP/1.1" 404 1089
190.171.144.234 - - [10/Nov/2022:12:10:31 -0300] "GET /cormun/static/Shared/jqueryui/images/ui-icons_8d78a5_256x240.png HTTP/1.1" 404 1089
190.171.144.234 - - [10/Nov/2022:12:10:31 -0300] "GET /cormun/static/Shared/jqueryui/images/ui-bg_flat_55_fafafa_40x100.png HTTP/1.1" 404 1097
190.171.141.114 - - [10/Nov/2022:12:10:35 -0300] "GET /cormun/servlet/permisogoce?e262fb9fae8d1704444ea60e9cc4392d744f456546ab8be1f524cd518c3890fd4f3f90341a12b24e119ee995b593b119ff926f2f93943ad2b9a3425ed9a30e07,gx-no-cache=1668092157497 HTTP/1.1" 200 74
190.171.141.114 - - [10/Nov/2022:12:10:35 -0300] "GET /cormun/static/menuarrow.gif HTTP/1.1" 404 1015
190.171.141.82 - - [10/Nov/2022:12:10:38 -0300] "GET /cormun/servlet/permisogoce?a197ec262bdf1bb2909a59d957a80a90da7200dc4ceaa0910ee4acee120da9c2e7ce1cddf52f9575fd61bf2a48a6bf5a533bfebc4d1f600f5a844507ef46d5d2,gx-no-cache=1668092151106 HTTP/1.1" 200 81
190.171.141.114 - - [10/Nov/2022:12:10:39 -0300] "GET /cormun/servlet/permisogoce?e262fb9fae8d1704444ea60e9cc4392d0408653882badc94f1d98562e7ceff10486161651d8f6d22d76811dbaea18c113ecc39ac57e4d202155726fd5f39edeb,gx-no-cache=1668092162141 HTTP/1.1" 200 48
190.171.144.234 - - [10/Nov/2022:12:10:47 -0300] "GET /cormun/servlet/trpermisosadjuntos?15017995,20221013161135,P, HTTP/1.1" 200 6318
190.171.144.234 - - [10/Nov/2022:12:10:48 -0300] "GET /cormun/servlet/trpermisosadjuntos?15017995,20221013161135,P, HTTP/1.1" 200 6319
190.171.144.234 - - [10/Nov/2022:12:10:52 -0300] "GET /cormun/servlet/permisosadjuntos?INS,15017995,P,20221013161135,, HTTP/1.1" 200 5645
190.171.144.234 - - [10/Nov/2022:12:10:52 -0300] "GET /cormun/static/about:blank HTTP/1.1" 404 1011
190.171.144.234 - - [10/Nov/2022:12:10:52 -0300] "GET /cormun/servlet/permisosadjuntos?INS,15017995,P,20221013161135,, HTTP/1.1" 200 5635
190.171.141.82 - - [10/Nov/2022:12:10:55 -0300] "GET /cormun/servlet/permisogoce?a197ec262bdf1bb2909a59d957a80a90e0b4a9bb5a95187a3675af5cef284f390393b7bb6f09a260138448a311eaf8b60711167b5268c4e0e5251bc4963eaaee,gx-no-cache=1668092168439 HTTP/1.1" 200 47
190.171.141.114 - - [10/Nov/2022:12:10:56 -0300] "POST /cormun/servlet/permisogoce?1aa64e31ca6040deaebf85dafc780f94,INS,0,,,,gx-no-cache=1668092178705 HTTP/1.1" 200 93
190.171.141.114 - - [10/Nov/2022:12:10:56 -0300] "GET /cormun/servlet/hpexe_return? HTTP/1.1" 200 1007
190.171.144.234 - - [10/Nov/2022:12:10:56 -0300] "POST /cormun/servlet/permisosadjuntos?6022c8ccb5bae408adf8faf275136185,INS,15017995,P,20221013161135,,,gx-no-cache=1668092168716 HTTP/1.1" 200 93
190.171.141.114 - - [10/Nov/2022:12:10:57 -0300] "GET /cormun/servlet/trpermisosgoce HTTP/1.1" 200 11427
190.171.144.234 - - [10/Nov/2022:12:10:57 -0300] "GET /cormun/servlet/hpexe_return? HTTP/1.1" 200 1042
190.171.144.234 - - [10/Nov/2022:12:10:57 -0300] "GET /cormun/servlet/trpermisosadjuntos?15017995,20221013161135,P, HTTP/1.1" 200 6322
190.171.141.114 - - [10/Nov/2022:12:10:57 -0300] "GET /cormun/servlet/trpermisosgoce HTTP/1.1" 200 11422
190.171.144.234 - - [10/Nov/2022:12:10:57 -0300] "GET /cormun/servlet/trpermisosadjuntos?15017995,20221013161135,P, HTTP/1.1" 200 6319
190.171.141.114 - - [10/Nov/2022:12:11:01 -0300] "GET /cormun/servlet/apermisogoceprn?19017699,P,20221110115224,PU HTTP/1.1" 200 1649
190.171.144.234 - - [10/Nov/2022:12:11:01 -0300] "GET /cormun/servlet/trpermisosgoce? HTTP/1.1" 200 18463
190.171.144.234 - - [10/Nov/2022:12:11:02 -0300] "GET /cormun/servlet/trpermisosgoce? HTTP/1.1" 200 18424
190.171.144.234 - - [10/Nov/2022:12:11:08 -0300] "GET /cormun/servlet/trpermisosadjuntos?15017995,20221013161135,P, HTTP/1.1" 200 6318
190.171.144.234 - - [10/Nov/2022:12:11:08 -0300] "GET /cormun/servlet/trpermisosadjuntos?15017995,20221013161135,P, HTTP/1.1" 200 6319
190.171.144.234 - - [10/Nov/2022:12:11:11 -0300] "GET /cormun/servlet/permisosadjuntos?INS,15017995,P,20221013161135,, HTTP/1.1" 200 5645
190.171.144.234 - - [10/Nov/2022:12:11:11 -0300] "GET /cormun/static/about:blank HTTP/1.1" 404 1011
190.171.144.234 - - [10/Nov/2022:12:11:11 -0300] "GET /cormun/servlet/permisosadjuntos?INS,15017995,P,20221013161135,, HTTP/1.1" 200 5635
190.171.144.234 - - [10/Nov/2022:12:11:26 -0300] "POST /cormun/servlet/permisosadjuntos?6022c8ccb5bae408adf8faf275136185,INS,15017995,P,20221013161135,, HTTP/1.1" 200 116
190.171.144.234 - - [10/Nov/2022:12:11:26 -0300] "GET /cormun/servlet/hpexe_return? HTTP/1.1" 200 1042
190.171.144.234 - - [10/Nov/2022:12:11:26 -0300] "GET /cormun/servlet/trpermisosadjuntos?15017995,20221013161135,P, HTTP/1.1" 200 6852
190.171.144.234 - - [10/Nov/2022:12:11:27 -0300] "GET /cormun/servlet/trpermisosadjuntos?15017995,20221013161135,P, HTTP/1.1" 200 6848
190.171.144.234 - - [10/Nov/2022:12:11:31 -0300] "GET /cormun/servlet/trpermisosgoce? HTTP/1.1" 200 18438
190.171.141.82 - - [10/Nov/2022:12:11:31 -0300] "POST /cormun/servlet/permisogoce?3c76b6c286f911410665460fd95628e8,INS,0,,,,gx-no-cache=1668092203925 HTTP/1.1" 200 93
190.171.144.234 - - [10/Nov/2022:12:11:31 -0300] "GET /cormun/servlet/trpermisosgoce? HTTP/1.1" 200 18424
190.171.141.82 - - [10/Nov/2022:12:11:31 -0300] "GET /cormun/servlet/hpexe_return? HTTP/1.1" 200 1014
190.171.141.82 - - [10/Nov/2022:12:11:32 -0300] "GET /cormun/servlet/trpermisosgoce HTTP/1.1" 200 11854
190.171.141.82 - - [10/Nov/2022:12:11:32 -0300] "GET /cormun/servlet/trpermisosgoce HTTP/1.1" 200 11850
190.171.141.82 - - [10/Nov/2022:12:11:36 -0300] "GET /cormun/servlet/apermisogoceprn?17139583,P,20221110115038,PU HTTP/1.1" 200 1643
190.171.141.82 - - [10/Nov/2022:12:11:36 -0300] "GET /cormun/servlet/apermisogoceprn?17139583,P,20221110115038,PU HTTP/1.1" 200 1649
190.171.144.234 - - [10/Nov/2022:12:11:46 -0300] "POST /cormun/servlet/trpermisosgoce?6022c8ccb5bae408adf8faf275136185,,gx-no-cache=1668092217412 HTTP/1.1" 200 15872
190.171.144.234 - - [10/Nov/2022:12:11:46 -0300] "GET /cormun/static/Shared/jqueryui/images/ui-bg_highlight-soft_100_c6c2c8_1x100.png HTTP/1.1" 404 1117
190.171.144.234 - - [10/Nov/2022:12:11:46 -0300] "GET /cormun/static/Shared/jqueryui/images/ui-icons_82798d_256x240.png HTTP/1.1" 404 1089
190.171.144.234 - - [10/Nov/2022:12:11:46 -0300] "GET /cormun/static/Shared/jqueryui/images/ui-icons_8d78a5_256x240.png HTTP/1.1" 404 1089
190.171.144.234 - - [10/Nov/2022:12:11:46 -0300] "GET /cormun/static/Shared/jqueryui/images/ui-bg_flat_55_fafafa_40x100.png HTTP/1.1" 404 1097
190.171.141.82 - - [10/Nov/2022:12:11:56 -0300] "GET /cormun/servlet/permisogoce?INS,0,,, HTTP/1.1" 200 6827
190.171.141.82 - - [10/Nov/2022:12:11:57 -0300] "GET /cormun/servlet/permisogoce?INS,0,,, HTTP/1.1" 200 6827
190.171.144.234 - - [10/Nov/2022:12:11:59 -0300] "POST /cormun/servlet/trpermisosgoce?6022c8ccb5bae408adf8faf275136185,,gx-no-cache=1668092230918 HTTP/1.1" 200 15820
190.171.144.234 - - [10/Nov/2022:12:12:00 -0300] "POST /cormun/servlet/trpermisosgoce?6022c8ccb5bae408adf8faf275136185,,gx-no-cache=1668092231507 HTTP/1.1" 200 15796
190.171.141.82 - - [10/Nov/2022:12:12:11 -0300] "GET /cormun/servlet/permisogoce?a197ec262bdf1bb2909a59d957a80a902c62cb04ab76cf3e01bcb8fc986a3e9fe7ce1cddf52f9575fd61bf2a48a6bf5a533bfebc4d1f600f5a844507ef46d5d2,gx-no-cache=1668092244652 HTTP/1.1" 200 75
190.171.141.114 - - [10/Nov/2022:12:12:19 -0300] "GET /cormun/servlet/permisogoce?INS,0,,, HTTP/1.1" 200 6870
190.171.141.114 - - [10/Nov/2022:12:12:20 -0300] "GET /cormun/servlet/permisogoce?INS,0,,, HTTP/1.1" 200 6870
190.171.141.82 - - [10/Nov/2022:12:12:23 -0300] "GET /cormun/servlet/permisogoce?a197ec262bdf1bb2909a59d957a80a902c42939bd585b1265125c005451daaac793def9b3c3a9068740f975b8fdbee658cda8697f8c7517a05faf960224b2826,gx-no-cache=1668092255901 HTTP/1.1" 200 49
190.171.141.114 - - [10/Nov/2022:12:12:24 -0300] "GET /cormun/servlet/prfichaempleado?,MD,,gxPopupLevel%3D0%3B HTTP/1.1" 200 9305
190.171.141.114 - - [10/Nov/2022:12:12:36 -0300] "GET /cormun/servlet/prfichaempleado?,MD,,gxPopupLevel%3D0%3B HTTP/1.1" 200 9305
190.171.141.114 - - [10/Nov/2022:12:12:46 -0300] "POST /cormun/servlet/prfichaempleado?1aa64e31ca6040deaebf85dafc780f94,,MD,,gxPopupLevel%3D0%3B,gx-no-cache=1668092288585 HTTP/1.1" 200 3401
190.171.141.114 - - [10/Nov/2022:12:12:50 -0300] "GET /cormun/servlet/permisogoce?e262fb9fae8d1704444ea60e9cc4392db2ee11d2b26c1c6c4e5b002cb0f4d2814f3f90341a12b24e119ee995b593b119ff926f2f93943ad2b9a3425ed9a30e07,gx-no-cache=1668092292968 HTTP/1.1" 200 81
190.171.141.114 - - [10/Nov/2022:12:12:50 -0300] "GET /cormun/static/menuarrow.gif HTTP/1.1" 404 1015
190.171.149.90 - - [10/Nov/2022:12:13:25 -0300] "GET /cormun/servlet/hlogin HTTP/1.1" 200 1728
190.171.149.90 - - [10/Nov/2022:12:13:28 -0300] "POST /cormun/servlet/hlogin?4a8c7b994f5066a8a18e14194c983f11,gx-no-cache=1668092322212 HTTP/1.1" 200 90
190.171.149.90 - - [10/Nov/2022:12:13:28 -0300] "GET /cormun/servlet/hpexe_link HTTP/1.1" 200 954
190.171.149.90 - - [10/Nov/2022:12:13:28 -0300] "GET /cormun/servlet/hhome HTTP/1.1" 200 3952
190.171.149.90 - - [10/Nov/2022:12:13:28 -0300] "GET /cormun/servlet/hhome HTTP/1.1" 200 3948
190.171.149.90 - - [10/Nov/2022:12:13:35 -0300] "GET /cormun/servlet/trpermisosgoce? HTTP/1.1" 200 12286
190.171.149.90 - - [10/Nov/2022:12:13:36 -0300] "GET /cormun/servlet/trpermisosgoce? HTTP/1.1" 200 12306
190.171.141.82 - - [10/Nov/2022:12:13:43 -0300] "POST /cormun/servlet/permisogoce?3c76b6c286f911410665460fd95628e8,INS,0,,,,gx-no-cache=1668092335819 HTTP/1.1" 200 93
190.171.141.82 - - [10/Nov/2022:12:13:43 -0300] "GET /cormun/servlet/hpexe_return? HTTP/1.1" 200 1014
190.171.141.82 - - [10/Nov/2022:12:13:43 -0300] "GET /cormun/servlet/trpermisosgoce HTTP/1.1" 200 12135
190.171.141.82 - - [10/Nov/2022:12:13:44 -0300] "GET /cormun/servlet/trpermisosgoce HTTP/1.1" 200 12164
190.171.141.82 - - [10/Nov/2022:12:13:47 -0300] "GET /cormun/servlet/apermisogoceprn?18040959,P,20221110115401,PU HTTP/1.1" 200 1665
190.171.141.82 - - [10/Nov/2022:12:13:47 -0300] "GET /cormun/servlet/apermisogoceprn?18040959,P,20221110115401,PU HTTP/1.1" 200 1666
190.171.141.114 - - [10/Nov/2022:12:13:48 -0300] "GET /cormun/servlet/permisogoce?e262fb9fae8d1704444ea60e9cc4392d67d8b7a1d283cf768bb37d22487e47f100e8a14cb1db540651cd2bf823662ff73ecc39ac57e4d202155726fd5f39edeb,gx-no-cache=1668092351140 HTTP/1.1" 200 47
190.171.144.234 - - [10/Nov/2022:12:13:50 -0300] "GET /cormun/servlet/trpermisosadjuntos?15017995,20220906120148,P, HTTP/1.1" 200 6319
190.171.144.234 - - [10/Nov/2022:12:13:50 -0300] "GET /cormun/servlet/trpermisosadjuntos?15017995,20220906120148,P, HTTP/1.1" 200 6319
190.171.144.234 - - [10/Nov/2022:12:13:55 -0300] "GET /cormun/servlet/trpermisosgoce? HTTP/1.1" 200 18416
190.171.144.234 - - [10/Nov/2022:12:13:55 -0300] "GET /cormun/servlet/trpermisosgoce? HTTP/1.1" 200 18408
186.67.172.234 - - [10/Nov/2022:12:14:56 -0300] "GET /cormun/servlet/permisogoce?INS,0,,, HTTP/1.1" 200 6982
186.67.172.234 - - [10/Nov/2022:12:14:56 -0300] "GET /cormun/servlet/permisogoce?INS,0,,, HTTP/1.1" 200 6982
190.171.149.90 - - [10/Nov/2022:12:15:11 -0300] "GET /cormun/servlet/trlicencias? HTTP/1.1" 200 11300
190.171.149.90 - - [10/Nov/2022:12:15:12 -0300] "GET /cormun/servlet/trlicencias? HTTP/1.1" 200 11299
190.171.141.114 - - [10/Nov/2022:12:15:12 -0300] "POST /cormun/servlet/permisogoce?1aa64e31ca6040deaebf85dafc780f94,INS,0,,,,gx-no-cache=1668092434585 HTTP/1.1" 200 93
190.171.141.114 - - [10/Nov/2022:12:15:12 -0300] "GET /cormun/servlet/hpexe_return? HTTP/1.1" 200 1007
190.171.141.114 - - [10/Nov/2022:12:15:13 -0300] "GET /cormun/servlet/trpermisosgoce HTTP/1.1" 200 11680
190.171.141.114 - - [10/Nov/2022:12:15:13 -0300] "GET /cormun/servlet/trpermisosgoce HTTP/1.1" 200 11674
190.171.141.114 - - [10/Nov/2022:12:15:25 -0300] "GET /cormun/servlet/apermisogoceprn?17134446,P,20221110115424,PU HTTP/1.1" 200 1662
190.171.141.90 - - [10/Nov/2022:12:15:28 -0300] "GET /cormun/servlet/trlicencias? HTTP/1.1" 200 18737
190.171.141.90 - - [10/Nov/2022:12:15:29 -0300] "GET /cormun/servlet/trlicencias? HTTP/1.1" 200 18735
190.171.149.90 - - [10/Nov/2022:12:15:35 -0300] "GET /cormun/servlet/trlicencias? HTTP/1.1" 200 11299
190.171.149.90 - - [10/Nov/2022:12:15:36 -0300] "GET /cormun/servlet/trlicencias? HTTP/1.1" 200 11299
128.14.224.165 - - [10/Nov/2022:12:16:18 -0300] "-" 400 -
190.171.144.234 - - [10/Nov/2022:12:16:35 -0300] "GET /cormun/servlet/trpermisosadjuntos?15492873,20220728113858,P, HTTP/1.1" 200 6311
190.171.144.234 - - [10/Nov/2022:12:16:36 -0300] "GET /cormun/servlet/trpermisosadjuntos?15492873,20220728113858,P, HTTP/1.1" 200 6312
128.14.224.165 - - [10/Nov/2022:12:16:36 -0300] "GET / HTTP/1.1" 200 11217
190.171.144.234 - - [10/Nov/2022:12:16:38 -0300] "GET /cormun/servlet/permisosadjuntos?INS,15492873,P,20220728113858,, HTTP/1.1" 200 5633
190.171.144.234 - - [10/Nov/2022:12:16:38 -0300] "GET /cormun/static/about:blank HTTP/1.1" 404 1011
190.171.144.234 - - [10/Nov/2022:12:16:38 -0300] "GET /cormun/servlet/permisosadjuntos?INS,15492873,P,20220728113858,, HTTP/1.1" 200 5623
128.14.224.165 - - [10/Nov/2022:12:17:21 -0300] "GET /favicon.ico HTTP/1.1" 200 21630
190.171.144.234 - - [10/Nov/2022:12:17:23 -0300] "GET /cormun/servlet/trpermisosgoce? HTTP/1.1" 200 18415
190.171.144.234 - - [10/Nov/2022:12:17:23 -0300] "GET /cormun/servlet/trpermisosgoce? HTTP/1.1" 200 18407
128.14.224.165 - - [10/Nov/2022:12:17:26 -0300] "GET /robots.txt HTTP/1.1" 404 981
128.14.224.165 - - [10/Nov/2022:12:17:32 -0300] "GET /sitemap.xml HTTP/1.1" 404 983
190.171.144.234 - - [10/Nov/2022:12:17:36 -0300] "GET /cormun/servlet/trpermisosadjuntos?12692670,20220810133247,P, HTTP/1.1" 200 6312
190.171.144.234 - - [10/Nov/2022:12:17:36 -0300] "GET /cormun/servlet/trpermisosadjuntos?12692670,20220810133247,P, HTTP/1.1" 200 6312
186.67.172.234 - - [10/Nov/2022:12:17:49 -0300] "GET /cormun/servlet/permisogoce?3b6b2f9c3d24a3cfb289f4c87f5dad3cb032cb3f1b40fcb8c4d62288106af035135718305dd1aff9e2cd8c28b116291f0ab6f700f3648bdf813cd2339abeefc7,gx-no-cache=1668092582252 HTTP/1.1" 200 80
186.67.172.234 - - [10/Nov/2022:12:17:49 -0300] "GET /cormun/static/menuarrow.gif HTTP/1.1" 404 1015
190.171.144.234 - - [10/Nov/2022:12:17:49 -0300] "GET /cormun/servlet/trpermisosgoce? HTTP/1.1" 200 18410
190.171.144.234 - - [10/Nov/2022:12:17:50 -0300] "GET /cormun/servlet/trpermisosgoce? HTTP/1.1" 200 18383
190.171.144.234 - - [10/Nov/2022:12:18:13 -0300] "GET /cormun/servlet/trpermisosadjuntos?12692670,20220810133247,P, HTTP/1.1" 200 6312
190.171.144.234 - - [10/Nov/2022:12:18:13 -0300] "GET /cormun/servlet/trpermisosadjuntos?12692670,20220810133247,P, HTTP/1.1" 200 6312
190.171.144.234 - - [10/Nov/2022:12:18:16 -0300] "GET /cormun/servlet/permisosadjuntos?INS,12692670,P,20220810133247,, HTTP/1.1" 200 5633
190.171.144.234 - - [10/Nov/2022:12:18:17 -0300] "GET /cormun/static/about:blank HTTP/1.1" 404 1011
190.171.144.234 - - [10/Nov/2022:12:18:17 -0300] "GET /cormun/servlet/permisosadjuntos?INS,12692670,P,20220810133247,, HTTP/1.1" 200 5623
190.171.144.234 - - [10/Nov/2022:12:18:29 -0300] "POST /cormun/servlet/permisosadjuntos?6022c8ccb5bae408adf8faf275136185,INS,12692670,P,20220810133247,, HTTP/1.1" 200 116
190.171.144.234 - - [10/Nov/2022:12:18:29 -0300] "GET /cormun/servlet/hpexe_return? HTTP/1.1" 200 1041
190.171.144.234 - - [10/Nov/2022:12:18:30 -0300] "GET /cormun/servlet/trpermisosadjuntos?12692670,20220810133247,P, HTTP/1.1" 200 6810
190.171.144.234 - - [10/Nov/2022:12:18:30 -0300] "GET /cormun/servlet/trpermisosadjuntos?12692670,20220810133247,P, HTTP/1.1" 200 6808
190.171.144.234 - - [10/Nov/2022:12:18:34 -0300] "GET /cormun/servlet/trpermisosgoce? HTTP/1.1" 200 18410
190.171.144.234 - - [10/Nov/2022:12:18:35 -0300] "GET /cormun/servlet/trpermisosgoce? HTTP/1.1" 200 18385
190.171.144.234 - - [10/Nov/2022:12:18:46 -0300] "POST /cormun/servlet/trpermisosgoce?6022c8ccb5bae408adf8faf275136185,,gx-no-cache=1668092638114 HTTP/1.1" 200 15842
190.171.144.234 - - [10/Nov/2022:12:18:46 -0300] "GET /cormun/static/Shared/jqueryui/images/ui-bg_highlight-soft_100_c6c2c8_1x100.png HTTP/1.1" 404 1117
190.171.144.234 - - [10/Nov/2022:12:18:46 -0300] "GET /cormun/static/Shared/jqueryui/images/ui-icons_82798d_256x240.png HTTP/1.1" 404 1089
190.171.144.234 - - [10/Nov/2022:12:18:46 -0300] "GET /cormun/static/Shared/jqueryui/images/ui-icons_8d78a5_256x240.png HTTP/1.1" 404 1089
190.171.144.234 - - [10/Nov/2022:12:18:46 -0300] "GET /cormun/static/Shared/jqueryui/images/ui-bg_flat_55_fafafa_40x100.png HTTP/1.1" 404 1097
186.67.172.234 - - [10/Nov/2022:12:18:55 -0300] "GET /cormun/servlet/permisogoce?3b6b2f9c3d24a3cfb289f4c87f5dad3c0c3677452f6dd2c677a26771eda28ea634820fae04c35b82a485491de0224bb0cd8031a46b1d0acf37fd9df3e54b924c,gx-no-cache=1668092648648 HTTP/1.1" 200 47
186.67.172.234 - - [10/Nov/2022:12:19:16 -0300] "POST /cormun/servlet/permisogoce?54c94112397ddbaaf828ff04502c7237,INS,0,,,,gx-no-cache=1668092669015 HTTP/1.1" 200 93
186.67.172.234 - - [10/Nov/2022:12:19:16 -0300] "GET /cormun/servlet/hpexe_return? HTTP/1.1" 200 1014
186.67.172.234 - - [10/Nov/2022:12:19:17 -0300] "GET /cormun/servlet/trpermisosgoce HTTP/1.1" 200 19561
186.67.172.234 - - [10/Nov/2022:12:19:17 -0300] "GET /cormun/servlet/trpermisosgoce HTTP/1.1" 200 19582
190.171.144.234 - - [10/Nov/2022:12:19:31 -0300] "GET /cormun/static/menuarrow.gif HTTP/1.1" 404 1015
190.171.144.234 - - [10/Nov/2022:12:19:42 -0300] "POST /cormun/servlet/trpermisosgoce?6022c8ccb5bae408adf8faf275136185,,gx-no-cache=1668092693812 HTTP/1.1" 200 15759
186.67.172.234 - - [10/Nov/2022:12:20:23 -0300] "GET /cormun/servlet/trpermisosadjuntos?8302684,20221110115700,P, HTTP/1.1" 200 6441
186.67.172.234 - - [10/Nov/2022:12:20:24 -0300] "GET /cormun/servlet/trpermisosadjuntos?8302684,20221110115700,P, HTTP/1.1" 200 6441
186.67.172.234 - - [10/Nov/2022:12:20:26 -0300] "GET /cormun/servlet/permisosadjuntos?INS,8302684,P,20221110115700,, HTTP/1.1" 200 5768
186.67.172.234 - - [10/Nov/2022:12:20:26 -0300] "GET /cormun/static/about:blank HTTP/1.1" 404 1011
186.67.172.234 - - [10/Nov/2022:12:20:26 -0300] "GET /cormun/servlet/permisosadjuntos?INS,8302684,P,20221110115700,, HTTP/1.1" 200 5758
186.67.172.234 - - [10/Nov/2022:12:20:43 -0300] "POST /cormun/servlet/permisosadjuntos?54c94112397ddbaaf828ff04502c7237,INS,8302684,P,20221110115700,, HTTP/1.1" 200 116
186.67.172.234 - - [10/Nov/2022:12:20:43 -0300] "GET /cormun/servlet/hpexe_return? HTTP/1.1" 200 1041
186.67.172.234 - - [10/Nov/2022:12:20:43 -0300] "GET /cormun/servlet/trpermisosadjuntos?8302684,20221110115700,P, HTTP/1.1" 200 6951
186.67.172.234 - - [10/Nov/2022:12:20:44 -0300] "GET /cormun/servlet/trpermisosadjuntos?8302684,20221110115700,P, HTTP/1.1" 200 6946
186.67.172.234 - - [10/Nov/2022:12:20:47 -0300] "POST /cormun/servlet/trpermisosadjuntos?54c94112397ddbaaf828ff04502c7237,8302684,20221110115700,P,,gx-no-cache=1668092759783 HTTP/1.1" 200 90
186.67.172.234 - - [10/Nov/2022:12:20:47 -0300] "GET /cormun/servlet/hpexe_link HTTP/1.1" 200 987
186.67.172.234 - - [10/Nov/2022:12:20:47 -0300] "GET /cormun/servlet/trpermisosgoce HTTP/1.1" 200 19583
186.67.172.234 - - [10/Nov/2022:12:20:47 -0300] "GET /cormun/servlet/trpermisosgoce HTTP/1.1" 200 19551
190.171.144.234 - - [10/Nov/2022:12:20:58 -0300] "GET /cormun/servlet/hlogin HTTP/1.1" 200 1728
190.171.144.234 - - [10/Nov/2022:12:21:10 -0300] "POST /cormun/servlet/hlogin?6022c8ccb5bae408adf8faf275136185,gx-no-cache=1668092782301 HTTP/1.1" 200 428
190.171.144.234 - - [10/Nov/2022:12:21:19 -0300] "POST /cormun/servlet/hlogin?6022c8ccb5bae408adf8faf275136185,gx-no-cache=1668092791588 HTTP/1.1" 200 428
190.171.144.234 - - [10/Nov/2022:12:21:21 -0300] "POST /cormun/servlet/hlogin?6022c8ccb5bae408adf8faf275136185,gx-no-cache=1668092793541 HTTP/1.1" 200 425
186.67.172.234 - - [10/Nov/2022:12:21:25 -0300] "GET /cormun/servlet/trpermisosadjuntos?8302684,20221110115700,P, HTTP/1.1" 200 6948
186.67.172.234 - - [10/Nov/2022:12:21:25 -0300] "GET /cormun/servlet/trpermisosadjuntos?8302684,20221110115700,P, HTTP/1.1" 200 6947
186.67.172.234 - - [10/Nov/2022:12:21:28 -0300] "POST /cormun/servlet/trpermisosadjuntos?54c94112397ddbaaf828ff04502c7237,8302684,20221110115700,P,,gx-no-cache=1668092801569 HTTP/1.1" 200 90
186.67.172.234 - - [10/Nov/2022:12:21:28 -0300] "GET /cormun/servlet/hpexe_link HTTP/1.1" 200 987
186.67.172.234 - - [10/Nov/2022:12:21:29 -0300] "GET /cormun/servlet/trpermisosgoce HTTP/1.1" 200 19552
186.67.172.234 - - [10/Nov/2022:12:21:29 -0300] "GET /cormun/servlet/trpermisosgoce HTTP/1.1" 200 19546
190.171.144.234 - - [10/Nov/2022:12:21:34 -0300] "POST /cormun/servlet/hlogin?6022c8ccb5bae408adf8faf275136185,gx-no-cache=1668092805929 HTTP/1.1" 200 90
190.171.144.234 - - [10/Nov/2022:12:21:34 -0300] "GET /cormun/servlet/hpexe_link HTTP/1.1" 200 956
190.171.144.234 - - [10/Nov/2022:12:21:34 -0300] "GET /cormun/servlet/hhome HTTP/1.1" 200 4137
186.67.172.234 - - [10/Nov/2022:12:21:34 -0300] "POST /cormun/servlet/trpermisosgoce?54c94112397ddbaaf828ff04502c7237,gx-no-cache=1668092807344 HTTP/1.1" 200 16941
190.171.144.234 - - [10/Nov/2022:12:21:35 -0300] "GET /cormun/servlet/hhome HTTP/1.1" 200 4133
186.67.172.234 - - [10/Nov/2022:12:21:35 -0300] "GET /cormun/static/Shared/jqueryui/images/ui-bg_highlight-soft_100_c6c2c8_1x100.png HTTP/1.1" 404 1117
186.67.172.234 - - [10/Nov/2022:12:21:35 -0300] "GET /cormun/static/Shared/jqueryui/images/ui-icons_82798d_256x240.png HTTP/1.1" 404 1089
186.67.172.234 - - [10/Nov/2022:12:21:35 -0300] "GET /cormun/static/Shared/jqueryui/images/ui-icons_8d78a5_256x240.png HTTP/1.1" 404 1089
186.67.172.234 - - [10/Nov/2022:12:21:35 -0300] "GET /cormun/static/Shared/jqueryui/images/ui-bg_flat_55_fafafa_40x100.png HTTP/1.1" 404 1097
190.171.144.234 - - [10/Nov/2022:12:21:39 -0300] "GET /cormun/servlet/trautorizarpermisogoce? HTTP/1.1" 200 8342
190.171.144.234 - - [10/Nov/2022:12:21:40 -0300] "GET /cormun/servlet/trautorizarpermisogoce? HTTP/1.1" 200 8340
186.67.172.234 - - [10/Nov/2022:12:21:43 -0300] "GET /cormun/servlet/permisogoce?INS,0,,, HTTP/1.1" 200 6982
186.67.172.234 - - [10/Nov/2022:12:21:43 -0300] "GET /cormun/servlet/permisogoce?INS,0,,, HTTP/1.1" 200 6982
190.171.144.234 - - [10/Nov/2022:12:21:48 -0300] "POST /cormun/servlet/trautorizarpermisogoce?6022c8ccb5bae408adf8faf275136185,,gx-no-cache=1668092820471 HTTP/1.1" 200 5560
190.171.144.234 - - [10/Nov/2022:12:21:48 -0300] "GET /cormun/static/Shared/jqueryui/images/ui-bg_highlight-soft_100_c6c2c8_1x100.png HTTP/1.1" 404 1117
190.171.144.234 - - [10/Nov/2022:12:21:48 -0300] "GET /cormun/static/Shared/jqueryui/images/ui-icons_82798d_256x240.png HTTP/1.1" 404 1089
190.171.144.234 - - [10/Nov/2022:12:21:48 -0300] "GET /cormun/static/Shared/jqueryui/images/ui-bg_flat_55_fafafa_40x100.png HTTP/1.1" 404 1097
190.171.144.234 - - [10/Nov/2022:12:21:48 -0300] "GET /cormun/static/Shared/jqueryui/images/ui-icons_8d78a5_256x240.png HTTP/1.1" 404 1089
190.171.144.234 - - [10/Nov/2022:12:21:50 -0300] "POST /cormun/servlet/trautorizarpermisogoce?6022c8ccb5bae408adf8faf275136185,,gx-no-cache=1668092822105 HTTP/1.1" 200 5285
190.171.144.234 - - [10/Nov/2022:12:21:51 -0300] "POST /cormun/servlet/trautorizarpermisogoce?6022c8ccb5bae408adf8faf275136185,,gx-no-cache=1668092823578 HTTP/1.1" 200 4533
186.67.172.234 - - [10/Nov/2022:12:21:53 -0300] "GET /cormun/servlet/permisogoce?3b6b2f9c3d24a3cfb289f4c87f5dad3cc6a295e652cc92df85cb1d6f27a4d2d4135718305dd1aff9e2cd8c28b116291f0ab6f700f3648bdf813cd2339abeefc7,gx-no-cache=1668092825910 HTTP/1.1" 200 226
186.67.172.234 - - [10/Nov/2022:12:21:53 -0300] "GET /cormun/static/Shared/jqueryui/images/ui-icons_82798d_256x240.png HTTP/1.1" 404 1089
186.67.172.234 - - [10/Nov/2022:12:21:53 -0300] "GET /cormun/static/Shared/jqueryui/images/ui-bg_highlight-soft_100_c6c2c8_1x100.png HTTP/1.1" 404 1117
186.67.172.234 - - [10/Nov/2022:12:21:53 -0300] "GET /cormun/static/Shared/jqueryui/images/ui-bg_flat_55_994d53_40x100.png HTTP/1.1" 404 1097
186.67.172.234 - - [10/Nov/2022:12:21:53 -0300] "GET /cormun/static/Shared/jqueryui/images/ui-icons_ebccce_256x240.png HTTP/1.1" 404 1089
190.95.15.29 - - [10/Nov/2022:12:22:00 -0300] "GET /cormun/servlet/hlogin HTTP/1.1" 200 1725
186.67.172.234 - - [10/Nov/2022:12:22:05 -0300] "GET /cormun/servlet/permisogoce?3b6b2f9c3d24a3cfb289f4c87f5dad3cb032cb3f1b40fcb8c4d62288106af035135718305dd1aff9e2cd8c28b116291f0ab6f700f3648bdf813cd2339abeefc7,gx-no-cache=1668092837979 HTTP/1.1" 200 82
186.67.172.234 - - [10/Nov/2022:12:22:05 -0300] "GET /cormun/static/menuarrow.gif HTTP/1.1" 404 1015
186.67.172.234 - - [10/Nov/2022:12:22:19 -0300] "GET /cormun/servlet/permisogoce?3b6b2f9c3d24a3cfb289f4c87f5dad3c0c3677452f6dd2c677a26771eda28ea643d12b34cb439a8a9c1ec4d08c8d7056cd8031a46b1d0acf37fd9df3e54b924c,gx-no-cache=1668092851991 HTTP/1.1" 200 47
190.171.143.106 - - [10/Nov/2022:12:22:20 -0300] "GET /cormun/servlet/trlicencias? HTTP/1.1" 200 6043
190.171.143.106 - - [10/Nov/2022:12:22:20 -0300] "GET /cormun/servlet/hlogin HTTP/1.1" 200 1742
190.171.143.106 - - [10/Nov/2022:12:22:20 -0300] "GET /cormun/servlet/trlicencias? HTTP/1.1" 200 6042
190.171.154.42 - - [10/Nov/2022:12:22:24 -0300] "GET /cormun/servlet/hlogin HTTP/1.1" 200 1730
190.171.143.106 - - [10/Nov/2022:12:22:24 -0300] "POST /cormun/servlet/hlogin?7df621bee569c0a1e5adf62e21c3ffa7,gx-no-cache=1668092897648 HTTP/1.1" 200 90
190.171.143.106 - - [10/Nov/2022:12:22:24 -0300] "GET /cormun/servlet/hpexe_link HTTP/1.1" 200 956
190.171.143.106 - - [10/Nov/2022:12:22:24 -0300] "GET /cormun/servlet/trlicencias HTTP/1.1" 200 11914
190.171.143.106 - - [10/Nov/2022:12:22:24 -0300] "GET /cormun/servlet/trlicencias HTTP/1.1" 200 11912
190.171.154.42 - - [10/Nov/2022:12:22:37 -0300] "POST /cormun/servlet/hlogin?00f5e9d6891e3f3c251cd6c6c0c38126,gx-no-cache=1668092867697 HTTP/1.1" 200 90
190.171.154.42 - - [10/Nov/2022:12:22:37 -0300] "GET /cormun/servlet/hpexe_link HTTP/1.1" 200 954
190.171.154.42 - - [10/Nov/2022:12:22:38 -0300] "GET /cormun/servlet/hhome HTTP/1.1" 200 4220
190.171.154.42 - - [10/Nov/2022:12:22:39 -0300] "GET /cormun/servlet/hhome HTTP/1.1" 200 4217
190.171.154.42 - - [10/Nov/2022:12:22:49 -0300] "GET /cormun/servlet/trlicencias? HTTP/1.1" 200 13230
186.67.172.234 - - [10/Nov/2022:12:22:49 -0300] "GET /cormun/servlet/permisogoce?3b6b2f9c3d24a3cfb289f4c87f5dad3c0c3677452f6dd2c677a26771eda28ea678baf02323a84c40bf72d804603f2b051bacd1a27b704b55c9c19eda19ff03fb,gx-no-cache=1668092882228 HTTP/1.1" 200 46
186.67.172.234 - - [10/Nov/2022:12:22:49 -0300] "POST /cormun/servlet/permisogoce?54c94112397ddbaaf828ff04502c7237,INS,0,,,,gx-no-cache=1668092882256 HTTP/1.1" 200 93
186.67.172.234 - - [10/Nov/2022:12:22:49 -0300] "GET /cormun/servlet/hpexe_return? HTTP/1.1" 200 1035
186.67.172.234 - - [10/Nov/2022:12:22:50 -0300] "GET /cormun/servlet/trpermisosgoce?gx-no-cache=1668092807344 HTTP/1.1" 200 19464
190.171.154.42 - - [10/Nov/2022:12:22:50 -0300] "GET /cormun/servlet/trlicencias? HTTP/1.1" 200 13227
186.67.172.234 - - [10/Nov/2022:12:22:50 -0300] "GET /cormun/servlet/trpermisosgoce?gx-no-cache=1668092807344 HTTP/1.1" 200 19490
190.171.154.42 - - [10/Nov/2022:12:22:53 -0300] "POST /cormun/servlet/trlicencias?00f5e9d6891e3f3c251cd6c6c0c38126,,gx-no-cache=1668092883681 HTTP/1.1" 200 11089
186.67.172.234 - - [10/Nov/2022:12:23:01 -0300] "GET /cormun/servlet/trpermisosadjuntos?8302684,20221110120347,P, HTTP/1.1" 200 6462
186.67.172.234 - - [10/Nov/2022:12:23:01 -0300] "GET /cormun/servlet/trpermisosadjuntos?8302684,20221110120347,P, HTTP/1.1" 200 6440
186.67.172.234 - - [10/Nov/2022:12:23:03 -0300] "GET /cormun/servlet/permisosadjuntos?INS,8302684,P,20221110120347,, HTTP/1.1" 200 5767
186.67.172.234 - - [10/Nov/2022:12:23:03 -0300] "GET /cormun/static/about:blank HTTP/1.1" 404 1011
186.67.172.234 - - [10/Nov/2022:12:23:03 -0300] "GET /cormun/servlet/permisosadjuntos?INS,8302684,P,20221110120347,, HTTP/1.1" 200 5757
