190.171.143.98 - - [08/Nov/2022:10:24:59 -0300] "GET /cormun/servlet/hpexe_link HTTP/1.1" 200 997
190.171.143.98 - - [08/Nov/2022:10:24:59 -0300] "GET /cormun/servlet/trautorizarpermisogoce? HTTP/1.1" 200 8011
190.171.143.98 - - [08/Nov/2022:10:24:59 -0300] "GET /cormun/servlet/trautorizarpermisogoce? HTTP/1.1" 200 8010
190.171.143.98 - - [08/Nov/2022:10:25:17 -0300] "GET /cormun/servlet/autorizarpermisogoce?DSP,15217183,P,20221103085609, HTTP/1.1" 200 6335
190.171.143.98 - - [08/Nov/2022:10:25:17 -0300] "GET /cormun/static/gxcfg.js?201991419412636 HTTP/1.1" 200 953
190.171.143.98 - - [08/Nov/2022:10:25:17 -0300] "GET /cormun/static/Resources/Spanish/PXTools.css?19172979 HTTP/1.1" 200 100853
190.171.143.98 - - [08/Nov/2022:10:25:17 -0300] "GET /cormun/static/autorizarpermisogoce.js?201991419412687 HTTP/1.1" 200 16019
190.171.143.98 - - [08/Nov/2022:10:25:17 -0300] "GET /cormun/servlet/autorizarpermisogoce?DSP,15217183,P,20221103085609, HTTP/1.1" 200 6335
201.186.225.191 - - [08/Nov/2022:10:25:18 -0300] "POST /cormun/servlet/trpermisosgoce?93093e05cb39180e2fba186e430733e0,,gx-no-cache=1667913055474 HTTP/1.1" 200 6148
201.186.225.191 - - [08/Nov/2022:10:25:33 -0300] "GET /cormun/servlet/hlogin HTTP/1.1" 200 1747
190.171.143.98 - - [08/Nov/2022:10:25:34 -0300] "POST /cormun/servlet/autorizarpermisogoce?23fabed82e02a0e8c0a8bbb266fca6d0,DSP,15217183,P,20221103085609,,gx-no-cache=1667913165869 HTTP/1.1" 200 90
190.171.143.98 - - [08/Nov/2022:10:25:34 -0300] "GET /cormun/servlet/hpexe_link HTTP/1.1" 200 992
190.171.143.98 - - [08/Nov/2022:10:25:34 -0300] "GET /cormun/servlet/trautorizarpermisogoce HTTP/1.1" 200 8011
190.171.143.98 - - [08/Nov/2022:10:25:35 -0300] "GET /cormun/servlet/trautorizarpermisogoce HTTP/1.1" 200 8010
190.171.143.98 - - [08/Nov/2022:10:25:43 -0300] "POST /cormun/servlet/trautorizarpermisogoce?23fabed82e02a0e8c0a8bbb266fca6d0,gx-no-cache=1667913174973 HTTP/1.1" 200 131
190.171.143.98 - - [08/Nov/2022:10:25:43 -0300] "GET /cormun/servlet/licenciaspermisoslog?INS,15217183,P,20221103085609,0,NU, HTTP/1.1" 200 6201
190.171.143.98 - - [08/Nov/2022:10:25:43 -0300] "GET /cormun/static/gxcfg.js?20201215135367 HTTP/1.1" 200 953
190.171.143.98 - - [08/Nov/2022:10:25:43 -0300] "GET /cormun/static/licenciaspermisoslog.js?20201215135432 HTTP/1.1" 200 9271
190.171.143.98 - - [08/Nov/2022:10:25:43 -0300] "GET /cormun/servlet/licenciaspermisoslog?INS,15217183,P,20221103085609,0,NU, HTTP/1.1" 200 6204
190.171.143.98 - - [08/Nov/2022:10:25:52 -0300] "POST /cormun/servlet/licenciaspermisoslog?23fabed82e02a0e8c0a8bbb266fca6d0,INS,15217183,P,20221103085609,0,NU,,gx-no-cache=1667913183589 HTTP/1.1" 200 93
190.171.143.98 - - [08/Nov/2022:10:25:52 -0300] "GET /cormun/servlet/hpexe_return? HTTP/1.1" 200 1050
190.171.143.98 - - [08/Nov/2022:10:25:52 -0300] "GET /cormun/servlet/trautorizarpermisogoce HTTP/1.1" 200 8014
190.171.143.98 - - [08/Nov/2022:10:25:52 -0300] "GET /cormun/servlet/trautorizarpermisogoce HTTP/1.1" 200 8010
190.171.143.98 - - [08/Nov/2022:10:26:18 -0300] "POST /cormun/servlet/trautorizarpermisogoce?23fabed82e02a0e8c0a8bbb266fca6d0,gx-no-cache=1667913210383 HTTP/1.1" 200 131
190.171.143.98 - - [08/Nov/2022:10:26:19 -0300] "GET /cormun/servlet/licenciaspermisoslog?INS,15217183,P,20221103085609,0,NU, HTTP/1.1" 200 6201
190.171.143.98 - - [08/Nov/2022:10:26:19 -0300] "GET /cormun/servlet/licenciaspermisoslog?INS,15217183,P,20221103085609,0,NU, HTTP/1.1" 200 6204
186.67.172.234 - - [08/Nov/2022:10:26:20 -0300] "GET /cormun/static/menuarrow.gif HTTP/1.1" 404 1015
190.171.143.98 - - [08/Nov/2022:10:26:22 -0300] "POST /cormun/servlet/licenciaspermisoslog?23fabed82e02a0e8c0a8bbb266fca6d0,INS,15217183,P,20221103085609,0,NU,,gx-no-cache=1667913214283 HTTP/1.1" 200 93
190.171.143.98 - - [08/Nov/2022:10:26:22 -0300] "GET /cormun/servlet/hpexe_return? HTTP/1.1" 200 1050
190.171.143.98 - - [08/Nov/2022:10:26:23 -0300] "GET /cormun/servlet/trautorizarpermisogoce HTTP/1.1" 200 8014
190.171.143.98 - - [08/Nov/2022:10:26:23 -0300] "GET /cormun/servlet/trautorizarpermisogoce HTTP/1.1" 200 8010
190.171.143.98 - - [08/Nov/2022:10:26:32 -0300] "POST /cormun/servlet/trautorizarpermisogoce?23fabed82e02a0e8c0a8bbb266fca6d0,gx-no-cache=1667913224389 HTTP/1.1" 200 131
190.171.143.98 - - [08/Nov/2022:10:26:33 -0300] "GET /cormun/servlet/licenciaspermisoslog?INS,15217183,P,20221103085609,0,NU, HTTP/1.1" 200 6201
190.171.143.98 - - [08/Nov/2022:10:26:33 -0300] "GET /cormun/servlet/licenciaspermisoslog?INS,15217183,P,20221103085609,0,NU, HTTP/1.1" 200 6204
186.67.172.234 - - [08/Nov/2022:10:26:36 -0300] "POST /cormun/servlet/trlicencias?bd2acdb833bd971e2e7860819b97622b,,gx-no-cache=1667913132693 HTTP/1.1" 440 972
186.67.172.234 - - [08/Nov/2022:10:26:38 -0300] "GET /cormun/servlet/trlicencias? HTTP/1.1" 200 6045
186.67.172.234 - - [08/Nov/2022:10:26:40 -0300] "GET /cormun/servlet/trlicencias? HTTP/1.1" 200 6047
186.67.172.234 - - [08/Nov/2022:10:26:40 -0300] "GET /cormun/servlet/trlicencias? HTTP/1.1" 200 6047
186.67.172.234 - - [08/Nov/2022:10:26:40 -0300] "GET /cormun/servlet/hlogin HTTP/1.1" 200 1744
186.67.172.234 - - [08/Nov/2022:10:26:44 -0300] "POST /cormun/servlet/hlogin?0acaa2352a9afb5ab03f3a6409b9ac8c,gx-no-cache=1667913140792 HTTP/1.1" 200 90
186.67.172.234 - - [08/Nov/2022:10:26:44 -0300] "GET /cormun/servlet/hpexe_link HTTP/1.1" 200 959
186.67.172.234 - - [08/Nov/2022:10:26:45 -0300] "GET /cormun/servlet/trlicencias HTTP/1.1" 200 17368
186.67.172.234 - - [08/Nov/2022:10:26:45 -0300] "GET /cormun/servlet/trlicencias HTTP/1.1" 200 17366
186.67.172.234 - - [08/Nov/2022:10:26:48 -0300] "GET /cormun/static/menuarrow.gif HTTP/1.1" 404 1015
190.171.143.98 - - [08/Nov/2022:10:26:50 -0300] "GET /cormun/servlet/licenciaspermisoslog?ced89685a7ff9ef09c35791fceee6710ba369be687a0e4f0d2f3fb08ff8239d9ac10eedeba41b911016b746349ad0895f5706a8ede3661a9c50c2c509f9c0813645c14b8b51ed629625d1ef4eaf36a564ac80326ecd1ecb12faef4a3a16ac6a5,gx-no-cache=1667913242053 HTTP/1.1" 200 120
190.171.143.98 - - [08/Nov/2022:10:26:50 -0300] "GET /cormun/static/Shared/jqueryui/images/ui-bg_highlight-soft_100_c6c2c8_1x100.png HTTP/1.1" 404 1117
190.171.143.98 - - [08/Nov/2022:10:26:50 -0300] "GET /cormun/static/Shared/jqueryui/images/ui-icons_82798d_256x240.png HTTP/1.1" 404 1089
190.171.143.98 - - [08/Nov/2022:10:26:50 -0300] "GET /cormun/static/Shared/jqueryui/images/ui-bg_flat_55_994d53_40x100.png HTTP/1.1" 404 1097
190.171.143.98 - - [08/Nov/2022:10:26:50 -0300] "GET /cormun/static/Shared/jqueryui/images/ui-icons_ebccce_256x240.png HTTP/1.1" 404 1089
190.171.143.98 - - [08/Nov/2022:10:26:50 -0300] "GET /cormun/servlet/licenciaspermisoslog?ced89685a7ff9ef09c35791fceee6710ba369be687a0e4f0d2f3fb08ff8239d9ac10eedeba41b911016b746349ad0895f5706a8ede3661a9c50c2c509f9c0813645c14b8b51ed629625d1ef4eaf36a564ac80326ecd1ecb12faef4a3a16ac6a5,gx-no-cache=1667913242140 HTTP/1.1" 200 120
190.171.143.98 - - [08/Nov/2022:10:26:50 -0300] "POST /cormun/servlet/licenciaspermisoslog?23fabed82e02a0e8c0a8bbb266fca6d0,INS,15217183,P,20221103085609,0,NU,,gx-no-cache=1667913242163 HTTP/1.1" 200 93
190.171.143.98 - - [08/Nov/2022:10:26:50 -0300] "GET /cormun/servlet/hpexe_return? HTTP/1.1" 200 1050
190.171.143.98 - - [08/Nov/2022:10:26:51 -0300] "GET /cormun/servlet/trautorizarpermisogoce HTTP/1.1" 200 7150
190.171.143.98 - - [08/Nov/2022:10:26:51 -0300] "GET /cormun/servlet/trautorizarpermisogoce HTTP/1.1" 200 7147
190.171.143.98 - - [08/Nov/2022:10:26:56 -0300] "GET /cormun/servlet/trpermisosgoce? HTTP/1.1" 200 10031
190.171.143.98 - - [08/Nov/2022:10:26:56 -0300] "GET /cormun/servlet/trpermisosgoce? HTTP/1.1" 200 10031
186.67.172.234 - - [08/Nov/2022:10:27:04 -0300] "POST /cormun/servlet/trlicencias?0acaa2352a9afb5ab03f3a6409b9ac8c,gx-no-cache=1667913160531 HTTP/1.1" 200 5972
190.171.143.98 - - [08/Nov/2022:10:27:09 -0300] "POST /cormun/servlet/trpermisosgoce?23fabed82e02a0e8c0a8bbb266fca6d0,,gx-no-cache=1667913260383 HTTP/1.1" 200 7291
190.171.143.98 - - [08/Nov/2022:10:27:20 -0300] "POST /cormun/servlet/trpermisosgoce?23fabed82e02a0e8c0a8bbb266fca6d0,,gx-no-cache=1667913271605 HTTP/1.1" 200 7291
186.67.172.234 - - [08/Nov/2022:10:27:32 -0300] "POST /cormun/servlet/trlicencias?0acaa2352a9afb5ab03f3a6409b9ac8c,gx-no-cache=1667913188656 HTTP/1.1" 200 10145
190.171.143.98 - - [08/Nov/2022:10:27:42 -0300] "GET /cormun/servlet/trpermisosgoce? HTTP/1.1" 200 10031
190.171.143.98 - - [08/Nov/2022:10:27:43 -0300] "GET /cormun/servlet/trpermisosgoce? HTTP/1.1" 200 10031
190.171.143.98 - - [08/Nov/2022:10:27:57 -0300] "GET /cormun/servlet/apermisogoceprn?9543879,P,20221108100410,PU HTTP/1.1" 200 1654
186.67.172.234 - - [08/Nov/2022:10:28:20 -0300] "GET /cormun/servlet/trpermisosgoce? HTTP/1.1" 200 19396
186.67.172.234 - - [08/Nov/2022:10:28:21 -0300] "GET /cormun/servlet/trpermisosgoce? HTTP/1.1" 200 19418
190.171.143.98 - - [08/Nov/2022:10:28:22 -0300] "POST /cormun/servlet/trpermisosgoce?23fabed82e02a0e8c0a8bbb266fca6d0,,gx-no-cache=1667913333887 HTTP/1.1" 200 7334
190.171.143.98 - - [08/Nov/2022:10:28:22 -0300] "GET /cormun/static/Shared/jqueryui/images/ui-bg_highlight-soft_100_c6c2c8_1x100.png HTTP/1.1" 404 1117
190.171.143.98 - - [08/Nov/2022:10:28:22 -0300] "GET /cormun/static/Shared/jqueryui/images/ui-icons_82798d_256x240.png HTTP/1.1" 404 1089
190.171.143.98 - - [08/Nov/2022:10:28:22 -0300] "GET /cormun/static/Shared/jqueryui/images/ui-bg_flat_55_fafafa_40x100.png HTTP/1.1" 404 1097
190.171.143.98 - - [08/Nov/2022:10:28:22 -0300] "GET /cormun/static/Shared/jqueryui/images/ui-icons_8d78a5_256x240.png HTTP/1.1" 404 1089
190.171.143.98 - - [08/Nov/2022:10:28:26 -0300] "GET /cormun/servlet/trpermisosadjuntos?9543879,20221108100410,P, HTTP/1.1" 200 6628
190.171.143.98 - - [08/Nov/2022:10:28:27 -0300] "GET /cormun/servlet/trpermisosadjuntos?9543879,20221108100410,P, HTTP/1.1" 200 6628
190.171.143.98 - - [08/Nov/2022:10:28:28 -0300] "GET /cormun/servlet/permisosadjuntos?INS,9543879,P,20221108100410,, HTTP/1.1" 200 5955
190.171.143.98 - - [08/Nov/2022:10:28:29 -0300] "GET /cormun/static/about:blank HTTP/1.1" 404 1011
190.171.143.98 - - [08/Nov/2022:10:28:29 -0300] "GET /cormun/servlet/permisosadjuntos?INS,9543879,P,20221108100410,, HTTP/1.1" 200 5945
190.171.143.98 - - [08/Nov/2022:10:28:35 -0300] "POST /cormun/servlet/permisosadjuntos?23fabed82e02a0e8c0a8bbb266fca6d0,INS,9543879,P,20221108100410,, HTTP/1.1" 200 116
190.171.143.98 - - [08/Nov/2022:10:28:35 -0300] "GET /cormun/servlet/hpexe_return? HTTP/1.1" 200 1041
190.171.143.98 - - [08/Nov/2022:10:28:35 -0300] "GET /cormun/servlet/trpermisosadjuntos?9543879,20221108100410,P, HTTP/1.1" 200 7123
190.171.143.98 - - [08/Nov/2022:10:28:35 -0300] "GET /cormun/servlet/trpermisosadjuntos?9543879,20221108100410,P, HTTP/1.1" 200 7121
190.171.143.98 - - [08/Nov/2022:10:28:38 -0300] "POST /cormun/servlet/trpermisosadjuntos?23fabed82e02a0e8c0a8bbb266fca6d0,9543879,20221108100410,P,,gx-no-cache=1667913349891 HTTP/1.1" 200 90
190.171.143.98 - - [08/Nov/2022:10:28:38 -0300] "GET /cormun/servlet/hpexe_link HTTP/1.1" 200 989
190.171.143.98 - - [08/Nov/2022:10:28:38 -0300] "GET /cormun/servlet/trpermisosgoce? HTTP/1.1" 200 10032
190.171.143.98 - - [08/Nov/2022:10:28:39 -0300] "GET /cormun/servlet/trpermisosgoce? HTTP/1.1" 200 10031
186.67.172.234 - - [08/Nov/2022:10:28:44 -0300] "POST /cormun/servlet/trpermisosgoce?0acaa2352a9afb5ab03f3a6409b9ac8c,,gx-no-cache=1667913261004 HTTP/1.1" 200 104
186.67.172.234 - - [08/Nov/2022:10:28:45 -0300] "GET /cormun/PermisosGoce-9850.xls HTTP/1.1" 200 17408
190.171.143.98 - - [08/Nov/2022:10:28:46 -0300] "POST /cormun/servlet/trpermisosgoce?23fabed82e02a0e8c0a8bbb266fca6d0,,gx-no-cache=1667913357437 HTTP/1.1" 200 7297
190.171.143.98 - - [08/Nov/2022:10:28:46 -0300] "GET /cormun/static/Shared/jqueryui/images/ui-bg_highlight-soft_100_c6c2c8_1x100.png HTTP/1.1" 404 1117
190.171.143.98 - - [08/Nov/2022:10:28:46 -0300] "GET /cormun/static/Shared/jqueryui/images/ui-icons_82798d_256x240.png HTTP/1.1" 404 1089
190.171.143.98 - - [08/Nov/2022:10:28:46 -0300] "GET /cormun/static/Shared/jqueryui/images/ui-bg_flat_55_fafafa_40x100.png HTTP/1.1" 404 1097
190.171.143.98 - - [08/Nov/2022:10:28:46 -0300] "GET /cormun/static/Shared/jqueryui/images/ui-icons_8d78a5_256x240.png HTTP/1.1" 404 1089
190.171.143.98 - - [08/Nov/2022:10:28:56 -0300] "GET /cormun/servlet/trpermisosgoce? HTTP/1.1" 200 9983
190.171.143.98 - - [08/Nov/2022:10:28:57 -0300] "GET /cormun/servlet/trpermisosgoce? HTTP/1.1" 200 9983
190.171.143.98 - - [08/Nov/2022:10:28:59 -0300] "GET /cormun/servlet/permisogoce?INS,0,,, HTTP/1.1" 200 7196
190.171.143.98 - - [08/Nov/2022:10:29:00 -0300] "GET /cormun/servlet/permisogoce?INS,0,,, HTTP/1.1" 200 7196
190.171.143.98 - - [08/Nov/2022:10:29:58 -0300] "GET /cormun/servlet/permisogoce?ced89685a7ff9ef09c35791fceee67108e4299db1e0c0ecb333706727081465ca2e5514b9f05dcd1092956570f778d727914e704d92a12d8454799d1333b40ca,gx-no-cache=1667913429874 HTTP/1.1" 200 80
190.171.143.98 - - [08/Nov/2022:10:29:58 -0300] "GET /cormun/static/menuarrow.gif HTTP/1.1" 404 1015
190.171.141.114 - - [08/Nov/2022:10:30:03 -0300] "GET /cormun/servlet/trcontratoobservacion? HTTP/1.1" 200 5305
190.171.141.114 - - [08/Nov/2022:10:30:03 -0300] "GET /cormun/static/gxcfg.js?2020121604219 HTTP/1.1" 200 953
190.171.141.114 - - [08/Nov/2022:10:30:03 -0300] "GET /cormun/static/trcontratoobservacion.js?2020121604638 HTTP/1.1" 200 25148
190.171.141.114 - - [08/Nov/2022:10:30:03 -0300] "GET /cormun/servlet/hlogin HTTP/1.1" 200 1749
190.171.141.114 - - [08/Nov/2022:10:30:03 -0300] "GET /cormun/servlet/trcontratoobservacion? HTTP/1.1" 200 5302
190.171.143.98 - - [08/Nov/2022:10:30:10 -0300] "GET /cormun/servlet/permisogoce?ced89685a7ff9ef09c35791fceee6710e86a7c53ee8b334b941ed853e40fe2e820499dd76f8f0fc65ec8f38698cead56910f728320bea179634ceab072f81767,gx-no-cache=1667913441847 HTTP/1.1" 200 123
190.171.143.98 - - [08/Nov/2022:10:30:10 -0300] "GET /cormun/static/Shared/jqueryui/images/ui-bg_highlight-soft_100_c6c2c8_1x100.png HTTP/1.1" 404 1117
190.171.143.98 - - [08/Nov/2022:10:30:10 -0300] "GET /cormun/static/Shared/jqueryui/images/ui-bg_flat_55_994d53_40x100.png HTTP/1.1" 404 1097
190.171.143.98 - - [08/Nov/2022:10:30:10 -0300] "GET /cormun/static/Shared/jqueryui/images/ui-icons_ebccce_256x240.png HTTP/1.1" 404 1089
190.171.143.98 - - [08/Nov/2022:10:30:10 -0300] "GET /cormun/static/Shared/jqueryui/images/ui-icons_82798d_256x240.png HTTP/1.1" 404 1089
190.171.141.114 - - [08/Nov/2022:10:30:14 -0300] "POST /cormun/servlet/hlogin?0765fc167f250435b451d7970985c0c8,gx-no-cache=1667913361169 HTTP/1.1" 200 90
190.171.141.114 - - [08/Nov/2022:10:30:14 -0300] "GET /cormun/servlet/hpexe_link HTTP/1.1" 200 952
190.171.141.114 - - [08/Nov/2022:10:30:14 -0300] "GET /cormun/servlet/hhome HTTP/1.1" 200 4307
190.171.141.114 - - [08/Nov/2022:10:30:15 -0300] "GET /cormun/servlet/hhome HTTP/1.1" 200 4303
190.171.143.98 - - [08/Nov/2022:10:30:18 -0300] "GET /cormun/servlet/permisogoce?ced89685a7ff9ef09c35791fceee6710e86a7c53ee8b334b941ed853e40fe2e809856d1b98f2511f1397955f9e84ddbac95e3bf7909254375781199c241f4e1a,gx-no-cache=1667913449527 HTTP/1.1" 200 152
190.171.141.114 - - [08/Nov/2022:10:30:18 -0300] "GET /cormun/servlet/trautorizarsolicitud? HTTP/1.1" 200 7419
190.171.141.114 - - [08/Nov/2022:10:30:18 -0300] "GET /cormun/static/gxcfg.js?201991422414522 HTTP/1.1" 200 953
190.171.141.114 - - [08/Nov/2022:10:30:18 -0300] "GET /cormun/static/trautorizarsolicitud.js?201991422415463 HTTP/1.1" 200 53910
190.171.141.114 - - [08/Nov/2022:10:30:18 -0300] "GET /cormun/servlet/trautorizarsolicitud? HTTP/1.1" 200 7417
190.171.144.234 - - [08/Nov/2022:10:30:22 -0300] "GET /cormun/servlet/hlogin HTTP/1.1" 200 1725
190.171.144.234 - - [08/Nov/2022:10:30:22 -0300] "GET /cormun/servlet/hlogin HTTP/1.1" 200 1735
190.171.141.114 - - [08/Nov/2022:10:30:23 -0300] "GET /cormun/servlet/trautorizarpermisogoce? HTTP/1.1" 200 7142
190.171.141.114 - - [08/Nov/2022:10:30:23 -0300] "GET /cormun/static/gxcfg.js?2020121645532 HTTP/1.1" 200 953
190.171.141.114 - - [08/Nov/2022:10:30:23 -0300] "GET /cormun/static/trautorizarpermisogoce.js?2020121651492 HTTP/1.1" 200 34948
190.171.141.114 - - [08/Nov/2022:10:30:23 -0300] "GET /cormun/servlet/trautorizarpermisogoce? HTTP/1.1" 200 7141
190.171.143.98 - - [08/Nov/2022:10:30:28 -0300] "GET /cormun/servlet/permisogoce?ced89685a7ff9ef09c35791fceee6710e86a7c53ee8b334b941ed853e40fe2e820499dd76f8f0fc65ec8f38698cead56910f728320bea179634ceab072f81767,gx-no-cache=1667913459831 HTTP/1.1" 200 123
190.171.144.234 - - [08/Nov/2022:10:30:31 -0300] "POST /cormun/servlet/hlogin?517365abc05b3c6bbe65555b48083fd9,gx-no-cache=1667913367352 HTTP/1.1" 200 90
190.171.144.234 - - [08/Nov/2022:10:30:31 -0300] "GET /cormun/servlet/hpexe_link HTTP/1.1" 200 951
190.171.144.234 - - [08/Nov/2022:10:30:32 -0300] "GET /cormun/servlet/hhome HTTP/1.1" 200 3990
190.171.144.234 - - [08/Nov/2022:10:30:32 -0300] "GET /cormun/servlet/hhome HTTP/1.1" 200 3986
190.171.144.234 - - [08/Nov/2022:10:30:39 -0300] "GET /cormun/servlet/trpermisosgoce? HTTP/1.1" 200 9911
190.171.144.234 - - [08/Nov/2022:10:30:39 -0300] "GET /cormun/servlet/trpermisosgoce? HTTP/1.1" 200 9909
190.171.144.234 - - [08/Nov/2022:10:30:47 -0300] "GET /cormun/static/menuarrow.gif HTTP/1.1" 404 1015
190.171.143.98 - - [08/Nov/2022:10:30:50 -0300] "GET /cormun/servlet/permisogoce?ced89685a7ff9ef09c35791fceee6710e86a7c53ee8b334b941ed853e40fe2e809856d1b98f2511f1397955f9e84ddbac95e3bf7909254375781199c241f4e1a,gx-no-cache=1667913481871 HTTP/1.1" 200 152
190.171.143.98 - - [08/Nov/2022:10:30:56 -0300] "GET /cormun/servlet/permisogoce?ced89685a7ff9ef09c35791fceee6710e86a7c53ee8b334b941ed853e40fe2e809856d1b98f2511f1397955f9e84ddbac95e3bf7909254375781199c241f4e1a,gx-no-cache=1667913487829 HTTP/1.1" 200 152
190.171.149.74 - - [08/Nov/2022:10:31:16 -0300] "GET /cormun/servlet/hlogin HTTP/1.1" 200 1725
190.171.149.74 - - [08/Nov/2022:10:31:17 -0300] "GET /cormun/servlet/hlogin HTTP/1.1" 200 1734
190.171.149.74 - - [08/Nov/2022:10:31:21 -0300] "POST /cormun/servlet/hlogin?60ebe197439b9c3029d9e30f513dd467,gx-no-cache=1667917053509 HTTP/1.1" 200 90
190.171.149.74 - - [08/Nov/2022:10:31:21 -0300] "GET /cormun/servlet/hpexe_link HTTP/1.1" 200 952
190.171.149.74 - - [08/Nov/2022:10:31:21 -0300] "GET /cormun/servlet/hhome HTTP/1.1" 200 3976
190.171.149.74 - - [08/Nov/2022:10:31:21 -0300] "GET /cormun/servlet/hhome HTTP/1.1" 200 3974
190.171.149.74 - - [08/Nov/2022:10:31:25 -0300] "GET /cormun/servlet/hlogin HTTP/1.1" 200 1736
190.171.143.98 - - [08/Nov/2022:10:31:26 -0300] "GET /cormun/servlet/puconsultapgoce?15217183,MD,gxPopupLevel%3D0%3B HTTP/1.1" 200 4285
190.171.143.98 - - [08/Nov/2022:10:31:26 -0300] "GET /cormun/static/gxcfg.js?2020121674770 HTTP/1.1" 200 953
190.171.143.98 - - [08/Nov/2022:10:31:26 -0300] "GET /cormun/pexe_menus.js HTTP/1.1" 404 1001
190.171.143.98 - - [08/Nov/2022:10:31:26 -0300] "GET /cormun/pexe_windows.js HTTP/1.1" 404 1005
190.171.143.98 - - [08/Nov/2022:10:31:26 -0300] "GET /cormun/pexe_layers.js HTTP/1.1" 404 1003
190.171.143.98 - - [08/Nov/2022:10:31:26 -0300] "GET /cormun/pexe_link.js HTTP/1.1" 404 999
190.171.143.98 - - [08/Nov/2022:10:31:26 -0300] "GET /cormun/pexe_cookies.js HTTP/1.1" 404 1005
190.171.143.98 - - [08/Nov/2022:10:31:26 -0300] "GET /cormun/pexe_griddivfix.js HTTP/1.1" 404 1011
190.171.143.98 - - [08/Nov/2022:10:31:26 -0300] "GET /cormun/pexe_grid.js HTTP/1.1" 404 999
190.171.143.98 - - [08/Nov/2022:10:31:26 -0300] "GET /cormun/pexe_picture.js HTTP/1.1" 404 1005
190.171.143.98 - - [08/Nov/2022:10:31:26 -0300] "GET /cormun/pexe_treedivfix.js HTTP/1.1" 404 1011
190.171.143.98 - - [08/Nov/2022:10:31:26 -0300] "GET /cormun/pexe_menudivfix.js HTTP/1.1" 404 1011
190.171.143.98 - - [08/Nov/2022:10:31:26 -0300] "GET /cormun/pexe_tabdivfix.js HTTP/1.1" 404 1009
190.171.143.98 - - [08/Nov/2022:10:31:26 -0300] "GET /cormun/pexe_autoreload.js HTTP/1.1" 404 1011
190.171.143.98 - - [08/Nov/2022:10:31:26 -0300] "GET /cormun/static/mpprompt.js?20201215583973 HTTP/1.1" 200 940
190.171.143.98 - - [08/Nov/2022:10:31:26 -0300] "GET /cormun/static/puconsultapgoce.js?2020121675052 HTTP/1.1" 200 22470
190.171.143.98 - - [08/Nov/2022:10:31:26 -0300] "GET /cormun/static/Resources/PXToolsMenuTopBackground.png HTTP/1.1" 200 1153
190.171.149.74 - - [08/Nov/2022:10:31:32 -0300] "POST /cormun/servlet/hlogin?60ebe197439b9c3029d9e30f513dd467,gx-no-cache=1667917064460 HTTP/1.1" 200 90
190.171.149.74 - - [08/Nov/2022:10:31:32 -0300] "GET /cormun/servlet/hpexe_link HTTP/1.1" 200 952
190.171.149.74 - - [08/Nov/2022:10:31:32 -0300] "GET /cormun/servlet/hhome HTTP/1.1" 200 4228
190.171.149.74 - - [08/Nov/2022:10:31:32 -0300] "GET /cormun/static/SmoothNavMenu/resources/images/right.gif HTTP/1.1" 200 860
190.171.149.74 - - [08/Nov/2022:10:31:32 -0300] "GET /cormun/servlet/hhome HTTP/1.1" 200 4225
190.171.149.74 - - [08/Nov/2022:10:31:43 -0300] "GET /cormun/servlet/trcontratounov2? HTTP/1.1" 200 17652
190.171.149.74 - - [08/Nov/2022:10:31:43 -0300] "GET /cormun/static/gxcfg.js?2020121614367 HTTP/1.1" 200 953
190.171.149.74 - - [08/Nov/2022:10:31:43 -0300] "GET /cormun/static/trcontratounov2.js?20201216143065 HTTP/1.1" 200 38486
190.171.149.74 - - [08/Nov/2022:10:31:43 -0300] "GET /cormun/static/Resources/PXToolsAddSelectedAction.png HTTP/1.1" 200 523
190.171.149.74 - - [08/Nov/2022:10:31:43 -0300] "GET /cormun/servlet/trcontratounov2? HTTP/1.1" 200 17647
190.171.143.98 - - [08/Nov/2022:10:31:50 -0300] "POST /cormun/servlet/puconsultapgoce?23fabed82e02a0e8c0a8bbb266fca6d0,15217183,MD,gxPopupLevel%3D0%3B,gx-no-cache=1667913542085 HTTP/1.1" 200 60
190.171.143.98 - - [08/Nov/2022:10:31:52 -0300] "POST /cormun/servlet/permisogoce?23fabed82e02a0e8c0a8bbb266fca6d0,INS,0,,,,gx-no-cache=1667913543602 HTTP/1.1" 200 4794
190.171.149.74 - - [08/Nov/2022:10:31:56 -0300] "POST /cormun/servlet/trcontratounov2?60ebe197439b9c3029d9e30f513dd467,,gx-no-cache=1667917088107 HTTP/1.1" 200 17186
190.171.149.74 - - [08/Nov/2022:10:32:06 -0300] "POST /cormun/servlet/trcontratounov2?60ebe197439b9c3029d9e30f513dd467,,gx-no-cache=1667917098195 HTTP/1.1" 200 17163
190.171.143.98 - - [08/Nov/2022:10:32:09 -0300] "GET /cormun/servlet/permisogoce?ced89685a7ff9ef09c35791fceee6710e86a7c53ee8b334b941ed853e40fe2e828babfbdf3549859c6895dc135633af8860f77c25072a27363401aae2b01ac5b,gx-no-cache=1667913560814 HTTP/1.1" 200 123
190.171.149.74 - - [08/Nov/2022:10:32:09 -0300] "POST /cormun/servlet/trcontratounov2?60ebe197439b9c3029d9e30f513dd467,,gx-no-cache=1667917101553 HTTP/1.1" 200 17177
190.171.143.98 - - [08/Nov/2022:10:32:22 -0300] "GET /cormun/servlet/permisogoce?ced89685a7ff9ef09c35791fceee6710e86a7c53ee8b334b941ed853e40fe2e809856d1b98f2511f1397955f9e84ddba860f77c25072a27363401aae2b01ac5b,gx-no-cache=1667913573910 HTTP/1.1" 200 152
190.171.149.74 - - [08/Nov/2022:10:32:26 -0300] "POST /cormun/servlet/trcontratounov2?60ebe197439b9c3029d9e30f513dd467,,gx-no-cache=1667917118443 HTTP/1.1" 200 17167
186.67.172.234 - - [08/Nov/2022:10:32:26 -0300] "POST /cormun/servlet/trpermisosgoce?0acaa2352a9afb5ab03f3a6409b9ac8c,,gx-no-cache=1667913482371 HTTP/1.1" 200 16922
186.67.172.234 - - [08/Nov/2022:10:32:26 -0300] "GET /cormun/static/Resources/PXToolsGridNext.gif HTTP/1.1" 200 369
186.67.172.234 - - [08/Nov/2022:10:32:26 -0300] "GET /cormun/static/Resources/PXToolsGridLast.gif HTTP/1.1" 200 370
186.67.172.234 - - [08/Nov/2022:10:32:29 -0300] "POST /cormun/servlet/trpermisosgoce?0acaa2352a9afb5ab03f3a6409b9ac8c,,gx-no-cache=1667913484690 HTTP/1.1" 200 104
186.67.172.234 - - [08/Nov/2022:10:32:29 -0300] "GET /cormun/PermisosGoce-3745.xls HTTP/1.1" 200 74240
40.77.188.155 - - [08/Nov/2022:10:32:31 -0300] "GET /cormun/static/Shared/jquery/jquery-1.10.2.min.js HTTP/1.1" 200 273199
190.171.149.74 - - [08/Nov/2022:10:32:31 -0300] "POST /cormun/servlet/trcontratounov2?60ebe197439b9c3029d9e30f513dd467,,gx-no-cache=1667917123781 HTTP/1.1" 200 17178
190.95.1.129 - - [08/Nov/2022:10:32:36 -0300] "GET /cormun/servlet/hlogin HTTP/1.1" 200 1729
190.95.1.129 - - [08/Nov/2022:10:32:36 -0300] "GET /cormun/servlet/hlogin HTTP/1.1" 200 1740
190.171.149.74 - - [08/Nov/2022:10:32:39 -0300] "POST /cormun/servlet/trcontratounov2?60ebe197439b9c3029d9e30f513dd467,,gx-no-cache=1667917131666 HTTP/1.1" 200 17512
190.95.1.129 - - [08/Nov/2022:10:32:43 -0300] "POST /cormun/servlet/hlogin?6fe338a78f18eb3d538804b5e5c74dc2,gx-no-cache=1667913499495 HTTP/1.1" 200 90
190.95.1.129 - - [08/Nov/2022:10:32:43 -0300] "GET /cormun/servlet/hpexe_link HTTP/1.1" 200 954
190.95.1.129 - - [08/Nov/2022:10:32:43 -0300] "GET /cormun/servlet/hhome HTTP/1.1" 200 3974
190.95.1.129 - - [08/Nov/2022:10:32:44 -0300] "GET /cormun/servlet/hhome HTTP/1.1" 200 3971
190.171.143.98 - - [08/Nov/2022:10:32:46 -0300] "GET /cormun/servlet/permisogoce?ced89685a7ff9ef09c35791fceee6710e86a7c53ee8b334b941ed853e40fe2e820499dd76f8f0fc65ec8f38698cead5664d18efb3c8d36bbfda8e481cbd68870,gx-no-cache=1667913598079 HTTP/1.1" 200 123
190.95.1.129 - - [08/Nov/2022:10:32:48 -0300] "GET /cormun/servlet/trlicencias? HTTP/1.1" 200 19023
190.95.1.129 - - [08/Nov/2022:10:32:48 -0300] "GET /cormun/servlet/trlicencias? HTTP/1.1" 200 19020
190.171.143.98 - - [08/Nov/2022:10:33:18 -0300] "GET /cormun/servlet/permisogoce?ced89685a7ff9ef09c35791fceee6710e86a7c53ee8b334b941ed853e40fe2e820499dd76f8f0fc65ec8f38698cead5664d18efb3c8d36bbfda8e481cbd68870,gx-no-cache=1667913629790 HTTP/1.1" 200 123
190.171.149.74 - - [08/Nov/2022:10:33:24 -0300] "GET /cormun/servlet/trcontratosolicitud? HTTP/1.1" 200 14501
190.171.149.74 - - [08/Nov/2022:10:33:24 -0300] "GET /cormun/static/calendar-system.css?75620 HTTP/1.1" 200 5572
190.171.149.74 - - [08/Nov/2022:10:33:24 -0300] "GET /cormun/static/gxcfg.js?20199142011887 HTTP/1.1" 200 953
190.171.149.74 - - [08/Nov/2022:10:33:24 -0300] "GET /cormun/static/gxui/gxui-all.css?110300 HTTP/1.1" 200 2179
190.171.149.74 - - [08/Nov/2022:10:33:24 -0300] "GET /cormun/static/Resources/Spanish/PXTools.css?19172979 HTTP/1.1" 200 100853
190.171.149.74 - - [08/Nov/2022:10:33:24 -0300] "GET /cormun/static/trcontratosolicitud.js?201991420111348 HTTP/1.1" 200 28237
190.171.149.74 - - [08/Nov/2022:10:33:24 -0300] "GET /cormun/static/Shared/ext/resources/css/ext-all.css?205870 HTTP/1.1" 200 416045
190.171.149.74 - - [08/Nov/2022:10:33:24 -0300] "GET /cormun//static/Resources/PXToolsGridNew.png HTTP/1.1" 200 427
190.171.149.74 - - [08/Nov/2022:10:33:24 -0300] "GET /cormun/servlet/trcontratosolicitud? HTTP/1.1" 200 14496
190.171.143.98 - - [08/Nov/2022:10:33:27 -0300] "GET /cormun/servlet/permisogoce?ced89685a7ff9ef09c35791fceee6710e86a7c53ee8b334b941ed853e40fe2e809856d1b98f2511f1397955f9e84ddba860f77c25072a27363401aae2b01ac5b,gx-no-cache=1667913638830 HTTP/1.1" 200 152
190.171.149.74 - - [08/Nov/2022:10:33:32 -0300] "POST /cormun/servlet/trcontratosolicitud?60ebe197439b9c3029d9e30f513dd467,,gx-no-cache=1667917184146 HTTP/1.1" 200 10672
190.171.143.98 - - [08/Nov/2022:10:33:45 -0300] "GET /cormun/servlet/permisogoce?ced89685a7ff9ef09c35791fceee6710e86a7c53ee8b334b941ed853e40fe2e8b28cef3e7f50f3aef882d75cc1f74fe6860f77c25072a27363401aae2b01ac5b,gx-no-cache=1667913657142 HTTP/1.1" 200 123
190.171.143.98 - - [08/Nov/2022:10:34:07 -0300] "GET /cormun/servlet/permisogoce?ced89685a7ff9ef09c35791fceee6710e86a7c53ee8b334b941ed853e40fe2e828babfbdf3549859c6895dc135633af8860f77c25072a27363401aae2b01ac5b,gx-no-cache=1667913679406 HTTP/1.1" 200 123
190.171.143.98 - - [08/Nov/2022:10:34:17 -0300] "GET /cormun/servlet/permisogoce?ced89685a7ff9ef09c35791fceee6710e86a7c53ee8b334b941ed853e40fe2e828babfbdf3549859c6895dc135633af8860f77c25072a27363401aae2b01ac5b,gx-no-cache=1667913688924 HTTP/1.1" 200 123
190.171.143.98 - - [08/Nov/2022:10:34:50 -0300] "GET /cormun/servlet/permisogoce?ced89685a7ff9ef09c35791fceee6710e86a7c53ee8b334b941ed853e40fe2e809856d1b98f2511f1397955f9e84ddba860f77c25072a27363401aae2b01ac5b,gx-no-cache=1667913721749 HTTP/1.1" 200 152
190.171.143.98 - - [08/Nov/2022:10:35:00 -0300] "GET /cormun/servlet/permisogoce?ced89685a7ff9ef09c35791fceee6710e86a7c53ee8b334b941ed853e40fe2e8b28cef3e7f50f3aef882d75cc1f74fe6860f77c25072a27363401aae2b01ac5b,gx-no-cache=1667913731773 HTTP/1.1" 200 123
190.171.143.98 - - [08/Nov/2022:10:35:15 -0300] "GET /cormun/servlet/permisogoce?ced89685a7ff9ef09c35791fceee6710e86a7c53ee8b334b941ed853e40fe2e8b28cef3e7f50f3aef882d75cc1f74fe6860f77c25072a27363401aae2b01ac5b,gx-no-cache=1667913747301 HTTP/1.1" 200 123
190.171.143.98 - - [08/Nov/2022:10:35:27 -0300] "GET /cormun/servlet/permisogoce?ced89685a7ff9ef09c35791fceee6710e86a7c53ee8b334b941ed853e40fe2e809856d1b98f2511f1397955f9e84ddba860f77c25072a27363401aae2b01ac5b,gx-no-cache=1667913759213 HTTP/1.1" 200 152
190.171.143.98 - - [08/Nov/2022:10:35:37 -0300] "GET /cormun/servlet/prfichaempleado?,MD,,gxPopupLevel%3D0%3B HTTP/1.1" 200 9336
190.171.143.98 - - [08/Nov/2022:10:35:53 -0300] "POST /cormun/servlet/prfichaempleado?23fabed82e02a0e8c0a8bbb266fca6d0,,MD,,gxPopupLevel%3D0%3B,gx-no-cache=1667913784681 HTTP/1.1" 200 3175
190.171.143.98 - - [08/Nov/2022:10:36:06 -0300] "POST /cormun/servlet/prfichaempleado?23fabed82e02a0e8c0a8bbb266fca6d0,,MD,,gxPopupLevel%3D0%3B,gx-no-cache=1667913798176 HTTP/1.1" 200 3175
190.171.143.98 - - [08/Nov/2022:10:36:07 -0300] "POST /cormun/servlet/prfichaempleado?23fabed82e02a0e8c0a8bbb266fca6d0,,MD,,gxPopupLevel%3D0%3B,gx-no-cache=1667913798535 HTTP/1.1" 200 3175
190.171.143.98 - - [08/Nov/2022:10:36:08 -0300] "POST /cormun/servlet/prfichaempleado?23fabed82e02a0e8c0a8bbb266fca6d0,,MD,,gxPopupLevel%3D0%3B,gx-no-cache=1667913800159 HTTP/1.1" 200 3175
190.171.143.98 - - [08/Nov/2022:10:36:13 -0300] "GET /cormun/servlet/prfichaempleado?,MD,,gxPopupLevel%3D0%3B HTTP/1.1" 200 9336
190.171.143.98 - - [08/Nov/2022:10:36:22 -0300] "GET /cormun/servlet/permisogoce?ced89685a7ff9ef09c35791fceee6710e86a7c53ee8b334b941ed853e40fe2e809856d1b98f2511f1397955f9e84ddba860f77c25072a27363401aae2b01ac5b,gx-no-cache=1667913813479 HTTP/1.1" 200 152
190.171.143.98 - - [08/Nov/2022:10:36:34 -0300] "POST /cormun/servlet/permisogoce?23fabed82e02a0e8c0a8bbb266fca6d0,INS,0,,,,gx-no-cache=1667913826305 HTTP/1.1" 200 90
190.171.143.98 - - [08/Nov/2022:10:36:34 -0300] "GET /cormun/servlet/hpexe_link HTTP/1.1" 200 969
190.171.143.98 - - [08/Nov/2022:10:36:35 -0300] "GET /cormun/servlet/trpermisosgoce HTTP/1.1" 200 9984
190.171.143.98 - - [08/Nov/2022:10:36:35 -0300] "GET /cormun/servlet/trpermisosgoce HTTP/1.1" 200 9983
190.171.143.98 - - [08/Nov/2022:10:36:58 -0300] "GET /cormun/servlet/trautorizarpermisogoce? HTTP/1.1" 200 7991
190.171.143.98 - - [08/Nov/2022:10:36:58 -0300] "GET /cormun/servlet/trautorizarpermisogoce? HTTP/1.1" 200 7991
190.171.143.98 - - [08/Nov/2022:10:37:04 -0300] "POST /cormun/servlet/trautorizarpermisogoce?23fabed82e02a0e8c0a8bbb266fca6d0,,gx-no-cache=1667913856186 HTTP/1.1" 200 4532
190.171.143.98 - - [08/Nov/2022:10:37:04 -0300] "GET /cormun/static/Shared/jqueryui/images/ui-bg_highlight-soft_100_c6c2c8_1x100.png HTTP/1.1" 404 1117
190.171.143.98 - - [08/Nov/2022:10:37:04 -0300] "GET /cormun/static/Shared/jqueryui/images/ui-icons_82798d_256x240.png HTTP/1.1" 404 1089
190.171.143.98 - - [08/Nov/2022:10:37:04 -0300] "GET /cormun/static/Shared/jqueryui/images/ui-bg_flat_55_fafafa_40x100.png HTTP/1.1" 404 1097
190.171.143.98 - - [08/Nov/2022:10:37:05 -0300] "GET /cormun/static/Shared/jqueryui/images/ui-icons_8d78a5_256x240.png HTTP/1.1" 404 1089
190.171.143.98 - - [08/Nov/2022:10:37:22 -0300] "GET /cormun/servlet/trpermisosgoce? HTTP/1.1" 200 9976
190.171.143.98 - - [08/Nov/2022:10:37:23 -0300] "GET /cormun/servlet/trpermisosgoce? HTTP/1.1" 200 9975
190.171.143.98 - - [08/Nov/2022:10:37:59 -0300] "GET /cormun/servlet/trpermisosgoce? HTTP/1.1" 200 9975
190.171.143.98 - - [08/Nov/2022:10:38:00 -0300] "GET /cormun/servlet/trpermisosgoce? HTTP/1.1" 200 9975
190.171.143.98 - - [08/Nov/2022:10:38:04 -0300] "GET /cormun/servlet/permisogoce?INS,0,,, HTTP/1.1" 200 7197
190.171.143.98 - - [08/Nov/2022:10:38:05 -0300] "GET /cormun/servlet/permisogoce?INS,0,,, HTTP/1.1" 200 7197
190.171.143.98 - - [08/Nov/2022:10:38:41 -0300] "GET /cormun/servlet/prfichaempleado?,MD,,gxPopupLevel%3D0%3B HTTP/1.1" 200 9336
190.171.142.50 - - [08/Nov/2022:10:38:43 -0300] "GET /cormun/servlet/trlicencias HTTP/1.1" 200 12011
190.171.142.50 - - [08/Nov/2022:10:38:44 -0300] "GET /cormun/servlet/trlicencias HTTP/1.1" 200 12008
190.171.143.98 - - [08/Nov/2022:10:38:47 -0300] "POST /cormun/servlet/prfichaempleado?23fabed82e02a0e8c0a8bbb266fca6d0,,MD,,gxPopupLevel%3D0%3B,gx-no-cache=1667913958600 HTTP/1.1" 200 3670
207.46.13.149 - - [08/Nov/2022:10:39:00 -0300] "GET /cormun/servlet/trlicencias HTTP/1.1" 200 6039
190.171.143.98 - - [08/Nov/2022:10:39:00 -0300] "POST /cormun/servlet/prfichaempleado?23fabed82e02a0e8c0a8bbb266fca6d0,,MD,,gxPopupLevel%3D0%3B,gx-no-cache=1667913972080 HTTP/1.1" 200 3175
190.95.1.129 - - [08/Nov/2022:10:39:28 -0300] "GET /cormun/servlet/hlogin HTTP/1.1" 200 1729
190.171.143.98 - - [08/Nov/2022:10:39:34 -0300] "GET /cormun/servlet/prfichaempleado?,MD,,gxPopupLevel%3D0%3B HTTP/1.1" 200 9336
190.95.1.129 - - [08/Nov/2022:10:39:36 -0300] "POST /cormun/servlet/hlogin?6fe338a78f18eb3d538804b5e5c74dc2,gx-no-cache=1667913912448 HTTP/1.1" 200 90
190.95.1.129 - - [08/Nov/2022:10:39:36 -0300] "GET /cormun/servlet/hpexe_link HTTP/1.1" 200 959
190.95.1.129 - - [08/Nov/2022:10:39:36 -0300] "GET /cormun/servlet/trlicencias HTTP/1.1" 200 19022
190.95.1.129 - - [08/Nov/2022:10:39:37 -0300] "GET /cormun/servlet/trlicencias HTTP/1.1" 200 19020
190.171.143.98 - - [08/Nov/2022:10:39:38 -0300] "GET /cormun/servlet/permisogoce?ced89685a7ff9ef09c35791fceee67108e4299db1e0c0ecb333706727081465ca2e5514b9f05dcd1092956570f778d727914e704d92a12d8454799d1333b40ca,gx-no-cache=1667914010312 HTTP/1.1" 200 80
190.171.143.98 - - [08/Nov/2022:10:39:39 -0300] "GET /cormun/static/menuarrow.gif HTTP/1.1" 404 1015
190.171.143.98 - - [08/Nov/2022:10:39:45 -0300] "GET /cormun/servlet/permisogoce?ced89685a7ff9ef09c35791fceee6710e86a7c53ee8b334b941ed853e40fe2e809856d1b98f2511f1397955f9e84ddbac95e3bf7909254375781199c241f4e1a,gx-no-cache=1667914016902 HTTP/1.1" 200 152
190.171.143.98 - - [08/Nov/2022:10:39:45 -0300] "GET /cormun/static/Shared/jqueryui/images/ui-bg_highlight-soft_100_c6c2c8_1x100.png HTTP/1.1" 404 1117
190.171.143.98 - - [08/Nov/2022:10:39:45 -0300] "GET /cormun/static/Shared/jqueryui/images/ui-bg_flat_55_994d53_40x100.png HTTP/1.1" 404 1097
190.171.143.98 - - [08/Nov/2022:10:39:45 -0300] "GET /cormun/static/Shared/jqueryui/images/ui-icons_82798d_256x240.png HTTP/1.1" 404 1089
190.171.143.98 - - [08/Nov/2022:10:39:45 -0300] "GET /cormun/static/Shared/jqueryui/images/ui-icons_ebccce_256x240.png HTTP/1.1" 404 1089
190.171.143.98 - - [08/Nov/2022:10:40:06 -0300] "GET /cormun/servlet/permisogoce?ced89685a7ff9ef09c35791fceee6710e86a7c53ee8b334b941ed853e40fe2e820499dd76f8f0fc65ec8f38698cead56910f728320bea179634ceab072f81767,gx-no-cache=1667914037845 HTTP/1.1" 200 123
190.171.143.98 - - [08/Nov/2022:10:40:19 -0300] "GET /cormun/servlet/permisogoce?ced89685a7ff9ef09c35791fceee6710e86a7c53ee8b334b941ed853e40fe2e809856d1b98f2511f1397955f9e84ddbac95e3bf7909254375781199c241f4e1a,gx-no-cache=1667914050574 HTTP/1.1" 200 152
190.171.143.98 - - [08/Nov/2022:10:40:39 -0300] "POST /cormun/servlet/permisogoce?23fabed82e02a0e8c0a8bbb266fca6d0,INS,0,,,,gx-no-cache=1667914070480 HTTP/1.1" 200 4792
123.6.49.4 - - [08/Nov/2022:10:40:48 -0300] "DÜÿgñÝ¡ð›þ·Á†õ3ÀjÙ¤`̎r?”3