190.171.141.90 - - [28/Oct/2022:12:38:06 -0300] "POST /cormun/servlet/permisogoce?45da0f285715c446d489b1d7310cd07b,INS,0,,,,gx-no-cache=1666970624368 HTTP/1.1" 200 93
190.171.141.90 - - [28/Oct/2022:12:38:07 -0300] "GET /cormun/servlet/hpexe_return? HTTP/1.1" 200 1030
18.163.206.128 - - [28/Oct/2022:12:38:07 -0300] "GET /manager/html HTTP/1.1" 401 2474
190.171.141.90 - - [28/Oct/2022:12:38:07 -0300] "GET /cormun/servlet/trpermisosgoce?gx-no-cache=1666970588925 HTTP/1.1" 200 18343
18.163.206.128 - - [28/Oct/2022:12:38:07 -0300] "GET /manager/html HTTP/1.1" 401 2474
190.171.141.90 - - [28/Oct/2022:12:38:07 -0300] "GET /cormun/servlet/trpermisosgoce?gx-no-cache=1666970588925 HTTP/1.1" 200 18407
18.163.206.128 - - [28/Oct/2022:12:38:07 -0300] "GET /manager/html HTTP/1.1" 401 2474
18.163.206.128 - - [28/Oct/2022:12:38:08 -0300] "GET /manager/html HTTP/1.1" 401 2474
18.163.206.128 - - [28/Oct/2022:12:38:08 -0300] "GET /manager/html HTTP/1.1" 401 2474
18.163.206.128 - - [28/Oct/2022:12:38:08 -0300] "GET /manager/html HTTP/1.1" 401 2474
18.163.206.128 - - [28/Oct/2022:12:38:09 -0300] "GET /manager/html HTTP/1.1" 401 2474
18.163.206.128 - - [28/Oct/2022:12:38:09 -0300] "GET /manager/html HTTP/1.1" 401 2474
18.163.206.128 - - [28/Oct/2022:12:38:09 -0300] "GET /manager/html HTTP/1.1" 401 2474
18.163.206.128 - - [28/Oct/2022:12:38:10 -0300] "GET /manager/html HTTP/1.1" 401 2474
190.171.141.90 - - [28/Oct/2022:12:38:10 -0300] "GET /cormun/servlet/trpermisosadjuntos?16879308,20221028122006,P, HTTP/1.1" 200 6318
18.163.206.128 - - [28/Oct/2022:12:38:10 -0300] "GET /manager/html HTTP/1.1" 401 2474
190.171.141.90 - - [28/Oct/2022:12:38:10 -0300] "GET /cormun/servlet/trpermisosadjuntos?16879308,20221028122006,P, HTTP/1.1" 200 6296
18.163.206.128 - - [28/Oct/2022:12:38:10 -0300] "GET /manager/html HTTP/1.1" 401 2474
18.163.206.128 - - [28/Oct/2022:12:38:11 -0300] "GET /manager/html HTTP/1.1" 401 2474
18.163.206.128 - - [28/Oct/2022:12:38:11 -0300] "GET /manager/html HTTP/1.1" 401 2474
18.163.206.128 - - [28/Oct/2022:12:38:11 -0300] "GET /manager/html HTTP/1.1" 401 2474
190.171.141.90 - - [28/Oct/2022:12:38:11 -0300] "GET /cormun/servlet/permisosadjuntos?INS,16879308,P,20221028122006,, HTTP/1.1" 200 5612
190.171.141.90 - - [28/Oct/2022:12:38:12 -0300] "GET /cormun/static/about:blank HTTP/1.1" 404 1011
190.171.141.90 - - [28/Oct/2022:12:38:12 -0300] "GET /cormun/servlet/permisosadjuntos?INS,16879308,P,20221028122006,, HTTP/1.1" 200 5602
18.163.206.128 - - [28/Oct/2022:12:38:12 -0300] "GET /manager/html HTTP/1.1" 401 2474
18.163.206.128 - - [28/Oct/2022:12:38:12 -0300] "GET /manager/html HTTP/1.1" 401 2474
18.163.206.128 - - [28/Oct/2022:12:38:12 -0300] "GET /manager/html HTTP/1.1" 401 2474
18.163.206.128 - - [28/Oct/2022:12:38:13 -0300] "GET /manager/html HTTP/1.1" 401 2474
18.163.206.128 - - [28/Oct/2022:12:38:13 -0300] "GET /manager/html HTTP/1.1" 401 2474
18.163.206.128 - - [28/Oct/2022:12:38:13 -0300] "GET /manager/html HTTP/1.1" 401 2474
18.163.206.128 - - [28/Oct/2022:12:38:14 -0300] "GET /manager/html HTTP/1.1" 401 2474
18.163.206.128 - - [28/Oct/2022:12:38:14 -0300] "GET /manager/html HTTP/1.1" 401 2474
18.163.206.128 - - [28/Oct/2022:12:38:14 -0300] "GET /manager/html HTTP/1.1" 401 2474
18.163.206.128 - - [28/Oct/2022:12:38:15 -0300] "GET /manager/html HTTP/1.1" 401 2474
18.163.206.128 - - [28/Oct/2022:12:38:15 -0300] "GET /manager/html HTTP/1.1" 401 2474
18.163.206.128 - - [28/Oct/2022:12:38:15 -0300] "GET /manager/html HTTP/1.1" 401 2474
18.163.206.128 - - [28/Oct/2022:12:38:16 -0300] "GET /manager/html HTTP/1.1" 401 2474
18.163.206.128 - - [28/Oct/2022:12:38:16 -0300] "GET /manager/html HTTP/1.1" 401 2474
18.163.206.128 - - [28/Oct/2022:12:38:16 -0300] "GET /manager/html HTTP/1.1" 401 2474
18.163.206.128 - - [28/Oct/2022:12:38:17 -0300] "GET /manager/html HTTP/1.1" 401 2474
18.163.206.128 - - [28/Oct/2022:12:38:17 -0300] "GET /manager/html HTTP/1.1" 401 2474
18.163.206.128 - - [28/Oct/2022:12:38:17 -0300] "GET /manager/html HTTP/1.1" 401 2474
18.163.206.128 - - [28/Oct/2022:12:38:18 -0300] "GET /manager/html HTTP/1.1" 401 2474
18.163.206.128 - - [28/Oct/2022:12:38:18 -0300] "GET /manager/html HTTP/1.1" 401 2474
18.163.206.128 - - [28/Oct/2022:12:38:18 -0300] "GET /manager/html HTTP/1.1" 401 2474
18.163.206.128 - - [28/Oct/2022:12:38:19 -0300] "GET /manager/html HTTP/1.1" 401 2474
18.163.206.128 - - [28/Oct/2022:12:38:19 -0300] "GET /manager/html HTTP/1.1" 401 2474
18.163.206.128 - - [28/Oct/2022:12:38:19 -0300] "GET /manager/html HTTP/1.1" 401 2474
18.163.206.128 - - [28/Oct/2022:12:38:20 -0300] "GET /manager/html HTTP/1.1" 401 2474
18.163.206.128 - - [28/Oct/2022:12:38:20 -0300] "GET /manager/html HTTP/1.1" 401 2474
18.163.206.128 - - [28/Oct/2022:12:38:20 -0300] "GET /manager/html HTTP/1.1" 401 2474
18.163.206.128 - - [28/Oct/2022:12:38:21 -0300] "GET /manager/html HTTP/1.1" 401 2474
18.163.206.128 - - [28/Oct/2022:12:38:21 -0300] "GET /manager/html HTTP/1.1" 401 2474
18.163.206.128 - - [28/Oct/2022:12:38:21 -0300] "GET /manager/html HTTP/1.1" 401 2474
18.163.206.128 - - [28/Oct/2022:12:38:22 -0300] "GET /manager/html HTTP/1.1" 401 2474
190.171.141.90 - - [28/Oct/2022:12:38:22 -0300] "POST /cormun/servlet/permisosadjuntos?45da0f285715c446d489b1d7310cd07b,INS,16879308,P,20221028122006,, HTTP/1.1" 200 116
190.171.141.90 - - [28/Oct/2022:12:38:22 -0300] "GET /cormun/servlet/hpexe_return? HTTP/1.1" 200 1037
18.163.206.128 - - [28/Oct/2022:12:38:22 -0300] "GET /manager/html HTTP/1.1" 401 2474
190.171.141.90 - - [28/Oct/2022:12:38:22 -0300] "GET /cormun/servlet/trpermisosadjuntos?16879308,20221028122006,P, HTTP/1.1" 200 6764
190.171.141.90 - - [28/Oct/2022:12:38:22 -0300] "GET /cormun/servlet/trpermisosadjuntos?16879308,20221028122006,P, HTTP/1.1" 200 6761
18.163.206.128 - - [28/Oct/2022:12:38:23 -0300] "GET /manager/html HTTP/1.1" 401 2474
18.163.206.128 - - [28/Oct/2022:12:38:23 -0300] "GET /manager/html HTTP/1.1" 401 2474
18.163.206.128 - - [28/Oct/2022:12:38:23 -0300] "GET /manager/html HTTP/1.1" 401 2474
18.163.206.128 - - [28/Oct/2022:12:38:24 -0300] "GET /manager/html HTTP/1.1" 401 2474
18.163.206.128 - - [28/Oct/2022:12:38:24 -0300] "GET /manager/html HTTP/1.1" 401 2474
18.163.206.128 - - [28/Oct/2022:12:38:24 -0300] "GET /manager/html HTTP/1.1" 401 2474
190.171.141.90 - - [28/Oct/2022:12:38:25 -0300] "POST /cormun/servlet/trpermisosadjuntos?45da0f285715c446d489b1d7310cd07b,16879308,20221028122006,P,,gx-no-cache=1666970642687 HTTP/1.1" 200 90
190.171.141.90 - - [28/Oct/2022:12:38:25 -0300] "GET /cormun/servlet/hpexe_link HTTP/1.1" 200 1004
18.163.206.128 - - [28/Oct/2022:12:38:25 -0300] "GET /manager/html HTTP/1.1" 401 2474
190.171.141.90 - - [28/Oct/2022:12:38:25 -0300] "GET /cormun/servlet/trpermisosgoce?gx-no-cache=1666970588925 HTTP/1.1" 200 18344
18.163.206.128 - - [28/Oct/2022:12:38:25 -0300] "GET /manager/html HTTP/1.1" 401 2474
190.171.141.90 - - [28/Oct/2022:12:38:25 -0300] "GET /cormun/servlet/trpermisosgoce?gx-no-cache=1666970588925 HTTP/1.1" 200 18401
18.163.206.128 - - [28/Oct/2022:12:38:25 -0300] "GET /manager/html HTTP/1.1" 401 2474
18.163.206.128 - - [28/Oct/2022:12:38:26 -0300] "GET /manager/html HTTP/1.1" 401 2474
18.163.206.128 - - [28/Oct/2022:12:38:26 -0300] "GET /manager/html HTTP/1.1" 401 2474
18.163.206.128 - - [28/Oct/2022:12:38:26 -0300] "GET /manager/html HTTP/1.1" 401 2474
18.163.206.128 - - [28/Oct/2022:12:38:27 -0300] "GET /manager/html HTTP/1.1" 401 2474
190.171.141.90 - - [28/Oct/2022:12:38:27 -0300] "POST /cormun/servlet/trpermisosgoce?45da0f285715c446d489b1d7310cd07b,gx-no-cache=1666970588925,gx-no-cache=1666970644844 HTTP/1.1" 200 15686
18.163.206.128 - - [28/Oct/2022:12:38:27 -0300] "GET /manager/html HTTP/1.1" 401 2474
190.171.141.90 - - [28/Oct/2022:12:38:27 -0300] "GET /cormun/static/Shared/jqueryui/images/ui-bg_highlight-soft_100_c6c2c8_1x100.png HTTP/1.1" 404 1117
190.171.141.90 - - [28/Oct/2022:12:38:27 -0300] "GET /cormun/static/Shared/jqueryui/images/ui-icons_82798d_256x240.png HTTP/1.1" 404 1089
190.171.141.90 - - [28/Oct/2022:12:38:27 -0300] "GET /cormun/static/Shared/jqueryui/images/ui-icons_8d78a5_256x240.png HTTP/1.1" 404 1089
190.171.141.90 - - [28/Oct/2022:12:38:27 -0300] "GET /cormun/static/Shared/jqueryui/images/ui-bg_flat_55_fafafa_40x100.png HTTP/1.1" 404 1097
18.163.206.128 - - [28/Oct/2022:12:38:27 -0300] "GET /manager/html HTTP/1.1" 401 2474
18.163.206.128 - - [28/Oct/2022:12:38:28 -0300] "GET /manager/html HTTP/1.1" 401 2474
18.163.206.128 - - [28/Oct/2022:12:38:28 -0300] "GET /manager/html HTTP/1.1" 401 2474
190.171.141.90 - - [28/Oct/2022:12:38:28 -0300] "POST /cormun/servlet/trpermisosgoce?45da0f285715c446d489b1d7310cd07b,gx-no-cache=1666970588925,gx-no-cache=1666970645931 HTTP/1.1" 200 15662
18.163.206.128 - - [28/Oct/2022:12:38:28 -0300] "GET /manager/html HTTP/1.1" 401 2474
18.163.206.128 - - [28/Oct/2022:12:38:29 -0300] "GET /manager/html HTTP/1.1" 401 2474
18.163.206.128 - - [28/Oct/2022:12:38:29 -0300] "GET /manager/html HTTP/1.1" 401 2474
18.163.206.128 - - [28/Oct/2022:12:38:29 -0300] "GET /manager/html HTTP/1.1" 401 2474
18.163.206.128 - - [28/Oct/2022:12:38:30 -0300] "GET /manager/html HTTP/1.1" 401 2474
18.163.206.128 - - [28/Oct/2022:12:38:30 -0300] "GET /manager/html HTTP/1.1" 401 2474
18.163.206.128 - - [28/Oct/2022:12:38:30 -0300] "GET /manager/html HTTP/1.1" 401 2474
18.163.206.128 - - [28/Oct/2022:12:38:31 -0300] "GET /manager/html HTTP/1.1" 401 2474
18.163.206.128 - - [28/Oct/2022:12:38:31 -0300] "GET /manager/html HTTP/1.1" 401 2474
18.163.206.128 - - [28/Oct/2022:12:38:31 -0300] "GET /manager/html HTTP/1.1" 401 2474
18.163.206.128 - - [28/Oct/2022:12:38:32 -0300] "GET /manager/html HTTP/1.1" 401 2474
18.163.206.128 - - [28/Oct/2022:12:38:32 -0300] "GET /manager/html HTTP/1.1" 401 2474
18.163.206.128 - - [28/Oct/2022:12:38:32 -0300] "GET /manager/html HTTP/1.1" 401 2474
18.163.206.128 - - [28/Oct/2022:12:38:33 -0300] "GET /manager/html HTTP/1.1" 401 2474
18.163.206.128 - - [28/Oct/2022:12:38:33 -0300] "GET /manager/html HTTP/1.1" 401 2474
18.163.206.128 - - [28/Oct/2022:12:38:33 -0300] "GET /manager/html HTTP/1.1" 401 2474
18.163.206.128 - - [28/Oct/2022:12:38:33 -0300] "GET /manager/html HTTP/1.1" 401 2474
190.171.141.90 - - [28/Oct/2022:12:38:34 -0300] "GET /cormun/servlet/permisogoce?INS,0,,, HTTP/1.1" 200 6855
18.163.206.128 - - [28/Oct/2022:12:38:34 -0300] "GET /manager/html HTTP/1.1" 401 2474
190.171.141.90 - - [28/Oct/2022:12:38:34 -0300] "GET /cormun/servlet/permisogoce?INS,0,,, HTTP/1.1" 200 6831
18.163.206.128 - - [28/Oct/2022:12:38:34 -0300] "GET /manager/html HTTP/1.1" 401 2474
18.163.206.128 - - [28/Oct/2022:12:38:34 -0300] "GET /manager/html HTTP/1.1" 401 2474
18.163.206.128 - - [28/Oct/2022:12:38:35 -0300] "GET /manager/html HTTP/1.1" 401 2474
18.163.206.128 - - [28/Oct/2022:12:38:35 -0300] "GET /manager/html HTTP/1.1" 401 2474
18.163.206.128 - - [28/Oct/2022:12:38:35 -0300] "GET /manager/html HTTP/1.1" 401 2474
18.163.206.128 - - [28/Oct/2022:12:38:36 -0300] "GET /manager/html HTTP/1.1" 401 2474
18.163.206.128 - - [28/Oct/2022:12:38:36 -0300] "GET /manager/html HTTP/1.1" 401 2474
18.163.206.128 - - [28/Oct/2022:12:38:36 -0300] "GET /manager/html HTTP/1.1" 401 2474
18.163.206.128 - - [28/Oct/2022:12:38:37 -0300] "GET /manager/html HTTP/1.1" 401 2474
190.171.141.90 - - [28/Oct/2022:12:38:37 -0300] "GET /cormun/servlet/prfichaempleado?,MD,,gxPopupLevel%3D0%3B HTTP/1.1" 200 9263
18.163.206.128 - - [28/Oct/2022:12:38:37 -0300] "GET /manager/html HTTP/1.1" 401 2474
18.163.206.128 - - [28/Oct/2022:12:38:37 -0300] "GET /manager/html HTTP/1.1" 401 2474
18.163.206.128 - - [28/Oct/2022:12:38:38 -0300] "GET /manager/html HTTP/1.1" 401 2474
18.163.206.128 - - [28/Oct/2022:12:38:38 -0300] "GET /manager/html HTTP/1.1" 401 2474
18.163.206.128 - - [28/Oct/2022:12:38:38 -0300] "GET /manager/html HTTP/1.1" 401 2474
18.163.206.128 - - [28/Oct/2022:12:38:39 -0300] "GET /manager/html HTTP/1.1" 401 2474
18.163.206.128 - - [28/Oct/2022:12:38:39 -0300] "GET /manager/html HTTP/1.1" 401 2474
18.163.206.128 - - [28/Oct/2022:12:38:39 -0300] "GET /manager/html HTTP/1.1" 401 2474
18.163.206.128 - - [28/Oct/2022:12:38:40 -0300] "GET /manager/html HTTP/1.1" 401 2474
18.163.206.128 - - [28/Oct/2022:12:38:40 -0300] "GET /manager/html HTTP/1.1" 401 2474
18.163.206.128 - - [28/Oct/2022:12:38:40 -0300] "GET /manager/html HTTP/1.1" 401 2474
18.163.206.128 - - [28/Oct/2022:12:38:41 -0300] "GET /manager/html HTTP/1.1" 401 2474
18.163.206.128 - - [28/Oct/2022:12:38:41 -0300] "GET /manager/html HTTP/1.1" 401 2474
18.163.206.128 - - [28/Oct/2022:12:38:41 -0300] "GET /manager/html HTTP/1.1" 401 2474
18.163.206.128 - - [28/Oct/2022:12:38:42 -0300] "GET /manager/html HTTP/1.1" 401 2474
18.163.206.128 - - [28/Oct/2022:12:38:42 -0300] "GET /manager/html HTTP/1.1" 401 2474
18.163.206.128 - - [28/Oct/2022:12:38:42 -0300] "GET /manager/html HTTP/1.1" 401 2474
18.163.206.128 - - [28/Oct/2022:12:38:43 -0300] "GET /manager/html HTTP/1.1" 401 2474
18.163.206.128 - - [28/Oct/2022:12:38:43 -0300] "GET /manager/html HTTP/1.1" 401 2474
18.163.206.128 - - [28/Oct/2022:12:38:43 -0300] "GET /manager/html HTTP/1.1" 401 2474
18.163.206.128 - - [28/Oct/2022:12:38:44 -0300] "GET /manager/html HTTP/1.1" 401 2474
18.163.206.128 - - [28/Oct/2022:12:38:44 -0300] "GET /manager/html HTTP/1.1" 401 2474
18.163.206.128 - - [28/Oct/2022:12:38:44 -0300] "GET /manager/html HTTP/1.1" 401 2474
190.171.141.90 - - [28/Oct/2022:12:38:45 -0300] "POST /cormun/servlet/prfichaempleado?45da0f285715c446d489b1d7310cd07b,,MD,,gxPopupLevel%3D0%3B,gx-no-cache=1666970662703 HTTP/1.1" 200 4578
18.163.206.128 - - [28/Oct/2022:12:38:45 -0300] "GET /manager/html HTTP/1.1" 401 2474
18.163.206.128 - - [28/Oct/2022:12:38:45 -0300] "GET /manager/html HTTP/1.1" 401 2474
18.163.206.128 - - [28/Oct/2022:12:38:45 -0300] "GET /manager/html HTTP/1.1" 401 2474
18.163.206.128 - - [28/Oct/2022:12:38:46 -0300] "GET /manager/html HTTP/1.1" 401 2474
18.163.206.128 - - [28/Oct/2022:12:38:46 -0300] "GET /manager/html HTTP/1.1" 401 2474
18.163.206.128 - - [28/Oct/2022:12:38:46 -0300] "GET /manager/html HTTP/1.1" 401 2474
18.163.206.128 - - [28/Oct/2022:12:38:47 -0300] "GET /manager/html HTTP/1.1" 401 2474
18.163.206.128 - - [28/Oct/2022:12:38:47 -0300] "GET /manager/html HTTP/1.1" 401 2474
18.163.206.128 - - [28/Oct/2022:12:38:47 -0300] "GET /manager/html HTTP/1.1" 401 2474
18.163.206.128 - - [28/Oct/2022:12:38:48 -0300] "GET /manager/html HTTP/1.1" 401 2474
18.163.206.128 - - [28/Oct/2022:12:38:48 -0300] "GET /manager/html HTTP/1.1" 401 2474
18.163.206.128 - - [28/Oct/2022:12:38:48 -0300] "GET /manager/html HTTP/1.1" 401 2474
18.163.206.128 - - [28/Oct/2022:12:38:49 -0300] "GET /manager/html HTTP/1.1" 401 2474
18.163.206.128 - - [28/Oct/2022:12:38:49 -0300] "GET /manager/html HTTP/1.1" 401 2474
18.163.206.128 - - [28/Oct/2022:12:38:49 -0300] "GET /manager/html HTTP/1.1" 401 2474
18.163.206.128 - - [28/Oct/2022:12:38:50 -0300] "GET /manager/html HTTP/1.1" 401 2474
18.163.206.128 - - [28/Oct/2022:12:38:50 -0300] "GET /manager/html HTTP/1.1" 401 2474
18.163.206.128 - - [28/Oct/2022:12:38:50 -0300] "GET /manager/html HTTP/1.1" 401 2474
18.163.206.128 - - [28/Oct/2022:12:38:51 -0300] "GET /manager/html HTTP/1.1" 401 2474
18.163.206.128 - - [28/Oct/2022:12:38:51 -0300] "GET /manager/html HTTP/1.1" 401 2474
18.163.206.128 - - [28/Oct/2022:12:38:51 -0300] "GET /manager/html HTTP/1.1" 401 2474
18.163.206.128 - - [28/Oct/2022:12:38:52 -0300] "GET /manager/html HTTP/1.1" 401 2474
18.163.206.128 - - [28/Oct/2022:12:38:52 -0300] "GET /manager/html HTTP/1.1" 401 2474
18.163.206.128 - - [28/Oct/2022:12:38:52 -0300] "GET /manager/html HTTP/1.1" 401 2474
18.163.206.128 - - [28/Oct/2022:12:38:53 -0300] "GET /manager/html HTTP/1.1" 401 2474
18.163.206.128 - - [28/Oct/2022:12:38:53 -0300] "GET /manager/html HTTP/1.1" 401 2474
18.163.206.128 - - [28/Oct/2022:12:38:53 -0300] "GET /manager/html HTTP/1.1" 401 2474
18.163.206.128 - - [28/Oct/2022:12:38:54 -0300] "GET /manager/html HTTP/1.1" 401 2474
18.163.206.128 - - [28/Oct/2022:12:38:54 -0300] "GET /manager/html HTTP/1.1" 401 2474
18.163.206.128 - - [28/Oct/2022:12:38:54 -0300] "GET /manager/html HTTP/1.1" 401 2474
18.163.206.128 - - [28/Oct/2022:12:38:55 -0300] "GET /manager/html HTTP/1.1" 401 2474
18.163.206.128 - - [28/Oct/2022:12:38:55 -0300] "GET /manager/html HTTP/1.1" 401 2474
18.163.206.128 - - [28/Oct/2022:12:38:55 -0300] "GET /manager/html HTTP/1.1" 401 2474
18.163.206.128 - - [28/Oct/2022:12:38:56 -0300] "GET /manager/html HTTP/1.1" 401 2474
18.163.206.128 - - [28/Oct/2022:12:38:56 -0300] "GET /manager/html HTTP/1.1" 401 2474
18.163.206.128 - - [28/Oct/2022:12:38:56 -0300] "GET /manager/html HTTP/1.1" 401 2474
18.163.206.128 - - [28/Oct/2022:12:38:57 -0300] "GET /manager/html HTTP/1.1" 401 2474
18.163.206.128 - - [28/Oct/2022:12:38:57 -0300] "GET /manager/html HTTP/1.1" 401 2474
18.163.206.128 - - [28/Oct/2022:12:38:57 -0300] "GET /manager/html HTTP/1.1" 401 2474
18.163.206.128 - - [28/Oct/2022:12:38:58 -0300] "GET /manager/html HTTP/1.1" 401 2474
18.163.206.128 - - [28/Oct/2022:12:38:58 -0300] "GET /manager/html HTTP/1.1" 401 2474
18.163.206.128 - - [28/Oct/2022:12:38:58 -0300] "GET /manager/html HTTP/1.1" 401 2474
18.163.206.128 - - [28/Oct/2022:12:38:59 -0300] "GET /manager/html HTTP/1.1" 401 2474
18.163.206.128 - - [28/Oct/2022:12:38:59 -0300] "GET /manager/html HTTP/1.1" 401 2474
18.163.206.128 - - [28/Oct/2022:12:38:59 -0300] "GET /manager/html HTTP/1.1" 401 2474
18.163.206.128 - - [28/Oct/2022:12:39:00 -0300] "GET /manager/html HTTP/1.1" 401 2474
18.163.206.128 - - [28/Oct/2022:12:39:00 -0300] "GET /manager/html HTTP/1.1" 401 2474
18.163.206.128 - - [28/Oct/2022:12:39:00 -0300] "GET /manager/html HTTP/1.1" 401 2474
18.163.206.128 - - [28/Oct/2022:12:39:01 -0300] "GET /manager/html HTTP/1.1" 401 2474
18.163.206.128 - - [28/Oct/2022:12:39:01 -0300] "GET /manager/html HTTP/1.1" 401 2474
190.171.141.90 - - [28/Oct/2022:12:39:01 -0300] "GET /cormun/servlet/permisogoce?f05a92ac0be41db28f3bdffbf6eeb2e16c80ea7793caf1cd3ce6460b3bcc48e0009ad52a6024240c889c1d149b39cd028e9e03bd8c163fdf58ea262c1502efaa,gx-no-cache=1666970679393 HTTP/1.1" 200 81
190.171.141.90 - - [28/Oct/2022:12:39:01 -0300] "GET /cormun/static/menuarrow.gif HTTP/1.1" 404 1015
18.163.206.128 - - [28/Oct/2022:12:39:01 -0300] "GET /manager/html HTTP/1.1" 401 2474
18.163.206.128 - - [28/Oct/2022:12:39:02 -0300] "GET /manager/html HTTP/1.1" 401 2474
18.163.206.128 - - [28/Oct/2022:12:39:02 -0300] "GET /manager/html HTTP/1.1" 401 2474
18.163.206.128 - - [28/Oct/2022:12:39:02 -0300] "GET /manager/html HTTP/1.1" 401 2474
18.163.206.128 - - [28/Oct/2022:12:39:03 -0300] "GET /manager/html HTTP/1.1" 401 2474
18.163.206.128 - - [28/Oct/2022:12:39:03 -0300] "GET /manager/html HTTP/1.1" 401 2474
18.163.206.128 - - [28/Oct/2022:12:39:03 -0300] "GET /manager/html HTTP/1.1" 401 2474
18.163.206.128 - - [28/Oct/2022:12:39:04 -0300] "GET /manager/html HTTP/1.1" 401 2474
18.163.206.128 - - [28/Oct/2022:12:39:04 -0300] "GET /manager/html HTTP/1.1" 401 2474
18.163.206.128 - - [28/Oct/2022:12:39:04 -0300] "GET /manager/html HTTP/1.1" 401 2474
18.163.206.128 - - [28/Oct/2022:12:39:05 -0300] "GET /manager/html HTTP/1.1" 401 2474
18.163.206.128 - - [28/Oct/2022:12:39:05 -0300] "GET /manager/html HTTP/1.1" 401 2474
18.163.206.128 - - [28/Oct/2022:12:39:06 -0300] "GET /manager/html HTTP/1.1" 401 2474
190.171.141.90 - - [28/Oct/2022:12:39:06 -0300] "GET /cormun/servlet/permisogoce?f05a92ac0be41db28f3bdffbf6eeb2e1c1e9d49aa734a5f1bb371ecabf9f40043bde5a340218332d6af5efc9311eddf74297b2abff5ec6e01d954c62c7cea37a,gx-no-cache=1666970683868 HTTP/1.1" 200 48
18.163.206.128 - - [28/Oct/2022:12:39:06 -0300] "GET /manager/html HTTP/1.1" 401 2474
18.163.206.128 - - [28/Oct/2022:12:39:06 -0300] "GET /manager/html HTTP/1.1" 401 2474
18.163.206.128 - - [28/Oct/2022:12:39:07 -0300] "GET /manager/html HTTP/1.1" 401 2474
190.171.141.90 - - [28/Oct/2022:12:39:07 -0300] "POST /cormun/servlet/permisogoce?45da0f285715c446d489b1d7310cd07b,INS,0,,,,gx-no-cache=1666970684641 HTTP/1.1" 200 93
190.171.141.90 - - [28/Oct/2022:12:39:07 -0300] "GET /cormun/servlet/hpexe_return? HTTP/1.1" 200 1030
18.163.206.128 - - [28/Oct/2022:12:39:07 -0300] "GET /manager/html HTTP/1.1" 401 2474
190.171.141.90 - - [28/Oct/2022:12:39:07 -0300] "GET /cormun/servlet/trpermisosgoce?gx-no-cache=1666970588925 HTTP/1.1" 200 18333
18.163.206.128 - - [28/Oct/2022:12:39:07 -0300] "GET /manager/html HTTP/1.1" 401 2474
18.163.206.128 - - [28/Oct/2022:12:39:08 -0300] "GET /manager/html HTTP/1.1" 401 2474
190.171.141.90 - - [28/Oct/2022:12:39:08 -0300] "GET /cormun/servlet/trpermisosgoce?gx-no-cache=1666970588925 HTTP/1.1" 200 18381
18.163.206.128 - - [28/Oct/2022:12:39:08 -0300] "GET /manager/html HTTP/1.1" 401 2474
18.163.206.128 - - [28/Oct/2022:12:39:08 -0300] "GET /manager/html HTTP/1.1" 401 2474
18.163.206.128 - - [28/Oct/2022:12:39:09 -0300] "GET /manager/html HTTP/1.1" 401 2474
18.163.206.128 - - [28/Oct/2022:12:39:09 -0300] "GET /manager/html HTTP/1.1" 401 2474
18.163.206.128 - - [28/Oct/2022:12:39:10 -0300] "GET /manager/html HTTP/1.1" 401 2474
18.163.206.128 - - [28/Oct/2022:12:39:10 -0300] "GET /manager/html HTTP/1.1" 401 2474
190.171.141.90 - - [28/Oct/2022:12:39:10 -0300] "POST /cormun/servlet/trpermisosgoce?45da0f285715c446d489b1d7310cd07b,gx-no-cache=1666970588925,gx-no-cache=1666970687989 HTTP/1.1" 200 15701
18.163.206.128 - - [28/Oct/2022:12:39:10 -0300] "GET /manager/html HTTP/1.1" 401 2474
190.171.141.90 - - [28/Oct/2022:12:39:10 -0300] "GET /cormun/static/Shared/jqueryui/images/ui-bg_highlight-soft_100_c6c2c8_1x100.png HTTP/1.1" 404 1117
190.171.141.90 - - [28/Oct/2022:12:39:10 -0300] "GET /cormun/static/Shared/jqueryui/images/ui-icons_82798d_256x240.png HTTP/1.1" 404 1089
190.171.141.90 - - [28/Oct/2022:12:39:10 -0300] "GET /cormun/static/Shared/jqueryui/images/ui-icons_8d78a5_256x240.png HTTP/1.1" 404 1089
190.171.141.90 - - [28/Oct/2022:12:39:10 -0300] "GET /cormun/static/Shared/jqueryui/images/ui-bg_flat_55_fafafa_40x100.png HTTP/1.1" 404 1097
190.171.141.90 - - [28/Oct/2022:12:39:10 -0300] "GET /cormun/static/Resources/PXToolsGridLast.gif HTTP/1.1" 200 370
190.171.141.90 - - [28/Oct/2022:12:39:10 -0300] "GET /cormun/static/Resources/PXToolsGridNext.gif HTTP/1.1" 200 369
18.163.206.128 - - [28/Oct/2022:12:39:11 -0300] "GET /manager/html HTTP/1.1" 401 2474
18.163.206.128 - - [28/Oct/2022:12:39:11 -0300] "GET /manager/html HTTP/1.1" 401 2474
18.163.206.128 - - [28/Oct/2022:12:39:11 -0300] "GET /manager/html HTTP/1.1" 401 2474
18.163.206.128 - - [28/Oct/2022:12:39:12 -0300] "GET /manager/html HTTP/1.1" 401 2474
18.163.206.128 - - [28/Oct/2022:12:39:12 -0300] "GET /manager/html HTTP/1.1" 401 2474
18.163.206.128 - - [28/Oct/2022:12:39:12 -0300] "GET /manager/html HTTP/1.1" 401 2474
18.163.206.128 - - [28/Oct/2022:12:39:13 -0300] "GET /manager/html HTTP/1.1" 401 2474
18.163.206.128 - - [28/Oct/2022:12:39:13 -0300] "GET /manager/html HTTP/1.1" 401 2474
18.163.206.128 - - [28/Oct/2022:12:39:13 -0300] "GET /manager/html HTTP/1.1" 401 2474
18.163.206.128 - - [28/Oct/2022:12:39:14 -0300] "GET /manager/html HTTP/1.1" 401 2474
18.163.206.128 - - [28/Oct/2022:12:39:14 -0300] "GET /manager/html HTTP/1.1" 401 2474
18.163.206.128 - - [28/Oct/2022:12:39:14 -0300] "GET /manager/html HTTP/1.1" 401 2474
18.163.206.128 - - [28/Oct/2022:12:39:15 -0300] "GET /manager/html HTTP/1.1" 401 2474
18.163.206.128 - - [28/Oct/2022:12:39:15 -0300] "GET /manager/html HTTP/1.1" 401 2474
18.163.206.128 - - [28/Oct/2022:12:39:15 -0300] "GET /manager/html HTTP/1.1" 401 2474
18.163.206.128 - - [28/Oct/2022:12:39:16 -0300] "GET /manager/html HTTP/1.1" 401 2474
18.163.206.128 - - [28/Oct/2022:12:39:16 -0300] "GET /manager/html HTTP/1.1" 401 2474
18.163.206.128 - - [28/Oct/2022:12:39:16 -0300] "GET /manager/html HTTP/1.1" 401 2474
18.163.206.128 - - [28/Oct/2022:12:39:17 -0300] "GET /manager/html HTTP/1.1" 401 2474
18.163.206.128 - - [28/Oct/2022:12:39:17 -0300] "GET /manager/html HTTP/1.1" 401 2474
18.163.206.128 - - [28/Oct/2022:12:39:17 -0300] "GET /manager/html HTTP/1.1" 401 2474
18.163.206.128 - - [28/Oct/2022:12:39:18 -0300] "GET /manager/html HTTP/1.1" 401 2474
18.163.206.128 - - [28/Oct/2022:12:39:18 -0300] "GET /manager/html HTTP/1.1" 401 2474
18.163.206.128 - - [28/Oct/2022:12:39:18 -0300] "GET /manager/html HTTP/1.1" 401 2474
18.163.206.128 - - [28/Oct/2022:12:39:19 -0300] "GET /manager/html HTTP/1.1" 401 2474
18.163.206.128 - - [28/Oct/2022:12:39:19 -0300] "GET /manager/html HTTP/1.1" 401 2474
18.163.206.128 - - [28/Oct/2022:12:39:19 -0300] "GET /manager/html HTTP/1.1" 401 2474
18.163.206.128 - - [28/Oct/2022:12:39:20 -0300] "GET /manager/html HTTP/1.1" 401 2474
18.163.206.128 - - [28/Oct/2022:12:39:20 -0300] "GET /manager/html HTTP/1.1" 401 2474
18.163.206.128 - - [28/Oct/2022:12:39:20 -0300] "GET /manager/html HTTP/1.1" 401 2474
18.163.206.128 - - [28/Oct/2022:12:39:21 -0300] "GET /manager/html HTTP/1.1" 401 2474
18.163.206.128 - - [28/Oct/2022:12:39:21 -0300] "GET /manager/html HTTP/1.1" 401 2474
18.163.206.128 - - [28/Oct/2022:12:39:21 -0300] "GET /manager/html HTTP/1.1" 401 2474
190.171.141.90 - - [28/Oct/2022:12:39:21 -0300] "GET /cormun/servlet/trpermisosadjuntos?8586448,20221028122108,P, HTTP/1.1" 200 6310
18.163.206.128 - - [28/Oct/2022:12:39:22 -0300] "GET /manager/html HTTP/1.1" 401 2474
190.171.141.90 - - [28/Oct/2022:12:39:22 -0300] "GET /cormun/servlet/trpermisosadjuntos?8586448,20221028122108,P, HTTP/1.1" 200 6289
18.163.206.128 - - [28/Oct/2022:12:39:22 -0300] "GET /manager/html HTTP/1.1" 401 2474
18.163.206.128 - - [28/Oct/2022:12:39:22 -0300] "GET /manager/html HTTP/1.1" 401 2474
18.163.206.128 - - [28/Oct/2022:12:39:23 -0300] "GET /manager/html HTTP/1.1" 401 2474
18.163.206.128 - - [28/Oct/2022:12:39:23 -0300] "GET /manager/html HTTP/1.1" 401 2474
190.171.141.90 - - [28/Oct/2022:12:39:23 -0300] "GET /cormun/servlet/permisosadjuntos?INS,8586448,P,20221028122108,, HTTP/1.1" 200 5605
190.171.141.90 - - [28/Oct/2022:12:39:23 -0300] "GET /cormun/static/about:blank HTTP/1.1" 404 1011
190.171.141.90 - - [28/Oct/2022:12:39:23 -0300] "GET /cormun/servlet/permisosadjuntos?INS,8586448,P,20221028122108,, HTTP/1.1" 200 5595
18.163.206.128 - - [28/Oct/2022:12:39:23 -0300] "GET /manager/html HTTP/1.1" 401 2474
18.163.206.128 - - [28/Oct/2022:12:39:24 -0300] "GET /manager/html HTTP/1.1" 401 2474
18.163.206.128 - - [28/Oct/2022:12:39:24 -0300] "GET /manager/html HTTP/1.1" 401 2474
18.163.206.128 - - [28/Oct/2022:12:39:24 -0300] "GET /manager/html HTTP/1.1" 401 2474
18.163.206.128 - - [28/Oct/2022:12:39:25 -0300] "GET /manager/html HTTP/1.1" 401 2474
18.163.206.128 - - [28/Oct/2022:12:39:25 -0300] "GET /manager/html HTTP/1.1" 401 2474
18.163.206.128 - - [28/Oct/2022:12:39:26 -0300] "GET /manager/html HTTP/1.1" 401 2474
18.163.206.128 - - [28/Oct/2022:12:39:26 -0300] "GET /manager/html HTTP/1.1" 401 2474
18.163.206.128 - - [28/Oct/2022:12:39:26 -0300] "GET /manager/html HTTP/1.1" 401 2474
18.163.206.128 - - [28/Oct/2022:12:39:26 -0300] "GET /manager/html HTTP/1.1" 401 2474
18.163.206.128 - - [28/Oct/2022:12:39:27 -0300] "GET /manager/html HTTP/1.1" 401 2474
18.163.206.128 - - [28/Oct/2022:12:39:27 -0300] "GET /manager/html HTTP/1.1" 401 2474
18.163.206.128 - - [28/Oct/2022:12:39:27 -0300] "GET /manager/html HTTP/1.1" 401 2474
18.163.206.128 - - [28/Oct/2022:12:39:28 -0300] "GET /manager/html HTTP/1.1" 401 2474
18.163.206.128 - - [28/Oct/2022:12:39:28 -0300] "GET /manager/html HTTP/1.1" 401 2474
18.163.206.128 - - [28/Oct/2022:12:39:28 -0300] "GET /manager/html HTTP/1.1" 401 2474
18.163.206.128 - - [28/Oct/2022:12:39:29 -0300] "GET /manager/html HTTP/1.1" 401 2474
18.163.206.128 - - [28/Oct/2022:12:39:29 -0300] "GET /manager/html HTTP/1.1" 401 2474
18.163.206.128 - - [28/Oct/2022:12:39:29 -0300] "GET /manager/html HTTP/1.1" 401 2474
18.163.206.128 - - [28/Oct/2022:12:39:31 -0300] "GET /manager/html HTTP/1.1" 401 2474
18.163.206.128 - - [28/Oct/2022:12:39:31 -0300] "GET /manager/html HTTP/1.1" 401 2474
18.163.206.128 - - [28/Oct/2022:12:39:31 -0300] "GET /manager/html HTTP/1.1" 401 2474
18.163.206.128 - - [28/Oct/2022:12:39:32 -0300] "GET /manager/html HTTP/1.1" 401 2474
18.163.206.128 - - [28/Oct/2022:12:39:32 -0300] "GET /manager/html HTTP/1.1" 401 2474
18.163.206.128 - - [28/Oct/2022:12:39:32 -0300] "GET /manager/html HTTP/1.1" 401 2474
18.163.206.128 - - [28/Oct/2022:12:39:33 -0300] "GET /manager/html HTTP/1.1" 401 2474
18.163.206.128 - - [28/Oct/2022:12:39:33 -0300] "GET /manager/html HTTP/1.1" 401 2474
18.163.206.128 - - [28/Oct/2022:12:39:33 -0300] "GET /manager/html HTTP/1.1" 401 2474
18.163.206.128 - - [28/Oct/2022:12:39:34 -0300] "GET /manager/html HTTP/1.1" 401 2474
18.163.206.128 - - [28/Oct/2022:12:39:34 -0300] "GET /manager/html HTTP/1.1" 401 2474
18.163.206.128 - - [28/Oct/2022:12:39:34 -0300] "GET /manager/html HTTP/1.1" 401 2474
18.163.206.128 - - [28/Oct/2022:12:39:35 -0300] "GET /manager/html HTTP/1.1" 401 2474
18.163.206.128 - - [28/Oct/2022:12:39:35 -0300] "GET /manager/html HTTP/1.1" 401 2474
18.163.206.128 - - [28/Oct/2022:12:39:35 -0300] "GET /manager/html HTTP/1.1" 401 2474
18.163.206.128 - - [28/Oct/2022:12:39:36 -0300] "GET /manager/html HTTP/1.1" 401 2474
18.163.206.128 - - [28/Oct/2022:12:39:36 -0300] "GET /manager/html HTTP/1.1" 401 2474
18.163.206.128 - - [28/Oct/2022:12:39:36 -0300] "GET /manager/html HTTP/1.1" 401 2474
18.163.206.128 - - [28/Oct/2022:12:39:37 -0300] "GET /manager/html HTTP/1.1" 401 2474
18.163.206.128 - - [28/Oct/2022:12:39:37 -0300] "GET /manager/html HTTP/1.1" 401 2474
18.163.206.128 - - [28/Oct/2022:12:39:38 -0300] "GET /manager/html HTTP/1.1" 401 2474
18.163.206.128 - - [28/Oct/2022:12:39:38 -0300] "GET /manager/html HTTP/1.1" 401 2474
18.163.206.128 - - [28/Oct/2022:12:39:38 -0300] "GET /manager/html HTTP/1.1" 401 2474
18.163.206.128 - - [28/Oct/2022:12:39:39 -0300] "GET /manager/html HTTP/1.1" 401 2474
18.163.206.128 - - [28/Oct/2022:12:39:39 -0300] "GET /manager/html HTTP/1.1" 401 2474
18.163.206.128 - - [28/Oct/2022:12:39:39 -0300] "GET /manager/html HTTP/1.1" 401 2474
18.163.206.128 - - [28/Oct/2022:12:39:40 -0300] "GET /manager/html HTTP/1.1" 401 2474
18.163.206.128 - - [28/Oct/2022:12:39:40 -0300] "GET /manager/html HTTP/1.1" 401 2474
18.163.206.128 - - [28/Oct/2022:12:39:40 -0300] "GET /manager/html HTTP/1.1" 401 2474
18.163.206.128 - - [28/Oct/2022:12:39:41 -0300] "GET /manager/html HTTP/1.1" 401 2474
18.163.206.128 - - [28/Oct/2022:12:39:41 -0300] "GET /manager/html HTTP/1.1" 401 2474
18.163.206.128 - - [28/Oct/2022:12:39:41 -0300] "GET /manager/html HTTP/1.1" 401 2474
163.247.41.10 - - [28/Oct/2022:12:39:42 -0300] "GET /cormun/servlet/hlogin HTTP/1.1" 200 1733
18.163.206.128 - - [28/Oct/2022:12:39:42 -0300] "GET /manager/html HTTP/1.1" 401 2474
18.163.206.128 - - [28/Oct/2022:12:39:42 -0300] "GET /manager/html HTTP/1.1" 401 2474
18.163.206.128 - - [28/Oct/2022:12:39:42 -0300] "GET /manager/html HTTP/1.1" 401 2474
18.163.206.128 - - [28/Oct/2022:12:39:43 -0300] "GET /manager/html HTTP/1.1" 401 2474
18.163.206.128 - - [28/Oct/2022:12:39:43 -0300] "GET /manager/html HTTP/1.1" 401 2474
18.163.206.128 - - [28/Oct/2022:12:39:43 -0300] "GET /manager/html HTTP/1.1" 401 2474
18.163.206.128 - - [28/Oct/2022:12:39:44 -0300] "GET /manager/html HTTP/1.1" 401 2474
18.163.206.128 - - [28/Oct/2022:12:39:44 -0300] "GET /manager/html HTTP/1.1" 401 2474
18.163.206.128 - - [28/Oct/2022:12:39:45 -0300] "GET /manager/html HTTP/1.1" 401 2474
18.163.206.128 - - [28/Oct/2022:12:39:45 -0300] "GET /manager/html HTTP/1.1" 401 2474
18.163.206.128 - - [28/Oct/2022:12:39:45 -0300] "GET /manager/html HTTP/1.1" 401 2474
18.163.206.128 - - [28/Oct/2022:12:39:46 -0300] "GET /manager/html HTTP/1.1" 401 2474
190.171.141.90 - - [28/Oct/2022:12:39:46 -0300] "POST /cormun/servlet/permisosadjuntos?45da0f285715c446d489b1d7310cd07b,INS,8586448,P,20221028122108,, HTTP/1.1" 200 116
190.171.141.90 - - [28/Oct/2022:12:39:46 -0300] "GET /cormun/servlet/hpexe_return? HTTP/1.1" 200 1033
190.171.141.90 - - [28/Oct/2022:12:39:46 -0300] "GET /cormun/servlet/trpermisosadjuntos?8586448,20221028122108,P, HTTP/1.1" 200 6746
18.163.206.128 - - [28/Oct/2022:12:39:46 -0300] "GET /manager/html HTTP/1.1" 401 2474
190.171.141.90 - - [28/Oct/2022:12:39:46 -0300] "GET /cormun/servlet/trpermisosadjuntos?8586448,20221028122108,P, HTTP/1.1" 200 6742
18.163.206.128 - - [28/Oct/2022:12:39:46 -0300] "GET /manager/html HTTP/1.1" 401 2474
18.163.206.128 - - [28/Oct/2022:12:39:47 -0300] "GET /manager/html HTTP/1.1" 401 2474
18.163.206.128 - - [28/Oct/2022:12:39:47 -0300] "GET /manager/html HTTP/1.1" 401 2474
18.163.206.128 - - [28/Oct/2022:12:39:47 -0300] "GET /manager/html HTTP/1.1" 401 2474
18.163.206.128 - - [28/Oct/2022:12:39:48 -0300] "GET /manager/html HTTP/1.1" 401 2474
18.163.206.128 - - [28/Oct/2022:12:39:48 -0300] "GET /manager/html HTTP/1.1" 401 2474
18.163.206.128 - - [28/Oct/2022:12:39:48 -0300] "GET /manager/html HTTP/1.1" 401 2474
190.171.141.90 - - [28/Oct/2022:12:39:49 -0300] "POST /cormun/servlet/trpermisosadjuntos?45da0f285715c446d489b1d7310cd07b,8586448,20221028122108,P,,gx-no-cache=1666970726696 HTTP/1.1" 200 90
190.171.141.90 - - [28/Oct/2022:12:39:49 -0300] "GET /cormun/servlet/hpexe_link HTTP/1.1" 200 1001
18.163.206.128 - - [28/Oct/2022:12:39:49 -0300] "GET /manager/html HTTP/1.1" 401 2474
190.171.141.90 - - [28/Oct/2022:12:39:49 -0300] "GET /cormun/servlet/trpermisosgoce?gx-no-cache=1666970588925 HTTP/1.1" 200 18358
18.163.206.128 - - [28/Oct/2022:12:39:49 -0300] "GET /manager/html HTTP/1.1" 401 2474
190.171.141.90 - - [28/Oct/2022:12:39:49 -0300] "GET /cormun/servlet/trpermisosgoce?gx-no-cache=1666970588925 HTTP/1.1" 200 18371
18.163.206.128 - - [28/Oct/2022:12:39:49 -0300] "GET /manager/html HTTP/1.1" 401 2474
18.163.206.128 - - [28/Oct/2022:12:39:50 -0300] "GET /manager/html HTTP/1.1" 401 2474
18.163.206.128 - - [28/Oct/2022:12:39:50 -0300] "GET /manager/html HTTP/1.1" 401 2474
18.163.206.128 - - [28/Oct/2022:12:39:50 -0300] "GET /manager/html HTTP/1.1" 401 2474
18.163.206.128 - - [28/Oct/2022:12:39:51 -0300] "GET /manager/html HTTP/1.1" 401 2474
18.163.206.128 - - [28/Oct/2022:12:39:51 -0300] "GET /manager/html HTTP/1.1" 401 2474
18.163.206.128 - - [28/Oct/2022:12:39:52 -0300] "GET /manager/html HTTP/1.1" 401 2474
190.171.141.90 - - [28/Oct/2022:12:39:52 -0300] "POST /cormun/servlet/trpermisosgoce?45da0f285715c446d489b1d7310cd07b,gx-no-cache=1666970588925,gx-no-cache=1666970729366 HTTP/1.1" 200 15631
190.171.141.90 - - [28/Oct/2022:12:39:52 -0300] "GET /cormun/static/Shared/jqueryui/images/ui-bg_highlight-soft_100_c6c2c8_1x100.png HTTP/1.1" 404 1117
190.171.141.90 - - [28/Oct/2022:12:39:52 -0300] "GET /cormun/static/Shared/jqueryui/images/ui-icons_82798d_256x240.png HTTP/1.1" 404 1089
190.171.141.90 - - [28/Oct/2022:12:39:52 -0300] "GET /cormun/static/Shared/jqueryui/images/ui-bg_flat_55_fafafa_40x100.png HTTP/1.1" 404 1097
190.171.141.90 - - [28/Oct/2022:12:39:52 -0300] "GET /cormun/static/Shared/jqueryui/images/ui-icons_8d78a5_256x240.png HTTP/1.1" 404 1089
18.163.206.128 - - [28/Oct/2022:12:39:52 -0300] "GET /manager/html HTTP/1.1" 401 2474
18.163.206.128 - - [28/Oct/2022:12:39:52 -0300] "GET /manager/html HTTP/1.1" 401 2474
18.163.206.128 - - [28/Oct/2022:12:39:53 -0300] "GET /manager/html HTTP/1.1" 401 2474
18.163.206.128 - - [28/Oct/2022:12:39:53 -0300] "GET /manager/html HTTP/1.1" 401 2474
18.163.206.128 - - [28/Oct/2022:12:39:53 -0300] "GET /manager/html HTTP/1.1" 401 2474
18.163.206.128 - - [28/Oct/2022:12:39:54 -0300] "GET /manager/html HTTP/1.1" 401 2474
18.163.206.128 - - [28/Oct/2022:12:39:54 -0300] "GET /manager/html HTTP/1.1" 401 2474
18.163.206.128 - - [28/Oct/2022:12:39:54 -0300] "GET /manager/html HTTP/1.1" 401 2474
18.163.206.128 - - [28/Oct/2022:12:39:55 -0300] "GET /manager/html HTTP/1.1" 401 2474
18.163.206.128 - - [28/Oct/2022:12:39:55 -0300] "GET /manager/html HTTP/1.1" 401 2474
18.163.206.128 - - [28/Oct/2022:12:39:55 -0300] "GET /manager/html HTTP/1.1" 401 2474
18.163.206.128 - - [28/Oct/2022:12:39:56 -0300] "GET /manager/html HTTP/1.1" 401 2474
18.163.206.128 - - [28/Oct/2022:12:39:56 -0300] "GET /manager/html HTTP/1.1" 401 2474
18.163.206.128 - - [28/Oct/2022:12:39:57 -0300] "GET /manager/html HTTP/1.1" 401 2474
18.163.206.128 - - [28/Oct/2022:12:39:57 -0300] "GET /manager/html HTTP/1.1" 401 2474
18.163.206.128 - - [28/Oct/2022:12:39:57 -0300] "GET /manager/html HTTP/1.1" 401 2474
18.163.206.128 - - [28/Oct/2022:12:39:58 -0300] "GET /manager/html HTTP/1.1" 401 2474
18.163.206.128 - - [28/Oct/2022:12:39:58 -0300] "GET /manager/html HTTP/1.1" 401 2474
18.163.206.128 - - [28/Oct/2022:12:39:58 -0300] "GET /manager/html HTTP/1.1" 401 2474
18.163.206.128 - - [28/Oct/2022:12:39:59 -0300] "GET /manager/html HTTP/1.1" 401 2474
18.163.206.128 - - [28/Oct/2022:12:39:59 -0300] "GET /manager/html HTTP/1.1" 401 2474
18.163.206.128 - - [28/Oct/2022:12:39:59 -0300] "GET /manager/html HTTP/1.1" 401 2474
18.163.206.128 - - [28/Oct/2022:12:40:00 -0300] "GET /manager/html HTTP/1.1" 401 2474
18.163.206.128 - - [28/Oct/2022:12:40:00 -0300] "GET /manager/html HTTP/1.1" 401 2474
18.163.206.128 - - [28/Oct/2022:12:40:00 -0300] "GET /manager/html HTTP/1.1" 401 2474
18.163.206.128 - - [28/Oct/2022:12:40:01 -0300] "GET /manager/html HTTP/1.1" 401 2474
18.163.206.128 - - [28/Oct/2022:12:40:01 -0300] "GET /manager/html HTTP/1.1" 401 2474
18.163.206.128 - - [28/Oct/2022:12:40:01 -0300] "GET /manager/html HTTP/1.1" 401 2474
18.163.206.128 - - [28/Oct/2022:12:40:02 -0300] "GET /manager/html HTTP/1.1" 401 2474
18.163.206.128 - - [28/Oct/2022:12:40:02 -0300] "GET /manager/html HTTP/1.1" 401 2474
18.163.206.128 - - [28/Oct/2022:12:40:02 -0300] "GET /manager/html HTTP/1.1" 401 2474
18.163.206.128 - - [28/Oct/2022:12:40:03 -0300] "GET /manager/html HTTP/1.1" 401 2474
190.171.141.90 - - [28/Oct/2022:12:40:03 -0300] "GET /cormun/servlet/permisogoce?INS,0,,, HTTP/1.1" 200 6855
18.163.206.128 - - [28/Oct/2022:12:40:03 -0300] "GET /manager/html HTTP/1.1" 401 2474
190.171.141.90 - - [28/Oct/2022:12:40:03 -0300] "GET /cormun/servlet/permisogoce?INS,0,,, HTTP/1.1" 200 6832
18.163.206.128 - - [28/Oct/2022:12:40:03 -0300] "GET /manager/html HTTP/1.1" 401 2474
18.163.206.128 - - [28/Oct/2022:12:40:04 -0300] "GET /manager/html HTTP/1.1" 401 2474
18.163.206.128 - - [28/Oct/2022:12:40:04 -0300] "GET /manager/html HTTP/1.1" 401 2474
18.163.206.128 - - [28/Oct/2022:12:40:05 -0300] "GET /manager/html HTTP/1.1" 401 2474
18.163.206.128 - - [28/Oct/2022:12:40:05 -0300] "GET /manager/html HTTP/1.1" 401 2474
18.163.206.128 - - [28/Oct/2022:12:40:05 -0300] "GET /manager/html HTTP/1.1" 401 2474
18.163.206.128 - - [28/Oct/2022:12:40:06 -0300] "GET /manager/html HTTP/1.1" 401 2474
18.163.206.128 - - [28/Oct/2022:12:40:06 -0300] "GET /manager/html HTTP/1.1" 401 2474
18.163.206.128 - - [28/Oct/2022:12:40:07 -0300] "GET /manager/html HTTP/1.1" 401 2474
18.163.206.128 - - [28/Oct/2022:12:40:07 -0300] "GET /manager/html HTTP/1.1" 401 2474
18.163.206.128 - - [28/Oct/2022:12:40:07 -0300] "GET /manager/html HTTP/1.1" 401 2474
190.171.141.90 - - [28/Oct/2022:12:40:07 -0300] "GET /cormun/servlet/prfichaempleado?,MD,,gxPopupLevel%3D0%3B HTTP/1.1" 200 9263
18.163.206.128 - - [28/Oct/2022:12:40:08 -0300] "GET /manager/html HTTP/1.1" 401 2474
18.163.206.128 - - [28/Oct/2022:12:40:08 -0300] "GET /manager/html HTTP/1.1" 401 2474
18.163.206.128 - - [28/Oct/2022:12:40:08 -0300] "GET /manager/html HTTP/1.1" 401 2474
18.163.206.128 - - [28/Oct/2022:12:40:09 -0300] "GET /manager/html HTTP/1.1" 401 2474
18.163.206.128 - - [28/Oct/2022:12:40:09 -0300] "GET /manager/html HTTP/1.1" 401 2474
18.163.206.128 - - [28/Oct/2022:12:40:09 -0300] "GET /manager/html HTTP/1.1" 401 2474
18.163.206.128 - - [28/Oct/2022:12:40:10 -0300] "GET /manager/html HTTP/1.1" 401 2474
18.163.206.128 - - [28/Oct/2022:12:40:10 -0300] "GET /manager/html HTTP/1.1" 401 2474
18.163.206.128 - - [28/Oct/2022:12:40:10 -0300] "GET /manager/html HTTP/1.1" 401 2474
18.163.206.128 - - [28/Oct/2022:12:40:11 -0300] "GET /manager/html HTTP/1.1" 401 2474
18.163.206.128 - - [28/Oct/2022:12:40:11 -0300] "GET /manager/html HTTP/1.1" 401 2474
18.163.206.128 - - [28/Oct/2022:12:40:11 -0300] "GET /manager/html HTTP/1.1" 401 2474
18.163.206.128 - - [28/Oct/2022:12:40:12 -0300] "GET /manager/html HTTP/1.1" 401 2474
18.163.206.128 - - [28/Oct/2022:12:40:12 -0300] "GET /manager/html HTTP/1.1" 401 2474
18.163.206.128 - - [28/Oct/2022:12:40:12 -0300] "GET /manager/html HTTP/1.1" 401 2474
18.163.206.128 - - [28/Oct/2022:12:40:13 -0300] "GET /manager/html HTTP/1.1" 401 2474
18.163.206.128 - - [28/Oct/2022:12:40:13 -0300] "GET /manager/html HTTP/1.1" 401 2474
18.163.206.128 - - [28/Oct/2022:12:40:13 -0300] "GET /manager/html HTTP/1.1" 401 2474
18.163.206.128 - - [28/Oct/2022:12:40:14 -0300] "GET /manager/html HTTP/1.1" 401 2474
18.163.206.128 - - [28/Oct/2022:12:40:14 -0300] "GET /manager/html HTTP/1.1" 401 2474
18.163.206.128 - - [28/Oct/2022:12:40:14 -0300] "GET /manager/html HTTP/1.1" 401 2474
18.163.206.128 - - [28/Oct/2022:12:40:15 -0300] "GET /manager/html HTTP/1.1" 401 2474
18.163.206.128 - - [28/Oct/2022:12:40:15 -0300] "GET /manager/html HTTP/1.1" 401 2474
18.163.206.128 - - [28/Oct/2022:12:40:15 -0300] "GET /manager/html HTTP/1.1" 401 2474
18.163.206.128 - - [28/Oct/2022:12:40:16 -0300] "GET /manager/html HTTP/1.1" 401 2474
190.171.141.90 - - [28/Oct/2022:12:40:16 -0300] "POST /cormun/servlet/prfichaempleado?45da0f285715c446d489b1d7310cd07b,,MD,,gxPopupLevel%3D0%3B,gx-no-cache=1666970753752 HTTP/1.1" 200 3376
18.163.206.128 - - [28/Oct/2022:12:40:16 -0300] "GET /manager/html HTTP/1.1" 401 2474
18.163.206.128 - - [28/Oct/2022:12:40:16 -0300] "GET /manager/html HTTP/1.1" 401 2474
18.163.206.128 - - [28/Oct/2022:12:40:17 -0300] "GET /manager/html HTTP/1.1" 401 2474
18.163.206.128 - - [28/Oct/2022:12:40:17 -0300] "GET /manager/html HTTP/1.1" 401 2474
18.163.206.128 - - [28/Oct/2022:12:40:17 -0300] "GET /manager/html HTTP/1.1" 401 2474
18.163.206.128 - - [28/Oct/2022:12:40:17 -0300] "GET /manager/html HTTP/1.1" 401 2474
18.163.206.128 - - [28/Oct/2022:12:40:18 -0300] "GET /manager/html HTTP/1.1" 401 2474
18.163.206.128 - - [28/Oct/2022:12:40:18 -0300] "GET /manager/html HTTP/1.1" 401 2474
18.163.206.128 - - [28/Oct/2022:12:40:18 -0300] "GET /manager/html HTTP/1.1" 401 2474
18.163.206.128 - - [28/Oct/2022:12:40:19 -0300] "GET /manager/html HTTP/1.1" 401 2474
18.163.206.128 - - [28/Oct/2022:12:40:19 -0300] "GET /manager/html HTTP/1.1" 401 2474
18.163.206.128 - - [28/Oct/2022:12:40:19 -0300] "GET /manager/html HTTP/1.1" 401 2474
18.163.206.128 - - [28/Oct/2022:12:40:20 -0300] "GET /manager/html HTTP/1.1" 401 2474
190.171.141.90 - - [28/Oct/2022:12:40:20 -0300] "GET /cormun/servlet/permisogoce?f05a92ac0be41db28f3bdffbf6eeb2e17763faccdadd6dbebcc93887ffa5f5d6009ad52a6024240c889c1d149b39cd028e9e03bd8c163fdf58ea262c1502efaa,gx-no-cache=1666970758265 HTTP/1.1" 200 71
190.171.141.90 - - [28/Oct/2022:12:40:20 -0300] "GET /cormun/static/menuarrow.gif HTTP/1.1" 404 1015
18.163.206.128 - - [28/Oct/2022:12:40:20 -0300] "GET /manager/html HTTP/1.1" 401 2474
18.163.206.128 - - [28/Oct/2022:12:40:20 -0300] "GET /manager/html HTTP/1.1" 401 2474
18.163.206.128 - - [28/Oct/2022:12:40:21 -0300] "GET /manager/html HTTP/1.1" 401 2474
18.163.206.128 - - [28/Oct/2022:12:40:21 -0300] "GET /manager/html HTTP/1.1" 401 2474
18.163.206.128 - - [28/Oct/2022:12:40:21 -0300] "GET /manager/html HTTP/1.1" 401 2474
18.163.206.128 - - [28/Oct/2022:12:40:22 -0300] "GET /manager/html HTTP/1.1" 401 2474
18.163.206.128 - - [28/Oct/2022:12:40:22 -0300] "GET /manager/html HTTP/1.1" 401 2474
18.163.206.128 - - [28/Oct/2022:12:40:22 -0300] "GET /manager/html HTTP/1.1" 401 2474
18.163.206.128 - - [28/Oct/2022:12:40:23 -0300] "GET /manager/html HTTP/1.1" 401 2474
18.163.206.128 - - [28/Oct/2022:12:40:23 -0300] "GET /manager/html HTTP/1.1" 401 2474
18.163.206.128 - - [28/Oct/2022:12:40:23 -0300] "GET /manager/html HTTP/1.1" 401 2474
18.163.206.128 - - [28/Oct/2022:12:40:24 -0300] "GET /manager/html HTTP/1.1" 401 2474
190.171.141.90 - - [28/Oct/2022:12:40:24 -0300] "GET /cormun/servlet/permisogoce?f05a92ac0be41db28f3bdffbf6eeb2e11adeabab801379c3b960940b259f373d6382087372c5a22826880dcd09a289684297b2abff5ec6e01d954c62c7cea37a,gx-no-cache=1666970762036 HTTP/1.1" 200 47
18.163.206.128 - - [28/Oct/2022:12:40:24 -0300] "GET /manager/html HTTP/1.1" 401 2474
18.163.206.128 - - [28/Oct/2022:12:40:24 -0300] "GET /manager/html HTTP/1.1" 401 2474
18.163.206.128 - - [28/Oct/2022:12:40:25 -0300] "GET /manager/html HTTP/1.1" 401 2474
18.163.206.128 - - [28/Oct/2022:12:40:25 -0300] "GET /manager/html HTTP/1.1" 401 2474
190.171.141.90 - - [28/Oct/2022:12:40:25 -0300] "POST /cormun/servlet/permisogoce?45da0f285715c446d489b1d7310cd07b,INS,0,,,,gx-no-cache=1666970763313 HTTP/1.1" 200 93
190.171.141.90 - - [28/Oct/2022:12:40:25 -0300] "GET /cormun/servlet/hpexe_return? HTTP/1.1" 200 1030
18.163.206.128 - - [28/Oct/2022:12:40:25 -0300] "GET /manager/html HTTP/1.1" 401 2474
190.171.141.90 - - [28/Oct/2022:12:40:26 -0300] "GET /cormun/servlet/trpermisosgoce?gx-no-cache=1666970588925 HTTP/1.1" 200 18344
18.163.206.128 - - [28/Oct/2022:12:40:26 -0300] "GET /manager/html HTTP/1.1" 401 2474
18.163.206.128 - - [28/Oct/2022:12:40:26 -0300] "GET /manager/html HTTP/1.1" 401 2474
190.171.141.90 - - [28/Oct/2022:12:40:26 -0300] "GET /cormun/servlet/trpermisosgoce?gx-no-cache=1666970588925 HTTP/1.1" 200 18375
18.163.206.128 - - [28/Oct/2022:12:40:26 -0300] "GET /manager/html HTTP/1.1" 401 2474
18.163.206.128 - - [28/Oct/2022:12:40:27 -0300] "GET /manager/html HTTP/1.1" 401 2474
18.163.206.128 - - [28/Oct/2022:12:40:27 -0300] "GET /manager/html HTTP/1.1" 401 2474
18.163.206.128 - - [28/Oct/2022:12:40:27 -0300] "GET /manager/html HTTP/1.1" 401 2474
18.163.206.128 - - [28/Oct/2022:12:40:28 -0300] "GET /manager/html HTTP/1.1" 401 2474
18.163.206.128 - - [28/Oct/2022:12:40:28 -0300] "GET /manager/html HTTP/1.1" 401 2474
18.163.206.128 - - [28/Oct/2022:12:40:29 -0300] "GET /manager/html HTTP/1.1" 401 2474
18.163.206.128 - - [28/Oct/2022:12:40:29 -0300] "GET /manager/html HTTP/1.1" 401 2474
18.163.206.128 - - [28/Oct/2022:12:40:29 -0300] "GET /manager/html HTTP/1.1" 401 2474
18.163.206.128 - - [28/Oct/2022:12:40:30 -0300] "GET /manager/html HTTP/1.1" 401 2474
18.163.206.128 - - [28/Oct/2022:12:40:30 -0300] "GET /manager/html HTTP/1.1" 401 2474
18.163.206.128 - - [28/Oct/2022:12:40:30 -0300] "GET /manager/html HTTP/1.1" 401 2474
18.163.206.128 - - [28/Oct/2022:12:40:31 -0300] "GET /manager/html HTTP/1.1" 401 2474
190.171.141.90 - - [28/Oct/2022:12:40:31 -0300] "GET /cormun/servlet/trpermisosadjuntos?9525565,20221028122237,P, HTTP/1.1" 200 6311
18.163.206.128 - - [28/Oct/2022:12:40:31 -0300] "GET /manager/html HTTP/1.1" 401 2474
190.171.141.90 - - [28/Oct/2022:12:40:31 -0300] "GET /cormun/servlet/trpermisosadjuntos?9525565,20221028122237,P, HTTP/1.1" 200 6289
18.163.206.128 - - [28/Oct/2022:12:40:31 -0300] "GET /manager/html HTTP/1.1" 401 2474
18.163.206.128 - - [28/Oct/2022:12:40:32 -0300] "GET /manager/html HTTP/1.1" 401 2474
18.163.206.128 - - [28/Oct/2022:12:40:32 -0300] "GET /manager/html HTTP/1.1" 401 2474
18.163.206.128 - - [28/Oct/2022:12:40:32 -0300] "GET /manager/html HTTP/1.1" 401 2474
190.171.141.90 - - [28/Oct/2022:12:40:32 -0300] "GET /cormun/servlet/permisosadjuntos?INS,9525565,P,20221028122237,, HTTP/1.1" 200 5608
190.171.141.90 - - [28/Oct/2022:12:40:33 -0300] "GET /cormun/static/about:blank HTTP/1.1" 404 1011
18.163.206.128 - - [28/Oct/2022:12:40:33 -0300] "GET /manager/html HTTP/1.1" 401 2474
190.171.141.90 - - [28/Oct/2022:12:40:33 -0300] "GET /cormun/servlet/permisosadjuntos?INS,9525565,P,20221028122237,, HTTP/1.1" 200 5598
18.163.206.128 - - [28/Oct/2022:12:40:33 -0300] "GET /manager/html HTTP/1.1" 401 2474
18.163.206.128 - - [28/Oct/2022:12:40:33 -0300] "GET /manager/html HTTP/1.1" 401 2474
18.163.206.128 - - [28/Oct/2022:12:40:34 -0300] "GET /manager/html HTTP/1.1" 401 2474
18.163.206.128 - - [28/Oct/2022:12:40:34 -0300] "GET /manager/html HTTP/1.1" 401 2474
18.163.206.128 - - [28/Oct/2022:12:40:34 -0300] "GET /manager/html HTTP/1.1" 401 2474
18.163.206.128 - - [28/Oct/2022:12:40:35 -0300] "GET /manager/html HTTP/1.1" 401 2474
18.163.206.128 - - [28/Oct/2022:12:40:35 -0300] "GET /manager/html HTTP/1.1" 401 2474
18.163.206.128 - - [28/Oct/2022:12:40:35 -0300] "GET /manager/html HTTP/1.1" 401 2474
18.163.206.128 - - [28/Oct/2022:12:40:36 -0300] "GET /manager/html HTTP/1.1" 401 2474
18.163.206.128 - - [28/Oct/2022:12:40:36 -0300] "GET /manager/html HTTP/1.1" 401 2474
18.163.206.128 - - [28/Oct/2022:12:40:36 -0300] "GET /manager/html HTTP/1.1" 401 2474
18.163.206.128 - - [28/Oct/2022:12:40:37 -0300] "GET /manager/html HTTP/1.1" 401 2474
18.163.206.128 - - [28/Oct/2022:12:40:37 -0300] "GET /manager/html HTTP/1.1" 401 2474
18.163.206.128 - - [28/Oct/2022:12:40:37 -0300] "GET /manager/html HTTP/1.1" 401 2474
18.163.206.128 - - [28/Oct/2022:12:40:37 -0300] "GET /manager/html HTTP/1.1" 401 2474
18.163.206.128 - - [28/Oct/2022:12:40:38 -0300] "GET /manager/html HTTP/1.1" 401 2474
18.163.206.128 - - [28/Oct/2022:12:40:38 -0300] "GET /manager/html HTTP/1.1" 401 2474
190.171.141.90 - - [28/Oct/2022:12:40:38 -0300] "POST /cormun/servlet/permisosadjuntos?45da0f285715c446d489b1d7310cd07b,INS,9525565,P,20221028122237,, HTTP/1.1" 200 116
190.171.141.90 - - [28/Oct/2022:12:40:38 -0300] "GET /cormun/servlet/hpexe_return? HTTP/1.1" 200 1034
190.171.141.90 - - [28/Oct/2022:12:40:38 -0300] "GET /cormun/servlet/trpermisosadjuntos?9525565,20221028122237,P, HTTP/1.1" 200 6762
18.163.206.128 - - [28/Oct/2022:12:40:38 -0300] "GET /manager/html HTTP/1.1" 401 2474
190.171.141.90 - - [28/Oct/2022:12:40:39 -0300] "GET /cormun/servlet/trpermisosadjuntos?9525565,20221028122237,P, HTTP/1.1" 200 6758
18.163.206.128 - - [28/Oct/2022:12:40:39 -0300] "GET /manager/html HTTP/1.1" 401 2474
18.163.206.128 - - [28/Oct/2022:12:40:39 -0300] "GET /manager/html HTTP/1.1" 401 2474
18.163.206.128 - - [28/Oct/2022:12:40:40 -0300] "GET /manager/html HTTP/1.1" 401 2474
18.163.206.128 - - [28/Oct/2022:12:40:40 -0300] "GET /manager/html HTTP/1.1" 401 2474
