18.163.206.128 - - [28/Oct/2022:12:35:21 -0300] "GET /manager/html HTTP/1.1" 401 2474
18.163.206.128 - - [28/Oct/2022:12:35:22 -0300] "GET /manager/html HTTP/1.1" 401 2474
18.163.206.128 - - [28/Oct/2022:12:35:22 -0300] "GET /manager/html HTTP/1.1" 401 2474
18.163.206.128 - - [28/Oct/2022:12:35:22 -0300] "GET /manager/html HTTP/1.1" 401 2474
18.163.206.128 - - [28/Oct/2022:12:35:23 -0300] "GET /manager/html HTTP/1.1" 401 2474
18.163.206.128 - - [28/Oct/2022:12:35:23 -0300] "GET /manager/html HTTP/1.1" 401 2474
18.163.206.128 - - [28/Oct/2022:12:35:23 -0300] "GET /manager/html HTTP/1.1" 401 2474
18.163.206.128 - - [28/Oct/2022:12:35:24 -0300] "GET /manager/html HTTP/1.1" 401 2474
18.163.206.128 - - [28/Oct/2022:12:35:24 -0300] "GET /manager/html HTTP/1.1" 401 2474
18.163.206.128 - - [28/Oct/2022:12:35:24 -0300] "GET /manager/html HTTP/1.1" 401 2474
18.163.206.128 - - [28/Oct/2022:12:35:25 -0300] "GET /manager/html HTTP/1.1" 401 2474
18.163.206.128 - - [28/Oct/2022:12:35:25 -0300] "GET /manager/html HTTP/1.1" 401 2474
18.163.206.128 - - [28/Oct/2022:12:35:25 -0300] "GET /manager/html HTTP/1.1" 401 2474
18.163.206.128 - - [28/Oct/2022:12:35:26 -0300] "GET /manager/html HTTP/1.1" 401 2474
18.163.206.128 - - [28/Oct/2022:12:35:26 -0300] "GET /manager/html HTTP/1.1" 401 2474
18.163.206.128 - - [28/Oct/2022:12:35:26 -0300] "GET /manager/html HTTP/1.1" 401 2474
18.163.206.128 - - [28/Oct/2022:12:35:27 -0300] "GET /manager/html HTTP/1.1" 401 2474
18.163.206.128 - - [28/Oct/2022:12:35:27 -0300] "GET /manager/html HTTP/1.1" 401 2474
18.163.206.128 - - [28/Oct/2022:12:35:27 -0300] "GET /manager/html HTTP/1.1" 401 2474
18.163.206.128 - - [28/Oct/2022:12:35:28 -0300] "GET /manager/html HTTP/1.1" 401 2474
18.163.206.128 - - [28/Oct/2022:12:35:28 -0300] "GET /manager/html HTTP/1.1" 401 2474
18.163.206.128 - - [28/Oct/2022:12:35:28 -0300] "GET /manager/html HTTP/1.1" 401 2474
18.163.206.128 - - [28/Oct/2022:12:35:29 -0300] "GET /manager/html HTTP/1.1" 401 2474
18.163.206.128 - - [28/Oct/2022:12:35:29 -0300] "GET /manager/html HTTP/1.1" 401 2474
18.163.206.128 - - [28/Oct/2022:12:35:29 -0300] "GET /manager/html HTTP/1.1" 401 2474
18.163.206.128 - - [28/Oct/2022:12:35:30 -0300] "GET /manager/html HTTP/1.1" 401 2474
18.163.206.128 - - [28/Oct/2022:12:35:30 -0300] "GET /manager/html HTTP/1.1" 401 2474
18.163.206.128 - - [28/Oct/2022:12:35:30 -0300] "GET /manager/html HTTP/1.1" 401 2474
18.163.206.128 - - [28/Oct/2022:12:35:31 -0300] "GET /manager/html HTTP/1.1" 401 2474
18.163.206.128 - - [28/Oct/2022:12:35:31 -0300] "GET /manager/html HTTP/1.1" 401 2474
18.163.206.128 - - [28/Oct/2022:12:35:31 -0300] "GET /manager/html HTTP/1.1" 401 2474
18.163.206.128 - - [28/Oct/2022:12:35:32 -0300] "GET /manager/html HTTP/1.1" 401 2474
18.163.206.128 - - [28/Oct/2022:12:35:32 -0300] "GET /manager/html HTTP/1.1" 401 2474
18.163.206.128 - - [28/Oct/2022:12:35:32 -0300] "GET /manager/html HTTP/1.1" 401 2474
18.163.206.128 - - [28/Oct/2022:12:35:33 -0300] "GET /manager/html HTTP/1.1" 401 2474
18.163.206.128 - - [28/Oct/2022:12:35:33 -0300] "GET /manager/html HTTP/1.1" 401 2474
18.163.206.128 - - [28/Oct/2022:12:35:33 -0300] "GET /manager/html HTTP/1.1" 401 2474
18.163.206.128 - - [28/Oct/2022:12:35:34 -0300] "GET /manager/html HTTP/1.1" 401 2474
18.163.206.128 - - [28/Oct/2022:12:35:34 -0300] "GET /manager/html HTTP/1.1" 401 2474
18.163.206.128 - - [28/Oct/2022:12:35:35 -0300] "GET /manager/html HTTP/1.1" 401 2474
18.163.206.128 - - [28/Oct/2022:12:35:35 -0300] "GET /manager/html HTTP/1.1" 401 2474
18.163.206.128 - - [28/Oct/2022:12:35:35 -0300] "GET /manager/html HTTP/1.1" 401 2474
18.163.206.128 - - [28/Oct/2022:12:35:36 -0300] "GET /manager/html HTTP/1.1" 401 2474
190.171.141.90 - - [28/Oct/2022:12:35:36 -0300] "GET /cormun/servlet/hlogin HTTP/1.1" 200 1724
18.163.206.128 - - [28/Oct/2022:12:35:36 -0300] "GET /manager/html HTTP/1.1" 401 2474
190.171.141.90 - - [28/Oct/2022:12:35:36 -0300] "GET /cormun/servlet/hlogin HTTP/1.1" 200 1735
18.163.206.128 - - [28/Oct/2022:12:35:36 -0300] "GET /manager/html HTTP/1.1" 401 2474
18.163.206.128 - - [28/Oct/2022:12:35:37 -0300] "GET /manager/html HTTP/1.1" 401 2474
18.163.206.128 - - [28/Oct/2022:12:35:37 -0300] "GET /manager/html HTTP/1.1" 401 2474
18.163.206.128 - - [28/Oct/2022:12:35:37 -0300] "GET /manager/html HTTP/1.1" 401 2474
18.163.206.128 - - [28/Oct/2022:12:35:38 -0300] "GET /manager/html HTTP/1.1" 401 2474
18.163.206.128 - - [28/Oct/2022:12:35:38 -0300] "GET /manager/html HTTP/1.1" 401 2474
18.163.206.128 - - [28/Oct/2022:12:35:38 -0300] "GET /manager/html HTTP/1.1" 401 2474
18.163.206.128 - - [28/Oct/2022:12:35:38 -0300] "GET /manager/html HTTP/1.1" 401 2474
18.163.206.128 - - [28/Oct/2022:12:35:39 -0300] "GET /manager/html HTTP/1.1" 401 2474
18.163.206.128 - - [28/Oct/2022:12:35:39 -0300] "GET /manager/html HTTP/1.1" 401 2474
18.163.206.128 - - [28/Oct/2022:12:35:39 -0300] "GET /manager/html HTTP/1.1" 401 2474
18.163.206.128 - - [28/Oct/2022:12:35:40 -0300] "GET /manager/html HTTP/1.1" 401 2474
18.163.206.128 - - [28/Oct/2022:12:35:40 -0300] "GET /manager/html HTTP/1.1" 401 2474
18.163.206.128 - - [28/Oct/2022:12:35:40 -0300] "GET /manager/html HTTP/1.1" 401 2474
18.163.206.128 - - [28/Oct/2022:12:35:41 -0300] "GET /manager/html HTTP/1.1" 401 2474
18.163.206.128 - - [28/Oct/2022:12:35:41 -0300] "GET /manager/html HTTP/1.1" 401 2474
18.163.206.128 - - [28/Oct/2022:12:35:41 -0300] "GET /manager/html HTTP/1.1" 401 2474
18.163.206.128 - - [28/Oct/2022:12:35:42 -0300] "GET /manager/html HTTP/1.1" 401 2474
18.163.206.128 - - [28/Oct/2022:12:35:42 -0300] "GET /manager/html HTTP/1.1" 401 2474
18.163.206.128 - - [28/Oct/2022:12:35:42 -0300] "GET /manager/html HTTP/1.1" 401 2474
18.163.206.128 - - [28/Oct/2022:12:35:43 -0300] "GET /manager/html HTTP/1.1" 401 2474
18.163.206.128 - - [28/Oct/2022:12:35:43 -0300] "GET /manager/html HTTP/1.1" 401 2474
18.163.206.128 - - [28/Oct/2022:12:35:43 -0300] "GET /manager/html HTTP/1.1" 401 2474
190.171.141.90 - - [28/Oct/2022:12:35:44 -0300] "POST /cormun/servlet/hlogin?45da0f285715c446d489b1d7310cd07b,gx-no-cache=1666970481766 HTTP/1.1" 200 90
18.163.206.128 - - [28/Oct/2022:12:35:44 -0300] "GET /manager/html HTTP/1.1" 401 2474
190.171.141.90 - - [28/Oct/2022:12:35:44 -0300] "GET /cormun/servlet/hpexe_link HTTP/1.1" 200 950
18.163.206.128 - - [28/Oct/2022:12:35:44 -0300] "GET /manager/html HTTP/1.1" 401 2474
18.163.206.128 - - [28/Oct/2022:12:35:44 -0300] "GET /manager/html HTTP/1.1" 401 2474
18.163.206.128 - - [28/Oct/2022:12:35:45 -0300] "GET /manager/html HTTP/1.1" 401 2474
190.171.141.90 - - [28/Oct/2022:12:35:45 -0300] "GET /cormun/servlet/hhome HTTP/1.1" 200 3969
18.163.206.128 - - [28/Oct/2022:12:35:45 -0300] "GET /manager/html HTTP/1.1" 401 2474
18.163.206.128 - - [28/Oct/2022:12:35:45 -0300] "GET /manager/html HTTP/1.1" 401 2474
190.171.141.90 - - [28/Oct/2022:12:35:45 -0300] "GET /cormun/servlet/hhome HTTP/1.1" 200 3966
18.163.206.128 - - [28/Oct/2022:12:35:46 -0300] "GET /manager/html HTTP/1.1" 401 2474
18.163.206.128 - - [28/Oct/2022:12:35:46 -0300] "GET /manager/html HTTP/1.1" 401 2474
18.163.206.128 - - [28/Oct/2022:12:35:46 -0300] "GET /manager/html HTTP/1.1" 401 2474
18.163.206.128 - - [28/Oct/2022:12:35:47 -0300] "GET /manager/html HTTP/1.1" 401 2474
18.163.206.128 - - [28/Oct/2022:12:35:47 -0300] "GET /manager/html HTTP/1.1" 401 2474
18.163.206.128 - - [28/Oct/2022:12:35:47 -0300] "GET /manager/html HTTP/1.1" 401 2474
18.163.206.128 - - [28/Oct/2022:12:35:48 -0300] "GET /manager/html HTTP/1.1" 401 2474
18.163.206.128 - - [28/Oct/2022:12:35:48 -0300] "GET /manager/html HTTP/1.1" 401 2474
18.163.206.128 - - [28/Oct/2022:12:35:48 -0300] "GET /manager/html HTTP/1.1" 401 2474
18.163.206.128 - - [28/Oct/2022:12:35:49 -0300] "GET /manager/html HTTP/1.1" 401 2474
18.163.206.128 - - [28/Oct/2022:12:35:49 -0300] "GET /manager/html HTTP/1.1" 401 2474
18.163.206.128 - - [28/Oct/2022:12:35:49 -0300] "GET /manager/html HTTP/1.1" 401 2474
18.163.206.128 - - [28/Oct/2022:12:35:50 -0300] "GET /manager/html HTTP/1.1" 401 2474
18.163.206.128 - - [28/Oct/2022:12:35:50 -0300] "GET /manager/html HTTP/1.1" 401 2474
18.163.206.128 - - [28/Oct/2022:12:35:50 -0300] "GET /manager/html HTTP/1.1" 401 2474
18.163.206.128 - - [28/Oct/2022:12:35:51 -0300] "GET /manager/html HTTP/1.1" 401 2474
190.171.141.90 - - [28/Oct/2022:12:35:51 -0300] "GET /cormun/servlet/trpermisosgoce? HTTP/1.1" 200 17938
18.163.206.128 - - [28/Oct/2022:12:35:51 -0300] "GET /manager/html HTTP/1.1" 401 2474
18.163.206.128 - - [28/Oct/2022:12:35:51 -0300] "GET /manager/html HTTP/1.1" 401 2474
190.171.141.90 - - [28/Oct/2022:12:35:52 -0300] "GET /cormun/servlet/trpermisosgoce? HTTP/1.1" 200 18013
18.163.206.128 - - [28/Oct/2022:12:35:52 -0300] "GET /manager/html HTTP/1.1" 401 2474
18.163.206.128 - - [28/Oct/2022:12:35:52 -0300] "GET /manager/html HTTP/1.1" 401 2474
18.163.206.128 - - [28/Oct/2022:12:35:52 -0300] "GET /manager/html HTTP/1.1" 401 2474
18.163.206.128 - - [28/Oct/2022:12:35:53 -0300] "GET /manager/html HTTP/1.1" 401 2474
18.163.206.128 - - [28/Oct/2022:12:35:53 -0300] "GET /manager/html HTTP/1.1" 401 2474
18.163.206.128 - - [28/Oct/2022:12:35:53 -0300] "GET /manager/html HTTP/1.1" 401 2474
18.163.206.128 - - [28/Oct/2022:12:35:54 -0300] "GET /manager/html HTTP/1.1" 401 2474
18.163.206.128 - - [28/Oct/2022:12:35:54 -0300] "GET /manager/html HTTP/1.1" 401 2474
18.163.206.128 - - [28/Oct/2022:12:35:54 -0300] "GET /manager/html HTTP/1.1" 401 2474
18.163.206.128 - - [28/Oct/2022:12:35:55 -0300] "GET /manager/html HTTP/1.1" 401 2474
18.163.206.128 - - [28/Oct/2022:12:35:55 -0300] "GET /manager/html HTTP/1.1" 401 2474
18.163.206.128 - - [28/Oct/2022:12:35:55 -0300] "GET /manager/html HTTP/1.1" 401 2474
18.163.206.128 - - [28/Oct/2022:12:35:56 -0300] "GET /manager/html HTTP/1.1" 401 2474
190.171.141.90 - - [28/Oct/2022:12:35:56 -0300] "GET /cormun/servlet/permisogoce?INS,0,,, HTTP/1.1" 200 6831
18.163.206.128 - - [28/Oct/2022:12:35:56 -0300] "GET /manager/html HTTP/1.1" 401 2474
190.171.141.90 - - [28/Oct/2022:12:35:56 -0300] "GET /cormun/servlet/permisogoce?INS,0,,, HTTP/1.1" 200 6831
18.163.206.128 - - [28/Oct/2022:12:35:56 -0300] "GET /manager/html HTTP/1.1" 401 2474
18.163.206.128 - - [28/Oct/2022:12:35:57 -0300] "GET /manager/html HTTP/1.1" 401 2474
18.163.206.128 - - [28/Oct/2022:12:35:57 -0300] "GET /manager/html HTTP/1.1" 401 2474
18.163.206.128 - - [28/Oct/2022:12:35:57 -0300] "GET /manager/html HTTP/1.1" 401 2474
18.163.206.128 - - [28/Oct/2022:12:35:58 -0300] "GET /manager/html HTTP/1.1" 401 2474
190.171.141.90 - - [28/Oct/2022:12:35:58 -0300] "GET /cormun/static/Resources/resize.gif HTTP/1.1" 200 77
190.171.141.90 - - [28/Oct/2022:12:35:58 -0300] "GET /cormun/static/Resources/PXTools/ClosePrompt.png HTTP/1.1" 200 1036
18.163.206.128 - - [28/Oct/2022:12:35:58 -0300] "GET /manager/html HTTP/1.1" 401 2474
18.163.206.128 - - [28/Oct/2022:12:35:58 -0300] "GET /manager/html HTTP/1.1" 401 2474
18.163.206.128 - - [28/Oct/2022:12:35:59 -0300] "GET /manager/html HTTP/1.1" 401 2474
190.171.141.90 - - [28/Oct/2022:12:35:59 -0300] "GET /cormun/servlet/prfichaempleado?,MD,,gxPopupLevel%3D0%3B HTTP/1.1" 200 9263
190.171.141.90 - - [28/Oct/2022:12:35:59 -0300] "GET /cormun/static/gxcfg.js?20201215571085 HTTP/1.1" 200 953
190.171.141.90 - - [28/Oct/2022:12:35:59 -0300] "GET /cormun/static/menusearch.js?20201214473581 HTTP/1.1" 200 1424
190.171.141.90 - - [28/Oct/2022:12:35:59 -0300] "GET /cormun/static/prfichaempleado.js?20201215572193 HTTP/1.1" 200 16006
190.171.141.90 - - [28/Oct/2022:12:35:59 -0300] "GET /cormun/static/Resources/PXToolsMenuSearch.png HTTP/1.1" 200 336
190.171.141.90 - - [28/Oct/2022:12:35:59 -0300] "GET /cormun/static/hmpwkw011.js?20201215495555 HTTP/1.1" 200 1968
190.171.141.90 - - [28/Oct/2022:12:35:59 -0300] "GET /cormun/static/Resources/PXToolsMenuSearchCancel.png HTTP/1.1" 200 306
18.163.206.128 - - [28/Oct/2022:12:35:59 -0300] "GET /manager/html HTTP/1.1" 401 2474
18.163.206.128 - - [28/Oct/2022:12:35:59 -0300] "GET /manager/html HTTP/1.1" 401 2474
18.163.206.128 - - [28/Oct/2022:12:36:00 -0300] "GET /manager/html HTTP/1.1" 401 2474
18.163.206.128 - - [28/Oct/2022:12:36:00 -0300] "GET /manager/html HTTP/1.1" 401 2474
18.163.206.128 - - [28/Oct/2022:12:36:00 -0300] "GET /manager/html HTTP/1.1" 401 2474
18.163.206.128 - - [28/Oct/2022:12:36:01 -0300] "GET /manager/html HTTP/1.1" 401 2474
18.163.206.128 - - [28/Oct/2022:12:36:01 -0300] "GET /manager/html HTTP/1.1" 401 2474
18.163.206.128 - - [28/Oct/2022:12:36:01 -0300] "GET /manager/html HTTP/1.1" 401 2474
18.163.206.128 - - [28/Oct/2022:12:36:02 -0300] "GET /manager/html HTTP/1.1" 401 2474
18.163.206.128 - - [28/Oct/2022:12:36:02 -0300] "GET /manager/html HTTP/1.1" 401 2474
18.163.206.128 - - [28/Oct/2022:12:36:02 -0300] "GET /manager/html HTTP/1.1" 401 2474
190.171.149.90 - - [28/Oct/2022:12:36:03 -0300] "GET /cormun/static/menuarrow.gif HTTP/1.1" 404 1015
18.163.206.128 - - [28/Oct/2022:12:36:03 -0300] "GET /manager/html HTTP/1.1" 401 2474
18.163.206.128 - - [28/Oct/2022:12:36:03 -0300] "GET /manager/html HTTP/1.1" 401 2474
18.163.206.128 - - [28/Oct/2022:12:36:03 -0300] "GET /manager/html HTTP/1.1" 401 2474
190.171.141.90 - - [28/Oct/2022:12:36:04 -0300] "POST /cormun/servlet/prfichaempleado?45da0f285715c446d489b1d7310cd07b,,MD,,gxPopupLevel%3D0%3B,gx-no-cache=1666970501792 HTTP/1.1" 200 3841
18.163.206.128 - - [28/Oct/2022:12:36:04 -0300] "GET /manager/html HTTP/1.1" 401 2474
18.163.206.128 - - [28/Oct/2022:12:36:04 -0300] "GET /manager/html HTTP/1.1" 401 2474
18.163.206.128 - - [28/Oct/2022:12:36:04 -0300] "GET /manager/html HTTP/1.1" 401 2474
18.163.206.128 - - [28/Oct/2022:12:36:05 -0300] "GET /manager/html HTTP/1.1" 401 2474
18.163.206.128 - - [28/Oct/2022:12:36:05 -0300] "GET /manager/html HTTP/1.1" 401 2474
18.163.206.128 - - [28/Oct/2022:12:36:05 -0300] "GET /manager/html HTTP/1.1" 401 2474
190.171.149.90 - - [28/Oct/2022:12:36:06 -0300] "POST /cormun/servlet/trlicencias?8fde995efbabc487e914375b4aa242ec,gx-no-cache=1666970502909 HTTP/1.1" 440 972
18.163.206.128 - - [28/Oct/2022:12:36:06 -0300] "GET /manager/html HTTP/1.1" 401 2474
18.163.206.128 - - [28/Oct/2022:12:36:06 -0300] "GET /manager/html HTTP/1.1" 401 2474
18.163.206.128 - - [28/Oct/2022:12:36:06 -0300] "GET /manager/html HTTP/1.1" 401 2474
18.163.206.128 - - [28/Oct/2022:12:36:07 -0300] "GET /manager/html HTTP/1.1" 401 2474
18.163.206.128 - - [28/Oct/2022:12:36:07 -0300] "GET /manager/html HTTP/1.1" 401 2474
190.171.149.90 - - [28/Oct/2022:12:36:07 -0300] "GET /cormun/servlet/trlicencias HTTP/1.1" 200 10386
18.163.206.128 - - [28/Oct/2022:12:36:07 -0300] "GET /manager/html HTTP/1.1" 401 2474
190.171.149.90 - - [28/Oct/2022:12:36:08 -0300] "GET /cormun/servlet/trlicencias HTTP/1.1" 200 10386
18.163.206.128 - - [28/Oct/2022:12:36:08 -0300] "GET /manager/html HTTP/1.1" 401 2474
18.163.206.128 - - [28/Oct/2022:12:36:08 -0300] "GET /manager/html HTTP/1.1" 401 2474
18.163.206.128 - - [28/Oct/2022:12:36:09 -0300] "GET /manager/html HTTP/1.1" 401 2474
18.163.206.128 - - [28/Oct/2022:12:36:09 -0300] "GET /manager/html HTTP/1.1" 401 2474
18.163.206.128 - - [28/Oct/2022:12:36:09 -0300] "GET /manager/html HTTP/1.1" 401 2474
18.163.206.128 - - [28/Oct/2022:12:36:10 -0300] "GET /manager/html HTTP/1.1" 401 2474
18.163.206.128 - - [28/Oct/2022:12:36:10 -0300] "GET /manager/html HTTP/1.1" 401 2474
18.163.206.128 - - [28/Oct/2022:12:36:10 -0300] "GET /manager/html HTTP/1.1" 401 2474
18.163.206.128 - - [28/Oct/2022:12:36:11 -0300] "GET /manager/html HTTP/1.1" 401 2474
18.163.206.128 - - [28/Oct/2022:12:36:11 -0300] "GET /manager/html HTTP/1.1" 401 2474
18.163.206.128 - - [28/Oct/2022:12:36:11 -0300] "GET /manager/html HTTP/1.1" 401 2474
18.163.206.128 - - [28/Oct/2022:12:36:12 -0300] "GET /manager/html HTTP/1.1" 401 2474
18.163.206.128 - - [28/Oct/2022:12:36:12 -0300] "GET /manager/html HTTP/1.1" 401 2474
18.163.206.128 - - [28/Oct/2022:12:36:12 -0300] "GET /manager/html HTTP/1.1" 401 2474
18.163.206.128 - - [28/Oct/2022:12:36:13 -0300] "GET /manager/html HTTP/1.1" 401 2474
18.163.206.128 - - [28/Oct/2022:12:36:13 -0300] "GET /manager/html HTTP/1.1" 401 2474
18.163.206.128 - - [28/Oct/2022:12:36:13 -0300] "GET /manager/html HTTP/1.1" 401 2474
18.163.206.128 - - [28/Oct/2022:12:36:14 -0300] "GET /manager/html HTTP/1.1" 401 2474
18.163.206.128 - - [28/Oct/2022:12:36:14 -0300] "GET /manager/html HTTP/1.1" 401 2474
18.163.206.128 - - [28/Oct/2022:12:36:14 -0300] "GET /manager/html HTTP/1.1" 401 2474
18.163.206.128 - - [28/Oct/2022:12:36:15 -0300] "GET /manager/html HTTP/1.1" 401 2474
18.163.206.128 - - [28/Oct/2022:12:36:15 -0300] "GET /manager/html HTTP/1.1" 401 2474
18.163.206.128 - - [28/Oct/2022:12:36:15 -0300] "GET /manager/html HTTP/1.1" 401 2474
18.163.206.128 - - [28/Oct/2022:12:36:16 -0300] "GET /manager/html HTTP/1.1" 401 2474
18.163.206.128 - - [28/Oct/2022:12:36:16 -0300] "GET /manager/html HTTP/1.1" 401 2474
18.163.206.128 - - [28/Oct/2022:12:36:16 -0300] "GET /manager/html HTTP/1.1" 401 2474
18.163.206.128 - - [28/Oct/2022:12:36:17 -0300] "GET /manager/html HTTP/1.1" 401 2474
18.163.206.128 - - [28/Oct/2022:12:36:17 -0300] "GET /manager/html HTTP/1.1" 401 2474
18.163.206.128 - - [28/Oct/2022:12:36:17 -0300] "GET /manager/html HTTP/1.1" 401 2474
18.163.206.128 - - [28/Oct/2022:12:36:18 -0300] "GET /manager/html HTTP/1.1" 401 2474
18.163.206.128 - - [28/Oct/2022:12:36:18 -0300] "GET /manager/html HTTP/1.1" 401 2474
18.163.206.128 - - [28/Oct/2022:12:36:18 -0300] "GET /manager/html HTTP/1.1" 401 2474
18.163.206.128 - - [28/Oct/2022:12:36:19 -0300] "GET /manager/html HTTP/1.1" 401 2474
18.163.206.128 - - [28/Oct/2022:12:36:19 -0300] "GET /manager/html HTTP/1.1" 401 2474
18.163.206.128 - - [28/Oct/2022:12:36:19 -0300] "GET /manager/html HTTP/1.1" 401 2474
18.163.206.128 - - [28/Oct/2022:12:36:20 -0300] "GET /manager/html HTTP/1.1" 401 2474
18.163.206.128 - - [28/Oct/2022:12:36:20 -0300] "GET /manager/html HTTP/1.1" 401 2474
18.163.206.128 - - [28/Oct/2022:12:36:20 -0300] "GET /manager/html HTTP/1.1" 401 2474
18.163.206.128 - - [28/Oct/2022:12:36:21 -0300] "GET /manager/html HTTP/1.1" 401 2474
18.163.206.128 - - [28/Oct/2022:12:36:21 -0300] "GET /manager/html HTTP/1.1" 401 2474
18.163.206.128 - - [28/Oct/2022:12:36:21 -0300] "GET /manager/html HTTP/1.1" 401 2474
18.163.206.128 - - [28/Oct/2022:12:36:22 -0300] "GET /manager/html HTTP/1.1" 401 2474
18.163.206.128 - - [28/Oct/2022:12:36:22 -0300] "GET /manager/html HTTP/1.1" 401 2474
18.163.206.128 - - [28/Oct/2022:12:36:22 -0300] "GET /manager/html HTTP/1.1" 401 2474
18.163.206.128 - - [28/Oct/2022:12:36:23 -0300] "GET /manager/html HTTP/1.1" 401 2474
18.163.206.128 - - [28/Oct/2022:12:36:23 -0300] "GET /manager/html HTTP/1.1" 401 2474
18.163.206.128 - - [28/Oct/2022:12:36:23 -0300] "GET /manager/html HTTP/1.1" 401 2474
18.163.206.128 - - [28/Oct/2022:12:36:24 -0300] "GET /manager/html HTTP/1.1" 401 2474
18.163.206.128 - - [28/Oct/2022:12:36:24 -0300] "GET /manager/html HTTP/1.1" 401 2474
18.163.206.128 - - [28/Oct/2022:12:36:25 -0300] "GET /manager/html HTTP/1.1" 401 2474
18.163.206.128 - - [28/Oct/2022:12:36:25 -0300] "GET /manager/html HTTP/1.1" 401 2474
18.163.206.128 - - [28/Oct/2022:12:36:25 -0300] "GET /manager/html HTTP/1.1" 401 2474
18.163.206.128 - - [28/Oct/2022:12:36:26 -0300] "GET /manager/html HTTP/1.1" 401 2474
18.163.206.128 - - [28/Oct/2022:12:36:26 -0300] "GET /manager/html HTTP/1.1" 401 2474
18.163.206.128 - - [28/Oct/2022:12:36:26 -0300] "GET /manager/html HTTP/1.1" 401 2474
18.163.206.128 - - [28/Oct/2022:12:36:27 -0300] "GET /manager/html HTTP/1.1" 401 2474
18.163.206.128 - - [28/Oct/2022:12:36:27 -0300] "GET /manager/html HTTP/1.1" 401 2474
18.163.206.128 - - [28/Oct/2022:12:36:27 -0300] "GET /manager/html HTTP/1.1" 401 2474
18.163.206.128 - - [28/Oct/2022:12:36:28 -0300] "GET /manager/html HTTP/1.1" 401 2474
18.163.206.128 - - [28/Oct/2022:12:36:28 -0300] "GET /manager/html HTTP/1.1" 401 2474
18.163.206.128 - - [28/Oct/2022:12:36:28 -0300] "GET /manager/html HTTP/1.1" 401 2474
18.163.206.128 - - [28/Oct/2022:12:36:29 -0300] "GET /manager/html HTTP/1.1" 401 2474
18.163.206.128 - - [28/Oct/2022:12:36:29 -0300] "GET /manager/html HTTP/1.1" 401 2474
18.163.206.128 - - [28/Oct/2022:12:36:29 -0300] "GET /manager/html HTTP/1.1" 401 2474
18.163.206.128 - - [28/Oct/2022:12:36:30 -0300] "GET /manager/html HTTP/1.1" 401 2474
18.163.206.128 - - [28/Oct/2022:12:36:30 -0300] "GET /manager/html HTTP/1.1" 401 2474
18.163.206.128 - - [28/Oct/2022:12:36:30 -0300] "GET /manager/html HTTP/1.1" 401 2474
18.163.206.128 - - [28/Oct/2022:12:36:31 -0300] "GET /manager/html HTTP/1.1" 401 2474
18.163.206.128 - - [28/Oct/2022:12:36:31 -0300] "GET /manager/html HTTP/1.1" 401 2474
18.163.206.128 - - [28/Oct/2022:12:36:31 -0300] "GET /manager/html HTTP/1.1" 401 2474
18.163.206.128 - - [28/Oct/2022:12:36:32 -0300] "GET /manager/html HTTP/1.1" 401 2474
18.163.206.128 - - [28/Oct/2022:12:36:32 -0300] "GET /manager/html HTTP/1.1" 401 2474
18.163.206.128 - - [28/Oct/2022:12:36:32 -0300] "GET /manager/html HTTP/1.1" 401 2474
18.163.206.128 - - [28/Oct/2022:12:36:33 -0300] "GET /manager/html HTTP/1.1" 401 2474
18.163.206.128 - - [28/Oct/2022:12:36:33 -0300] "GET /manager/html HTTP/1.1" 401 2474
18.163.206.128 - - [28/Oct/2022:12:36:33 -0300] "GET /manager/html HTTP/1.1" 401 2474
18.163.206.128 - - [28/Oct/2022:12:36:34 -0300] "GET /manager/html HTTP/1.1" 401 2474
18.163.206.128 - - [28/Oct/2022:12:36:34 -0300] "GET /manager/html HTTP/1.1" 401 2474
18.163.206.128 - - [28/Oct/2022:12:36:34 -0300] "GET /manager/html HTTP/1.1" 401 2474
18.163.206.128 - - [28/Oct/2022:12:36:35 -0300] "GET /manager/html HTTP/1.1" 401 2474
18.163.206.128 - - [28/Oct/2022:12:36:35 -0300] "GET /manager/html HTTP/1.1" 401 2474
18.163.206.128 - - [28/Oct/2022:12:36:35 -0300] "GET /manager/html HTTP/1.1" 401 2474
18.163.206.128 - - [28/Oct/2022:12:36:36 -0300] "GET /manager/html HTTP/1.1" 401 2474
18.163.206.128 - - [28/Oct/2022:12:36:36 -0300] "GET /manager/html HTTP/1.1" 401 2474
18.163.206.128 - - [28/Oct/2022:12:36:36 -0300] "GET /manager/html HTTP/1.1" 401 2474
18.163.206.128 - - [28/Oct/2022:12:36:37 -0300] "GET /manager/html HTTP/1.1" 401 2474
18.163.206.128 - - [28/Oct/2022:12:36:37 -0300] "GET /manager/html HTTP/1.1" 401 2474
18.163.206.128 - - [28/Oct/2022:12:36:37 -0300] "GET /manager/html HTTP/1.1" 401 2474
18.163.206.128 - - [28/Oct/2022:12:36:38 -0300] "GET /manager/html HTTP/1.1" 401 2474
18.163.206.128 - - [28/Oct/2022:12:36:38 -0300] "GET /manager/html HTTP/1.1" 401 2474
18.163.206.128 - - [28/Oct/2022:12:36:38 -0300] "GET /manager/html HTTP/1.1" 401 2474
18.163.206.128 - - [28/Oct/2022:12:36:39 -0300] "GET /manager/html HTTP/1.1" 401 2474
18.163.206.128 - - [28/Oct/2022:12:36:39 -0300] "GET /manager/html HTTP/1.1" 401 2474
18.163.206.128 - - [28/Oct/2022:12:36:39 -0300] "GET /manager/html HTTP/1.1" 401 2474
18.163.206.128 - - [28/Oct/2022:12:36:40 -0300] "GET /manager/html HTTP/1.1" 401 2474
18.163.206.128 - - [28/Oct/2022:12:36:40 -0300] "GET /manager/html HTTP/1.1" 401 2474
18.163.206.128 - - [28/Oct/2022:12:36:40 -0300] "GET /manager/html HTTP/1.1" 401 2474
18.163.206.128 - - [28/Oct/2022:12:36:41 -0300] "GET /manager/html HTTP/1.1" 401 2474
18.163.206.128 - - [28/Oct/2022:12:36:41 -0300] "GET /manager/html HTTP/1.1" 401 2474
18.163.206.128 - - [28/Oct/2022:12:36:41 -0300] "GET /manager/html HTTP/1.1" 401 2474
18.163.206.128 - - [28/Oct/2022:12:36:42 -0300] "GET /manager/html HTTP/1.1" 401 2474
18.163.206.128 - - [28/Oct/2022:12:36:42 -0300] "GET /manager/html HTTP/1.1" 401 2474
18.163.206.128 - - [28/Oct/2022:12:36:43 -0300] "GET /manager/html HTTP/1.1" 401 2474
18.163.206.128 - - [28/Oct/2022:12:36:43 -0300] "GET /manager/html HTTP/1.1" 401 2474
18.163.206.128 - - [28/Oct/2022:12:36:43 -0300] "GET /manager/html HTTP/1.1" 401 2474
18.163.206.128 - - [28/Oct/2022:12:36:44 -0300] "GET /manager/html HTTP/1.1" 401 2474
18.163.206.128 - - [28/Oct/2022:12:36:44 -0300] "GET /manager/html HTTP/1.1" 401 2474
18.163.206.128 - - [28/Oct/2022:12:36:44 -0300] "GET /manager/html HTTP/1.1" 401 2474
18.163.206.128 - - [28/Oct/2022:12:36:45 -0300] "GET /manager/html HTTP/1.1" 401 2474
18.163.206.128 - - [28/Oct/2022:12:36:45 -0300] "GET /manager/html HTTP/1.1" 401 2474
18.163.206.128 - - [28/Oct/2022:12:36:45 -0300] "GET /manager/html HTTP/1.1" 401 2474
18.163.206.128 - - [28/Oct/2022:12:36:46 -0300] "GET /manager/html HTTP/1.1" 401 2474
18.163.206.128 - - [28/Oct/2022:12:36:46 -0300] "GET /manager/html HTTP/1.1" 401 2474
18.163.206.128 - - [28/Oct/2022:12:36:46 -0300] "GET /manager/html HTTP/1.1" 401 2474
18.163.206.128 - - [28/Oct/2022:12:36:47 -0300] "GET /manager/html HTTP/1.1" 401 2474
18.163.206.128 - - [28/Oct/2022:12:36:47 -0300] "GET /manager/html HTTP/1.1" 401 2474
18.163.206.128 - - [28/Oct/2022:12:36:47 -0300] "GET /manager/html HTTP/1.1" 401 2474
18.163.206.128 - - [28/Oct/2022:12:36:48 -0300] "GET /manager/html HTTP/1.1" 401 2474
18.163.206.128 - - [28/Oct/2022:12:36:48 -0300] "GET /manager/html HTTP/1.1" 401 2474
18.163.206.128 - - [28/Oct/2022:12:36:48 -0300] "GET /manager/html HTTP/1.1" 401 2474
18.163.206.128 - - [28/Oct/2022:12:36:49 -0300] "GET /manager/html HTTP/1.1" 401 2474
18.163.206.128 - - [28/Oct/2022:12:36:49 -0300] "GET /manager/html HTTP/1.1" 401 2474
18.163.206.128 - - [28/Oct/2022:12:36:49 -0300] "GET /manager/html HTTP/1.1" 401 2474
18.163.206.128 - - [28/Oct/2022:12:36:50 -0300] "GET /manager/html HTTP/1.1" 401 2474
18.163.206.128 - - [28/Oct/2022:12:36:50 -0300] "GET /manager/html HTTP/1.1" 401 2474
18.163.206.128 - - [28/Oct/2022:12:36:50 -0300] "GET /manager/html HTTP/1.1" 401 2474
18.163.206.128 - - [28/Oct/2022:12:36:51 -0300] "GET /manager/html HTTP/1.1" 401 2474
18.163.206.128 - - [28/Oct/2022:12:36:51 -0300] "GET /manager/html HTTP/1.1" 401 2474
18.163.206.128 - - [28/Oct/2022:12:36:51 -0300] "GET /manager/html HTTP/1.1" 401 2474
18.163.206.128 - - [28/Oct/2022:12:36:52 -0300] "GET /manager/html HTTP/1.1" 401 2474
18.163.206.128 - - [28/Oct/2022:12:36:52 -0300] "GET /manager/html HTTP/1.1" 401 2474
18.163.206.128 - - [28/Oct/2022:12:36:52 -0300] "GET /manager/html HTTP/1.1" 401 2474
18.163.206.128 - - [28/Oct/2022:12:36:53 -0300] "GET /manager/html HTTP/1.1" 401 2474
18.163.206.128 - - [28/Oct/2022:12:36:53 -0300] "GET /manager/html HTTP/1.1" 401 2474
18.163.206.128 - - [28/Oct/2022:12:36:53 -0300] "GET /manager/html HTTP/1.1" 401 2474
18.163.206.128 - - [28/Oct/2022:12:36:54 -0300] "GET /manager/html HTTP/1.1" 401 2474
18.163.206.128 - - [28/Oct/2022:12:36:54 -0300] "GET /manager/html HTTP/1.1" 401 2474
18.163.206.128 - - [28/Oct/2022:12:36:54 -0300] "GET /manager/html HTTP/1.1" 401 2474
18.163.206.128 - - [28/Oct/2022:12:36:55 -0300] "GET /manager/html HTTP/1.1" 401 2474
18.163.206.128 - - [28/Oct/2022:12:36:55 -0300] "GET /manager/html HTTP/1.1" 401 2474
18.163.206.128 - - [28/Oct/2022:12:36:55 -0300] "GET /manager/html HTTP/1.1" 401 2474
18.163.206.128 - - [28/Oct/2022:12:36:56 -0300] "GET /manager/html HTTP/1.1" 401 2474
18.163.206.128 - - [28/Oct/2022:12:36:56 -0300] "GET /manager/html HTTP/1.1" 401 2474
18.163.206.128 - - [28/Oct/2022:12:36:56 -0300] "GET /manager/html HTTP/1.1" 401 2474
18.163.206.128 - - [28/Oct/2022:12:36:57 -0300] "GET /manager/html HTTP/1.1" 401 2474
18.163.206.128 - - [28/Oct/2022:12:36:57 -0300] "GET /manager/html HTTP/1.1" 401 2474
18.163.206.128 - - [28/Oct/2022:12:36:57 -0300] "GET /manager/html HTTP/1.1" 401 2474
18.163.206.128 - - [28/Oct/2022:12:36:58 -0300] "GET /manager/html HTTP/1.1" 401 2474
18.163.206.128 - - [28/Oct/2022:12:36:58 -0300] "GET /manager/html HTTP/1.1" 401 2474
18.163.206.128 - - [28/Oct/2022:12:36:58 -0300] "GET /manager/html HTTP/1.1" 401 2474
18.163.206.128 - - [28/Oct/2022:12:36:59 -0300] "GET /manager/html HTTP/1.1" 401 2474
18.163.206.128 - - [28/Oct/2022:12:36:59 -0300] "GET /manager/html HTTP/1.1" 401 2474
190.171.141.90 - - [28/Oct/2022:12:36:59 -0300] "GET /cormun/servlet/permisogoce?f05a92ac0be41db28f3bdffbf6eeb2e17552e9925e7dff1a6463b946452a025c503f0f8caa722a6664e021d57ec3c36eb65f7e6a0b3675d6085f274d03e87697,gx-no-cache=1666970557223 HTTP/1.1" 200 85
190.171.141.90 - - [28/Oct/2022:12:36:59 -0300] "GET /cormun/static/menuarrow.gif HTTP/1.1" 404 1015
18.163.206.128 - - [28/Oct/2022:12:36:59 -0300] "GET /manager/html HTTP/1.1" 401 2474
18.163.206.128 - - [28/Oct/2022:12:37:00 -0300] "GET /manager/html HTTP/1.1" 401 2474
18.163.206.128 - - [28/Oct/2022:12:37:00 -0300] "GET /manager/html HTTP/1.1" 401 2474
18.163.206.128 - - [28/Oct/2022:12:37:00 -0300] "GET /manager/html HTTP/1.1" 401 2474
18.163.206.128 - - [28/Oct/2022:12:37:01 -0300] "GET /manager/html HTTP/1.1" 401 2474
18.163.206.128 - - [28/Oct/2022:12:37:01 -0300] "GET /manager/html HTTP/1.1" 401 2474
18.163.206.128 - - [28/Oct/2022:12:37:01 -0300] "GET /manager/html HTTP/1.1" 401 2474
18.163.206.128 - - [28/Oct/2022:12:37:02 -0300] "GET /manager/html HTTP/1.1" 401 2474
18.163.206.128 - - [28/Oct/2022:12:37:02 -0300] "GET /manager/html HTTP/1.1" 401 2474
18.163.206.128 - - [28/Oct/2022:12:37:02 -0300] "GET /manager/html HTTP/1.1" 401 2474
18.163.206.128 - - [28/Oct/2022:12:37:03 -0300] "GET /manager/html HTTP/1.1" 401 2474
18.163.206.128 - - [28/Oct/2022:12:37:03 -0300] "GET /manager/html HTTP/1.1" 401 2474
190.171.141.90 - - [28/Oct/2022:12:37:03 -0300] "GET /cormun/servlet/permisogoce?f05a92ac0be41db28f3bdffbf6eeb2e171a1a7574d840705046450f186a75dd7786c06e32a68bc99f78d623555ea7d87d25cc5bff0a0325b60e58d17b062029b,gx-no-cache=1666970561373 HTTP/1.1" 200 48
18.163.206.128 - - [28/Oct/2022:12:37:03 -0300] "GET /manager/html HTTP/1.1" 401 2474
18.163.206.128 - - [28/Oct/2022:12:37:04 -0300] "GET /manager/html HTTP/1.1" 401 2474
18.163.206.128 - - [28/Oct/2022:12:37:04 -0300] "GET /manager/html HTTP/1.1" 401 2474
18.163.206.128 - - [28/Oct/2022:12:37:04 -0300] "GET /manager/html HTTP/1.1" 401 2474
190.171.141.90 - - [28/Oct/2022:12:37:04 -0300] "POST /cormun/servlet/permisogoce?45da0f285715c446d489b1d7310cd07b,INS,0,,,,gx-no-cache=1666970562209 HTTP/1.1" 200 93
18.163.206.128 - - [28/Oct/2022:12:37:05 -0300] "GET /manager/html HTTP/1.1" 401 2474
190.171.141.90 - - [28/Oct/2022:12:37:05 -0300] "GET /cormun/servlet/hpexe_return? HTTP/1.1" 200 1009
18.163.206.128 - - [28/Oct/2022:12:37:05 -0300] "GET /manager/html HTTP/1.1" 401 2474
190.171.141.90 - - [28/Oct/2022:12:37:05 -0300] "GET /cormun/servlet/trpermisosgoce HTTP/1.1" 200 18278
18.163.206.128 - - [28/Oct/2022:12:37:05 -0300] "GET /manager/html HTTP/1.1" 401 2474
18.163.206.128 - - [28/Oct/2022:12:37:06 -0300] "GET /manager/html HTTP/1.1" 401 2474
190.171.141.90 - - [28/Oct/2022:12:37:06 -0300] "GET /cormun/servlet/trpermisosgoce HTTP/1.1" 200 18253
18.163.206.128 - - [28/Oct/2022:12:37:06 -0300] "GET /manager/html HTTP/1.1" 401 2474
18.163.206.128 - - [28/Oct/2022:12:37:06 -0300] "GET /manager/html HTTP/1.1" 401 2474
18.163.206.128 - - [28/Oct/2022:12:37:07 -0300] "GET /manager/html HTTP/1.1" 401 2474
18.163.206.128 - - [28/Oct/2022:12:37:07 -0300] "GET /manager/html HTTP/1.1" 401 2474
18.163.206.128 - - [28/Oct/2022:12:37:07 -0300] "GET /manager/html HTTP/1.1" 401 2474
18.163.206.128 - - [28/Oct/2022:12:37:08 -0300] "GET /manager/html HTTP/1.1" 401 2474
18.163.206.128 - - [28/Oct/2022:12:37:08 -0300] "GET /manager/html HTTP/1.1" 401 2474
18.163.206.128 - - [28/Oct/2022:12:37:08 -0300] "GET /manager/html HTTP/1.1" 401 2474
18.163.206.128 - - [28/Oct/2022:12:37:09 -0300] "GET /manager/html HTTP/1.1" 401 2474
190.171.141.90 - - [28/Oct/2022:12:37:09 -0300] "GET /cormun/servlet/trpermisosadjuntos?19249493,20221028121830,P, HTTP/1.1" 200 6296
18.163.206.128 - - [28/Oct/2022:12:37:09 -0300] "GET /manager/html HTTP/1.1" 401 2474
190.171.141.90 - - [28/Oct/2022:12:37:09 -0300] "GET /cormun/servlet/trpermisosadjuntos?19249493,20221028121830,P, HTTP/1.1" 200 6296
18.163.206.128 - - [28/Oct/2022:12:37:09 -0300] "GET /manager/html HTTP/1.1" 401 2474
18.163.206.128 - - [28/Oct/2022:12:37:10 -0300] "GET /manager/html HTTP/1.1" 401 2474
18.163.206.128 - - [28/Oct/2022:12:37:10 -0300] "GET /manager/html HTTP/1.1" 401 2474
18.163.206.128 - - [28/Oct/2022:12:37:10 -0300] "GET /manager/html HTTP/1.1" 401 2474
190.171.141.90 - - [28/Oct/2022:12:37:11 -0300] "GET /cormun/servlet/permisosadjuntos?INS,19249493,P,20221028121830,, HTTP/1.1" 200 5612
18.163.206.128 - - [28/Oct/2022:12:37:11 -0300] "GET /manager/html HTTP/1.1" 401 2474
190.171.141.90 - - [28/Oct/2022:12:37:11 -0300] "GET /cormun/servlet/permisosadjuntos?INS,19249493,P,20221028121830,, HTTP/1.1" 200 5602
18.163.206.128 - - [28/Oct/2022:12:37:11 -0300] "GET /manager/html HTTP/1.1" 401 2474
18.163.206.128 - - [28/Oct/2022:12:37:11 -0300] "GET /manager/html HTTP/1.1" 401 2474
190.171.141.90 - - [28/Oct/2022:12:37:12 -0300] "GET /cormun/static/about:blank HTTP/1.1" 404 1011
18.163.206.128 - - [28/Oct/2022:12:37:12 -0300] "GET /manager/html HTTP/1.1" 401 2474
18.163.206.128 - - [28/Oct/2022:12:37:12 -0300] "GET /manager/html HTTP/1.1" 401 2474
18.163.206.128 - - [28/Oct/2022:12:37:12 -0300] "GET /manager/html HTTP/1.1" 401 2474
18.163.206.128 - - [28/Oct/2022:12:37:13 -0300] "GET /manager/html HTTP/1.1" 401 2474
18.163.206.128 - - [28/Oct/2022:12:37:13 -0300] "GET /manager/html HTTP/1.1" 401 2474
18.163.206.128 - - [28/Oct/2022:12:37:13 -0300] "GET /manager/html HTTP/1.1" 401 2474
18.163.206.128 - - [28/Oct/2022:12:37:14 -0300] "GET /manager/html HTTP/1.1" 401 2474
18.163.206.128 - - [28/Oct/2022:12:37:14 -0300] "GET /manager/html HTTP/1.1" 401 2474
18.163.206.128 - - [28/Oct/2022:12:37:14 -0300] "GET /manager/html HTTP/1.1" 401 2474
18.163.206.128 - - [28/Oct/2022:12:37:15 -0300] "GET /manager/html HTTP/1.1" 401 2474
18.163.206.128 - - [28/Oct/2022:12:37:15 -0300] "GET /manager/html HTTP/1.1" 401 2474
18.163.206.128 - - [28/Oct/2022:12:37:16 -0300] "GET /manager/html HTTP/1.1" 401 2474
18.163.206.128 - - [28/Oct/2022:12:37:16 -0300] "GET /manager/html HTTP/1.1" 401 2474
18.163.206.128 - - [28/Oct/2022:12:37:16 -0300] "GET /manager/html HTTP/1.1" 401 2474
18.163.206.128 - - [28/Oct/2022:12:37:17 -0300] "GET /manager/html HTTP/1.1" 401 2474
18.163.206.128 - - [28/Oct/2022:12:37:17 -0300] "GET /manager/html HTTP/1.1" 401 2474
18.163.206.128 - - [28/Oct/2022:12:37:17 -0300] "GET /manager/html HTTP/1.1" 401 2474
18.163.206.128 - - [28/Oct/2022:12:37:18 -0300] "GET /manager/html HTTP/1.1" 401 2474
18.163.206.128 - - [28/Oct/2022:12:37:18 -0300] "GET /manager/html HTTP/1.1" 401 2474
18.163.206.128 - - [28/Oct/2022:12:37:18 -0300] "GET /manager/html HTTP/1.1" 401 2474
18.163.206.128 - - [28/Oct/2022:12:37:19 -0300] "GET /manager/html HTTP/1.1" 401 2474
18.163.206.128 - - [28/Oct/2022:12:37:19 -0300] "GET /manager/html HTTP/1.1" 401 2474
18.163.206.128 - - [28/Oct/2022:12:37:19 -0300] "GET /manager/html HTTP/1.1" 401 2474
18.163.206.128 - - [28/Oct/2022:12:37:20 -0300] "GET /manager/html HTTP/1.1" 401 2474
18.163.206.128 - - [28/Oct/2022:12:37:20 -0300] "GET /manager/html HTTP/1.1" 401 2474
18.163.206.128 - - [28/Oct/2022:12:37:20 -0300] "GET /manager/html HTTP/1.1" 401 2474
18.163.206.128 - - [28/Oct/2022:12:37:21 -0300] "GET /manager/html HTTP/1.1" 401 2474
18.163.206.128 - - [28/Oct/2022:12:37:21 -0300] "GET /manager/html HTTP/1.1" 401 2474
18.163.206.128 - - [28/Oct/2022:12:37:21 -0300] "GET /manager/html HTTP/1.1" 401 2474
18.163.206.128 - - [28/Oct/2022:12:37:22 -0300] "GET /manager/html HTTP/1.1" 401 2474
18.163.206.128 - - [28/Oct/2022:12:37:22 -0300] "GET /manager/html HTTP/1.1" 401 2474
18.163.206.128 - - [28/Oct/2022:12:37:22 -0300] "GET /manager/html HTTP/1.1" 401 2474
18.163.206.128 - - [28/Oct/2022:12:37:23 -0300] "GET /manager/html HTTP/1.1" 401 2474
18.163.206.128 - - [28/Oct/2022:12:37:23 -0300] "GET /manager/html HTTP/1.1" 401 2474
18.163.206.128 - - [28/Oct/2022:12:37:23 -0300] "GET /manager/html HTTP/1.1" 401 2474
18.163.206.128 - - [28/Oct/2022:12:37:24 -0300] "GET /manager/html HTTP/1.1" 401 2474
18.163.206.128 - - [28/Oct/2022:12:37:24 -0300] "GET /manager/html HTTP/1.1" 401 2474
18.163.206.128 - - [28/Oct/2022:12:37:24 -0300] "GET /manager/html HTTP/1.1" 401 2474
190.171.141.90 - - [28/Oct/2022:12:37:24 -0300] "POST /cormun/servlet/permisosadjuntos?45da0f285715c446d489b1d7310cd07b,INS,19249493,P,20221028121830,, HTTP/1.1" 200 116
190.171.141.90 - - [28/Oct/2022:12:37:24 -0300] "GET /cormun/servlet/hpexe_return? HTTP/1.1" 200 1035
190.171.141.90 - - [28/Oct/2022:12:37:24 -0300] "GET /cormun/servlet/trpermisosadjuntos?19249493,20221028121830,P, HTTP/1.1" 200 6777
18.163.206.128 - - [28/Oct/2022:12:37:25 -0300] "GET /manager/html HTTP/1.1" 401 2474
18.163.206.128 - - [28/Oct/2022:12:37:25 -0300] "GET /manager/html HTTP/1.1" 401 2474
190.171.141.90 - - [28/Oct/2022:12:37:25 -0300] "GET /cormun/servlet/trpermisosadjuntos?19249493,20221028121830,P, HTTP/1.1" 200 6775
18.163.206.128 - - [28/Oct/2022:12:37:25 -0300] "GET /manager/html HTTP/1.1" 401 2474
18.163.206.128 - - [28/Oct/2022:12:37:26 -0300] "GET /manager/html HTTP/1.1" 401 2474
18.163.206.128 - - [28/Oct/2022:12:37:26 -0300] "GET /manager/html HTTP/1.1" 401 2474
18.163.206.128 - - [28/Oct/2022:12:37:26 -0300] "GET /manager/html HTTP/1.1" 401 2474
18.163.206.128 - - [28/Oct/2022:12:37:27 -0300] "GET /manager/html HTTP/1.1" 401 2474
18.163.206.128 - - [28/Oct/2022:12:37:27 -0300] "GET /manager/html HTTP/1.1" 401 2474
18.163.206.128 - - [28/Oct/2022:12:37:27 -0300] "GET /manager/html HTTP/1.1" 401 2474
18.163.206.128 - - [28/Oct/2022:12:37:28 -0300] "GET /manager/html HTTP/1.1" 401 2474
18.163.206.128 - - [28/Oct/2022:12:37:28 -0300] "GET /manager/html HTTP/1.1" 401 2474
190.171.141.90 - - [28/Oct/2022:12:37:28 -0300] "POST /cormun/servlet/trpermisosadjuntos?45da0f285715c446d489b1d7310cd07b,19249493,20221028121830,P,,gx-no-cache=1666970586193 HTTP/1.1" 200 90
190.171.141.90 - - [28/Oct/2022:12:37:28 -0300] "GET /cormun/servlet/hpexe_link HTTP/1.1" 200 982
18.163.206.128 - - [28/Oct/2022:12:37:28 -0300] "GET /manager/html HTTP/1.1" 401 2474
190.171.141.90 - - [28/Oct/2022:12:37:28 -0300] "GET /cormun/servlet/trpermisosgoce HTTP/1.1" 200 18260
18.163.206.128 - - [28/Oct/2022:12:37:29 -0300] "GET /manager/html HTTP/1.1" 401 2474
190.171.141.90 - - [28/Oct/2022:12:37:29 -0300] "GET /cormun/servlet/trpermisosgoce HTTP/1.1" 200 18259
18.163.206.128 - - [28/Oct/2022:12:37:29 -0300] "GET /manager/html HTTP/1.1" 401 2474
18.163.206.128 - - [28/Oct/2022:12:37:29 -0300] "GET /manager/html HTTP/1.1" 401 2474
18.163.206.128 - - [28/Oct/2022:12:37:30 -0300] "GET /manager/html HTTP/1.1" 401 2474
18.163.206.128 - - [28/Oct/2022:12:37:30 -0300] "GET /manager/html HTTP/1.1" 401 2474
18.163.206.128 - - [28/Oct/2022:12:37:30 -0300] "GET /manager/html HTTP/1.1" 401 2474
18.163.206.128 - - [28/Oct/2022:12:37:31 -0300] "GET /manager/html HTTP/1.1" 401 2474
18.163.206.128 - - [28/Oct/2022:12:37:31 -0300] "GET /manager/html HTTP/1.1" 401 2474
190.171.141.90 - - [28/Oct/2022:12:37:31 -0300] "POST /cormun/servlet/trpermisosgoce?45da0f285715c446d489b1d7310cd07b,gx-no-cache=1666970588925 HTTP/1.1" 200 15476
18.163.206.128 - - [28/Oct/2022:12:37:31 -0300] "GET /manager/html HTTP/1.1" 401 2474
190.171.141.90 - - [28/Oct/2022:12:37:31 -0300] "GET /cormun/static/Shared/jqueryui/images/ui-icons_82798d_256x240.png HTTP/1.1" 404 1089
190.171.141.90 - - [28/Oct/2022:12:37:31 -0300] "GET /cormun/static/Shared/jqueryui/images/ui-bg_highlight-soft_100_c6c2c8_1x100.png HTTP/1.1" 404 1117
190.171.141.90 - - [28/Oct/2022:12:37:31 -0300] "GET /cormun/static/Shared/jqueryui/images/ui-bg_flat_55_fafafa_40x100.png HTTP/1.1" 404 1097
190.171.141.90 - - [28/Oct/2022:12:37:31 -0300] "GET /cormun/static/Shared/jqueryui/images/ui-icons_8d78a5_256x240.png HTTP/1.1" 404 1089
18.163.206.128 - - [28/Oct/2022:12:37:32 -0300] "GET /manager/html HTTP/1.1" 401 2474
18.163.206.128 - - [28/Oct/2022:12:37:32 -0300] "GET /manager/html HTTP/1.1" 401 2474
18.163.206.128 - - [28/Oct/2022:12:37:32 -0300] "GET /manager/html HTTP/1.1" 401 2474
190.171.141.90 - - [28/Oct/2022:12:37:32 -0300] "GET /cormun/servlet/permisogoce?INS,0,,, HTTP/1.1" 200 6832
18.163.206.128 - - [28/Oct/2022:12:37:32 -0300] "GET /manager/html HTTP/1.1" 401 2474
190.171.141.90 - - [28/Oct/2022:12:37:33 -0300] "GET /cormun/servlet/permisogoce?INS,0,,, HTTP/1.1" 200 6832
18.163.206.128 - - [28/Oct/2022:12:37:33 -0300] "GET /manager/html HTTP/1.1" 401 2474
18.163.206.128 - - [28/Oct/2022:12:37:33 -0300] "GET /manager/html HTTP/1.1" 401 2474
18.163.206.128 - - [28/Oct/2022:12:37:33 -0300] "GET /manager/html HTTP/1.1" 401 2474
18.163.206.128 - - [28/Oct/2022:12:37:34 -0300] "GET /manager/html HTTP/1.1" 401 2474
18.163.206.128 - - [28/Oct/2022:12:37:34 -0300] "GET /manager/html HTTP/1.1" 401 2474
18.163.206.128 - - [28/Oct/2022:12:37:34 -0300] "GET /manager/html HTTP/1.1" 401 2474
18.163.206.128 - - [28/Oct/2022:12:37:35 -0300] "GET /manager/html HTTP/1.1" 401 2474
18.163.206.128 - - [28/Oct/2022:12:37:35 -0300] "GET /manager/html HTTP/1.1" 401 2474
18.163.206.128 - - [28/Oct/2022:12:37:35 -0300] "GET /manager/html HTTP/1.1" 401 2474
18.163.206.128 - - [28/Oct/2022:12:37:36 -0300] "GET /manager/html HTTP/1.1" 401 2474
18.163.206.128 - - [28/Oct/2022:12:37:36 -0300] "GET /manager/html HTTP/1.1" 401 2474
190.171.141.90 - - [28/Oct/2022:12:37:36 -0300] "GET /cormun/servlet/prfichaempleado?,MD,,gxPopupLevel%3D0%3B HTTP/1.1" 200 9263
18.163.206.128 - - [28/Oct/2022:12:37:36 -0300] "GET /manager/html HTTP/1.1" 401 2474
18.163.206.128 - - [28/Oct/2022:12:37:37 -0300] "GET /manager/html HTTP/1.1" 401 2474
18.163.206.128 - - [28/Oct/2022:12:37:37 -0300] "GET /manager/html HTTP/1.1" 401 2474
18.163.206.128 - - [28/Oct/2022:12:37:37 -0300] "GET /manager/html HTTP/1.1" 401 2474
18.163.206.128 - - [28/Oct/2022:12:37:38 -0300] "GET /manager/html HTTP/1.1" 401 2474
18.163.206.128 - - [28/Oct/2022:12:37:38 -0300] "GET /manager/html HTTP/1.1" 401 2474
18.163.206.128 - - [28/Oct/2022:12:37:38 -0300] "GET /manager/html HTTP/1.1" 401 2474
18.163.206.128 - - [28/Oct/2022:12:37:39 -0300] "GET /manager/html HTTP/1.1" 401 2474
18.163.206.128 - - [28/Oct/2022:12:37:39 -0300] "GET /manager/html HTTP/1.1" 401 2474
18.163.206.128 - - [28/Oct/2022:12:37:39 -0300] "GET /manager/html HTTP/1.1" 401 2474
18.163.206.128 - - [28/Oct/2022:12:37:40 -0300] "GET /manager/html HTTP/1.1" 401 2474
18.163.206.128 - - [28/Oct/2022:12:37:40 -0300] "GET /manager/html HTTP/1.1" 401 2474
18.163.206.128 - - [28/Oct/2022:12:37:40 -0300] "GET /manager/html HTTP/1.1" 401 2474
18.163.206.128 - - [28/Oct/2022:12:37:41 -0300] "GET /manager/html HTTP/1.1" 401 2474
18.163.206.128 - - [28/Oct/2022:12:37:41 -0300] "GET /manager/html HTTP/1.1" 401 2474
18.163.206.128 - - [28/Oct/2022:12:37:41 -0300] "GET /manager/html HTTP/1.1" 401 2474
18.163.206.128 - - [28/Oct/2022:12:37:42 -0300] "GET /manager/html HTTP/1.1" 401 2474
18.163.206.128 - - [28/Oct/2022:12:37:42 -0300] "GET /manager/html HTTP/1.1" 401 2474
18.163.206.128 - - [28/Oct/2022:12:37:42 -0300] "GET /manager/html HTTP/1.1" 401 2474
18.163.206.128 - - [28/Oct/2022:12:37:43 -0300] "GET /manager/html HTTP/1.1" 401 2474
18.163.206.128 - - [28/Oct/2022:12:37:43 -0300] "GET /manager/html HTTP/1.1" 401 2474
18.163.206.128 - - [28/Oct/2022:12:37:43 -0300] "GET /manager/html HTTP/1.1" 401 2474
18.163.206.128 - - [28/Oct/2022:12:37:44 -0300] "GET /manager/html HTTP/1.1" 401 2474
18.163.206.128 - - [28/Oct/2022:12:37:44 -0300] "GET /manager/html HTTP/1.1" 401 2474
18.163.206.128 - - [28/Oct/2022:12:37:44 -0300] "GET /manager/html HTTP/1.1" 401 2474
18.163.206.128 - - [28/Oct/2022:12:37:45 -0300] "GET /manager/html HTTP/1.1" 401 2474
18.163.206.128 - - [28/Oct/2022:12:37:45 -0300] "GET /manager/html HTTP/1.1" 401 2474
18.163.206.128 - - [28/Oct/2022:12:37:45 -0300] "GET /manager/html HTTP/1.1" 401 2474
18.163.206.128 - - [28/Oct/2022:12:37:46 -0300] "GET /manager/html HTTP/1.1" 401 2474
18.163.206.128 - - [28/Oct/2022:12:37:46 -0300] "GET /manager/html HTTP/1.1" 401 2474
18.163.206.128 - - [28/Oct/2022:12:37:46 -0300] "GET /manager/html HTTP/1.1" 401 2474
18.163.206.128 - - [28/Oct/2022:12:37:47 -0300] "GET /manager/html HTTP/1.1" 401 2474
18.163.206.128 - - [28/Oct/2022:12:37:47 -0300] "GET /manager/html HTTP/1.1" 401 2474
18.163.206.128 - - [28/Oct/2022:12:37:47 -0300] "GET /manager/html HTTP/1.1" 401 2474
18.163.206.128 - - [28/Oct/2022:12:37:48 -0300] "GET /manager/html HTTP/1.1" 401 2474
190.171.141.90 - - [28/Oct/2022:12:37:48 -0300] "POST /cormun/servlet/prfichaempleado?45da0f285715c446d489b1d7310cd07b,,MD,,gxPopupLevel%3D0%3B,gx-no-cache=1666970605905 HTTP/1.1" 200 6067
18.163.206.128 - - [28/Oct/2022:12:37:48 -0300] "GET /manager/html HTTP/1.1" 401 2474
18.163.206.128 - - [28/Oct/2022:12:37:48 -0300] "GET /manager/html HTTP/1.1" 401 2474
18.163.206.128 - - [28/Oct/2022:12:37:49 -0300] "GET /manager/html HTTP/1.1" 401 2474
18.163.206.128 - - [28/Oct/2022:12:37:49 -0300] "GET /manager/html HTTP/1.1" 401 2474
18.163.206.128 - - [28/Oct/2022:12:37:50 -0300] "GET /manager/html HTTP/1.1" 401 2474
18.163.206.128 - - [28/Oct/2022:12:37:50 -0300] "GET /manager/html HTTP/1.1" 401 2474
18.163.206.128 - - [28/Oct/2022:12:37:50 -0300] "GET /manager/html HTTP/1.1" 401 2474
18.163.206.128 - - [28/Oct/2022:12:37:51 -0300] "GET /manager/html HTTP/1.1" 401 2474
18.163.206.128 - - [28/Oct/2022:12:37:51 -0300] "GET /manager/html HTTP/1.1" 401 2474
18.163.206.128 - - [28/Oct/2022:12:37:51 -0300] "GET /manager/html HTTP/1.1" 401 2474
18.163.206.128 - - [28/Oct/2022:12:37:52 -0300] "GET /manager/html HTTP/1.1" 401 2474
18.163.206.128 - - [28/Oct/2022:12:37:52 -0300] "GET /manager/html HTTP/1.1" 401 2474
18.163.206.128 - - [28/Oct/2022:12:37:52 -0300] "GET /manager/html HTTP/1.1" 401 2474
18.163.206.128 - - [28/Oct/2022:12:37:53 -0300] "GET /manager/html HTTP/1.1" 401 2474
18.163.206.128 - - [28/Oct/2022:12:37:53 -0300] "GET /manager/html HTTP/1.1" 401 2474
18.163.206.128 - - [28/Oct/2022:12:37:53 -0300] "GET /manager/html HTTP/1.1" 401 2474
18.163.206.128 - - [28/Oct/2022:12:37:54 -0300] "GET /manager/html HTTP/1.1" 401 2474
18.163.206.128 - - [28/Oct/2022:12:37:54 -0300] "GET /manager/html HTTP/1.1" 401 2474
18.163.206.128 - - [28/Oct/2022:12:37:54 -0300] "GET /manager/html HTTP/1.1" 401 2474
18.163.206.128 - - [28/Oct/2022:12:37:55 -0300] "GET /manager/html HTTP/1.1" 401 2474
18.163.206.128 - - [28/Oct/2022:12:37:55 -0300] "GET /manager/html HTTP/1.1" 401 2474
18.163.206.128 - - [28/Oct/2022:12:37:55 -0300] "GET /manager/html HTTP/1.1" 401 2474
18.163.206.128 - - [28/Oct/2022:12:37:56 -0300] "GET /manager/html HTTP/1.1" 401 2474
18.163.206.128 - - [28/Oct/2022:12:37:56 -0300] "GET /manager/html HTTP/1.1" 401 2474
18.163.206.128 - - [28/Oct/2022:12:37:56 -0300] "GET /manager/html HTTP/1.1" 401 2474
18.163.206.128 - - [28/Oct/2022:12:37:57 -0300] "GET /manager/html HTTP/1.1" 401 2474
18.163.206.128 - - [28/Oct/2022:12:37:57 -0300] "GET /manager/html HTTP/1.1" 401 2474
190.171.141.90 - - [28/Oct/2022:12:37:57 -0300] "POST /cormun/servlet/prfichaempleado?45da0f285715c446d489b1d7310cd07b,,MD,,gxPopupLevel%3D0%3B,gx-no-cache=1666970615390 HTTP/1.1" 200 3404
18.163.206.128 - - [28/Oct/2022:12:37:57 -0300] "GET /manager/html HTTP/1.1" 401 2474
18.163.206.128 - - [28/Oct/2022:12:37:58 -0300] "GET /manager/html HTTP/1.1" 401 2474
18.163.206.128 - - [28/Oct/2022:12:37:58 -0300] "GET /manager/html HTTP/1.1" 401 2474
18.163.206.128 - - [28/Oct/2022:12:37:58 -0300] "GET /manager/html HTTP/1.1" 401 2474
18.163.206.128 - - [28/Oct/2022:12:37:59 -0300] "GET /manager/html HTTP/1.1" 401 2474
18.163.206.128 - - [28/Oct/2022:12:37:59 -0300] "GET /manager/html HTTP/1.1" 401 2474
18.163.206.128 - - [28/Oct/2022:12:37:59 -0300] "GET /manager/html HTTP/1.1" 401 2474
18.163.206.128 - - [28/Oct/2022:12:38:00 -0300] "GET /manager/html HTTP/1.1" 401 2474
18.163.206.128 - - [28/Oct/2022:12:38:00 -0300] "GET /manager/html HTTP/1.1" 401 2474
190.171.141.90 - - [28/Oct/2022:12:38:00 -0300] "GET /cormun/servlet/permisogoce?f05a92ac0be41db28f3bdffbf6eeb2e1a85e037ead9a7fecd7d09fe4c69d1767503f0f8caa722a6664e021d57ec3c36eb65f7e6a0b3675d6085f274d03e87697,gx-no-cache=1666970618344 HTTP/1.1" 200 84
190.171.141.90 - - [28/Oct/2022:12:38:00 -0300] "GET /cormun/static/menuarrow.gif HTTP/1.1" 404 1015
18.163.206.128 - - [28/Oct/2022:12:38:00 -0300] "GET /manager/html HTTP/1.1" 401 2474
18.163.206.128 - - [28/Oct/2022:12:38:01 -0300] "GET /manager/html HTTP/1.1" 401 2474
18.163.206.128 - - [28/Oct/2022:12:38:01 -0300] "GET /manager/html HTTP/1.1" 401 2474
18.163.206.128 - - [28/Oct/2022:12:38:01 -0300] "GET /manager/html HTTP/1.1" 401 2474
18.163.206.128 - - [28/Oct/2022:12:38:02 -0300] "GET /manager/html HTTP/1.1" 401 2474
18.163.206.128 - - [28/Oct/2022:12:38:02 -0300] "GET /manager/html HTTP/1.1" 401 2474
18.163.206.128 - - [28/Oct/2022:12:38:02 -0300] "GET /manager/html HTTP/1.1" 401 2474
18.163.206.128 - - [28/Oct/2022:12:38:03 -0300] "GET /manager/html HTTP/1.1" 401 2474
18.163.206.128 - - [28/Oct/2022:12:38:03 -0300] "GET /manager/html HTTP/1.1" 401 2474
18.163.206.128 - - [28/Oct/2022:12:38:03 -0300] "GET /manager/html HTTP/1.1" 401 2474
18.163.206.128 - - [28/Oct/2022:12:38:04 -0300] "GET /manager/html HTTP/1.1" 401 2474
18.163.206.128 - - [28/Oct/2022:12:38:04 -0300] "GET /manager/html HTTP/1.1" 401 2474
18.163.206.128 - - [28/Oct/2022:12:38:04 -0300] "GET /manager/html HTTP/1.1" 401 2474
18.163.206.128 - - [28/Oct/2022:12:38:05 -0300] "GET /manager/html HTTP/1.1" 401 2474
18.163.206.128 - - [28/Oct/2022:12:38:05 -0300] "GET /manager/html HTTP/1.1" 401 2474
18.163.206.128 - - [28/Oct/2022:12:38:05 -0300] "GET /manager/html HTTP/1.1" 401 2474
190.171.141.90 - - [28/Oct/2022:12:38:05 -0300] "GET /cormun/servlet/permisogoce?f05a92ac0be41db28f3bdffbf6eeb2e1b87e5042e47e150895e2aa350d8b1844218d0e9968056764cb6c767e9669e073d25cc5bff0a0325b60e58d17b062029b,gx-no-cache=1666970623564 HTTP/1.1" 200 49
18.163.206.128 - - [28/Oct/2022:12:38:06 -0300] "GET /manager/html HTTP/1.1" 401 2474
18.163.206.128 - - [28/Oct/2022:12:38:06 -0300] "GET /manager/html HTTP/1.1" 401 2474
18.163.206.128 - - [28/Oct/2022:12:38:06 -0300] "GET /manager/html HTTP/1.1" 401 2474
