201.186.225.189 - - [17/Oct/2022:10:29:56 -0300] "GET /cormun/servlet/solicitudot?343d81839590c105bebe10050a43ce8fd152e5ccc70bd62fbe36e62c90ccc8b97be0213cffa5c5d84f5d8ba463cc41014c74228aeed1af5223b3d36fb752a78d48f4cb52a8b2eee379bb5d95a0654befc8cf1b4f427184c120e8eb6bb406ed44bd8f9f1f506b9eac73fc3b477982bb800b29aca88f03453f05bff596b6888b3ab28659bda4663f4e3a1315b6697cf3619cf3b3121bb58921348af37360bcfbd01abd0a3105a54094fd5c6ce356115b21f8d322277f3243100f2f166a1e8ba16718c99294f805e7258d61f0c6f9d830e72312c9130bf960393bf624c4030af72b86cb592f6e49fdd0b768ba002ff459deadac4231faaec3c06151301f925f9eb0ae64a8ccf04ba5274ae0321b60ebd23ced621171631d38fa569f2e37f1829bc133bf63f5a732202ec4695707fcac0c59e74ed2f0b888dc6823c3f75e6ed4bb40f27a3b29af5a8a25a2e75c2beb74c3f6a0925a9b86d98d76db74d4ac6ed0a7eed7007e14a40c8816bfe7576431224cf0f46f7399ad9dad3068e7b0a70782aac6,gx-no-cache=1666012536283 HTTP/1.1" 200 30
201.186.225.189 - - [17/Oct/2022:10:30:02 -0300] "POST /cormun/servlet/solicitudot?gx-no-cache=1666012542168 HTTP/1.1" 200 30
200.54.107.2 - - [17/Oct/2022:10:30:16 -0300] "GET /cormun/servlet/trlicencias HTTP/1.1" 200 6047
186.67.172.234 - - [17/Oct/2022:10:30:19 -0300] "GET /cormun/servlet/trsolicitudot? HTTP/1.1" 200 6327
186.67.172.234 - - [17/Oct/2022:10:30:19 -0300] "GET /cormun/servlet/trsolicitudot? HTTP/1.1" 200 6325
186.67.172.234 - - [17/Oct/2022:10:30:19 -0300] "GET /cormun/servlet/hlogin HTTP/1.1" 200 1745
200.54.107.2 - - [17/Oct/2022:10:30:21 -0300] "GET /cormun/servlet/hlogin HTTP/1.1" 200 1747
200.54.107.2 - - [17/Oct/2022:10:30:21 -0300] "GET /cormun/servlet/trlicencias HTTP/1.1" 200 6045
200.54.107.2 - - [17/Oct/2022:10:30:21 -0300] "GET /cormun/static/Resources/indicator.gif HTTP/1.1" 200 1553
201.186.225.189 - - [17/Oct/2022:10:30:31 -0300] "GET /cormun/servlet/prfichaempleado?,MD,,gxPopupLevel%3D0%3B HTTP/1.1" 200 9379
201.186.225.189 - - [17/Oct/2022:10:30:31 -0300] "GET /cormun/static/gxcfg.js?20201215571085 HTTP/1.1" 200 953
201.186.225.189 - - [17/Oct/2022:10:30:31 -0300] "GET /cormun/static/prfichaempleado.js?20201215572193 HTTP/1.1" 200 16006
186.67.172.234 - - [17/Oct/2022:10:30:45 -0300] "POST /cormun/servlet/hlogin?f8b79d3ea2cb871880d208c8d9d9c164,gx-no-cache=1666012585222 HTTP/1.1" 200 90
186.67.172.234 - - [17/Oct/2022:10:30:46 -0300] "GET /cormun/servlet/hpexe_link HTTP/1.1" 200 958
186.67.172.234 - - [17/Oct/2022:10:30:46 -0300] "GET /cormun/servlet/trsolicitudot HTTP/1.1" 200 7425
201.186.225.189 - - [17/Oct/2022:10:30:46 -0300] "POST /cormun/servlet/prfichaempleado?cd3fd0fd7e4c5af5852e7363a7ffe1b4,,MD,,gxPopupLevel%3D0%3B,gx-no-cache=1666012585842 HTTP/1.1" 200 3402
186.67.172.234 - - [17/Oct/2022:10:30:46 -0300] "GET /cormun/servlet/trsolicitudot HTTP/1.1" 200 7424
186.67.172.234 - - [17/Oct/2022:10:30:49 -0300] "GET /cormun/servlet/solicitudot?INS,0,0,false, HTTP/1.1" 200 16143
186.67.172.234 - - [17/Oct/2022:10:30:50 -0300] "GET /cormun/servlet/solicitudot?INS,0,0,false, HTTP/1.1" 200 16150
201.186.225.189 - - [17/Oct/2022:10:30:52 -0300] "POST /cormun/servlet/solicitudot?gx-no-cache=1666012591371 HTTP/1.1" 200 1470
201.186.225.189 - - [17/Oct/2022:10:30:54 -0300] "GET /cormun/static/menuarrow.gif HTTP/1.1" 404 1015
186.67.172.234 - - [17/Oct/2022:10:30:57 -0300] "POST /cormun/servlet/solicitudot?gx-no-cache=1666012596751 HTTP/1.1" 200 3993
186.67.172.234 - - [17/Oct/2022:10:30:58 -0300] "POST /cormun/servlet/solicitudot?f8b79d3ea2cb871880d208c8d9d9c164,INS,0,0,false,,gx-no-cache=1666012597082 HTTP/1.1" 200 12827
201.186.225.189 - - [17/Oct/2022:10:31:00 -0300] "GET /cormun/servlet/prfichaempleado?,MD,,gxPopupLevel%3D0%3B HTTP/1.1" 200 9379
186.67.172.234 - - [17/Oct/2022:10:31:01 -0300] "GET /cormun/servlet/solicitudot?6f5a5048981e17fec1bcf3b5a298b2b9f40527bb40b6c574b24c5097e4967d3bad018d2e0d871e662476fed5e212cec8,gx-no-cache=1666012601425 HTTP/1.1" 200 30
201.186.225.189 - - [17/Oct/2022:10:31:07 -0300] "POST /cormun/servlet/prfichaempleado?cd3fd0fd7e4c5af5852e7363a7ffe1b4,,MD,,gxPopupLevel%3D0%3B,gx-no-cache=1666012606635 HTTP/1.1" 200 3402
201.186.225.189 - - [17/Oct/2022:10:31:39 -0300] "POST /cormun/servlet/solicitudot?gx-no-cache=1666012638891 HTTP/1.1" 200 41
186.67.172.234 - - [17/Oct/2022:10:31:41 -0300] "GET /cormun/servlet/solicitudot?6f5a5048981e17fec1bcf3b5a298b2b9a806f5a7f6198c63cdba0f93e6524ab8fecd51c59d4dadf95432c074d94ae02f,gx-no-cache=1666012641338 HTTP/1.1" 200 30
186.67.172.234 - - [17/Oct/2022:10:31:44 -0300] "GET /cormun/servlet/prbanco?,MD,,gxPopupLevel%3D0%3B HTTP/1.1" 200 6683
186.67.172.234 - - [17/Oct/2022:10:31:44 -0300] "GET /cormun/static/gxcfg.js?20201216131581 HTTP/1.1" 200 953
186.67.172.234 - - [17/Oct/2022:10:31:44 -0300] "GET /cormun/static/prbanco.js?20201216132311 HTTP/1.1" 200 10693
186.67.172.234 - - [17/Oct/2022:10:31:49 -0300] "GET /cormun/servlet/solicitudot?6f5a5048981e17fec1bcf3b5a298b2b97812cfd5e316111da517cf5e9e92c37e,gx-no-cache=1666012648810 HTTP/1.1" 200 45
190.171.142.10 - - [17/Oct/2022:10:32:05 -0300] "POST /cormun/servlet/trlicencias?e5f185736eaf2f14e2fdc1db27e83393,,gx-no-cache=1666012664608 HTTP/1.1" 440 972
190.171.142.10 - - [17/Oct/2022:10:32:09 -0300] "GET /cormun/servlet/trlicencias? HTTP/1.1" 200 6037
190.171.142.10 - - [17/Oct/2022:10:32:10 -0300] "GET /cormun/servlet/trlicencias? HTTP/1.1" 200 6037
190.171.142.10 - - [17/Oct/2022:10:32:10 -0300] "GET /cormun/servlet/hlogin HTTP/1.1" 200 1738
201.186.225.189 - - [17/Oct/2022:10:32:10 -0300] "POST /cormun/servlet/solicitudot?gx-no-cache=1666012670346 HTTP/1.1" 200 122
201.186.225.189 - - [17/Oct/2022:10:32:11 -0300] "GET /cormun/static/Shared/jqueryui/images/ui-bg_highlight-soft_100_c6c2c8_1x100.png HTTP/1.1" 404 1117
201.186.225.189 - - [17/Oct/2022:10:32:11 -0300] "GET /cormun/static/Shared/jqueryui/images/ui-bg_flat_55_994d53_40x100.png HTTP/1.1" 404 1097
201.186.225.189 - - [17/Oct/2022:10:32:11 -0300] "GET /cormun/static/Shared/jqueryui/images/ui-icons_82798d_256x240.png HTTP/1.1" 404 1089
201.186.225.189 - - [17/Oct/2022:10:32:11 -0300] "GET /cormun/static/Shared/jqueryui/images/ui-icons_ebccce_256x240.png HTTP/1.1" 404 1089
201.186.225.189 - - [17/Oct/2022:10:32:11 -0300] "GET /cormun/servlet/solicitudot?343d81839590c105bebe10050a43ce8f5ef60d3f048d74903223fd617f321a1e43139b7ddad75c39484b72ec9062a6a9c18a7f1de70ba88e58a61b071b63be024ab4abeabc7d5494a685527c344b38fadc27b6b4e4c333cf1fc4c070c9ad620800bacc17408e42658e729406ddbbb956,gx-no-cache=1666012670425 HTTP/1.1" 200 110
201.186.225.189 - - [17/Oct/2022:10:32:11 -0300] "POST /cormun/servlet/solicitudot?gx-no-cache=1666012670450 HTTP/1.1" 200 97
190.171.142.10 - - [17/Oct/2022:10:32:26 -0300] "POST /cormun/servlet/hlogin?58f4a79dbc9d6640dd43b3172a9c6e94,gx-no-cache=1666012685417 HTTP/1.1" 200 90
190.171.142.10 - - [17/Oct/2022:10:32:26 -0300] "GET /cormun/servlet/hpexe_link HTTP/1.1" 200 954
190.171.142.10 - - [17/Oct/2022:10:32:26 -0300] "GET /cormun/servlet/trlicencias HTTP/1.1" 200 13154
190.171.142.10 - - [17/Oct/2022:10:32:27 -0300] "GET /cormun/servlet/trlicencias HTTP/1.1" 200 13152
192.168.10.17 - - [17/Oct/2022:10:32:28 -0300] "GET /cormun/servlet/vesolicitudgral?2022,19235,, HTTP/1.1" 200 8335
192.168.10.17 - - [17/Oct/2022:10:32:28 -0300] "GET /cormun/pexe_scrolldiv.js HTTP/1.1" 404 1009
192.168.10.17 - - [17/Oct/2022:10:32:28 -0300] "GET /cormun/servlet/vesolicitudgral?2022,19235,, HTTP/1.1" 200 8335
201.186.225.189 - - [17/Oct/2022:10:32:32 -0300] "POST /cormun/servlet/solicitudot?gx-no-cache=1666012691975 HTTP/1.1" 200 41
201.186.225.189 - - [17/Oct/2022:10:32:32 -0300] "GET /cormun/servlet/solicitudot?343d81839590c105bebe10050a43ce8f5ef60d3f048d74903223fd617f321a1e43139b7ddad75c39484b72ec9062a6a9c18a7f1de70ba88e58a61b071b63be024ab4abeabc7d5494a685527c344b38fadc27b6b4e4c333cf1fc4c070c9ad620800bacc17408e42658e729406ddbbb956,gx-no-cache=1666012692052 HTTP/1.1" 200 110
201.186.225.189 - - [17/Oct/2022:10:32:32 -0300] "GET /cormun/servlet/solicitudot?343d81839590c105bebe10050a43ce8f5a1027f970a190fa133a40e8428c1c6712a162d16761a91fa393f8736f4fff53c1d5b3468302611b87c5731eef89213c256dec485d96210c07eee7e852a6c9de6b171883c04267d72957dadd713972597261c061efbb2e20501162a8a3db0018,gx-no-cache=1666012692101 HTTP/1.1" 200 29
201.186.225.189 - - [17/Oct/2022:10:32:35 -0300] "GET /cormun/servlet/solicitudot?343d81839590c105bebe10050a43ce8f5ef60d3f048d74903223fd617f321a1e43139b7ddad75c39484b72ec9062a6a9c18a7f1de70ba88e58a61b071b63be024ab4abeabc7d5494a685527c344b38fadc27b6b4e4c333cf1fc4c070c9ad620800bacc17408e42658e729406ddbbb956,gx-no-cache=1666012694522 HTTP/1.1" 200 110
190.171.142.10 - - [17/Oct/2022:10:32:42 -0300] "GET /cormun/servlet/trsolicitudot? HTTP/1.1" 200 8593
190.171.142.10 - - [17/Oct/2022:10:32:42 -0300] "GET /cormun/servlet/trsolicitudot? HTTP/1.1" 200 8593
201.186.225.189 - - [17/Oct/2022:10:32:45 -0300] "GET /cormun/servlet/solicitudot?343d81839590c105bebe10050a43ce8f195fa5742aa7d1665bc5f12f22a56e93a6dedd2a6d26cb799d72e12fdff9141b,gx-no-cache=1666012704969 HTTP/1.1" 200 30
201.186.225.189 - - [17/Oct/2022:10:32:45 -0300] "POST /cormun/servlet/solicitudot?gx-no-cache=1666012704999 HTTP/1.1" 200 34
201.186.225.189 - - [17/Oct/2022:10:32:48 -0300] "POST /cormun/servlet/solicitudot?cd3fd0fd7e4c5af5852e7363a7ffe1b4,INS,0,0,false,,gx-no-cache=1666012705042 HTTP/1.1" 200 93
201.186.225.189 - - [17/Oct/2022:10:32:48 -0300] "GET /cormun/servlet/hpexe_return? HTTP/1.1" 200 1005
201.186.225.189 - - [17/Oct/2022:10:32:48 -0300] "GET /cormun/servlet/trsolicitudot HTTP/1.1" 200 9026
201.186.225.189 - - [17/Oct/2022:10:32:48 -0300] "GET /cormun/servlet/trsolicitudot HTTP/1.1" 200 9022
201.186.225.189 - - [17/Oct/2022:10:32:53 -0300] "POST /cormun/servlet/trsolicitudot?cd3fd0fd7e4c5af5852e7363a7ffe1b4,gx-no-cache=1666012712613 HTTP/1.1" 200 107
201.186.225.189 - - [17/Oct/2022:10:32:53 -0300] "GET /cormun/servlet/trsolicitudadjuntos?2022,19245, HTTP/1.1" 200 6453
201.186.225.189 - - [17/Oct/2022:10:32:53 -0300] "GET /cormun/servlet/trsolicitudadjuntos?2022,19245, HTTP/1.1" 200 6452
201.186.225.189 - - [17/Oct/2022:10:32:56 -0300] "GET /cormun/servlet/solicitudotadjuntos?INS,2022,19245,,1, HTTP/1.1" 200 6388
201.186.225.189 - - [17/Oct/2022:10:32:56 -0300] "GET /cormun/static/about:blank HTTP/1.1" 404 1011
201.186.225.189 - - [17/Oct/2022:10:32:56 -0300] "GET /cormun/servlet/solicitudotadjuntos?INS,2022,19245,,1, HTTP/1.1" 200 6381
201.186.225.189 - - [17/Oct/2022:10:32:57 -0300] "GET /cormun/servlet/solicitudotadjuntos?343d81839590c105bebe10050a43ce8fc07b0300f456509326364bc86e31c24a37711a6ebea0dd64ead3725ed0cfe751,gx-no-cache=1666012716763 HTTP/1.1" 200 30
201.186.225.189 - - [17/Oct/2022:10:32:57 -0300] "POST /cormun/servlet/solicitudotadjuntos?cd3fd0fd7e4c5af5852e7363a7ffe1b4,INS,2022,19245,,1,,gx-no-cache=1666012716837 HTTP/1.1" 200 4183
186.67.172.234 - - [17/Oct/2022:10:33:02 -0300] "POST /cormun/servlet/solicitudot?gx-no-cache=1666012722311 HTTP/1.1" 200 240
186.67.172.234 - - [17/Oct/2022:10:33:02 -0300] "GET /cormun/servlet/solicitudot?6f5a5048981e17fec1bcf3b5a298b2b9d335cdfb58b3f260b9c33eadf468b5dc7ac5ceda45e241ea8ca35f4f8008276a1cc136dd37e58543b6a9265ba53e17df93987738bb67d52dea776abc00b9e4b989a1b164c55024766911dd4b1ff909e54b74d4f7fa49725f0a2f3d3b5459cef17eb63dfe92cb5fbb0bdd1d5d19752439e144a88f76aa21875b0e06fa4b42997c3887052076ff3909d549c011a25343adad944b2645635ed855a889f7619c9f8cacbd1fedf179736447aa9c336666f00607f41e3e21e0fc92cfbf50c380f48da84cb8fe03fcbfb87afcaefd84be9d0aaa92a7e7651ba86354026432b7e8914bd5e4290c820c3eb98eeebb43b5677600a1b2cb330a9e748210fc000535bc74622c61a0ce5fa9eb2e6a2958b8db6be86dda13f96366f6151e9eb014c3453998df92d27fb67673487288a00476a24479a4527e26a82dba4e6a61885b683c0da7230e4c6b1de3d428ab0a0170f2c3b29b405b651ccee3ad7949e23af508261bd4883f40e2e5987784a1759c30e07d9f13cb2d,gx-no-cache=1666012722348 HTTP/1.1" 200 30
201.186.225.189 - - [17/Oct/2022:10:33:08 -0300] "POST /cormun/servlet/solicitudotadjuntos?gx-no-cache=1666012727545 HTTP/1.1" 200 26
186.67.172.234 - - [17/Oct/2022:10:33:09 -0300] "POST /cormun/servlet/solicitudot?gx-no-cache=1666012729422 HTTP/1.1" 200 30
186.67.172.234 - - [17/Oct/2022:10:33:15 -0300] "POST /cormun/servlet/solicitudot?gx-no-cache=1666012734957 HTTP/1.1" 200 1468
186.67.172.234 - - [17/Oct/2022:10:33:15 -0300] "POST /cormun/servlet/solicitudot?gx-no-cache=1666012735005 HTTP/1.1" 200 38
186.67.172.234 - - [17/Oct/2022:10:33:15 -0300] "GET /cormun/servlet/solicitudot?6f5a5048981e17fec1bcf3b5a298b2b99964e5c0bc2a249f360b21a5ca390aeda620f67e669493d6bfa753cb91fd745b869b3f16edf7d90c704f147d260985cb8ae600e98d37645f0ab46a4341318e958a64cd9924facdf05ea6ff05971c02c42f2a51a3a5ea7c55c195b2095b1f507e,gx-no-cache=1666012735052 HTTP/1.1" 200 110
190.171.142.10 - - [17/Oct/2022:10:33:16 -0300] "POST /cormun/servlet/trsolicitudot?58f4a79dbc9d6640dd43b3172a9c6e94,,gx-no-cache=1666012736159 HTTP/1.1" 200 106
190.171.142.10 - - [17/Oct/2022:10:33:17 -0300] "GET /cormun/servlet/trsolicitudadjuntos?2022,19244, HTTP/1.1" 200 6093
190.171.142.10 - - [17/Oct/2022:10:33:17 -0300] "GET /cormun/servlet/trsolicitudadjuntos?2022,19244, HTTP/1.1" 200 6093
190.171.142.10 - - [17/Oct/2022:10:33:21 -0300] "GET /cormun/servlet/solicitudotadjuntos?INS,2022,19244,,1, HTTP/1.1" 200 6040
190.171.142.10 - - [17/Oct/2022:10:33:21 -0300] "GET /cormun/servlet/solicitudotadjuntos?INS,2022,19244,,1, HTTP/1.1" 200 6033
201.186.225.189 - - [17/Oct/2022:10:33:21 -0300] "GET /cormun/servlet/solicitudotadjuntos?343d81839590c105bebe10050a43ce8f7077ce6de29b2e436e872f5ab8eeb50b,gx-no-cache=1666012740832 HTTP/1.1" 200 30
201.186.225.189 - - [17/Oct/2022:10:33:21 -0300] "GET /cormun/servlet/solicitudotadjuntos?343d81839590c105bebe10050a43ce8f7077ce6de29b2e436e872f5ab8eeb50b,gx-no-cache=1666012740848 HTTP/1.1" 200 30
190.171.142.10 - - [17/Oct/2022:10:33:21 -0300] "GET /cormun/static/about:blank HTTP/1.1" 404 1011
190.171.142.10 - - [17/Oct/2022:10:33:21 -0300] "GET /cormun/servlet/solicitudotadjuntos?5f772d231a1f02e8dfaa31ee8e08ca66ba4ecdca60eb09e9f0cfa151ad7997d761de54aaa0020cbc0fc3c1c2bd4e42a4,gx-no-cache=1666012741117 HTTP/1.1" 200 30
190.171.142.10 - - [17/Oct/2022:10:33:22 -0300] "POST /cormun/servlet/solicitudotadjuntos?58f4a79dbc9d6640dd43b3172a9c6e94,INS,2022,19244,,1,,gx-no-cache=1666012741211 HTTP/1.1" 200 3869
201.186.225.189 - - [17/Oct/2022:10:33:22 -0300] "POST /cormun/servlet/solicitudotadjuntos?cd3fd0fd7e4c5af5852e7363a7ffe1b4,INS,2022,19245,,1, HTTP/1.1" 200 116
201.186.225.189 - - [17/Oct/2022:10:33:23 -0300] "GET /cormun/servlet/hpexe_return? HTTP/1.1" 200 1024
201.186.225.189 - - [17/Oct/2022:10:33:23 -0300] "GET /cormun/servlet/trsolicitudadjuntos?2022,19245, HTTP/1.1" 200 9242
201.186.225.189 - - [17/Oct/2022:10:33:23 -0300] "GET /cormun/servlet/trsolicitudadjuntos?2022,19245, HTTP/1.1" 200 9241
190.171.142.10 - - [17/Oct/2022:10:33:25 -0300] "POST /cormun/servlet/solicitudotadjuntos?gx-no-cache=1666012744801 HTTP/1.1" 200 26
201.186.225.189 - - [17/Oct/2022:10:33:26 -0300] "GET /cormun/servlet/solicitudotadjuntos?INS,2022,19245,,1, HTTP/1.1" 200 6389
201.186.225.189 - - [17/Oct/2022:10:33:26 -0300] "GET /cormun/static/about:blank HTTP/1.1" 404 1011
201.186.225.189 - - [17/Oct/2022:10:33:26 -0300] "GET /cormun/servlet/solicitudotadjuntos?INS,2022,19245,,1, HTTP/1.1" 200 6382
201.186.225.189 - - [17/Oct/2022:10:33:26 -0300] "GET /cormun/servlet/solicitudotadjuntos?343d81839590c105bebe10050a43ce8fc07b0300f456509326364bc86e31c24a37711a6ebea0dd64ead3725ed0cfe751,gx-no-cache=1666012746344 HTTP/1.1" 200 30
201.186.225.189 - - [17/Oct/2022:10:33:27 -0300] "POST /cormun/servlet/solicitudotadjuntos?cd3fd0fd7e4c5af5852e7363a7ffe1b4,INS,2022,19245,,1,,gx-no-cache=1666012746364 HTTP/1.1" 200 4184
201.186.225.189 - - [17/Oct/2022:10:33:30 -0300] "POST /cormun/servlet/solicitudotadjuntos?gx-no-cache=1666012749983 HTTP/1.1" 200 26
45.232.32.15 - - [17/Oct/2022:10:33:39 -0300] "GET /cormun/servlet/permisogoce?INS,0,,, HTTP/1.1" 200 6753
45.232.32.15 - - [17/Oct/2022:10:33:40 -0300] "GET /cormun/static/gxcfg.js?20201215124560 HTTP/1.1" 200 953
45.232.32.15 - - [17/Oct/2022:10:33:40 -0300] "GET /cormun/static/Resources/prompt.gif HTTP/1.1" 200 902
45.232.32.15 - - [17/Oct/2022:10:33:40 -0300] "GET /cormun/static/permisogoce.js?20201215124939 HTTP/1.1" 200 27919
45.232.32.15 - - [17/Oct/2022:10:33:40 -0300] "GET /cormun/servlet/permisogoce?INS,0,,, HTTP/1.1" 200 6754
201.186.225.189 - - [17/Oct/2022:10:33:48 -0300] "GET /cormun/servlet/solicitudotadjuntos?343d81839590c105bebe10050a43ce8f7077ce6de29b2e436e872f5ab8eeb50b,gx-no-cache=1666012767438 HTTP/1.1" 200 30
201.186.225.189 - - [17/Oct/2022:10:33:48 -0300] "GET /cormun/servlet/solicitudotadjuntos?343d81839590c105bebe10050a43ce8f7077ce6de29b2e436e872f5ab8eeb50b,gx-no-cache=1666012767459 HTTP/1.1" 200 30
201.186.225.189 - - [17/Oct/2022:10:33:48 -0300] "POST /cormun/servlet/solicitudotadjuntos?cd3fd0fd7e4c5af5852e7363a7ffe1b4,INS,2022,19245,,1, HTTP/1.1" 200 116
201.186.225.189 - - [17/Oct/2022:10:33:48 -0300] "GET /cormun/servlet/hpexe_return? HTTP/1.1" 200 1024
201.186.225.189 - - [17/Oct/2022:10:33:48 -0300] "GET /cormun/servlet/trsolicitudadjuntos?2022,19245, HTTP/1.1" 200 9503
201.186.225.189 - - [17/Oct/2022:10:33:48 -0300] "GET /cormun/servlet/trsolicitudadjuntos?2022,19245, HTTP/1.1" 200 9499
201.186.225.189 - - [17/Oct/2022:10:33:51 -0300] "GET /cormun/servlet/solicitudotadjuntos?INS,2022,19245,,1, HTTP/1.1" 200 6389
201.186.225.189 - - [17/Oct/2022:10:33:51 -0300] "GET /cormun/static/about:blank HTTP/1.1" 404 1011
201.186.225.189 - - [17/Oct/2022:10:33:52 -0300] "GET /cormun/servlet/solicitudotadjuntos?INS,2022,19245,,1, HTTP/1.1" 200 6382
201.186.225.189 - - [17/Oct/2022:10:33:52 -0300] "GET /cormun/servlet/solicitudotadjuntos?343d81839590c105bebe10050a43ce8fc07b0300f456509326364bc86e31c24a37711a6ebea0dd64ead3725ed0cfe751,gx-no-cache=1666012771850 HTTP/1.1" 200 30
201.186.225.189 - - [17/Oct/2022:10:33:52 -0300] "POST /cormun/servlet/solicitudotadjuntos?cd3fd0fd7e4c5af5852e7363a7ffe1b4,INS,2022,19245,,1,,gx-no-cache=1666012771887 HTTP/1.1" 200 4184
201.186.225.189 - - [17/Oct/2022:10:33:55 -0300] "POST /cormun/servlet/solicitudotadjuntos?gx-no-cache=1666012774616 HTTP/1.1" 200 26
190.171.142.10 - - [17/Oct/2022:10:33:57 -0300] "GET /cormun/servlet/solicitudotadjuntos?5f772d231a1f02e8dfaa31ee8e08ca66958747607ea2e793c530ac163224ab7b,gx-no-cache=1666012776852 HTTP/1.1" 200 30
190.171.142.10 - - [17/Oct/2022:10:33:57 -0300] "GET /cormun/servlet/solicitudotadjuntos?5f772d231a1f02e8dfaa31ee8e08ca66958747607ea2e793c530ac163224ab7b,gx-no-cache=1666012776881 HTTP/1.1" 200 30
190.171.142.10 - - [17/Oct/2022:10:33:57 -0300] "POST /cormun/servlet/solicitudotadjuntos?58f4a79dbc9d6640dd43b3172a9c6e94,INS,2022,19244,,1, HTTP/1.1" 200 116
190.171.142.10 - - [17/Oct/2022:10:33:58 -0300] "GET /cormun/servlet/hpexe_return? HTTP/1.1" 200 1024
190.171.142.10 - - [17/Oct/2022:10:33:58 -0300] "GET /cormun/servlet/trsolicitudadjuntos?2022,19244, HTTP/1.1" 200 8889
190.171.142.10 - - [17/Oct/2022:10:33:58 -0300] "GET /cormun/servlet/trsolicitudadjuntos?2022,19244, HTTP/1.1" 200 8883
190.171.142.10 - - [17/Oct/2022:10:34:01 -0300] "GET /cormun/servlet/solicitudotadjuntos?INS,2022,19244,,1, HTTP/1.1" 200 6040
190.171.142.10 - - [17/Oct/2022:10:34:01 -0300] "GET /cormun/static/about:blank HTTP/1.1" 404 1011
190.171.142.10 - - [17/Oct/2022:10:34:02 -0300] "GET /cormun/servlet/solicitudotadjuntos?INS,2022,19244,,1, HTTP/1.1" 200 6033
190.171.142.10 - - [17/Oct/2022:10:34:02 -0300] "GET /cormun/servlet/solicitudotadjuntos?5f772d231a1f02e8dfaa31ee8e08ca66ba4ecdca60eb09e9f0cfa151ad7997d761de54aaa0020cbc0fc3c1c2bd4e42a4,gx-no-cache=1666012781783 HTTP/1.1" 200 30
190.171.142.10 - - [17/Oct/2022:10:34:02 -0300] "POST /cormun/servlet/solicitudotadjuntos?58f4a79dbc9d6640dd43b3172a9c6e94,INS,2022,19244,,1,,gx-no-cache=1666012781798 HTTP/1.1" 200 3869
190.171.142.10 - - [17/Oct/2022:10:34:05 -0300] "POST /cormun/servlet/solicitudotadjuntos?gx-no-cache=1666012784319 HTTP/1.1" 200 26
201.186.225.189 - - [17/Oct/2022:10:34:11 -0300] "GET /cormun/servlet/solicitudotadjuntos?343d81839590c105bebe10050a43ce8f7077ce6de29b2e436e872f5ab8eeb50b,gx-no-cache=1666012791368 HTTP/1.1" 200 30
201.186.225.189 - - [17/Oct/2022:10:34:12 -0300] "GET /cormun/servlet/solicitudotadjuntos?343d81839590c105bebe10050a43ce8f7077ce6de29b2e436e872f5ab8eeb50b,gx-no-cache=1666012791407 HTTP/1.1" 200 30
201.186.225.189 - - [17/Oct/2022:10:34:12 -0300] "POST /cormun/servlet/solicitudotadjuntos?cd3fd0fd7e4c5af5852e7363a7ffe1b4,INS,2022,19245,,1, HTTP/1.1" 200 116
201.186.225.189 - - [17/Oct/2022:10:34:12 -0300] "GET /cormun/servlet/hpexe_return? HTTP/1.1" 200 1024
201.186.225.189 - - [17/Oct/2022:10:34:12 -0300] "GET /cormun/servlet/trsolicitudadjuntos?2022,19245, HTTP/1.1" 200 9737
201.186.225.189 - - [17/Oct/2022:10:34:12 -0300] "GET /cormun/servlet/trsolicitudadjuntos?2022,19245, HTTP/1.1" 200 9734
201.186.225.189 - - [17/Oct/2022:10:34:17 -0300] "GET /cormun/servlet/trautorizarsolicitud? HTTP/1.1" 200 7465
201.186.225.189 - - [17/Oct/2022:10:34:17 -0300] "GET /cormun/servlet/trautorizarsolicitud? HTTP/1.1" 200 7451
190.171.142.10 - - [17/Oct/2022:10:34:18 -0300] "GET /cormun/servlet/solicitudotadjuntos?5f772d231a1f02e8dfaa31ee8e08ca66958747607ea2e793c530ac163224ab7b,gx-no-cache=1666012797537 HTTP/1.1" 200 30
190.171.142.10 - - [17/Oct/2022:10:34:18 -0300] "GET /cormun/servlet/solicitudotadjuntos?5f772d231a1f02e8dfaa31ee8e08ca66958747607ea2e793c530ac163224ab7b,gx-no-cache=1666012797554 HTTP/1.1" 200 30
190.171.142.10 - - [17/Oct/2022:10:34:18 -0300] "POST /cormun/servlet/solicitudotadjuntos?58f4a79dbc9d6640dd43b3172a9c6e94,INS,2022,19244,,1, HTTP/1.1" 200 116
190.171.142.10 - - [17/Oct/2022:10:34:18 -0300] "GET /cormun/servlet/hpexe_return? HTTP/1.1" 200 1024
190.171.142.10 - - [17/Oct/2022:10:34:18 -0300] "GET /cormun/servlet/trsolicitudadjuntos?2022,19244, HTTP/1.1" 200 9121
190.171.142.10 - - [17/Oct/2022:10:34:18 -0300] "GET /cormun/servlet/trsolicitudadjuntos?2022,19244, HTTP/1.1" 200 9117
201.186.225.189 - - [17/Oct/2022:10:34:21 -0300] "GET /cormun/servlet/trautorizarsolicitud? HTTP/1.1" 200 7451
201.186.225.189 - - [17/Oct/2022:10:34:21 -0300] "GET /cormun/servlet/trautorizarsolicitud? HTTP/1.1" 200 7451
190.171.142.10 - - [17/Oct/2022:10:34:22 -0300] "GET /cormun/servlet/solicitudotadjuntos?INS,2022,19244,,1, HTTP/1.1" 200 6040
190.171.142.10 - - [17/Oct/2022:10:34:22 -0300] "GET /cormun/static/about:blank HTTP/1.1" 404 1011
190.171.142.10 - - [17/Oct/2022:10:34:22 -0300] "GET /cormun/servlet/solicitudotadjuntos?INS,2022,19244,,1, HTTP/1.1" 200 6033
190.171.142.10 - - [17/Oct/2022:10:34:22 -0300] "GET /cormun/servlet/solicitudotadjuntos?5f772d231a1f02e8dfaa31ee8e08ca66ba4ecdca60eb09e9f0cfa151ad7997d761de54aaa0020cbc0fc3c1c2bd4e42a4,gx-no-cache=1666012802114 HTTP/1.1" 200 30
190.171.142.10 - - [17/Oct/2022:10:34:22 -0300] "POST /cormun/servlet/solicitudotadjuntos?58f4a79dbc9d6640dd43b3172a9c6e94,INS,2022,19244,,1,,gx-no-cache=1666012802136 HTTP/1.1" 200 3869
190.171.142.10 - - [17/Oct/2022:10:34:25 -0300] "POST /cormun/servlet/solicitudotadjuntos?gx-no-cache=1666012804807 HTTP/1.1" 200 26
201.186.225.189 - - [17/Oct/2022:10:34:29 -0300] "GET /cormun/servlet/trsolicitudot? HTTP/1.1" 200 9022
201.186.225.189 - - [17/Oct/2022:10:34:29 -0300] "GET /cormun/servlet/trsolicitudot? HTTP/1.1" 200 9022
190.171.142.10 - - [17/Oct/2022:10:34:32 -0300] "GET /cormun/servlet/solicitudotadjuntos?5f772d231a1f02e8dfaa31ee8e08ca66958747607ea2e793c530ac163224ab7b,gx-no-cache=1666012811527 HTTP/1.1" 200 30
190.171.142.10 - - [17/Oct/2022:10:34:32 -0300] "GET /cormun/servlet/solicitudotadjuntos?5f772d231a1f02e8dfaa31ee8e08ca66958747607ea2e793c530ac163224ab7b,gx-no-cache=1666012811542 HTTP/1.1" 200 30
190.171.142.10 - - [17/Oct/2022:10:34:32 -0300] "POST /cormun/servlet/solicitudotadjuntos?58f4a79dbc9d6640dd43b3172a9c6e94,INS,2022,19244,,1, HTTP/1.1" 200 116
190.171.142.10 - - [17/Oct/2022:10:34:32 -0300] "GET /cormun/servlet/hpexe_return? HTTP/1.1" 200 1024
190.171.142.10 - - [17/Oct/2022:10:34:32 -0300] "GET /cormun/servlet/trsolicitudadjuntos?2022,19244, HTTP/1.1" 200 9296
190.171.142.10 - - [17/Oct/2022:10:34:33 -0300] "GET /cormun/servlet/trsolicitudadjuntos?2022,19244, HTTP/1.1" 200 9296
201.186.225.189 - - [17/Oct/2022:10:34:34 -0300] "POST /cormun/servlet/trsolicitudot?cd3fd0fd7e4c5af5852e7363a7ffe1b4,,gx-no-cache=1666012814037 HTTP/1.1" 200 4870
201.186.225.189 - - [17/Oct/2022:10:34:34 -0300] "GET /cormun/static/Shared/jqueryui/images/ui-bg_highlight-soft_100_c6c2c8_1x100.png HTTP/1.1" 404 1117
201.186.225.189 - - [17/Oct/2022:10:34:34 -0300] "GET /cormun/static/Shared/jqueryui/images/ui-icons_82798d_256x240.png HTTP/1.1" 404 1089
201.186.225.189 - - [17/Oct/2022:10:34:34 -0300] "GET /cormun/static/Shared/jqueryui/images/ui-bg_flat_55_fafafa_40x100.png HTTP/1.1" 404 1097
201.186.225.189 - - [17/Oct/2022:10:34:34 -0300] "GET /cormun/static/Shared/jqueryui/images/ui-icons_8d78a5_256x240.png HTTP/1.1" 404 1089
201.186.225.189 - - [17/Oct/2022:10:34:35 -0300] "POST /cormun/servlet/trsolicitudot?cd3fd0fd7e4c5af5852e7363a7ffe1b4,,gx-no-cache=1666012814408 HTTP/1.1" 200 4609
45.232.32.15 - - [17/Oct/2022:10:34:35 -0300] "GET /cormun/servlet/permisogoce?fb0b7d55002c35c189f097d0deac000b6181d64527bcfc2aa021b0133fb10101fd27aeb1a0747e205277932776d70db66f9d52dcc5e8baced2240ac1a3113445,gx-no-cache=1666012814334 HTTP/1.1" 200 84
45.232.32.15 - - [17/Oct/2022:10:34:35 -0300] "GET /cormun/static/menuarrow.gif HTTP/1.1" 404 1015
190.171.142.10 - - [17/Oct/2022:10:34:36 -0300] "GET /cormun/servlet/solicitudotadjuntos?INS,2022,19244,,1, HTTP/1.1" 200 6040
190.171.142.10 - - [17/Oct/2022:10:34:36 -0300] "GET /cormun/static/about:blank HTTP/1.1" 404 1011
190.171.142.10 - - [17/Oct/2022:10:34:36 -0300] "GET /cormun/servlet/solicitudotadjuntos?INS,2022,19244,,1, HTTP/1.1" 200 6033
190.171.142.10 - - [17/Oct/2022:10:34:37 -0300] "GET /cormun/servlet/solicitudotadjuntos?5f772d231a1f02e8dfaa31ee8e08ca66ba4ecdca60eb09e9f0cfa151ad7997d761de54aaa0020cbc0fc3c1c2bd4e42a4,gx-no-cache=1666012816329 HTTP/1.1" 200 30
190.171.142.10 - - [17/Oct/2022:10:34:37 -0300] "POST /cormun/servlet/solicitudotadjuntos?58f4a79dbc9d6640dd43b3172a9c6e94,INS,2022,19244,,1,,gx-no-cache=1666012816347 HTTP/1.1" 200 3869
192.168.10.96 - - [17/Oct/2022:10:34:38 -0300] "GET /cormun/servlet/trsolicitudgral? HTTP/1.1" 500 10
201.186.225.189 - - [17/Oct/2022:10:34:38 -0300] "GET /cormun/servlet/trautorizarsolicitud? HTTP/1.1" 200 8912
45.232.32.15 - - [17/Oct/2022:10:34:38 -0300] "GET /cormun/servlet/permisogoce?fb0b7d55002c35c189f097d0deac000b323375d2f5e14796ea22a411f1500adbe277baaf4fe0b7f35ef236be19a92711d1b0b4bbf29c313aae0c169ef6e3e88a,gx-no-cache=1666012818124 HTTP/1.1" 200 129
201.186.225.189 - - [17/Oct/2022:10:34:38 -0300] "GET /cormun/servlet/trautorizarsolicitud? HTTP/1.1" 200 8911
45.232.32.15 - - [17/Oct/2022:10:34:38 -0300] "GET /cormun/static/Shared/jqueryui/images/ui-bg_highlight-soft_100_c6c2c8_1x100.png HTTP/1.1" 404 1117
45.232.32.15 - - [17/Oct/2022:10:34:38 -0300] "GET /cormun/static/Shared/jqueryui/images/ui-icons_82798d_256x240.png HTTP/1.1" 404 1089
45.232.32.15 - - [17/Oct/2022:10:34:38 -0300] "GET /cormun/static/Shared/jqueryui/images/ui-bg_flat_55_994d53_40x100.png HTTP/1.1" 404 1097
45.232.32.15 - - [17/Oct/2022:10:34:38 -0300] "GET /cormun/static/Shared/jqueryui/images/ui-icons_ebccce_256x240.png HTTP/1.1" 404 1089
192.168.10.96 - - [17/Oct/2022:10:34:39 -0300] "GET /cormun/servlet/hlogin HTTP/1.1" 200 1726
190.171.142.10 - - [17/Oct/2022:10:34:41 -0300] "POST /cormun/servlet/solicitudotadjuntos?gx-no-cache=1666012821149 HTTP/1.1" 200 26
192.168.10.96 - - [17/Oct/2022:10:34:42 -0300] "POST /cormun/servlet/hlogin?2254ed96a1c5051fba7d6a9b89f7769b,gx-no-cache=1666012638860 HTTP/1.1" 200 90
192.168.10.96 - - [17/Oct/2022:10:34:42 -0300] "GET /cormun/servlet/hpexe_link HTTP/1.1" 200 952
192.168.10.96 - - [17/Oct/2022:10:34:42 -0300] "GET /cormun/servlet/hhome HTTP/1.1" 200 3788
192.168.10.96 - - [17/Oct/2022:10:34:42 -0300] "GET /cormun/servlet/hhome HTTP/1.1" 200 3784
192.168.10.96 - - [17/Oct/2022:10:34:44 -0300] "GET /cormun/servlet/trsolicitudgral? HTTP/1.1" 200 16389
192.168.10.96 - - [17/Oct/2022:10:34:45 -0300] "GET /cormun/servlet/trsolicitudgral? HTTP/1.1" 200 16387
201.186.225.189 - - [17/Oct/2022:10:34:45 -0300] "POST /cormun/servlet/trautorizarsolicitud?cd3fd0fd7e4c5af5852e7363a7ffe1b4,,gx-no-cache=1666012824739 HTTP/1.1" 200 4795
201.186.225.189 - - [17/Oct/2022:10:34:45 -0300] "POST /cormun/servlet/trautorizarsolicitud?cd3fd0fd7e4c5af5852e7363a7ffe1b4,,gx-no-cache=1666012824986 HTTP/1.1" 200 4537
45.232.32.15 - - [17/Oct/2022:10:34:46 -0300] "GET /cormun/servlet/permisogoce?fb0b7d55002c35c189f097d0deac000b323375d2f5e14796ea22a411f1500adb96c81f28b06bccb55a2a7a7276af7497d1b0b4bbf29c313aae0c169ef6e3e88a,gx-no-cache=1666012825435 HTTP/1.1" 200 48
190.171.142.10 - - [17/Oct/2022:10:34:46 -0300] "GET /cormun/servlet/solicitudotadjuntos?5f772d231a1f02e8dfaa31ee8e08ca66958747607ea2e793c530ac163224ab7b,gx-no-cache=1666012826246 HTTP/1.1" 200 30
190.171.142.10 - - [17/Oct/2022:10:34:46 -0300] "GET /cormun/servlet/solicitudotadjuntos?5f772d231a1f02e8dfaa31ee8e08ca66958747607ea2e793c530ac163224ab7b,gx-no-cache=1666012826261 HTTP/1.1" 200 30
190.171.142.10 - - [17/Oct/2022:10:34:47 -0300] "POST /cormun/servlet/solicitudotadjuntos?58f4a79dbc9d6640dd43b3172a9c6e94,INS,2022,19244,,1, HTTP/1.1" 200 116
190.171.142.10 - - [17/Oct/2022:10:34:47 -0300] "GET /cormun/servlet/hpexe_return? HTTP/1.1" 200 1024
190.171.142.10 - - [17/Oct/2022:10:34:47 -0300] "GET /cormun/servlet/trsolicitudadjuntos?2022,19244, HTTP/1.1" 200 9570
190.171.142.10 - - [17/Oct/2022:10:34:47 -0300] "GET /cormun/servlet/trsolicitudadjuntos?2022,19244, HTTP/1.1" 200 9565
201.186.225.189 - - [17/Oct/2022:10:34:53 -0300] "GET /cormun/servlet/trvisualizadoreventos? HTTP/1.1" 200 7121
201.186.225.189 - - [17/Oct/2022:10:34:53 -0300] "GET /cormun/static/Resources/PXToolsActionPrint.png HTTP/1.1" 200 404
201.186.225.189 - - [17/Oct/2022:10:34:53 -0300] "GET /cormun/static/gxcfg.js?20199142243133 HTTP/1.1" 200 953
201.186.225.189 - - [17/Oct/2022:10:34:53 -0300] "GET /cormun/static/trvisualizadoreventos.js?201991422431650 HTTP/1.1" 200 19318
45.232.32.15 - - [17/Oct/2022:10:34:54 -0300] "POST /cormun/servlet/permisogoce?bb77a0f3602a1932466c929e7e0058e1,INS,0,,,,gx-no-cache=1666012830369 HTTP/1.1" 200 93
192.168.10.96 - - [17/Oct/2022:10:34:54 -0300] "POST /cormun/servlet/trsolicitudgral?2254ed96a1c5051fba7d6a9b89f7769b,,gx-no-cache=1666012650178 HTTP/1.1" 200 6677
201.186.225.189 - - [17/Oct/2022:10:34:54 -0300] "GET /cormun/servlet/trvisualizadoreventos? HTTP/1.1" 200 7121
45.232.32.15 - - [17/Oct/2022:10:34:54 -0300] "GET /cormun/servlet/hpexe_return? HTTP/1.1" 200 1009
45.232.32.15 - - [17/Oct/2022:10:34:54 -0300] "GET /cormun/static/gxcfg.js?201991422392976 HTTP/1.1" 200 953
45.232.32.15 - - [17/Oct/2022:10:34:54 -0300] "GET /cormun/static/hpexe_return.js?201991422392984 HTTP/1.1" 200 1633
45.232.32.15 - - [17/Oct/2022:10:34:54 -0300] "GET /cormun/servlet/trpermisosgoce HTTP/1.1" 200 9451
45.232.32.15 - - [17/Oct/2022:10:34:55 -0300] "GET /cormun/servlet/trpermisosgoce HTTP/1.1" 200 9446
45.232.32.15 - - [17/Oct/2022:10:34:58 -0300] "GET /cormun/servlet/apermisogoceprn?16734011,P,20221017101616,PU HTTP/1.1" 200 1650
192.168.10.96 - - [17/Oct/2022:10:34:59 -0300] "POST /cormun/servlet/trsolicitudgral?2254ed96a1c5051fba7d6a9b89f7769b,,gx-no-cache=1666012655573 HTTP/1.1" 200 8069
190.171.142.10 - - [17/Oct/2022:10:35:00 -0300] "GET /cormun/servlet/solicitudotadjuntos?INS,2022,19244,,1, HTTP/1.1" 200 6040
190.171.142.10 - - [17/Oct/2022:10:35:00 -0300] "GET /cormun/static/about:blank HTTP/1.1" 404 1011
190.171.142.10 - - [17/Oct/2022:10:35:00 -0300] "GET /cormun/servlet/solicitudotadjuntos?INS,2022,19244,,1, HTTP/1.1" 200 6033
190.171.142.10 - - [17/Oct/2022:10:35:01 -0300] "GET /cormun/servlet/solicitudotadjuntos?5f772d231a1f02e8dfaa31ee8e08ca66ba4ecdca60eb09e9f0cfa151ad7997d761de54aaa0020cbc0fc3c1c2bd4e42a4,gx-no-cache=1666012840681 HTTP/1.1" 200 30
190.171.142.10 - - [17/Oct/2022:10:35:01 -0300] "POST /cormun/servlet/solicitudotadjuntos?58f4a79dbc9d6640dd43b3172a9c6e94,INS,2022,19244,,1,,gx-no-cache=1666012840696 HTTP/1.1" 200 3869
192.168.10.96 - - [17/Oct/2022:10:35:02 -0300] "GET /cormun/servlet/vesolicitudgral?2022,19234,, HTTP/1.1" 200 8353
192.168.10.96 - - [17/Oct/2022:10:35:02 -0300] "GET /cormun/pexe_scrolldiv.js HTTP/1.1" 404 1009
192.168.10.96 - - [17/Oct/2022:10:35:03 -0300] "GET /cormun/servlet/vesolicitudgral?2022,19234,, HTTP/1.1" 200 8352
192.168.10.96 - - [17/Oct/2022:10:35:06 -0300] "GET /cormun/servlet/vesolicitudgral?2022,19234,,SolicitudOTAdjuntos HTTP/1.1" 200 10817
192.168.10.96 - - [17/Oct/2022:10:35:06 -0300] "GET /cormun/pexe_scrolldiv.js HTTP/1.1" 404 1009
192.168.10.96 - - [17/Oct/2022:10:35:06 -0300] "GET /cormun/servlet/vesolicitudgral?2022,19234,,SolicitudOTAdjuntos HTTP/1.1" 200 10815
192.168.10.96 - - [17/Oct/2022:10:35:07 -0300] "POST /cormun/servlet/acontrolpreferencessavestate?None,RRHH+DANIELA,true HTTP/1.1" 200 35
192.168.10.96 - - [17/Oct/2022:10:35:10 -0300] "GET /cormun/PublicTempStorage/antecedentes9468201.pdf HTTP/1.1" 200 34406
190.171.142.10 - - [17/Oct/2022:10:35:11 -0300] "POST /cormun/servlet/solicitudotadjuntos?gx-no-cache=1666012851069 HTTP/1.1" 200 26
192.168.10.96 - - [17/Oct/2022:10:35:13 -0300] "GET /cormun/servlet/vesolicitudgral?2022,19234,,SolicitudOTAdjuntos HTTP/1.1" 200 10817
192.168.10.96 - - [17/Oct/2022:10:35:13 -0300] "GET /cormun/servlet/vesolicitudgral?2022,19234,,SolicitudOTAdjuntos HTTP/1.1" 200 10819
192.168.10.96 - - [17/Oct/2022:10:35:14 -0300] "POST /cormun/servlet/acontrolpreferencessavestate?None,RRHH+DANIELA,true HTTP/1.1" 200 35
192.168.10.96 - - [17/Oct/2022:10:35:15 -0300] "GET /cormun/PublicTempStorage/titulo4034865.pdf HTTP/1.1" 200 437512
190.171.142.10 - - [17/Oct/2022:10:35:17 -0300] "GET /cormun/servlet/solicitudotadjuntos?5f772d231a1f02e8dfaa31ee8e08ca66958747607ea2e793c530ac163224ab7b,gx-no-cache=1666012856475 HTTP/1.1" 200 30
190.171.142.10 - - [17/Oct/2022:10:35:17 -0300] "GET /cormun/servlet/solicitudotadjuntos?5f772d231a1f02e8dfaa31ee8e08ca66958747607ea2e793c530ac163224ab7b,gx-no-cache=1666012856492 HTTP/1.1" 200 30
190.171.142.10 - - [17/Oct/2022:10:35:17 -0300] "POST /cormun/servlet/solicitudotadjuntos?58f4a79dbc9d6640dd43b3172a9c6e94,INS,2022,19244,,1, HTTP/1.1" 200 116
190.171.142.10 - - [17/Oct/2022:10:35:17 -0300] "GET /cormun/servlet/hpexe_return? HTTP/1.1" 200 1024
190.171.142.10 - - [17/Oct/2022:10:35:17 -0300] "GET /cormun/servlet/trsolicitudadjuntos?2022,19244, HTTP/1.1" 200 9838
190.171.142.10 - - [17/Oct/2022:10:35:18 -0300] "GET /cormun/servlet/trsolicitudadjuntos?2022,19244, HTTP/1.1" 200 9837
192.168.10.96 - - [17/Oct/2022:10:35:21 -0300] "GET /cormun/servlet/vesolicitudgral?2022,19234,,SolicitudOTAdjuntos HTTP/1.1" 200 10818
192.168.10.96 - - [17/Oct/2022:10:35:22 -0300] "GET /cormun/servlet/vesolicitudgral?2022,19234,,SolicitudOTAdjuntos HTTP/1.1" 200 10821
192.168.10.96 - - [17/Oct/2022:10:35:22 -0300] "POST /cormun/servlet/acontrolpreferencessavestate?None,RRHH+DANIELA,true HTTP/1.1" 200 35
192.168.10.96 - - [17/Oct/2022:10:35:23 -0300] "GET /cormun/PublicTempStorage/cv_susana_rossi_%281%293503523.pdf HTTP/1.1" 200 102476
190.171.142.10 - - [17/Oct/2022:10:35:23 -0300] "GET /cormun/servlet/solicitudotadjuntos?INS,2022,19244,,1, HTTP/1.1" 200 6040
190.171.142.10 - - [17/Oct/2022:10:35:24 -0300] "GET /cormun/static/about:blank HTTP/1.1" 404 1011
190.171.142.10 - - [17/Oct/2022:10:35:24 -0300] "GET /cormun/servlet/solicitudotadjuntos?INS,2022,19244,,1, HTTP/1.1" 200 6034
190.171.142.10 - - [17/Oct/2022:10:35:24 -0300] "GET /cormun/servlet/solicitudotadjuntos?5f772d231a1f02e8dfaa31ee8e08ca66ba4ecdca60eb09e9f0cfa151ad7997d761de54aaa0020cbc0fc3c1c2bd4e42a4,gx-no-cache=1666012863913 HTTP/1.1" 200 30
190.171.142.10 - - [17/Oct/2022:10:35:24 -0300] "POST /cormun/servlet/solicitudotadjuntos?58f4a79dbc9d6640dd43b3172a9c6e94,INS,2022,19244,,1,,gx-no-cache=1666012863948 HTTP/1.1" 200 3869
190.171.142.10 - - [17/Oct/2022:10:35:26 -0300] "POST /cormun/servlet/solicitudotadjuntos?gx-no-cache=1666012866247 HTTP/1.1" 200 26
190.171.142.10 - - [17/Oct/2022:10:35:33 -0300] "GET /cormun/servlet/solicitudotadjuntos?5f772d231a1f02e8dfaa31ee8e08ca66958747607ea2e793c530ac163224ab7b,gx-no-cache=1666012872779 HTTP/1.1" 200 30
190.171.142.10 - - [17/Oct/2022:10:35:33 -0300] "GET /cormun/servlet/solicitudotadjuntos?5f772d231a1f02e8dfaa31ee8e08ca66958747607ea2e793c530ac163224ab7b,gx-no-cache=1666012872796 HTTP/1.1" 200 30
192.168.10.96 - - [17/Oct/2022:10:35:33 -0300] "GET /cormun/servlet/vesolicitudgral?2022,19234,,SolicitudOTAdjuntos HTTP/1.1" 200 10817
190.171.142.10 - - [17/Oct/2022:10:35:33 -0300] "POST /cormun/servlet/solicitudotadjuntos?58f4a79dbc9d6640dd43b3172a9c6e94,INS,2022,19244,,1, HTTP/1.1" 200 116
190.171.142.10 - - [17/Oct/2022:10:35:33 -0300] "GET /cormun/servlet/hpexe_return? HTTP/1.1" 200 1024
192.168.10.96 - - [17/Oct/2022:10:35:34 -0300] "GET /cormun/servlet/vesolicitudgral?2022,19234,,SolicitudOTAdjuntos HTTP/1.1" 200 10818
190.171.142.10 - - [17/Oct/2022:10:35:34 -0300] "GET /cormun/servlet/trsolicitudadjuntos?2022,19244, HTTP/1.1" 200 10040
192.168.10.96 - - [17/Oct/2022:10:35:34 -0300] "POST /cormun/servlet/acontrolpreferencessavestate?None,RRHH+DANIELA,true HTTP/1.1" 200 35
190.171.142.10 - - [17/Oct/2022:10:35:34 -0300] "GET /cormun/servlet/trsolicitudadjuntos?2022,19244, HTTP/1.1" 200 10039
192.168.10.96 - - [17/Oct/2022:10:35:35 -0300] "GET /cormun/servlet/vesolicitudgral?2022,19234,,General HTTP/1.1" 200 8354
192.168.10.96 - - [17/Oct/2022:10:35:36 -0300] "GET /cormun/pexe_scrolldiv.js HTTP/1.1" 404 1009
192.168.10.96 - - [17/Oct/2022:10:35:36 -0300] "GET /cormun/servlet/vesolicitudgral?2022,19234,,General HTTP/1.1" 200 8354
190.171.142.10 - - [17/Oct/2022:10:35:45 -0300] "POST /cormun/servlet/trsolicitudadjuntos?58f4a79dbc9d6640dd43b3172a9c6e94,2022,19244,,gx-no-cache=1666012884382 HTTP/1.1" 200 90
190.171.142.10 - - [17/Oct/2022:10:35:45 -0300] "GET /cormun/servlet/hpexe_link HTTP/1.1" 200 967
190.171.142.10 - - [17/Oct/2022:10:35:45 -0300] "GET /cormun/servlet/trsolicitudot HTTP/1.1" 200 8594
190.171.142.10 - - [17/Oct/2022:10:35:45 -0300] "GET /cormun/servlet/trsolicitudot HTTP/1.1" 200 8593
190.171.142.10 - - [17/Oct/2022:10:35:49 -0300] "POST /cormun/servlet/trsolicitudot?58f4a79dbc9d6640dd43b3172a9c6e94,gx-no-cache=1666012888724 HTTP/1.1" 200 4550
190.171.142.10 - - [17/Oct/2022:10:35:49 -0300] "GET /cormun/static/Shared/jqueryui/images/ui-bg_highlight-soft_100_c6c2c8_1x100.png HTTP/1.1" 404 1117
190.171.142.10 - - [17/Oct/2022:10:35:49 -0300] "GET /cormun/static/Shared/jqueryui/images/ui-icons_82798d_256x240.png HTTP/1.1" 404 1089
190.171.142.10 - - [17/Oct/2022:10:35:49 -0300] "GET /cormun/static/Shared/jqueryui/images/ui-icons_8d78a5_256x240.png HTTP/1.1" 404 1089
190.171.142.10 - - [17/Oct/2022:10:35:49 -0300] "GET /cormun/static/Shared/jqueryui/images/ui-bg_flat_55_fafafa_40x100.png HTTP/1.1" 404 1097
190.171.142.10 - - [17/Oct/2022:10:35:49 -0300] "POST /cormun/servlet/trsolicitudot?58f4a79dbc9d6640dd43b3172a9c6e94,gx-no-cache=1666012889020 HTTP/1.1" 200 4318
45.232.32.15 - - [17/Oct/2022:10:36:01 -0300] "GET /cormun/servlet/apermisogoceprn?16734011,P,20221017101616,PU HTTP/1.1" 200 1652
201.186.225.189 - - [17/Oct/2022:10:37:02 -0300] "GET /cormun/servlet/trlicencias? HTTP/1.1" 200 10252
201.186.225.189 - - [17/Oct/2022:10:37:02 -0300] "GET /cormun/static/gxcfg.js?2020121613995 HTTP/1.1" 200 953
201.186.225.189 - - [17/Oct/2022:10:37:02 -0300] "GET /cormun/static/trlicencias.js?202012162481 HTTP/1.1" 200 41883
201.186.225.189 - - [17/Oct/2022:10:37:02 -0300] "GET /cormun//static/Resources/PXToolsActionDisabled.gif HTTP/1.1" 200 53
201.186.225.189 - - [17/Oct/2022:10:37:02 -0300] "GET /cormun//static/Resources/PXToolsActionPrint.png HTTP/1.1" 200 404
201.186.225.189 - - [17/Oct/2022:10:37:02 -0300] "GET /cormun//static/Resources/PXToolsGridDisplay.png HTTP/1.1" 200 525
201.186.225.189 - - [17/Oct/2022:10:37:02 -0300] "GET /cormun//static/Resources/PXToolsHeaderFavorites.png HTTP/1.1" 200 1414
201.186.225.189 - - [17/Oct/2022:10:37:02 -0300] "GET /cormun//static/Resources/PXToolsHeaderHelp.png HTTP/1.1" 200 1333
201.186.225.189 - - [17/Oct/2022:10:37:02 -0300] "GET /cormun/servlet/trlicencias? HTTP/1.1" 200 10251
186.67.172.234 - - [17/Oct/2022:10:37:07 -0300] "POST /cormun/servlet/solicitudot?gx-no-cache=1666012967191 HTTP/1.1" 200 64
186.67.172.234 - - [17/Oct/2022:10:37:12 -0300] "GET /cormun/servlet/solicitudot?6f5a5048981e17fec1bcf3b5a298b2b94ab0a4014c94c2372ea37111fbb6f1604d207fa5a53b713119c6b05c4c47329e3cb02067a8f1869e21b06eb8f65a9f5167d1c4066d079540e8e1b0b27021d6115468b51f6e65f166ba246a7c997edb0af9f21b0d87c5fe8e364a1c403e4faa745df1c339ea40f8aefe1f603c73958bb2722c231bd5efd7d670546e72f861cb5860cdf1a331d437409674005adb2b404c17c262e5f9da22d89e71d71ab4b61df7f1005d4495fc034732a4743095e7dc98bc6e85378813aa84da0b49a7e14b9548,gx-no-cache=1666012972342 HTTP/1.1" 200 29
186.67.172.234 - - [17/Oct/2022:10:37:14 -0300] "GET /cormun/static/menuarrow.gif HTTP/1.1" 404 1015
186.67.172.234 - - [17/Oct/2022:10:37:20 -0300] "GET /cormun/servlet/solicitudot?6f5a5048981e17fec1bcf3b5a298b2b9249efb1f0ae2a7429cfaa40b6f4dd99d9832e964187beee7dd297eb9f37d4e0e,gx-no-cache=1666012980453 HTTP/1.1" 200 30
186.67.172.234 - - [17/Oct/2022:10:37:30 -0300] "POST /cormun/servlet/solicitudot?gx-no-cache=1666012989539 HTTP/1.1" 200 30
186.67.172.234 - - [17/Oct/2022:10:37:44 -0300] "POST /cormun/servlet/solicitudot?f8b79d3ea2cb871880d208c8d9d9c164,INS,0,0,false,,gx-no-cache=1666013002602 HTTP/1.1" 200 93
186.67.172.234 - - [17/Oct/2022:10:37:44 -0300] "GET /cormun/servlet/hpexe_return? HTTP/1.1" 200 1010
186.67.172.234 - - [17/Oct/2022:10:37:45 -0300] "GET /cormun/servlet/trsolicitudot HTTP/1.1" 200 8916
186.67.172.234 - - [17/Oct/2022:10:37:45 -0300] "GET /cormun/servlet/trsolicitudot HTTP/1.1" 200 8914
190.171.141.90 - - [17/Oct/2022:10:37:54 -0300] "GET /cormun/servlet/hlogin HTTP/1.1" 200 1727
190.171.141.90 - - [17/Oct/2022:10:37:54 -0300] "GET /cormun/static/gxtimezone.js?85251 HTTP/1.1" 200 5781
190.171.141.90 - - [17/Oct/2022:10:37:54 -0300] "GET /cormun/static/gxcfg.js?201910216285969 HTTP/1.1" 200 953
190.171.141.90 - - [17/Oct/2022:10:37:54 -0300] "GET /cormun/static/Resources/Spanish/PXTools.css?2294816 HTTP/1.1" 200 100853
190.171.141.90 - - [17/Oct/2022:10:37:54 -0300] "GET /cormun/static/messages.spa.js?85251 HTTP/1.1" 200 30736
190.171.141.90 - - [17/Oct/2022:10:37:54 -0300] "GET /cormun/static/hlogin.js?201910216285995 HTTP/1.1" 200 2136
190.171.141.90 - - [17/Oct/2022:10:37:54 -0300] "GET /cormun/static/gxgral.js?85251 HTTP/1.1" 200 384558
190.171.141.90 - - [17/Oct/2022:10:37:54 -0300] "GET /cormun/static/Resources/Logo2019_Grande.png HTTP/1.1" 200 31733
190.171.141.90 - - [17/Oct/2022:10:37:54 -0300] "GET /cormun/static/Resources/PXToolsLoginTop.png HTTP/1.1" 200 1337
190.171.141.90 - - [17/Oct/2022:10:37:54 -0300] "GET /cormun/static/Resources/PXToolsLoginBackground.png HTTP/1.1" 200 1164
190.171.141.90 - - [17/Oct/2022:10:37:54 -0300] "GET /cormun/static/Resources/PXToolsButtonLeft.png HTTP/1.1" 200 1310
190.171.141.90 - - [17/Oct/2022:10:37:54 -0300] "GET /cormun/static/Resources/PXToolsButtonRight.png HTTP/1.1" 200 1294
190.171.141.90 - - [17/Oct/2022:10:37:54 -0300] "GET /cormun/static/Resources/PXToolsButtonBackground.png HTTP/1.1" 200 1176
190.171.141.90 - - [17/Oct/2022:10:37:54 -0300] "GET /cormun/static/Resources/PXToolsLoginBottom.png HTTP/1.1" 200 1389
190.171.141.90 - - [17/Oct/2022:10:37:54 -0300] "GET /cormun/servlet/hlogin HTTP/1.1" 200 1737
190.171.141.90 - - [17/Oct/2022:10:37:54 -0300] "GET /cormun/static/Resources/indicator.gif HTTP/1.1" 200 1553
190.171.141.90 - - [17/Oct/2022:10:37:59 -0300] "POST /cormun/servlet/hlogin?df19e165d5af0806a6fdc532235ccb75,gx-no-cache=1666013015661 HTTP/1.1" 200 443
190.171.141.90 - - [17/Oct/2022:10:38:04 -0300] "POST /cormun/servlet/hlogin?df19e165d5af0806a6fdc532235ccb75,gx-no-cache=1666013020340 HTTP/1.1" 200 90
190.171.141.90 - - [17/Oct/2022:10:38:04 -0300] "GET /cormun/servlet/hpexe_link HTTP/1.1" 200 955
190.171.141.90 - - [17/Oct/2022:10:38:05 -0300] "GET /cormun/static/hpexe_link.js?201991422392963 HTTP/1.1" 200 625
190.171.141.90 - - [17/Oct/2022:10:38:05 -0300] "GET /cormun/static/gxcfg.js?201991422392958 HTTP/1.1" 200 953
190.171.141.90 - - [17/Oct/2022:10:38:05 -0300] "GET /cormun/servlet/hhome HTTP/1.1" 200 3972
190.171.141.90 - - [17/Oct/2022:10:38:05 -0300] "GET /cormun/static/Shared/jqueryui/jquery-ui.min.css?1345370 HTTP/1.1" 200 30288
190.171.141.90 - - [17/Oct/2022:10:38:05 -0300] "GET /cormun/static/SmoothNavMenu/resources/ddsmoothmenu-v.css?1112540 HTTP/1.1" 200 1188
190.171.141.90 - - [17/Oct/2022:10:38:05 -0300] "GET /cormun/static/gxcfg.js?20201215495537 HTTP/1.1" 200 953
190.171.141.90 - - [17/Oct/2022:10:38:05 -0300] "GET /cormun/static/SmoothNavMenu/resources/ddsmoothmenu.css?1112540 HTTP/1.1" 200 2223
190.171.141.90 - - [17/Oct/2022:10:38:05 -0300] "GET /cormun/static/PXToolsJavascripts/pexe_autoreload.js HTTP/1.1" 200 1762
190.171.141.90 - - [17/Oct/2022:10:38:05 -0300] "GET /cormun/static/PXToolsJavascripts/pexe_cookies.js HTTP/1.1" 200 792
190.171.141.90 - - [17/Oct/2022:10:38:05 -0300] "GET /cormun/static/PXToolsJavascripts/pexe_windows.js HTTP/1.1" 200 15207
190.171.141.90 - - [17/Oct/2022:10:38:05 -0300] "GET /cormun/static/scaMessage/css/jquery.pnotify.default.css?1816380 HTTP/1.1" 200 1707
190.171.141.90 - - [17/Oct/2022:10:38:05 -0300] "GET /cormun/static/Resources/Spanish/PXTools.css?14345360 HTTP/1.1" 200 100853
190.171.141.90 - - [17/Oct/2022:10:38:05 -0300] "GET /cormun/static/PXToolsJavascripts/pexe_grid.js HTTP/1.1" 200 7559
190.171.141.90 - - [17/Oct/2022:10:38:05 -0300] "GET /cormun/static/PXToolsJavascripts/pexe_menudivfix.js HTTP/1.1" 200 333
190.171.141.90 - - [17/Oct/2022:10:38:05 -0300] "GET /cormun/static/PXToolsJavascripts/pexe_link.js HTTP/1.1" 200 5671
190.171.141.90 - - [17/Oct/2022:10:38:05 -0300] "GET /cormun/static/PXToolsJavascripts/pexe_griddivfix.js HTTP/1.1" 200 6644
190.171.141.90 - - [17/Oct/2022:10:38:05 -0300] "GET /cormun/static/PXToolsJavascripts/pexe_menus.js HTTP/1.1" 200 1286
190.171.141.90 - - [17/Oct/2022:10:38:05 -0300] "GET /cormun/static/PXToolsJavascripts/pexe_layers.js HTTP/1.1" 200 4114
190.171.141.90 - - [17/Oct/2022:10:38:05 -0300] "GET /cormun/static/PXToolsJavascripts/pexe_oav.js HTTP/1.1" 200 645
190.171.141.90 - - [17/Oct/2022:10:38:05 -0300] "GET /cormun/static/PXToolsJavascripts/pexe_oavdivfix.js HTTP/1.1" 200 639
190.171.141.90 - - [17/Oct/2022:10:38:05 -0300] "GET /cormun/static/PXToolsJavascripts/pexe_picture.js HTTP/1.1" 200 689
190.171.141.90 - - [17/Oct/2022:10:38:05 -0300] "GET /cormun/static/PXToolsJavascripts/pexe_popup.js HTTP/1.1" 200 13458
190.171.141.90 - - [17/Oct/2022:10:38:05 -0300] "GET /cormun/static/PXToolsJavascripts/pexe_scrolldiv.js HTTP/1.1" 200 4138
190.171.141.90 - - [17/Oct/2022:10:38:05 -0300] "GET /cormun/static/PXToolsJavascripts/pexe_tabdivfix.js HTTP/1.1" 200 876
190.171.141.90 - - [17/Oct/2022:10:38:05 -0300] "GET /cormun/static/PXToolsJavascripts/pexe_tabs.js HTTP/1.1" 200 3748
190.171.141.90 - - [17/Oct/2022:10:38:05 -0300] "GET /cormun/static/PXToolsJavascripts/pexe_upload.js HTTP/1.1" 200 1423
190.171.141.90 - - [17/Oct/2022:10:38:05 -0300] "GET /cormun/static/PXToolsJavascripts/PXToolsJavascriptsRender.js HTTP/1.1" 200 367
190.171.141.90 - - [17/Oct/2022:10:38:05 -0300] "GET /cormun/static/RunJS/RunJS.js HTTP/1.1" 200 288
190.171.141.90 - - [17/Oct/2022:10:38:05 -0300] "GET /cormun/static/Shared/ext/locale/ext-lang-en.js HTTP/1.1" 200 10940
190.171.141.90 - - [17/Oct/2022:10:38:05 -0300] "GET /cormun/static/hwchdr01.js?20201214473739 HTTP/1.1" 200 996
190.171.141.90 - - [17/Oct/2022:10:38:05 -0300] "GET /cormun/static/hhome.js?20201215495544 HTTP/1.1" 200 777
190.171.141.90 - - [17/Oct/2022:10:38:05 -0300] "GET /cormun/static/Resources/PXToolsDataTitle.png HTTP/1.1" 200 1173
190.171.141.90 - - [17/Oct/2022:10:38:05 -0300] "GET /cormun/static/gxui/gxui-all.js HTTP/1.1" 200 107772
190.171.141.90 - - [17/Oct/2022:10:38:05 -0300] "GET /cormun/static/Resources/ImgLogin.png HTTP/1.1" 200 1432
190.171.141.90 - - [17/Oct/2022:10:38:05 -0300] "GET /cormun/static/Resources/Logo2019_Small.png HTTP/1.1" 200 10855
190.171.141.90 - - [17/Oct/2022:10:38:05 -0300] "GET /cormun/static/Resources/ImgHome.png HTTP/1.1" 200 1364
190.171.141.90 - - [17/Oct/2022:10:38:05 -0300] "GET /cormun/static/Resources/Llave.png HTTP/1.1" 200 1395
190.171.141.90 - - [17/Oct/2022:10:38:05 -0300] "GET /cormun/static/hpexe_recentlink.js?20201214471090 HTTP/1.1" 200 2144
190.171.141.90 - - [17/Oct/2022:10:38:05 -0300] "GET /cormun/static/hpexe_scripts.js?20201214471411 HTTP/1.1" 200 1544
190.171.141.90 - - [17/Oct/2022:10:38:06 -0300] "GET /cormun/static/hpexe_messagecontroller.js?201991422154126 HTTP/1.1" 200 870
190.171.141.90 - - [17/Oct/2022:10:38:06 -0300] "GET /cormun/static/hpexe_messagepopupcomponent.js?2020121447232 HTTP/1.1" 200 605
190.171.141.90 - - [17/Oct/2022:10:38:06 -0300] "GET /cormun/static/hpexe_messagegenexuscomponent.js?2020121447173 HTTP/1.1" 200 587
190.171.141.90 - - [17/Oct/2022:10:38:06 -0300] "GET /cormun/static/cmcontrolpreferences.js?20199141926336 HTTP/1.1" 200 1375
190.171.141.90 - - [17/Oct/2022:10:38:06 -0300] "GET /cormun/static/Shared/jquery/jquery-1.4.2.min.js HTTP/1.1" 200 72174
190.171.141.90 - - [17/Oct/2022:10:38:06 -0300] "GET /cormun/static/SmoothNavMenu/resources/ddsmoothmenu.js HTTP/1.1" 200 12712
190.171.141.90 - - [17/Oct/2022:10:38:06 -0300] "GET /cormun/static/SmoothNavMenu/resources/SmoothNavMenuRender.js HTTP/1.1" 200 5951
190.171.141.90 - - [17/Oct/2022:10:38:06 -0300] "GET /cormun/static/scaMessage/js/jquery.pnotify.min.js HTTP/1.1" 200 13038
190.171.141.90 - - [17/Oct/2022:10:38:06 -0300] "GET /cormun/static/scaMessage/scaMessageRender.js HTTP/1.1" 200 11977
