192.168.10.17 - - [13/Oct/2022:10:03:45 -0300] "GET /cormun/pexe_scrolldiv.js HTTP/1.1" 404 1009
192.168.10.17 - - [13/Oct/2022:10:03:45 -0300] "GET /cormun/servlet/vesolicitudgral?2022,19224,, HTTP/1.1" 200 8340
192.168.10.17 - - [13/Oct/2022:10:04:23 -0300] "POST /cormun/servlet/vesolicitudgral?dc7bfbd70dfe39ba4166279b3a575c5b,2022,19224,,,gx-no-cache=1665665220743 HTTP/1.1" 200 12121
192.168.10.17 - - [13/Oct/2022:10:04:23 -0300] "GET /cormun/static/Shared/jqueryui/images/ui-bg_highlight-soft_100_c6c2c8_1x100.png HTTP/1.1" 404 1117
192.168.10.17 - - [13/Oct/2022:10:04:23 -0300] "GET /cormun/static/Shared/jqueryui/images/ui-bg_flat_55_fafafa_40x100.png HTTP/1.1" 404 1097
192.168.10.17 - - [13/Oct/2022:10:04:23 -0300] "GET /cormun/static/Shared/jqueryui/images/ui-icons_8d78a5_256x240.png HTTP/1.1" 404 1089
192.168.10.17 - - [13/Oct/2022:10:04:23 -0300] "GET /cormun/static/Shared/jqueryui/images/ui-icons_82798d_256x240.png HTTP/1.1" 404 1089
192.168.10.17 - - [13/Oct/2022:10:04:23 -0300] "POST /cormun/servlet/vesolicitudgral?dc7bfbd70dfe39ba4166279b3a575c5b,2022,19224,,,gx-no-cache=1665665220971 HTTP/1.1" 200 12055
192.168.10.17 - - [13/Oct/2022:10:04:24 -0300] "GET /cormun/servlet/trsolicitudgral? HTTP/1.1" 200 23702
192.168.10.17 - - [13/Oct/2022:10:04:25 -0300] "GET /cormun/servlet/trsolicitudgral? HTTP/1.1" 200 23698
190.171.143.82 - - [13/Oct/2022:10:05:12 -0300] "POST /cormun/servlet/trlicencias?2d2ab74bc3644d4614007475759eb60e,,gx-no-cache=1665665452036 HTTP/1.1" 200 8405
192.168.10.17 - - [13/Oct/2022:10:06:20 -0300] "GET /cormun/servlet/vesolicitudgral?2022,19223,, HTTP/1.1" 200 8426
192.168.10.17 - - [13/Oct/2022:10:06:20 -0300] "GET /cormun/pexe_scrolldiv.js HTTP/1.1" 404 1009
192.168.10.17 - - [13/Oct/2022:10:06:20 -0300] "GET /cormun/servlet/vesolicitudgral?2022,19223,, HTTP/1.1" 200 8426
192.168.10.17 - - [13/Oct/2022:10:06:49 -0300] "GET /cormun/servlet/trsolicitudgral? HTTP/1.1" 200 23702
192.168.10.17 - - [13/Oct/2022:10:06:49 -0300] "GET /cormun/servlet/trsolicitudgral? HTTP/1.1" 200 23698
192.168.10.17 - - [13/Oct/2022:10:06:55 -0300] "GET /cormun/servlet/vesolicitudgral?2022,19222,, HTTP/1.1" 200 8322
192.168.10.17 - - [13/Oct/2022:10:06:55 -0300] "GET /cormun/pexe_scrolldiv.js HTTP/1.1" 404 1009
192.168.10.17 - - [13/Oct/2022:10:06:55 -0300] "GET /cormun/servlet/vesolicitudgral?2022,19222,, HTTP/1.1" 200 8322
190.171.149.90 - - [13/Oct/2022:10:07:11 -0300] "GET /cormun/servlet/trpermisosgoce? HTTP/1.1" 200 6031
190.171.149.90 - - [13/Oct/2022:10:07:12 -0300] "GET /cormun/servlet/hlogin HTTP/1.1" 200 1746
190.171.149.90 - - [13/Oct/2022:10:07:12 -0300] "GET /cormun/servlet/trpermisosgoce? HTTP/1.1" 200 6027
190.171.149.90 - - [13/Oct/2022:10:07:12 -0300] "GET /cormun/servlet/trpermisosgoce? HTTP/1.1" 200 6027
172.105.189.111 - - [13/Oct/2022:10:07:40 -0300] "GET / HTTP/1.1" 200 11217
190.171.143.82 - - [13/Oct/2022:10:08:04 -0300] "POST /cormun/servlet/trlicencias?2d2ab74bc3644d4614007475759eb60e,,gx-no-cache=1665665624267 HTTP/1.1" 200 8404
192.168.10.17 - - [13/Oct/2022:10:08:18 -0300] "GET /cormun/servlet/vesolicitudgral?2022,19222,,SolicitudOTAdjuntos HTTP/1.1" 200 10427
192.168.10.17 - - [13/Oct/2022:10:08:18 -0300] "GET /cormun/pexe_scrolldiv.js HTTP/1.1" 404 1009
192.168.10.17 - - [13/Oct/2022:10:08:18 -0300] "GET /cormun/servlet/vesolicitudgral?2022,19222,,SolicitudOTAdjuntos HTTP/1.1" 200 10432
192.168.10.17 - - [13/Oct/2022:10:08:19 -0300] "POST /cormun/servlet/acontrolpreferencessavestate?None,RRHH+DANIELA,true HTTP/1.1" 200 35
192.168.10.17 - - [13/Oct/2022:10:08:22 -0300] "GET /cormun/servlet/vesolicitudgral?2022,19222,,General HTTP/1.1" 200 8326
192.168.10.17 - - [13/Oct/2022:10:08:22 -0300] "GET /cormun/pexe_scrolldiv.js HTTP/1.1" 404 1009
192.168.10.17 - - [13/Oct/2022:10:08:22 -0300] "GET /cormun/servlet/vesolicitudgral?2022,19222,,General HTTP/1.1" 200 8326
192.168.10.17 - - [13/Oct/2022:10:08:23 -0300] "POST /cormun/servlet/vesolicitudgral?dc7bfbd70dfe39ba4166279b3a575c5b,2022,19222,,General,gx-no-cache=1665665460958 HTTP/1.1" 200 12091
192.168.10.17 - - [13/Oct/2022:10:08:23 -0300] "GET /cormun/static/Shared/jqueryui/images/ui-icons_82798d_256x240.png HTTP/1.1" 404 1089
192.168.10.17 - - [13/Oct/2022:10:08:23 -0300] "GET /cormun/static/Shared/jqueryui/images/ui-bg_highlight-soft_100_c6c2c8_1x100.png HTTP/1.1" 404 1117
192.168.10.17 - - [13/Oct/2022:10:08:23 -0300] "GET /cormun/static/Shared/jqueryui/images/ui-bg_flat_55_fafafa_40x100.png HTTP/1.1" 404 1097
192.168.10.17 - - [13/Oct/2022:10:08:23 -0300] "GET /cormun/static/Shared/jqueryui/images/ui-icons_8d78a5_256x240.png HTTP/1.1" 404 1089
192.168.10.17 - - [13/Oct/2022:10:08:23 -0300] "POST /cormun/servlet/vesolicitudgral?dc7bfbd70dfe39ba4166279b3a575c5b,2022,19222,,General,gx-no-cache=1665665461144 HTTP/1.1" 200 12024
192.168.10.17 - - [13/Oct/2022:10:08:25 -0300] "GET /cormun/servlet/vesolicitudgral?2022,19222,,SolicitudOTAdjuntos HTTP/1.1" 200 10431
192.168.10.17 - - [13/Oct/2022:10:08:25 -0300] "GET /cormun/servlet/vesolicitudgral?2022,19222,,SolicitudOTAdjuntos HTTP/1.1" 200 10434
192.168.10.17 - - [13/Oct/2022:10:08:28 -0300] "POST /cormun/servlet/acontrolpreferencessavestate?None,RRHH+DANIELA,true HTTP/1.1" 200 35
192.168.10.17 - - [13/Oct/2022:10:08:36 -0300] "GET /cormun/servlet/vesolicitudgral?2022,19222,, HTTP/1.1" 200 8331
192.168.10.17 - - [13/Oct/2022:10:08:36 -0300] "GET /cormun/servlet/vesolicitudgral?2022,19222,, HTTP/1.1" 200 8330
192.168.10.17 - - [13/Oct/2022:10:08:38 -0300] "GET /cormun/servlet/trsolicitudgral? HTTP/1.1" 200 23341
192.168.10.17 - - [13/Oct/2022:10:08:38 -0300] "GET /cormun/servlet/trsolicitudgral? HTTP/1.1" 200 23337
192.168.10.17 - - [13/Oct/2022:10:08:51 -0300] "GET /cormun/servlet/vesolicitudgral?2022,19221,, HTTP/1.1" 200 8374
192.168.10.17 - - [13/Oct/2022:10:08:51 -0300] "GET /cormun/pexe_scrolldiv.js HTTP/1.1" 404 1009
192.168.10.17 - - [13/Oct/2022:10:08:51 -0300] "GET /cormun/servlet/vesolicitudgral?2022,19221,, HTTP/1.1" 200 8373
190.171.141.138 - - [13/Oct/2022:10:09:01 -0300] "GET /cormun/servlet/hlogin HTTP/1.1" 200 1730
190.171.141.138 - - [13/Oct/2022:10:09:01 -0300] "GET /cormun/servlet/hlogin HTTP/1.1" 200 1740
190.171.141.138 - - [13/Oct/2022:10:09:04 -0300] "POST /cormun/servlet/hlogin?e871e7b81fbdb38607522c32cebdd344,gx-no-cache=1665665685365 HTTP/1.1" 200 90
190.171.141.138 - - [13/Oct/2022:10:09:04 -0300] "GET /cormun/servlet/hpexe_link HTTP/1.1" 200 955
190.171.141.138 - - [13/Oct/2022:10:09:04 -0300] "GET /cormun/servlet/hhome HTTP/1.1" 200 4482
190.171.141.138 - - [13/Oct/2022:10:09:05 -0300] "GET /cormun/servlet/hhome HTTP/1.1" 200 4478
190.171.141.138 - - [13/Oct/2022:10:09:08 -0300] "GET /cormun/servlet/trpermisosgoce? HTTP/1.1" 200 12952
190.171.141.138 - - [13/Oct/2022:10:09:08 -0300] "GET /cormun/servlet/trpermisosgoce? HTTP/1.1" 200 12951
190.171.141.138 - - [13/Oct/2022:10:09:12 -0300] "GET /cormun/static/menuarrow.gif HTTP/1.1" 404 1015
192.168.10.17 - - [13/Oct/2022:10:09:21 -0300] "GET /cormun/servlet/trsolicitudgral? HTTP/1.1" 200 23341
192.168.10.17 - - [13/Oct/2022:10:09:22 -0300] "GET /cormun/servlet/trsolicitudgral? HTTP/1.1" 200 23337
190.171.141.138 - - [13/Oct/2022:10:09:26 -0300] "POST /cormun/servlet/trpermisosgoce?e871e7b81fbdb38607522c32cebdd344,,gx-no-cache=1665665707135 HTTP/1.1" 200 5351
192.168.10.17 - - [13/Oct/2022:10:09:28 -0300] "GET /cormun/servlet/vesolicitudgral?2022,19218,, HTTP/1.1" 200 8392
192.168.10.17 - - [13/Oct/2022:10:09:28 -0300] "GET /cormun/pexe_scrolldiv.js HTTP/1.1" 404 1009
192.168.10.17 - - [13/Oct/2022:10:09:28 -0300] "GET /cormun/servlet/vesolicitudgral?2022,19218,, HTTP/1.1" 200 8392
192.168.10.17 - - [13/Oct/2022:10:09:36 -0300] "GET /cormun/servlet/vesolicitudgral?2022,19218,,SolicitudOTAdjuntos HTTP/1.1" 200 7049
192.168.10.17 - - [13/Oct/2022:10:09:36 -0300] "GET /cormun/pexe_scrolldiv.js HTTP/1.1" 404 1009
192.168.10.17 - - [13/Oct/2022:10:09:36 -0300] "GET /cormun/servlet/vesolicitudgral?2022,19218,,SolicitudOTAdjuntos HTTP/1.1" 200 7049
192.168.10.17 - - [13/Oct/2022:10:09:37 -0300] "POST /cormun/servlet/acontrolpreferencessavestate?None,RRHH+DANIELA,true HTTP/1.1" 200 35
192.168.10.17 - - [13/Oct/2022:10:09:38 -0300] "GET /cormun/servlet/vesolicitudgral?2022,19218,,General HTTP/1.1" 200 8394
192.168.10.17 - - [13/Oct/2022:10:09:38 -0300] "GET /cormun/pexe_scrolldiv.js HTTP/1.1" 404 1009
192.168.10.17 - - [13/Oct/2022:10:09:38 -0300] "GET /cormun/servlet/vesolicitudgral?2022,19218,,General HTTP/1.1" 200 8394
190.95.15.29 - - [13/Oct/2022:10:09:44 -0300] "GET /cormun/servlet/hlogin HTTP/1.1" 200 1731
190.95.15.29 - - [13/Oct/2022:10:09:45 -0300] "GET /cormun/servlet/hlogin HTTP/1.1" 200 1740
190.95.15.29 - - [13/Oct/2022:10:09:45 -0300] "GET /favicon.ico HTTP/1.1" 200 21630
190.95.15.29 - - [13/Oct/2022:10:09:50 -0300] "POST /cormun/servlet/hlogin?998d669a1fbff40f1f2887a183cff7af,gx-no-cache=1665665730191 HTTP/1.1" 200 90
190.95.15.29 - - [13/Oct/2022:10:09:50 -0300] "GET /cormun/servlet/hpexe_link HTTP/1.1" 200 959
190.95.15.29 - - [13/Oct/2022:10:09:50 -0300] "GET /cormun/servlet/hhome HTTP/1.1" 200 3899
190.95.15.29 - - [13/Oct/2022:10:09:51 -0300] "GET /cormun/servlet/hhome HTTP/1.1" 200 3896
190.171.149.90 - - [13/Oct/2022:10:09:52 -0300] "POST /cormun/servlet/hlogin?4fca67e43da4401455f52f658e997b07,gx-no-cache=1665665727941 HTTP/1.1" 200 90
190.171.149.90 - - [13/Oct/2022:10:09:52 -0300] "GET /cormun/servlet/hpexe_link HTTP/1.1" 200 958
190.171.149.90 - - [13/Oct/2022:10:09:52 -0300] "GET /cormun/servlet/trpermisosgoce HTTP/1.1" 200 9778
190.171.149.90 - - [13/Oct/2022:10:09:53 -0300] "GET /cormun/servlet/trpermisosgoce HTTP/1.1" 200 9776
190.95.15.29 - - [13/Oct/2022:10:09:54 -0300] "GET /cormun/servlet/trsolicitudot? HTTP/1.1" 200 7111
190.95.15.29 - - [13/Oct/2022:10:09:54 -0300] "GET /cormun/static/gxcfg.js?201991910464971 HTTP/1.1" 200 953
190.95.15.29 - - [13/Oct/2022:10:09:54 -0300] "GET /cormun/static/trsolicitudot.js?201991910465845 HTTP/1.1" 200 54041
190.95.15.29 - - [13/Oct/2022:10:09:54 -0300] "GET /cormun/servlet/trsolicitudot? HTTP/1.1" 200 7112
190.171.149.90 - - [13/Oct/2022:10:09:56 -0300] "GET /cormun/servlet/permisogoce?INS,0,,, HTTP/1.1" 200 6813
190.171.149.90 - - [13/Oct/2022:10:09:56 -0300] "GET /cormun/servlet/permisogoce?INS,0,,, HTTP/1.1" 200 6813
190.171.149.90 - - [13/Oct/2022:10:10:05 -0300] "GET /cormun/servlet/permisogoce?5bec5bbfb69846f4e6cd2ffed6c1e8441ee9cecf78b4b7d064a68b2c49a5458c808f30c90eb9c8d5b981b46c1477740d97e7e7ca70388fdb82114cbaa2c3722b,gx-no-cache=1665665740559 HTTP/1.1" 200 226
190.171.149.90 - - [13/Oct/2022:10:10:05 -0300] "GET /cormun/static/Shared/jqueryui/images/ui-bg_highlight-soft_100_c6c2c8_1x100.png HTTP/1.1" 404 1117
190.171.149.90 - - [13/Oct/2022:10:10:05 -0300] "GET /cormun/static/Shared/jqueryui/images/ui-icons_82798d_256x240.png HTTP/1.1" 404 1089
190.171.149.90 - - [13/Oct/2022:10:10:05 -0300] "GET /cormun/static/Shared/jqueryui/images/ui-bg_flat_55_994d53_40x100.png HTTP/1.1" 404 1097
190.171.149.90 - - [13/Oct/2022:10:10:05 -0300] "GET /cormun/static/Shared/jqueryui/images/ui-icons_ebccce_256x240.png HTTP/1.1" 404 1089
190.171.149.90 - - [13/Oct/2022:10:10:09 -0300] "POST /cormun/servlet/permisogoce?4fca67e43da4401455f52f658e997b07,INS,0,,,,gx-no-cache=1665665744929 HTTP/1.1" 200 4546
190.171.149.90 - - [13/Oct/2022:10:10:09 -0300] "POST /cormun/servlet/permisogoce?4fca67e43da4401455f52f658e997b07,INS,0,,,,gx-no-cache=1665665745153 HTTP/1.1" 200 4546
154.89.5.102 - - [13/Oct/2022:10:10:12 -0300] "GET / HTTP/1.0" 200 11197
190.171.149.90 - - [13/Oct/2022:10:10:15 -0300] "GET /cormun/servlet/permisogoce?5bec5bbfb69846f4e6cd2ffed6c1e8446e492be75ac0facc99d4515b75f834096c426bf564267c0b707a3bd3c8b1c868e3d6353989b8d5f4f5a49c8bd010d449,gx-no-cache=1665665751389 HTTP/1.1" 200 83
190.95.15.29 - - [13/Oct/2022:10:10:17 -0300] "GET /cormun/static/menuarrow.gif HTTP/1.1" 404 1015
192.168.10.17 - - [13/Oct/2022:10:10:19 -0300] "POST /cormun/servlet/vesolicitudgral?dc7bfbd70dfe39ba4166279b3a575c5b,2022,19218,,General,gx-no-cache=1665665576536 HTTP/1.1" 200 12176
192.168.10.17 - - [13/Oct/2022:10:10:19 -0300] "GET /cormun/static/Shared/jqueryui/images/ui-bg_highlight-soft_100_c6c2c8_1x100.png HTTP/1.1" 404 1117
192.168.10.17 - - [13/Oct/2022:10:10:19 -0300] "GET /cormun/static/Shared/jqueryui/images/ui-bg_flat_55_fafafa_40x100.png HTTP/1.1" 404 1097
192.168.10.17 - - [13/Oct/2022:10:10:19 -0300] "GET /cormun/static/Shared/jqueryui/images/ui-icons_82798d_256x240.png HTTP/1.1" 404 1089
192.168.10.17 - - [13/Oct/2022:10:10:19 -0300] "GET /cormun/static/Shared/jqueryui/images/ui-icons_8d78a5_256x240.png HTTP/1.1" 404 1089
192.168.10.17 - - [13/Oct/2022:10:10:19 -0300] "POST /cormun/servlet/vesolicitudgral?dc7bfbd70dfe39ba4166279b3a575c5b,2022,19218,,General,gx-no-cache=1665665576814 HTTP/1.1" 200 12110
192.168.10.17 - - [13/Oct/2022:10:10:23 -0300] "GET /cormun/servlet/vesolicitudgral?2022,19218,,SolicitudOTAdjuntos HTTP/1.1" 200 7050
192.168.10.17 - - [13/Oct/2022:10:10:23 -0300] "GET /cormun/servlet/vesolicitudgral?2022,19218,,SolicitudOTAdjuntos HTTP/1.1" 200 7051
192.168.10.17 - - [13/Oct/2022:10:10:24 -0300] "POST /cormun/servlet/acontrolpreferencessavestate?None,RRHH+DANIELA,true HTTP/1.1" 200 35
192.168.10.17 - - [13/Oct/2022:10:10:25 -0300] "GET /cormun/servlet/vesolicitudgral?2022,19218,, HTTP/1.1" 200 8406
192.168.10.17 - - [13/Oct/2022:10:10:25 -0300] "GET /cormun/servlet/vesolicitudgral?2022,19218,, HTTP/1.1" 200 8406
192.168.10.17 - - [13/Oct/2022:10:10:28 -0300] "GET /cormun/servlet/trsolicitudgral? HTTP/1.1" 200 22830
192.168.10.17 - - [13/Oct/2022:10:10:29 -0300] "GET /cormun/servlet/trsolicitudgral? HTTP/1.1" 200 22825
192.168.10.17 - - [13/Oct/2022:10:10:32 -0300] "GET /cormun/servlet/vesolicitudgral?2022,19217,, HTTP/1.1" 200 8305
192.168.10.17 - - [13/Oct/2022:10:10:32 -0300] "GET /cormun/pexe_scrolldiv.js HTTP/1.1" 404 1009
192.168.10.17 - - [13/Oct/2022:10:10:33 -0300] "GET /cormun/servlet/vesolicitudgral?2022,19217,, HTTP/1.1" 200 8305
190.171.149.90 - - [13/Oct/2022:10:10:42 -0300] "GET /cormun/static/menuarrow.gif HTTP/1.1" 404 1015
190.171.149.90 - - [13/Oct/2022:10:10:49 -0300] "GET /cormun/servlet/permisogoce?5bec5bbfb69846f4e6cd2ffed6c1e844162dc62ffc980736a7199e77b6c1955c6264a995a923a33080a81f40849d5ea1d8272bcfe62354d01ac551772efe6fdd,gx-no-cache=1665665785019 HTTP/1.1" 200 49
190.171.149.90 - - [13/Oct/2022:10:10:50 -0300] "POST /cormun/servlet/permisogoce?4fca67e43da4401455f52f658e997b07,INS,0,,,,gx-no-cache=1665665785057 HTTP/1.1" 200 93
190.171.149.90 - - [13/Oct/2022:10:10:50 -0300] "GET /cormun/servlet/hpexe_return? HTTP/1.1" 200 1010
190.171.149.90 - - [13/Oct/2022:10:10:50 -0300] "GET /cormun/servlet/trpermisosgoce HTTP/1.1" 200 10024
190.171.149.90 - - [13/Oct/2022:10:10:50 -0300] "GET /cormun/servlet/trpermisosgoce HTTP/1.1" 200 10019
190.171.149.90 - - [13/Oct/2022:10:10:59 -0300] "GET /cormun/servlet/apermisogoceprn?16491377,P,20221013095233,PU HTTP/1.1" 200 1657
192.168.10.17 - - [13/Oct/2022:10:11:01 -0300] "POST /cormun/servlet/vesolicitudgral?dc7bfbd70dfe39ba4166279b3a575c5b,2022,19217,,,gx-no-cache=1665665619238 HTTP/1.1" 200 12076
192.168.10.17 - - [13/Oct/2022:10:11:02 -0300] "GET /cormun/static/Shared/jqueryui/images/ui-bg_highlight-soft_100_c6c2c8_1x100.png HTTP/1.1" 404 1117
192.168.10.17 - - [13/Oct/2022:10:11:02 -0300] "GET /cormun/static/Shared/jqueryui/images/ui-icons_82798d_256x240.png HTTP/1.1" 404 1089
192.168.10.17 - - [13/Oct/2022:10:11:02 -0300] "GET /cormun/static/Shared/jqueryui/images/ui-icons_8d78a5_256x240.png HTTP/1.1" 404 1089
192.168.10.17 - - [13/Oct/2022:10:11:02 -0300] "GET /cormun/static/Shared/jqueryui/images/ui-bg_flat_55_fafafa_40x100.png HTTP/1.1" 404 1097
192.168.10.17 - - [13/Oct/2022:10:11:02 -0300] "POST /cormun/servlet/vesolicitudgral?dc7bfbd70dfe39ba4166279b3a575c5b,2022,19217,,,gx-no-cache=1665665619436 HTTP/1.1" 200 12010
190.95.15.29 - - [13/Oct/2022:10:11:03 -0300] "GET /cormun/servlet/solicitudot?INS,0,0,false, HTTP/1.1" 200 15688
192.168.10.17 - - [13/Oct/2022:10:11:04 -0300] "GET /cormun/servlet/trsolicitudgral? HTTP/1.1" 200 22408
192.168.10.17 - - [13/Oct/2022:10:11:04 -0300] "GET /cormun/servlet/trsolicitudgral? HTTP/1.1" 200 22404
192.168.10.17 - - [13/Oct/2022:10:11:10 -0300] "GET /cormun/servlet/vesolicitudgral?2022,19216,, HTTP/1.1" 200 8408
192.168.10.17 - - [13/Oct/2022:10:11:10 -0300] "GET /cormun/pexe_scrolldiv.js HTTP/1.1" 404 1009
192.168.10.17 - - [13/Oct/2022:10:11:10 -0300] "GET /cormun/servlet/vesolicitudgral?2022,19216,, HTTP/1.1" 200 8406
190.95.15.29 - - [13/Oct/2022:10:11:25 -0300] "GET /cormun/static/gxcfg.js?20203414241232 HTTP/1.1" 200 953
190.95.15.29 - - [13/Oct/2022:10:11:33 -0300] "GET /cormun/static/solicitudot.js?20203414242792 HTTP/1.1" 200 74114
190.95.15.29 - - [13/Oct/2022:10:11:33 -0300] "GET /cormun/servlet/solicitudot?INS,0,0,false, HTTP/1.1" 200 15696
190.95.15.29 - - [13/Oct/2022:10:11:51 -0300] "POST /cormun/servlet/solicitudot?gx-no-cache=1665665850874 HTTP/1.1" 200 3885
190.95.15.29 - - [13/Oct/2022:10:11:52 -0300] "POST /cormun/servlet/solicitudot?998d669a1fbff40f1f2887a183cff7af,INS,0,0,false,,gx-no-cache=1665665851114 HTTP/1.1" 200 12447
190.95.15.29 - - [13/Oct/2022:10:11:55 -0300] "GET /cormun/servlet/solicitudot?b096d0e60b9c39cb44154385eae75bdb585526a6649c9bd10704994fd5a3b68f1b556b89e5a1a000e8606a07a06be33e,gx-no-cache=1665665855482 HTTP/1.1" 200 30
179.57.78.9 - - [13/Oct/2022:10:12:08 -0300] "GET /cormun/servlet/hlogin HTTP/1.1" 200 1746
190.171.149.90 - - [13/Oct/2022:10:12:57 -0300] "GET /cormun/servlet/apermisogoceprn?16491377,P,20221013095233,PU HTTP/1.1" 200 1656
190.171.142.42 - - [13/Oct/2022:10:15:26 -0300] "GET /cormun/servlet/hlogin HTTP/1.1" 200 1741
190.171.142.42 - - [13/Oct/2022:10:15:34 -0300] "POST /cormun/servlet/hlogin?9257f57c7710a77cbe9f53f43a7e244c,gx-no-cache=1665666074196 HTTP/1.1" 200 90
190.171.142.42 - - [13/Oct/2022:10:15:34 -0300] "GET /cormun/servlet/hpexe_link HTTP/1.1" 200 949
190.171.142.42 - - [13/Oct/2022:10:15:34 -0300] "GET /cormun/servlet/hhome HTTP/1.1" 200 4249
190.171.142.42 - - [13/Oct/2022:10:15:34 -0300] "GET /cormun/servlet/hhome HTTP/1.1" 200 4247
190.171.142.42 - - [13/Oct/2022:10:15:39 -0300] "GET /cormun/servlet/trpermisosgoce? HTTP/1.1" 200 15124
190.171.142.42 - - [13/Oct/2022:10:15:40 -0300] "GET /cormun/servlet/trpermisosgoce? HTTP/1.1" 200 15122
190.95.1.129 - - [13/Oct/2022:10:15:44 -0300] "GET /cormun/servlet/hlogin HTTP/1.1" 200 1734
190.95.1.129 - - [13/Oct/2022:10:15:44 -0300] "GET /cormun/servlet/hlogin HTTP/1.1" 200 1744
190.95.1.129 - - [13/Oct/2022:10:15:50 -0300] "POST /cormun/servlet/hlogin?58876bcf912a8b38af6d2a84b465e8ee,gx-no-cache=1665666090945 HTTP/1.1" 200 90
190.95.1.129 - - [13/Oct/2022:10:15:50 -0300] "GET /cormun/servlet/hpexe_link HTTP/1.1" 200 959
190.95.1.129 - - [13/Oct/2022:10:15:50 -0300] "GET /cormun/servlet/hhome HTTP/1.1" 200 3980
190.95.1.129 - - [13/Oct/2022:10:15:51 -0300] "GET /cormun/servlet/hhome HTTP/1.1" 200 3976
190.171.142.42 - - [13/Oct/2022:10:15:51 -0300] "GET /cormun/servlet/permisogoce?INS,0,,, HTTP/1.1" 200 7137
190.171.142.42 - - [13/Oct/2022:10:15:51 -0300] "GET /cormun/servlet/permisogoce?INS,0,,, HTTP/1.1" 200 7137
190.95.1.129 - - [13/Oct/2022:10:15:55 -0300] "GET /cormun/servlet/trlicencias? HTTP/1.1" 200 17602
190.95.1.129 - - [13/Oct/2022:10:15:55 -0300] "GET /cormun/servlet/trlicencias? HTTP/1.1" 200 17599
190.171.142.42 - - [13/Oct/2022:10:16:06 -0300] "POST /cormun/servlet/permisogoce?9257f57c7710a77cbe9f53f43a7e244c,INS,0,,,,gx-no-cache=1665666105923 HTTP/1.1" 200 4756
190.171.142.42 - - [13/Oct/2022:10:16:06 -0300] "GET /cormun/static/Shared/jqueryui/images/ui-bg_highlight-soft_100_c6c2c8_1x100.png HTTP/1.1" 404 1117
190.171.142.42 - - [13/Oct/2022:10:16:06 -0300] "GET /cormun/static/Shared/jqueryui/images/ui-icons_82798d_256x240.png HTTP/1.1" 404 1089
190.171.142.42 - - [13/Oct/2022:10:16:06 -0300] "GET /cormun/static/Shared/jqueryui/images/ui-bg_flat_55_994d53_40x100.png HTTP/1.1" 404 1097
190.171.142.42 - - [13/Oct/2022:10:16:06 -0300] "GET /cormun/static/Shared/jqueryui/images/ui-icons_ebccce_256x240.png HTTP/1.1" 404 1089
190.171.142.42 - - [13/Oct/2022:10:16:09 -0300] "GET /cormun/servlet/permisogoce?3a74b0042c0fa55dfc1767a13bf14efd441618331e371704b962bdacb7ac919d71b43582bb5283cddeedfdc4110a2ccf3f675f0fa81198d52b888cda00779cf6ea828fabe89e12547eaa861d2856275245817419dc17a1eacc43fcc2ff24a610c248cd8484c3b786c763299da948339b3f675f0fa81198d52b888cda00779cf6ea828fabe89e12547eaa861d2856275245817419dc17a1eacc43fcc2ff24a6101789a5cdcf217eb9909a4fba098c2b04cd23acf9726609c558f0a997094e7068678783f08a45cc46116c09a87b1aa9fdc90c84ce56d06399987f89d73fba5469,gx-no-cache=1665666109656 HTTP/1.1" 200 81
190.171.142.42 - - [13/Oct/2022:10:16:09 -0300] "GET /cormun/static/menuarrow.gif HTTP/1.1" 404 1015
190.171.142.42 - - [13/Oct/2022:10:16:16 -0300] "GET /cormun/servlet/permisogoce?3a74b0042c0fa55dfc1767a13bf14efd25c2ebf56d1ecf5073647143e5da2b7757f9816727737a7cbb0094137c919c08d2bf9836135c5f6ee6e450f1f01595f1,gx-no-cache=1665666115949 HTTP/1.1" 200 48
190.171.142.42 - - [13/Oct/2022:10:16:21 -0300] "GET /cormun/servlet/puconsultapgoce?8296182,MD,gxPopupLevel%3D0%3B HTTP/1.1" 200 4360
190.171.142.42 - - [13/Oct/2022:10:16:21 -0300] "GET /cormun/pexe_menus.js HTTP/1.1" 404 1001
190.171.142.42 - - [13/Oct/2022:10:16:21 -0300] "GET /cormun/pexe_link.js HTTP/1.1" 404 999
190.171.142.42 - - [13/Oct/2022:10:16:21 -0300] "GET /cormun/pexe_windows.js HTTP/1.1" 404 1005
190.171.142.42 - - [13/Oct/2022:10:16:21 -0300] "GET /cormun/pexe_layers.js HTTP/1.1" 404 1003
190.171.142.42 - - [13/Oct/2022:10:16:21 -0300] "GET /cormun/pexe_griddivfix.js HTTP/1.1" 404 1011
190.171.142.42 - - [13/Oct/2022:10:16:21 -0300] "GET /cormun/pexe_cookies.js HTTP/1.1" 404 1005
190.171.142.42 - - [13/Oct/2022:10:16:21 -0300] "GET /cormun/pexe_grid.js HTTP/1.1" 404 999
190.171.142.42 - - [13/Oct/2022:10:16:21 -0300] "GET /cormun/pexe_picture.js HTTP/1.1" 404 1005
190.171.142.42 - - [13/Oct/2022:10:16:21 -0300] "GET /cormun/pexe_treedivfix.js HTTP/1.1" 404 1011
190.171.142.42 - - [13/Oct/2022:10:16:21 -0300] "GET /cormun/pexe_tabdivfix.js HTTP/1.1" 404 1009
190.171.142.42 - - [13/Oct/2022:10:16:21 -0300] "GET /cormun/pexe_autoreload.js HTTP/1.1" 404 1011
190.171.142.42 - - [13/Oct/2022:10:16:21 -0300] "GET /cormun/pexe_menudivfix.js HTTP/1.1" 404 1011
190.95.15.29 - - [13/Oct/2022:10:16:22 -0300] "GET /cormun/servlet/solicitudot?b096d0e60b9c39cb44154385eae75bdb7a27f3487c65af15d707cf32a6a2634a76243eb759bc3e49e95d31a416d5bbba832267c01d9483dc1cc66c043694dd24,gx-no-cache=1665666122630 HTTP/1.1" 200 30
190.171.142.42 - - [13/Oct/2022:10:16:24 -0300] "POST /cormun/servlet/puconsultapgoce?9257f57c7710a77cbe9f53f43a7e244c,8296182,MD,gxPopupLevel%3D0%3B,gx-no-cache=1665666124611 HTTP/1.1" 200 59
190.95.15.29 - - [13/Oct/2022:10:16:25 -0300] "GET /cormun/servlet/solicitudot?b096d0e60b9c39cb44154385eae75bdba3989a2a95782219ef042e29806ee474,gx-no-cache=1665666125055 HTTP/1.1" 200 53
190.171.142.42 - - [13/Oct/2022:10:16:26 -0300] "POST /cormun/servlet/permisogoce?9257f57c7710a77cbe9f53f43a7e244c,INS,0,,,,gx-no-cache=1665666125713 HTTP/1.1" 200 93
190.171.142.42 - - [13/Oct/2022:10:16:26 -0300] "GET /cormun/servlet/hpexe_return? HTTP/1.1" 200 1007
190.171.142.42 - - [13/Oct/2022:10:16:26 -0300] "GET /cormun/servlet/trpermisosgoce HTTP/1.1" 200 15349
190.171.142.42 - - [13/Oct/2022:10:16:26 -0300] "GET /cormun/servlet/trpermisosgoce HTTP/1.1" 200 15344
190.171.142.42 - - [13/Oct/2022:10:16:31 -0300] "GET /cormun/servlet/apermisogoceprn?8296182,P,20221013095828,PU HTTP/1.1" 200 1651
162.142.125.219 - - [13/Oct/2022:10:16:46 -0300] "GET / HTTP/1.1" 200 11217
162.142.125.219 - - [13/Oct/2022:10:16:47 -0300] "GET / HTTP/1.1" 200 11217
162.142.125.219 - - [13/Oct/2022:10:16:47 -0300] "PRI * HTTP/2.0" 505 -
162.142.125.219 - - [13/Oct/2022:10:16:47 -0300] "GET /favicon.ico HTTP/1.1" 200 21630
190.171.142.42 - - [13/Oct/2022:10:16:49 -0300] "GET /cormun/servlet/permisogoce?INS,0,,, HTTP/1.1" 200 7138
190.171.142.42 - - [13/Oct/2022:10:16:50 -0300] "GET /cormun/servlet/permisogoce?INS,0,,, HTTP/1.1" 200 7138
190.95.15.29 - - [13/Oct/2022:10:16:53 -0300] "POST /cormun/servlet/solicitudot?gx-no-cache=1665666153868 HTTP/1.1" 200 297
190.95.15.29 - - [13/Oct/2022:10:16:53 -0300] "GET /cormun/servlet/solicitudot?b096d0e60b9c39cb44154385eae75bdb07dd5a6353ee2dbd70f2df7a1a1d80cbdc92b3fe024d23578a0d95f0dfc6e38a56eb528065af6cf99ab78edf382eefbb2b9a319726c80cd9511232ad998217e895cd0f72219578118fd5ff6e57d5aff5ed5e9cfb06e855052d1c555624d66947ddd4b13972a7ffe8209bd5475c9651fa636550f0ca262def950ba846fbab8da9f9b8db1b5b7e9edfc7d969ecf8fa930fa213fe05066b766bdc7aa66a27ed0b6d25e81e515692a1a3cdec6c9cae038be656e9f49c7a1f12a3d0ee3c350f164944a2159a80699d22203ef45332e0f628fcbd1643effdd03aea66daa5ca21d2c5e73d7ea966581542ececb81b3a946f504fad00a4c6754c74387bf2268c43dc322b91b2629467c904d07f53ca0810c4695306a7c783d9923bff63902452858d8556626580bcee0decf82730987827ebfe7fda751a33eaba4aa94f430c09427cb6f382969914e48d3ee523c3deabf8bd3040a09205d4bc7c8c3cae0f9752a4acf85ef304eb8e8e99181af04453fb6dd541630868009a8d2b62c8ae63b83eb6bbb919,gx-no-cache=1665666153927 HTTP/1.1" 200 30
190.171.142.42 - - [13/Oct/2022:10:17:05 -0300] "GET /cormun/servlet/permisogoce?3a74b0042c0fa55dfc1767a13bf14efdc9d23cc036e14b86d4bf7b79b2f35c3965fe026ceac9dac4bc897c57833b33cfd01ca2bd768b7a4eebbe1cb98fa48b7f,gx-no-cache=1665666165470 HTTP/1.1" 200 92
190.171.142.42 - - [13/Oct/2022:10:17:05 -0300] "GET /cormun/static/menuarrow.gif HTTP/1.1" 404 1015
190.95.15.29 - - [13/Oct/2022:10:17:06 -0300] "POST /cormun/servlet/solicitudot?gx-no-cache=1665666166511 HTTP/1.1" 200 30
190.171.142.42 - - [13/Oct/2022:10:17:10 -0300] "GET /cormun/servlet/permisogoce?3a74b0042c0fa55dfc1767a13bf14efd6f62f3ab1dfbfa70a7ab1f7395f72f58499184a06eae52f7e9ad13f977f9aa6b5031993dbc9a29f017ce509650bf69d1,gx-no-cache=1665666170274 HTTP/1.1" 200 48
190.171.142.42 - - [13/Oct/2022:10:17:13 -0300] "POST /cormun/servlet/permisogoce?9257f57c7710a77cbe9f53f43a7e244c,INS,0,,,,gx-no-cache=1665666173098 HTTP/1.1" 200 93
190.171.142.42 - - [13/Oct/2022:10:17:13 -0300] "GET /cormun/servlet/hpexe_return? HTTP/1.1" 200 1007
190.171.142.42 - - [13/Oct/2022:10:17:13 -0300] "GET /cormun/servlet/trpermisosgoce HTTP/1.1" 200 15565
190.171.142.42 - - [13/Oct/2022:10:17:14 -0300] "GET /cormun/servlet/trpermisosgoce HTTP/1.1" 200 15561
190.171.142.42 - - [13/Oct/2022:10:17:16 -0300] "GET /cormun/servlet/apermisogoceprn?8296182,P,20221013095828,PU HTTP/1.1" 200 1651
190.95.15.29 - - [13/Oct/2022:10:17:36 -0300] "POST /cormun/servlet/solicitudot?gx-no-cache=1665666196653 HTTP/1.1" 200 1470
190.95.15.29 - - [13/Oct/2022:10:17:39 -0300] "GET /cormun/static/menuarrow.gif HTTP/1.1" 404 1015
190.95.15.29 - - [13/Oct/2022:10:17:47 -0300] "GET /cormun/servlet/trlicencias? HTTP/1.1" 200 10888
190.95.15.29 - - [13/Oct/2022:10:17:48 -0300] "GET /cormun/servlet/trlicencias? HTTP/1.1" 200 10879
190.95.15.29 - - [13/Oct/2022:10:18:02 -0300] "GET /cormun/servlet/solicitudot?INS,0,0,false, HTTP/1.1" 200 15687
190.95.15.29 - - [13/Oct/2022:10:18:03 -0300] "GET /cormun/servlet/solicitudot?INS,0,0,false, HTTP/1.1" 200 15695
190.95.15.29 - - [13/Oct/2022:10:18:19 -0300] "POST /cormun/servlet/solicitudot?gx-no-cache=1665666239150 HTTP/1.1" 200 3969
190.95.15.29 - - [13/Oct/2022:10:18:21 -0300] "POST /cormun/servlet/solicitudot?998d669a1fbff40f1f2887a183cff7af,INS,0,0,false,,gx-no-cache=1665666240972 HTTP/1.1" 200 12563
190.95.15.29 - - [13/Oct/2022:10:18:23 -0300] "GET /cormun/servlet/solicitudot?b096d0e60b9c39cb44154385eae75bdb585526a6649c9bd10704994fd5a3b68f1b556b89e5a1a000e8606a07a06be33e,gx-no-cache=1665666243140 HTTP/1.1" 200 30
190.95.15.29 - - [13/Oct/2022:10:18:23 -0300] "GET /cormun/servlet/solicitudot?b096d0e60b9c39cb44154385eae75bdb7a27f3487c65af15d707cf32a6a2634a76243eb759bc3e49e95d31a416d5bbba832267c01d9483dc1cc66c043694dd24,gx-no-cache=1665666243167 HTTP/1.1" 200 30
190.95.15.29 - - [13/Oct/2022:10:18:23 -0300] "GET /cormun/servlet/solicitudot?b096d0e60b9c39cb44154385eae75bdba3989a2a95782219ef042e29806ee474,gx-no-cache=1665666243190 HTTP/1.1" 200 53
190.95.15.29 - - [13/Oct/2022:10:18:23 -0300] "POST /cormun/servlet/solicitudot?gx-no-cache=1665666243216 HTTP/1.1" 200 297
190.95.15.29 - - [13/Oct/2022:10:18:25 -0300] "GET /cormun/servlet/solicitudot?b096d0e60b9c39cb44154385eae75bdb07dd5a6353ee2dbd70f2df7a1a1d80cbdc92b3fe024d23578a0d95f0dfc6e38a56eb528065af6cf99ab78edf382eefbb2b9a319726c80cd9511232ad998217e895cd0f72219578118fd5ff6e57d5aff5ed5e9cfb06e855052d1c555624d66947ddd4b13972a7ffe8209bd5475c9651fa636550f0ca262def950ba846fbab8da9f9b8db1b5b7e9edfc7d969ecf8fa930fa213fe05066b766bdc7aa66a27ed0b6d25e81e515692a1a3cdec6c9cae038be656e9f49c7a1f12a3d0ee3c350f164944a2159a80699d22203ef45332e0f628fcbd1643effdd03aea66daa5ca21d2c5e73d7ea966581542ececb81b3a946f504fad00a4c6754c74387bf2268c43dc322b91b2629467c904d07f53ca0810c4695306a7c783d9923bff63902452858d8556626580bcee0decf82730987827ebfe7fda751a33eaba4aa94f430c09427cb6f382969914e48d3ee523c3deabf8bd3040a09205d4bc7c8c3cae0f9752a4acf85ef304eb8e8e99181af04453fb6dd541630868009a8d2b62c8ae63b83eb6bbb919,gx-no-cache=1665666245120 HTTP/1.1" 200 30
190.95.15.29 - - [13/Oct/2022:10:18:30 -0300] "POST /cormun/servlet/solicitudot?gx-no-cache=1665666250722 HTTP/1.1" 200 30
190.171.143.82 - - [13/Oct/2022:10:18:31 -0300] "GET /cormun/servlet/trpermisosgoce? HTTP/1.1" 200 11263
190.171.143.82 - - [13/Oct/2022:10:18:33 -0300] "GET /cormun/servlet/trpermisosgoce? HTTP/1.1" 200 11263
190.95.15.29 - - [13/Oct/2022:10:18:36 -0300] "POST /cormun/servlet/solicitudot?gx-no-cache=1665666256545 HTTP/1.1" 200 1470
190.95.15.29 - - [13/Oct/2022:10:18:36 -0300] "GET /cormun/static/menuarrow.gif HTTP/1.1" 404 1015
190.95.15.29 - - [13/Oct/2022:10:18:38 -0300] "POST /cormun/servlet/solicitudot?gx-no-cache=1665666258723 HTTP/1.1" 200 30
190.95.15.29 - - [13/Oct/2022:10:18:39 -0300] "POST /cormun/servlet/solicitudot?gx-no-cache=1665666259016 HTTP/1.1" 200 1470
190.171.142.42 - - [13/Oct/2022:10:18:46 -0300] "GET /cormun/servlet/apermisogoceprn?17575129,P,20221013095927,PU HTTP/1.1" 200 1664
190.171.143.82 - - [13/Oct/2022:10:18:46 -0300] "POST /cormun/servlet/trpermisosgoce?2d2ab74bc3644d4614007475759eb60e,,gx-no-cache=1665666266751 HTTP/1.1" 200 8352
190.171.143.82 - - [13/Oct/2022:10:18:52 -0300] "GET /cormun/servlet/trpermisosadjuntos?8212761,20221012080652,P, HTTP/1.1" 200 6682
190.171.143.82 - - [13/Oct/2022:10:18:54 -0300] "GET /cormun/servlet/trpermisosadjuntos?8212761,20221012080652,P, HTTP/1.1" 200 6682
190.95.15.29 - - [13/Oct/2022:10:18:59 -0300] "POST /cormun/servlet/solicitudot?gx-no-cache=1665666278922 HTTP/1.1" 200 41
190.95.15.29 - - [13/Oct/2022:10:19:11 -0300] "GET /cormun/servlet/solicitudot?b096d0e60b9c39cb44154385eae75bdb4b55795ebab51b042b664654276cfd10f538ebc1bb80d86c2728a72697ad81c87fe55c2d5269805983c6b00af3489c012661cefa69172ddd8e0fe14a2ede44a81b3bb65f2b7f48b59fad3f3135b201445f95b29dc64875e3637bc2b9cd80f678,gx-no-cache=1665666291262 HTTP/1.1" 200 110
190.171.141.138 - - [13/Oct/2022:10:19:13 -0300] "GET /cormun/servlet/trlicencias? HTTP/1.1" 200 14535
190.171.141.138 - - [13/Oct/2022:10:19:14 -0300] "GET /cormun/servlet/trlicencias? HTTP/1.1" 200 14533
190.95.15.29 - - [13/Oct/2022:10:19:15 -0300] "POST /cormun/servlet/solicitudot?gx-no-cache=1665666294062 HTTP/1.1" 200 109
190.171.143.82 - - [13/Oct/2022:10:19:15 -0300] "GET /cormun/servlet/permisosadjuntos?INS,8212761,P,20221012080652,, HTTP/1.1" 200 6010
190.171.143.82 - - [13/Oct/2022:10:19:16 -0300] "GET /cormun/static/about:blank HTTP/1.1" 404 1011
190.171.143.82 - - [13/Oct/2022:10:19:16 -0300] "GET /cormun/servlet/permisosadjuntos?INS,8212761,P,20221012080652,, HTTP/1.1" 200 6000
190.95.15.29 - - [13/Oct/2022:10:19:32 -0300] "GET /cormun/servlet/solicitudot?b096d0e60b9c39cb44154385eae75bdb860adb166c7672c61cd3d7e1d6693c6772f2e358d16846c75824f9cbc52f51c9c7f8b0b80d1684d1e0d9c5e0f24d1f0c188459ad7698f337b4a80774da2f2123e96fd11bd3f044fcaef62551cf6d93826dc81beddd881d46e1dbd9b51465a9ab,gx-no-cache=1665666312062 HTTP/1.1" 200 29
190.95.1.129 - - [13/Oct/2022:10:19:34 -0300] "POST /cormun/servlet/trlicencias?58876bcf912a8b38af6d2a84b465e8ee,,gx-no-cache=1665666314871 HTTP/1.1" 200 101
190.95.1.129 - - [13/Oct/2022:10:19:34 -0300] "GET /cormun/Licencias-4887.xls HTTP/1.1" 200 17408
190.95.1.129 - - [13/Oct/2022:10:19:40 -0300] "GET /cormun/servlet/licenciaspermisos?INS,0,,, HTTP/1.1" 200 7591
190.95.1.129 - - [13/Oct/2022:10:19:40 -0300] "GET /cormun/static/gxcfg.js?202012153173 HTTP/1.1" 200 953
190.95.1.129 - - [13/Oct/2022:10:19:40 -0300] "GET /cormun/static/licenciaspermisos.js?2020121532136 HTTP/1.1" 200 38824
190.95.1.129 - - [13/Oct/2022:10:19:40 -0300] "GET /cormun/servlet/licenciaspermisos?INS,0,,, HTTP/1.1" 200 7589
190.95.15.29 - - [13/Oct/2022:10:19:46 -0300] "GET /cormun/servlet/solicitudot?b096d0e60b9c39cb44154385eae75bdb3ada753ea58c85602cfe1fd457d883986c761a3ced9bb236f6834dca6366d1ad,gx-no-cache=1665666326502 HTTP/1.1" 200 30
190.95.15.29 - - [13/Oct/2022:10:19:47 -0300] "POST /cormun/servlet/solicitudot?gx-no-cache=1665666327238 HTTP/1.1" 200 34
190.95.15.29 - - [13/Oct/2022:10:19:47 -0300] "POST /cormun/servlet/solicitudot?998d669a1fbff40f1f2887a183cff7af,INS,0,0,false,,gx-no-cache=1665666327307 HTTP/1.1" 200 93
190.95.15.29 - - [13/Oct/2022:10:19:47 -0300] "GET /cormun/servlet/hpexe_return? HTTP/1.1" 200 1015
190.95.15.29 - - [13/Oct/2022:10:19:47 -0300] "GET /cormun/static/gxcfg.js?201991422392976 HTTP/1.1" 200 953
190.95.15.29 - - [13/Oct/2022:10:19:47 -0300] "GET /cormun/static/hpexe_return.js?201991422392984 HTTP/1.1" 200 1633
190.95.1.129 - - [13/Oct/2022:10:19:48 -0300] "GET /cormun/servlet/licenciaspermisos?579e8ec2f818d62d9ebc75a5febeb153a5930b6f1faa19cc938888dbe598e26940f64dedef4f74410a0f1eedd5b9eace901eeff78d6f932664b14d81abbb54e6,gx-no-cache=1665666328498 HTTP/1.1" 200 99
190.95.15.29 - - [13/Oct/2022:10:19:48 -0300] "GET /cormun/servlet/trsolicitudot HTTP/1.1" 200 8542
190.95.1.129 - - [13/Oct/2022:10:19:48 -0300] "POST /cormun/servlet/licenciaspermisos?58876bcf912a8b38af6d2a84b465e8ee,INS,0,,,,gx-no-cache=1665666328560 HTTP/1.1" 200 4854
190.95.15.29 - - [13/Oct/2022:10:19:48 -0300] "GET /cormun//static/Resources/PXToolsActionView.png HTTP/1.1" 200 398
190.95.15.29 - - [13/Oct/2022:10:19:48 -0300] "GET /cormun//static/Resources/PXToolsRemoveAllAction.png HTTP/1.1" 200 487
190.95.15.29 - - [13/Oct/2022:10:19:48 -0300] "GET /cormun/servlet/trsolicitudot HTTP/1.1" 200 8540
190.95.1.129 - - [13/Oct/2022:10:20:02 -0300] "GET /cormun/servlet/trsolicitudot? HTTP/1.1" 200 7202
190.95.1.129 - - [13/Oct/2022:10:20:02 -0300] "GET /cormun/servlet/trsolicitudot? HTTP/1.1" 200 7195
190.171.149.74 - - [13/Oct/2022:10:20:03 -0300] "POST /cormun/servlet/trlicencias?0c9ce3b47c15fcdf7062ca3a63e5eca5,,gx-no-cache=1665669960560 HTTP/1.1" 200 11238
190.171.149.74 - - [13/Oct/2022:10:20:04 -0300] "POST /cormun/servlet/trlicencias?0c9ce3b47c15fcdf7062ca3a63e5eca5,,gx-no-cache=1665669961679 HTTP/1.1" 200 11237
190.95.1.129 - - [13/Oct/2022:10:20:05 -0300] "GET /cormun/servlet/solicitudot?INS,0,0,false, HTTP/1.1" 200 15762
190.171.143.82 - - [13/Oct/2022:10:20:05 -0300] "POST /cormun/servlet/permisosadjuntos?2d2ab74bc3644d4614007475759eb60e,INS,8212761,P,20221012080652,, HTTP/1.1" 200 116
190.171.143.82 - - [13/Oct/2022:10:20:05 -0300] "GET /cormun/servlet/hpexe_return? HTTP/1.1" 200 1041
190.171.149.74 - - [13/Oct/2022:10:20:05 -0300] "POST /cormun/servlet/trlicencias?0c9ce3b47c15fcdf7062ca3a63e5eca5,,gx-no-cache=1665669963217 HTTP/1.1" 200 11238
190.95.1.129 - - [13/Oct/2022:10:20:05 -0300] "GET /cormun/servlet/solicitudot?INS,0,0,false, HTTP/1.1" 200 15769
190.171.143.82 - - [13/Oct/2022:10:20:05 -0300] "GET /cormun/servlet/trpermisosadjuntos?8212761,20221012080652,P, HTTP/1.1" 200 7212
190.171.143.82 - - [13/Oct/2022:10:20:07 -0300] "GET /cormun/servlet/trpermisosadjuntos?8212761,20221012080652,P, HTTP/1.1" 200 7204
190.95.1.129 - - [13/Oct/2022:10:20:13 -0300] "POST /cormun/servlet/solicitudot?gx-no-cache=1665666354067 HTTP/1.1" 200 3892
190.95.1.129 - - [13/Oct/2022:10:20:13 -0300] "POST /cormun/servlet/solicitudot?58876bcf912a8b38af6d2a84b465e8ee,INS,0,0,false,,gx-no-cache=1665666354236 HTTP/1.1" 200 12454
190.171.143.82 - - [13/Oct/2022:10:20:16 -0300] "GET /cormun/servlet/trpermisosgoce? HTTP/1.1" 200 11263
190.171.143.82 - - [13/Oct/2022:10:20:17 -0300] "GET /cormun/servlet/trpermisosgoce? HTTP/1.1" 200 11263
190.95.1.129 - - [13/Oct/2022:10:20:20 -0300] "GET /cormun/servlet/solicitudot?d4c4f05534c2bc917013218d79c7dbd71f73ad08cadf6632f2721e21696f413189adb7a1ba2fb202b048e245542ef7e7,gx-no-cache=1665666360688 HTTP/1.1" 200 30
190.171.143.82 - - [13/Oct/2022:10:20:23 -0300] "POST /cormun/servlet/trpermisosgoce?2d2ab74bc3644d4614007475759eb60e,,gx-no-cache=1665666363358 HTTP/1.1" 200 8345
190.171.143.82 - - [13/Oct/2022:10:20:32 -0300] "GET /cormun/servlet/trpermisosadjuntos?8212761,20221012080741,P, HTTP/1.1" 200 6681
190.171.143.82 - - [13/Oct/2022:10:20:33 -0300] "GET /cormun/servlet/trpermisosadjuntos?8212761,20221012080741,P, HTTP/1.1" 200 6681
190.171.143.82 - - [13/Oct/2022:10:20:37 -0300] "GET /cormun/servlet/permisosadjuntos?INS,8212761,P,20221012080741,, HTTP/1.1" 200 6010
190.171.143.82 - - [13/Oct/2022:10:20:38 -0300] "GET /cormun/static/about:blank HTTP/1.1" 404 1011
190.171.143.82 - - [13/Oct/2022:10:20:38 -0300] "GET /cormun/servlet/permisosadjuntos?INS,8212761,P,20221012080741,, HTTP/1.1" 200 6000
190.171.143.82 - - [13/Oct/2022:10:20:46 -0300] "POST /cormun/servlet/permisosadjuntos?2d2ab74bc3644d4614007475759eb60e,INS,8212761,P,20221012080741,, HTTP/1.1" 200 116
190.171.143.82 - - [13/Oct/2022:10:20:46 -0300] "GET /cormun/servlet/hpexe_return? HTTP/1.1" 200 1041
190.171.143.82 - - [13/Oct/2022:10:20:47 -0300] "GET /cormun/servlet/trpermisosadjuntos?8212761,20221012080741,P, HTTP/1.1" 200 7195
190.171.149.90 - - [13/Oct/2022:10:20:47 -0300] "GET /cormun/servlet/trpermisosadjuntos?11983436,20221012085945,P, HTTP/1.1" 200 6262
190.171.149.90 - - [13/Oct/2022:10:20:47 -0300] "GET /cormun/servlet/trpermisosadjuntos?11983436,20221012085945,P, HTTP/1.1" 200 6262
190.171.143.82 - - [13/Oct/2022:10:20:48 -0300] "GET /cormun/servlet/trpermisosadjuntos?8212761,20221012080741,P, HTTP/1.1" 200 7190
190.171.149.90 - - [13/Oct/2022:10:20:49 -0300] "GET /cormun/servlet/permisosadjuntos?INS,11983436,P,20221012085945,, HTTP/1.1" 200 5582
190.171.149.90 - - [13/Oct/2022:10:20:49 -0300] "GET /cormun/static/gxcfg.js?20201215134212 HTTP/1.1" 200 953
190.171.149.90 - - [13/Oct/2022:10:20:49 -0300] "GET /cormun/static/permisosadjuntos.js?20201215134285 HTTP/1.1" 200 8724
190.171.149.90 - - [13/Oct/2022:10:20:49 -0300] "GET /cormun/static/about:blank HTTP/1.1" 404 1011
190.171.149.90 - - [13/Oct/2022:10:20:49 -0300] "GET /cormun/servlet/permisosadjuntos?INS,11983436,P,20221012085945,, HTTP/1.1" 200 5572
190.171.143.82 - - [13/Oct/2022:10:20:55 -0300] "GET /cormun/servlet/trpermisosgoce? HTTP/1.1" 200 11267
190.171.143.82 - - [13/Oct/2022:10:20:56 -0300] "GET /cormun/servlet/trpermisosgoce? HTTP/1.1" 200 11263
190.171.143.82 - - [13/Oct/2022:10:20:59 -0300] "POST /cormun/servlet/trpermisosgoce?2d2ab74bc3644d4614007475759eb60e,,gx-no-cache=1665666399659 HTTP/1.1" 200 8353
190.171.149.90 - - [13/Oct/2022:10:21:00 -0300] "POST /cormun/servlet/permisosadjuntos?4fca67e43da4401455f52f658e997b07,INS,11983436,P,20221012085945,, HTTP/1.1" 200 116
190.171.149.90 - - [13/Oct/2022:10:21:00 -0300] "GET /cormun/servlet/hpexe_return? HTTP/1.1" 200 1040
190.171.149.90 - - [13/Oct/2022:10:21:01 -0300] "GET /cormun/servlet/trpermisosadjuntos?11983436,20221012085945,P, HTTP/1.1" 200 6764
190.171.149.90 - - [13/Oct/2022:10:21:01 -0300] "GET /cormun/servlet/trpermisosadjuntos?11983436,20221012085945,P, HTTP/1.1" 200 6763
190.171.149.90 - - [13/Oct/2022:10:21:03 -0300] "GET /cormun/servlet/trpermisosgoce? HTTP/1.1" 200 10015
190.171.149.90 - - [13/Oct/2022:10:21:03 -0300] "GET /cormun/servlet/trpermisosgoce? HTTP/1.1" 200 10013
190.171.143.82 - - [13/Oct/2022:10:21:04 -0300] "POST /cormun/servlet/trpermisosgoce?2d2ab74bc3644d4614007475759eb60e,,gx-no-cache=1665666404444 HTTP/1.1" 200 8317
190.171.143.82 - - [13/Oct/2022:10:21:04 -0300] "GET /cormun/static/Shared/jqueryui/images/ui-bg_highlight-soft_100_c6c2c8_1x100.png HTTP/1.1" 404 1117
190.171.143.82 - - [13/Oct/2022:10:21:04 -0300] "GET /cormun/static/Shared/jqueryui/images/ui-icons_82798d_256x240.png HTTP/1.1" 404 1089
190.171.143.82 - - [13/Oct/2022:10:21:04 -0300] "GET /cormun/static/Shared/jqueryui/images/ui-bg_flat_55_fafafa_40x100.png HTTP/1.1" 404 1097
190.171.143.82 - - [13/Oct/2022:10:21:04 -0300] "GET /cormun/static/Shared/jqueryui/images/ui-icons_8d78a5_256x240.png HTTP/1.1" 404 1089
190.171.149.90 - - [13/Oct/2022:10:21:06 -0300] "POST /cormun/servlet/trpermisosgoce?4fca67e43da4401455f52f658e997b07,,gx-no-cache=1665666401430 HTTP/1.1" 200 7291
190.171.149.90 - - [13/Oct/2022:10:21:06 -0300] "GET /cormun/static/Shared/jqueryui/images/ui-icons_82798d_256x240.png HTTP/1.1" 404 1089
190.171.149.90 - - [13/Oct/2022:10:21:06 -0300] "GET /cormun/static/Shared/jqueryui/images/ui-bg_highlight-soft_100_c6c2c8_1x100.png HTTP/1.1" 404 1117
190.171.149.90 - - [13/Oct/2022:10:21:06 -0300] "GET /cormun/static/Shared/jqueryui/images/ui-icons_8d78a5_256x240.png HTTP/1.1" 404 1089
190.171.149.90 - - [13/Oct/2022:10:21:06 -0300] "GET /cormun/static/Shared/jqueryui/images/ui-bg_flat_55_fafafa_40x100.png HTTP/1.1" 404 1097
190.171.143.82 - - [13/Oct/2022:10:21:08 -0300] "POST /cormun/servlet/trpermisosgoce?2d2ab74bc3644d4614007475759eb60e,,gx-no-cache=1665666408603 HTTP/1.1" 200 8288
190.171.143.82 - - [13/Oct/2022:10:21:11 -0300] "GET /cormun/servlet/trautorizarpermisogoce? HTTP/1.1" 200 8268
190.171.143.82 - - [13/Oct/2022:10:21:12 -0300] "GET /cormun/servlet/trautorizarpermisogoce? HTTP/1.1" 200 8267
190.171.143.82 - - [13/Oct/2022:10:21:17 -0300] "POST /cormun/servlet/trautorizarpermisogoce?2d2ab74bc3644d4614007475759eb60e,,gx-no-cache=1665666417756 HTTP/1.1" 200 4531
190.171.143.82 - - [13/Oct/2022:10:21:17 -0300] "GET /cormun/static/Shared/jqueryui/images/ui-bg_highlight-soft_100_c6c2c8_1x100.png HTTP/1.1" 404 1117
190.171.143.82 - - [13/Oct/2022:10:21:17 -0300] "GET /cormun/static/Shared/jqueryui/images/ui-icons_82798d_256x240.png HTTP/1.1" 404 1089
190.171.143.82 - - [13/Oct/2022:10:21:17 -0300] "GET /cormun/static/Shared/jqueryui/images/ui-bg_flat_55_fafafa_40x100.png HTTP/1.1" 404 1097
190.171.143.82 - - [13/Oct/2022:10:21:17 -0300] "GET /cormun/static/Shared/jqueryui/images/ui-icons_8d78a5_256x240.png HTTP/1.1" 404 1089
190.171.143.82 - - [13/Oct/2022:10:21:19 -0300] "POST /cormun/servlet/trautorizarpermisogoce?2d2ab74bc3644d4614007475759eb60e,,gx-no-cache=1665666419814 HTTP/1.1" 200 4409
190.95.1.129 - - [13/Oct/2022:10:21:22 -0300] "POST /cormun/servlet/solicitudot?58876bcf912a8b38af6d2a84b465e8ee,INS,0,0,false,,gx-no-cache=1665666422715 HTTP/1.1" 200 12784
190.95.1.129 - - [13/Oct/2022:10:21:22 -0300] "GET /cormun/static/Shared/jqueryui/images/ui-icons_82798d_256x240.png HTTP/1.1" 404 1089
190.95.1.129 - - [13/Oct/2022:10:21:22 -0300] "GET /cormun/static/Shared/jqueryui/images/ui-bg_highlight-soft_100_c6c2c8_1x100.png HTTP/1.1" 404 1117
190.95.1.129 - - [13/Oct/2022:10:21:22 -0300] "GET /cormun/static/Shared/jqueryui/images/ui-icons_ebccce_256x240.png HTTP/1.1" 404 1089
190.95.1.129 - - [13/Oct/2022:10:21:22 -0300] "GET /cormun/static/Shared/jqueryui/images/ui-bg_flat_55_994d53_40x100.png HTTP/1.1" 404 1097
190.171.141.138 - - [13/Oct/2022:10:21:34 -0300] "POST /cormun/servlet/trlicencias?e871e7b81fbdb38607522c32cebdd344,,gx-no-cache=1665666435318 HTTP/1.1" 200 5981
190.95.1.129 - - [13/Oct/2022:10:21:44 -0300] "GET /cormun/servlet/solicitudot?d4c4f05534c2bc917013218d79c7dbd7b2232b565a2399b2e3be439df137c1ddf68f7f68418534cec4ac4002a4903626c081edd412180e3633c08d45d3a85f9a,gx-no-cache=1665666445067 HTTP/1.1" 200 30
190.95.1.129 - - [13/Oct/2022:10:21:46 -0300] "GET /cormun/servlet/solicitudot?d4c4f05534c2bc917013218d79c7dbd7f9334bc1d60ea3453b74aff3e3bae7cb,gx-no-cache=1665666447154 HTTP/1.1" 200 53
190.95.1.129 - - [13/Oct/2022:10:21:55 -0300] "POST /cormun/servlet/solicitudot?gx-no-cache=1665666456258 HTTP/1.1" 200 297
190.95.1.129 - - [13/Oct/2022:10:21:55 -0300] "GET /cormun/servlet/solicitudot?d4c4f05534c2bc917013218d79c7dbd7293d9ebb380df6d443a0bb827ed224a44de64e7ca5a6ffa6723a08e7af826de3af728d849731d1046a0ba1e285119b56e27ebcf546484e90f41021bbb4f8361c3d3771120e6c7a4f8f16b5f76d92e49ab534f163a153f96af4b5a5c07a358d23f3b9d7d999b608e8407bef1aeb2007a97f721ddd417d1a7e46bc4bf124aa975bd42417d972fc867b0cc702f0dc036d0c30d3bcac92b92d31660839ee20cd60fb45e20977091c128dc92bc945c48af68b2bbbd369c427c734fee64f6a625543778c725398774ac96b62308c30633c2811d8a2ad84c18d7e8a1ae5e8fa9c248587050c71078a308f314f73dbe64b01d9a09b69396d5ec16297c7927b6ed4c16569f730a228163c1b8bbae2c54f8176d7fc9ddf692edad498256fcc9963d1976a080d13d1846c9984ab902f6bbc6d119373639f21f290bbe56d6ff70b33b1df4d996b30d4920311dc7eafcba2f940dc84327c65d5508d7ffb3bdfaf56534f834e99caae5c74228de648d44735287ec5c1f92a598ae00f4a481299e2ab5b9005f6e3,gx-no-cache=1665666456307 HTTP/1.1" 200 30
190.95.1.129 - - [13/Oct/2022:10:22:03 -0300] "POST /cormun/servlet/solicitudot?gx-no-cache=1665666464331 HTTP/1.1" 200 30
190.171.149.90 - - [13/Oct/2022:10:22:17 -0300] "GET /cormun/servlet/trpermisosadjuntos?16491377,20221013095233,P, HTTP/1.1" 200 6270
190.171.149.90 - - [13/Oct/2022:10:22:17 -0300] "GET /cormun/servlet/trpermisosadjuntos?16491377,20221013095233,P, HTTP/1.1" 200 6270
190.171.149.90 - - [13/Oct/2022:10:22:19 -0300] "GET /cormun/servlet/permisosadjuntos?INS,16491377,P,20221013095233,, HTTP/1.1" 200 5590
190.171.149.90 - - [13/Oct/2022:10:22:19 -0300] "GET /cormun/static/about:blank HTTP/1.1" 404 1011
190.171.149.90 - - [13/Oct/2022:10:22:19 -0300] "GET /cormun/servlet/permisosadjuntos?INS,16491377,P,20221013095233,, HTTP/1.1" 200 5580
190.171.149.90 - - [13/Oct/2022:10:22:25 -0300] "POST /cormun/servlet/permisosadjuntos?4fca67e43da4401455f52f658e997b07,INS,16491377,P,20221013095233,, HTTP/1.1" 200 116
190.171.149.90 - - [13/Oct/2022:10:22:25 -0300] "GET /cormun/servlet/hpexe_return? HTTP/1.1" 200 1040
190.171.149.90 - - [13/Oct/2022:10:22:25 -0300] "GET /cormun/servlet/trpermisosadjuntos?16491377,20221013095233,P, HTTP/1.1" 200 6758
190.171.149.90 - - [13/Oct/2022:10:22:25 -0300] "GET /cormun/servlet/trpermisosadjuntos?16491377,20221013095233,P, HTTP/1.1" 200 6753
190.171.149.90 - - [13/Oct/2022:10:22:27 -0300] "GET /cormun/servlet/trpermisosgoce? HTTP/1.1" 200 10026
190.171.149.90 - - [13/Oct/2022:10:22:27 -0300] "GET /cormun/servlet/trpermisosgoce? HTTP/1.1" 200 10025
190.171.149.90 - - [13/Oct/2022:10:22:30 -0300] "POST /cormun/servlet/trpermisosgoce?4fca67e43da4401455f52f658e997b07,,gx-no-cache=1665666485597 HTTP/1.1" 200 7265
190.171.149.90 - - [13/Oct/2022:10:22:30 -0300] "GET /cormun/static/Shared/jqueryui/images/ui-icons_82798d_256x240.png HTTP/1.1" 404 1089
190.171.149.90 - - [13/Oct/2022:10:22:30 -0300] "GET /cormun/static/Shared/jqueryui/images/ui-bg_highlight-soft_100_c6c2c8_1x100.png HTTP/1.1" 404 1117
190.171.149.90 - - [13/Oct/2022:10:22:30 -0300] "GET /cormun/static/Shared/jqueryui/images/ui-icons_8d78a5_256x240.png HTTP/1.1" 404 1089
190.171.149.90 - - [13/Oct/2022:10:22:30 -0300] "GET /cormun/static/Shared/jqueryui/images/ui-bg_flat_55_fafafa_40x100.png HTTP/1.1" 404 1097
190.95.1.129 - - [13/Oct/2022:10:22:42 -0300] "POST /cormun/servlet/solicitudot?gx-no-cache=1665666502466 HTTP/1.1" 200 1470
190.95.1.129 - - [13/Oct/2022:10:22:43 -0300] "GET /cormun/servlet/prlicenciaspermisos?15525247,L,,MD,,gxPopupLevel%3D0%3B HTTP/1.1" 200 5499
190.95.1.129 - - [13/Oct/2022:10:22:57 -0300] "POST /cormun/servlet/solicitudot?gx-no-cache=1665666517446 HTTP/1.1" 200 41
190.95.1.129 - - [13/Oct/2022:10:23:15 -0300] "GET /cormun/servlet/solicitudot?d4c4f05534c2bc917013218d79c7dbd77a46e01f9bd310cfe7054dd30b0981a185863b6486ee0e2de0426fa00ea8457c5e47bf88ddbb06020e4e3c7df7c62bf556dbed36a432787568515c41f1e17d7641429a87c3c5aad0f3ee114905600c6f8926c69c2d651abd9d6560c8ba63fe8e,gx-no-cache=1665666535456 HTTP/1.1" 200 110
190.95.1.129 - - [13/Oct/2022:10:23:15 -0300] "POST /cormun/servlet/solicitudot?gx-no-cache=1665666535510 HTTP/1.1" 200 79
190.95.1.129 - - [13/Oct/2022:10:23:28 -0300] "GET /cormun/servlet/solicitudot?d4c4f05534c2bc917013218d79c7dbd7141aa8bd3c76576271ab3fa4efd726970655206af10bcbcf472068ff30d68e33205b1bbf8bbdb44a641382fca1b47f506b8a90c7644dcd9c9f34f05522864484681d07be4581c10d0848b837a61793374da9db2b18a3a05c0bed6d4b1a00df69,gx-no-cache=1665666548618 HTTP/1.1" 200 29
190.95.1.129 - - [13/Oct/2022:10:23:28 -0300] "GET /cormun/static/menuarrow.gif HTTP/1.1" 404 1015
190.95.1.129 - - [13/Oct/2022:10:23:31 -0300] "GET /cormun/servlet/solicitudot?d4c4f05534c2bc917013218d79c7dbd7cd61b44405bc836bac5423faaa70452feed81fa74b1fc203a8cb6ed993cee57d,gx-no-cache=1665666552091 HTTP/1.1" 200 30
190.95.1.129 - - [13/Oct/2022:10:23:31 -0300] "POST /cormun/servlet/solicitudot?gx-no-cache=1665666552128 HTTP/1.1" 200 34
190.95.1.129 - - [13/Oct/2022:10:24:01 -0300] "POST /cormun/servlet/solicitudot?58876bcf912a8b38af6d2a84b465e8ee,INS,0,0,false,,gx-no-cache=1665666580893 HTTP/1.1" 200 93
190.95.1.129 - - [13/Oct/2022:10:24:01 -0300] "GET /cormun/servlet/hpexe_return? HTTP/1.1" 200 1017
190.95.1.129 - - [13/Oct/2022:10:24:01 -0300] "GET /cormun/servlet/trsolicitudot HTTP/1.1" 200 8600
190.95.1.129 - - [13/Oct/2022:10:24:01 -0300] "GET /cormun/servlet/trsolicitudot HTTP/1.1" 200 8595
190.95.1.129 - - [13/Oct/2022:10:24:31 -0300] "POST /cormun/servlet/trsolicitudot?58876bcf912a8b38af6d2a84b465e8ee,gx-no-cache=1665666611773 HTTP/1.1" 200 4580
190.95.1.129 - - [13/Oct/2022:10:24:31 -0300] "GET /cormun/static/Shared/jqueryui/images/ui-bg_highlight-soft_100_c6c2c8_1x100.png HTTP/1.1" 404 1117
190.95.1.129 - - [13/Oct/2022:10:24:31 -0300] "GET /cormun/static/Shared/jqueryui/images/ui-icons_82798d_256x240.png HTTP/1.1" 404 1089
