190.95.1.129 - - [06/Oct/2022:16:51:17 -0300] "GET /cormun/servlet/hpexe_return? HTTP/1.1" 200 1012
190.95.1.129 - - [06/Oct/2022:16:51:18 -0300] "GET /cormun/servlet/trpermisosgoce HTTP/1.1" 200 16056
190.95.1.129 - - [06/Oct/2022:16:51:18 -0300] "GET /cormun/servlet/trpermisosgoce HTTP/1.1" 200 16033
190.95.1.129 - - [06/Oct/2022:16:51:24 -0300] "GET /cormun/servlet/permisogoce?INS,0,,, HTTP/1.1" 200 6835
190.95.1.129 - - [06/Oct/2022:16:51:24 -0300] "GET /cormun/servlet/permisogoce?INS,0,,, HTTP/1.1" 200 6835
181.212.43.89 - - [06/Oct/2022:16:51:26 -0300] "POST /cormun/servlet/solicitudot?gx-no-cache=1665085026779 HTTP/1.1" 200 3892
181.212.43.89 - - [06/Oct/2022:16:51:26 -0300] "POST /cormun/servlet/solicitudot?0a8ccdeb0fcae638d3d25e7d8d0d9a3d,INS,0,0,false,,gx-no-cache=1665085026957 HTTP/1.1" 200 12442
181.212.43.89 - - [06/Oct/2022:16:51:27 -0300] "GET /cormun/servlet/solicitudot?235aef1c6a52cc9e0fe4d832dc75de9f7c91f0e0e6e90171ecd3da56cb3adfe4d4dbbddaf0bc71cd1a207e95179858a3,gx-no-cache=1665085028088 HTTP/1.1" 200 30
190.95.1.129 - - [06/Oct/2022:16:51:30 -0300] "GET /cormun/servlet/permisogoce?7dcac2cad6e8262f497f026205fb0fe67ae6a9a0bef3249899086611a95478939958e7f314a8b47d665f211f2c66417e09d121c9466d621948264d6cafe1cb2d,gx-no-cache=1665085032094 HTTP/1.1" 200 79
190.95.1.129 - - [06/Oct/2022:16:51:40 -0300] "GET /cormun/servlet/permisogoce?7dcac2cad6e8262f497f026205fb0fe68c9357a0dd63961aec3242808e0ba69cb014cdc17c0a564e136354586371ecf9a4f2612d1b284247e22ed231763d10d1,gx-no-cache=1665085041967 HTTP/1.1" 200 48
201.186.225.187 - - [06/Oct/2022:16:51:41 -0300] "GET /cormun/servlet/trpermisosgoce? HTTP/1.1" 200 11741
201.186.225.187 - - [06/Oct/2022:16:51:41 -0300] "GET /cormun/servlet/trpermisosgoce? HTTP/1.1" 200 11732
190.95.1.129 - - [06/Oct/2022:16:51:48 -0300] "POST /cormun/servlet/permisogoce?01c36b3932b5d8e34e487010db85a74b,INS,0,,,,gx-no-cache=1665085049419 HTTP/1.1" 200 93
190.95.1.129 - - [06/Oct/2022:16:51:48 -0300] "GET /cormun/servlet/hpexe_return? HTTP/1.1" 200 1012
190.95.1.129 - - [06/Oct/2022:16:51:48 -0300] "GET /cormun/servlet/trpermisosgoce HTTP/1.1" 200 16257
190.95.1.129 - - [06/Oct/2022:16:51:49 -0300] "GET /cormun/servlet/trpermisosgoce HTTP/1.1" 200 16230
190.95.1.129 - - [06/Oct/2022:16:51:51 -0300] "GET /cormun/servlet/permisogoce?INS,0,,, HTTP/1.1" 200 6835
190.95.1.129 - - [06/Oct/2022:16:51:51 -0300] "GET /cormun/servlet/permisogoce?INS,0,,, HTTP/1.1" 200 6834
201.186.225.187 - - [06/Oct/2022:16:51:55 -0300] "POST /cormun/servlet/trpermisosgoce?835c318f38d1273fa26e74e5442882c3,,gx-no-cache=1665085059161 HTTP/1.1" 200 9009
201.186.225.187 - - [06/Oct/2022:16:51:55 -0300] "GET /cormun/static/Shared/jqueryui/images/ui-icons_82798d_256x240.png HTTP/1.1" 404 1089
201.186.225.187 - - [06/Oct/2022:16:51:55 -0300] "GET /cormun/static/Shared/jqueryui/images/ui-bg_highlight-soft_100_c6c2c8_1x100.png HTTP/1.1" 404 1117
201.186.225.187 - - [06/Oct/2022:16:51:55 -0300] "GET /cormun/static/Shared/jqueryui/images/ui-bg_flat_55_fafafa_40x100.png HTTP/1.1" 404 1097
201.186.225.187 - - [06/Oct/2022:16:51:55 -0300] "GET /cormun/static/Shared/jqueryui/images/ui-icons_8d78a5_256x240.png HTTP/1.1" 404 1089
190.95.1.129 - - [06/Oct/2022:16:52:00 -0300] "GET /cormun/servlet/permisogoce?7dcac2cad6e8262f497f026205fb0fe600388ec7915b3eaed2d8475ae3bb5f7d9958e7f314a8b47d665f211f2c66417e09d121c9466d621948264d6cafe1cb2d,gx-no-cache=1665085061540 HTTP/1.1" 200 74
190.95.1.129 - - [06/Oct/2022:16:52:07 -0300] "GET /cormun/servlet/permisogoce?7dcac2cad6e8262f497f026205fb0fe6aa746b8226480c6bddfb75cb37972d0ba54fc130e166563dcb89233b8adcc39a1a801071966f42a5a05f909c07b2b407,gx-no-cache=1665085068900 HTTP/1.1" 200 47
201.186.225.187 - - [06/Oct/2022:16:52:10 -0300] "POST /cormun/servlet/trpermisosgoce?835c318f38d1273fa26e74e5442882c3,,gx-no-cache=1665085074477 HTTP/1.1" 200 9009
190.95.1.129 - - [06/Oct/2022:16:52:12 -0300] "POST /cormun/servlet/permisogoce?01c36b3932b5d8e34e487010db85a74b,INS,0,,,,gx-no-cache=1665085073492 HTTP/1.1" 200 93
190.95.1.129 - - [06/Oct/2022:16:52:12 -0300] "GET /cormun/servlet/hpexe_return? HTTP/1.1" 200 1012
190.95.1.129 - - [06/Oct/2022:16:52:12 -0300] "GET /cormun/servlet/trpermisosgoce HTTP/1.1" 200 16459
190.95.1.129 - - [06/Oct/2022:16:52:13 -0300] "GET /cormun/servlet/trpermisosgoce HTTP/1.1" 200 16428
201.186.225.187 - - [06/Oct/2022:16:52:14 -0300] "GET /cormun/servlet/trpermisosadjuntos?8890041,20221006162134,P, HTTP/1.1" 200 6269
201.186.225.187 - - [06/Oct/2022:16:52:14 -0300] "GET /cormun/servlet/trpermisosadjuntos?8890041,20221006162134,P, HTTP/1.1" 200 6269
201.186.225.187 - - [06/Oct/2022:16:52:16 -0300] "GET /cormun/servlet/permisosadjuntos?INS,8890041,P,20221006162134,, HTTP/1.1" 200 5593
201.186.225.187 - - [06/Oct/2022:16:52:16 -0300] "GET /cormun/static/about:blank HTTP/1.1" 404 1011
201.186.225.187 - - [06/Oct/2022:16:52:16 -0300] "GET /cormun/servlet/permisosadjuntos?INS,8890041,P,20221006162134,, HTTP/1.1" 200 5583
201.186.225.187 - - [06/Oct/2022:16:52:19 -0300] "POST /cormun/servlet/permisosadjuntos?835c318f38d1273fa26e74e5442882c3,INS,8890041,P,20221006162134,,,gx-no-cache=1665085083845 HTTP/1.1" 200 93
201.186.225.187 - - [06/Oct/2022:16:52:19 -0300] "GET /cormun/servlet/hpexe_return? HTTP/1.1" 200 1034
201.186.225.187 - - [06/Oct/2022:16:52:19 -0300] "GET /cormun/servlet/trpermisosadjuntos?8890041,20221006162134,P, HTTP/1.1" 200 6608
201.186.225.187 - - [06/Oct/2022:16:52:19 -0300] "GET /cormun/servlet/trpermisosadjuntos?8890041,20221006162134,P, HTTP/1.1" 200 6605
190.95.1.129 - - [06/Oct/2022:16:52:19 -0300] "GET /cormun/servlet/permisogoce?INS,0,,, HTTP/1.1" 200 6835
190.95.1.129 - - [06/Oct/2022:16:52:20 -0300] "GET /cormun/servlet/permisogoce?INS,0,,, HTTP/1.1" 200 6835
201.186.225.187 - - [06/Oct/2022:16:52:23 -0300] "GET /cormun/servlet/trpermisosgoce? HTTP/1.1" 200 11743
201.186.225.187 - - [06/Oct/2022:16:52:23 -0300] "GET /cormun/servlet/trpermisosgoce? HTTP/1.1" 200 11732
201.186.225.187 - - [06/Oct/2022:16:52:26 -0300] "POST /cormun/servlet/trpermisosgoce?835c318f38d1273fa26e74e5442882c3,,gx-no-cache=1665085090556 HTTP/1.1" 200 8998
201.186.225.187 - - [06/Oct/2022:16:52:26 -0300] "GET /cormun/static/Shared/jqueryui/images/ui-bg_highlight-soft_100_c6c2c8_1x100.png HTTP/1.1" 404 1117
201.186.225.187 - - [06/Oct/2022:16:52:26 -0300] "GET /cormun/static/Shared/jqueryui/images/ui-icons_82798d_256x240.png HTTP/1.1" 404 1089
201.186.225.187 - - [06/Oct/2022:16:52:26 -0300] "GET /cormun/static/Shared/jqueryui/images/ui-bg_flat_55_fafafa_40x100.png HTTP/1.1" 404 1097
201.186.225.187 - - [06/Oct/2022:16:52:26 -0300] "GET /cormun/static/Shared/jqueryui/images/ui-icons_8d78a5_256x240.png HTTP/1.1" 404 1089
190.95.1.129 - - [06/Oct/2022:16:52:28 -0300] "GET /cormun/servlet/permisogoce?7dcac2cad6e8262f497f026205fb0fe647b150101cfa85f395b2c086ad992d439958e7f314a8b47d665f211f2c66417e09d121c9466d621948264d6cafe1cb2d,gx-no-cache=1665085089517 HTTP/1.1" 200 74
190.95.1.129 - - [06/Oct/2022:16:52:36 -0300] "GET /cormun/servlet/permisogoce?7dcac2cad6e8262f497f026205fb0fe6ef195d07c28e0d9da5aa9e59c7fe3bc9943a732e15eafcdd3a68d517855f4465a4f2612d1b284247e22ed231763d10d1,gx-no-cache=1665085097952 HTTP/1.1" 200 47
190.95.1.129 - - [06/Oct/2022:16:52:39 -0300] "POST /cormun/servlet/permisogoce?01c36b3932b5d8e34e487010db85a74b,INS,0,,,,gx-no-cache=1665085100519 HTTP/1.1" 200 93
190.95.1.129 - - [06/Oct/2022:16:52:39 -0300] "GET /cormun/servlet/hpexe_return? HTTP/1.1" 200 1012
190.95.1.129 - - [06/Oct/2022:16:52:39 -0300] "GET /cormun/servlet/trpermisosgoce HTTP/1.1" 200 16684
190.95.1.129 - - [06/Oct/2022:16:52:40 -0300] "GET /cormun/servlet/trpermisosgoce HTTP/1.1" 200 16631
190.95.1.129 - - [06/Oct/2022:16:52:42 -0300] "GET /cormun/servlet/permisogoce?INS,0,,, HTTP/1.1" 200 6835
190.95.1.129 - - [06/Oct/2022:16:52:42 -0300] "GET /cormun/servlet/permisogoce?INS,0,,, HTTP/1.1" 200 6834
190.95.1.129 - - [06/Oct/2022:16:52:50 -0300] "GET /cormun/servlet/permisogoce?7dcac2cad6e8262f497f026205fb0fe6a6717a9812ad6bbdf8e4a535950a5a7aa879de7ce289d00891eba1aeb6c177ca3d466c6359e86d761e3fc18d7ce4446b,gx-no-cache=1665085111733 HTTP/1.1" 200 76
190.95.1.129 - - [06/Oct/2022:16:52:59 -0300] "GET /cormun/servlet/permisogoce?7dcac2cad6e8262f497f026205fb0fe6060d17df490b06a4aad1322c22cdee88d718c4008f30fb6c9ee473953863f8268c88954557d8eae92181087a354a2961,gx-no-cache=1665085120786 HTTP/1.1" 200 49
190.95.1.129 - - [06/Oct/2022:16:53:04 -0300] "POST /cormun/servlet/permisogoce?01c36b3932b5d8e34e487010db85a74b,INS,0,,,,gx-no-cache=1665085125380 HTTP/1.1" 200 93
190.95.1.129 - - [06/Oct/2022:16:53:04 -0300] "GET /cormun/servlet/hpexe_return? HTTP/1.1" 200 1012
190.95.1.129 - - [06/Oct/2022:16:53:04 -0300] "GET /cormun/servlet/trpermisosgoce HTTP/1.1" 200 16836
190.95.1.129 - - [06/Oct/2022:16:53:05 -0300] "GET /cormun/servlet/trpermisosgoce HTTP/1.1" 200 16867
190.95.1.129 - - [06/Oct/2022:16:53:07 -0300] "GET /cormun/servlet/permisogoce?INS,0,,, HTTP/1.1" 200 6835
190.95.1.129 - - [06/Oct/2022:16:53:08 -0300] "GET /cormun/servlet/permisogoce?INS,0,,, HTTP/1.1" 200 6835
190.95.1.129 - - [06/Oct/2022:16:53:14 -0300] "GET /cormun/servlet/permisogoce?7dcac2cad6e8262f497f026205fb0fe6a6717a9812ad6bbdf8e4a535950a5a7aa879de7ce289d00891eba1aeb6c177ca3d466c6359e86d761e3fc18d7ce4446b,gx-no-cache=1665085136109 HTTP/1.1" 200 76
190.95.1.129 - - [06/Oct/2022:16:53:21 -0300] "GET /cormun/servlet/permisogoce?7dcac2cad6e8262f497f026205fb0fe6060d17df490b06a4aad1322c22cdee885230ce60bb1dec64ae621330349d4a578c88954557d8eae92181087a354a2961,gx-no-cache=1665085143286 HTTP/1.1" 200 49
190.95.1.129 - - [06/Oct/2022:16:53:28 -0300] "POST /cormun/servlet/permisogoce?01c36b3932b5d8e34e487010db85a74b,INS,0,,,,gx-no-cache=1665085149012 HTTP/1.1" 200 93
190.95.1.129 - - [06/Oct/2022:16:53:28 -0300] "GET /cormun/servlet/hpexe_return? HTTP/1.1" 200 1012
190.95.1.129 - - [06/Oct/2022:16:53:28 -0300] "GET /cormun/servlet/trpermisosgoce HTTP/1.1" 200 17047
190.95.1.129 - - [06/Oct/2022:16:53:28 -0300] "GET /cormun/servlet/trpermisosgoce HTTP/1.1" 200 16974
181.212.43.89 - - [06/Oct/2022:16:53:31 -0300] "GET /cormun/static/Resources/resize.gif HTTP/1.1" 200 77
181.212.43.89 - - [06/Oct/2022:16:53:31 -0300] "GET /cormun/static/Resources/PXTools/ClosePrompt.png HTTP/1.1" 200 1036
181.212.43.89 - - [06/Oct/2022:16:53:31 -0300] "GET /cormun/servlet/prbanco?,MD,,gxPopupLevel%3D0%3B HTTP/1.1" 200 6570
181.212.43.89 - - [06/Oct/2022:16:53:31 -0300] "GET /cormun/static/gxcfg.js?20201216131581 HTTP/1.1" 200 953
181.212.43.89 - - [06/Oct/2022:16:53:31 -0300] "GET /cormun/static/prbanco.js?20201216132311 HTTP/1.1" 200 10693
181.212.43.89 - - [06/Oct/2022:16:53:40 -0300] "GET /cormun/servlet/solicitudot?235aef1c6a52cc9e0fe4d832dc75de9f79475a00ce1c411b495493494516f2912ae4bbc4c451720d15e8635bed52d343764f20ed166bba5d7cbdef36b452cf3e,gx-no-cache=1665085161245 HTTP/1.1" 200 30
190.95.1.129 - - [06/Oct/2022:16:53:40 -0300] "GET /cormun/servlet/permisogoce?INS,0,,, HTTP/1.1" 200 6835
190.95.1.129 - - [06/Oct/2022:16:53:41 -0300] "GET /cormun/servlet/permisogoce?INS,0,,, HTTP/1.1" 200 6835
181.212.43.89 - - [06/Oct/2022:16:53:42 -0300] "GET /cormun/servlet/solicitudot?235aef1c6a52cc9e0fe4d832dc75de9ff72693f08e10e0962436d887010b0362,gx-no-cache=1665085163549 HTTP/1.1" 200 51
190.95.1.129 - - [06/Oct/2022:16:53:49 -0300] "GET /cormun/servlet/permisogoce?7dcac2cad6e8262f497f026205fb0fe6f2e621f3f91a370d70b33a362efed2279958e7f314a8b47d665f211f2c66417e09d121c9466d621948264d6cafe1cb2d,gx-no-cache=1665085170774 HTTP/1.1" 200 77
190.95.1.129 - - [06/Oct/2022:16:53:57 -0300] "GET /cormun/servlet/permisogoce?7dcac2cad6e8262f497f026205fb0fe6ca476f896ecde8cabebccebb286d27dc9a7a73e23c0a7bb524f613a7ada22502a4f2612d1b284247e22ed231763d10d1,gx-no-cache=1665085179168 HTTP/1.1" 200 47
190.95.1.129 - - [06/Oct/2022:16:54:03 -0300] "POST /cormun/servlet/permisogoce?01c36b3932b5d8e34e487010db85a74b,INS,0,,,,gx-no-cache=1665085184472 HTTP/1.1" 200 93
190.95.1.129 - - [06/Oct/2022:16:54:03 -0300] "GET /cormun/servlet/hpexe_return? HTTP/1.1" 200 1012
190.95.1.129 - - [06/Oct/2022:16:54:03 -0300] "GET /cormun/servlet/trpermisosgoce HTTP/1.1" 200 17169
190.95.1.129 - - [06/Oct/2022:16:54:04 -0300] "GET /cormun/servlet/trpermisosgoce HTTP/1.1" 200 17160
181.212.43.89 - - [06/Oct/2022:16:54:06 -0300] "POST /cormun/servlet/solicitudot?gx-no-cache=1665085187346 HTTP/1.1" 200 240
181.212.43.89 - - [06/Oct/2022:16:54:08 -0300] "GET /cormun/servlet/solicitudot?235aef1c6a52cc9e0fe4d832dc75de9f9eb8faec006f828d5d94f5fb8879824f42ab1b9ca7b289bd24222d0004dd88a657153c3dc3048118e7a7fbc7e25d6af242c4c8ea27b3157d565020d9fa46560070c9bb06cfb635907978b368aa7455b39202e7ebf685e0151aa33778f4c825dd51ff741c85cbfcb3ab9da6bdaabfefddd6baf05e6e1d3c3fe90d0be5da2066a5cb9d0f8dbd063e64a581c5223833c137e2926335d1f0939d7355d2568d1bca39dab9585ee0b5b985c6ac0c0eeb479811b5a0d654dcb813bc22ff26182b73c1dca85f6a678520f31bc3682f16b822b04a1daa5654cc16d2752f2ca25f0973cfb12272f1772be43f610023e41f2b85bca2b105cc9b8a958c775fd46924eb5593f34b1a505bebcd9cc645d2c1820d50e633c9c1b8ebf804ad15f6220ce4e9d8cfed1bff9e921cefe2ab9b3c5d6bdb093a0d0f40c9db7f3a118256ac90d8c810085a1807f728e61d7b7fb708986dceeeaf8f4ac06bb354b3434b1b5e95904010108adea6e434429bc137c185283b635d1d60,gx-no-cache=1665085188853 HTTP/1.1" 200 30
190.95.1.129 - - [06/Oct/2022:16:54:09 -0300] "GET /cormun/servlet/permisogoce?INS,0,,, HTTP/1.1" 200 6836
190.95.1.129 - - [06/Oct/2022:16:54:09 -0300] "GET /cormun/servlet/permisogoce?INS,0,,, HTTP/1.1" 200 6835
181.212.43.89 - - [06/Oct/2022:16:54:10 -0300] "POST /cormun/servlet/solicitudot?gx-no-cache=1665085191471 HTTP/1.1" 200 30
181.212.43.89 - - [06/Oct/2022:16:54:13 -0300] "GET /cormun/servlet/prfichaempleado?,MD,,gxPopupLevel%3D0%3B HTTP/1.1" 200 9306
181.212.43.89 - - [06/Oct/2022:16:54:13 -0300] "GET /cormun/static/gxcfg.js?20201215571085 HTTP/1.1" 200 953
181.212.43.89 - - [06/Oct/2022:16:54:13 -0300] "GET /cormun/static/prfichaempleado.js?20201215572193 HTTP/1.1" 200 16006
190.95.1.129 - - [06/Oct/2022:16:54:16 -0300] "GET /cormun/servlet/permisogoce?7dcac2cad6e8262f497f026205fb0fe64895266c7a385e34c61591b17624c5139958e7f314a8b47d665f211f2c66417e09d121c9466d621948264d6cafe1cb2d,gx-no-cache=1665085197888 HTTP/1.1" 200 81
190.95.1.129 - - [06/Oct/2022:16:54:23 -0300] "GET /cormun/servlet/permisogoce?7dcac2cad6e8262f497f026205fb0fe6a8037de0353f505518d92a2db8e0f07847c8b8c613868b53edae511edc915ed4a4f2612d1b284247e22ed231763d10d1,gx-no-cache=1665085205018 HTTP/1.1" 200 48
201.186.225.187 - - [06/Oct/2022:16:54:25 -0300] "GET /cormun/servlet/trpermisosadjuntos?13302025,20221006161237,P, HTTP/1.1" 200 6266
201.186.225.187 - - [06/Oct/2022:16:54:25 -0300] "GET /cormun/servlet/trpermisosadjuntos?13302025,20221006161237,P, HTTP/1.1" 200 6266
201.186.225.187 - - [06/Oct/2022:16:54:26 -0300] "GET /cormun/servlet/permisosadjuntos?INS,13302025,P,20221006161237,, HTTP/1.1" 200 5589
201.186.225.187 - - [06/Oct/2022:16:54:27 -0300] "GET /cormun/static/about:blank HTTP/1.1" 404 1011
201.186.225.187 - - [06/Oct/2022:16:54:27 -0300] "GET /cormun/servlet/permisosadjuntos?INS,13302025,P,20221006161237,, HTTP/1.1" 200 5579
190.95.1.129 - - [06/Oct/2022:16:54:28 -0300] "POST /cormun/servlet/permisogoce?01c36b3932b5d8e34e487010db85a74b,INS,0,,,,gx-no-cache=1665085209167 HTTP/1.1" 200 93
190.95.1.129 - - [06/Oct/2022:16:54:28 -0300] "GET /cormun/servlet/hpexe_return? HTTP/1.1" 200 1012
190.95.1.129 - - [06/Oct/2022:16:54:28 -0300] "GET /cormun/servlet/trpermisosgoce HTTP/1.1" 200 17323
190.95.1.129 - - [06/Oct/2022:16:54:29 -0300] "GET /cormun/servlet/trpermisosgoce HTTP/1.1" 200 17291
190.95.1.129 - - [06/Oct/2022:16:54:31 -0300] "GET /cormun/servlet/permisogoce?INS,0,,, HTTP/1.1" 200 6835
190.95.1.129 - - [06/Oct/2022:16:54:31 -0300] "GET /cormun/servlet/permisogoce?INS,0,,, HTTP/1.1" 200 6835
181.212.43.89 - - [06/Oct/2022:16:54:34 -0300] "POST /cormun/servlet/solicitudot?gx-no-cache=1665085215135 HTTP/1.1" 200 1470
190.95.1.129 - - [06/Oct/2022:16:54:37 -0300] "GET /cormun/servlet/permisogoce?7dcac2cad6e8262f497f026205fb0fe617fb05bbe597919c7a9c90399b9a45969958e7f314a8b47d665f211f2c66417e09d121c9466d621948264d6cafe1cb2d,gx-no-cache=1665085218861 HTTP/1.1" 200 83
181.212.43.89 - - [06/Oct/2022:16:54:43 -0300] "GET /cormun/servlet/prlicenciaspermisos?10287129,L,,MD,,gxPopupLevel%3D0%3B HTTP/1.1" 200 7467
181.212.43.89 - - [06/Oct/2022:16:54:43 -0300] "GET /cormun/static/gxcfg.js?2020121559567 HTTP/1.1" 200 953
181.212.43.89 - - [06/Oct/2022:16:54:43 -0300] "GET /cormun/static/prlicenciaspermisos.js?2020121559821 HTTP/1.1" 200 13379
190.95.1.129 - - [06/Oct/2022:16:54:47 -0300] "GET /cormun/servlet/permisogoce?7dcac2cad6e8262f497f026205fb0fe6813726baef9ec524993a811daddf9c1230da161568f114cea912155d0efe6f9ea4f2612d1b284247e22ed231763d10d1,gx-no-cache=1665085228407 HTTP/1.1" 200 49
201.186.225.187 - - [06/Oct/2022:16:54:47 -0300] "POST /cormun/servlet/permisosadjuntos?835c318f38d1273fa26e74e5442882c3,INS,13302025,P,20221006161237,, HTTP/1.1" 200 116
201.186.225.187 - - [06/Oct/2022:16:54:47 -0300] "GET /cormun/servlet/hpexe_return? HTTP/1.1" 200 1034
201.186.225.187 - - [06/Oct/2022:16:54:47 -0300] "GET /cormun/servlet/trpermisosadjuntos?13302025,20221006161237,P, HTTP/1.1" 200 6737
201.186.225.187 - - [06/Oct/2022:16:54:48 -0300] "GET /cormun/servlet/trpermisosadjuntos?13302025,20221006161237,P, HTTP/1.1" 200 6733
181.212.43.89 - - [06/Oct/2022:16:54:48 -0300] "POST /cormun/servlet/solicitudot?gx-no-cache=1665085228783 HTTP/1.1" 200 40
190.95.1.129 - - [06/Oct/2022:16:54:50 -0300] "POST /cormun/servlet/permisogoce?01c36b3932b5d8e34e487010db85a74b,INS,0,,,,gx-no-cache=1665085231103 HTTP/1.1" 200 93
190.95.1.129 - - [06/Oct/2022:16:54:50 -0300] "GET /cormun/servlet/hpexe_return? HTTP/1.1" 200 1012
190.95.1.129 - - [06/Oct/2022:16:54:50 -0300] "GET /cormun/servlet/trpermisosgoce HTTP/1.1" 200 17522
190.95.1.129 - - [06/Oct/2022:16:54:51 -0300] "GET /cormun/servlet/trpermisosgoce HTTP/1.1" 200 17518
201.186.225.187 - - [06/Oct/2022:16:54:52 -0300] "GET /cormun/servlet/trpermisosgoce? HTTP/1.1" 200 11728
201.186.225.187 - - [06/Oct/2022:16:54:52 -0300] "GET /cormun/servlet/trpermisosgoce? HTTP/1.1" 200 11727
201.186.225.187 - - [06/Oct/2022:16:54:55 -0300] "POST /cormun/servlet/trpermisosgoce?835c318f38d1273fa26e74e5442882c3,,gx-no-cache=1665085239716 HTTP/1.1" 200 8949
201.186.225.187 - - [06/Oct/2022:16:54:55 -0300] "GET /cormun/static/Shared/jqueryui/images/ui-icons_82798d_256x240.png HTTP/1.1" 404 1089
201.186.225.187 - - [06/Oct/2022:16:54:55 -0300] "GET /cormun/static/Shared/jqueryui/images/ui-bg_highlight-soft_100_c6c2c8_1x100.png HTTP/1.1" 404 1117
201.186.225.187 - - [06/Oct/2022:16:54:55 -0300] "GET /cormun/static/Shared/jqueryui/images/ui-bg_flat_55_fafafa_40x100.png HTTP/1.1" 404 1097
201.186.225.187 - - [06/Oct/2022:16:54:55 -0300] "GET /cormun/static/Shared/jqueryui/images/ui-icons_8d78a5_256x240.png HTTP/1.1" 404 1089
190.95.1.129 - - [06/Oct/2022:16:54:56 -0300] "GET /cormun/servlet/permisogoce?INS,0,,, HTTP/1.1" 200 6835
190.95.1.129 - - [06/Oct/2022:16:54:56 -0300] "GET /cormun/servlet/permisogoce?INS,0,,, HTTP/1.1" 200 6835
190.95.1.129 - - [06/Oct/2022:16:55:00 -0300] "GET /cormun/servlet/permisogoce?7dcac2cad6e8262f497f026205fb0fe6e533ddf9c176dbb5a7cbf5c7910c217e9958e7f314a8b47d665f211f2c66417e09d121c9466d621948264d6cafe1cb2d,gx-no-cache=1665085242318 HTTP/1.1" 200 84
190.95.1.129 - - [06/Oct/2022:16:55:09 -0300] "GET /cormun/servlet/permisogoce?7dcac2cad6e8262f497f026205fb0fe6bab77fec8e0a5b5dae25e396268343499b51e09215fd7c199708be0eb24c17ef1a801071966f42a5a05f909c07b2b407,gx-no-cache=1665085250566 HTTP/1.1" 200 47
190.95.1.129 - - [06/Oct/2022:16:55:12 -0300] "POST /cormun/servlet/permisogoce?01c36b3932b5d8e34e487010db85a74b,INS,0,,,,gx-no-cache=1665085253836 HTTP/1.1" 200 93
190.95.1.129 - - [06/Oct/2022:16:55:12 -0300] "GET /cormun/servlet/hpexe_return? HTTP/1.1" 200 1012
190.95.1.129 - - [06/Oct/2022:16:55:13 -0300] "GET /cormun/servlet/trpermisosgoce HTTP/1.1" 200 17703
190.95.1.129 - - [06/Oct/2022:16:55:13 -0300] "GET /cormun/servlet/trpermisosgoce HTTP/1.1" 200 17698
181.212.43.89 - - [06/Oct/2022:16:55:16 -0300] "GET /cormun/servlet/solicitudot?235aef1c6a52cc9e0fe4d832dc75de9fb51c10505f8f2dc031d482143c81772bd84bcce9ea36cb670de6c285390a7f9447b2fab8d58a2cf1890d3ecf88d6ecee3560b99c6a13dba9d463bbe9a19d8d63de2ad8a36cd338a00f95da8c48c5c7975b1cf1151f97fd9324654d126024a872,gx-no-cache=1665085256821 HTTP/1.1" 200 110
181.212.43.89 - - [06/Oct/2022:16:55:16 -0300] "POST /cormun/servlet/solicitudot?gx-no-cache=1665085256852 HTTP/1.1" 200 97
181.212.43.89 - - [06/Oct/2022:16:55:22 -0300] "GET /cormun/servlet/solicitudot?235aef1c6a52cc9e0fe4d832dc75de9fe6ca1ba1b7e94e6a2fe2038c4d62d705aa73ed993c248ce5c9c88c550472a7e78d82eeaabf07d664dc15e3b2ea1acd2dfd343e3e8de7695e11f78432739051dbf5046dc7a5968ba9e2c14b97eff83e88086fa162ebd9fcdcda85d41056d75262,gx-no-cache=1665085262847 HTTP/1.1" 200 29
181.212.43.89 - - [06/Oct/2022:16:55:22 -0300] "GET /cormun/static/menuarrow.gif HTTP/1.1" 404 1015
181.212.43.89 - - [06/Oct/2022:16:55:25 -0300] "GET /cormun/servlet/solicitudot?235aef1c6a52cc9e0fe4d832dc75de9f034d4a3fbe9ba6d24682560177cca280bf615bdf3cf6b48a148521767a67d95a,gx-no-cache=1665085265976 HTTP/1.1" 200 30
181.212.43.89 - - [06/Oct/2022:16:55:25 -0300] "POST /cormun/servlet/solicitudot?gx-no-cache=1665085265996 HTTP/1.1" 200 34
190.95.1.129 - - [06/Oct/2022:16:55:28 -0300] "GET /cormun/servlet/permisogoce?INS,0,,, HTTP/1.1" 200 6837
190.95.1.129 - - [06/Oct/2022:16:55:28 -0300] "GET /cormun/servlet/permisogoce?INS,0,,, HTTP/1.1" 200 6835
181.212.43.89 - - [06/Oct/2022:16:55:37 -0300] "POST /cormun/servlet/solicitudot?0a8ccdeb0fcae638d3d25e7d8d0d9a3d,INS,0,0,false,,gx-no-cache=1665085277914 HTTP/1.1" 200 93
181.212.43.89 - - [06/Oct/2022:16:55:37 -0300] "GET /cormun/servlet/hpexe_return? HTTP/1.1" 200 1012
181.212.43.89 - - [06/Oct/2022:16:55:38 -0300] "GET /cormun/servlet/trsolicitudot HTTP/1.1" 200 8678
190.95.1.129 - - [06/Oct/2022:16:55:38 -0300] "GET /cormun/servlet/permisogoce?7dcac2cad6e8262f497f026205fb0fe678457d3917776fa6d24094b7a68a8e169958e7f314a8b47d665f211f2c66417e09d121c9466d621948264d6cafe1cb2d,gx-no-cache=1665085279605 HTTP/1.1" 200 85
181.212.43.89 - - [06/Oct/2022:16:55:38 -0300] "GET /cormun/servlet/trsolicitudot HTTP/1.1" 200 8673
190.95.1.129 - - [06/Oct/2022:16:55:45 -0300] "GET /cormun/servlet/permisogoce?7dcac2cad6e8262f497f026205fb0fe62671624f2841eb2d6ad83998838465990effee7b44f6bfd76bbfde6a4e00fe461a801071966f42a5a05f909c07b2b407,gx-no-cache=1665085286541 HTTP/1.1" 200 48
190.95.1.129 - - [06/Oct/2022:16:55:47 -0300] "POST /cormun/servlet/permisogoce?01c36b3932b5d8e34e487010db85a74b,INS,0,,,,gx-no-cache=1665085288372 HTTP/1.1" 200 93
190.95.1.129 - - [06/Oct/2022:16:55:47 -0300] "GET /cormun/servlet/hpexe_return? HTTP/1.1" 200 1012
190.95.1.129 - - [06/Oct/2022:16:55:47 -0300] "GET /cormun/servlet/trpermisosgoce HTTP/1.1" 200 17879
190.95.1.129 - - [06/Oct/2022:16:55:48 -0300] "GET /cormun/servlet/trpermisosgoce HTTP/1.1" 200 17885
181.212.43.89 - - [06/Oct/2022:16:55:49 -0300] "GET /cormun/servlet/solicitudot?INS,0,0,false, HTTP/1.1" 200 15790
181.212.43.89 - - [06/Oct/2022:16:55:50 -0300] "GET /cormun/servlet/solicitudot?INS,0,0,false, HTTP/1.1" 200 15797
190.95.1.129 - - [06/Oct/2022:16:55:59 -0300] "GET /cormun/servlet/permisogoce?INS,0,,, HTTP/1.1" 200 6834
190.95.1.129 - - [06/Oct/2022:16:55:59 -0300] "GET /cormun/servlet/permisogoce?INS,0,,, HTTP/1.1" 200 6834
190.95.1.129 - - [06/Oct/2022:16:56:06 -0300] "GET /cormun/servlet/permisogoce?7dcac2cad6e8262f497f026205fb0fe63a907ce26c164248281d3f5a7c6131de9958e7f314a8b47d665f211f2c66417e09d121c9466d621948264d6cafe1cb2d,gx-no-cache=1665085307845 HTTP/1.1" 200 79
190.95.1.129 - - [06/Oct/2022:16:56:14 -0300] "GET /cormun/servlet/permisogoce?7dcac2cad6e8262f497f026205fb0fe68c971016244797770c647744fb2695f98eb17e3af14db5b86d4d35371cf2aad71a801071966f42a5a05f909c07b2b407,gx-no-cache=1665085315701 HTTP/1.1" 200 47
190.95.1.129 - - [06/Oct/2022:16:56:26 -0300] "POST /cormun/servlet/permisogoce?01c36b3932b5d8e34e487010db85a74b,INS,0,,,,gx-no-cache=1665085327695 HTTP/1.1" 200 93
190.95.1.129 - - [06/Oct/2022:16:56:26 -0300] "GET /cormun/servlet/hpexe_return? HTTP/1.1" 200 1012
190.95.1.129 - - [06/Oct/2022:16:56:27 -0300] "GET /cormun/servlet/trpermisosgoce HTTP/1.1" 200 18116
190.95.1.129 - - [06/Oct/2022:16:56:27 -0300] "GET /cormun/servlet/trpermisosgoce HTTP/1.1" 200 18118
190.95.1.129 - - [06/Oct/2022:16:56:35 -0300] "GET /cormun/servlet/permisogoce?INS,0,,, HTTP/1.1" 200 6835
190.95.1.129 - - [06/Oct/2022:16:56:35 -0300] "GET /cormun/servlet/permisogoce?INS,0,,, HTTP/1.1" 200 6835
190.95.1.129 - - [06/Oct/2022:16:56:41 -0300] "GET /cormun/servlet/permisogoce?7dcac2cad6e8262f497f026205fb0fe6f2e621f3f91a370d70b33a362efed2279958e7f314a8b47d665f211f2c66417e09d121c9466d621948264d6cafe1cb2d,gx-no-cache=1665085342878 HTTP/1.1" 200 79
181.212.43.89 - - [06/Oct/2022:16:56:48 -0300] "POST /cormun/servlet/solicitudot?gx-no-cache=1665085348756 HTTP/1.1" 200 3892
181.212.43.89 - - [06/Oct/2022:16:56:48 -0300] "POST /cormun/servlet/solicitudot?0a8ccdeb0fcae638d3d25e7d8d0d9a3d,INS,0,0,false,,gx-no-cache=1665085348894 HTTP/1.1" 200 12441
181.212.43.89 - - [06/Oct/2022:16:56:51 -0300] "GET /cormun/servlet/solicitudot?235aef1c6a52cc9e0fe4d832dc75de9f7c91f0e0e6e90171ecd3da56cb3adfe4d4dbbddaf0bc71cd1a207e95179858a3,gx-no-cache=1665085351712 HTTP/1.1" 200 30
190.95.1.129 - - [06/Oct/2022:16:57:19 -0300] "GET /cormun/servlet/permisogoce?7dcac2cad6e8262f497f026205fb0fe6ca476f896ecde8cabebccebb286d27dc1c1870914c4eacc81e225aa19717483c1a801071966f42a5a05f909c07b2b407,gx-no-cache=1665085381281 HTTP/1.1" 200 48
190.95.1.129 - - [06/Oct/2022:16:57:22 -0300] "POST /cormun/servlet/permisogoce?01c36b3932b5d8e34e487010db85a74b,INS,0,,,,gx-no-cache=1665085383096 HTTP/1.1" 200 93
190.95.1.129 - - [06/Oct/2022:16:57:22 -0300] "GET /cormun/servlet/hpexe_return? HTTP/1.1" 200 1012
190.95.1.129 - - [06/Oct/2022:16:57:22 -0300] "GET /cormun/servlet/trpermisosgoce HTTP/1.1" 200 18292
190.95.1.129 - - [06/Oct/2022:16:57:23 -0300] "GET /cormun/servlet/trpermisosgoce HTTP/1.1" 200 18349
190.95.1.129 - - [06/Oct/2022:16:57:26 -0300] "GET /cormun/servlet/permisogoce?INS,0,,, HTTP/1.1" 200 6835
190.95.1.129 - - [06/Oct/2022:16:57:26 -0300] "GET /cormun/servlet/permisogoce?INS,0,,, HTTP/1.1" 200 6835
190.95.1.129 - - [06/Oct/2022:16:57:32 -0300] "GET /cormun/servlet/permisogoce?7dcac2cad6e8262f497f026205fb0fe6c4474ed8e1f67f864330460c1cccfe4d9958e7f314a8b47d665f211f2c66417e09d121c9466d621948264d6cafe1cb2d,gx-no-cache=1665085393676 HTTP/1.1" 200 80
190.95.1.129 - - [06/Oct/2022:16:57:45 -0300] "GET /cormun/servlet/permisogoce?7dcac2cad6e8262f497f026205fb0fe6a9b1184bb85d27c0f40bdee4835f2fd9dc42b082f7e7a82299dd9d2b0f10be9a1a801071966f42a5a05f909c07b2b407,gx-no-cache=1665085406678 HTTP/1.1" 200 48
190.95.1.129 - - [06/Oct/2022:16:57:48 -0300] "POST /cormun/servlet/permisogoce?01c36b3932b5d8e34e487010db85a74b,INS,0,,,,gx-no-cache=1665085409484 HTTP/1.1" 200 93
190.95.1.129 - - [06/Oct/2022:16:57:48 -0300] "GET /cormun/servlet/hpexe_return? HTTP/1.1" 200 1012
190.95.1.129 - - [06/Oct/2022:16:57:48 -0300] "GET /cormun/servlet/trpermisosgoce HTTP/1.1" 200 18323
190.95.1.129 - - [06/Oct/2022:16:57:49 -0300] "GET /cormun/servlet/trpermisosgoce HTTP/1.1" 200 18294
190.95.1.129 - - [06/Oct/2022:16:57:52 -0300] "GET /cormun/servlet/permisogoce?INS,0,,, HTTP/1.1" 200 6834
190.95.1.129 - - [06/Oct/2022:16:57:52 -0300] "GET /cormun/servlet/permisogoce?INS,0,,, HTTP/1.1" 200 6835
190.95.1.129 - - [06/Oct/2022:16:57:58 -0300] "GET /cormun/servlet/permisogoce?7dcac2cad6e8262f497f026205fb0fe621a37fe63a56391943dba7b023ec40729958e7f314a8b47d665f211f2c66417e09d121c9466d621948264d6cafe1cb2d,gx-no-cache=1665085419572 HTTP/1.1" 200 81
181.212.43.89 - - [06/Oct/2022:16:57:59 -0300] "GET /cormun/servlet/prbanco?,MD,,gxPopupLevel%3D0%3B HTTP/1.1" 200 6570
190.95.1.129 - - [06/Oct/2022:16:58:04 -0300] "GET /cormun/servlet/permisogoce?7dcac2cad6e8262f497f026205fb0fe69fb40eae9120594acc82154da83f5f6a8e192aa55fec07b4a836625037a454a21a801071966f42a5a05f909c07b2b407,gx-no-cache=1665085426210 HTTP/1.1" 200 48
190.95.1.129 - - [06/Oct/2022:16:58:07 -0300] "POST /cormun/servlet/permisogoce?01c36b3932b5d8e34e487010db85a74b,INS,0,,,,gx-no-cache=1665085428380 HTTP/1.1" 200 93
190.95.1.129 - - [06/Oct/2022:16:58:07 -0300] "GET /cormun/servlet/hpexe_return? HTTP/1.1" 200 1012
181.212.43.89 - - [06/Oct/2022:16:58:07 -0300] "GET /cormun/servlet/solicitudot?235aef1c6a52cc9e0fe4d832dc75de9f79475a00ce1c411b495493494516f2912ae4bbc4c451720d15e8635bed52d343764f20ed166bba5d7cbdef36b452cf3e,gx-no-cache=1665085428133 HTTP/1.1" 200 30
190.95.1.129 - - [06/Oct/2022:16:58:07 -0300] "GET /cormun/servlet/trpermisosgoce HTTP/1.1" 200 18257
190.95.1.129 - - [06/Oct/2022:16:58:08 -0300] "GET /cormun/servlet/trpermisosgoce HTTP/1.1" 200 18305
181.212.43.89 - - [06/Oct/2022:16:58:09 -0300] "GET /cormun/servlet/solicitudot?235aef1c6a52cc9e0fe4d832dc75de9ff72693f08e10e0962436d887010b0362,gx-no-cache=1665085430118 HTTP/1.1" 200 51
190.95.1.129 - - [06/Oct/2022:16:58:15 -0300] "GET /cormun/servlet/permisogoce?INS,0,,, HTTP/1.1" 200 6835
190.95.1.129 - - [06/Oct/2022:16:58:15 -0300] "GET /cormun/servlet/permisogoce?INS,0,,, HTTP/1.1" 200 6835
190.95.1.129 - - [06/Oct/2022:16:58:24 -0300] "GET /cormun/servlet/permisogoce?7dcac2cad6e8262f497f026205fb0fe6bb1b7cbb78305ce2a351b3fb4163ddbb9958e7f314a8b47d665f211f2c66417e09d121c9466d621948264d6cafe1cb2d,gx-no-cache=1665085445741 HTTP/1.1" 200 82
190.95.1.129 - - [06/Oct/2022:16:58:31 -0300] "GET /cormun/servlet/permisogoce?7dcac2cad6e8262f497f026205fb0fe6e04cafedc33353217742092816f4580d845b9d5d8a3417d635f891dbfdb585d21a801071966f42a5a05f909c07b2b407,gx-no-cache=1665085452861 HTTP/1.1" 200 47
181.212.43.89 - - [06/Oct/2022:16:58:32 -0300] "POST /cormun/servlet/solicitudot?gx-no-cache=1665085452909 HTTP/1.1" 200 240
181.212.43.89 - - [06/Oct/2022:16:58:34 -0300] "GET /cormun/servlet/solicitudot?235aef1c6a52cc9e0fe4d832dc75de9f9eb8faec006f828d5d94f5fb8879824f42ab1b9ca7b289bd24222d0004dd88a657153c3dc3048118e7a7fbc7e25d6af242c4c8ea27b3157d565020d9fa46560070c9bb06cfb635907978b368aa7455b39202e7ebf685e0151aa33778f4c825dd51ff741c85cbfcb3ab9da6bdaabfefddd6baf05e6e1d3c3fe90d0be5da2066a5cb9d0f8dbd063e64a581c5223833c137e2926335d1f0939d7355d2568d1bca39dab9585ee0b5b985c6ac0c0eeb479811b5a0d654dcb813bc22ff26182b73c1dca85f6a678520f31bc3682f16b822b04a1daa5654cc16d2752f2ca25f0973cfb12272f1772be43f610023e41f2b85bca2b105cc9b8a958c775fd46924eb5593f34b1a505bebcd9cc645d2c1820d50e633c9c1b8ebf804ad15f6220ce4e9d8cfed1bff9e921cefe2ab9b3c5d6bdb093a0d0f40c9db7f3a118256ac90d8c810085a1807f728e61d7b7fb708986dceeeaf8f4ac06bb354b3434b1b5e95904010108adea6e434429bc137c185283b635d1d60,gx-no-cache=1665085454815 HTTP/1.1" 200 30
190.95.1.129 - - [06/Oct/2022:16:58:34 -0300] "POST /cormun/servlet/permisogoce?01c36b3932b5d8e34e487010db85a74b,INS,0,,,,gx-no-cache=1665085455580 HTTP/1.1" 200 93
190.95.1.129 - - [06/Oct/2022:16:58:34 -0300] "GET /cormun/servlet/hpexe_return? HTTP/1.1" 200 1012
190.95.1.129 - - [06/Oct/2022:16:58:34 -0300] "GET /cormun/servlet/trpermisosgoce HTTP/1.1" 200 18323
190.95.1.129 - - [06/Oct/2022:16:58:35 -0300] "GET /cormun/servlet/trpermisosgoce HTTP/1.1" 200 18337
181.212.43.89 - - [06/Oct/2022:16:58:37 -0300] "POST /cormun/servlet/solicitudot?gx-no-cache=1665085458029 HTTP/1.1" 200 30
181.212.43.89 - - [06/Oct/2022:16:58:38 -0300] "GET /cormun/servlet/prsolicitudot?20024268,,,,,MD,,gxPopupLevel%3D0%3B HTTP/1.1" 200 6105
181.212.43.89 - - [06/Oct/2022:16:58:38 -0300] "GET /cormun/static/gxcfg.js?20201215593468 HTTP/1.1" 200 953
181.212.43.89 - - [06/Oct/2022:16:58:38 -0300] "GET /cormun/static/prsolicitudot.js?20201215593721 HTTP/1.1" 200 13680
190.95.1.129 - - [06/Oct/2022:16:58:39 -0300] "GET /cormun/servlet/permisogoce?INS,0,,, HTTP/1.1" 200 6836
190.95.1.129 - - [06/Oct/2022:16:58:39 -0300] "GET /cormun/servlet/permisogoce?INS,0,,, HTTP/1.1" 200 6836
181.212.43.89 - - [06/Oct/2022:16:58:43 -0300] "POST /cormun/servlet/solicitudot?gx-no-cache=1665085463847 HTTP/1.1" 200 1551
181.212.43.89 - - [06/Oct/2022:16:58:43 -0300] "GET /cormun/static/Shared/jqueryui/images/ui-icons_82798d_256x240.png HTTP/1.1" 404 1089
181.212.43.89 - - [06/Oct/2022:16:58:43 -0300] "GET /cormun/static/Shared/jqueryui/images/ui-bg_highlight-soft_100_c6c2c8_1x100.png HTTP/1.1" 404 1117
181.212.43.89 - - [06/Oct/2022:16:58:43 -0300] "GET /cormun/static/Shared/jqueryui/images/ui-icons_ebccce_256x240.png HTTP/1.1" 404 1089
181.212.43.89 - - [06/Oct/2022:16:58:43 -0300] "GET /cormun/static/Shared/jqueryui/images/ui-bg_flat_55_994d53_40x100.png HTTP/1.1" 404 1097
181.212.43.89 - - [06/Oct/2022:16:58:43 -0300] "POST /cormun/servlet/solicitudot?gx-no-cache=1665085463896 HTTP/1.1" 200 117
181.212.43.89 - - [06/Oct/2022:16:58:43 -0300] "GET /cormun/servlet/solicitudot?235aef1c6a52cc9e0fe4d832dc75de9fb51c10505f8f2dc031d482143c81772bd84bcce9ea36cb670de6c285390a7f9447b2fab8d58a2cf1890d3ecf88d6ecee3560b99c6a13dba9d463bbe9a19d8d63de2ad8a36cd338a00f95da8c48c5c7975b1cf1151f97fd9324654d126024a872,gx-no-cache=1665085463919 HTTP/1.1" 200 110
181.212.43.89 - - [06/Oct/2022:16:58:43 -0300] "POST /cormun/servlet/solicitudot?gx-no-cache=1665085463942 HTTP/1.1" 200 64
181.212.43.89 - - [06/Oct/2022:16:58:43 -0300] "GET /cormun/servlet/solicitudot?235aef1c6a52cc9e0fe4d832dc75de9fe6ca1ba1b7e94e6a2fe2038c4d62d705aa73ed993c248ce5c9c88c550472a7e78d82eeaabf07d664dc15e3b2ea1acd2dfd343e3e8de7695e11f78432739051dbf5046dc7a5968ba9e2c14b97eff83e88086fa162ebd9fcdcda85d41056d75262,gx-no-cache=1665085463968 HTTP/1.1" 200 29
181.212.43.89 - - [06/Oct/2022:16:58:43 -0300] "GET /cormun/servlet/solicitudot?235aef1c6a52cc9e0fe4d832dc75de9f034d4a3fbe9ba6d24682560177cca280b474eea5e62f9a7157cee71daeb3f754,gx-no-cache=1665085463989 HTTP/1.1" 200 30
190.95.1.129 - - [06/Oct/2022:16:58:46 -0300] "GET /cormun/servlet/permisogoce?7dcac2cad6e8262f497f026205fb0fe61e0e8ec39b8dd246c39869894f877d019958e7f314a8b47d665f211f2c66417e09d121c9466d621948264d6cafe1cb2d,gx-no-cache=1665085467931 HTTP/1.1" 200 76
190.171.141.138 - - [06/Oct/2022:16:58:47 -0300] "GET /cormun/servlet/trlicencias HTTP/1.1" 200 6049
190.171.141.138 - - [06/Oct/2022:16:58:48 -0300] "GET /cormun/servlet/hlogin HTTP/1.1" 200 1748
190.171.141.138 - - [06/Oct/2022:16:58:48 -0300] "GET /cormun/servlet/trlicencias HTTP/1.1" 200 6047
190.171.141.138 - - [06/Oct/2022:16:58:50 -0300] "POST /cormun/servlet/hlogin?fe97945b764907974a719d48038ec7ea,gx-no-cache=1665085471531 HTTP/1.1" 200 90
190.171.141.138 - - [06/Oct/2022:16:58:50 -0300] "GET /cormun/servlet/hpexe_link HTTP/1.1" 200 962
190.171.141.138 - - [06/Oct/2022:16:58:50 -0300] "GET /cormun/servlet/trlicencias HTTP/1.1" 200 15305
190.171.141.138 - - [06/Oct/2022:16:58:51 -0300] "GET /cormun/servlet/trlicencias HTTP/1.1" 200 15303
190.95.1.129 - - [06/Oct/2022:16:58:55 -0300] "GET /cormun/servlet/permisogoce?7dcac2cad6e8262f497f026205fb0fe6efec9283d005818915cd46b3f17d4cb2f446f478d709bbfc2c74bd90a5b08d0ba4f2612d1b284247e22ed231763d10d1,gx-no-cache=1665085477017 HTTP/1.1" 200 47
181.212.43.89 - - [06/Oct/2022:16:59:03 -0300] "POST /cormun/servlet/solicitudot?gx-no-cache=1665085484415 HTTP/1.1" 200 1470
181.212.43.89 - - [06/Oct/2022:16:59:06 -0300] "GET /cormun/servlet/prlicenciaspermisos?10287129,L,,MD,,gxPopupLevel%3D0%3B HTTP/1.1" 200 7467
190.95.1.129 - - [06/Oct/2022:16:59:08 -0300] "POST /cormun/servlet/permisogoce?01c36b3932b5d8e34e487010db85a74b,INS,0,,,,gx-no-cache=1665085489328 HTTP/1.1" 200 93
190.95.1.129 - - [06/Oct/2022:16:59:08 -0300] "GET /cormun/servlet/hpexe_return? HTTP/1.1" 200 1012
190.95.1.129 - - [06/Oct/2022:16:59:08 -0300] "GET /cormun/servlet/trpermisosgoce HTTP/1.1" 200 18357
190.95.1.129 - - [06/Oct/2022:16:59:09 -0300] "GET /cormun/servlet/trpermisosgoce HTTP/1.1" 200 18332
181.212.43.89 - - [06/Oct/2022:16:59:10 -0300] "POST /cormun/servlet/solicitudot?gx-no-cache=1665085491431 HTTP/1.1" 200 40
190.95.1.129 - - [06/Oct/2022:16:59:12 -0300] "GET /cormun/servlet/permisogoce?INS,0,,, HTTP/1.1" 200 6835
190.95.1.129 - - [06/Oct/2022:16:59:12 -0300] "GET /cormun/servlet/permisogoce?INS,0,,, HTTP/1.1" 200 6835
190.95.1.129 - - [06/Oct/2022:16:59:19 -0300] "GET /cormun/servlet/permisogoce?7dcac2cad6e8262f497f026205fb0fe6c6e9bf53408942028e6a6039f70381cb9958e7f314a8b47d665f211f2c66417e09d121c9466d621948264d6cafe1cb2d,gx-no-cache=1665085500526 HTTP/1.1" 200 85
181.212.43.89 - - [06/Oct/2022:16:59:22 -0300] "GET /cormun/servlet/solicitudot?235aef1c6a52cc9e0fe4d832dc75de9fb51c10505f8f2dc031d482143c81772bd84bcce9ea36cb670de6c285390a7f9447b2fab8d58a2cf1890d3ecf88d6ecee3560b99c6a13dba9d463bbe9a19d8d63de2ad8a36cd338a00f95da8c48c5c7975b1cf1151f97fd9324654d126024a872,gx-no-cache=1665085502615 HTTP/1.1" 200 110
181.212.43.89 - - [06/Oct/2022:16:59:22 -0300] "POST /cormun/servlet/solicitudot?gx-no-cache=1665085502637 HTTP/1.1" 200 97
190.95.1.129 - - [06/Oct/2022:16:59:26 -0300] "GET /cormun/servlet/permisogoce?7dcac2cad6e8262f497f026205fb0fe60c3575fec8a9b276b4b705bdc315b0ff9a23dc158aad4ed46de2b90742add148a4f2612d1b284247e22ed231763d10d1,gx-no-cache=1665085507489 HTTP/1.1" 200 48
190.95.1.129 - - [06/Oct/2022:16:59:28 -0300] "POST /cormun/servlet/permisogoce?01c36b3932b5d8e34e487010db85a74b,INS,0,,,,gx-no-cache=1665085509653 HTTP/1.1" 200 93
190.95.1.129 - - [06/Oct/2022:16:59:28 -0300] "GET /cormun/servlet/hpexe_return? HTTP/1.1" 200 1012
190.95.1.129 - - [06/Oct/2022:16:59:29 -0300] "GET /cormun/servlet/trpermisosgoce HTTP/1.1" 200 18352
190.95.1.129 - - [06/Oct/2022:16:59:29 -0300] "GET /cormun/servlet/trpermisosgoce HTTP/1.1" 200 18402
181.212.43.89 - - [06/Oct/2022:16:59:30 -0300] "POST /cormun/servlet/solicitudot?gx-no-cache=1665085510572 HTTP/1.1" 200 72
190.95.1.129 - - [06/Oct/2022:16:59:31 -0300] "GET /cormun/servlet/permisogoce?INS,0,,, HTTP/1.1" 200 6835
190.95.1.129 - - [06/Oct/2022:16:59:32 -0300] "GET /cormun/servlet/permisogoce?INS,0,,, HTTP/1.1" 200 6835
181.212.43.89 - - [06/Oct/2022:16:59:37 -0300] "POST /cormun/servlet/solicitudot?gx-no-cache=1665085517523 HTTP/1.1" 200 32
190.95.1.129 - - [06/Oct/2022:16:59:38 -0300] "GET /cormun/servlet/permisogoce?7dcac2cad6e8262f497f026205fb0fe60cff861a68abe805a67c2e544a575e859958e7f314a8b47d665f211f2c66417e09d121c9466d621948264d6cafe1cb2d,gx-no-cache=1665085520206 HTTP/1.1" 200 88
181.212.43.89 - - [06/Oct/2022:16:59:39 -0300] "POST /cormun/servlet/solicitudot?0a8ccdeb0fcae638d3d25e7d8d0d9a3d,INS,0,0,false,,gx-no-cache=1665085519849 HTTP/1.1" 200 93
181.212.43.89 - - [06/Oct/2022:16:59:39 -0300] "GET /cormun/servlet/hpexe_return? HTTP/1.1" 200 1012
181.212.43.89 - - [06/Oct/2022:16:59:39 -0300] "GET /cormun/servlet/trsolicitudot HTTP/1.1" 200 9004
181.212.43.89 - - [06/Oct/2022:16:59:40 -0300] "GET /cormun/servlet/trsolicitudot HTTP/1.1" 200 8998
181.212.43.89 - - [06/Oct/2022:16:59:42 -0300] "POST /cormun/servlet/trsolicitudot?0a8ccdeb0fcae638d3d25e7d8d0d9a3d,gx-no-cache=1665085522957 HTTP/1.1" 200 111
181.212.43.89 - - [06/Oct/2022:16:59:42 -0300] "GET /cormun/servlet/solicitudot?UPD,2022,19230,false, HTTP/1.1" 200 16336
181.212.43.89 - - [06/Oct/2022:16:59:42 -0300] "GET /cormun/servlet/solicitudot?UPD,2022,19230,false, HTTP/1.1" 200 16346
181.212.43.89 - - [06/Oct/2022:16:59:43 -0300] "POST /cormun/servlet/solicitudot?gx-no-cache=1665085523862 HTTP/1.1" 200 3971
181.212.43.89 - - [06/Oct/2022:16:59:43 -0300] "POST /cormun/servlet/solicitudot?0a8ccdeb0fcae638d3d25e7d8d0d9a3d,UPD,2022,19230,false,,gx-no-cache=1665085523972 HTTP/1.1" 200 12602
181.212.43.89 - - [06/Oct/2022:16:59:43 -0300] "GET /cormun/servlet/solicitudot?235aef1c6a52cc9e0fe4d832dc75de9f7c91f0e0e6e90171ecd3da56cb3adfe4099ea398609c19adba7acfa547870ce6,gx-no-cache=1665085524131 HTTP/1.1" 200 30
181.212.43.89 - - [06/Oct/2022:16:59:43 -0300] "GET /cormun/servlet/solicitudot?235aef1c6a52cc9e0fe4d832dc75de9f79475a00ce1c411b495493494516f2912ae4bbc4c451720d15e8635bed52d34339ee5b9cff7fcc35987862b51b19701a,gx-no-cache=1665085524152 HTTP/1.1" 200 30
181.212.43.89 - - [06/Oct/2022:16:59:43 -0300] "GET /cormun/servlet/solicitudot?235aef1c6a52cc9e0fe4d832dc75de9fff844b7643280dcc924308bfbc463ccd99c70b0ac3f49e75d79a8c53a532546d7f45e6e9e45a15c693c6d1a025ee4513,gx-no-cache=1665085524171 HTTP/1.1" 200 51
181.212.43.89 - - [06/Oct/2022:16:59:43 -0300] "POST /cormun/servlet/solicitudot?gx-no-cache=1665085524192 HTTP/1.1" 200 239
181.212.43.89 - - [06/Oct/2022:16:59:43 -0300] "GET /cormun/servlet/solicitudot?235aef1c6a52cc9e0fe4d832dc75de9f9eb8faec006f828d5d94f5fb8879824f42ab1b9ca7b289bd24222d0004dd88a657153c3dc3048118e7a7fbc7e25d6af242c4c8ea27b3157d565020d9fa46560070c9bb06cfb635907978b368aa7455b39202e7ebf685e0151aa33778f4c825dd51ff741c85cbfcb3ab9da6bdaabfefddd6baf05e6e1d3c3fe90d0be5da2066a5cb9d0f8dbd063e64a581c5223833c137e2926335d1f0939d7355d2568d1bca39dab9585ee0b5b985c6ac0c0eeb479811b5a0d654dcb813bc22ff26182b73c1dca85f6a678520f31bc3682f16b822b04a1daa5654cc16d2752f2ca25f0973cfb12272f1772be43f610023e41f2b85bca2b105cc9b8a958c775fd46924eb5593f34b1a505bebcd9cc645d2c1820d50e633c9c1b8ebf804ad15f6220ce4e9d8cfed1bff9e921cefe2ab9b3c5d6bdb093a0d0f40c9db7f3a118256ac90d8c810085a1807f728e61d7b7fb708986dceeeaf8f4ac06bb354b3434b1b5e95904010108af16587783965dfd10dc809b81879a1c9,gx-no-cache=1665085524214 HTTP/1.1" 200 30
181.212.43.89 - - [06/Oct/2022:16:59:43 -0300] "POST /cormun/servlet/solicitudot?gx-no-cache=1665085524234 HTTP/1.1" 200 30
181.212.43.89 - - [06/Oct/2022:16:59:43 -0300] "POST /cormun/servlet/solicitudot?gx-no-cache=1665085524255 HTTP/1.1" 200 1470
181.212.43.89 - - [06/Oct/2022:16:59:43 -0300] "POST /cormun/servlet/solicitudot?gx-no-cache=1665085524336 HTTP/1.1" 200 40
181.212.43.89 - - [06/Oct/2022:16:59:44 -0300] "GET /cormun/servlet/solicitudot?235aef1c6a52cc9e0fe4d832dc75de9fb51c10505f8f2dc031d482143c81772bd84bcce9ea36cb670de6c285390a7f9447b2fab8d58a2cf1890d3ecf88d6ecee3560b99c6a13dba9d463bbe9a19d8d63de2ad8a36cd338a00f95da8c48c5c7975b1cf1151f97fd9324654d126024a872,gx-no-cache=1665085525205 HTTP/1.1" 200 110
181.212.43.89 - - [06/Oct/2022:16:59:44 -0300] "POST /cormun/servlet/solicitudot?gx-no-cache=1665085525230 HTTP/1.1" 200 97
181.212.43.89 - - [06/Oct/2022:16:59:45 -0300] "GET /cormun/servlet/solicitudot?235aef1c6a52cc9e0fe4d832dc75de9f2f1bb8117236986fc8624f855f64584eaa5c8fd05a8d2517431e936d8796c2da5f7afa3dd6bf0b56afddb9a5fe73daf4ab24d5c848db00352a53bed8976a73fa59b103c196dc5fc2821a3d18b30974205b6ed94cc66c7830439c8d15f1ab63dcd172af2bd7978ccf87bf46311492f8f5ea51704089977707127419f9f7e18efd506379db1fa64cff8ac99af56d44b23131b47d4a35674ae7383c3c41983afa12653896a25dafde1f15256b67d6d0eb72e187c946b023d856b61e19a35768f96c,gx-no-cache=1665085526072 HTTP/1.1" 200 30
181.212.43.89 - - [06/Oct/2022:16:59:56 -0300] "GET /cormun/servlet/solicitudot?235aef1c6a52cc9e0fe4d832dc75de9f034d4a3fbe9ba6d24682560177cca280bf615bdf3cf6b48a148521767a67d95a,gx-no-cache=1665085537180 HTTP/1.1" 200 30
181.212.43.89 - - [06/Oct/2022:16:59:56 -0300] "POST /cormun/servlet/solicitudot?gx-no-cache=1665085537210 HTTP/1.1" 200 32
181.212.43.89 - - [06/Oct/2022:16:59:56 -0300] "POST /cormun/servlet/solicitudot?0a8ccdeb0fcae638d3d25e7d8d0d9a3d,UPD,2022,19230,false,,gx-no-cache=1665085537266 HTTP/1.1" 200 93
181.212.43.89 - - [06/Oct/2022:16:59:57 -0300] "GET /cormun/servlet/hpexe_return? HTTP/1.1" 200 1018
181.212.43.89 - - [06/Oct/2022:16:59:57 -0300] "GET /cormun/servlet/trsolicitudot HTTP/1.1" 200 9016
181.212.43.89 - - [06/Oct/2022:16:59:57 -0300] "GET /cormun/servlet/trsolicitudot HTTP/1.1" 200 9014
190.95.1.129 - - [06/Oct/2022:16:59:57 -0300] "GET /cormun/static/menuarrow.gif HTTP/1.1" 404 1015
181.212.43.89 - - [06/Oct/2022:17:00:25 -0300] "POST /cormun/servlet/trsolicitudot?0a8ccdeb0fcae638d3d25e7d8d0d9a3d,gx-no-cache=1665085566033 HTTP/1.1" 200 5861
181.212.43.89 - - [06/Oct/2022:17:00:25 -0300] "GET /cormun/static/Shared/jqueryui/images/ui-bg_highlight-soft_100_c6c2c8_1x100.png HTTP/1.1" 404 1117
181.212.43.89 - - [06/Oct/2022:17:00:25 -0300] "GET /cormun/static/Shared/jqueryui/images/ui-icons_82798d_256x240.png HTTP/1.1" 404 1089
181.212.43.89 - - [06/Oct/2022:17:00:25 -0300] "GET /cormun/static/Shared/jqueryui/images/ui-icons_8d78a5_256x240.png HTTP/1.1" 404 1089
181.212.43.89 - - [06/Oct/2022:17:00:25 -0300] "GET /cormun/static/Shared/jqueryui/images/ui-bg_flat_55_fafafa_40x100.png HTTP/1.1" 404 1097
181.212.43.89 - - [06/Oct/2022:17:00:26 -0300] "POST /cormun/servlet/trsolicitudot?0a8ccdeb0fcae638d3d25e7d8d0d9a3d,gx-no-cache=1665085566223 HTTP/1.1" 200 5808
181.212.43.89 - - [06/Oct/2022:17:00:27 -0300] "POST /cormun/servlet/trsolicitudot?0a8ccdeb0fcae638d3d25e7d8d0d9a3d,gx-no-cache=1665085567674 HTTP/1.1" 200 4607
181.212.43.89 - - [06/Oct/2022:17:00:27 -0300] "POST /cormun/servlet/trsolicitudot?0a8ccdeb0fcae638d3d25e7d8d0d9a3d,gx-no-cache=1665085567808 HTTP/1.1" 200 4349
181.212.43.89 - - [06/Oct/2022:17:00:35 -0300] "GET /cormun/servlet/trlicencias HTTP/1.1" 200 6038
181.212.43.89 - - [06/Oct/2022:17:00:35 -0300] "GET /cormun/servlet/hlogin HTTP/1.1" 200 1738
181.212.43.89 - - [06/Oct/2022:17:00:35 -0300] "GET /cormun/servlet/trlicencias HTTP/1.1" 200 6036
181.212.43.89 - - [06/Oct/2022:17:00:35 -0300] "GET /cormun/servlet/trlicencias HTTP/1.1" 200 6036
181.212.43.89 - - [06/Oct/2022:17:00:44 -0300] "POST /cormun/servlet/hlogin?f46f6bf3c30453a519f5b4d152288a6f,gx-no-cache=1665085585221 HTTP/1.1" 200 90
181.212.43.89 - - [06/Oct/2022:17:00:44 -0300] "GET /cormun/servlet/hpexe_link HTTP/1.1" 200 952
181.212.43.89 - - [06/Oct/2022:17:00:44 -0300] "GET /cormun/servlet/trlicencias HTTP/1.1" 200 13261
181.212.43.89 - - [06/Oct/2022:17:00:44 -0300] "GET /cormun/servlet/trlicencias HTTP/1.1" 200 13259
190.95.1.129 - - [06/Oct/2022:17:01:55 -0300] "GET /cormun/servlet/permisogoce?7dcac2cad6e8262f497f026205fb0fe6db3e995c05505778f4094f61248b0fc5fa5e46de139a16793adc25f78e4fa1891a801071966f42a5a05f909c07b2b407,gx-no-cache=1665085656796 HTTP/1.1" 200 45
190.95.1.129 - - [06/Oct/2022:17:01:59 -0300] "POST /cormun/servlet/permisogoce?01c36b3932b5d8e34e487010db85a74b,INS,0,,,,gx-no-cache=1665085660739 HTTP/1.1" 200 93
190.95.1.129 - - [06/Oct/2022:17:01:59 -0300] "GET /cormun/servlet/hpexe_return? HTTP/1.1" 200 1012
190.95.1.129 - - [06/Oct/2022:17:02:00 -0300] "GET /cormun/servlet/trpermisosgoce HTTP/1.1" 200 18418
190.95.1.129 - - [06/Oct/2022:17:02:00 -0300] "GET /cormun/servlet/trpermisosgoce HTTP/1.1" 200 18377
190.95.1.129 - - [06/Oct/2022:17:02:06 -0300] "GET /cormun/servlet/permisogoce?INS,0,,, HTTP/1.1" 200 6834
190.95.1.129 - - [06/Oct/2022:17:02:06 -0300] "GET /cormun/servlet/permisogoce?INS,0,,, HTTP/1.1" 200 6835
190.95.1.129 - - [06/Oct/2022:17:02:13 -0300] "GET /cormun/servlet/permisogoce?7dcac2cad6e8262f497f026205fb0fe6d73fa9363b6291a5ab69d1095060b2009958e7f314a8b47d665f211f2c66417e09d121c9466d621948264d6cafe1cb2d,gx-no-cache=1665085674470 HTTP/1.1" 200 80
190.171.143.106 - - [06/Oct/2022:17:02:15 -0300] "GET /cormun/servlet/trlicencias? HTTP/1.1" 200 12296
190.171.143.106 - - [06/Oct/2022:17:02:15 -0300] "GET /cormun/servlet/trlicencias? HTTP/1.1" 200 12293
190.95.1.129 - - [06/Oct/2022:17:02:23 -0300] "GET /cormun/servlet/permisogoce?7dcac2cad6e8262f497f026205fb0fe681f368a47b04927779ccc69b16e47f647a6d04d4c0beb337bf2b6068061497c31a801071966f42a5a05f909c07b2b407,gx-no-cache=1665085684464 HTTP/1.1" 200 47
190.171.143.106 - - [06/Oct/2022:17:02:25 -0300] "GET /cormun/static/menuarrow.gif HTTP/1.1" 404 1015
190.95.1.129 - - [06/Oct/2022:17:02:26 -0300] "POST /cormun/servlet/permisogoce?01c36b3932b5d8e34e487010db85a74b,INS,0,,,,gx-no-cache=1665085687550 HTTP/1.1" 200 93
190.95.1.129 - - [06/Oct/2022:17:02:26 -0300] "GET /cormun/servlet/hpexe_return? HTTP/1.1" 200 1012
190.95.1.129 - - [06/Oct/2022:17:02:26 -0300] "GET /cormun/servlet/trpermisosgoce HTTP/1.1" 200 18411
190.95.1.129 - - [06/Oct/2022:17:02:27 -0300] "GET /cormun/servlet/trpermisosgoce HTTP/1.1" 200 18504
190.171.143.106 - - [06/Oct/2022:17:02:32 -0300] "POST /cormun/servlet/trlicencias?ec7a4781717dfa17eb374eaa468c2414,,gx-no-cache=1665085702973 HTTP/1.1" 200 14502
190.95.1.129 - - [06/Oct/2022:17:02:58 -0300] "GET /cormun/servlet/apermisogoceprn?16255033,P,20221006164005,PU HTTP/1.1" 200 1670
190.95.1.129 - - [06/Oct/2022:17:03:13 -0300] "GET /cormun/servlet/apermisogoceprn?17115457,P,20221006164030,PU HTTP/1.1" 200 1655
181.212.43.89 - - [06/Oct/2022:17:03:16 -0300] "GET /cormun/servlet/trautorizarsolicitud? HTTP/1.1" 200 9121
181.212.43.89 - - [06/Oct/2022:17:03:17 -0300] "GET /cormun/servlet/trautorizarsolicitud? HTTP/1.1" 200 9121
181.212.43.89 - - [06/Oct/2022:17:03:23 -0300] "POST /cormun/servlet/trautorizarsolicitud?f46f6bf3c30453a519f5b4d152288a6f,,gx-no-cache=1665085744102 HTTP/1.1" 200 6050
181.212.43.89 - - [06/Oct/2022:17:03:23 -0300] "GET /cormun/static/Shared/jqueryui/images/ui-bg_highlight-soft_100_c6c2c8_1x100.png HTTP/1.1" 404 1117
181.212.43.89 - - [06/Oct/2022:17:03:23 -0300] "GET /cormun/static/Shared/jqueryui/images/ui-icons_82798d_256x240.png HTTP/1.1" 404 1089
181.212.43.89 - - [06/Oct/2022:17:03:23 -0300] "GET /cormun/static/Shared/jqueryui/images/ui-icons_8d78a5_256x240.png HTTP/1.1" 404 1089
181.212.43.89 - - [06/Oct/2022:17:03:23 -0300] "GET /cormun/static/Shared/jqueryui/images/ui-bg_flat_55_fafafa_40x100.png HTTP/1.1" 404 1097
181.212.43.89 - - [06/Oct/2022:17:03:23 -0300] "POST /cormun/servlet/trautorizarsolicitud?f46f6bf3c30453a519f5b4d152288a6f,,gx-no-cache=1665085744319 HTTP/1.1" 200 5997
181.212.43.89 - - [06/Oct/2022:17:03:24 -0300] "POST /cormun/servlet/trautorizarsolicitud?f46f6bf3c30453a519f5b4d152288a6f,,gx-no-cache=1665085745077 HTTP/1.1" 200 4803
181.212.43.89 - - [06/Oct/2022:17:03:24 -0300] "POST /cormun/servlet/trautorizarsolicitud?f46f6bf3c30453a519f5b4d152288a6f,,gx-no-cache=1665085745229 HTTP/1.1" 200 4539
190.95.1.129 - - [06/Oct/2022:17:03:24 -0300] "GET /cormun/servlet/apermisogoceprn?15807269,P,20221006164054,PU HTTP/1.1" 200 1658
190.95.1.129 - - [06/Oct/2022:17:03:35 -0300] "GET /cormun/servlet/apermisogoceprn?11889079,P,20221006163403,PU HTTP/1.1" 200 1654
