201.186.225.189 - - [05/Oct/2022:11:27:15 -0300] "POST /cormun/servlet/solicitudot?gx-no-cache=1664979177376 HTTP/1.1" 200 1470
201.186.225.189 - - [05/Oct/2022:11:27:15 -0300] "GET /cormun/static/menuarrow.gif HTTP/1.1" 404 1015
190.171.154.42 - - [05/Oct/2022:11:27:23 -0300] "POST /cormun/servlet/trpermisosgoce?43ac2eca34c3b6d6e812db0be7eb38dc,,gx-no-cache=1664979183597 HTTP/1.1" 440 972
190.171.154.42 - - [05/Oct/2022:11:27:26 -0300] "GET /cormun/servlet/trpermisosgoce? HTTP/1.1" 200 6030
190.171.154.42 - - [05/Oct/2022:11:27:28 -0300] "GET /cormun/servlet/trpermisosgoce? HTTP/1.1" 200 6030
190.171.154.42 - - [05/Oct/2022:11:27:28 -0300] "GET /cormun/servlet/trpermisosgoce? HTTP/1.1" 200 6030
190.171.154.42 - - [05/Oct/2022:11:27:28 -0300] "GET /cormun/servlet/hlogin HTTP/1.1" 200 1745
190.171.154.42 - - [05/Oct/2022:11:27:42 -0300] "POST /cormun/servlet/hlogin?1b7ab04a7e2c51a4f5e734f92b960720,gx-no-cache=1664979202066 HTTP/1.1" 200 90
190.171.154.42 - - [05/Oct/2022:11:27:42 -0300] "GET /cormun/servlet/hpexe_link HTTP/1.1" 200 960
201.186.225.189 - - [05/Oct/2022:11:27:42 -0300] "POST /cormun/servlet/solicitudot?gx-no-cache=1664979204381 HTTP/1.1" 200 1470
190.171.154.42 - - [05/Oct/2022:11:27:42 -0300] "GET /cormun/servlet/trpermisosgoce HTTP/1.1" 200 10275
190.171.154.42 - - [05/Oct/2022:11:27:44 -0300] "GET /cormun/servlet/trpermisosgoce HTTP/1.1" 200 10273
201.186.225.189 - - [05/Oct/2022:11:27:50 -0300] "GET /cormun/servlet/prfichaempleado?,MD,,gxPopupLevel%3D0%3B HTTP/1.1" 200 9388
201.186.225.189 - - [05/Oct/2022:11:27:50 -0300] "GET /cormun/static/gxcfg.js?20201215571085 HTTP/1.1" 200 953
201.186.225.189 - - [05/Oct/2022:11:27:50 -0300] "GET /cormun/static/prfichaempleado.js?20201215572193 HTTP/1.1" 200 16006
201.186.225.189 - - [05/Oct/2022:11:28:10 -0300] "POST /cormun/servlet/prfichaempleado?93801d0216948ac5799e5ed59ae9708e,,MD,,gxPopupLevel%3D0%3B,gx-no-cache=1664979232282 HTTP/1.1" 200 3418
201.186.225.189 - - [05/Oct/2022:11:28:16 -0300] "POST /cormun/servlet/solicitudot?gx-no-cache=1664979238926 HTTP/1.1" 200 1470
201.186.225.189 - - [05/Oct/2022:11:28:17 -0300] "POST /cormun/servlet/solicitudot?gx-no-cache=1664979239012 HTTP/1.1" 200 41
190.171.154.42 - - [05/Oct/2022:11:28:21 -0300] "POST /cormun/servlet/trpermisosgoce?1b7ab04a7e2c51a4f5e734f92b960720,gx-no-cache=1664979241478 HTTP/1.1" 200 6370
190.171.154.42 - - [05/Oct/2022:11:28:28 -0300] "GET /cormun/servlet/trpermisosadjuntos?14337438,20221004163307,P, HTTP/1.1" 200 6512
190.171.154.42 - - [05/Oct/2022:11:28:28 -0300] "GET /cormun/static/gxcfg.js?2020121641683 HTTP/1.1" 200 953
190.171.154.42 - - [05/Oct/2022:11:28:28 -0300] "GET /cormun/static/trpermisosadjuntos.js?2020121642996 HTTP/1.1" 200 20158
190.171.154.42 - - [05/Oct/2022:11:28:30 -0300] "GET /cormun/servlet/trpermisosadjuntos?14337438,20221004163307,P, HTTP/1.1" 200 6511
190.171.154.42 - - [05/Oct/2022:11:28:33 -0300] "GET /cormun/servlet/permisosadjuntos?INS,14337438,P,20221004163307,, HTTP/1.1" 200 5843
190.171.154.42 - - [05/Oct/2022:11:28:33 -0300] "GET /cormun/static/gxcfg.js?20201215134212 HTTP/1.1" 200 953
190.171.154.42 - - [05/Oct/2022:11:28:33 -0300] "GET /cormun/static/permisosadjuntos.js?20201215134285 HTTP/1.1" 200 8724
190.171.154.42 - - [05/Oct/2022:11:28:34 -0300] "GET /cormun/static/about:blank HTTP/1.1" 404 1011
190.171.154.42 - - [05/Oct/2022:11:28:34 -0300] "GET /cormun/servlet/permisosadjuntos?INS,14337438,P,20221004163307,, HTTP/1.1" 200 5832
190.171.154.42 - - [05/Oct/2022:11:29:06 -0300] "POST /cormun/servlet/permisosadjuntos?1b7ab04a7e2c51a4f5e734f92b960720,INS,14337438,P,20221004163307,, HTTP/1.1" 200 116
190.171.154.42 - - [05/Oct/2022:11:29:06 -0300] "GET /cormun/servlet/hpexe_return? HTTP/1.1" 200 1040
190.171.154.42 - - [05/Oct/2022:11:29:07 -0300] "GET /cormun/servlet/trpermisosadjuntos?14337438,20221004163307,P, HTTP/1.1" 200 7035
190.171.154.42 - - [05/Oct/2022:11:29:08 -0300] "GET /cormun/servlet/trpermisosadjuntos?14337438,20221004163307,P, HTTP/1.1" 200 7032
190.171.154.42 - - [05/Oct/2022:11:29:12 -0300] "POST /cormun/servlet/trpermisosadjuntos?1b7ab04a7e2c51a4f5e734f92b960720,14337438,20221004163307,P,,gx-no-cache=1664979292652 HTTP/1.1" 200 90
190.171.154.42 - - [05/Oct/2022:11:29:12 -0300] "GET /cormun/servlet/hpexe_link HTTP/1.1" 200 1009
190.171.154.42 - - [05/Oct/2022:11:29:13 -0300] "GET /cormun/servlet/trpermisosgoce?gx-no-cache=1664979241478 HTTP/1.1" 200 9130
190.171.154.42 - - [05/Oct/2022:11:29:15 -0300] "GET /cormun/servlet/trpermisosgoce?gx-no-cache=1664979241478 HTTP/1.1" 200 9149
190.171.154.42 - - [05/Oct/2022:11:29:18 -0300] "POST /cormun/servlet/trpermisosgoce?1b7ab04a7e2c51a4f5e734f92b960720,gx-no-cache=1664979241478,gx-no-cache=1664979298721 HTTP/1.1" 200 6369
190.171.154.42 - - [05/Oct/2022:11:29:26 -0300] "POST /cormun/servlet/trpermisosgoce?1b7ab04a7e2c51a4f5e734f92b960720,gx-no-cache=1664979241478,gx-no-cache=1664979306231 HTTP/1.1" 200 6166
190.171.154.42 - - [05/Oct/2022:11:29:26 -0300] "GET /cormun/static/Shared/jqueryui/images/ui-bg_highlight-soft_100_c6c2c8_1x100.png HTTP/1.1" 404 1117
190.171.154.42 - - [05/Oct/2022:11:29:26 -0300] "GET /cormun/static/Shared/jqueryui/images/ui-icons_82798d_256x240.png HTTP/1.1" 404 1089
190.171.154.42 - - [05/Oct/2022:11:29:26 -0300] "GET /cormun/static/Shared/jqueryui/images/ui-bg_flat_55_fafafa_40x100.png HTTP/1.1" 404 1097
190.171.154.42 - - [05/Oct/2022:11:29:26 -0300] "GET /cormun/static/Shared/jqueryui/images/ui-icons_8d78a5_256x240.png HTTP/1.1" 404 1089
190.171.154.42 - - [05/Oct/2022:11:29:30 -0300] "GET /cormun/servlet/trpermisosadjuntos?12290633,20221004163410,P, HTTP/1.1" 200 6532
190.171.154.42 - - [05/Oct/2022:11:29:32 -0300] "GET /cormun/servlet/trpermisosadjuntos?12290633,20221004163410,P, HTTP/1.1" 200 6510
190.171.154.42 - - [05/Oct/2022:11:29:35 -0300] "GET /cormun/servlet/permisosadjuntos?INS,12290633,P,20221004163410,, HTTP/1.1" 200 5843
190.171.154.42 - - [05/Oct/2022:11:29:36 -0300] "GET /cormun/static/about:blank HTTP/1.1" 404 1011
190.171.154.42 - - [05/Oct/2022:11:29:36 -0300] "GET /cormun/servlet/permisosadjuntos?INS,12290633,P,20221004163410,, HTTP/1.1" 200 5832
201.186.225.189 - - [05/Oct/2022:11:29:43 -0300] "GET /cormun/servlet/solicitudot?386cefb3f49b642a1bfb983af50f25550915cf1dea73d8c9c4e5d596f418e4d2b8657e9f720a9025a5680e06ea542036b2b8cc7a7c64e3fc43c14e2eabb9aabdb015b07ac64346e14ced594ea35e76feda5b3afd67d366fd2c856413a8ce79d6e0101ef50689af5705ce37ca746e20e1,gx-no-cache=1664979325032 HTTP/1.1" 200 110
190.171.154.42 - - [05/Oct/2022:11:29:52 -0300] "POST /cormun/servlet/permisosadjuntos?1b7ab04a7e2c51a4f5e734f92b960720,INS,12290633,P,20221004163410,, HTTP/1.1" 200 116
190.171.154.42 - - [05/Oct/2022:11:29:53 -0300] "GET /cormun/servlet/hpexe_return? HTTP/1.1" 200 1039
190.171.154.42 - - [05/Oct/2022:11:29:53 -0300] "GET /cormun/servlet/trpermisosadjuntos?12290633,20221004163410,P, HTTP/1.1" 200 7033
190.171.154.42 - - [05/Oct/2022:11:29:55 -0300] "GET /cormun/servlet/trpermisosadjuntos?12290633,20221004163410,P, HTTP/1.1" 200 7030
190.171.154.42 - - [05/Oct/2022:11:29:58 -0300] "POST /cormun/servlet/trpermisosadjuntos?1b7ab04a7e2c51a4f5e734f92b960720,12290633,20221004163410,P,,gx-no-cache=1664979338701 HTTP/1.1" 200 90
190.171.154.42 - - [05/Oct/2022:11:29:58 -0300] "GET /cormun/servlet/hpexe_link HTTP/1.1" 200 1008
201.186.225.189 - - [05/Oct/2022:11:29:59 -0300] "POST /cormun/servlet/solicitudot?gx-no-cache=1664979341110 HTTP/1.1" 200 79
190.171.154.42 - - [05/Oct/2022:11:29:59 -0300] "GET /cormun/servlet/trpermisosgoce?gx-no-cache=1664979241478 HTTP/1.1" 200 8905
190.171.154.42 - - [05/Oct/2022:11:30:01 -0300] "GET /cormun/servlet/trpermisosgoce?gx-no-cache=1664979241478 HTTP/1.1" 200 8926
190.171.154.42 - - [05/Oct/2022:11:30:05 -0300] "POST /cormun/servlet/trpermisosgoce?1b7ab04a7e2c51a4f5e734f92b960720,gx-no-cache=1664979241478,gx-no-cache=1664979345394 HTTP/1.1" 200 6139
201.186.225.189 - - [05/Oct/2022:11:30:07 -0300] "GET /cormun/servlet/solicitudot?386cefb3f49b642a1bfb983af50f2555ee47db3139ac68bc3860dfe83d9e6cf7d842707723e7068e36f7b156326ebfa6ec50e5b75d44bed6645da1d0690781d89c2be6acf55981ee7bfef068bc00911e735745ec30086cf26aade4b7d9923fc7b6a0bac9d261aaedf9afc856129664be,gx-no-cache=1664979349359 HTTP/1.1" 200 29
190.171.154.42 - - [05/Oct/2022:11:30:10 -0300] "POST /cormun/servlet/trpermisosgoce?1b7ab04a7e2c51a4f5e734f92b960720,gx-no-cache=1664979241478,gx-no-cache=1664979350615 HTTP/1.1" 200 5931
201.186.225.189 - - [05/Oct/2022:11:30:12 -0300] "GET /cormun/servlet/solicitudot?386cefb3f49b642a1bfb983af50f25554e82bbc815d588a3ae226ead07ee30cfd438ade646512b60e03f1a713262269e,gx-no-cache=1664979354654 HTTP/1.1" 200 30
201.186.225.189 - - [05/Oct/2022:11:30:12 -0300] "POST /cormun/servlet/solicitudot?gx-no-cache=1664979354679 HTTP/1.1" 200 34
201.186.225.189 - - [05/Oct/2022:11:30:13 -0300] "POST /cormun/servlet/solicitudot?93801d0216948ac5799e5ed59ae9708e,INS,0,0,false,,gx-no-cache=1664979354713 HTTP/1.1" 200 93
201.186.225.189 - - [05/Oct/2022:11:30:13 -0300] "GET /cormun/servlet/hpexe_return? HTTP/1.1" 200 1017
201.186.225.189 - - [05/Oct/2022:11:30:13 -0300] "GET /cormun/static/gxcfg.js?201991422392976 HTTP/1.1" 200 953
201.186.225.189 - - [05/Oct/2022:11:30:13 -0300] "GET /cormun/static/hpexe_return.js?201991422392984 HTTP/1.1" 200 1633
201.186.225.189 - - [05/Oct/2022:11:30:13 -0300] "GET /cormun/servlet/trsolicitudot HTTP/1.1" 200 8984
201.186.225.189 - - [05/Oct/2022:11:30:13 -0300] "GET /cormun//static/Resources/PXToolsActionView.png HTTP/1.1" 200 398
201.186.225.189 - - [05/Oct/2022:11:30:13 -0300] "GET /cormun//static/Resources/PXToolsGridUpdate.png HTTP/1.1" 200 470
201.186.225.189 - - [05/Oct/2022:11:30:13 -0300] "GET /cormun//static/Resources/PXToolsRemoveAllAction.png HTTP/1.1" 200 487
201.186.225.189 - - [05/Oct/2022:11:30:13 -0300] "GET /cormun//static/Resources/PXToolsGridDelete.png HTTP/1.1" 200 538
201.186.225.189 - - [05/Oct/2022:11:30:13 -0300] "GET /cormun//static/Resources/PXTools/ActionInsert.png HTTP/1.1" 200 1482
201.186.225.189 - - [05/Oct/2022:11:30:13 -0300] "GET /cormun/servlet/trsolicitudot HTTP/1.1" 200 8978
190.171.154.42 - - [05/Oct/2022:11:30:14 -0300] "GET /cormun/servlet/trpermisosadjuntos?15123859,20221004164139,P, HTTP/1.1" 200 6536
190.171.154.42 - - [05/Oct/2022:11:30:16 -0300] "GET /cormun/servlet/trpermisosadjuntos?15123859,20221004164139,P, HTTP/1.1" 200 6514
190.171.154.42 - - [05/Oct/2022:11:30:18 -0300] "GET /cormun/servlet/permisosadjuntos?INS,15123859,P,20221004164139,, HTTP/1.1" 200 5848
190.171.154.42 - - [05/Oct/2022:11:30:19 -0300] "GET /cormun/static/about:blank HTTP/1.1" 404 1011
190.171.154.42 - - [05/Oct/2022:11:30:20 -0300] "GET /cormun/servlet/permisosadjuntos?INS,15123859,P,20221004164139,, HTTP/1.1" 200 5837
190.171.154.42 - - [05/Oct/2022:11:30:31 -0300] "POST /cormun/servlet/permisosadjuntos?1b7ab04a7e2c51a4f5e734f92b960720,INS,15123859,P,20221004164139,, HTTP/1.1" 200 116
190.171.154.42 - - [05/Oct/2022:11:30:31 -0300] "GET /cormun/servlet/hpexe_return? HTTP/1.1" 200 1040
190.171.154.42 - - [05/Oct/2022:11:30:32 -0300] "GET /cormun/servlet/trpermisosadjuntos?15123859,20221004164139,P, HTTP/1.1" 200 7034
190.171.154.42 - - [05/Oct/2022:11:30:33 -0300] "GET /cormun/servlet/trpermisosadjuntos?15123859,20221004164139,P, HTTP/1.1" 200 7032
190.171.154.42 - - [05/Oct/2022:11:30:35 -0300] "POST /cormun/servlet/trpermisosadjuntos?1b7ab04a7e2c51a4f5e734f92b960720,15123859,20221004164139,P,,gx-no-cache=1664979375693 HTTP/1.1" 200 90
190.171.154.42 - - [05/Oct/2022:11:30:35 -0300] "GET /cormun/servlet/hpexe_link HTTP/1.1" 200 1009
190.171.154.42 - - [05/Oct/2022:11:30:36 -0300] "GET /cormun/servlet/trpermisosgoce?gx-no-cache=1664979241478 HTTP/1.1" 200 8668
190.171.154.42 - - [05/Oct/2022:11:30:38 -0300] "GET /cormun/servlet/trpermisosgoce?gx-no-cache=1664979241478 HTTP/1.1" 200 8689
190.171.154.42 - - [05/Oct/2022:11:30:41 -0300] "POST /cormun/servlet/trpermisosgoce?1b7ab04a7e2c51a4f5e734f92b960720,gx-no-cache=1664979241478,gx-no-cache=1664979381243 HTTP/1.1" 200 5908
201.186.225.189 - - [05/Oct/2022:11:30:46 -0300] "POST /cormun/servlet/trsolicitudot?93801d0216948ac5799e5ed59ae9708e,gx-no-cache=1664979388034 HTTP/1.1" 200 106
201.186.225.189 - - [05/Oct/2022:11:30:46 -0300] "GET /cormun/servlet/trsolicitudadjuntos?2022,19217, HTTP/1.1" 200 6463
201.186.225.189 - - [05/Oct/2022:11:30:46 -0300] "GET /cormun/static/gxcfg.js?20201215574222 HTTP/1.1" 200 953
201.186.225.189 - - [05/Oct/2022:11:30:46 -0300] "GET /cormun/static/Resources/PXToolsGridNew.png HTTP/1.1" 200 427
201.186.225.189 - - [05/Oct/2022:11:30:46 -0300] "GET /cormun/static/trsolicitudadjuntos.js?20201215574932 HTTP/1.1" 200 17922
201.186.225.189 - - [05/Oct/2022:11:30:46 -0300] "GET /cormun/servlet/trsolicitudadjuntos?2022,19217, HTTP/1.1" 200 6462
190.171.154.42 - - [05/Oct/2022:11:30:46 -0300] "POST /cormun/servlet/trpermisosgoce?1b7ab04a7e2c51a4f5e734f92b960720,gx-no-cache=1664979241478,gx-no-cache=1664979386716 HTTP/1.1" 200 5718
190.171.154.42 - - [05/Oct/2022:11:30:50 -0300] "GET /cormun/servlet/trpermisosadjuntos?10993598,20221004164242,P, HTTP/1.1" 200 6534
201.186.225.189 - - [05/Oct/2022:11:30:50 -0300] "GET /cormun/servlet/solicitudotadjuntos?INS,2022,19217,,1, HTTP/1.1" 200 6400
201.186.225.189 - - [05/Oct/2022:11:30:50 -0300] "GET /cormun/static/gxcfg.js?202012157947 HTTP/1.1" 200 953
201.186.225.189 - - [05/Oct/2022:11:30:50 -0300] "GET /cormun/static/about:blank HTTP/1.1" 404 1011
201.186.225.189 - - [05/Oct/2022:11:30:50 -0300] "GET /cormun/static/solicitudotadjuntos.js?202012157966 HTTP/1.1" 200 11771
201.186.225.189 - - [05/Oct/2022:11:30:50 -0300] "GET /cormun/servlet/solicitudotadjuntos?INS,2022,19217,,1, HTTP/1.1" 200 6393
201.186.225.189 - - [05/Oct/2022:11:30:51 -0300] "GET /cormun/servlet/solicitudotadjuntos?386cefb3f49b642a1bfb983af50f25557af754e05c3d46ccab06be823c27c34107ffa8d62b12d4fa6b8ee2427666d37d,gx-no-cache=1664979393281 HTTP/1.1" 200 30
201.186.225.189 - - [05/Oct/2022:11:30:51 -0300] "POST /cormun/servlet/solicitudotadjuntos?93801d0216948ac5799e5ed59ae9708e,INS,2022,19217,,1,,gx-no-cache=1664979393299 HTTP/1.1" 200 4157
190.171.154.42 - - [05/Oct/2022:11:30:51 -0300] "GET /cormun/servlet/trpermisosadjuntos?10993598,20221004164242,P, HTTP/1.1" 200 6512
190.171.154.42 - - [05/Oct/2022:11:30:54 -0300] "GET /cormun/servlet/permisosadjuntos?INS,10993598,P,20221004164242,, HTTP/1.1" 200 5844
201.186.225.189 - - [05/Oct/2022:11:30:54 -0300] "POST /cormun/servlet/solicitudotadjuntos?gx-no-cache=1664979396730 HTTP/1.1" 200 26
190.171.154.42 - - [05/Oct/2022:11:30:55 -0300] "GET /cormun/static/about:blank HTTP/1.1" 404 1011
190.171.154.42 - - [05/Oct/2022:11:30:55 -0300] "GET /cormun/servlet/permisosadjuntos?INS,10993598,P,20221004164242,, HTTP/1.1" 200 5833
190.171.154.42 - - [05/Oct/2022:11:31:07 -0300] "POST /cormun/servlet/permisosadjuntos?1b7ab04a7e2c51a4f5e734f92b960720,INS,10993598,P,20221004164242,, HTTP/1.1" 200 116
201.186.225.189 - - [05/Oct/2022:11:31:07 -0300] "GET /cormun/servlet/solicitudotadjuntos?386cefb3f49b642a1bfb983af50f2555fed2b99a9931aceb32645c3c47315d23,gx-no-cache=1664979409550 HTTP/1.1" 200 30
201.186.225.189 - - [05/Oct/2022:11:31:07 -0300] "GET /cormun/servlet/solicitudotadjuntos?386cefb3f49b642a1bfb983af50f2555fed2b99a9931aceb32645c3c47315d23,gx-no-cache=1664979409571 HTTP/1.1" 200 30
201.186.225.189 - - [05/Oct/2022:11:31:07 -0300] "POST /cormun/servlet/solicitudotadjuntos?93801d0216948ac5799e5ed59ae9708e,INS,2022,19217,,1, HTTP/1.1" 200 116
201.186.225.189 - - [05/Oct/2022:11:31:07 -0300] "GET /cormun/servlet/hpexe_return? HTTP/1.1" 200 1034
190.171.154.42 - - [05/Oct/2022:11:31:07 -0300] "GET /cormun/servlet/hpexe_return? HTTP/1.1" 200 1040
201.186.225.189 - - [05/Oct/2022:11:31:08 -0300] "GET /cormun/servlet/trsolicitudadjuntos?2022,19217, HTTP/1.1" 200 9281
201.186.225.189 - - [05/Oct/2022:11:31:08 -0300] "GET /cormun/servlet/trsolicitudadjuntos?2022,19217, HTTP/1.1" 200 9279
190.171.154.42 - - [05/Oct/2022:11:31:08 -0300] "GET /cormun/servlet/trpermisosadjuntos?10993598,20221004164242,P, HTTP/1.1" 200 7035
190.171.154.42 - - [05/Oct/2022:11:31:09 -0300] "GET /cormun/servlet/trpermisosadjuntos?10993598,20221004164242,P, HTTP/1.1" 200 7032
201.186.225.189 - - [05/Oct/2022:11:31:11 -0300] "GET /cormun/servlet/solicitudotadjuntos?INS,2022,19217,,1, HTTP/1.1" 200 6400
201.186.225.189 - - [05/Oct/2022:11:31:11 -0300] "GET /cormun/static/about:blank HTTP/1.1" 404 1011
201.186.225.189 - - [05/Oct/2022:11:31:11 -0300] "GET /cormun/servlet/solicitudotadjuntos?INS,2022,19217,,1, HTTP/1.1" 200 6393
201.186.225.189 - - [05/Oct/2022:11:31:12 -0300] "GET /cormun/servlet/solicitudotadjuntos?386cefb3f49b642a1bfb983af50f25557af754e05c3d46ccab06be823c27c34107ffa8d62b12d4fa6b8ee2427666d37d,gx-no-cache=1664979414155 HTTP/1.1" 200 30
201.186.225.189 - - [05/Oct/2022:11:31:12 -0300] "POST /cormun/servlet/solicitudotadjuntos?93801d0216948ac5799e5ed59ae9708e,INS,2022,19217,,1,,gx-no-cache=1664979414176 HTTP/1.1" 200 4157
190.171.154.42 - - [05/Oct/2022:11:31:12 -0300] "POST /cormun/servlet/trpermisosadjuntos?1b7ab04a7e2c51a4f5e734f92b960720,10993598,20221004164242,P,,gx-no-cache=1664979412551 HTTP/1.1" 200 90
190.171.154.42 - - [05/Oct/2022:11:31:12 -0300] "GET /cormun/servlet/hpexe_link HTTP/1.1" 200 1009
190.171.154.42 - - [05/Oct/2022:11:31:13 -0300] "GET /cormun/servlet/trpermisosgoce?gx-no-cache=1664979241478 HTTP/1.1" 200 8464
190.171.154.42 - - [05/Oct/2022:11:31:15 -0300] "GET /cormun/servlet/trpermisosgoce?gx-no-cache=1664979241478 HTTP/1.1" 200 8486
201.186.225.189 - - [05/Oct/2022:11:31:15 -0300] "POST /cormun/servlet/solicitudotadjuntos?gx-no-cache=1664979417607 HTTP/1.1" 200 26
190.171.154.42 - - [05/Oct/2022:11:31:17 -0300] "POST /cormun/servlet/trpermisosgoce?1b7ab04a7e2c51a4f5e734f92b960720,gx-no-cache=1664979241478,gx-no-cache=1664979417820 HTTP/1.1" 200 5683
190.171.154.42 - - [05/Oct/2022:11:31:22 -0300] "POST /cormun/servlet/trpermisosgoce?1b7ab04a7e2c51a4f5e734f92b960720,gx-no-cache=1664979241478,gx-no-cache=1664979421986 HTTP/1.1" 200 5445
190.171.154.42 - - [05/Oct/2022:11:31:24 -0300] "GET /cormun/servlet/trpermisosadjuntos?17504371,20221004162708,P, HTTP/1.1" 200 6534
190.171.154.42 - - [05/Oct/2022:11:31:26 -0300] "GET /cormun/servlet/trpermisosadjuntos?17504371,20221004162708,P, HTTP/1.1" 200 6512
190.171.154.42 - - [05/Oct/2022:11:31:28 -0300] "GET /cormun/servlet/permisosadjuntos?INS,17504371,P,20221004162708,, HTTP/1.1" 200 5844
190.171.154.42 - - [05/Oct/2022:11:31:29 -0300] "GET /cormun/static/about:blank HTTP/1.1" 404 1011
190.171.154.42 - - [05/Oct/2022:11:31:30 -0300] "GET /cormun/servlet/permisosadjuntos?INS,17504371,P,20221004162708,, HTTP/1.1" 200 5834
190.171.154.42 - - [05/Oct/2022:11:31:41 -0300] "POST /cormun/servlet/permisosadjuntos?1b7ab04a7e2c51a4f5e734f92b960720,INS,17504371,P,20221004162708,, HTTP/1.1" 200 116
190.171.154.42 - - [05/Oct/2022:11:31:42 -0300] "GET /cormun/servlet/hpexe_return? HTTP/1.1" 200 1039
190.171.154.42 - - [05/Oct/2022:11:31:42 -0300] "GET /cormun/servlet/trpermisosadjuntos?17504371,20221004162708,P, HTTP/1.1" 200 7037
190.171.154.42 - - [05/Oct/2022:11:31:44 -0300] "GET /cormun/servlet/trpermisosadjuntos?17504371,20221004162708,P, HTTP/1.1" 200 7032
190.171.154.42 - - [05/Oct/2022:11:31:46 -0300] "POST /cormun/servlet/trpermisosadjuntos?1b7ab04a7e2c51a4f5e734f92b960720,17504371,20221004162708,P,,gx-no-cache=1664979446657 HTTP/1.1" 200 90
190.171.154.42 - - [05/Oct/2022:11:31:46 -0300] "GET /cormun/servlet/hpexe_link HTTP/1.1" 200 1008
190.171.154.42 - - [05/Oct/2022:11:31:47 -0300] "GET /cormun/servlet/trpermisosgoce?gx-no-cache=1664979241478 HTTP/1.1" 200 8174
190.171.154.42 - - [05/Oct/2022:11:31:49 -0300] "GET /cormun/servlet/trpermisosgoce?gx-no-cache=1664979241478 HTTP/1.1" 200 8213
201.186.225.189 - - [05/Oct/2022:11:31:49 -0300] "GET /cormun/servlet/solicitudotadjuntos?386cefb3f49b642a1bfb983af50f2555fed2b99a9931aceb32645c3c47315d23,gx-no-cache=1664979451407 HTTP/1.1" 200 30
201.186.225.189 - - [05/Oct/2022:11:31:49 -0300] "GET /cormun/servlet/solicitudotadjuntos?386cefb3f49b642a1bfb983af50f2555fed2b99a9931aceb32645c3c47315d23,gx-no-cache=1664979451444 HTTP/1.1" 200 30
201.186.225.189 - - [05/Oct/2022:11:31:49 -0300] "POST /cormun/servlet/solicitudotadjuntos?93801d0216948ac5799e5ed59ae9708e,INS,2022,19217,,1, HTTP/1.1" 200 116
201.186.225.189 - - [05/Oct/2022:11:31:49 -0300] "GET /cormun/servlet/hpexe_return? HTTP/1.1" 200 1034
201.186.225.189 - - [05/Oct/2022:11:31:50 -0300] "GET /cormun/servlet/trsolicitudadjuntos?2022,19217, HTTP/1.1" 200 9515
201.186.225.189 - - [05/Oct/2022:11:31:50 -0300] "GET /cormun/servlet/trsolicitudadjuntos?2022,19217, HTTP/1.1" 200 9515
190.171.154.42 - - [05/Oct/2022:11:31:51 -0300] "POST /cormun/servlet/trpermisosgoce?1b7ab04a7e2c51a4f5e734f92b960720,gx-no-cache=1664979241478,gx-no-cache=1664979451701 HTTP/1.1" 200 5419
201.186.225.189 - - [05/Oct/2022:11:31:54 -0300] "GET /cormun/servlet/solicitudotadjuntos?INS,2022,19217,,1, HTTP/1.1" 200 6399
201.186.225.189 - - [05/Oct/2022:11:31:54 -0300] "GET /cormun/static/about:blank HTTP/1.1" 404 1011
201.186.225.189 - - [05/Oct/2022:11:31:54 -0300] "GET /cormun/servlet/solicitudotadjuntos?INS,2022,19217,,1, HTTP/1.1" 200 6392
201.186.225.189 - - [05/Oct/2022:11:31:54 -0300] "GET /cormun/servlet/solicitudotadjuntos?386cefb3f49b642a1bfb983af50f25557af754e05c3d46ccab06be823c27c34107ffa8d62b12d4fa6b8ee2427666d37d,gx-no-cache=1664979456797 HTTP/1.1" 200 30
201.186.225.189 - - [05/Oct/2022:11:31:54 -0300] "POST /cormun/servlet/solicitudotadjuntos?93801d0216948ac5799e5ed59ae9708e,INS,2022,19217,,1,,gx-no-cache=1664979456818 HTTP/1.1" 200 4156
190.171.154.42 - - [05/Oct/2022:11:31:56 -0300] "POST /cormun/servlet/trpermisosgoce?1b7ab04a7e2c51a4f5e734f92b960720,gx-no-cache=1664979241478,gx-no-cache=1664979456057 HTTP/1.1" 200 5163
201.186.225.189 - - [05/Oct/2022:11:31:58 -0300] "POST /cormun/servlet/solicitudotadjuntos?gx-no-cache=1664979460038 HTTP/1.1" 200 26
190.171.154.42 - - [05/Oct/2022:11:31:58 -0300] "GET /cormun/servlet/trpermisosadjuntos?18042337,20221004162429,P, HTTP/1.1" 200 6536
190.171.154.42 - - [05/Oct/2022:11:32:00 -0300] "GET /cormun/servlet/trpermisosadjuntos?18042337,20221004162429,P, HTTP/1.1" 200 6514
190.171.154.42 - - [05/Oct/2022:11:32:03 -0300] "GET /cormun/servlet/permisosadjuntos?INS,18042337,P,20221004162429,, HTTP/1.1" 200 5846
190.171.154.42 - - [05/Oct/2022:11:32:04 -0300] "GET /cormun/static/about:blank HTTP/1.1" 404 1011
190.171.154.42 - - [05/Oct/2022:11:32:05 -0300] "GET /cormun/servlet/permisosadjuntos?INS,18042337,P,20221004162429,, HTTP/1.1" 200 5836
201.186.225.189 - - [05/Oct/2022:11:32:05 -0300] "GET /cormun/servlet/solicitudotadjuntos?386cefb3f49b642a1bfb983af50f2555fed2b99a9931aceb32645c3c47315d23,gx-no-cache=1664979467671 HTTP/1.1" 200 30
201.186.225.189 - - [05/Oct/2022:11:32:05 -0300] "GET /cormun/servlet/solicitudotadjuntos?386cefb3f49b642a1bfb983af50f2555fed2b99a9931aceb32645c3c47315d23,gx-no-cache=1664979467688 HTTP/1.1" 200 30
201.186.225.189 - - [05/Oct/2022:11:32:05 -0300] "POST /cormun/servlet/solicitudotadjuntos?93801d0216948ac5799e5ed59ae9708e,INS,2022,19217,,1, HTTP/1.1" 200 116
201.186.225.189 - - [05/Oct/2022:11:32:05 -0300] "GET /cormun/servlet/hpexe_return? HTTP/1.1" 200 1034
201.186.225.189 - - [05/Oct/2022:11:32:06 -0300] "GET /cormun/servlet/trsolicitudadjuntos?2022,19217, HTTP/1.1" 200 9760
201.186.225.189 - - [05/Oct/2022:11:32:06 -0300] "GET /cormun/servlet/trsolicitudadjuntos?2022,19217, HTTP/1.1" 200 9758
201.186.225.189 - - [05/Oct/2022:11:32:10 -0300] "GET /cormun/servlet/solicitudotadjuntos?INS,2022,19217,,1, HTTP/1.1" 200 6399
201.186.225.189 - - [05/Oct/2022:11:32:10 -0300] "GET /cormun/static/about:blank HTTP/1.1" 404 1011
201.186.225.189 - - [05/Oct/2022:11:32:10 -0300] "GET /cormun/servlet/solicitudotadjuntos?INS,2022,19217,,1, HTTP/1.1" 200 6392
201.186.225.189 - - [05/Oct/2022:11:32:11 -0300] "GET /cormun/servlet/solicitudotadjuntos?386cefb3f49b642a1bfb983af50f25557af754e05c3d46ccab06be823c27c34107ffa8d62b12d4fa6b8ee2427666d37d,gx-no-cache=1664979473222 HTTP/1.1" 200 30
201.186.225.189 - - [05/Oct/2022:11:32:11 -0300] "POST /cormun/servlet/solicitudotadjuntos?93801d0216948ac5799e5ed59ae9708e,INS,2022,19217,,1,,gx-no-cache=1664979473241 HTTP/1.1" 200 4156
201.186.225.189 - - [05/Oct/2022:11:32:16 -0300] "POST /cormun/servlet/solicitudotadjuntos?gx-no-cache=1664979478337 HTTP/1.1" 200 26
190.171.154.42 - - [05/Oct/2022:11:32:24 -0300] "POST /cormun/servlet/permisosadjuntos?1b7ab04a7e2c51a4f5e734f92b960720,INS,18042337,P,20221004162429,, HTTP/1.1" 200 116
190.171.154.42 - - [05/Oct/2022:11:32:24 -0300] "GET /cormun/servlet/hpexe_return? HTTP/1.1" 200 1040
190.171.154.42 - - [05/Oct/2022:11:32:25 -0300] "GET /cormun/servlet/trpermisosadjuntos?18042337,20221004162429,P, HTTP/1.1" 200 7044
201.186.225.189 - - [05/Oct/2022:11:32:25 -0300] "GET /cormun/servlet/solicitudotadjuntos?386cefb3f49b642a1bfb983af50f2555fed2b99a9931aceb32645c3c47315d23,gx-no-cache=1664979487991 HTTP/1.1" 200 30
201.186.225.189 - - [05/Oct/2022:11:32:25 -0300] "GET /cormun/servlet/solicitudotadjuntos?386cefb3f49b642a1bfb983af50f2555fed2b99a9931aceb32645c3c47315d23,gx-no-cache=1664979488008 HTTP/1.1" 200 30
201.186.225.189 - - [05/Oct/2022:11:32:26 -0300] "POST /cormun/servlet/solicitudotadjuntos?93801d0216948ac5799e5ed59ae9708e,INS,2022,19217,,1, HTTP/1.1" 200 116
201.186.225.189 - - [05/Oct/2022:11:32:26 -0300] "GET /cormun/servlet/hpexe_return? HTTP/1.1" 200 1034
201.186.225.189 - - [05/Oct/2022:11:32:26 -0300] "GET /cormun/servlet/trsolicitudadjuntos?2022,19217, HTTP/1.1" 200 9983
190.171.154.42 - - [05/Oct/2022:11:32:26 -0300] "GET /cormun/servlet/trpermisosadjuntos?18042337,20221004162429,P, HTTP/1.1" 200 7040
201.186.225.189 - - [05/Oct/2022:11:32:26 -0300] "GET /cormun/servlet/trsolicitudadjuntos?2022,19217, HTTP/1.1" 200 9979
186.67.172.234 - - [05/Oct/2022:11:32:28 -0300] "GET /cormun/servlet/hlogin HTTP/1.1" 200 1728
186.67.172.234 - - [05/Oct/2022:11:32:28 -0300] "GET /favicon.ico HTTP/1.1" 200 21630
190.171.154.42 - - [05/Oct/2022:11:32:29 -0300] "POST /cormun/servlet/trpermisosadjuntos?1b7ab04a7e2c51a4f5e734f92b960720,18042337,20221004162429,P,,gx-no-cache=1664979489712 HTTP/1.1" 200 90
190.171.154.42 - - [05/Oct/2022:11:32:29 -0300] "GET /cormun/servlet/hpexe_link HTTP/1.1" 200 1008
201.186.225.189 - - [05/Oct/2022:11:32:30 -0300] "GET /cormun/servlet/solicitudotadjuntos?INS,2022,19217,,1, HTTP/1.1" 200 6400
201.186.225.189 - - [05/Oct/2022:11:32:30 -0300] "GET /cormun/static/about:blank HTTP/1.1" 404 1011
201.186.225.189 - - [05/Oct/2022:11:32:30 -0300] "GET /cormun/servlet/solicitudotadjuntos?INS,2022,19217,,1, HTTP/1.1" 200 6393
190.171.154.42 - - [05/Oct/2022:11:32:30 -0300] "GET /cormun/servlet/trpermisosgoce?gx-no-cache=1664979241478 HTTP/1.1" 200 7891
201.186.225.189 - - [05/Oct/2022:11:32:30 -0300] "GET /cormun/servlet/solicitudotadjuntos?386cefb3f49b642a1bfb983af50f25557af754e05c3d46ccab06be823c27c34107ffa8d62b12d4fa6b8ee2427666d37d,gx-no-cache=1664979492900 HTTP/1.1" 200 30
201.186.225.189 - - [05/Oct/2022:11:32:30 -0300] "POST /cormun/servlet/solicitudotadjuntos?93801d0216948ac5799e5ed59ae9708e,INS,2022,19217,,1,,gx-no-cache=1664979492920 HTTP/1.1" 200 4157
190.171.154.42 - - [05/Oct/2022:11:32:32 -0300] "GET /cormun/servlet/trpermisosgoce?gx-no-cache=1664979241478 HTTP/1.1" 200 7911
201.186.225.189 - - [05/Oct/2022:11:32:34 -0300] "POST /cormun/servlet/solicitudotadjuntos?gx-no-cache=1664979496598 HTTP/1.1" 200 26
190.171.154.42 - - [05/Oct/2022:11:32:35 -0300] "POST /cormun/servlet/trpermisosgoce?1b7ab04a7e2c51a4f5e734f92b960720,gx-no-cache=1664979241478,gx-no-cache=1664979495039 HTTP/1.1" 200 5138
186.67.172.234 - - [05/Oct/2022:11:32:37 -0300] "POST /cormun/servlet/hlogin?b3715ae504b4583019a8fcddb345cc48,gx-no-cache=1664979498808 HTTP/1.1" 200 90
186.67.172.234 - - [05/Oct/2022:11:32:37 -0300] "GET /cormun/servlet/hpexe_link HTTP/1.1" 200 958
186.67.172.234 - - [05/Oct/2022:11:32:37 -0300] "GET /cormun/servlet/hhome HTTP/1.1" 200 4382
190.171.154.42 - - [05/Oct/2022:11:32:37 -0300] "POST /cormun/servlet/trpermisosgoce?1b7ab04a7e2c51a4f5e734f92b960720,gx-no-cache=1664979241478,gx-no-cache=1664979497178 HTTP/1.1" 200 4333
186.67.172.234 - - [05/Oct/2022:11:32:37 -0300] "GET /cormun/servlet/hhome HTTP/1.1" 200 4380
186.67.172.234 - - [05/Oct/2022:11:32:41 -0300] "GET /cormun/servlet/trlicencias? HTTP/1.1" 200 17709
186.67.172.234 - - [05/Oct/2022:11:32:41 -0300] "GET /cormun/servlet/trlicencias? HTTP/1.1" 200 17707
190.171.154.42 - - [05/Oct/2022:11:32:42 -0300] "POST /cormun/servlet/trpermisosgoce?1b7ab04a7e2c51a4f5e734f92b960720,gx-no-cache=1664979241478,gx-no-cache=1664979502353 HTTP/1.1" 200 6326
201.186.225.189 - - [05/Oct/2022:11:32:44 -0300] "GET /cormun/servlet/solicitudotadjuntos?386cefb3f49b642a1bfb983af50f2555fed2b99a9931aceb32645c3c47315d23,gx-no-cache=1664979506487 HTTP/1.1" 200 30
201.186.225.189 - - [05/Oct/2022:11:32:44 -0300] "GET /cormun/servlet/solicitudotadjuntos?386cefb3f49b642a1bfb983af50f2555fed2b99a9931aceb32645c3c47315d23,gx-no-cache=1664979506505 HTTP/1.1" 200 30
201.186.225.189 - - [05/Oct/2022:11:32:44 -0300] "POST /cormun/servlet/solicitudotadjuntos?93801d0216948ac5799e5ed59ae9708e,INS,2022,19217,,1, HTTP/1.1" 200 116
201.186.225.189 - - [05/Oct/2022:11:32:44 -0300] "GET /cormun/servlet/hpexe_return? HTTP/1.1" 200 1034
201.186.225.189 - - [05/Oct/2022:11:32:44 -0300] "GET /cormun/servlet/trsolicitudadjuntos?2022,19217, HTTP/1.1" 200 10257
201.186.225.189 - - [05/Oct/2022:11:32:45 -0300] "GET /cormun/servlet/trsolicitudadjuntos?2022,19217, HTTP/1.1" 200 10254
201.186.225.189 - - [05/Oct/2022:11:32:48 -0300] "GET /cormun/servlet/solicitudotadjuntos?INS,2022,19217,,1, HTTP/1.1" 200 6400
201.186.225.189 - - [05/Oct/2022:11:32:48 -0300] "GET /cormun/static/about:blank HTTP/1.1" 404 1011
201.186.225.189 - - [05/Oct/2022:11:32:48 -0300] "GET /cormun/servlet/solicitudotadjuntos?INS,2022,19217,,1, HTTP/1.1" 200 6393
201.186.225.189 - - [05/Oct/2022:11:32:49 -0300] "GET /cormun/servlet/solicitudotadjuntos?386cefb3f49b642a1bfb983af50f25557af754e05c3d46ccab06be823c27c34107ffa8d62b12d4fa6b8ee2427666d37d,gx-no-cache=1664979511440 HTTP/1.1" 200 30
201.186.225.189 - - [05/Oct/2022:11:32:49 -0300] "POST /cormun/servlet/solicitudotadjuntos?93801d0216948ac5799e5ed59ae9708e,INS,2022,19217,,1,,gx-no-cache=1664979511458 HTTP/1.1" 200 4157
186.11.60.91 - - [05/Oct/2022:11:32:51 -0300] "GET /cormun/servlet/hlogin HTTP/1.1" 200 1731
201.186.225.189 - - [05/Oct/2022:11:32:52 -0300] "POST /cormun/servlet/solicitudotadjuntos?gx-no-cache=1664979514861 HTTP/1.1" 200 26
186.11.60.91 - - [05/Oct/2022:11:32:57 -0300] "GET /cormun/static/Resources/Spanish/PXTools.css?2294816 HTTP/1.1" 200 100853
186.11.60.91 - - [05/Oct/2022:11:32:58 -0300] "GET /cormun/static/gxtimezone.js?85251 HTTP/1.1" 200 5781
186.11.60.91 - - [05/Oct/2022:11:32:58 -0300] "GET /cormun/static/gxcfg.js?201910216285969 HTTP/1.1" 200 953
186.11.60.91 - - [05/Oct/2022:11:32:59 -0300] "GET /cormun/static/messages.spa.js?85251 HTTP/1.1" 200 30736
190.171.154.42 - - [05/Oct/2022:11:32:59 -0300] "POST /cormun/servlet/trpermisosgoce?1b7ab04a7e2c51a4f5e734f92b960720,gx-no-cache=1664979241478,gx-no-cache=1664979519578 HTTP/1.1" 200 6345
186.11.60.91 - - [05/Oct/2022:11:32:59 -0300] "GET /cormun/static/hlogin.js?201910216285995 HTTP/1.1" 200 2136
186.11.60.91 - - [05/Oct/2022:11:32:59 -0300] "GET /cormun/static/gxgral.js?85251 HTTP/1.1" 200 384558
186.11.60.91 - - [05/Oct/2022:11:32:59 -0300] "GET /cormun/static/Resources/Logo2019_Grande.png HTTP/1.1" 200 31733
186.11.60.91 - - [05/Oct/2022:11:33:01 -0300] "GET /cormun/static/Resources/PXToolsLoginBackground.png HTTP/1.1" 200 1164
186.11.60.91 - - [05/Oct/2022:11:33:01 -0300] "GET /cormun/static/Resources/PXToolsLoginTop.png HTTP/1.1" 200 1337
186.11.60.91 - - [05/Oct/2022:11:33:02 -0300] "GET /cormun/static/Resources/PXToolsButtonLeft.png HTTP/1.1" 200 1310
186.11.60.91 - - [05/Oct/2022:11:33:02 -0300] "GET /cormun/static/Resources/PXToolsButtonBackground.png HTTP/1.1" 200 1176
186.11.60.91 - - [05/Oct/2022:11:33:02 -0300] "GET /cormun/static/Resources/PXToolsButtonRight.png HTTP/1.1" 200 1294
186.11.60.91 - - [05/Oct/2022:11:33:02 -0300] "GET /cormun/static/Resources/PXToolsLoginBottom.png HTTP/1.1" 200 1389
186.11.60.91 - - [05/Oct/2022:11:33:03 -0300] "GET /cormun/servlet/hlogin HTTP/1.1" 200 1740
186.11.60.91 - - [05/Oct/2022:11:33:03 -0300] "GET /cormun/static/Resources/indicator.gif HTTP/1.1" 200 1553
201.186.225.189 - - [05/Oct/2022:11:33:06 -0300] "GET /cormun/servlet/solicitudotadjuntos?386cefb3f49b642a1bfb983af50f2555fed2b99a9931aceb32645c3c47315d23,gx-no-cache=1664979528391 HTTP/1.1" 200 30
201.186.225.189 - - [05/Oct/2022:11:33:06 -0300] "GET /cormun/servlet/solicitudotadjuntos?386cefb3f49b642a1bfb983af50f2555fed2b99a9931aceb32645c3c47315d23,gx-no-cache=1664979528408 HTTP/1.1" 200 30
201.186.225.189 - - [05/Oct/2022:11:33:07 -0300] "POST /cormun/servlet/solicitudotadjuntos?93801d0216948ac5799e5ed59ae9708e,INS,2022,19217,,1, HTTP/1.1" 200 116
201.186.225.189 - - [05/Oct/2022:11:33:07 -0300] "GET /cormun/servlet/hpexe_return? HTTP/1.1" 200 1034
201.186.225.189 - - [05/Oct/2022:11:33:07 -0300] "GET /cormun/servlet/trsolicitudadjuntos?2022,19217, HTTP/1.1" 200 10443
186.11.60.91 - - [05/Oct/2022:11:33:08 -0300] "GET /favicon.ico HTTP/1.1" 200 21630
201.186.225.189 - - [05/Oct/2022:11:33:08 -0300] "GET /cormun/servlet/trsolicitudadjuntos?2022,19217, HTTP/1.1" 200 10441
190.171.154.42 - - [05/Oct/2022:11:33:09 -0300] "GET /cormun/servlet/trautorizarpermisogoce? HTTP/1.1" 200 9109
190.171.154.42 - - [05/Oct/2022:11:33:09 -0300] "GET /cormun/static/gxcfg.js?2020121645532 HTTP/1.1" 200 953
190.171.154.42 - - [05/Oct/2022:11:33:10 -0300] "GET /cormun/static/trautorizarpermisogoce.js?2020121651492 HTTP/1.1" 200 34948
190.171.154.42 - - [05/Oct/2022:11:33:11 -0300] "GET /cormun/servlet/trautorizarpermisogoce? HTTP/1.1" 200 9087
201.186.225.189 - - [05/Oct/2022:11:33:12 -0300] "GET /cormun/servlet/solicitudotadjuntos?INS,2022,19217,,1, HTTP/1.1" 200 6400
201.186.225.189 - - [05/Oct/2022:11:33:12 -0300] "GET /cormun/static/about:blank HTTP/1.1" 404 1011
201.186.225.189 - - [05/Oct/2022:11:33:12 -0300] "GET /cormun/servlet/solicitudotadjuntos?INS,2022,19217,,1, HTTP/1.1" 200 6393
201.186.225.189 - - [05/Oct/2022:11:33:13 -0300] "GET /cormun/servlet/solicitudotadjuntos?386cefb3f49b642a1bfb983af50f25557af754e05c3d46ccab06be823c27c34107ffa8d62b12d4fa6b8ee2427666d37d,gx-no-cache=1664979535032 HTTP/1.1" 200 30
201.186.225.189 - - [05/Oct/2022:11:33:13 -0300] "POST /cormun/servlet/solicitudotadjuntos?93801d0216948ac5799e5ed59ae9708e,INS,2022,19217,,1,,gx-no-cache=1664979535050 HTTP/1.1" 200 4157
190.171.154.42 - - [05/Oct/2022:11:33:15 -0300] "POST /cormun/servlet/trautorizarpermisogoce?1b7ab04a7e2c51a4f5e734f92b960720,,gx-no-cache=1664979535459 HTTP/1.1" 200 6262
190.171.154.42 - - [05/Oct/2022:11:33:16 -0300] "POST /cormun/servlet/trautorizarpermisogoce?1b7ab04a7e2c51a4f5e734f92b960720,,gx-no-cache=1664979536742 HTTP/1.1" 200 6024
190.171.154.42 - - [05/Oct/2022:11:33:17 -0300] "POST /cormun/servlet/trautorizarpermisogoce?1b7ab04a7e2c51a4f5e734f92b960720,,gx-no-cache=1664979537776 HTTP/1.1" 200 5798
190.171.154.42 - - [05/Oct/2022:11:33:18 -0300] "POST /cormun/servlet/trautorizarpermisogoce?1b7ab04a7e2c51a4f5e734f92b960720,,gx-no-cache=1664979538702 HTTP/1.1" 200 5569
190.171.154.42 - - [05/Oct/2022:11:33:21 -0300] "POST /cormun/servlet/trautorizarpermisogoce?1b7ab04a7e2c51a4f5e734f92b960720,,gx-no-cache=1664979540993 HTTP/1.1" 200 5312
201.186.225.189 - - [05/Oct/2022:11:33:21 -0300] "GET /cormun/servlet/trautorizarsolicitud? HTTP/1.1" 200 7480
201.186.225.189 - - [05/Oct/2022:11:33:21 -0300] "GET /cormun/static/gxcfg.js?201991422414522 HTTP/1.1" 200 953
201.186.225.189 - - [05/Oct/2022:11:33:21 -0300] "GET /cormun/static/trautorizarsolicitud.js?201991422415463 HTTP/1.1" 200 53910
201.186.225.189 - - [05/Oct/2022:11:33:21 -0300] "GET /cormun/servlet/trautorizarsolicitud? HTTP/1.1" 200 7460
190.171.154.42 - - [05/Oct/2022:11:33:22 -0300] "POST /cormun/servlet/trautorizarpermisogoce?1b7ab04a7e2c51a4f5e734f92b960720,,gx-no-cache=1664979542163 HTTP/1.1" 200 4544
201.186.225.189 - - [05/Oct/2022:11:33:28 -0300] "GET /cormun/servlet/trsolicitudot? HTTP/1.1" 200 8979
201.186.225.189 - - [05/Oct/2022:11:33:28 -0300] "GET /cormun/servlet/trsolicitudot? HTTP/1.1" 200 8978
190.171.154.42 - - [05/Oct/2022:11:33:29 -0300] "POST /cormun/servlet/trautorizarpermisogoce?1b7ab04a7e2c51a4f5e734f92b960720,,gx-no-cache=1664979549884 HTTP/1.1" 200 7606
201.186.225.189 - - [05/Oct/2022:11:33:34 -0300] "POST /cormun/servlet/trsolicitudot?93801d0216948ac5799e5ed59ae9708e,,gx-no-cache=1664979556115 HTTP/1.1" 200 4875
201.186.225.189 - - [05/Oct/2022:11:33:34 -0300] "GET /cormun/static/Shared/jqueryui/images/ui-bg_highlight-soft_100_c6c2c8_1x100.png HTTP/1.1" 404 1117
201.186.225.189 - - [05/Oct/2022:11:33:34 -0300] "GET /cormun/static/Shared/jqueryui/images/ui-icons_82798d_256x240.png HTTP/1.1" 404 1089
201.186.225.189 - - [05/Oct/2022:11:33:34 -0300] "GET /cormun/static/Shared/jqueryui/images/ui-bg_flat_55_fafafa_40x100.png HTTP/1.1" 404 1097
201.186.225.189 - - [05/Oct/2022:11:33:34 -0300] "GET /cormun/static/Shared/jqueryui/images/ui-icons_8d78a5_256x240.png HTTP/1.1" 404 1089
201.186.225.189 - - [05/Oct/2022:11:33:34 -0300] "POST /cormun/servlet/trsolicitudot?93801d0216948ac5799e5ed59ae9708e,,gx-no-cache=1664979556319 HTTP/1.1" 200 4622
201.186.225.189 - - [05/Oct/2022:11:33:37 -0300] "GET /cormun/servlet/trautorizarsolicitud? HTTP/1.1" 200 8867
201.186.225.189 - - [05/Oct/2022:11:33:38 -0300] "GET /cormun/servlet/trautorizarsolicitud? HTTP/1.1" 200 8867
201.186.225.189 - - [05/Oct/2022:11:33:42 -0300] "POST /cormun/servlet/trautorizarsolicitud?93801d0216948ac5799e5ed59ae9708e,,gx-no-cache=1664979564251 HTTP/1.1" 200 4800
201.186.225.189 - - [05/Oct/2022:11:33:42 -0300] "GET /cormun/static/Shared/jqueryui/images/ui-bg_highlight-soft_100_c6c2c8_1x100.png HTTP/1.1" 404 1117
201.186.225.189 - - [05/Oct/2022:11:33:42 -0300] "GET /cormun/static/Shared/jqueryui/images/ui-icons_82798d_256x240.png HTTP/1.1" 404 1089
201.186.225.189 - - [05/Oct/2022:11:33:42 -0300] "GET /cormun/static/Shared/jqueryui/images/ui-bg_flat_55_fafafa_40x100.png HTTP/1.1" 404 1097
201.186.225.189 - - [05/Oct/2022:11:33:42 -0300] "GET /cormun/static/Shared/jqueryui/images/ui-icons_8d78a5_256x240.png HTTP/1.1" 404 1089
201.186.225.189 - - [05/Oct/2022:11:33:42 -0300] "POST /cormun/servlet/trautorizarsolicitud?93801d0216948ac5799e5ed59ae9708e,,gx-no-cache=1664979564435 HTTP/1.1" 200 4550
186.67.172.234 - - [05/Oct/2022:11:34:06 -0300] "GET /cormun/servlet/hhome HTTP/1.1" 200 4382
186.67.172.234 - - [05/Oct/2022:11:34:06 -0300] "GET /cormun/servlet/hhome HTTP/1.1" 200 4380
190.171.154.42 - - [05/Oct/2022:11:34:16 -0300] "GET /cormun/servlet/trlicenciaspermisoslog?10342873,P,20221004000000, HTTP/1.1" 200 6417
190.171.154.42 - - [05/Oct/2022:11:34:17 -0300] "GET /cormun/static/gxcfg.js?201991422452353 HTTP/1.1" 200 953
190.171.154.42 - - [05/Oct/2022:11:34:17 -0300] "GET /cormun/static/trlicenciaspermisoslog.js?201991422452676 HTTP/1.1" 200 20074
190.171.154.42 - - [05/Oct/2022:11:34:18 -0300] "GET /cormun/servlet/trlicenciaspermisoslog?10342873,P,20221004000000, HTTP/1.1" 200 6417
190.171.154.42 - - [05/Oct/2022:11:34:19 -0300] "POST /cormun/servlet/acontrolpreferencessavestate?None,TVALDIVIA,true HTTP/1.1" 200 35
201.186.225.183 - - [05/Oct/2022:11:39:18 -0300] "GET /cormun/servlet/trlicencias? HTTP/1.1" 200 6033
201.186.225.183 - - [05/Oct/2022:11:39:18 -0300] "GET /cormun/servlet/hlogin HTTP/1.1" 200 1736
201.186.225.183 - - [05/Oct/2022:11:39:18 -0300] "GET /cormun/servlet/trlicencias? HTTP/1.1" 200 6033
201.186.225.183 - - [05/Oct/2022:11:39:23 -0300] "POST /cormun/servlet/hlogin?4c09968fadf11e1d817a4355d7f267af,gx-no-cache=1664979906046 HTTP/1.1" 200 90
201.186.225.183 - - [05/Oct/2022:11:39:23 -0300] "GET /cormun/servlet/hpexe_link HTTP/1.1" 200 949
201.186.225.183 - - [05/Oct/2022:11:39:24 -0300] "GET /cormun/servlet/trlicencias HTTP/1.1" 200 15336
201.186.225.183 - - [05/Oct/2022:11:39:24 -0300] "GET /cormun/servlet/trlicencias HTTP/1.1" 200 15334
190.171.144.234 - - [05/Oct/2022:11:42:39 -0300] "GET /cormun/servlet/hlogin HTTP/1.1" 200 1731
190.171.143.106 - - [05/Oct/2022:11:43:41 -0300] "GET /cormun/servlet/trlicencias HTTP/1.1" 200 6041
190.171.143.106 - - [05/Oct/2022:11:43:41 -0300] "GET /cormun/servlet/hlogin HTTP/1.1" 200 1738
190.171.143.106 - - [05/Oct/2022:11:43:41 -0300] "GET /cormun/servlet/trlicencias HTTP/1.1" 200 6040
190.171.143.106 - - [05/Oct/2022:11:43:41 -0300] "GET /cormun/servlet/trlicencias HTTP/1.1" 200 6040
190.171.143.106 - - [05/Oct/2022:11:43:45 -0300] "POST /cormun/servlet/hlogin?0c93bb5082b527b6bed39f3290334666,gx-no-cache=1664980174842 HTTP/1.1" 200 90
190.171.143.106 - - [05/Oct/2022:11:43:45 -0300] "GET /cormun/servlet/hpexe_link HTTP/1.1" 200 955
190.171.143.106 - - [05/Oct/2022:11:43:46 -0300] "GET /cormun/servlet/trlicencias HTTP/1.1" 200 11903
190.171.143.106 - - [05/Oct/2022:11:43:46 -0300] "GET /cormun/servlet/trlicencias HTTP/1.1" 200 11900
190.171.144.234 - - [05/Oct/2022:11:45:09 -0300] "POST /cormun/servlet/hlogin?df0cf92eeebdc0f15ac9f41d9ccc217e,gx-no-cache=1664980249860 HTTP/1.1" 200 90
190.171.144.234 - - [05/Oct/2022:11:45:09 -0300] "GET /cormun/servlet/hpexe_link HTTP/1.1" 200 957
190.171.144.234 - - [05/Oct/2022:11:45:09 -0300] "GET /cormun/servlet/hhome HTTP/1.1" 200 3996
190.171.144.234 - - [05/Oct/2022:11:45:10 -0300] "GET /cormun/servlet/hhome HTTP/1.1" 200 3992
190.171.144.234 - - [05/Oct/2022:11:45:12 -0300] "GET /cormun/servlet/trlicencias? HTTP/1.1" 200 11353
190.171.144.234 - - [05/Oct/2022:11:45:12 -0300] "GET /cormun/servlet/trlicencias? HTTP/1.1" 200 11351
190.171.144.234 - - [05/Oct/2022:11:45:40 -0300] "GET /cormun/servlet/hlogin HTTP/1.1" 200 1747
190.171.141.90 - - [05/Oct/2022:11:47:01 -0300] "POST /cormun/servlet/trsolicitudot?35dd20aadfe970cea2865127ee219dfc,,gx-no-cache=1664980362387 HTTP/1.1" 440 972
179.57.78.9 - - [05/Oct/2022:11:51:17 -0300] "GET /cormun/servlet/hlogin HTTP/1.1" 200 1728
179.57.78.9 - - [05/Oct/2022:11:51:17 -0300] "GET /cormun/servlet/hlogin HTTP/1.1" 200 1738
190.171.142.50 - - [05/Oct/2022:11:51:21 -0300] "GET /cormun/servlet/trlicencias HTTP/1.1" 200 6049
190.171.142.50 - - [05/Oct/2022:11:51:22 -0300] "GET /cormun/servlet/hlogin HTTP/1.1" 200 1744
190.171.142.50 - - [05/Oct/2022:11:51:22 -0300] "GET /cormun/servlet/trlicencias HTTP/1.1" 200 6046
190.171.149.74 - - [05/Oct/2022:11:51:26 -0300] "GET /cormun/servlet/trlicencias? HTTP/1.1" 200 6042
179.57.78.9 - - [05/Oct/2022:11:51:26 -0300] "POST /cormun/servlet/hlogin?28d38b2f97205fcad0b99dcd7b063718,gx-no-cache=1664980619201 HTTP/1.1" 200 90
179.57.78.9 - - [05/Oct/2022:11:51:26 -0300] "GET /cormun/servlet/hpexe_link HTTP/1.1" 200 953
190.171.149.74 - - [05/Oct/2022:11:51:26 -0300] "GET /cormun/servlet/hlogin HTTP/1.1" 200 1743
190.171.149.74 - - [05/Oct/2022:11:51:26 -0300] "GET /cormun/servlet/trlicencias? HTTP/1.1" 200 6042
179.57.78.9 - - [05/Oct/2022:11:51:26 -0300] "GET /cormun/servlet/hhome HTTP/1.1" 200 4339
179.57.78.9 - - [05/Oct/2022:11:51:27 -0300] "GET /cormun/servlet/hhome HTTP/1.1" 200 4335
190.171.142.50 - - [05/Oct/2022:11:51:29 -0300] "POST /cormun/servlet/hlogin?67f95e04a431e681860bf0b6464f41cb,gx-no-cache=1664982900544 HTTP/1.1" 200 90
190.171.142.50 - - [05/Oct/2022:11:51:29 -0300] "GET /cormun/servlet/hpexe_link HTTP/1.1" 200 961
190.171.142.50 - - [05/Oct/2022:11:51:29 -0300] "GET /cormun/servlet/trlicencias HTTP/1.1" 200 10529
190.171.142.50 - - [05/Oct/2022:11:51:30 -0300] "GET /cormun/servlet/trlicencias HTTP/1.1" 200 10527
179.57.78.9 - - [05/Oct/2022:11:51:34 -0300] "GET /cormun/servlet/trpermisosingoce? HTTP/1.1" 200 8159
179.57.78.9 - - [05/Oct/2022:11:51:34 -0300] "GET /cormun/static/gxcfg.js?2020121653066 HTTP/1.1" 200 953
179.57.78.9 - - [05/Oct/2022:11:51:34 -0300] "GET /cormun/static/trpermisosingoce.js?2020121655097 HTTP/1.1" 200 34472
179.57.78.9 - - [05/Oct/2022:11:51:34 -0300] "GET /cormun//static/Resources/PXToolsGridUpdate.png HTTP/1.1" 200 470
179.57.78.9 - - [05/Oct/2022:11:51:34 -0300] "GET /cormun//static/Resources/PXToolsGridDelete.png HTTP/1.1" 200 538
179.57.78.9 - - [05/Oct/2022:11:51:35 -0300] "GET /cormun/servlet/trpermisosingoce? HTTP/1.1" 200 8157
190.171.149.74 - - [05/Oct/2022:11:51:35 -0300] "POST /cormun/servlet/hlogin?93bed3bb882d5d5b340c3a65b1d1247d,gx-no-cache=1664984248075 HTTP/1.1" 200 90
190.171.149.74 - - [05/Oct/2022:11:51:35 -0300] "GET /cormun/servlet/hpexe_link HTTP/1.1" 200 958
190.171.149.74 - - [05/Oct/2022:11:51:35 -0300] "GET /cormun/servlet/trlicencias HTTP/1.1" 200 12996
190.171.149.74 - - [05/Oct/2022:11:51:36 -0300] "GET /cormun/servlet/trlicencias HTTP/1.1" 200 12994
190.171.142.42 - - [05/Oct/2022:11:54:53 -0300] "POST /cormun/servlet/hlogin?d67f7ba3e9cacf82292c9871a3cf5ebf,gx-no-cache=1664980831746 HTTP/1.1" 440 972
190.171.142.42 - - [05/Oct/2022:11:55:00 -0300] "GET /cormun/servlet/hlogin HTTP/1.1" 200 1732
190.171.142.42 - - [05/Oct/2022:11:55:00 -0300] "GET /cormun/servlet/hlogin HTTP/1.1" 200 1732
192.168.10.17 - - [05/Oct/2022:11:56:56 -0300] "GET /cormun/servlet/hlogin HTTP/1.1" 200 1727
192.168.10.17 - - [05/Oct/2022:11:57:02 -0300] "POST /cormun/servlet/hlogin?0794c2a0563a5d41b6372789120b14aa,gx-no-cache=1664980781380 HTTP/1.1" 200 90
192.168.10.17 - - [05/Oct/2022:11:57:02 -0300] "GET /cormun/servlet/hpexe_link HTTP/1.1" 200 954
192.168.10.17 - - [05/Oct/2022:11:57:02 -0300] "GET /cormun/servlet/hhome HTTP/1.1" 200 3790
192.168.10.17 - - [05/Oct/2022:11:57:02 -0300] "GET /cormun/servlet/hhome HTTP/1.1" 200 3787
192.168.10.17 - - [05/Oct/2022:11:57:05 -0300] "GET /cormun/servlet/trsolicitudgral? HTTP/1.1" 200 19829
192.168.10.17 - - [05/Oct/2022:11:57:05 -0300] "GET /cormun/servlet/trsolicitudgral? HTTP/1.1" 200 19826
192.168.10.17 - - [05/Oct/2022:11:57:11 -0300] "GET /cormun/static/menuarrow.gif HTTP/1.1" 404 1015
192.168.10.17 - - [05/Oct/2022:11:57:17 -0300] "POST /cormun/servlet/trsolicitudgral?0794c2a0563a5d41b6372789120b14aa,,gx-no-cache=1664980796448 HTTP/1.1" 200 6677
192.168.10.17 - - [05/Oct/2022:11:57:22 -0300] "GET /cormun/servlet/vesolicitudgral?2022,19111,, HTTP/1.1" 200 8357
192.168.10.17 - - [05/Oct/2022:11:57:22 -0300] "GET /cormun/pexe_scrolldiv.js HTTP/1.1" 404 1009
192.168.10.17 - - [05/Oct/2022:11:57:23 -0300] "GET /cormun/servlet/vesolicitudgral?2022,19111,, HTTP/1.1" 200 8356
190.171.144.234 - - [05/Oct/2022:11:57:54 -0300] "GET /cormun/servlet/hlogin HTTP/1.1" 200 1731
190.171.144.234 - - [05/Oct/2022:11:58:02 -0300] "POST /cormun/servlet/hlogin?df0cf92eeebdc0f15ac9f41d9ccc217e,gx-no-cache=1664981023087 HTTP/1.1" 200 90
190.171.144.234 - - [05/Oct/2022:11:58:02 -0300] "GET /cormun/servlet/hpexe_link HTTP/1.1" 200 961
190.171.144.234 - - [05/Oct/2022:11:58:02 -0300] "GET /cormun/servlet/trlicencias HTTP/1.1" 200 11353
190.171.144.234 - - [05/Oct/2022:11:58:03 -0300] "GET /cormun/servlet/trlicencias HTTP/1.1" 200 11351
190.171.144.234 - - [05/Oct/2022:11:58:05 -0300] "GET /cormun/servlet/trlicencias? HTTP/1.1" 200 11351
190.171.144.234 - - [05/Oct/2022:11:58:06 -0300] "GET /cormun/servlet/trlicencias? HTTP/1.1" 200 11351
40.77.167.39 - - [05/Oct/2022:12:01:04 -0300] "GET /cormun/servlet/hpexe_return HTTP/1.1" 200 974
201.186.225.183 - - [05/Oct/2022:12:02:12 -0300] "GET /cormun/servlet/trpermisosgoce? HTTP/1.1" 200 17600
201.186.225.183 - - [05/Oct/2022:12:02:12 -0300] "GET /cormun/servlet/trpermisosgoce? HTTP/1.1" 200 17601
201.186.225.183 - - [05/Oct/2022:12:02:14 -0300] "GET /cormun/servlet/permisogoce?INS,0,,, HTTP/1.1" 200 6816
201.186.225.183 - - [05/Oct/2022:12:02:14 -0300] "GET /cormun/servlet/permisogoce?INS,0,,, HTTP/1.1" 200 6816
201.186.225.183 - - [05/Oct/2022:12:02:22 -0300] "GET /cormun/servlet/permisogoce?98f8a038cd3cb077c82784ef5a15231c3502296971fa83deb4a08ea0de949f9a8aa82c693a2de6e8d0bd2201521c34e9012ebc244f9e9c1fb4d3a71919555fc3,gx-no-cache=1664981284496 HTTP/1.1" 200 78
201.186.225.183 - - [05/Oct/2022:12:02:24 -0300] "GET /cormun/static/menuarrow.gif HTTP/1.1" 404 1015
201.186.225.183 - - [05/Oct/2022:12:02:29 -0300] "GET /cormun/servlet/permisogoce?98f8a038cd3cb077c82784ef5a15231ce1c85119a349ef5491512c7727fb7ce0bdb354be3b56006cd18ce3bc3b542f59d8e858d3e382fc891a1044031e3a1d76,gx-no-cache=1664981291611 HTTP/1.1" 200 49
201.186.225.183 - - [05/Oct/2022:12:02:30 -0300] "POST /cormun/servlet/permisogoce?4c09968fadf11e1d817a4355d7f267af,INS,0,,,,gx-no-cache=1664981292645 HTTP/1.1" 200 93
201.186.225.183 - - [05/Oct/2022:12:02:30 -0300] "GET /cormun/servlet/hpexe_return? HTTP/1.1" 200 1002
201.186.225.183 - - [05/Oct/2022:12:02:31 -0300] "GET /cormun/servlet/trpermisosgoce HTTP/1.1" 200 17777
201.186.225.183 - - [05/Oct/2022:12:02:31 -0300] "GET /cormun/servlet/trpermisosgoce HTTP/1.1" 200 17772
201.186.225.183 - - [05/Oct/2022:12:02:34 -0300] "GET /cormun/servlet/apermisogoceprn?15123974,P,20221005114453,PU HTTP/1.1" 200 1649
207.46.13.18 - - [05/Oct/2022:12:02:57 -0300] "GET /cormun/servlet/hpexe_link HTTP/1.1" 200 922
190.171.143.106 - - [05/Oct/2022:12:03:13 -0300] "GET /cormun/servlet/trlicencias HTTP/1.1" 200 11903
190.171.143.106 - - [05/Oct/2022:12:03:13 -0300] "GET /cormun/servlet/trlicencias HTTP/1.1" 200 11900
207.46.13.28 - - [05/Oct/2022:12:03:48 -0300] "GET /cormun/servlet/hhome HTTP/1.1" 200 3322
190.171.149.74 - - [05/Oct/2022:12:06:49 -0300] "POST /cormun/servlet/trlicencias?93bed3bb882d5d5b340c3a65b1d1247d,gx-no-cache=1664985161816 HTTP/1.1" 200 10609
190.171.149.74 - - [05/Oct/2022:12:06:50 -0300] "POST /cormun/servlet/trlicencias?93bed3bb882d5d5b340c3a65b1d1247d,gx-no-cache=1664985163438 HTTP/1.1" 200 10609
190.171.149.74 - - [05/Oct/2022:12:07:47 -0300] "POST /cormun/servlet/trlicencias?93bed3bb882d5d5b340c3a65b1d1247d,gx-no-cache=1664985219896 HTTP/1.1" 200 10609
