190.171.143.106 - - [04/Oct/2022:16:30:07 -0300] "GET /cormun/servlet/solicitudotadjuntos?da2dd58fc300178a71e7b275eadba2dd8b422e516a45aa282bea1daf149a896740a1310e4d3d21547e936e7f4dfc613c,gx-no-cache=1664910955803 HTTP/1.1" 200 30
190.171.143.106 - - [04/Oct/2022:16:30:07 -0300] "POST /cormun/servlet/solicitudotadjuntos?50a2b950c9f2b1663e23735d04175f98,INS,2022,19214,,1,,gx-no-cache=1664910955820 HTTP/1.1" 200 3908
190.171.143.106 - - [04/Oct/2022:16:30:09 -0300] "POST /cormun/servlet/solicitudotadjuntos?gx-no-cache=1664910958554 HTTP/1.1" 200 26
190.171.143.106 - - [04/Oct/2022:16:30:13 -0300] "GET /cormun/servlet/solicitudotadjuntos?da2dd58fc300178a71e7b275eadba2dd0750c420eb60ad0bf91c4cc070cf433e,gx-no-cache=1664910962657 HTTP/1.1" 200 30
190.171.143.106 - - [04/Oct/2022:16:30:13 -0300] "GET /cormun/servlet/solicitudotadjuntos?da2dd58fc300178a71e7b275eadba2dd0750c420eb60ad0bf91c4cc070cf433e,gx-no-cache=1664910962669 HTTP/1.1" 200 30
190.171.143.106 - - [04/Oct/2022:16:30:14 -0300] "POST /cormun/servlet/solicitudotadjuntos?50a2b950c9f2b1663e23735d04175f98,INS,2022,19214,,1, HTTP/1.1" 200 116
190.171.143.106 - - [04/Oct/2022:16:30:14 -0300] "GET /cormun/servlet/hpexe_return? HTTP/1.1" 200 1032
190.171.143.106 - - [04/Oct/2022:16:30:14 -0300] "GET /cormun/servlet/trsolicitudadjuntos?2022,19214, HTTP/1.1" 200 9291
190.171.143.106 - - [04/Oct/2022:16:30:14 -0300] "GET /cormun/servlet/trsolicitudadjuntos?2022,19214, HTTP/1.1" 200 9287
190.171.143.106 - - [04/Oct/2022:16:30:17 -0300] "GET /cormun/servlet/solicitudotadjuntos?INS,2022,19214,,1, HTTP/1.1" 200 6031
190.171.143.106 - - [04/Oct/2022:16:30:17 -0300] "GET /cormun/static/about:blank HTTP/1.1" 404 1011
190.171.143.106 - - [04/Oct/2022:16:30:17 -0300] "GET /cormun/servlet/solicitudotadjuntos?INS,2022,19214,,1, HTTP/1.1" 200 6025
190.171.143.106 - - [04/Oct/2022:16:30:18 -0300] "GET /cormun/servlet/solicitudotadjuntos?da2dd58fc300178a71e7b275eadba2dd8b422e516a45aa282bea1daf149a896740a1310e4d3d21547e936e7f4dfc613c,gx-no-cache=1664910966984 HTTP/1.1" 200 30
190.171.143.106 - - [04/Oct/2022:16:30:18 -0300] "POST /cormun/servlet/solicitudotadjuntos?50a2b950c9f2b1663e23735d04175f98,INS,2022,19214,,1,,gx-no-cache=1664910966999 HTTP/1.1" 200 3908
190.171.143.106 - - [04/Oct/2022:16:30:20 -0300] "POST /cormun/servlet/solicitudotadjuntos?gx-no-cache=1664910969505 HTTP/1.1" 200 26
190.171.143.106 - - [04/Oct/2022:16:30:26 -0300] "GET /cormun/servlet/solicitudotadjuntos?da2dd58fc300178a71e7b275eadba2dd0750c420eb60ad0bf91c4cc070cf433e,gx-no-cache=1664910975225 HTTP/1.1" 200 30
190.171.143.106 - - [04/Oct/2022:16:30:26 -0300] "GET /cormun/servlet/solicitudotadjuntos?da2dd58fc300178a71e7b275eadba2dd0750c420eb60ad0bf91c4cc070cf433e,gx-no-cache=1664910975237 HTTP/1.1" 200 30
190.171.143.106 - - [04/Oct/2022:16:30:26 -0300] "POST /cormun/servlet/solicitudotadjuntos?50a2b950c9f2b1663e23735d04175f98,INS,2022,19214,,1, HTTP/1.1" 200 116
190.171.143.106 - - [04/Oct/2022:16:30:26 -0300] "GET /cormun/servlet/hpexe_return? HTTP/1.1" 200 1032
190.171.143.106 - - [04/Oct/2022:16:30:27 -0300] "GET /cormun/servlet/trsolicitudadjuntos?2022,19214, HTTP/1.1" 200 9588
190.171.143.106 - - [04/Oct/2022:16:30:27 -0300] "GET /cormun/servlet/trsolicitudadjuntos?2022,19214, HTTP/1.1" 200 9582
190.171.143.106 - - [04/Oct/2022:16:30:29 -0300] "GET /cormun/servlet/solicitudotadjuntos?INS,2022,19214,,1, HTTP/1.1" 200 6033
190.171.143.106 - - [04/Oct/2022:16:30:29 -0300] "GET /cormun/static/about:blank HTTP/1.1" 404 1011
190.171.143.106 - - [04/Oct/2022:16:30:29 -0300] "GET /cormun/servlet/solicitudotadjuntos?INS,2022,19214,,1, HTTP/1.1" 200 6026
190.171.143.106 - - [04/Oct/2022:16:30:29 -0300] "GET /cormun/servlet/solicitudotadjuntos?da2dd58fc300178a71e7b275eadba2dd8b422e516a45aa282bea1daf149a896740a1310e4d3d21547e936e7f4dfc613c,gx-no-cache=1664910978420 HTTP/1.1" 200 30
190.171.143.106 - - [04/Oct/2022:16:30:29 -0300] "POST /cormun/servlet/solicitudotadjuntos?50a2b950c9f2b1663e23735d04175f98,INS,2022,19214,,1,,gx-no-cache=1664910978434 HTTP/1.1" 200 3910
190.171.143.106 - - [04/Oct/2022:16:30:31 -0300] "POST /cormun/servlet/solicitudotadjuntos?gx-no-cache=1664910980488 HTTP/1.1" 200 26
190.171.143.106 - - [04/Oct/2022:16:30:36 -0300] "GET /cormun/servlet/solicitudotadjuntos?da2dd58fc300178a71e7b275eadba2dd0750c420eb60ad0bf91c4cc070cf433e,gx-no-cache=1664910985625 HTTP/1.1" 200 30
190.171.143.106 - - [04/Oct/2022:16:30:36 -0300] "GET /cormun/servlet/solicitudotadjuntos?da2dd58fc300178a71e7b275eadba2dd0750c420eb60ad0bf91c4cc070cf433e,gx-no-cache=1664910985648 HTTP/1.1" 200 30
190.171.143.106 - - [04/Oct/2022:16:30:37 -0300] "POST /cormun/servlet/solicitudotadjuntos?50a2b950c9f2b1663e23735d04175f98,INS,2022,19214,,1, HTTP/1.1" 200 116
190.171.143.106 - - [04/Oct/2022:16:30:37 -0300] "GET /cormun/servlet/hpexe_return? HTTP/1.1" 200 1032
190.171.143.106 - - [04/Oct/2022:16:30:37 -0300] "GET /cormun/servlet/trsolicitudadjuntos?2022,19214, HTTP/1.1" 200 9846
186.67.172.234 - - [04/Oct/2022:16:30:37 -0300] "GET /cormun/servlet/trlicencias? HTTP/1.1" 200 6048
190.171.143.106 - - [04/Oct/2022:16:30:38 -0300] "GET /cormun/servlet/trsolicitudadjuntos?2022,19214, HTTP/1.1" 200 9843
186.67.172.234 - - [04/Oct/2022:16:30:38 -0300] "GET /cormun/servlet/trlicencias? HTTP/1.1" 200 6048
186.67.172.234 - - [04/Oct/2022:16:30:38 -0300] "GET /cormun/servlet/hlogin HTTP/1.1" 200 1748
190.171.143.106 - - [04/Oct/2022:16:30:39 -0300] "GET /cormun/servlet/solicitudotadjuntos?INS,2022,19214,,1, HTTP/1.1" 200 6033
190.171.143.106 - - [04/Oct/2022:16:30:40 -0300] "GET /cormun/static/about:blank HTTP/1.1" 404 1011
190.171.143.106 - - [04/Oct/2022:16:30:40 -0300] "GET /cormun/servlet/solicitudotadjuntos?INS,2022,19214,,1, HTTP/1.1" 200 6026
190.171.143.106 - - [04/Oct/2022:16:30:40 -0300] "GET /cormun/servlet/solicitudotadjuntos?da2dd58fc300178a71e7b275eadba2dd8b422e516a45aa282bea1daf149a896740a1310e4d3d21547e936e7f4dfc613c,gx-no-cache=1664910989241 HTTP/1.1" 200 30
190.171.143.106 - - [04/Oct/2022:16:30:40 -0300] "POST /cormun/servlet/solicitudotadjuntos?50a2b950c9f2b1663e23735d04175f98,INS,2022,19214,,1,,gx-no-cache=1664910989254 HTTP/1.1" 200 3910
186.67.172.234 - - [04/Oct/2022:16:30:41 -0300] "POST /cormun/servlet/hlogin?995afc277d2ed8dfe9ac77cd75621953,gx-no-cache=1664910983766 HTTP/1.1" 200 90
186.67.172.234 - - [04/Oct/2022:16:30:42 -0300] "GET /cormun/servlet/hpexe_link HTTP/1.1" 200 962
186.67.172.234 - - [04/Oct/2022:16:30:42 -0300] "GET /cormun/servlet/trlicencias HTTP/1.1" 200 17270
190.171.143.106 - - [04/Oct/2022:16:30:42 -0300] "POST /cormun/servlet/solicitudotadjuntos?gx-no-cache=1664910991658 HTTP/1.1" 200 26
186.67.172.234 - - [04/Oct/2022:16:30:42 -0300] "GET /cormun/servlet/trlicencias HTTP/1.1" 200 17268
186.67.172.234 - - [04/Oct/2022:16:30:45 -0300] "GET /cormun/static/menuarrow.gif HTTP/1.1" 404 1015
190.171.143.106 - - [04/Oct/2022:16:30:47 -0300] "GET /cormun/servlet/solicitudotadjuntos?da2dd58fc300178a71e7b275eadba2dd0750c420eb60ad0bf91c4cc070cf433e,gx-no-cache=1664910996249 HTTP/1.1" 200 30
190.171.143.106 - - [04/Oct/2022:16:30:47 -0300] "GET /cormun/servlet/solicitudotadjuntos?da2dd58fc300178a71e7b275eadba2dd0750c420eb60ad0bf91c4cc070cf433e,gx-no-cache=1664910996260 HTTP/1.1" 200 30
190.171.143.106 - - [04/Oct/2022:16:30:47 -0300] "POST /cormun/servlet/solicitudotadjuntos?50a2b950c9f2b1663e23735d04175f98,INS,2022,19214,,1, HTTP/1.1" 200 116
190.171.143.106 - - [04/Oct/2022:16:30:48 -0300] "GET /cormun/servlet/hpexe_return? HTTP/1.1" 200 1032
190.171.143.106 - - [04/Oct/2022:16:30:48 -0300] "GET /cormun/servlet/trsolicitudadjuntos?2022,19214, HTTP/1.1" 200 10026
190.171.143.106 - - [04/Oct/2022:16:30:49 -0300] "GET /cormun/servlet/trsolicitudadjuntos?2022,19214, HTTP/1.1" 200 10025
190.171.143.106 - - [04/Oct/2022:16:30:59 -0300] "GET /cormun/servlet/trsolicitudot? HTTP/1.1" 200 8643
190.171.143.106 - - [04/Oct/2022:16:31:00 -0300] "GET /cormun/servlet/trsolicitudot? HTTP/1.1" 200 8637
186.67.172.234 - - [04/Oct/2022:16:31:03 -0300] "POST /cormun/servlet/trlicencias?995afc277d2ed8dfe9ac77cd75621953,gx-no-cache=1664911004977 HTTP/1.1" 200 5977
190.171.143.106 - - [04/Oct/2022:16:31:08 -0300] "POST /cormun/servlet/trsolicitudot?50a2b950c9f2b1663e23735d04175f98,,gx-no-cache=1664911017245 HTTP/1.1" 200 4604
190.171.143.106 - - [04/Oct/2022:16:31:08 -0300] "GET /cormun/static/Shared/jqueryui/images/ui-bg_highlight-soft_100_c6c2c8_1x100.png HTTP/1.1" 404 1117
190.171.143.106 - - [04/Oct/2022:16:31:08 -0300] "GET /cormun/static/Shared/jqueryui/images/ui-bg_flat_55_fafafa_40x100.png HTTP/1.1" 404 1097
190.171.143.106 - - [04/Oct/2022:16:31:08 -0300] "GET /cormun/static/Shared/jqueryui/images/ui-icons_8d78a5_256x240.png HTTP/1.1" 404 1089
190.171.143.106 - - [04/Oct/2022:16:31:08 -0300] "GET /cormun/static/Shared/jqueryui/images/ui-icons_82798d_256x240.png HTTP/1.1" 404 1089
190.171.143.106 - - [04/Oct/2022:16:31:08 -0300] "POST /cormun/servlet/trsolicitudot?50a2b950c9f2b1663e23735d04175f98,,gx-no-cache=1664911017471 HTTP/1.1" 200 4353
190.171.143.106 - - [04/Oct/2022:16:31:13 -0300] "GET /cormun/servlet/hlogin HTTP/1.1" 200 1730
190.171.143.106 - - [04/Oct/2022:16:31:16 -0300] "POST /cormun/servlet/hlogin?50a2b950c9f2b1663e23735d04175f98,gx-no-cache=1664911024929 HTTP/1.1" 200 90
190.171.143.106 - - [04/Oct/2022:16:31:16 -0300] "GET /cormun/servlet/hpexe_link HTTP/1.1" 200 957
190.171.143.106 - - [04/Oct/2022:16:31:16 -0300] "GET /cormun/servlet/hhome HTTP/1.1" 200 4145
190.171.143.106 - - [04/Oct/2022:16:31:16 -0300] "GET /cormun/servlet/hhome HTTP/1.1" 200 4141
190.171.143.106 - - [04/Oct/2022:16:31:21 -0300] "GET /cormun/servlet/trautorizarsolicitud? HTTP/1.1" 200 8673
190.171.143.106 - - [04/Oct/2022:16:31:22 -0300] "GET /cormun/servlet/trautorizarsolicitud? HTTP/1.1" 200 8668
190.171.143.106 - - [04/Oct/2022:16:31:35 -0300] "POST /cormun/servlet/trautorizarsolicitud?50a2b950c9f2b1663e23735d04175f98,,gx-no-cache=1664911043788 HTTP/1.1" 200 4794
190.171.143.106 - - [04/Oct/2022:16:31:35 -0300] "GET /cormun/static/Shared/jqueryui/images/ui-bg_highlight-soft_100_c6c2c8_1x100.png HTTP/1.1" 404 1117
190.171.143.106 - - [04/Oct/2022:16:31:35 -0300] "GET /cormun/static/Shared/jqueryui/images/ui-icons_82798d_256x240.png HTTP/1.1" 404 1089
190.171.143.106 - - [04/Oct/2022:16:31:35 -0300] "GET /cormun/static/Shared/jqueryui/images/ui-bg_flat_55_fafafa_40x100.png HTTP/1.1" 404 1097
190.171.143.106 - - [04/Oct/2022:16:31:35 -0300] "GET /cormun/static/Shared/jqueryui/images/ui-icons_8d78a5_256x240.png HTTP/1.1" 404 1089
190.171.143.106 - - [04/Oct/2022:16:31:35 -0300] "POST /cormun/servlet/trautorizarsolicitud?50a2b950c9f2b1663e23735d04175f98,,gx-no-cache=1664911043994 HTTP/1.1" 200 4540
190.171.143.106 - - [04/Oct/2022:16:31:44 -0300] "GET /cormun/servlet/trsolicitudot? HTTP/1.1" 200 7356
190.171.143.106 - - [04/Oct/2022:16:31:44 -0300] "GET /cormun/servlet/trsolicitudot? HTTP/1.1" 200 7356
186.67.172.234 - - [04/Oct/2022:16:31:45 -0300] "POST /cormun/servlet/trlicencias?995afc277d2ed8dfe9ac77cd75621953,gx-no-cache=1664911046710 HTTP/1.1" 200 18097
190.171.143.106 - - [04/Oct/2022:16:31:47 -0300] "GET /cormun/servlet/solicitudot?INS,0,0,false, HTTP/1.1" 200 15916
190.171.143.106 - - [04/Oct/2022:16:31:47 -0300] "GET /cormun/servlet/solicitudot?INS,0,0,false, HTTP/1.1" 200 15924
186.67.172.234 - - [04/Oct/2022:16:31:52 -0300] "GET /cormun/servlet/licenciaspermisos?DSP,15534292,L,20220917000000, HTTP/1.1" 200 7531
186.67.172.234 - - [04/Oct/2022:16:31:52 -0300] "GET /cormun/static/gxcfg.js?202012153173 HTTP/1.1" 200 953
186.67.172.234 - - [04/Oct/2022:16:31:52 -0300] "GET /cormun/static/licenciaspermisos.js?2020121532136 HTTP/1.1" 200 38824
186.67.172.234 - - [04/Oct/2022:16:31:52 -0300] "GET /cormun/servlet/licenciaspermisos?DSP,15534292,L,20220917000000, HTTP/1.1" 200 7552
186.67.172.234 - - [04/Oct/2022:16:32:04 -0300] "GET /cormun/servlet/trlicencias HTTP/1.1" 200 20021
186.67.172.234 - - [04/Oct/2022:16:32:05 -0300] "GET /cormun/servlet/trlicencias HTTP/1.1" 200 20019
186.67.172.234 - - [04/Oct/2022:16:32:09 -0300] "GET /cormun/static/menuarrow.gif HTTP/1.1" 404 1015
190.171.141.114 - - [04/Oct/2022:16:33:22 -0300] "GET /cormun/servlet/hlogin HTTP/1.1" 200 1731
186.67.172.234 - - [04/Oct/2022:16:33:22 -0300] "POST /cormun/servlet/trlicencias?995afc277d2ed8dfe9ac77cd75621953,gx-no-cache=1664911144178 HTTP/1.1" 200 6924
186.67.172.234 - - [04/Oct/2022:16:33:31 -0300] "GET /cormun/servlet/licenciaspermisos?DSP,15534292,L,20220408000000, HTTP/1.1" 200 7528
186.67.172.234 - - [04/Oct/2022:16:33:31 -0300] "GET /cormun/servlet/licenciaspermisos?DSP,15534292,L,20220408000000, HTTP/1.1" 200 7547
190.171.141.114 - - [04/Oct/2022:16:33:33 -0300] "POST /cormun/servlet/hlogin?e0cad49361926059d92d5407a08f4dbd,gx-no-cache=1664911153764 HTTP/1.1" 200 90
190.171.141.114 - - [04/Oct/2022:16:33:33 -0300] "GET /cormun/servlet/hpexe_link HTTP/1.1" 200 955
190.171.141.114 - - [04/Oct/2022:16:33:33 -0300] "GET /cormun/servlet/hhome HTTP/1.1" 200 4009
190.171.141.114 - - [04/Oct/2022:16:33:33 -0300] "GET /cormun/servlet/hhome HTTP/1.1" 200 4005
186.67.172.234 - - [04/Oct/2022:16:33:34 -0300] "GET /cormun/servlet/trlicencias HTTP/1.1" 200 9696
186.67.172.234 - - [04/Oct/2022:16:33:34 -0300] "GET /cormun/servlet/trlicencias HTTP/1.1" 200 9696
186.67.172.234 - - [04/Oct/2022:16:33:36 -0300] "GET /cormun/servlet/licenciaspermisos?DSP,15534292,L,20220413000000, HTTP/1.1" 200 7532
186.67.172.234 - - [04/Oct/2022:16:33:36 -0300] "GET /cormun/servlet/licenciaspermisos?DSP,15534292,L,20220413000000, HTTP/1.1" 200 7552
190.171.141.114 - - [04/Oct/2022:16:33:36 -0300] "GET /cormun/servlet/trpermisosgoce? HTTP/1.1" 200 10866
190.171.141.114 - - [04/Oct/2022:16:33:37 -0300] "GET /cormun/servlet/trpermisosgoce? HTTP/1.1" 200 10864
186.67.172.234 - - [04/Oct/2022:16:33:38 -0300] "GET /cormun/servlet/trlicencias HTTP/1.1" 200 9696
186.67.172.234 - - [04/Oct/2022:16:33:38 -0300] "GET /cormun/servlet/trlicencias HTTP/1.1" 200 9696
186.67.172.234 - - [04/Oct/2022:16:33:39 -0300] "GET /cormun/servlet/licenciaspermisos?DSP,15534292,L,20220423000000, HTTP/1.1" 200 7534
186.67.172.234 - - [04/Oct/2022:16:33:40 -0300] "GET /cormun/servlet/licenciaspermisos?DSP,15534292,L,20220423000000, HTTP/1.1" 200 7554
190.171.143.106 - - [04/Oct/2022:16:33:41 -0300] "POST /cormun/servlet/solicitudot?gx-no-cache=1664911170588 HTTP/1.1" 200 4009
190.171.141.114 - - [04/Oct/2022:16:33:42 -0300] "GET /cormun/servlet/permisogoce?INS,0,,, HTTP/1.1" 200 6875
190.171.143.106 - - [04/Oct/2022:16:33:42 -0300] "POST /cormun/servlet/solicitudot?50a2b950c9f2b1663e23735d04175f98,INS,0,0,false,,gx-no-cache=1664911170735 HTTP/1.1" 200 12851
190.171.141.114 - - [04/Oct/2022:16:33:42 -0300] "GET /cormun/servlet/permisogoce?INS,0,,, HTTP/1.1" 200 6875
186.67.172.234 - - [04/Oct/2022:16:33:42 -0300] "GET /cormun/servlet/trlicencias HTTP/1.1" 200 9696
186.67.172.234 - - [04/Oct/2022:16:33:43 -0300] "GET /cormun/servlet/trlicencias HTTP/1.1" 200 9696
186.67.172.234 - - [04/Oct/2022:16:33:44 -0300] "GET /cormun/servlet/licenciaspermisos?DSP,15534292,L,20220510000000, HTTP/1.1" 200 7526
186.67.172.234 - - [04/Oct/2022:16:33:44 -0300] "GET /cormun/servlet/licenciaspermisos?DSP,15534292,L,20220510000000, HTTP/1.1" 200 7546
190.171.143.106 - - [04/Oct/2022:16:33:48 -0300] "GET /cormun/servlet/solicitudot?da2dd58fc300178a71e7b275eadba2dd297e32e750177628f999355349b124a3f6b5fad929ffd3b14319f7607482e1de,gx-no-cache=1664911176930 HTTP/1.1" 200 30
190.171.141.114 - - [04/Oct/2022:16:33:52 -0300] "GET /cormun/servlet/permisogoce?f3556928f2da0c6ad967fae93057c1b1b246ceeffd9656c6ff77dc8233115d207f6b72a8a292d7871efc696568cc855189b5761bec576698cc8451a17fb5b7ce,gx-no-cache=1664911173146 HTTP/1.1" 200 73
190.171.141.114 - - [04/Oct/2022:16:33:52 -0300] "GET /cormun/static/menuarrow.gif HTTP/1.1" 404 1015
186.67.172.234 - - [04/Oct/2022:16:33:54 -0300] "GET /cormun/servlet/trlicencias HTTP/1.1" 200 9696
186.67.172.234 - - [04/Oct/2022:16:33:54 -0300] "GET /cormun/servlet/trlicencias HTTP/1.1" 200 9696
186.67.172.234 - - [04/Oct/2022:16:33:56 -0300] "GET /cormun/servlet/licenciaspermisos?DSP,15534292,L,20220818000000, HTTP/1.1" 200 7530
186.67.172.234 - - [04/Oct/2022:16:33:56 -0300] "GET /cormun/servlet/licenciaspermisos?DSP,15534292,L,20220818000000, HTTP/1.1" 200 7549
190.171.141.114 - - [04/Oct/2022:16:33:57 -0300] "GET /cormun/servlet/permisogoce?f3556928f2da0c6ad967fae93057c1b1b62c2b1c993aefa0c8fc9499e4e495c3eda983d3266ce65fd9c5b3f3b470214fb86622706d0c842ce978f0fbdd0c0d46,gx-no-cache=1664911178115 HTTP/1.1" 200 48
186.67.172.234 - - [04/Oct/2022:16:33:59 -0300] "GET /cormun/servlet/trlicencias HTTP/1.1" 200 9696
186.67.172.234 - - [04/Oct/2022:16:33:59 -0300] "GET /cormun/servlet/trlicencias HTTP/1.1" 200 9696
186.67.172.234 - - [04/Oct/2022:16:34:02 -0300] "GET /cormun/servlet/licenciaspermisos?DSP,15534292,L,20220917000000, HTTP/1.1" 200 7531
186.67.172.234 - - [04/Oct/2022:16:34:02 -0300] "GET /cormun/servlet/licenciaspermisos?DSP,15534292,L,20220917000000, HTTP/1.1" 200 7552
186.67.172.234 - - [04/Oct/2022:16:34:05 -0300] "GET /cormun/servlet/trlicencias HTTP/1.1" 200 9696
186.67.172.234 - - [04/Oct/2022:16:34:05 -0300] "GET /cormun/servlet/trlicencias HTTP/1.1" 200 9696
190.171.143.106 - - [04/Oct/2022:16:34:10 -0300] "GET /cormun/servlet/solicitudot?da2dd58fc300178a71e7b275eadba2ddf0842fb350857c3be6057018ad61db14dd9860f55f862466bbb06e8633f232aa0c9313f311f4f47d945efd5b480ce758,gx-no-cache=1664911198842 HTTP/1.1" 200 30
190.171.143.106 - - [04/Oct/2022:16:34:10 -0300] "GET /cormun/servlet/solicitudot?da2dd58fc300178a71e7b275eadba2dd27ffa3b49a9ac447892b2ed6513edce4,gx-no-cache=1664911198879 HTTP/1.1" 200 53
190.171.141.114 - - [04/Oct/2022:16:34:11 -0300] "POST /cormun/servlet/permisogoce?e0cad49361926059d92d5407a08f4dbd,INS,0,,,,gx-no-cache=1664911191749 HTTP/1.1" 200 93
190.171.141.114 - - [04/Oct/2022:16:34:11 -0300] "GET /cormun/servlet/hpexe_return? HTTP/1.1" 200 1014
190.171.141.114 - - [04/Oct/2022:16:34:11 -0300] "GET /cormun/servlet/trpermisosgoce HTTP/1.1" 200 11133
190.171.141.114 - - [04/Oct/2022:16:34:12 -0300] "GET /cormun/servlet/trpermisosgoce HTTP/1.1" 200 11130
186.67.172.234 - - [04/Oct/2022:16:34:14 -0300] "GET /cormun/static/menuarrow.gif HTTP/1.1" 404 1015
190.171.141.114 - - [04/Oct/2022:16:34:18 -0300] "GET /cormun/servlet/apermisogoceprn?11274732,P,20221004161621,PU HTTP/1.1" 200 1671
186.67.172.234 - - [04/Oct/2022:16:34:33 -0300] "POST /cormun/servlet/trlicencias?995afc277d2ed8dfe9ac77cd75621953,gx-no-cache=1664911215312 HTTP/1.1" 200 17410
190.171.143.106 - - [04/Oct/2022:16:34:42 -0300] "POST /cormun/servlet/solicitudot?gx-no-cache=1664911230721 HTTP/1.1" 200 255
190.171.143.106 - - [04/Oct/2022:16:34:42 -0300] "GET /cormun/servlet/solicitudot?da2dd58fc300178a71e7b275eadba2dd497686b4d8b324700264ddd5effd8a83cd8ab4812a1a5cb9cb87e1b5e09bdd1dbc9f4cb19697725913c0a0b81d14a0195a072fe371febd33516afde6e88f718e967a79ab39c31d0d1f0c84f7242f9405a8fc5377acb16f1a16be906e6c33d1be25f834547427ea726f6d9dcc02a0100cdc7daa3b2b7e7b211a6b4a9ae9a67c8aeb5424bef195c41481f4848e8bc187cea37fe5c7e55376fc391d3943999e52274d6416392291b5d05a7f6ce0aaae69698ec114548d266d2ffc7bb78b5132f1fa89e7e09fb2acf84767a1ff1a528c3eb3b838cfb905abe9f309850bf98feb865312790bbfa8cb053959ff099a2c63a8d92ddc28c756f239fd0674c3df2a4ea66e1f1671d11b66d9a57597c6a0582d9c3a09324dd4071fdb73156aac656c2a9b0d8f12a2121372bddf0ba54c8d67eda7be6451dc9d510134551eb346725cc9eb3ff1739610b44e9a68af12bf3f00ba195a85b9a16bbf2fbfedd4d466781032cde8cf52ce4643dfcdc221a56c1f3b9a2d74,gx-no-cache=1664911230769 HTTP/1.1" 200 30
190.171.143.106 - - [04/Oct/2022:16:34:42 -0300] "POST /cormun/servlet/solicitudot?gx-no-cache=1664911230799 HTTP/1.1" 200 30
190.171.143.106 - - [04/Oct/2022:16:34:42 -0300] "POST /cormun/servlet/solicitudot?gx-no-cache=1664911230838 HTTP/1.1" 200 1468
190.171.143.106 - - [04/Oct/2022:16:34:42 -0300] "POST /cormun/servlet/solicitudot?gx-no-cache=1664911230871 HTTP/1.1" 200 38
190.171.143.106 - - [04/Oct/2022:16:34:42 -0300] "GET /cormun/servlet/solicitudot?da2dd58fc300178a71e7b275eadba2dd2f7290ed670e6de7fb331e678ba884e3b8ac8bc75e45ba104c9ba0584684e454942f992455407f7edcabd45aed0d82605c4d00d58ac7c3bf1ed6dbe47e2174a29dde03608a8e45dc266411af0311f4059a7e963b488ba2a34c888a071b826b42,gx-no-cache=1664911230890 HTTP/1.1" 200 110
190.171.143.106 - - [04/Oct/2022:16:39:44 -0300] "POST /cormun/servlet/solicitudot?gx-no-cache=1664911533345 HTTP/1.1" 200 30
190.171.143.106 - - [04/Oct/2022:16:39:57 -0300] "POST /cormun/servlet/solicitudot?gx-no-cache=1664911545857 HTTP/1.1" 200 30
190.171.143.106 - - [04/Oct/2022:16:40:01 -0300] "POST /cormun/servlet/solicitudot?gx-no-cache=1664911549961 HTTP/1.1" 200 30
190.171.143.106 - - [04/Oct/2022:16:40:07 -0300] "POST /cormun/servlet/solicitudot?gx-no-cache=1664911555673 HTTP/1.1" 200 30
190.171.143.106 - - [04/Oct/2022:16:40:09 -0300] "POST /cormun/servlet/solicitudot?gx-no-cache=1664911557863 HTTP/1.1" 200 1468
190.171.143.106 - - [04/Oct/2022:16:40:09 -0300] "POST /cormun/servlet/solicitudot?gx-no-cache=1664911557909 HTTP/1.1" 200 38
190.171.143.106 - - [04/Oct/2022:16:40:12 -0300] "GET /cormun/servlet/solicitudot?da2dd58fc300178a71e7b275eadba2dd2f7290ed670e6de7fb331e678ba884e3b8ac8bc75e45ba104c9ba0584684e454942f992455407f7edcabd45aed0d82605c4d00d58ac7c3bf1ed6dbe47e2174a29dde03608a8e45dc266411af0311f4059a7e963b488ba2a34c888a071b826b42,gx-no-cache=1664911561342 HTTP/1.1" 200 110
190.171.154.42 - - [04/Oct/2022:16:40:44 -0300] "GET /cormun/servlet/trlicencias? HTTP/1.1" 200 6045
190.171.154.42 - - [04/Oct/2022:16:40:47 -0300] "GET /cormun/servlet/hlogin HTTP/1.1" 200 1746
190.171.154.42 - - [04/Oct/2022:16:40:47 -0300] "GET /cormun/servlet/trlicencias? HTTP/1.1" 200 6045
186.67.172.234 - - [04/Oct/2022:16:40:49 -0300] "GET /cormun/servlet/hlogin HTTP/1.1" 200 1733
186.67.172.234 - - [04/Oct/2022:16:40:52 -0300] "POST /cormun/servlet/hlogin?ccd87e4b7e9d2cb379027e9080aacda2,gx-no-cache=1664911593978 HTTP/1.1" 200 90
186.67.172.234 - - [04/Oct/2022:16:40:52 -0300] "GET /cormun/servlet/hpexe_link HTTP/1.1" 200 958
186.67.172.234 - - [04/Oct/2022:16:40:52 -0300] "GET /cormun/servlet/hhome HTTP/1.1" 200 4386
186.67.172.234 - - [04/Oct/2022:16:40:53 -0300] "GET /cormun/servlet/hhome HTTP/1.1" 200 4382
186.67.172.234 - - [04/Oct/2022:16:40:55 -0300] "GET /cormun/servlet/trlicencias? HTTP/1.1" 200 17652
186.67.172.234 - - [04/Oct/2022:16:40:56 -0300] "GET /cormun/servlet/trlicencias? HTTP/1.1" 200 17649
190.171.154.42 - - [04/Oct/2022:16:40:59 -0300] "POST /cormun/servlet/hlogin?79b554d46a3d3aceb404df7d6820e61b,gx-no-cache=1664911599917 HTTP/1.1" 200 90
190.171.154.42 - - [04/Oct/2022:16:40:59 -0300] "GET /cormun/servlet/hpexe_link HTTP/1.1" 200 959
190.171.154.42 - - [04/Oct/2022:16:40:59 -0300] "GET /cormun/servlet/trlicencias HTTP/1.1" 200 11755
190.171.154.42 - - [04/Oct/2022:16:41:01 -0300] "GET /cormun/servlet/trlicencias HTTP/1.1" 200 11753
190.171.143.106 - - [04/Oct/2022:16:41:29 -0300] "POST /cormun/servlet/solicitudot?gx-no-cache=1664911637725 HTTP/1.1" 200 1468
190.171.143.106 - - [04/Oct/2022:16:41:29 -0300] "POST /cormun/servlet/solicitudot?gx-no-cache=1664911638112 HTTP/1.1" 200 38
190.171.143.106 - - [04/Oct/2022:16:41:29 -0300] "GET /cormun/servlet/solicitudot?da2dd58fc300178a71e7b275eadba2dd2f7290ed670e6de7fb331e678ba884e3b8ac8bc75e45ba104c9ba0584684e454942f992455407f7edcabd45aed0d82605c4d00d58ac7c3bf1ed6dbe47e2174a29dde03608a8e45dc266411af0311f4059a7e963b488ba2a34c888a071b826b42,gx-no-cache=1664911638140 HTTP/1.1" 200 110
190.171.143.106 - - [04/Oct/2022:16:41:29 -0300] "POST /cormun/servlet/solicitudot?gx-no-cache=1664911638170 HTTP/1.1" 200 72
190.171.154.42 - - [04/Oct/2022:16:41:31 -0300] "GET /cormun/servlet/trpermisosgoce? HTTP/1.1" 200 8942
190.171.154.42 - - [04/Oct/2022:16:41:33 -0300] "GET /cormun/servlet/trpermisosgoce? HTTP/1.1" 200 8942
190.171.143.106 - - [04/Oct/2022:16:41:34 -0300] "POST /cormun/servlet/solicitudot?gx-no-cache=1664911643417 HTTP/1.1" 200 62
190.171.154.42 - - [04/Oct/2022:16:41:50 -0300] "GET /cormun/servlet/permisogoce?INS,0,,, HTTP/1.1" 200 7058
190.171.154.42 - - [04/Oct/2022:16:41:50 -0300] "GET /cormun/static/gxcfg.js?20201215124560 HTTP/1.1" 200 953
190.171.154.42 - - [04/Oct/2022:16:41:50 -0300] "GET /cormun/static/permisogoce.js?20201215124939 HTTP/1.1" 200 27919
190.171.154.42 - - [04/Oct/2022:16:41:51 -0300] "GET /cormun/servlet/permisogoce?INS,0,,, HTTP/1.1" 200 7057
190.171.143.106 - - [04/Oct/2022:16:42:08 -0300] "POST /cormun/servlet/solicitudot?gx-no-cache=1664911676961 HTTP/1.1" 200 97
186.103.159.189 - - [04/Oct/2022:16:42:12 -0300] "GET /cormun/servlet/hlogin HTTP/1.1" 200 1746
186.103.159.189 - - [04/Oct/2022:16:42:12 -0300] "GET /cormun/servlet/hlogin HTTP/1.1" 200 1735
190.171.143.106 - - [04/Oct/2022:16:42:16 -0300] "GET /cormun/servlet/solicitudot?da2dd58fc300178a71e7b275eadba2dde9895a3ac40d0063a131c0ef0c312b67099584ae4baf746c7da15394f006bdc61131d55a56b7a3088b22b461c5f536d04e7716cbfffea5b2d26c7a8afe077db4b72d063b6ee9cfc70e1f6c311c633ba43c56161e526293473d61bdd10fdc269d67ee5d276fc535e2d4fa3388540887c885e9048caea8ac377bb810d7c056a8133967832e657365de39351913a4719710,gx-no-cache=1664911684884 HTTP/1.1" 200 29
190.171.143.106 - - [04/Oct/2022:16:42:28 -0300] "GET /cormun/servlet/solicitudot?da2dd58fc300178a71e7b275eadba2dd07be28b5382156cb310183139314a5f1b18f4af04a7a979267c7c19a3ba61eea,gx-no-cache=1664911697216 HTTP/1.1" 200 134
190.171.143.106 - - [04/Oct/2022:16:42:28 -0300] "GET /cormun/static/Shared/jqueryui/images/ui-bg_highlight-soft_100_c6c2c8_1x100.png HTTP/1.1" 404 1117
190.171.143.106 - - [04/Oct/2022:16:42:28 -0300] "GET /cormun/static/Shared/jqueryui/images/ui-icons_82798d_256x240.png HTTP/1.1" 404 1089
190.171.143.106 - - [04/Oct/2022:16:42:28 -0300] "GET /cormun/static/Shared/jqueryui/images/ui-icons_ebccce_256x240.png HTTP/1.1" 404 1089
190.171.143.106 - - [04/Oct/2022:16:42:28 -0300] "GET /cormun/static/Shared/jqueryui/images/ui-bg_flat_55_994d53_40x100.png HTTP/1.1" 404 1097
190.171.143.106 - - [04/Oct/2022:16:42:42 -0300] "GET /cormun/static/menuarrow.gif HTTP/1.1" 404 1015
190.171.143.106 - - [04/Oct/2022:16:42:47 -0300] "GET /cormun/servlet/solicitudot?da2dd58fc300178a71e7b275eadba2dd917896c0ba562eff13ce1e27ab07eda84ce5f1ff80ee06ba4b5a61e23e411992,gx-no-cache=1664911716680 HTTP/1.1" 200 30
190.171.143.106 - - [04/Oct/2022:16:42:48 -0300] "POST /cormun/servlet/solicitudot?gx-no-cache=1664911716717 HTTP/1.1" 200 30
190.171.154.42 - - [04/Oct/2022:16:42:59 -0300] "GET /cormun/servlet/prfichaempleado?,MD,,gxPopupLevel%3D0%3B HTTP/1.1" 200 9196
190.171.154.42 - - [04/Oct/2022:16:43:00 -0300] "GET /cormun/static/gxcfg.js?20201215571085 HTTP/1.1" 200 953
190.171.154.42 - - [04/Oct/2022:16:43:00 -0300] "GET /cormun/static/prfichaempleado.js?20201215572193 HTTP/1.1" 200 16006
190.171.154.42 - - [04/Oct/2022:16:43:07 -0300] "POST /cormun/servlet/prfichaempleado?79b554d46a3d3aceb404df7d6820e61b,,MD,,gxPopupLevel%3D0%3B,gx-no-cache=1664911728745 HTTP/1.1" 200 4170
190.171.143.106 - - [04/Oct/2022:16:43:31 -0300] "POST /cormun/servlet/solicitudot?gx-no-cache=1664911760288 HTTP/1.1" 200 30
190.171.143.106 - - [04/Oct/2022:16:43:31 -0300] "POST /cormun/servlet/solicitudot?gx-no-cache=1664911760449 HTTP/1.1" 200 1468
190.171.143.106 - - [04/Oct/2022:16:43:31 -0300] "POST /cormun/servlet/solicitudot?gx-no-cache=1664911760547 HTTP/1.1" 200 38
190.171.143.106 - - [04/Oct/2022:16:43:31 -0300] "GET /cormun/servlet/solicitudot?da2dd58fc300178a71e7b275eadba2dd2f7290ed670e6de7fb331e678ba884e3b8ac8bc75e45ba104c9ba0584684e454942f992455407f7edcabd45aed0d82605c4d00d58ac7c3bf1ed6dbe47e2174a29dde03608a8e45dc266411af0311f4059a7e963b488ba2a34c888a071b826b42,gx-no-cache=1664911760627 HTTP/1.1" 200 110
190.171.143.106 - - [04/Oct/2022:16:43:32 -0300] "POST /cormun/servlet/solicitudot?gx-no-cache=1664911760708 HTTP/1.1" 200 72
190.171.143.106 - - [04/Oct/2022:16:43:32 -0300] "GET /cormun/servlet/solicitudot?da2dd58fc300178a71e7b275eadba2dd917896c0ba562eff13ce1e27ab07eda84ce5f1ff80ee06ba4b5a61e23e411992,gx-no-cache=1664911760765 HTTP/1.1" 200 30
190.171.154.42 - - [04/Oct/2022:16:43:36 -0300] "POST /cormun/servlet/permisogoce?79b554d46a3d3aceb404df7d6820e61b,INS,0,,,,gx-no-cache=1664911757440 HTTP/1.1" 200 4770
190.171.154.42 - - [04/Oct/2022:16:43:36 -0300] "GET /cormun/static/Shared/jqueryui/images/ui-bg_flat_55_994d53_40x100.png HTTP/1.1" 404 1097
190.171.154.42 - - [04/Oct/2022:16:43:36 -0300] "GET /cormun/static/Shared/jqueryui/images/ui-bg_highlight-soft_100_c6c2c8_1x100.png HTTP/1.1" 404 1117
190.171.154.42 - - [04/Oct/2022:16:43:36 -0300] "GET /cormun/static/Shared/jqueryui/images/ui-icons_82798d_256x240.png HTTP/1.1" 404 1089
190.171.154.42 - - [04/Oct/2022:16:43:36 -0300] "GET /cormun/static/Shared/jqueryui/images/ui-icons_ebccce_256x240.png HTTP/1.1" 404 1089
190.171.154.42 - - [04/Oct/2022:16:43:39 -0300] "GET /cormun/servlet/permisogoce?b7f72cd5e4479e7a4230c1e08f5e961cd7e4949f6ff5e17733a3a1dd50c7dfd451ebd53e5be026a92b805a468d9b08313d4dda11b454ad0d425a58f39889b7253d4388e883a6ff19395d852c23a86844cf16d150674e9d9d91e155f8693eae4e2137178b94eba639ccba01557208fed1113f96e20859948126801fe7b5e42d873d4dda11b454ad0d425a58f39889b725c976ce4aee540ea94e33ee93c93f8b860a26f9735cd89642b8839a5ac623e693d3356f4ce4659e032b4fcb2cb7097787ba5c5ff48326ea81740137d7ec0ef9e5,gx-no-cache=1664911760267 HTTP/1.1" 200 77
190.171.154.42 - - [04/Oct/2022:16:43:39 -0300] "GET /cormun/static/menuarrow.gif HTTP/1.1" 404 1015
190.171.143.106 - - [04/Oct/2022:16:43:49 -0300] "POST /cormun/servlet/solicitudot?gx-no-cache=1664911778012 HTTP/1.1" 200 30
190.171.143.106 - - [04/Oct/2022:16:43:49 -0300] "POST /cormun/servlet/solicitudot?gx-no-cache=1664911778052 HTTP/1.1" 200 1468
190.171.143.106 - - [04/Oct/2022:16:43:49 -0300] "POST /cormun/servlet/solicitudot?gx-no-cache=1664911778374 HTTP/1.1" 200 38
190.171.143.106 - - [04/Oct/2022:16:43:49 -0300] "GET /cormun/servlet/solicitudot?da2dd58fc300178a71e7b275eadba2dd2f7290ed670e6de7fb331e678ba884e3b8ac8bc75e45ba104c9ba0584684e454942f992455407f7edcabd45aed0d82605c4d00d58ac7c3bf1ed6dbe47e2174a29dde03608a8e45dc266411af0311f4059a7e963b488ba2a34c888a071b826b42,gx-no-cache=1664911778401 HTTP/1.1" 200 110
190.171.143.106 - - [04/Oct/2022:16:43:49 -0300] "POST /cormun/servlet/solicitudot?gx-no-cache=1664911778432 HTTP/1.1" 200 67
190.171.143.106 - - [04/Oct/2022:16:43:52 -0300] "POST /cormun/servlet/solicitudot?gx-no-cache=1664911781618 HTTP/1.1" 200 105
190.171.154.42 - - [04/Oct/2022:16:43:56 -0300] "GET /cormun/servlet/permisogoce?b7f72cd5e4479e7a4230c1e08f5e961c93b6cbc042fbc89a029200c9597713770628422e4327eb1663da6ce02aeeed956f4817bff8b2733fcd8a80f69d5aa61f,gx-no-cache=1664911777813 HTTP/1.1" 200 48
190.171.143.106 - - [04/Oct/2022:16:43:59 -0300] "POST /cormun/servlet/solicitudot?gx-no-cache=1664911788050 HTTP/1.1" 200 97
190.171.143.106 - - [04/Oct/2022:16:44:07 -0300] "POST /cormun/servlet/solicitudot?gx-no-cache=1664911795833 HTTP/1.1" 200 30
190.171.154.42 - - [04/Oct/2022:16:44:13 -0300] "POST /cormun/servlet/permisogoce?79b554d46a3d3aceb404df7d6820e61b,INS,0,,,,gx-no-cache=1664911793923 HTTP/1.1" 200 93
190.171.154.42 - - [04/Oct/2022:16:44:13 -0300] "GET /cormun/servlet/hpexe_return? HTTP/1.1" 200 1013
190.171.154.42 - - [04/Oct/2022:16:44:13 -0300] "GET /cormun/static/gxcfg.js?201991422392976 HTTP/1.1" 200 953
190.171.154.42 - - [04/Oct/2022:16:44:13 -0300] "GET /cormun/static/hpexe_return.js?201991422392984 HTTP/1.1" 200 1633
190.171.154.42 - - [04/Oct/2022:16:44:14 -0300] "GET /cormun/servlet/trpermisosgoce HTTP/1.1" 200 9237
190.171.154.42 - - [04/Oct/2022:16:44:15 -0300] "GET /cormun/servlet/trpermisosgoce HTTP/1.1" 200 9233
190.171.154.42 - - [04/Oct/2022:16:44:29 -0300] "GET /cormun/servlet/permisogoce?INS,0,,, HTTP/1.1" 200 7058
190.171.154.42 - - [04/Oct/2022:16:44:30 -0300] "GET /cormun/servlet/permisogoce?INS,0,,, HTTP/1.1" 200 7058
190.171.154.42 - - [04/Oct/2022:16:44:53 -0300] "GET /cormun/servlet/prfichaempleado?,MD,,gxPopupLevel%3D0%3B HTTP/1.1" 200 9196
190.171.154.42 - - [04/Oct/2022:16:45:02 -0300] "POST /cormun/servlet/prfichaempleado?79b554d46a3d3aceb404df7d6820e61b,,MD,,gxPopupLevel%3D0%3B,gx-no-cache=1664911843764 HTTP/1.1" 200 3417
190.171.154.42 - - [04/Oct/2022:16:46:19 -0300] "GET /cormun/servlet/prfichaempleado?,MD,,gxPopupLevel%3D0%3B HTTP/1.1" 200 9196
190.171.154.42 - - [04/Oct/2022:16:47:02 -0300] "GET /cormun/servlet/prfichaempleado?,MD,,gxPopupLevel%3D0%3B HTTP/1.1" 200 9196
190.171.154.42 - - [04/Oct/2022:16:47:10 -0300] "GET /cormun/servlet/permisogoce?b7f72cd5e4479e7a4230c1e08f5e961cf0e75577e87d5d56c7d9ff1abc13614b28faa69a6efe820c655cec4d415d1562edb541e87527c0061796534abcc7cdf4,gx-no-cache=1664911971337 HTTP/1.1" 200 78
190.171.143.106 - - [04/Oct/2022:16:48:54 -0300] "POST /cormun/servlet/solicitudot?gx-no-cache=1664912083240 HTTP/1.1" 200 30
190.171.142.10 - - [04/Oct/2022:16:48:57 -0300] "GET /cormun/servlet/hlogin HTTP/1.1" 200 1727
190.171.154.42 - - [04/Oct/2022:16:48:59 -0300] "GET /cormun/servlet/permisogoce?b7f72cd5e4479e7a4230c1e08f5e961c89b67ad521dbfb4d60c4377d38eb8bf6a01a949d8f4bb432075394779e3104656141eba27e83dcf79bb2e0c3c3ff2b87,gx-no-cache=1664912080165 HTTP/1.1" 200 47
190.171.143.106 - - [04/Oct/2022:16:48:59 -0300] "POST /cormun/servlet/solicitudot?gx-no-cache=1664912088456 HTTP/1.1" 200 30
190.171.143.106 - - [04/Oct/2022:16:49:02 -0300] "POST /cormun/servlet/solicitudot?gx-no-cache=1664912091624 HTTP/1.1" 200 30
190.171.142.10 - - [04/Oct/2022:16:49:06 -0300] "POST /cormun/servlet/hlogin?34c88c1757686fb639bd85f3eee20bf0,gx-no-cache=1664912087602 HTTP/1.1" 200 90
190.171.142.10 - - [04/Oct/2022:16:49:06 -0300] "GET /cormun/servlet/hpexe_link HTTP/1.1" 200 954
190.171.142.10 - - [04/Oct/2022:16:49:06 -0300] "GET /cormun/static/gxcfg.js?201991422392958 HTTP/1.1" 200 953
190.171.142.10 - - [04/Oct/2022:16:49:06 -0300] "GET /cormun/static/hpexe_link.js?201991422392963 HTTP/1.1" 200 625
190.171.142.10 - - [04/Oct/2022:16:49:07 -0300] "GET /cormun/servlet/hhome HTTP/1.1" 200 3992
190.171.142.10 - - [04/Oct/2022:16:49:07 -0300] "GET /cormun/static/gxcfg.js?20201215495537 HTTP/1.1" 200 953
190.171.142.10 - - [04/Oct/2022:16:49:07 -0300] "GET /cormun/static/Resources/Spanish/PXTools.css?14345360 HTTP/1.1" 200 100853
190.171.142.10 - - [04/Oct/2022:16:49:07 -0300] "GET /cormun/static/hhome.js?20201215495544 HTTP/1.1" 200 777
190.171.142.10 - - [04/Oct/2022:16:49:07 -0300] "GET /cormun/static/SmoothNavMenu/resources/images/down.gif HTTP/1.1" 200 854
190.171.142.10 - - [04/Oct/2022:16:49:07 -0300] "GET /cormun/servlet/hhome HTTP/1.1" 200 3988
190.171.143.106 - - [04/Oct/2022:16:49:27 -0300] "POST /cormun/servlet/solicitudot?gx-no-cache=1664912116120 HTTP/1.1" 200 30
190.171.154.42 - - [04/Oct/2022:16:50:19 -0300] "POST /cormun/servlet/permisogoce?79b554d46a3d3aceb404df7d6820e61b,INS,0,,,,gx-no-cache=1664912160027 HTTP/1.1" 200 93
190.171.154.42 - - [04/Oct/2022:16:50:19 -0300] "GET /cormun/servlet/hpexe_return? HTTP/1.1" 200 1013
190.171.154.42 - - [04/Oct/2022:16:50:20 -0300] "GET /cormun/servlet/trpermisosgoce HTTP/1.1" 200 9468
190.171.154.42 - - [04/Oct/2022:16:50:22 -0300] "GET /cormun/servlet/trpermisosgoce HTTP/1.1" 200 9464
190.171.143.106 - - [04/Oct/2022:16:50:25 -0300] "GET /cormun/servlet/trsolicitudot? HTTP/1.1" 200 7357
190.171.143.106 - - [04/Oct/2022:16:50:25 -0300] "GET /cormun/servlet/trsolicitudot? HTTP/1.1" 200 7356
190.171.154.42 - - [04/Oct/2022:16:50:28 -0300] "GET /cormun/servlet/permisogoce?INS,0,,, HTTP/1.1" 200 7057
190.171.143.106 - - [04/Oct/2022:16:50:30 -0300] "GET /cormun/servlet/solicitudot?INS,0,0,false, HTTP/1.1" 200 15916
190.171.154.42 - - [04/Oct/2022:16:50:30 -0300] "GET /cormun/servlet/permisogoce?INS,0,,, HTTP/1.1" 200 7057
190.171.143.106 - - [04/Oct/2022:16:50:30 -0300] "GET /cormun/servlet/solicitudot?INS,0,0,false, HTTP/1.1" 200 15923
190.171.154.42 - - [04/Oct/2022:16:50:48 -0300] "GET /cormun/servlet/permisogoce?b7f72cd5e4479e7a4230c1e08f5e961c189752b5ff13cbd5f8d470db0b35886428faa69a6efe820c655cec4d415d1562edb541e87527c0061796534abcc7cdf4,gx-no-cache=1664912189004 HTTP/1.1" 200 81
190.171.143.106 - - [04/Oct/2022:16:50:48 -0300] "POST /cormun/servlet/solicitudot?gx-no-cache=1664912197359 HTTP/1.1" 200 4009
190.171.143.106 - - [04/Oct/2022:16:50:49 -0300] "POST /cormun/servlet/solicitudot?50a2b950c9f2b1663e23735d04175f98,INS,0,0,false,,gx-no-cache=1664912197495 HTTP/1.1" 200 12851
190.171.143.106 - - [04/Oct/2022:16:50:49 -0300] "GET /cormun/servlet/solicitudot?da2dd58fc300178a71e7b275eadba2dd297e32e750177628f999355349b124a3f6b5fad929ffd3b14319f7607482e1de,gx-no-cache=1664912198031 HTTP/1.1" 200 30
190.171.143.106 - - [04/Oct/2022:16:50:49 -0300] "GET /cormun/servlet/solicitudot?da2dd58fc300178a71e7b275eadba2ddf0842fb350857c3be6057018ad61db14dd9860f55f862466bbb06e8633f232aa0c9313f311f4f47d945efd5b480ce758,gx-no-cache=1664912198062 HTTP/1.1" 200 30
190.171.143.106 - - [04/Oct/2022:16:50:49 -0300] "GET /cormun/servlet/solicitudot?da2dd58fc300178a71e7b275eadba2dd27ffa3b49a9ac447892b2ed6513edce4,gx-no-cache=1664912198092 HTTP/1.1" 200 53
190.171.143.106 - - [04/Oct/2022:16:50:49 -0300] "POST /cormun/servlet/solicitudot?gx-no-cache=1664912198148 HTTP/1.1" 200 255
190.171.143.106 - - [04/Oct/2022:16:50:49 -0300] "GET /cormun/servlet/solicitudot?da2dd58fc300178a71e7b275eadba2dd497686b4d8b324700264ddd5effd8a83cd8ab4812a1a5cb9cb87e1b5e09bdd1dbc9f4cb19697725913c0a0b81d14a0195a072fe371febd33516afde6e88f718e967a79ab39c31d0d1f0c84f7242f9405a8fc5377acb16f1a16be906e6c33d1be25f834547427ea726f6d9dcc02a0100cdc7daa3b2b7e7b211a6b4a9ae9a67c8aeb5424bef195c41481f4848e8bc187cea37fe5c7e55376fc391d3943999e52274d6416392291b5d05a7f6ce0aaae69698ec114548d266d2ffc7bb78b5132f1fa89e7e09fb2acf84767a1ff1a528c3eb3b838cfb905abe9f309850bf98feb865312790bbfa8cb053959ff099a2c63a8d92ddc28c756f239fd0674c3df2a4ea66e1f1671d11b66d9a57597c6a0582d9c3a09324dd4071fdb73156aac656c2a9b0d8f12a2121372bddf0ba54c8d67eda7be6451dc9d510134551eb346725cc9eb3ff1739610b44e9a68af12bf3f00ba195a85b9a16bbf2fbfedd4d466781032cde8cf52ce4643dfcdc221a56c1f3b9a2d74,gx-no-cache=1664912198177 HTTP/1.1" 200 30
190.171.154.42 - - [04/Oct/2022:16:51:02 -0300] "GET /cormun/servlet/permisogoce?b7f72cd5e4479e7a4230c1e08f5e961cdddc45d4c1339102d6f04d220212cd53ce2c18213f2b3f4488eb60288727b4366141eba27e83dcf79bb2e0c3c3ff2b87,gx-no-cache=1664912203427 HTTP/1.1" 200 48
190.171.154.42 - - [04/Oct/2022:16:51:21 -0300] "POST /cormun/servlet/permisogoce?79b554d46a3d3aceb404df7d6820e61b,INS,0,,,,gx-no-cache=1664912221515 HTTP/1.1" 200 93
190.171.154.42 - - [04/Oct/2022:16:51:21 -0300] "GET /cormun/servlet/hpexe_return? HTTP/1.1" 200 1013
190.171.154.42 - - [04/Oct/2022:16:51:21 -0300] "GET /cormun/servlet/trpermisosgoce HTTP/1.1" 200 9692
190.171.154.42 - - [04/Oct/2022:16:51:23 -0300] "GET /cormun/servlet/trpermisosgoce HTTP/1.1" 200 9687
190.171.154.42 - - [04/Oct/2022:16:51:31 -0300] "GET /cormun/servlet/permisogoce?INS,0,,, HTTP/1.1" 200 7058
190.171.154.42 - - [04/Oct/2022:16:51:33 -0300] "GET /cormun/servlet/permisogoce?INS,0,,, HTTP/1.1" 200 7057
190.171.142.10 - - [04/Oct/2022:16:52:12 -0300] "GET /cormun/servlet/trsolicitudot? HTTP/1.1" 200 7218
190.171.142.10 - - [04/Oct/2022:16:52:13 -0300] "GET /cormun/static/Shared/ext/resources/themes/images/default/panel/bg-headersPanel.png HTTP/1.1" 200 255
190.171.142.10 - - [04/Oct/2022:16:52:13 -0300] "GET /cormun/static/Shared/ext/resources/themes/images/default/tools/tool-sprites.gif HTTP/1.1" 200 5434
190.171.142.10 - - [04/Oct/2022:16:52:13 -0300] "GET /cormun/servlet/trsolicitudot? HTTP/1.1" 200 7217
190.171.142.10 - - [04/Oct/2022:16:52:15 -0300] "GET /cormun/servlet/solicitudot?INS,0,0,false, HTTP/1.1" 200 15776
190.171.142.10 - - [04/Oct/2022:16:52:15 -0300] "GET /cormun/static/gxcfg.js?20203414241232 HTTP/1.1" 200 953
190.171.142.10 - - [04/Oct/2022:16:52:15 -0300] "GET /cormun/static/calendar-system.css?85620 HTTP/1.1" 200 5572
190.171.142.10 - - [04/Oct/2022:16:52:15 -0300] "GET /cormun/static/Resources/prompt.gif HTTP/1.1" 200 902
190.171.142.10 - - [04/Oct/2022:16:52:15 -0300] "GET /cormun/static/solicitudot.js?20203414242792 HTTP/1.1" 200 74114
190.171.142.10 - - [04/Oct/2022:16:52:16 -0300] "GET /cormun/servlet/solicitudot?INS,0,0,false, HTTP/1.1" 200 15783
190.171.142.10 - - [04/Oct/2022:16:52:25 -0300] "POST /cormun/servlet/solicitudot?gx-no-cache=1664912287272 HTTP/1.1" 200 3885
190.171.142.10 - - [04/Oct/2022:16:52:26 -0300] "POST /cormun/servlet/solicitudot?34c88c1757686fb639bd85f3eee20bf0,INS,0,0,false,,gx-no-cache=1664912287423 HTTP/1.1" 200 12444
190.171.142.10 - - [04/Oct/2022:16:52:28 -0300] "GET /cormun/servlet/solicitudot?7f71cd910b3d72b5e6c977e64d9d35baa81e3f06a58ef77223260f2d6769a593e33d9c8529448e4c38e966f35756710f,gx-no-cache=1664912289799 HTTP/1.1" 200 30
190.171.143.106 - - [04/Oct/2022:16:52:34 -0300] "POST /cormun/servlet/solicitudot?gx-no-cache=1664912303363 HTTP/1.1" 200 30
190.171.143.106 - - [04/Oct/2022:16:52:34 -0300] "POST /cormun/servlet/solicitudot?gx-no-cache=1664912303488 HTTP/1.1" 200 1468
190.171.143.106 - - [04/Oct/2022:16:52:34 -0300] "POST /cormun/servlet/solicitudot?gx-no-cache=1664912303525 HTTP/1.1" 200 38
190.171.143.106 - - [04/Oct/2022:16:52:34 -0300] "GET /cormun/servlet/solicitudot?da2dd58fc300178a71e7b275eadba2dd2f7290ed670e6de7fb331e678ba884e3b8ac8bc75e45ba104c9ba0584684e454942f992455407f7edcabd45aed0d82605c4d00d58ac7c3bf1ed6dbe47e2174a29dde03608a8e45dc266411af0311f4059a7e963b488ba2a34c888a071b826b42,gx-no-cache=1664912303546 HTTP/1.1" 200 110
190.171.143.106 - - [04/Oct/2022:16:52:38 -0300] "POST /cormun/servlet/solicitudot?gx-no-cache=1664912307216 HTTP/1.1" 200 30
186.11.74.72 - - [04/Oct/2022:16:53:12 -0300] "GET /cormun/servlet/hlogin HTTP/1.1" 200 1729
186.11.74.72 - - [04/Oct/2022:16:53:16 -0300] "POST /cormun/servlet/hlogin?eb870ba2aaa033294d89088ae0bd4356,gx-no-cache=1664912338855 HTTP/1.1" 200 90
186.11.74.72 - - [04/Oct/2022:16:53:16 -0300] "GET /cormun/servlet/hpexe_link HTTP/1.1" 200 955
186.11.74.72 - - [04/Oct/2022:16:53:17 -0300] "GET /cormun/servlet/hhome HTTP/1.1" 200 3973
186.11.74.72 - - [04/Oct/2022:16:53:17 -0300] "GET /cormun/servlet/hhome HTTP/1.1" 200 3969
186.11.74.72 - - [04/Oct/2022:16:53:21 -0300] "GET /cormun/servlet/trsolicitudot? HTTP/1.1" 200 7195
186.11.74.72 - - [04/Oct/2022:16:53:21 -0300] "GET /cormun/static/trsolicitudot.js?201991910465845 HTTP/1.1" 200 54041
186.11.74.72 - - [04/Oct/2022:16:53:21 -0300] "GET /cormun/static/Shared/ext/resources/css/ext-all.css?205870 HTTP/1.1" 200 416045
186.11.74.72 - - [04/Oct/2022:16:53:22 -0300] "GET /cormun/servlet/trsolicitudot? HTTP/1.1" 200 7194
186.11.74.72 - - [04/Oct/2022:16:53:31 -0300] "GET /cormun/servlet/solicitudot?INS,0,0,false, HTTP/1.1" 200 15760
186.11.74.72 - - [04/Oct/2022:16:53:31 -0300] "GET /cormun/static/gxcfg.js?20203414241232 HTTP/1.1" 200 953
186.11.74.72 - - [04/Oct/2022:16:53:31 -0300] "GET /cormun/static/Resources/prompt.gif HTTP/1.1" 200 902
186.11.74.72 - - [04/Oct/2022:16:53:31 -0300] "GET /cormun/static/solicitudot.js?20203414242792 HTTP/1.1" 200 74114
186.11.74.72 - - [04/Oct/2022:16:53:31 -0300] "GET /cormun/servlet/solicitudot?INS,0,0,false, HTTP/1.1" 200 15767
186.11.74.72 - - [04/Oct/2022:16:53:38 -0300] "GET /cormun/static/Resources/PXTools/ClosePrompt.png HTTP/1.1" 200 1036
186.11.74.72 - - [04/Oct/2022:16:53:38 -0300] "GET /cormun/static/Resources/resize.gif HTTP/1.1" 200 77
186.11.74.72 - - [04/Oct/2022:16:53:38 -0300] "GET /cormun/servlet/prfichaempleado?,MD,,gxPopupLevel%3D0%3B HTTP/1.1" 200 9272
186.11.74.72 - - [04/Oct/2022:16:53:38 -0300] "GET /cormun/static/gxcfg.js?20201215571085 HTTP/1.1" 200 953
186.11.74.72 - - [04/Oct/2022:16:53:39 -0300] "GET /cormun/static/prfichaempleado.js?20201215572193 HTTP/1.1" 200 16006
186.11.74.72 - - [04/Oct/2022:16:53:39 -0300] "GET /cormun/static/menusearch.js?20201214473581 HTTP/1.1" 200 1424
186.11.74.72 - - [04/Oct/2022:16:53:39 -0300] "GET /cormun/static/hmpwkw011.js?20201215495555 HTTP/1.1" 200 1968
186.11.74.72 - - [04/Oct/2022:16:53:39 -0300] "GET /cormun/static/Resources/PXToolsMenuSearchCancel.png HTTP/1.1" 200 306
186.11.74.72 - - [04/Oct/2022:16:53:39 -0300] "GET /cormun/static/Resources/PXToolsMenuSearch.png HTTP/1.1" 200 336
186.11.74.72 - - [04/Oct/2022:16:53:52 -0300] "POST /cormun/servlet/prfichaempleado?eb870ba2aaa033294d89088ae0bd4356,,MD,,gxPopupLevel%3D0%3B,gx-no-cache=1664912374309 HTTP/1.1" 200 3177
186.11.74.72 - - [04/Oct/2022:16:53:57 -0300] "POST /cormun/servlet/prfichaempleado?eb870ba2aaa033294d89088ae0bd4356,,MD,,gxPopupLevel%3D0%3B,gx-no-cache=1664912379652 HTTP/1.1" 200 3177
190.171.142.10 - - [04/Oct/2022:16:54:00 -0300] "GET /cormun/static/Resources/PXTools/ClosePrompt.png HTTP/1.1" 200 1036
190.171.142.10 - - [04/Oct/2022:16:54:00 -0300] "GET /cormun/static/Resources/resize.gif HTTP/1.1" 200 77
190.171.142.10 - - [04/Oct/2022:16:54:00 -0300] "GET /cormun/servlet/prbanco?,MD,,gxPopupLevel%3D0%3B HTTP/1.1" 200 6553
190.171.142.10 - - [04/Oct/2022:16:54:00 -0300] "GET /cormun/static/gxcfg.js?20201216131581 HTTP/1.1" 200 953
190.171.142.10 - - [04/Oct/2022:16:54:00 -0300] "GET /cormun/static/gxui/gxui-all.css?120300 HTTP/1.1" 200 2179
190.171.142.10 - - [04/Oct/2022:16:54:00 -0300] "GET /cormun/static/prbanco.js?20201216132311 HTTP/1.1" 200 10693
190.171.142.10 - - [04/Oct/2022:16:54:00 -0300] "GET /cormun/static/menusearch.js?20201214473581 HTTP/1.1" 200 1424
190.171.142.10 - - [04/Oct/2022:16:54:00 -0300] "GET /cormun/static/hmpwkw011.js?20201215495555 HTTP/1.1" 200 1968
190.171.142.10 - - [04/Oct/2022:16:54:00 -0300] "GET /cormun/static/Resources/PXToolsMenuSearch.png HTTP/1.1" 200 336
190.171.142.10 - - [04/Oct/2022:16:54:00 -0300] "GET /cormun/static/Resources/PXToolsMenuSearchCancel.png HTTP/1.1" 200 306
190.171.142.10 - - [04/Oct/2022:16:54:01 -0300] "GET /cormun/static/Shared/ext/resources/css/ext-all.css?215870 HTTP/1.1" 200 416045
190.171.142.10 - - [04/Oct/2022:16:54:03 -0300] "GET /cormun/servlet/solicitudot?7f71cd910b3d72b5e6c977e64d9d35ba97adb18d9380c047be77cc4283f9bca7fa609a0bde9e73ffa2ed508e985504efd015ef4a5cb55574eb2f17d0572e513fd0540b10a72d9d4ff57cb9a081439123,gx-no-cache=1664912385347 HTTP/1.1" 200 30
190.171.142.10 - - [04/Oct/2022:16:54:05 -0300] "GET /cormun/servlet/solicitudot?7f71cd910b3d72b5e6c977e64d9d35bac4c8e602a2fac4cbba16dee45e18ee64,gx-no-cache=1664912386760 HTTP/1.1" 200 53
190.171.142.10 - - [04/Oct/2022:16:54:25 -0300] "POST /cormun/servlet/solicitudot?gx-no-cache=1664912406518 HTTP/1.1" 200 297
190.171.142.10 - - [04/Oct/2022:16:54:25 -0300] "GET /cormun/servlet/solicitudot?7f71cd910b3d72b5e6c977e64d9d35ba6c5d6bc2f93184659a60a85a3b3db8c2025159d72e75e6433e6f961c7359109a53e9ed5cf9aa656569a82b78092438466fcf4fee09f3f17a90385a59cd97b58d6aaab82db2565257521aed4af9927da07b87eb67f65d5189d8466a46be447ac5ef4bd30502cee4c0122e29aad4184599edacadc2cdabfc983454d11d6180f229b9936a9e0143f197a9c287186ff66a60ca990bc3dcfc462bc31eb14df1d8a202c3d358936e7113536244585cff5ea3c2b399a27a53be8bfe007c862dcbb4e6b06be1977eec9f60be8131e4bbe8d997cc6f32b0d72d4dd82408e70deaa937b1d6fcb758401bfb3d76e6b6cab6a9a75d908eed6442da3a0a9ae48e5db3fe7805c041b5653b49b98cb679d0c8fb436d4893e07c6e67a30f92dc50e821e71f198547c0d738ed4271d97c7de533566df7ab829803760dee312845174981e4c71a757b23bb825c23a6b71e24688b70d8bf50f3ef53f52a1176d56b0f5cf3bd2a36f0d34f5e02d8f4fdd73e82e79638781ff6d626cf1f5c1de298b00b5d68ac29b8e0c4,gx-no-cache=1664912406583 HTTP/1.1" 200 30
190.171.142.10 - - [04/Oct/2022:16:54:29 -0300] "POST /cormun/servlet/solicitudot?gx-no-cache=1664912410935 HTTP/1.1" 200 30
190.171.142.10 - - [04/Oct/2022:16:54:31 -0300] "POST /cormun/servlet/solicitudot?gx-no-cache=1664912413215 HTTP/1.1" 200 1466
190.171.142.10 - - [04/Oct/2022:16:54:31 -0300] "POST /cormun/servlet/solicitudot?gx-no-cache=1664912413253 HTTP/1.1" 200 38
190.171.142.50 - - [04/Oct/2022:16:55:15 -0300] "GET /cormun/servlet/trlicencias? HTTP/1.1" 200 6052
190.171.142.50 - - [04/Oct/2022:16:55:16 -0300] "GET /cormun/servlet/hlogin HTTP/1.1" 200 1746
190.171.142.50 - - [04/Oct/2022:16:55:16 -0300] "GET /cormun/servlet/trlicencias? HTTP/1.1" 200 6045
190.171.142.50 - - [04/Oct/2022:16:55:23 -0300] "POST /cormun/servlet/hlogin?1cc842e34be6e9a4ebf2cb1949b14c13,gx-no-cache=1664914732641 HTTP/1.1" 200 90
190.171.142.50 - - [04/Oct/2022:16:55:23 -0300] "GET /cormun/servlet/hpexe_link HTTP/1.1" 200 960
190.171.142.50 - - [04/Oct/2022:16:55:23 -0300] "GET /cormun/servlet/trlicencias HTTP/1.1" 200 11143
190.171.142.50 - - [04/Oct/2022:16:55:23 -0300] "GET /cormun/servlet/trlicencias HTTP/1.1" 200 11141
190.171.142.10 - - [04/Oct/2022:16:55:27 -0300] "GET /cormun/servlet/solicitudot?7f71cd910b3d72b5e6c977e64d9d35ba33441df0c5d0bda05440ba44fe174ba27152377424f753c23f9f0f84375e8fa6429828ad34e6b943276e67c756b59017dca194597a35a28636fb8714b30dfd6e2e31b0bf79178a2115c2944a23f8aa99b04887c712296b3e42230a4b1be0c1ce,gx-no-cache=1664912469281 HTTP/1.1" 200 110
190.171.142.10 - - [04/Oct/2022:16:55:54 -0300] "POST /cormun/servlet/solicitudot?gx-no-cache=1664912495509 HTTP/1.1" 200 83
190.171.142.10 - - [04/Oct/2022:16:56:06 -0300] "GET /cormun/servlet/solicitudot?7f71cd910b3d72b5e6c977e64d9d35bab64f3736ad3cd0dabdff930659de6b0c7479ea63cb8e737b8198c4bcba96c581100b86979084e5c30c6e17250ddb4928f0c2a0da08f146de48dd6a395ab6ad098dbf371207839485f2a7f464a5a436356a8a9b01b7914fd526e39b588134001b,gx-no-cache=1664912507709 HTTP/1.1" 200 29
190.171.142.10 - - [04/Oct/2022:16:56:06 -0300] "GET /cormun/static/menuarrow.gif HTTP/1.1" 404 1015
190.171.142.10 - - [04/Oct/2022:16:56:13 -0300] "GET /cormun/servlet/solicitudot?7f71cd910b3d72b5e6c977e64d9d35ba97d7639408b22a402be2a436d9186844ad525cd934d9810c26839954f31ca5b5,gx-no-cache=1664912514608 HTTP/1.1" 200 134
190.171.142.10 - - [04/Oct/2022:16:56:13 -0300] "GET /cormun/static/Shared/jqueryui/images/ui-bg_highlight-soft_100_c6c2c8_1x100.png HTTP/1.1" 404 1117
190.171.142.10 - - [04/Oct/2022:16:56:13 -0300] "GET /cormun/static/Shared/jqueryui/images/ui-icons_82798d_256x240.png HTTP/1.1" 404 1089
