190.171.154.42 - - [27/Sep/2022:11:25:07 -0300] "GET /cormun/static/gxcfg.js?201991910464971 HTTP/1.1" 200 953
192.168.10.17 - - [27/Sep/2022:11:25:07 -0300] "GET /cormun/servlet/trsolicitudgral? HTTP/1.1" 200 21607
190.171.143.106 - - [27/Sep/2022:11:25:08 -0300] "POST /cormun/servlet/solicitudotadjuntos?gx-no-cache=1664287851125 HTTP/1.1" 200 26
190.171.154.42 - - [27/Sep/2022:11:25:08 -0300] "GET /cormun/static/trsolicitudot.js?201991910465845 HTTP/1.1" 200 54041
190.171.154.42 - - [27/Sep/2022:11:25:09 -0300] "GET /cormun/servlet/trsolicitudot? HTTP/1.1" 200 6331
190.171.154.42 - - [27/Sep/2022:11:25:09 -0300] "GET /cormun/servlet/hlogin HTTP/1.1" 200 1751
190.171.143.106 - - [27/Sep/2022:11:25:14 -0300] "GET /cormun/servlet/solicitudotadjuntos?9dcc2caddc10b3e7a6f00de495923e90aa65f5f08cad8d851d534776e452aa60,gx-no-cache=1664287857885 HTTP/1.1" 200 30
190.171.143.106 - - [27/Sep/2022:11:25:14 -0300] "GET /cormun/servlet/solicitudotadjuntos?9dcc2caddc10b3e7a6f00de495923e90aa65f5f08cad8d851d534776e452aa60,gx-no-cache=1664287857897 HTTP/1.1" 200 30
190.171.143.106 - - [27/Sep/2022:11:25:14 -0300] "POST /cormun/servlet/solicitudotadjuntos?6d31a01cfa662eea097d6673227a5620,INS,2022,19189,,1, HTTP/1.1" 200 116
190.171.143.106 - - [27/Sep/2022:11:25:14 -0300] "GET /cormun/servlet/hpexe_return? HTTP/1.1" 200 1028
190.171.143.106 - - [27/Sep/2022:11:25:15 -0300] "GET /cormun/servlet/trsolicitudadjuntos?2022,19189, HTTP/1.1" 200 9283
190.171.143.106 - - [27/Sep/2022:11:25:15 -0300] "GET /cormun/servlet/trsolicitudadjuntos?2022,19189, HTTP/1.1" 200 9283
190.171.143.106 - - [27/Sep/2022:11:25:17 -0300] "GET /cormun/servlet/solicitudotadjuntos?INS,2022,19189,,1, HTTP/1.1" 200 6028
190.171.143.106 - - [27/Sep/2022:11:25:17 -0300] "GET /cormun/static/about:blank HTTP/1.1" 404 1011
190.171.143.106 - - [27/Sep/2022:11:25:17 -0300] "GET /cormun/servlet/solicitudotadjuntos?INS,2022,19189,,1, HTTP/1.1" 200 6021
190.171.143.106 - - [27/Sep/2022:11:25:17 -0300] "GET /cormun/servlet/solicitudotadjuntos?9dcc2caddc10b3e7a6f00de495923e9045b9d966c311bf27ed72da4e2f789fafe71dc9273713a6e5d85fdc24a471795c,gx-no-cache=1664287860801 HTTP/1.1" 200 30
190.171.143.106 - - [27/Sep/2022:11:25:17 -0300] "POST /cormun/servlet/solicitudotadjuntos?6d31a01cfa662eea097d6673227a5620,INS,2022,19189,,1,,gx-no-cache=1664287860815 HTTP/1.1" 200 3908
190.171.143.106 - - [27/Sep/2022:11:25:20 -0300] "POST /cormun/servlet/solicitudotadjuntos?gx-no-cache=1664287863189 HTTP/1.1" 200 26
190.171.143.106 - - [27/Sep/2022:11:25:24 -0300] "GET /cormun/servlet/solicitudotadjuntos?9dcc2caddc10b3e7a6f00de495923e90aa65f5f08cad8d851d534776e452aa60,gx-no-cache=1664287867725 HTTP/1.1" 200 30
190.171.143.106 - - [27/Sep/2022:11:25:24 -0300] "GET /cormun/servlet/solicitudotadjuntos?9dcc2caddc10b3e7a6f00de495923e90aa65f5f08cad8d851d534776e452aa60,gx-no-cache=1664287867737 HTTP/1.1" 200 30
190.171.143.106 - - [27/Sep/2022:11:25:25 -0300] "POST /cormun/servlet/solicitudotadjuntos?6d31a01cfa662eea097d6673227a5620,INS,2022,19189,,1, HTTP/1.1" 200 116
190.171.143.106 - - [27/Sep/2022:11:25:25 -0300] "GET /cormun/servlet/hpexe_return? HTTP/1.1" 200 1028
190.171.143.106 - - [27/Sep/2022:11:25:25 -0300] "GET /cormun/servlet/trsolicitudadjuntos?2022,19189, HTTP/1.1" 200 9565
190.171.143.106 - - [27/Sep/2022:11:25:26 -0300] "GET /cormun/servlet/trsolicitudadjuntos?2022,19189, HTTP/1.1" 200 9567
190.171.143.106 - - [27/Sep/2022:11:25:27 -0300] "GET /cormun/servlet/solicitudotadjuntos?INS,2022,19189,,1, HTTP/1.1" 200 6027
190.171.143.106 - - [27/Sep/2022:11:25:27 -0300] "GET /cormun/static/about:blank HTTP/1.1" 404 1011
190.171.143.106 - - [27/Sep/2022:11:25:28 -0300] "GET /cormun/servlet/solicitudotadjuntos?INS,2022,19189,,1, HTTP/1.1" 200 6021
190.171.143.106 - - [27/Sep/2022:11:25:28 -0300] "GET /cormun/servlet/solicitudotadjuntos?9dcc2caddc10b3e7a6f00de495923e9045b9d966c311bf27ed72da4e2f789fafe71dc9273713a6e5d85fdc24a471795c,gx-no-cache=1664287871355 HTTP/1.1" 200 30
190.171.143.106 - - [27/Sep/2022:11:25:28 -0300] "POST /cormun/servlet/solicitudotadjuntos?6d31a01cfa662eea097d6673227a5620,INS,2022,19189,,1,,gx-no-cache=1664287871370 HTTP/1.1" 200 3908
190.171.143.106 - - [27/Sep/2022:11:25:30 -0300] "POST /cormun/servlet/solicitudotadjuntos?gx-no-cache=1664287873710 HTTP/1.1" 200 26
190.171.143.106 - - [27/Sep/2022:11:25:35 -0300] "GET /cormun/servlet/solicitudotadjuntos?9dcc2caddc10b3e7a6f00de495923e90aa65f5f08cad8d851d534776e452aa60,gx-no-cache=1664287878782 HTTP/1.1" 200 30
190.171.143.106 - - [27/Sep/2022:11:25:35 -0300] "GET /cormun/servlet/solicitudotadjuntos?9dcc2caddc10b3e7a6f00de495923e90aa65f5f08cad8d851d534776e452aa60,gx-no-cache=1664287878794 HTTP/1.1" 200 30
190.171.143.106 - - [27/Sep/2022:11:25:36 -0300] "POST /cormun/servlet/solicitudotadjuntos?6d31a01cfa662eea097d6673227a5620,INS,2022,19189,,1, HTTP/1.1" 200 116
190.171.143.106 - - [27/Sep/2022:11:25:36 -0300] "GET /cormun/servlet/hpexe_return? HTTP/1.1" 200 1028
190.171.143.106 - - [27/Sep/2022:11:25:36 -0300] "GET /cormun/servlet/trsolicitudadjuntos?2022,19189, HTTP/1.1" 200 9819
190.171.143.106 - - [27/Sep/2022:11:25:36 -0300] "GET /cormun/servlet/trsolicitudadjuntos?2022,19189, HTTP/1.1" 200 9817
192.168.10.17 - - [27/Sep/2022:11:25:36 -0300] "GET /cormun/servlet/vesolicitudgral?2022,19134,, HTTP/1.1" 200 8321
192.168.10.17 - - [27/Sep/2022:11:25:36 -0300] "GET /cormun/pexe_scrolldiv.js HTTP/1.1" 404 1009
192.168.10.17 - - [27/Sep/2022:11:25:37 -0300] "GET /cormun/servlet/vesolicitudgral?2022,19134,, HTTP/1.1" 200 8321
190.171.143.106 - - [27/Sep/2022:11:25:38 -0300] "GET /cormun/servlet/solicitudotadjuntos?INS,2022,19189,,1, HTTP/1.1" 200 6027
190.171.143.106 - - [27/Sep/2022:11:25:38 -0300] "GET /cormun/static/about:blank HTTP/1.1" 404 1011
190.171.143.106 - - [27/Sep/2022:11:25:38 -0300] "GET /cormun/servlet/solicitudotadjuntos?INS,2022,19189,,1, HTTP/1.1" 200 6021
190.171.143.106 - - [27/Sep/2022:11:25:38 -0300] "GET /cormun/servlet/solicitudotadjuntos?9dcc2caddc10b3e7a6f00de495923e9045b9d966c311bf27ed72da4e2f789fafe71dc9273713a6e5d85fdc24a471795c,gx-no-cache=1664287881884 HTTP/1.1" 200 30
190.171.143.106 - - [27/Sep/2022:11:25:38 -0300] "POST /cormun/servlet/solicitudotadjuntos?6d31a01cfa662eea097d6673227a5620,INS,2022,19189,,1,,gx-no-cache=1664287881899 HTTP/1.1" 200 3908
190.171.143.106 - - [27/Sep/2022:11:25:41 -0300] "POST /cormun/servlet/solicitudotadjuntos?gx-no-cache=1664287884093 HTTP/1.1" 200 26
190.171.154.42 - - [27/Sep/2022:11:25:42 -0300] "POST /cormun/servlet/hlogin?3452fd64232fffcac74e5472b69a1afa,gx-no-cache=1664287882921 HTTP/1.1" 200 90
190.171.154.42 - - [27/Sep/2022:11:25:42 -0300] "GET /cormun/servlet/hpexe_link HTTP/1.1" 200 963
190.171.154.42 - - [27/Sep/2022:11:25:43 -0300] "GET /cormun/servlet/trsolicitudot HTTP/1.1" 200 7248
190.171.143.106 - - [27/Sep/2022:11:25:45 -0300] "GET /cormun/servlet/solicitudotadjuntos?9dcc2caddc10b3e7a6f00de495923e90aa65f5f08cad8d851d534776e452aa60,gx-no-cache=1664287888485 HTTP/1.1" 200 30
190.171.143.106 - - [27/Sep/2022:11:25:45 -0300] "GET /cormun/servlet/solicitudotadjuntos?9dcc2caddc10b3e7a6f00de495923e90aa65f5f08cad8d851d534776e452aa60,gx-no-cache=1664287888499 HTTP/1.1" 200 30
190.171.143.106 - - [27/Sep/2022:11:25:45 -0300] "POST /cormun/servlet/solicitudotadjuntos?6d31a01cfa662eea097d6673227a5620,INS,2022,19189,,1, HTTP/1.1" 200 116
190.171.143.106 - - [27/Sep/2022:11:25:45 -0300] "GET /cormun/servlet/hpexe_return? HTTP/1.1" 200 1028
190.171.154.42 - - [27/Sep/2022:11:25:45 -0300] "GET /cormun/servlet/trsolicitudot HTTP/1.1" 200 7247
190.171.143.106 - - [27/Sep/2022:11:25:45 -0300] "GET /cormun/servlet/trsolicitudadjuntos?2022,19189, HTTP/1.1" 200 9972
190.171.143.106 - - [27/Sep/2022:11:25:46 -0300] "GET /cormun/servlet/trsolicitudadjuntos?2022,19189, HTTP/1.1" 200 9972
190.171.143.106 - - [27/Sep/2022:11:25:51 -0300] "GET /cormun/servlet/trsolicitudot? HTTP/1.1" 200 9632
190.171.143.106 - - [27/Sep/2022:11:25:52 -0300] "GET /cormun/servlet/trsolicitudot? HTTP/1.1" 200 9625
190.171.143.106 - - [27/Sep/2022:11:26:02 -0300] "POST /cormun/servlet/trsolicitudot?6d31a01cfa662eea097d6673227a5620,,gx-no-cache=1664287905258 HTTP/1.1" 200 6803
190.171.143.106 - - [27/Sep/2022:11:26:03 -0300] "POST /cormun/servlet/trsolicitudot?6d31a01cfa662eea097d6673227a5620,,gx-no-cache=1664287906295 HTTP/1.1" 200 6802
190.171.143.106 - - [27/Sep/2022:11:26:04 -0300] "POST /cormun/servlet/trsolicitudot?6d31a01cfa662eea097d6673227a5620,,gx-no-cache=1664287907311 HTTP/1.1" 200 6857
190.171.143.106 - - [27/Sep/2022:11:26:04 -0300] "GET /cormun/static/Shared/jqueryui/images/ui-bg_highlight-soft_100_c6c2c8_1x100.png HTTP/1.1" 404 1117
190.171.143.106 - - [27/Sep/2022:11:26:04 -0300] "GET /cormun/static/Shared/jqueryui/images/ui-icons_82798d_256x240.png HTTP/1.1" 404 1089
190.171.143.106 - - [27/Sep/2022:11:26:04 -0300] "GET /cormun/static/Shared/jqueryui/images/ui-icons_8d78a5_256x240.png HTTP/1.1" 404 1089
190.171.143.106 - - [27/Sep/2022:11:26:04 -0300] "GET /cormun/static/Shared/jqueryui/images/ui-bg_flat_55_fafafa_40x100.png HTTP/1.1" 404 1097
190.171.143.106 - - [27/Sep/2022:11:26:04 -0300] "POST /cormun/servlet/trsolicitudot?6d31a01cfa662eea097d6673227a5620,,gx-no-cache=1664287907532 HTTP/1.1" 200 6803
190.171.143.106 - - [27/Sep/2022:11:26:12 -0300] "GET /cormun/servlet/hlogin HTTP/1.1" 200 1728
190.171.143.106 - - [27/Sep/2022:11:26:16 -0300] "POST /cormun/servlet/hlogin?6d31a01cfa662eea097d6673227a5620,gx-no-cache=1664287919270 HTTP/1.1" 200 90
190.171.143.106 - - [27/Sep/2022:11:26:16 -0300] "GET /cormun/servlet/hpexe_link HTTP/1.1" 200 955
190.171.143.106 - - [27/Sep/2022:11:26:16 -0300] "GET /cormun/servlet/hhome HTTP/1.1" 200 4131
190.171.143.106 - - [27/Sep/2022:11:26:16 -0300] "GET /cormun/servlet/hhome HTTP/1.1" 200 4127
190.171.143.106 - - [27/Sep/2022:11:26:20 -0300] "GET /cormun/servlet/trautorizarsolicitud? HTTP/1.1" 200 8646
190.171.143.106 - - [27/Sep/2022:11:26:20 -0300] "GET /cormun/servlet/trautorizarsolicitud? HTTP/1.1" 200 8642
190.171.143.106 - - [27/Sep/2022:11:26:22 -0300] "POST /cormun/servlet/trautorizarsolicitud?6d31a01cfa662eea097d6673227a5620,,gx-no-cache=1664287925817 HTTP/1.1" 200 4788
190.171.143.106 - - [27/Sep/2022:11:26:22 -0300] "GET /cormun/static/Shared/jqueryui/images/ui-icons_82798d_256x240.png HTTP/1.1" 404 1089
190.171.143.106 - - [27/Sep/2022:11:26:22 -0300] "GET /cormun/static/Shared/jqueryui/images/ui-bg_highlight-soft_100_c6c2c8_1x100.png HTTP/1.1" 404 1117
190.171.143.106 - - [27/Sep/2022:11:26:22 -0300] "GET /cormun/static/Shared/jqueryui/images/ui-icons_8d78a5_256x240.png HTTP/1.1" 404 1089
190.171.143.106 - - [27/Sep/2022:11:26:22 -0300] "GET /cormun/static/Shared/jqueryui/images/ui-bg_flat_55_fafafa_40x100.png HTTP/1.1" 404 1097
190.171.143.106 - - [27/Sep/2022:11:26:22 -0300] "POST /cormun/servlet/trautorizarsolicitud?6d31a01cfa662eea097d6673227a5620,,gx-no-cache=1664287925994 HTTP/1.1" 200 4539
186.11.22.40 - - [27/Sep/2022:11:26:36 -0300] "GET /cormun/servlet/hlogin HTTP/1.1" 200 1727
186.11.22.40 - - [27/Sep/2022:11:26:38 -0300] "GET /cormun/static/gxtimezone.js?85251 HTTP/1.1" 200 5781
186.11.22.40 - - [27/Sep/2022:11:26:38 -0300] "GET /cormun/static/gxcfg.js?201910216285969 HTTP/1.1" 200 953
186.11.22.40 - - [27/Sep/2022:11:26:38 -0300] "GET /cormun/static/Resources/Spanish/PXTools.css?2294816 HTTP/1.1" 200 100853
186.11.22.40 - - [27/Sep/2022:11:26:38 -0300] "GET /cormun/static/messages.spa.js?85251 HTTP/1.1" 200 30736
186.11.22.40 - - [27/Sep/2022:11:26:38 -0300] "GET /cormun/static/hlogin.js?201910216285995 HTTP/1.1" 200 2136
186.11.22.40 - - [27/Sep/2022:11:26:38 -0300] "GET /cormun/static/gxgral.js?85251 HTTP/1.1" 200 384558
186.11.22.40 - - [27/Sep/2022:11:26:38 -0300] "GET /cormun/static/Resources/Logo2019_Grande.png HTTP/1.1" 200 31733
186.11.22.40 - - [27/Sep/2022:11:26:38 -0300] "GET /cormun/static/Resources/PXToolsLoginTop.png HTTP/1.1" 200 1337
186.11.22.40 - - [27/Sep/2022:11:26:38 -0300] "GET /cormun/static/Resources/PXToolsLoginBackground.png HTTP/1.1" 200 1164
186.11.22.40 - - [27/Sep/2022:11:26:38 -0300] "GET /cormun/static/Resources/PXToolsButtonLeft.png HTTP/1.1" 200 1310
186.11.22.40 - - [27/Sep/2022:11:26:38 -0300] "GET /cormun/static/Resources/PXToolsButtonRight.png HTTP/1.1" 200 1294
186.11.22.40 - - [27/Sep/2022:11:26:38 -0300] "GET /cormun/static/Resources/PXToolsButtonBackground.png HTTP/1.1" 200 1176
186.11.22.40 - - [27/Sep/2022:11:26:38 -0300] "GET /cormun/static/Resources/PXToolsLoginBottom.png HTTP/1.1" 200 1389
186.11.22.40 - - [27/Sep/2022:11:26:38 -0300] "GET /cormun/servlet/hlogin HTTP/1.1" 200 1736
186.11.22.40 - - [27/Sep/2022:11:26:38 -0300] "GET /cormun/static/Resources/indicator.gif HTTP/1.1" 200 1553
186.11.22.40 - - [27/Sep/2022:11:26:38 -0300] "GET /cormun/static/Resources/indicator.gif HTTP/1.1" 200 1553
186.11.22.40 - - [27/Sep/2022:11:26:38 -0300] "GET /favicon.ico HTTP/1.1" 200 21630
190.171.143.106 - - [27/Sep/2022:11:26:41 -0300] "GET /cormun/servlet/trsolicitudot? HTTP/1.1" 200 9771
190.171.143.106 - - [27/Sep/2022:11:26:42 -0300] "GET /cormun/servlet/trsolicitudot? HTTP/1.1" 200 9770
190.171.143.106 - - [27/Sep/2022:11:26:44 -0300] "GET /cormun/servlet/solicitudot?INS,0,0,false, HTTP/1.1" 200 15901
190.171.143.106 - - [27/Sep/2022:11:26:45 -0300] "GET /cormun/servlet/solicitudot?INS,0,0,false, HTTP/1.1" 200 15908
190.171.143.106 - - [27/Sep/2022:11:28:58 -0300] "POST /cormun/servlet/solicitudot?gx-no-cache=1664288081959 HTTP/1.1" 200 4021
190.171.143.106 - - [27/Sep/2022:11:28:59 -0300] "POST /cormun/servlet/solicitudot?6d31a01cfa662eea097d6673227a5620,INS,0,0,false,,gx-no-cache=1664288082102 HTTP/1.1" 200 12842
190.171.154.42 - - [27/Sep/2022:11:29:07 -0300] "GET /cormun/servlet/trsolicitudot? HTTP/1.1" 200 7247
190.171.154.42 - - [27/Sep/2022:11:29:09 -0300] "GET /cormun/servlet/trsolicitudot? HTTP/1.1" 200 7247
190.171.154.42 - - [27/Sep/2022:11:29:26 -0300] "GET /cormun/servlet/trsolicitudot? HTTP/1.1" 200 7247
190.171.154.42 - - [27/Sep/2022:11:29:28 -0300] "GET /cormun/servlet/trsolicitudot? HTTP/1.1" 200 7247
190.171.154.42 - - [27/Sep/2022:11:29:42 -0300] "POST /cormun/servlet/trsolicitudot?3452fd64232fffcac74e5472b69a1afa,,gx-no-cache=1664288122275 HTTP/1.1" 200 4388
190.171.154.42 - - [27/Sep/2022:11:29:43 -0300] "POST /cormun/servlet/trsolicitudot?3452fd64232fffcac74e5472b69a1afa,,gx-no-cache=1664288123931 HTTP/1.1" 200 4387
190.171.154.42 - - [27/Sep/2022:11:29:50 -0300] "POST /cormun/servlet/trsolicitudot?3452fd64232fffcac74e5472b69a1afa,,gx-no-cache=1664288130785 HTTP/1.1" 200 4388
190.171.154.42 - - [27/Sep/2022:11:29:55 -0300] "POST /cormun/servlet/trsolicitudot?3452fd64232fffcac74e5472b69a1afa,,gx-no-cache=1664288135816 HTTP/1.1" 200 4389
190.171.154.42 - - [27/Sep/2022:11:29:58 -0300] "POST /cormun/servlet/trsolicitudot?3452fd64232fffcac74e5472b69a1afa,,gx-no-cache=1664288138248 HTTP/1.1" 200 4389
190.171.154.42 - - [27/Sep/2022:11:30:07 -0300] "POST /cormun/servlet/trsolicitudot?3452fd64232fffcac74e5472b69a1afa,,gx-no-cache=1664288147131 HTTP/1.1" 200 5855
190.171.154.42 - - [27/Sep/2022:11:30:07 -0300] "GET /cormun//static/Resources/PXToolsActionView.png HTTP/1.1" 200 398
190.171.154.42 - - [27/Sep/2022:11:30:07 -0300] "GET /cormun//static/Resources/PXToolsRemoveAllAction.png HTTP/1.1" 200 487
190.171.154.42 - - [27/Sep/2022:11:30:07 -0300] "GET /cormun//static/Resources/PXToolsGridUpdate.png HTTP/1.1" 200 470
192.168.10.17 - - [27/Sep/2022:11:30:08 -0300] "GET /cormun/servlet/vesolicitudgral?2022,19134,,SolicitudOTAdjuntos HTTP/1.1" 200 10912
192.168.10.17 - - [27/Sep/2022:11:30:08 -0300] "GET /cormun/pexe_scrolldiv.js HTTP/1.1" 404 1009
192.168.10.17 - - [27/Sep/2022:11:30:08 -0300] "GET /cormun/servlet/vesolicitudgral?2022,19134,,SolicitudOTAdjuntos HTTP/1.1" 200 10915
192.168.10.17 - - [27/Sep/2022:11:30:09 -0300] "POST /cormun/servlet/acontrolpreferencessavestate?None,RRHH+DANIELA,true HTTP/1.1" 200 35
192.168.10.17 - - [27/Sep/2022:11:30:10 -0300] "GET /cormun/PublicTempStorage/carnet_de_identidad_sandra7382813.pdf HTTP/1.1" 200 437338
190.171.154.42 - - [27/Sep/2022:11:30:14 -0300] "GET /cormun/servlet/vesolicitudot?2022,19053,, HTTP/1.1" 200 8544
190.171.154.42 - - [27/Sep/2022:11:30:14 -0300] "GET /cormun/static/gxcfg.js?201991422423914 HTTP/1.1" 200 953
190.171.154.42 - - [27/Sep/2022:11:30:15 -0300] "GET /cormun/pexe_scrolldiv.js HTTP/1.1" 404 1009
190.171.154.42 - - [27/Sep/2022:11:30:15 -0300] "GET /cormun/static/vesolicitudot.js?201991422423984 HTTP/1.1" 200 6091
190.171.154.42 - - [27/Sep/2022:11:30:15 -0300] "GET /cormun/static/hwcviewtabs.js?201991422154026 HTTP/1.1" 200 1074
190.171.154.42 - - [27/Sep/2022:11:30:15 -0300] "GET /cormun/static/hpexe_tabsview.js?2020121447381 HTTP/1.1" 200 1661
190.171.154.42 - - [27/Sep/2022:11:30:15 -0300] "GET /cormun/static/tbsolicitudot01.js?20201214462316 HTTP/1.1" 200 30566
190.171.154.42 - - [27/Sep/2022:11:30:15 -0300] "GET /cormun/static/Resources/PXToolsTabFirstSelected.png HTTP/1.1" 200 1270
190.171.154.42 - - [27/Sep/2022:11:30:15 -0300] "GET /cormun/static/Resources/PXToolsTabLastUnselected.png HTTP/1.1" 200 1297
190.171.154.42 - - [27/Sep/2022:11:30:15 -0300] "GET /cormun/static/Resources/PXToolsTabNext.gif HTTP/1.1" 200 168
190.171.154.42 - - [27/Sep/2022:11:30:15 -0300] "GET /cormun/static/Resources/PXToolsTabPrevious.gif HTTP/1.1" 200 172
190.171.154.42 - - [27/Sep/2022:11:30:16 -0300] "GET /cormun/static/calendar-system.css HTTP/1.1" 200 5572
190.171.154.42 - - [27/Sep/2022:11:30:16 -0300] "GET /cormun/static/Resources/PXToolsTabBackUnselected.png HTTP/1.1" 200 1175
190.171.154.42 - - [27/Sep/2022:11:30:16 -0300] "GET /cormun/static/Resources/PXToolsTabBackSelected.png HTTP/1.1" 200 1157
190.171.154.42 - - [27/Sep/2022:11:30:16 -0300] "GET /cormun/servlet/vesolicitudot?2022,19053,, HTTP/1.1" 200 8544
190.171.154.42 - - [27/Sep/2022:11:30:16 -0300] "GET /cormun/static/Resources/PXToolsTabSelectedUnselected.png HTTP/1.1" 200 1451
190.171.154.42 - - [27/Sep/2022:11:30:16 -0300] "GET /cormun/static/Resources/PXToolsTabUnselectedUnselected.png HTTP/1.1" 200 1470
192.168.10.17 - - [27/Sep/2022:11:30:29 -0300] "GET /cormun/servlet/vesolicitudgral?2022,19134,,SolicitudOTAdjuntos HTTP/1.1" 200 10912
192.168.10.17 - - [27/Sep/2022:11:30:30 -0300] "GET /cormun/servlet/vesolicitudgral?2022,19134,,SolicitudOTAdjuntos HTTP/1.1" 200 10913
192.168.10.17 - - [27/Sep/2022:11:30:30 -0300] "POST /cormun/servlet/acontrolpreferencessavestate?None,RRHH+DANIELA,true HTTP/1.1" 200 35
192.168.10.17 - - [27/Sep/2022:11:30:31 -0300] "GET /cormun/PublicTempStorage/curriculum_sandra_torres6830939.pdf HTTP/1.1" 200 382599
190.171.143.106 - - [27/Sep/2022:11:30:40 -0300] "GET /cormun/servlet/solicitudot?9dcc2caddc10b3e7a6f00de495923e9002d8b3c67d5957584bdffc3d91478a1d577c883128ef35d629dfa482c15e494a,gx-no-cache=1664288183688 HTTP/1.1" 200 30
190.171.143.106 - - [27/Sep/2022:11:30:40 -0300] "GET /cormun/servlet/solicitudot?9dcc2caddc10b3e7a6f00de495923e90f1c9bffc6ce20a40f649437d14f779a4da14a8e64d378c3aa82ab07711aa5c53198ab28b178bbfdfa4ad317c2795638c,gx-no-cache=1664288183739 HTTP/1.1" 200 30
190.171.143.106 - - [27/Sep/2022:11:30:40 -0300] "GET /cormun/servlet/solicitudot?9dcc2caddc10b3e7a6f00de495923e90c9b010dbca1d496b39161c2c356be6ab,gx-no-cache=1664288183764 HTTP/1.1" 200 51
190.171.143.106 - - [27/Sep/2022:11:30:40 -0300] "POST /cormun/servlet/solicitudot?gx-no-cache=1664288183799 HTTP/1.1" 200 240
190.171.143.106 - - [27/Sep/2022:11:30:40 -0300] "GET /cormun/servlet/solicitudot?9dcc2caddc10b3e7a6f00de495923e90465b787d53bfb7bd981c0d658d050e47ef0ff5bf06d027561c7bbfb668fd90666214b05c00f836c04aee81293b82008a3059b0a26e674c0fce3d1aeccd2e6a94909b6b236accefa5b3d7369293814fb10b33c9db56c5f10ea0aee02df395bb26c388a6a506f124ffa1111ac05f234f36b4e2733c55d385f253e903a09823288189ac7f526e5175b4ded84fef5c8ab9b114050de8418e503b60a078e2823a22866ca8166877f7ccfb536a4562ed2e9946092137edc9a9b4fe20f4ec475e959a4670985bbf68cfd4c88f80e40ebc32b416b462db0a539fc57111bc2aa65438a1c727f97d0dc7b3ed00f4ced44c89063d8caf47ece968b4429b56a84015cdd670a6a32c083a8d7722a1bfd235b9d442b861e935f179aba092bdc9053c23e1f4431b550efb3a57b68e5807246dc71de43ea3609d7d906a5aef1aa34c46bb994f064d1deb8d399e98d231979a8ed65cde28a7571c885fd2b59efa609dfee5f9a5f6ecad7c674024176ddc50d467617cf00d88,gx-no-cache=1664288183840 HTTP/1.1" 200 30
190.171.143.106 - - [27/Sep/2022:11:30:46 -0300] "POST /cormun/servlet/solicitudot?gx-no-cache=1664288189101 HTTP/1.1" 200 30
190.171.143.106 - - [27/Sep/2022:11:30:48 -0300] "POST /cormun/servlet/solicitudot?gx-no-cache=1664288191266 HTTP/1.1" 200 1468
190.171.143.106 - - [27/Sep/2022:11:30:48 -0300] "POST /cormun/servlet/solicitudot?gx-no-cache=1664288191313 HTTP/1.1" 200 38
190.171.143.106 - - [27/Sep/2022:11:30:48 -0300] "GET /cormun/servlet/solicitudot?9dcc2caddc10b3e7a6f00de495923e9064863d1072b4e13e14215236e4e6a979e07e024e55b102b1a95910cf69cd1e247fe30d3f3e7aee55734c354ba46db06a7e836dfa09831854cfadabf6e507252cbb480e4a27b470803e24d43e7f9555c123b87da7a2268a0fcb80d7b96dcbe517,gx-no-cache=1664288191336 HTTP/1.1" 200 110
192.168.10.17 - - [27/Sep/2022:11:30:58 -0300] "GET /cormun/servlet/vesolicitudgral?2022,19134,,SolicitudOTAdjuntos HTTP/1.1" 200 10912
192.168.10.17 - - [27/Sep/2022:11:30:58 -0300] "GET /cormun/servlet/vesolicitudgral?2022,19134,,SolicitudOTAdjuntos HTTP/1.1" 200 10914
192.168.10.17 - - [27/Sep/2022:11:30:59 -0300] "POST /cormun/servlet/acontrolpreferencessavestate?None,RRHH+DANIELA,true HTTP/1.1" 200 35
190.171.143.106 - - [27/Sep/2022:11:31:00 -0300] "POST /cormun/servlet/solicitudot?gx-no-cache=1664288203366 HTTP/1.1" 200 72
190.171.154.42 - - [27/Sep/2022:11:31:00 -0300] "GET /cormun/servlet/trsolicitudot? HTTP/1.1" 200 8731
192.168.10.17 - - [27/Sep/2022:11:31:01 -0300] "GET /cormun/PublicTempStorage/certificado_afiliacion_isapre7902285.pdf HTTP/1.1" 200 256916
190.171.154.42 - - [27/Sep/2022:11:31:02 -0300] "GET /cormun/servlet/trsolicitudot? HTTP/1.1" 200 8730
190.171.154.42 - - [27/Sep/2022:11:31:06 -0300] "POST /cormun/servlet/trsolicitudot?3452fd64232fffcac74e5472b69a1afa,,gx-no-cache=1664288206926 HTTP/1.1" 200 5856
190.171.154.42 - - [27/Sep/2022:11:31:10 -0300] "GET /cormun/servlet/solicitudot?INS,0,0,false, HTTP/1.1" 200 15981
190.171.154.42 - - [27/Sep/2022:11:31:10 -0300] "GET /cormun/static/gxcfg.js?20203414241232 HTTP/1.1" 200 953
190.171.154.42 - - [27/Sep/2022:11:31:11 -0300] "GET /cormun/static/Resources/prompt.gif HTTP/1.1" 200 902
190.171.154.42 - - [27/Sep/2022:11:31:11 -0300] "GET /cormun/static/solicitudot.js?20203414242792 HTTP/1.1" 200 74114
190.171.143.106 - - [27/Sep/2022:11:31:11 -0300] "GET /cormun/servlet/solicitudot?9dcc2caddc10b3e7a6f00de495923e902ba511c7968f6581955231b9c0f4cec4c3bd027c1208dc826763365168c661d3688256be756b4a3e2ed718d4a2a04b8cf2f633d5abcae9b90dd86c6037de4b2486ca46d2f076e5b80cb1e60e1f2654cd0ddedaafdebed61002effc5caadf056c74c0b09954b3dcacd12c1a0035911c8be4f5782721827dc2351f42f434341d84314d5e333aa39bb7345ff22d2717f3f1,gx-no-cache=1664288214870 HTTP/1.1" 200 29
190.171.143.106 - - [27/Sep/2022:11:31:11 -0300] "GET /cormun/static/menuarrow.gif HTTP/1.1" 404 1015
190.171.154.42 - - [27/Sep/2022:11:31:13 -0300] "GET /cormun/servlet/solicitudot?INS,0,0,false, HTTP/1.1" 200 15989
190.171.143.106 - - [27/Sep/2022:11:31:15 -0300] "GET /cormun/servlet/solicitudot?9dcc2caddc10b3e7a6f00de495923e9023a61593c0d598e393332f7f2bb5217539eeaffe982db1aa3a2354a06cfa45d0,gx-no-cache=1664288218788 HTTP/1.1" 200 30
190.171.143.106 - - [27/Sep/2022:11:31:21 -0300] "POST /cormun/servlet/solicitudot?gx-no-cache=1664288225015 HTTP/1.1" 200 30
190.171.154.42 - - [27/Sep/2022:11:31:32 -0300] "POST /cormun/servlet/solicitudot?gx-no-cache=1664288232120 HTTP/1.1" 200 3891
190.171.154.42 - - [27/Sep/2022:11:31:32 -0300] "POST /cormun/servlet/solicitudot?3452fd64232fffcac74e5472b69a1afa,INS,0,0,false,,gx-no-cache=1664288232385 HTTP/1.1" 200 12736
190.171.154.42 - - [27/Sep/2022:11:31:43 -0300] "GET /cormun/servlet/solicitudot?e9b5a6c1de00ef495fbb4d2d8160b3c7ae30220b7baeb1aef31f88dbc90cbef9c8920a8c71163fc021a97b86a784d74c,gx-no-cache=1664288243963 HTTP/1.1" 200 30
190.171.143.106 - - [27/Sep/2022:11:31:53 -0300] "POST /cormun/servlet/solicitudot?gx-no-cache=1664288256639 HTTP/1.1" 200 238
190.171.143.106 - - [27/Sep/2022:11:31:53 -0300] "GET /cormun/servlet/solicitudot?9dcc2caddc10b3e7a6f00de495923e90465b787d53bfb7bd981c0d658d050e47ef0ff5bf06d027561c7bbfb668fd90666214b05c00f836c04aee81293b82008a3059b0a26e674c0fce3d1aeccd2e6a94909b6b236accefa5b3d7369293814fb10b33c9db56c5f10ea0aee02df395bb26c388a6a506f124ffa1111ac05f234f36b4e2733c55d385f253e903a09823288189ac7f526e5175b4ded84fef5c8ab9b114050de8418e503b60a078e2823a22866ca8166877f7ccfb536a4562ed2e9946092137edc9a9b4fe20f4ec475e959a4670985bbf68cfd4c88f80e40ebc32b416b462db0a539fc57111bc2aa65438a1c727f97d0dc7b3ed00f4ced44c89063d8caf47ece968b4429b56a84015cdd670a6a32c083a8d7722a1bfd235b9d442b861e935f179aba092bdc9053c23e1f4431b550efb3a57b68e5807246dc71de43ea3609d7d906a5aef1aa34c46bb994f064d1deb8d399e98d231979a8ed65cde28a7571c885fd2b59efa609dfee5f9a5f6ecf0d89665db998c2d6c84538ffa7f1560,gx-no-cache=1664288256675 HTTP/1.1" 200 30
190.171.143.106 - - [27/Sep/2022:11:31:53 -0300] "POST /cormun/servlet/solicitudot?gx-no-cache=1664288256706 HTTP/1.1" 200 30
190.171.143.106 - - [27/Sep/2022:11:31:53 -0300] "POST /cormun/servlet/solicitudot?gx-no-cache=1664288256729 HTTP/1.1" 200 1468
190.171.143.106 - - [27/Sep/2022:11:31:53 -0300] "POST /cormun/servlet/solicitudot?gx-no-cache=1664288256760 HTTP/1.1" 200 41
190.171.143.106 - - [27/Sep/2022:11:31:53 -0300] "GET /cormun/servlet/solicitudot?9dcc2caddc10b3e7a6f00de495923e9064863d1072b4e13e14215236e4e6a979e07e024e55b102b1a95910cf69cd1e247fe30d3f3e7aee55734c354ba46db06a7e836dfa09831854cfadabf6e507252cbb480e4a27b470803e24d43e7f9555c123b87da7a2268a0fcb80d7b96dcbe517,gx-no-cache=1664288256779 HTTP/1.1" 200 110
190.171.143.106 - - [27/Sep/2022:11:31:53 -0300] "POST /cormun/servlet/solicitudot?gx-no-cache=1664288256801 HTTP/1.1" 200 105
190.171.143.106 - - [27/Sep/2022:11:31:53 -0300] "GET /cormun/servlet/solicitudot?9dcc2caddc10b3e7a6f00de495923e9023a61593c0d598e393332f7f2bb5217539eeaffe982db1aa3a2354a06cfa45d0,gx-no-cache=1664288256825 HTTP/1.1" 200 30
190.171.143.106 - - [27/Sep/2022:11:31:53 -0300] "POST /cormun/servlet/solicitudot?gx-no-cache=1664288256845 HTTP/1.1" 200 30
190.171.143.106 - - [27/Sep/2022:11:31:54 -0300] "POST /cormun/servlet/solicitudot?6d31a01cfa662eea097d6673227a5620,INS,0,0,false,,gx-no-cache=1664288256869 HTTP/1.1" 200 93
190.171.143.106 - - [27/Sep/2022:11:31:54 -0300] "GET /cormun/servlet/hpexe_return? HTTP/1.1" 200 1010
190.171.143.106 - - [27/Sep/2022:11:31:54 -0300] "GET /cormun/servlet/trsolicitudot HTTP/1.1" 200 10183
190.171.143.106 - - [27/Sep/2022:11:31:54 -0300] "GET /cormun/servlet/trsolicitudot HTTP/1.1" 200 10178
190.171.143.106 - - [27/Sep/2022:11:32:01 -0300] "POST /cormun/servlet/trsolicitudot?6d31a01cfa662eea097d6673227a5620,gx-no-cache=1664288264767 HTTP/1.1" 200 111
190.171.143.106 - - [27/Sep/2022:11:32:01 -0300] "GET /cormun/servlet/solicitudot?UPD,2022,19190,false, HTTP/1.1" 200 16543
190.171.143.106 - - [27/Sep/2022:11:32:02 -0300] "GET /cormun/servlet/solicitudot?UPD,2022,19190,false, HTTP/1.1" 200 16554
190.171.143.106 - - [27/Sep/2022:11:32:02 -0300] "POST /cormun/servlet/solicitudot?gx-no-cache=1664288265702 HTTP/1.1" 200 3969
190.171.143.106 - - [27/Sep/2022:11:32:03 -0300] "POST /cormun/servlet/solicitudot?6d31a01cfa662eea097d6673227a5620,UPD,2022,19190,false,,gx-no-cache=1664288265811 HTTP/1.1" 200 12865
190.171.143.106 - - [27/Sep/2022:11:32:03 -0300] "GET /cormun/servlet/solicitudot?9dcc2caddc10b3e7a6f00de495923e9002d8b3c67d5957584bdffc3d91478a1df32284c7f4aa6f44d2f966c3bc1c32f4,gx-no-cache=1664288266316 HTTP/1.1" 200 30
190.171.143.106 - - [27/Sep/2022:11:32:03 -0300] "GET /cormun/servlet/solicitudot?9dcc2caddc10b3e7a6f00de495923e90f1c9bffc6ce20a40f649437d14f779a4da14a8e64d378c3aa82ab07711aa5c53bef2d593edb81653573aefb54934665e,gx-no-cache=1664288266338 HTTP/1.1" 200 30
190.171.143.106 - - [27/Sep/2022:11:32:03 -0300] "GET /cormun/servlet/solicitudot?9dcc2caddc10b3e7a6f00de495923e90a958ce47da8ad04192a88a1bc3d63c14e05f0800223f5caba22dd499b8e188aed714523791bd280492333a6b88f96c7f,gx-no-cache=1664288266355 HTTP/1.1" 200 51
190.171.143.106 - - [27/Sep/2022:11:32:03 -0300] "POST /cormun/servlet/solicitudot?gx-no-cache=1664288266374 HTTP/1.1" 200 238
190.171.143.106 - - [27/Sep/2022:11:32:03 -0300] "GET /cormun/servlet/solicitudot?9dcc2caddc10b3e7a6f00de495923e90465b787d53bfb7bd981c0d658d050e47ef0ff5bf06d027561c7bbfb668fd90666214b05c00f836c04aee81293b82008a3059b0a26e674c0fce3d1aeccd2e6a94909b6b236accefa5b3d7369293814fb10b33c9db56c5f10ea0aee02df395bb26c388a6a506f124ffa1111ac05f234f36b4e2733c55d385f253e903a09823288189ac7f526e5175b4ded84fef5c8ab9b114050de8418e503b60a078e2823a22866ca8166877f7ccfb536a4562ed2e9946092137edc9a9b4fe20f4ec475e959a4670985bbf68cfd4c88f80e40ebc32b416b462db0a539fc57111bc2aa65438a1c727f97d0dc7b3ed00f4ced44c89063d8caf47ece968b4429b56a84015cdd670a6a32c083a8d7722a1bfd235b9d442b861e935f179aba092bdc9053c23e1f4431b550efb3a57b68e5807246dc71de43ea3609d7d906a5aef1aa34c46bb994f064d1deb8d399e98d231979a8ed65cde28a7571c885fd2b59efa609dfee5f9a5f6ecf0d89665db998c2d6c84538ffa7f1560,gx-no-cache=1664288266398 HTTP/1.1" 200 30
190.171.143.106 - - [27/Sep/2022:11:32:03 -0300] "POST /cormun/servlet/solicitudot?gx-no-cache=1664288266419 HTTP/1.1" 200 30
190.171.143.106 - - [27/Sep/2022:11:32:03 -0300] "POST /cormun/servlet/solicitudot?gx-no-cache=1664288266447 HTTP/1.1" 200 1468
190.171.143.106 - - [27/Sep/2022:11:32:03 -0300] "POST /cormun/servlet/solicitudot?gx-no-cache=1664288266484 HTTP/1.1" 200 41
190.171.143.106 - - [27/Sep/2022:11:32:04 -0300] "GET /cormun/servlet/solicitudot?9dcc2caddc10b3e7a6f00de495923e9064863d1072b4e13e14215236e4e6a979e07e024e55b102b1a95910cf69cd1e247fe30d3f3e7aee55734c354ba46db06a7e836dfa09831854cfadabf6e507252cbb480e4a27b470803e24d43e7f9555c123b87da7a2268a0fcb80d7b96dcbe517,gx-no-cache=1664288267795 HTTP/1.1" 200 110
190.171.143.106 - - [27/Sep/2022:11:32:04 -0300] "POST /cormun/servlet/solicitudot?gx-no-cache=1664288267825 HTTP/1.1" 200 97
190.171.143.106 - - [27/Sep/2022:11:32:15 -0300] "POST /cormun/servlet/solicitudot?gx-no-cache=1664288278585 HTTP/1.1" 200 79
190.171.143.106 - - [27/Sep/2022:11:32:19 -0300] "GET /cormun/servlet/solicitudot?9dcc2caddc10b3e7a6f00de495923e90f672ad8dfaf2f0de33f7a9fd2d81373a156e763bad5d3f66eba4d8b658975845909832b96c5ccc005a318992b1074bae2fa2be78230801ad923b42d153201fa5e3af761609a6a1687ee99e8288719f6e9ceb55cdae4af02bfbb3ae5f0f1bd7aa7ddb339bba7f2bbe035ec15f576ec380602abe4b8cccf2fa2a7ecf2cfdce1979dfaa1ebdd603faa5fe3c490194433ec1,gx-no-cache=1664288282712 HTTP/1.1" 200 29
190.171.143.106 - - [27/Sep/2022:11:32:19 -0300] "GET /cormun/servlet/solicitudot?9dcc2caddc10b3e7a6f00de495923e9023a61593c0d598e393332f7f2bb5217539eeaffe982db1aa3a2354a06cfa45d0,gx-no-cache=1664288282731 HTTP/1.1" 200 30
190.171.143.106 - - [27/Sep/2022:11:32:19 -0300] "POST /cormun/servlet/solicitudot?gx-no-cache=1664288282751 HTTP/1.1" 200 30
190.171.143.106 - - [27/Sep/2022:11:32:19 -0300] "POST /cormun/servlet/solicitudot?6d31a01cfa662eea097d6673227a5620,UPD,2022,19190,false,,gx-no-cache=1664288282773 HTTP/1.1" 200 93
190.171.143.106 - - [27/Sep/2022:11:32:19 -0300] "GET /cormun/servlet/hpexe_return? HTTP/1.1" 200 1017
190.171.143.106 - - [27/Sep/2022:11:32:20 -0300] "GET /cormun/servlet/trsolicitudot HTTP/1.1" 200 10178
190.171.143.106 - - [27/Sep/2022:11:32:20 -0300] "GET /cormun/servlet/trsolicitudot HTTP/1.1" 200 10173
192.168.10.17 - - [27/Sep/2022:11:32:22 -0300] "GET /cormun/servlet/vesolicitudgral?2022,19134,,SolicitudOTAdjuntos HTTP/1.1" 200 10912
192.168.10.17 - - [27/Sep/2022:11:32:23 -0300] "GET /cormun/servlet/vesolicitudgral?2022,19134,,SolicitudOTAdjuntos HTTP/1.1" 200 10910
192.168.10.17 - - [27/Sep/2022:11:32:24 -0300] "POST /cormun/servlet/acontrolpreferencessavestate?None,RRHH+DANIELA,true HTTP/1.1" 200 35
190.171.143.106 - - [27/Sep/2022:11:32:24 -0300] "POST /cormun/servlet/trsolicitudot?6d31a01cfa662eea097d6673227a5620,gx-no-cache=1664288287985 HTTP/1.1" 200 106
190.171.143.106 - - [27/Sep/2022:11:32:25 -0300] "GET /cormun/servlet/trsolicitudadjuntos?2022,19190, HTTP/1.1" 200 6234
190.171.143.106 - - [27/Sep/2022:11:32:25 -0300] "GET /cormun/servlet/trsolicitudadjuntos?2022,19190, HTTP/1.1" 200 6234
190.171.143.106 - - [27/Sep/2022:11:32:26 -0300] "POST /cormun/servlet/acontrolpreferencessavestate?None,TMIRANDA,true HTTP/1.1" 200 35
192.168.10.17 - - [27/Sep/2022:11:32:26 -0300] "GET /cormun/servlet/vesolicitudgral?2022,19134,,General HTTP/1.1" 200 8324
190.171.154.42 - - [27/Sep/2022:11:32:26 -0300] "POST /cormun/servlet/solicitudot?3452fd64232fffcac74e5472b69a1afa,INS,0,0,false,,gx-no-cache=1664288286389 HTTP/1.1" 200 13090
192.168.10.17 - - [27/Sep/2022:11:32:26 -0300] "GET /cormun/pexe_scrolldiv.js HTTP/1.1" 404 1009
192.168.10.17 - - [27/Sep/2022:11:32:26 -0300] "GET /cormun/servlet/vesolicitudgral?2022,19134,,General HTTP/1.1" 200 8324
190.171.154.42 - - [27/Sep/2022:11:32:26 -0300] "GET /cormun/static/Shared/jqueryui/images/ui-bg_highlight-soft_100_c6c2c8_1x100.png HTTP/1.1" 404 1117
190.171.154.42 - - [27/Sep/2022:11:32:26 -0300] "GET /cormun/static/Shared/jqueryui/images/ui-icons_82798d_256x240.png HTTP/1.1" 404 1089
190.171.154.42 - - [27/Sep/2022:11:32:26 -0300] "GET /cormun/static/Shared/jqueryui/images/ui-bg_flat_55_994d53_40x100.png HTTP/1.1" 404 1097
190.171.154.42 - - [27/Sep/2022:11:32:26 -0300] "GET /cormun/static/Shared/jqueryui/images/ui-icons_ebccce_256x240.png HTTP/1.1" 404 1089
190.171.143.106 - - [27/Sep/2022:11:32:26 -0300] "GET /cormun/servlet/solicitudotadjuntos?INS,2022,19190,,1, HTTP/1.1" 200 6185
190.171.143.106 - - [27/Sep/2022:11:32:26 -0300] "GET /cormun/static/about:blank HTTP/1.1" 404 1011
190.171.143.106 - - [27/Sep/2022:11:32:26 -0300] "GET /cormun/servlet/solicitudotadjuntos?INS,2022,19190,,1, HTTP/1.1" 200 6178
190.171.154.42 - - [27/Sep/2022:11:32:27 -0300] "POST /cormun/servlet/solicitudot?3452fd64232fffcac74e5472b69a1afa,INS,0,0,false,,gx-no-cache=1664288287120 HTTP/1.1" 200 13149
190.171.143.106 - - [27/Sep/2022:11:32:27 -0300] "GET /cormun/servlet/solicitudotadjuntos?9dcc2caddc10b3e7a6f00de495923e906c161af8cd9ba14980576c049f074bb4e71dc9273713a6e5d85fdc24a471795c,gx-no-cache=1664288290442 HTTP/1.1" 200 30
190.171.143.106 - - [27/Sep/2022:11:32:27 -0300] "POST /cormun/servlet/solicitudotadjuntos?6d31a01cfa662eea097d6673227a5620,INS,2022,19190,,1,,gx-no-cache=1664288290465 HTTP/1.1" 200 4189
190.171.143.106 - - [27/Sep/2022:11:32:29 -0300] "POST /cormun/servlet/solicitudotadjuntos?gx-no-cache=1664288292865 HTTP/1.1" 200 26
190.171.154.42 - - [27/Sep/2022:11:32:31 -0300] "GET /cormun/static/Resources/resize.gif HTTP/1.1" 200 77
190.171.154.42 - - [27/Sep/2022:11:32:31 -0300] "GET /cormun/static/Resources/PXTools/ClosePrompt.png HTTP/1.1" 200 1036
190.171.154.42 - - [27/Sep/2022:11:32:32 -0300] "GET /cormun/servlet/prfichaempleado?,MD,,gxPopupLevel%3D0%3B HTTP/1.1" 200 9192
190.171.154.42 - - [27/Sep/2022:11:32:32 -0300] "GET /cormun/static/gxcfg.js?20201215571085 HTTP/1.1" 200 953
190.171.154.42 - - [27/Sep/2022:11:32:32 -0300] "GET /cormun/static/menusearch.js?20201214473581 HTTP/1.1" 200 1424
190.171.154.42 - - [27/Sep/2022:11:32:32 -0300] "GET /cormun/static/prfichaempleado.js?20201215572193 HTTP/1.1" 200 16006
190.171.154.42 - - [27/Sep/2022:11:32:33 -0300] "GET /cormun/static/hmpwkw011.js?20201215495555 HTTP/1.1" 200 1968
190.171.154.42 - - [27/Sep/2022:11:32:33 -0300] "GET /cormun/static/Resources/PXToolsMenuSearch.png HTTP/1.1" 200 336
190.171.154.42 - - [27/Sep/2022:11:32:33 -0300] "GET /cormun/static/Resources/PXToolsMenuSearchCancel.png HTTP/1.1" 200 306
190.171.143.106 - - [27/Sep/2022:11:32:45 -0300] "GET /cormun/servlet/solicitudotadjuntos?9dcc2caddc10b3e7a6f00de495923e90aa65f5f08cad8d851d534776e452aa60,gx-no-cache=1664288308725 HTTP/1.1" 200 30
190.171.143.106 - - [27/Sep/2022:11:32:45 -0300] "GET /cormun/servlet/solicitudotadjuntos?9dcc2caddc10b3e7a6f00de495923e90aa65f5f08cad8d851d534776e452aa60,gx-no-cache=1664288308737 HTTP/1.1" 200 30
190.171.143.106 - - [27/Sep/2022:11:32:45 -0300] "POST /cormun/servlet/solicitudotadjuntos?6d31a01cfa662eea097d6673227a5620,INS,2022,19190,,1, HTTP/1.1" 200 116
190.171.143.106 - - [27/Sep/2022:11:32:45 -0300] "GET /cormun/servlet/hpexe_return? HTTP/1.1" 200 1028
190.171.143.106 - - [27/Sep/2022:11:32:45 -0300] "GET /cormun/servlet/trsolicitudadjuntos?2022,19190, HTTP/1.1" 200 9029
190.171.143.106 - - [27/Sep/2022:11:32:46 -0300] "GET /cormun/servlet/trsolicitudadjuntos?2022,19190, HTTP/1.1" 200 9021
190.171.154.42 - - [27/Sep/2022:11:32:46 -0300] "POST /cormun/servlet/prfichaempleado?3452fd64232fffcac74e5472b69a1afa,,MD,,gxPopupLevel%3D0%3B,gx-no-cache=1664288307116 HTTP/1.1" 200 3419
190.171.143.106 - - [27/Sep/2022:11:32:47 -0300] "GET /cormun/servlet/solicitudotadjuntos?INS,2022,19190,,1, HTTP/1.1" 200 6185
190.171.143.106 - - [27/Sep/2022:11:32:47 -0300] "GET /cormun/static/about:blank HTTP/1.1" 404 1011
190.171.143.106 - - [27/Sep/2022:11:32:47 -0300] "GET /cormun/servlet/solicitudotadjuntos?INS,2022,19190,,1, HTTP/1.1" 200 6178
190.171.143.106 - - [27/Sep/2022:11:32:48 -0300] "GET /cormun/servlet/solicitudotadjuntos?9dcc2caddc10b3e7a6f00de495923e906c161af8cd9ba14980576c049f074bb4e71dc9273713a6e5d85fdc24a471795c,gx-no-cache=1664288311394 HTTP/1.1" 200 30
190.171.143.106 - - [27/Sep/2022:11:32:48 -0300] "POST /cormun/servlet/solicitudotadjuntos?6d31a01cfa662eea097d6673227a5620,INS,2022,19190,,1,,gx-no-cache=1664288311409 HTTP/1.1" 200 4189
190.171.143.106 - - [27/Sep/2022:11:32:50 -0300] "POST /cormun/servlet/solicitudotadjuntos?gx-no-cache=1664288314053 HTTP/1.1" 200 26
190.171.144.234 - - [27/Sep/2022:11:32:52 -0300] "GET /cormun/servlet/hlogin HTTP/1.1" 200 1723
190.171.143.106 - - [27/Sep/2022:11:33:35 -0300] "GET /cormun/servlet/solicitudotadjuntos?9dcc2caddc10b3e7a6f00de495923e90aa65f5f08cad8d851d534776e452aa60,gx-no-cache=1664288358430 HTTP/1.1" 200 30
190.171.143.106 - - [27/Sep/2022:11:33:35 -0300] "GET /cormun/servlet/solicitudotadjuntos?9dcc2caddc10b3e7a6f00de495923e90aa65f5f08cad8d851d534776e452aa60,gx-no-cache=1664288358450 HTTP/1.1" 200 30
190.171.143.106 - - [27/Sep/2022:11:33:35 -0300] "POST /cormun/servlet/solicitudotadjuntos?6d31a01cfa662eea097d6673227a5620,INS,2022,19190,,1, HTTP/1.1" 200 116
190.171.143.106 - - [27/Sep/2022:11:33:35 -0300] "GET /cormun/servlet/hpexe_return? HTTP/1.1" 200 1028
190.171.143.106 - - [27/Sep/2022:11:33:35 -0300] "GET /cormun/servlet/trsolicitudadjuntos?2022,19190, HTTP/1.1" 200 9265
190.171.143.106 - - [27/Sep/2022:11:33:36 -0300] "GET /cormun/servlet/trsolicitudadjuntos?2022,19190, HTTP/1.1" 200 9264
190.171.143.106 - - [27/Sep/2022:11:33:37 -0300] "GET /cormun/servlet/solicitudotadjuntos?INS,2022,19190,,1, HTTP/1.1" 200 6185
190.171.143.106 - - [27/Sep/2022:11:33:37 -0300] "GET /cormun/static/about:blank HTTP/1.1" 404 1011
190.171.143.106 - - [27/Sep/2022:11:33:37 -0300] "GET /cormun/servlet/solicitudotadjuntos?INS,2022,19190,,1, HTTP/1.1" 200 6179
190.171.143.106 - - [27/Sep/2022:11:33:38 -0300] "GET /cormun/servlet/solicitudotadjuntos?9dcc2caddc10b3e7a6f00de495923e906c161af8cd9ba14980576c049f074bb4e71dc9273713a6e5d85fdc24a471795c,gx-no-cache=1664288361220 HTTP/1.1" 200 30
190.171.143.106 - - [27/Sep/2022:11:33:38 -0300] "POST /cormun/servlet/solicitudotadjuntos?6d31a01cfa662eea097d6673227a5620,INS,2022,19190,,1,,gx-no-cache=1664288361234 HTTP/1.1" 200 4189
190.171.143.106 - - [27/Sep/2022:11:33:40 -0300] "POST /cormun/servlet/solicitudotadjuntos?gx-no-cache=1664288363573 HTTP/1.1" 200 26
190.171.143.106 - - [27/Sep/2022:11:33:46 -0300] "GET /cormun/servlet/solicitudotadjuntos?9dcc2caddc10b3e7a6f00de495923e90aa65f5f08cad8d851d534776e452aa60,gx-no-cache=1664288369341 HTTP/1.1" 200 30
190.171.143.106 - - [27/Sep/2022:11:33:46 -0300] "GET /cormun/servlet/solicitudotadjuntos?9dcc2caddc10b3e7a6f00de495923e90aa65f5f08cad8d851d534776e452aa60,gx-no-cache=1664288369354 HTTP/1.1" 200 30
190.171.143.106 - - [27/Sep/2022:11:33:46 -0300] "POST /cormun/servlet/solicitudotadjuntos?6d31a01cfa662eea097d6673227a5620,INS,2022,19190,,1, HTTP/1.1" 200 116
190.171.143.106 - - [27/Sep/2022:11:33:46 -0300] "GET /cormun/servlet/hpexe_return? HTTP/1.1" 200 1028
190.171.143.106 - - [27/Sep/2022:11:33:46 -0300] "GET /cormun/servlet/trsolicitudadjuntos?2022,19190, HTTP/1.1" 200 9464
190.171.143.106 - - [27/Sep/2022:11:33:46 -0300] "GET /cormun/servlet/trsolicitudadjuntos?2022,19190, HTTP/1.1" 200 9462
190.171.143.106 - - [27/Sep/2022:11:33:48 -0300] "GET /cormun/servlet/solicitudotadjuntos?INS,2022,19190,,1, HTTP/1.1" 200 6185
190.171.143.106 - - [27/Sep/2022:11:33:48 -0300] "GET /cormun/static/about:blank HTTP/1.1" 404 1011
190.171.143.106 - - [27/Sep/2022:11:33:48 -0300] "GET /cormun/servlet/solicitudotadjuntos?INS,2022,19190,,1, HTTP/1.1" 200 6179
190.171.143.106 - - [27/Sep/2022:11:33:49 -0300] "GET /cormun/servlet/solicitudotadjuntos?9dcc2caddc10b3e7a6f00de495923e906c161af8cd9ba14980576c049f074bb4e71dc9273713a6e5d85fdc24a471795c,gx-no-cache=1664288372173 HTTP/1.1" 200 30
190.171.143.106 - - [27/Sep/2022:11:33:49 -0300] "POST /cormun/servlet/solicitudotadjuntos?6d31a01cfa662eea097d6673227a5620,INS,2022,19190,,1,,gx-no-cache=1664288372187 HTTP/1.1" 200 4189
190.171.143.106 - - [27/Sep/2022:11:33:50 -0300] "POST /cormun/servlet/solicitudotadjuntos?gx-no-cache=1664288374045 HTTP/1.1" 200 26
190.171.144.234 - - [27/Sep/2022:11:33:58 -0300] "POST /cormun/servlet/hlogin?a4f5c47fa760d9411cd1b2ea6fd96994,gx-no-cache=1664288380103 HTTP/1.1" 200 90
190.171.144.234 - - [27/Sep/2022:11:33:58 -0300] "GET /cormun/servlet/hpexe_link HTTP/1.1" 200 949
190.171.144.234 - - [27/Sep/2022:11:33:58 -0300] "GET /cormun/servlet/hhome HTTP/1.1" 200 3988
190.171.144.234 - - [27/Sep/2022:11:33:59 -0300] "GET /cormun/servlet/hhome HTTP/1.1" 200 3984
190.171.144.234 - - [27/Sep/2022:11:34:02 -0300] "GET /cormun/servlet/trpermisosgoce? HTTP/1.1" 200 11627
190.171.144.234 - - [27/Sep/2022:11:34:02 -0300] "GET /cormun/static/gxcfg.js?2020121631564 HTTP/1.1" 200 953
190.171.144.234 - - [27/Sep/2022:11:34:02 -0300] "GET /cormun/static/trpermisosgoce.js?2020121633681 HTTP/1.1" 200 35904
190.171.144.234 - - [27/Sep/2022:11:34:02 -0300] "GET /cormun//static/Resources/PXToolsGridUpdate.png HTTP/1.1" 200 470
190.171.144.234 - - [27/Sep/2022:11:34:02 -0300] "GET /cormun/servlet/trpermisosgoce? HTTP/1.1" 200 11625
190.171.144.234 - - [27/Sep/2022:11:34:02 -0300] "GET /cormun//static/Resources/PXToolsGridDelete.png HTTP/1.1" 200 538
190.171.143.106 - - [27/Sep/2022:11:34:05 -0300] "GET /cormun/servlet/solicitudotadjuntos?9dcc2caddc10b3e7a6f00de495923e90aa65f5f08cad8d851d534776e452aa60,gx-no-cache=1664288389031 HTTP/1.1" 200 30
190.171.143.106 - - [27/Sep/2022:11:34:05 -0300] "GET /cormun/servlet/solicitudotadjuntos?9dcc2caddc10b3e7a6f00de495923e90aa65f5f08cad8d851d534776e452aa60,gx-no-cache=1664288389043 HTTP/1.1" 200 30
190.171.154.42 - - [27/Sep/2022:11:34:06 -0300] "GET /cormun/servlet/solicitudot?INS,0,0,false, HTTP/1.1" 200 15981
190.171.143.106 - - [27/Sep/2022:11:34:06 -0300] "POST /cormun/servlet/solicitudotadjuntos?6d31a01cfa662eea097d6673227a5620,INS,2022,19190,,1, HTTP/1.1" 200 116
190.171.144.234 - - [27/Sep/2022:11:34:06 -0300] "GET /cormun/servlet/permisogoce?INS,0,,, HTTP/1.1" 200 6851
190.171.143.106 - - [27/Sep/2022:11:34:06 -0300] "GET /cormun/servlet/hpexe_return? HTTP/1.1" 200 1028
190.171.144.234 - - [27/Sep/2022:11:34:06 -0300] "GET /cormun/static/gxcfg.js?20201215124560 HTTP/1.1" 200 953
190.171.144.234 - - [27/Sep/2022:11:34:06 -0300] "GET /cormun/static/permisogoce.js?20201215124939 HTTP/1.1" 200 27919
190.171.144.234 - - [27/Sep/2022:11:34:06 -0300] "GET /cormun/static/Resources/prompt.gif HTTP/1.1" 200 902
190.171.143.106 - - [27/Sep/2022:11:34:06 -0300] "GET /cormun/servlet/trsolicitudadjuntos?2022,19190, HTTP/1.1" 200 9694
190.171.144.234 - - [27/Sep/2022:11:34:06 -0300] "GET /cormun/servlet/permisogoce?INS,0,,, HTTP/1.1" 200 6850
190.171.143.106 - - [27/Sep/2022:11:34:06 -0300] "GET /cormun/servlet/trsolicitudadjuntos?2022,19190, HTTP/1.1" 200 9693
190.171.154.42 - - [27/Sep/2022:11:34:08 -0300] "GET /cormun/servlet/solicitudot?INS,0,0,false, HTTP/1.1" 200 15989
190.171.154.42 - - [27/Sep/2022:11:34:08 -0300] "GET /favicon.ico HTTP/1.1" 200 21630
190.171.143.106 - - [27/Sep/2022:11:34:10 -0300] "GET /cormun/servlet/solicitudotadjuntos?INS,2022,19190,,1, HTTP/1.1" 200 6185
190.171.143.106 - - [27/Sep/2022:11:34:10 -0300] "GET /cormun/static/about:blank HTTP/1.1" 404 1011
190.171.143.106 - - [27/Sep/2022:11:34:10 -0300] "GET /cormun/servlet/solicitudotadjuntos?INS,2022,19190,,1, HTTP/1.1" 200 6179
190.171.143.106 - - [27/Sep/2022:11:34:11 -0300] "GET /cormun/servlet/solicitudotadjuntos?9dcc2caddc10b3e7a6f00de495923e906c161af8cd9ba14980576c049f074bb4e71dc9273713a6e5d85fdc24a471795c,gx-no-cache=1664288394528 HTTP/1.1" 200 30
190.171.143.106 - - [27/Sep/2022:11:34:11 -0300] "POST /cormun/servlet/solicitudotadjuntos?6d31a01cfa662eea097d6673227a5620,INS,2022,19190,,1,,gx-no-cache=1664288394542 HTTP/1.1" 200 4189
190.171.144.234 - - [27/Sep/2022:11:34:11 -0300] "GET /cormun/servlet/permisogoce?dd2f348157d90b9bcda13488fc66034ecf26a6aeb3dface97f6c5b2cfb5c1e161c1a28bf43b86abd905a7a143ed6f80b9b8b3432c2d04c0bb7c71c0e5be18fb7,gx-no-cache=1664288394840 HTTP/1.1" 200 81
190.171.143.106 - - [27/Sep/2022:11:34:14 -0300] "POST /cormun/servlet/solicitudotadjuntos?gx-no-cache=1664288397149 HTTP/1.1" 200 26
190.171.144.234 - - [27/Sep/2022:11:34:14 -0300] "GET /cormun/static/menuarrow.gif HTTP/1.1" 404 1015
190.171.143.106 - - [27/Sep/2022:11:34:19 -0300] "GET /cormun/servlet/solicitudotadjuntos?9dcc2caddc10b3e7a6f00de495923e90aa65f5f08cad8d851d534776e452aa60,gx-no-cache=1664288402269 HTTP/1.1" 200 30
190.171.143.106 - - [27/Sep/2022:11:34:19 -0300] "GET /cormun/servlet/solicitudotadjuntos?9dcc2caddc10b3e7a6f00de495923e90aa65f5f08cad8d851d534776e452aa60,gx-no-cache=1664288402281 HTTP/1.1" 200 30
190.171.143.106 - - [27/Sep/2022:11:34:19 -0300] "POST /cormun/servlet/solicitudotadjuntos?6d31a01cfa662eea097d6673227a5620,INS,2022,19190,,1, HTTP/1.1" 200 116
190.171.143.106 - - [27/Sep/2022:11:34:19 -0300] "GET /cormun/servlet/hpexe_return? HTTP/1.1" 200 1028
190.171.143.106 - - [27/Sep/2022:11:34:19 -0300] "GET /cormun/servlet/trsolicitudadjuntos?2022,19190, HTTP/1.1" 200 10059
190.171.143.106 - - [27/Sep/2022:11:34:19 -0300] "GET /cormun/servlet/trsolicitudadjuntos?2022,19190, HTTP/1.1" 200 10055
190.171.154.42 - - [27/Sep/2022:11:34:19 -0300] "POST /cormun/servlet/solicitudot?gx-no-cache=1664288400093 HTTP/1.1" 200 3891
190.171.154.42 - - [27/Sep/2022:11:34:20 -0300] "POST /cormun/servlet/solicitudot?3452fd64232fffcac74e5472b69a1afa,INS,0,0,false,,gx-no-cache=1664288400343 HTTP/1.1" 200 12739
190.171.143.106 - - [27/Sep/2022:11:34:21 -0300] "GET /cormun/servlet/solicitudotadjuntos?INS,2022,19190,,1, HTTP/1.1" 200 6185
190.171.143.106 - - [27/Sep/2022:11:34:21 -0300] "GET /cormun/static/about:blank HTTP/1.1" 404 1011
190.171.143.106 - - [27/Sep/2022:11:34:21 -0300] "GET /cormun/servlet/solicitudotadjuntos?INS,2022,19190,,1, HTTP/1.1" 200 6179
190.171.143.106 - - [27/Sep/2022:11:34:22 -0300] "GET /cormun/servlet/solicitudotadjuntos?9dcc2caddc10b3e7a6f00de495923e906c161af8cd9ba14980576c049f074bb4e71dc9273713a6e5d85fdc24a471795c,gx-no-cache=1664288405201 HTTP/1.1" 200 30
190.171.143.106 - - [27/Sep/2022:11:34:22 -0300] "POST /cormun/servlet/solicitudotadjuntos?6d31a01cfa662eea097d6673227a5620,INS,2022,19190,,1,,gx-no-cache=1664288405215 HTTP/1.1" 200 4189
190.171.144.234 - - [27/Sep/2022:11:34:23 -0300] "GET /cormun/servlet/permisogoce?dd2f348157d90b9bcda13488fc66034e4b0e410c7b7490b7ad8d6e233aebe4f5a84570e1dad851306d4cd8abbfdd66807041aa5d5dd39b983cf5a111c80302c4,gx-no-cache=1664288406680 HTTP/1.1" 200 47
190.171.143.106 - - [27/Sep/2022:11:34:24 -0300] "POST /cormun/servlet/solicitudotadjuntos?gx-no-cache=1664288407181 HTTP/1.1" 200 26
190.171.154.42 - - [27/Sep/2022:11:34:24 -0300] "GET /cormun/servlet/solicitudot?e9b5a6c1de00ef495fbb4d2d8160b3c7ae30220b7baeb1aef31f88dbc90cbef9c8920a8c71163fc021a97b86a784d74c,gx-no-cache=1664288404468 HTTP/1.1" 200 30
190.171.144.234 - - [27/Sep/2022:11:34:25 -0300] "POST /cormun/servlet/permisogoce?a4f5c47fa760d9411cd1b2ea6fd96994,INS,0,,,,gx-no-cache=1664288408256 HTTP/1.1" 200 93
190.171.144.234 - - [27/Sep/2022:11:34:25 -0300] "GET /cormun/servlet/hpexe_return? HTTP/1.1" 200 1009
190.171.144.234 - - [27/Sep/2022:11:34:25 -0300] "GET /cormun/static/gxcfg.js?201991422392976 HTTP/1.1" 200 953
190.171.144.234 - - [27/Sep/2022:11:34:25 -0300] "GET /cormun/static/hpexe_return.js?201991422392984 HTTP/1.1" 200 1633
190.171.144.234 - - [27/Sep/2022:11:34:25 -0300] "GET /cormun/servlet/trpermisosgoce HTTP/1.1" 200 11878
190.171.144.234 - - [27/Sep/2022:11:34:26 -0300] "GET /cormun/servlet/trpermisosgoce HTTP/1.1" 200 11873
190.171.143.106 - - [27/Sep/2022:11:34:28 -0300] "GET /cormun/servlet/solicitudotadjuntos?9dcc2caddc10b3e7a6f00de495923e90aa65f5f08cad8d851d534776e452aa60,gx-no-cache=1664288411389 HTTP/1.1" 200 30
190.171.143.106 - - [27/Sep/2022:11:34:28 -0300] "GET /cormun/servlet/solicitudotadjuntos?9dcc2caddc10b3e7a6f00de495923e90aa65f5f08cad8d851d534776e452aa60,gx-no-cache=1664288411401 HTTP/1.1" 200 30
190.171.143.106 - - [27/Sep/2022:11:34:28 -0300] "POST /cormun/servlet/solicitudotadjuntos?6d31a01cfa662eea097d6673227a5620,INS,2022,19190,,1, HTTP/1.1" 200 116
190.171.143.106 - - [27/Sep/2022:11:34:28 -0300] "GET /cormun/servlet/hpexe_return? HTTP/1.1" 200 1028
190.171.143.106 - - [27/Sep/2022:11:34:28 -0300] "GET /cormun/servlet/trsolicitudadjuntos?2022,19190, HTTP/1.1" 200 10216
190.171.143.106 - - [27/Sep/2022:11:34:29 -0300] "GET /cormun/servlet/trsolicitudadjuntos?2022,19190, HTTP/1.1" 200 10211
190.171.143.106 - - [27/Sep/2022:11:34:32 -0300] "GET /cormun/servlet/trsolicitudot? HTTP/1.1" 200 10187
190.171.143.106 - - [27/Sep/2022:11:34:32 -0300] "GET /cormun/servlet/trsolicitudot? HTTP/1.1" 200 10180
