190.171.152.234 - - [27/Sep/2022:15:37:31 -0300] "GET /cormun/static/menuarrow.gif HTTP/1.1" 404 1015
190.171.152.234 - - [27/Sep/2022:15:37:41 -0300] "GET /cormun/servlet/solicitudot?4f08c4f3af8de9e985537c44a7fe215cf99e4d94128a6483a7d829ba6d85ef57c34337aeaa8c05e3450e1077d89b1c97,gx-no-cache=1664303069448 HTTP/1.1" 200 30
190.171.149.74 - - [27/Sep/2022:15:37:44 -0300] "GET /cormun/servlet/trpermisosadjuntos?13945167,20220829121136,P, HTTP/1.1" 200 6125
190.171.149.74 - - [27/Sep/2022:15:37:44 -0300] "GET /cormun/servlet/trpermisosadjuntos?13945167,20220829121136,P, HTTP/1.1" 200 6124
190.171.149.74 - - [27/Sep/2022:15:37:46 -0300] "GET /cormun/servlet/permisosadjuntos?INS,13945167,P,20220829121136,, HTTP/1.1" 200 5631
190.171.149.74 - - [27/Sep/2022:15:37:46 -0300] "GET /cormun/static/about:blank HTTP/1.1" 404 1011
190.171.149.74 - - [27/Sep/2022:15:37:47 -0300] "GET /cormun/servlet/permisosadjuntos?INS,13945167,P,20220829121136,, HTTP/1.1" 200 5622
190.171.152.234 - - [27/Sep/2022:15:38:05 -0300] "POST /cormun/servlet/solicitudot?gx-no-cache=1664303093345 HTTP/1.1" 200 33
190.171.149.74 - - [27/Sep/2022:15:38:16 -0300] "POST /cormun/servlet/permisosadjuntos?d499d1abdbee8c215763a61449760cea,INS,13945167,P,20220829121136,, HTTP/1.1" 200 116
190.171.149.74 - - [27/Sep/2022:15:38:16 -0300] "GET /cormun/servlet/hpexe_return? HTTP/1.1" 200 1042
190.171.149.74 - - [27/Sep/2022:15:38:16 -0300] "GET /cormun/servlet/trpermisosadjuntos?13945167,20220829121136,P, HTTP/1.1" 200 6684
190.171.149.74 - - [27/Sep/2022:15:38:17 -0300] "GET /cormun/servlet/trpermisosadjuntos?13945167,20220829121136,P, HTTP/1.1" 200 6681
190.171.149.74 - - [27/Sep/2022:15:38:21 -0300] "GET /cormun/servlet/trpermisosgoce? HTTP/1.1" 200 19137
190.171.149.74 - - [27/Sep/2022:15:38:21 -0300] "GET /cormun/servlet/trpermisosgoce? HTTP/1.1" 200 19130
190.171.149.74 - - [27/Sep/2022:15:38:38 -0300] "POST /cormun/servlet/trpermisosgoce?d499d1abdbee8c215763a61449760cea,,gx-no-cache=1664306666323 HTTP/1.1" 200 16469
190.171.149.74 - - [27/Sep/2022:15:38:38 -0300] "GET /cormun/static/Shared/jqueryui/images/ui-bg_highlight-soft_100_c6c2c8_1x100.png HTTP/1.1" 404 1117
190.171.149.74 - - [27/Sep/2022:15:38:38 -0300] "GET /cormun/static/Shared/jqueryui/images/ui-icons_82798d_256x240.png HTTP/1.1" 404 1089
190.171.149.74 - - [27/Sep/2022:15:38:38 -0300] "GET /cormun/static/Shared/jqueryui/images/ui-bg_flat_55_fafafa_40x100.png HTTP/1.1" 404 1097
190.171.149.74 - - [27/Sep/2022:15:38:38 -0300] "GET /cormun/static/Shared/jqueryui/images/ui-icons_8d78a5_256x240.png HTTP/1.1" 404 1089
192.168.10.17 - - [27/Sep/2022:15:39:44 -0300] "GET /cormun/servlet/trsolicitudgral? HTTP/1.1" 200 15181
192.168.10.17 - - [27/Sep/2022:15:39:44 -0300] "GET /cormun/servlet/trsolicitudgral? HTTP/1.1" 200 15175
190.171.149.74 - - [27/Sep/2022:15:39:51 -0300] "GET /cormun/servlet/trpermisosadjuntos?7452197,20220826125135,P, HTTP/1.1" 200 6130
190.171.149.74 - - [27/Sep/2022:15:39:51 -0300] "GET /cormun/servlet/trpermisosadjuntos?7452197,20220826125135,P, HTTP/1.1" 200 6130
190.171.149.74 - - [27/Sep/2022:15:39:53 -0300] "GET /cormun/servlet/permisosadjuntos?INS,7452197,P,20220826125135,, HTTP/1.1" 200 5634
190.171.149.74 - - [27/Sep/2022:15:39:53 -0300] "GET /cormun/static/about:blank HTTP/1.1" 404 1011
190.171.149.74 - - [27/Sep/2022:15:39:53 -0300] "GET /cormun/servlet/permisosadjuntos?INS,7452197,P,20220826125135,, HTTP/1.1" 200 5624
186.67.71.112 - - [27/Sep/2022:15:39:53 -0300] "GET /cormun/servlet/hlogin HTTP/1.1" 200 1726
186.67.71.112 - - [27/Sep/2022:15:39:54 -0300] "GET /cormun/static/gxtimezone.js?85251 HTTP/1.1" 200 5781
186.67.71.112 - - [27/Sep/2022:15:39:54 -0300] "GET /cormun/static/gxcfg.js?201910216285969 HTTP/1.1" 200 953
186.67.71.112 - - [27/Sep/2022:15:39:54 -0300] "GET /cormun/static/Resources/Spanish/PXTools.css?2294816 HTTP/1.1" 200 100853
186.67.71.112 - - [27/Sep/2022:15:39:54 -0300] "GET /cormun/static/messages.spa.js?85251 HTTP/1.1" 200 30736
186.67.71.112 - - [27/Sep/2022:15:39:54 -0300] "GET /cormun/static/hlogin.js?201910216285995 HTTP/1.1" 200 2136
186.67.71.112 - - [27/Sep/2022:15:39:55 -0300] "GET /cormun/static/Resources/Logo2019_Grande.png HTTP/1.1" 200 31733
186.67.71.112 - - [27/Sep/2022:15:39:59 -0300] "GET /cormun/static/gxgral.js?85251 HTTP/1.1" 200 384558
186.67.71.112 - - [27/Sep/2022:15:40:00 -0300] "GET /cormun/static/Resources/PXToolsLoginTop.png HTTP/1.1" 200 1337
186.67.71.112 - - [27/Sep/2022:15:40:00 -0300] "GET /cormun/static/Resources/PXToolsLoginBackground.png HTTP/1.1" 200 1164
186.67.71.112 - - [27/Sep/2022:15:40:00 -0300] "GET /cormun/static/Resources/PXToolsButtonLeft.png HTTP/1.1" 200 1310
186.67.71.112 - - [27/Sep/2022:15:40:00 -0300] "GET /cormun/static/Resources/PXToolsButtonRight.png HTTP/1.1" 200 1294
186.67.71.112 - - [27/Sep/2022:15:40:00 -0300] "GET /cormun/static/Resources/PXToolsButtonBackground.png HTTP/1.1" 200 1176
186.67.71.112 - - [27/Sep/2022:15:40:00 -0300] "GET /cormun/static/Resources/indicator.gif HTTP/1.1" 200 1553
186.67.71.112 - - [27/Sep/2022:15:40:00 -0300] "GET /cormun/servlet/hlogin HTTP/1.1" 200 1737
186.67.71.112 - - [27/Sep/2022:15:40:00 -0300] "GET /cormun/static/Resources/PXToolsLoginBottom.png HTTP/1.1" 200 1389
186.67.71.112 - - [27/Sep/2022:15:40:00 -0300] "GET /favicon.ico HTTP/1.1" 200 21630
192.168.10.17 - - [27/Sep/2022:15:40:01 -0300] "GET /cormun/servlet/vesolicitudgral?2022,19162,, HTTP/1.1" 200 8365
192.168.10.17 - - [27/Sep/2022:15:40:01 -0300] "GET /cormun/pexe_scrolldiv.js HTTP/1.1" 404 1009
192.168.10.17 - - [27/Sep/2022:15:40:01 -0300] "GET /cormun/servlet/vesolicitudgral?2022,19162,, HTTP/1.1" 200 8364
190.171.149.74 - - [27/Sep/2022:15:40:12 -0300] "GET /cormun/servlet/trpermisosgoce? HTTP/1.1" 200 19149
190.171.149.74 - - [27/Sep/2022:15:40:12 -0300] "GET /cormun/servlet/trpermisosgoce? HTTP/1.1" 200 19142
190.171.152.234 - - [27/Sep/2022:15:40:20 -0300] "POST /cormun/servlet/solicitudot?df1f85f9493024b15d48912d98b0167a,INS,0,0,false,,gx-no-cache=1664303227606 HTTP/1.1" 200 93
190.171.152.234 - - [27/Sep/2022:15:40:20 -0300] "GET /cormun/servlet/hpexe_return? HTTP/1.1" 200 1008
190.171.152.234 - - [27/Sep/2022:15:40:20 -0300] "GET /cormun/static/gxcfg.js?201991422392976 HTTP/1.1" 200 953
190.171.152.234 - - [27/Sep/2022:15:40:20 -0300] "GET /cormun/static/hpexe_return.js?201991422392984 HTTP/1.1" 200 1633
190.171.152.234 - - [27/Sep/2022:15:40:20 -0300] "GET /cormun/servlet/trsolicitudot HTTP/1.1" 200 8930
190.171.152.234 - - [27/Sep/2022:15:40:20 -0300] "GET /cormun//static/Resources/PXToolsActionView.png HTTP/1.1" 200 398
190.171.152.234 - - [27/Sep/2022:15:40:20 -0300] "GET /cormun//static/Resources/PXToolsGridUpdate.png HTTP/1.1" 200 470
190.171.152.234 - - [27/Sep/2022:15:40:20 -0300] "GET /cormun//static/Resources/PXToolsRemoveAllAction.png HTTP/1.1" 200 487
190.171.152.234 - - [27/Sep/2022:15:40:20 -0300] "GET /cormun//static/Resources/PXToolsGridDelete.png HTTP/1.1" 200 538
190.171.152.234 - - [27/Sep/2022:15:40:21 -0300] "GET /cormun/servlet/trsolicitudot HTTP/1.1" 200 8926
192.168.10.17 - - [27/Sep/2022:15:40:21 -0300] "GET /cormun/servlet/vesolicitudgral?2022,19162,,SolicitudOTAdjuntos HTTP/1.1" 200 7039
192.168.10.17 - - [27/Sep/2022:15:40:21 -0300] "GET /cormun/pexe_scrolldiv.js HTTP/1.1" 404 1009
192.168.10.17 - - [27/Sep/2022:15:40:21 -0300] "GET /cormun/servlet/vesolicitudgral?2022,19162,,SolicitudOTAdjuntos HTTP/1.1" 200 7040
192.168.10.17 - - [27/Sep/2022:15:40:22 -0300] "POST /cormun/servlet/acontrolpreferencessavestate?None,RRHH+DANIELA,true HTTP/1.1" 200 35
192.168.10.17 - - [27/Sep/2022:15:40:26 -0300] "GET /cormun/servlet/vesolicitudgral?2022,19162,,General HTTP/1.1" 200 8368
192.168.10.17 - - [27/Sep/2022:15:40:26 -0300] "GET /cormun/pexe_scrolldiv.js HTTP/1.1" 404 1009
192.168.10.17 - - [27/Sep/2022:15:40:27 -0300] "GET /cormun/servlet/vesolicitudgral?2022,19162,,General HTTP/1.1" 200 8368
190.171.141.114 - - [27/Sep/2022:15:40:33 -0300] "GET /cormun/servlet/hlogin HTTP/1.1" 200 1723
190.171.152.234 - - [27/Sep/2022:15:40:34 -0300] "POST /cormun/servlet/trsolicitudot?df1f85f9493024b15d48912d98b0167a,gx-no-cache=1664303242462 HTTP/1.1" 200 111
190.171.152.234 - - [27/Sep/2022:15:40:34 -0300] "GET /cormun/servlet/solicitudot?UPD,2022,19192,false, HTTP/1.1" 200 16597
190.171.152.234 - - [27/Sep/2022:15:40:35 -0300] "GET /cormun/servlet/solicitudot?UPD,2022,19192,false, HTTP/1.1" 200 16608
190.171.152.234 - - [27/Sep/2022:15:40:35 -0300] "POST /cormun/servlet/solicitudot?gx-no-cache=1664303243647 HTTP/1.1" 200 3945
190.171.152.234 - - [27/Sep/2022:15:40:35 -0300] "POST /cormun/servlet/solicitudot?df1f85f9493024b15d48912d98b0167a,UPD,2022,19192,false,,gx-no-cache=1664303243771 HTTP/1.1" 200 12863
190.171.152.234 - - [27/Sep/2022:15:40:35 -0300] "GET /cormun/servlet/solicitudot?4f08c4f3af8de9e985537c44a7fe215cc0de24a5cf82415d2733d73f74ae94543cab935f8e164496f240137c97c9dad9,gx-no-cache=1664303243956 HTTP/1.1" 200 30
190.171.152.234 - - [27/Sep/2022:15:40:36 -0300] "GET /cormun/servlet/solicitudot?4f08c4f3af8de9e985537c44a7fe215ce079f4e38bd9690ff2f78e09db2bb5028e425d979a55a6d7ccbed9e504b3d857432e822ff47c541591b26ea08606bb41,gx-no-cache=1664303243987 HTTP/1.1" 200 30
190.171.152.234 - - [27/Sep/2022:15:40:36 -0300] "GET /cormun/servlet/solicitudot?4f08c4f3af8de9e985537c44a7fe215c0112b007a818c469a21d185ace514ab7c1adc6ede90106532df7051c8b7c577d426ad83186271d2006d1edfd9eae1264,gx-no-cache=1664303244015 HTTP/1.1" 200 53
190.171.152.234 - - [27/Sep/2022:15:40:36 -0300] "POST /cormun/servlet/solicitudot?gx-no-cache=1664303244052 HTTP/1.1" 200 256
190.171.152.234 - - [27/Sep/2022:15:40:36 -0300] "GET /cormun/servlet/solicitudot?4f08c4f3af8de9e985537c44a7fe215c6e6ccdd54b19f8e05526aed271f7fba4d01db73d9258d045da05f6959febb97647d6ff9e01496eb9967d9af7c561a62e3d43087d774e4694606af0c2185daab14df5eb35a7c700bdd8c97f4ccc2b63c5118947564886b8b376e8c6cdba31185c103a1d806df394193b264fc2ee5df8a8ca87072dc62830fecff3192f4bd21ad95746755d049e04ce5a8751051471badb78cd1dfd39db3bf1ca52ea14202a696be2eea348bb95bf82290c46d37c6a3fe8cb78c293aeeef4d0fb86bf78fcf7b80192ba42b83f05bf92ac00579d0ad4ce38d477a397a6021a94deb01efe28c1e19994bf55b78bd387c50a63f049f85d831240d88c817e16701e8a91fd9cf6b80b5a208c442feaf2fc3b645cb315cc410d17eae818986d8d16197c22e4fd8c7944278575a61646969926009f290fffe067aa2758a7de5513c7010852028bf57b478ee2fb8bfde91cdcc735c4c40a6805790780f4bbae216c50dffeec1858567fe89ed4f92ac76f64dca79715fc7774de067d,gx-no-cache=1664303244117 HTTP/1.1" 200 30
190.171.152.234 - - [27/Sep/2022:15:40:36 -0300] "POST /cormun/servlet/solicitudot?gx-no-cache=1664303244138 HTTP/1.1" 200 30
190.171.152.234 - - [27/Sep/2022:15:40:36 -0300] "POST /cormun/servlet/solicitudot?gx-no-cache=1664303244166 HTTP/1.1" 200 1468
190.171.152.234 - - [27/Sep/2022:15:40:36 -0300] "POST /cormun/servlet/solicitudot?gx-no-cache=1664303244200 HTTP/1.1" 200 41
190.171.152.234 - - [27/Sep/2022:15:40:37 -0300] "GET /cormun/servlet/solicitudot?4f08c4f3af8de9e985537c44a7fe215cb12cdc51baab7aea28d7e712863638109bc664ae2d5889d3a4229e58e4db4b812ba9ddb286e62ae24b5a4aec45b80590b3f614e21207562fb55cef6ebd1f12bcf9e39f0116a494daf4747834671d8089bd42575963d62b1a9a6878872d2937c7,gx-no-cache=1664303245816 HTTP/1.1" 200 110
190.171.152.234 - - [27/Sep/2022:15:40:37 -0300] "POST /cormun/servlet/solicitudot?gx-no-cache=1664303245839 HTTP/1.1" 200 110
190.171.152.234 - - [27/Sep/2022:15:40:37 -0300] "GET /cormun/servlet/solicitudot?4f08c4f3af8de9e985537c44a7fe215cc7221b87c51828159702fed389c5937f6035410ab56f6340dd5c2590f4bf488e6a99294d5f0fca2844bcc442aad0558403ea55a233bff45ab39da36f6883eb951b7e5c9b798d93e4370b407822dcbfffbc3a45eff176244b8f50201011c3d20dcabc50a0523d7fa5149345b78b9503bd40c9a8228a30f3c4b3a4f9977bb7d24e887fb4d53a9af81387ab148e289fce62,gx-no-cache=1664303245864 HTTP/1.1" 200 29
190.171.152.234 - - [27/Sep/2022:15:40:37 -0300] "GET /cormun/servlet/solicitudot?4f08c4f3af8de9e985537c44a7fe215cf99e4d94128a6483a7d829ba6d85ef57c34337aeaa8c05e3450e1077d89b1c97,gx-no-cache=1664303245884 HTTP/1.1" 200 30
190.171.152.234 - - [27/Sep/2022:15:40:37 -0300] "POST /cormun/servlet/solicitudot?gx-no-cache=1664303245905 HTTP/1.1" 200 33
190.171.141.114 - - [27/Sep/2022:15:40:40 -0300] "POST /cormun/servlet/hlogin?868dea5de120fe4189a8f972a311826c,gx-no-cache=1664303179271 HTTP/1.1" 200 90
190.171.141.114 - - [27/Sep/2022:15:40:40 -0300] "GET /cormun/servlet/hpexe_link HTTP/1.1" 200 952
190.171.141.114 - - [27/Sep/2022:15:40:40 -0300] "GET /cormun/servlet/hhome HTTP/1.1" 200 4004
190.171.141.114 - - [27/Sep/2022:15:40:40 -0300] "GET /cormun/servlet/hhome HTTP/1.1" 200 4000
190.171.141.114 - - [27/Sep/2022:15:40:43 -0300] "GET /cormun/servlet/trpermisosgoce? HTTP/1.1" 200 11736
190.171.141.114 - - [27/Sep/2022:15:40:43 -0300] "GET /cormun/servlet/trpermisosgoce? HTTP/1.1" 200 11734
190.171.152.234 - - [27/Sep/2022:15:41:32 -0300] "GET /cormun/servlet/solicitudot?4f08c4f3af8de9e985537c44a7fe215c6e6ccdd54b19f8e05526aed271f7fba4d01db73d9258d045da05f6959febb97647d6ff9e01496eb9967d9af7c561a62e3d43087d774e4694606af0c2185daab14df5eb35a7c700bdd8c97f4ccc2b63c5118947564886b8b376e8c6cdba31185c103a1d806df394193b264fc2ee5df8a8ca87072dc62830fecff3192f4bd21ad95746755d049e04ce5a8751051471badb78cd1dfd39db3bf1ca52ea14202a696be2eea348bb95bf82290c46d37c6a3fe8cb78c293aeeef4d0fb86bf78fcf7b80192ba42b83f05bf92ac00579d0ad4ce38d477a397a6021a94deb01efe28c1e19994bf55b78bd387c50a63f049f85d831240d88c817e16701e8a91fd9cf6b80b5a208c442feaf2fc3b645cb315cc410d17eae818986d8d16197c22e4fd8c7944278575a61646969926009f290fffe067aa2758a7de5513c7010852028bf57b478ee2fb8bfde91cdcc735c4c40a6805790780f4bbae216c50dffeec1858567fe89ed4f92ac76f64dca79715fc7774de067d,gx-no-cache=1664303300906 HTTP/1.1" 200 30
190.171.152.234 - - [27/Sep/2022:15:41:32 -0300] "POST /cormun/servlet/solicitudot?gx-no-cache=1664303300934 HTTP/1.1" 200 30
190.171.152.234 - - [27/Sep/2022:15:41:33 -0300] "POST /cormun/servlet/solicitudot?gx-no-cache=1664303300958 HTTP/1.1" 200 1468
190.171.152.234 - - [27/Sep/2022:15:41:33 -0300] "POST /cormun/servlet/solicitudot?gx-no-cache=1664303300995 HTTP/1.1" 200 41
190.171.152.234 - - [27/Sep/2022:15:41:33 -0300] "GET /cormun/servlet/solicitudot?4f08c4f3af8de9e985537c44a7fe215cb12cdc51baab7aea28d7e712863638109bc664ae2d5889d3a4229e58e4db4b812ba9ddb286e62ae24b5a4aec45b80590b3f614e21207562fb55cef6ebd1f12bcf9e39f0116a494daf4747834671d8089bd42575963d62b1a9a6878872d2937c7,gx-no-cache=1664303301023 HTTP/1.1" 200 110
190.171.152.234 - - [27/Sep/2022:15:41:46 -0300] "POST /cormun/servlet/solicitudot?gx-no-cache=1664303314260 HTTP/1.1" 200 110
190.171.141.114 - - [27/Sep/2022:15:42:04 -0300] "GET /cormun/servlet/trpermisosadjuntos?13096115,20220926081622,P, HTTP/1.1" 200 6321
190.171.141.114 - - [27/Sep/2022:15:42:05 -0300] "GET /cormun/servlet/trpermisosadjuntos?13096115,20220926081622,P, HTTP/1.1" 200 6321
190.171.141.114 - - [27/Sep/2022:15:42:07 -0300] "GET /cormun/servlet/permisosadjuntos?INS,13096115,P,20220926081622,, HTTP/1.1" 200 5642
190.171.141.114 - - [27/Sep/2022:15:42:07 -0300] "GET /cormun/static/about:blank HTTP/1.1" 404 1011
190.171.141.114 - - [27/Sep/2022:15:42:07 -0300] "GET /cormun/servlet/permisosadjuntos?INS,13096115,P,20220926081622,, HTTP/1.1" 200 5632
190.171.152.234 - - [27/Sep/2022:15:42:13 -0300] "GET /cormun/servlet/solicitudot?4f08c4f3af8de9e985537c44a7fe215cf99e4d94128a6483a7d829ba6d85ef57c34337aeaa8c05e3450e1077d89b1c97,gx-no-cache=1664303341043 HTTP/1.1" 200 30
192.168.10.17 - - [27/Sep/2022:15:42:13 -0300] "GET /cormun/servlet/trsolicitudgral? HTTP/1.1" 200 14675
190.171.152.234 - - [27/Sep/2022:15:42:13 -0300] "POST /cormun/servlet/solicitudot?gx-no-cache=1664303341080 HTTP/1.1" 200 33
190.171.152.234 - - [27/Sep/2022:15:42:13 -0300] "POST /cormun/servlet/solicitudot?df1f85f9493024b15d48912d98b0167a,UPD,2022,19192,false,,gx-no-cache=1664303341141 HTTP/1.1" 200 93
190.171.152.234 - - [27/Sep/2022:15:42:13 -0300] "GET /cormun/servlet/hpexe_return? HTTP/1.1" 200 1015
192.168.10.17 - - [27/Sep/2022:15:42:13 -0300] "GET /cormun/servlet/trsolicitudgral? HTTP/1.1" 200 14669
190.171.152.234 - - [27/Sep/2022:15:42:13 -0300] "GET /cormun/servlet/trsolicitudot HTTP/1.1" 200 8914
190.171.152.234 - - [27/Sep/2022:15:42:14 -0300] "GET /cormun/servlet/trsolicitudot HTTP/1.1" 200 8909
190.171.141.114 - - [27/Sep/2022:15:42:15 -0300] "POST /cormun/servlet/permisosadjuntos?868dea5de120fe4189a8f972a311826c,INS,13096115,P,20220926081622,, HTTP/1.1" 200 116
190.171.141.114 - - [27/Sep/2022:15:42:15 -0300] "GET /cormun/servlet/hpexe_return? HTTP/1.1" 200 1038
190.171.141.114 - - [27/Sep/2022:15:42:15 -0300] "GET /cormun/servlet/trpermisosadjuntos?13096115,20220926081622,P, HTTP/1.1" 200 6795
190.171.141.114 - - [27/Sep/2022:15:42:16 -0300] "GET /cormun/servlet/trpermisosadjuntos?13096115,20220926081622,P, HTTP/1.1" 200 6791
190.171.152.234 - - [27/Sep/2022:15:42:18 -0300] "POST /cormun/servlet/trsolicitudot?df1f85f9493024b15d48912d98b0167a,gx-no-cache=1664303346034 HTTP/1.1" 200 6082
190.171.152.234 - - [27/Sep/2022:15:42:18 -0300] "GET /cormun/static/Shared/jqueryui/images/ui-bg_highlight-soft_100_c6c2c8_1x100.png HTTP/1.1" 404 1117
190.171.152.234 - - [27/Sep/2022:15:42:18 -0300] "GET /cormun/static/Shared/jqueryui/images/ui-icons_82798d_256x240.png HTTP/1.1" 404 1089
190.171.152.234 - - [27/Sep/2022:15:42:18 -0300] "GET /cormun/static/Shared/jqueryui/images/ui-bg_flat_55_fafafa_40x100.png HTTP/1.1" 404 1097
190.171.152.234 - - [27/Sep/2022:15:42:18 -0300] "GET /cormun/static/Shared/jqueryui/images/ui-icons_8d78a5_256x240.png HTTP/1.1" 404 1089
190.171.141.114 - - [27/Sep/2022:15:42:19 -0300] "POST /cormun/servlet/trpermisosadjuntos?868dea5de120fe4189a8f972a311826c,13096115,20220926081622,P,,gx-no-cache=1664303278483 HTTP/1.1" 200 90
190.171.141.114 - - [27/Sep/2022:15:42:19 -0300] "GET /cormun/servlet/hpexe_link HTTP/1.1" 200 985
190.171.141.114 - - [27/Sep/2022:15:42:19 -0300] "GET /cormun/servlet/trpermisosgoce HTTP/1.1" 200 11735
190.171.141.114 - - [27/Sep/2022:15:42:20 -0300] "GET /cormun/servlet/trpermisosgoce HTTP/1.1" 200 11734
190.171.152.234 - - [27/Sep/2022:15:42:21 -0300] "POST /cormun/servlet/trsolicitudot?df1f85f9493024b15d48912d98b0167a,gx-no-cache=1664303349618 HTTP/1.1" 200 6081
190.171.141.114 - - [27/Sep/2022:15:42:24 -0300] "GET /cormun/servlet/trpermisosadjuntos?8176952,20220922101523,P, HTTP/1.1" 200 6320
190.171.141.114 - - [27/Sep/2022:15:42:24 -0300] "GET /cormun/servlet/trpermisosadjuntos?8176952,20220922101523,P, HTTP/1.1" 200 6320
190.171.152.234 - - [27/Sep/2022:15:42:27 -0300] "POST /cormun/servlet/trsolicitudot?df1f85f9493024b15d48912d98b0167a,gx-no-cache=1664303354931 HTTP/1.1" 200 4858
190.171.152.234 - - [27/Sep/2022:15:42:27 -0300] "POST /cormun/servlet/trsolicitudot?df1f85f9493024b15d48912d98b0167a,gx-no-cache=1664303355101 HTTP/1.1" 200 4624
190.171.141.114 - - [27/Sep/2022:15:42:27 -0300] "GET /cormun/servlet/permisosadjuntos?INS,8176952,P,20220922101523,, HTTP/1.1" 200 5640
190.171.141.114 - - [27/Sep/2022:15:42:27 -0300] "GET /cormun/static/about:blank HTTP/1.1" 404 1011
190.171.141.114 - - [27/Sep/2022:15:42:27 -0300] "GET /cormun/servlet/permisosadjuntos?INS,8176952,P,20220922101523,, HTTP/1.1" 200 5630
190.171.152.234 - - [27/Sep/2022:15:42:30 -0300] "GET /cormun/servlet/trautorizarsolicitud? HTTP/1.1" 200 8798
190.171.152.234 - - [27/Sep/2022:15:42:30 -0300] "GET /cormun/static/gxcfg.js?201991422414522 HTTP/1.1" 200 953
190.171.152.234 - - [27/Sep/2022:15:42:31 -0300] "GET /cormun/static/trautorizarsolicitud.js?201991422415463 HTTP/1.1" 200 53910
190.171.152.234 - - [27/Sep/2022:15:42:31 -0300] "GET /cormun/servlet/trautorizarsolicitud? HTTP/1.1" 200 8798
190.171.141.114 - - [27/Sep/2022:15:42:38 -0300] "POST /cormun/servlet/permisosadjuntos?868dea5de120fe4189a8f972a311826c,INS,8176952,P,20220922101523,, HTTP/1.1" 200 116
190.171.141.114 - - [27/Sep/2022:15:42:38 -0300] "GET /cormun/servlet/hpexe_return? HTTP/1.1" 200 1038
190.171.141.114 - - [27/Sep/2022:15:42:39 -0300] "GET /cormun/servlet/trpermisosadjuntos?8176952,20220922101523,P, HTTP/1.1" 200 6790
190.171.141.114 - - [27/Sep/2022:15:42:39 -0300] "GET /cormun/servlet/trpermisosadjuntos?8176952,20220922101523,P, HTTP/1.1" 200 6785
190.171.152.234 - - [27/Sep/2022:15:42:42 -0300] "POST /cormun/servlet/trautorizarsolicitud?df1f85f9493024b15d48912d98b0167a,,gx-no-cache=1664303370396 HTTP/1.1" 200 4785
190.171.152.234 - - [27/Sep/2022:15:42:42 -0300] "GET /cormun/static/Shared/jqueryui/images/ui-bg_highlight-soft_100_c6c2c8_1x100.png HTTP/1.1" 404 1117
190.171.152.234 - - [27/Sep/2022:15:42:42 -0300] "GET /cormun/static/Shared/jqueryui/images/ui-bg_flat_55_fafafa_40x100.png HTTP/1.1" 404 1097
190.171.152.234 - - [27/Sep/2022:15:42:42 -0300] "GET /cormun/static/Shared/jqueryui/images/ui-icons_8d78a5_256x240.png HTTP/1.1" 404 1089
190.171.152.234 - - [27/Sep/2022:15:42:42 -0300] "GET /cormun/static/Shared/jqueryui/images/ui-icons_82798d_256x240.png HTTP/1.1" 404 1089
190.171.152.234 - - [27/Sep/2022:15:42:42 -0300] "POST /cormun/servlet/trautorizarsolicitud?df1f85f9493024b15d48912d98b0167a,,gx-no-cache=1664303370556 HTTP/1.1" 200 4551
190.171.141.114 - - [27/Sep/2022:15:42:47 -0300] "GET /cormun/servlet/trpermisosgoce? HTTP/1.1" 200 11734
190.171.141.114 - - [27/Sep/2022:15:42:47 -0300] "GET /cormun/servlet/trpermisosgoce? HTTP/1.1" 200 11734
190.171.152.234 - - [27/Sep/2022:15:43:08 -0300] "GET /cormun/servlet/trsolicitudot? HTTP/1.1" 200 7494
190.171.152.234 - - [27/Sep/2022:15:43:08 -0300] "GET /cormun/servlet/trsolicitudot? HTTP/1.1" 200 7494
190.171.141.114 - - [27/Sep/2022:15:43:08 -0300] "POST /cormun/servlet/trpermisosgoce?868dea5de120fe4189a8f972a311826c,,gx-no-cache=1664303327409 HTTP/1.1" 200 8962
190.171.141.114 - - [27/Sep/2022:15:43:09 -0300] "GET /cormun/static/Shared/jqueryui/images/ui-bg_highlight-soft_100_c6c2c8_1x100.png HTTP/1.1" 404 1117
190.171.141.114 - - [27/Sep/2022:15:43:09 -0300] "GET /cormun/static/Shared/jqueryui/images/ui-icons_82798d_256x240.png HTTP/1.1" 404 1089
190.171.141.114 - - [27/Sep/2022:15:43:09 -0300] "GET /cormun/static/Shared/jqueryui/images/ui-bg_flat_55_fafafa_40x100.png HTTP/1.1" 404 1097
190.171.141.114 - - [27/Sep/2022:15:43:09 -0300] "GET /cormun/static/Shared/jqueryui/images/ui-icons_8d78a5_256x240.png HTTP/1.1" 404 1089
190.171.141.114 - - [27/Sep/2022:15:43:13 -0300] "POST /cormun/servlet/trpermisosgoce?868dea5de120fe4189a8f972a311826c,,gx-no-cache=1664303331917 HTTP/1.1" 200 8957
190.171.152.234 - - [27/Sep/2022:15:43:24 -0300] "POST /cormun/servlet/trsolicitudot?df1f85f9493024b15d48912d98b0167a,,gx-no-cache=1664303412653 HTTP/1.1" 200 6074
190.171.152.234 - - [27/Sep/2022:15:43:49 -0300] "GET /cormun/servlet/trsolicitudot? HTTP/1.1" 200 8921
190.171.152.234 - - [27/Sep/2022:15:43:50 -0300] "GET /cormun/servlet/trsolicitudot? HTTP/1.1" 200 8921
190.171.152.234 - - [27/Sep/2022:15:43:58 -0300] "GET /cormun/servlet/trsolicitudot? HTTP/1.1" 200 8921
190.171.152.234 - - [27/Sep/2022:15:43:58 -0300] "GET /cormun/servlet/trsolicitudot? HTTP/1.1" 200 8921
190.171.152.234 - - [27/Sep/2022:15:44:04 -0300] "GET /cormun/servlet/hlogin HTTP/1.1" 200 1723
190.171.152.234 - - [27/Sep/2022:15:44:12 -0300] "POST /cormun/servlet/hlogin?df1f85f9493024b15d48912d98b0167a,gx-no-cache=1664303460296 HTTP/1.1" 200 90
190.171.152.234 - - [27/Sep/2022:15:44:12 -0300] "GET /cormun/servlet/hpexe_link HTTP/1.1" 200 957
190.171.152.234 - - [27/Sep/2022:15:44:12 -0300] "GET /cormun/servlet/trsolicitudot HTTP/1.1" 200 8922
190.171.152.234 - - [27/Sep/2022:15:44:13 -0300] "GET /cormun/servlet/trsolicitudot HTTP/1.1" 200 8921
190.171.152.234 - - [27/Sep/2022:15:44:20 -0300] "GET /cormun/servlet/solicitudot?INS,0,0,false, HTTP/1.1" 200 16059
190.171.152.234 - - [27/Sep/2022:15:44:20 -0300] "GET /cormun/servlet/solicitudot?INS,0,0,false, HTTP/1.1" 200 16066
190.171.141.114 - - [27/Sep/2022:15:44:49 -0300] "POST /cormun/servlet/trpermisosgoce?868dea5de120fe4189a8f972a311826c,,gx-no-cache=1664303427841 HTTP/1.1" 200 90
190.171.141.114 - - [27/Sep/2022:15:44:49 -0300] "GET /cormun/servlet/hpexe_link HTTP/1.1" 200 958
190.171.141.114 - - [27/Sep/2022:15:44:49 -0300] "GET /cormun/servlet/hhome HTTP/1.1" 200 4004
190.171.141.114 - - [27/Sep/2022:15:44:49 -0300] "GET /cormun/servlet/hhome HTTP/1.1" 200 4000
190.171.152.234 - - [27/Sep/2022:15:45:21 -0300] "POST /cormun/servlet/solicitudot?gx-no-cache=1664303529075 HTTP/1.1" 200 3892
190.171.152.234 - - [27/Sep/2022:15:45:21 -0300] "POST /cormun/servlet/solicitudot?df1f85f9493024b15d48912d98b0167a,INS,0,0,false,,gx-no-cache=1664303529627 HTTP/1.1" 200 12724
190.171.152.234 - - [27/Sep/2022:15:45:23 -0300] "GET /cormun/servlet/solicitudot?4f08c4f3af8de9e985537c44a7fe215cdd122568bdf5a7917bc16a1d61d263800d4835e735c6ac0a45f56494f6235c42,gx-no-cache=1664303531020 HTTP/1.1" 200 30
198.235.24.161 - - [27/Sep/2022:15:46:35 -0300] "GET / HTTP/1.1" 200 11217
190.171.152.234 - - [27/Sep/2022:15:46:48 -0300] "GET /cormun/servlet/solicitudot?4f08c4f3af8de9e985537c44a7fe215c91c0b02171330a179240e8a65f39b09c4aabc1770d2bcf299359dbe1077b0a5e3b09a60172ac51e0569b60f2fee78044,gx-no-cache=1664303616213 HTTP/1.1" 200 30
190.171.152.234 - - [27/Sep/2022:15:47:07 -0300] "GET /cormun/servlet/prbanco?,MD,,gxPopupLevel%3D0%3B HTTP/1.1" 200 6561
190.171.152.234 - - [27/Sep/2022:15:47:30 -0300] "GET /cormun/servlet/solicitudot?4f08c4f3af8de9e985537c44a7fe215c91c0b02171330a179240e8a65f39b09c92ec58e576627efaa4da7a893e54bef845813ba4528ea803f43a2bf32c987e84,gx-no-cache=1664303658651 HTTP/1.1" 200 30
190.171.152.234 - - [27/Sep/2022:15:47:31 -0300] "GET /cormun/servlet/solicitudot?4f08c4f3af8de9e985537c44a7fe215c15ca45bbf6592ae1f40d2d240dcf36f8,gx-no-cache=1664303659938 HTTP/1.1" 200 51
190.171.152.234 - - [27/Sep/2022:15:48:01 -0300] "POST /cormun/servlet/solicitudot?gx-no-cache=1664303689084 HTTP/1.1" 200 255
190.171.152.234 - - [27/Sep/2022:15:48:02 -0300] "GET /cormun/servlet/solicitudot?4f08c4f3af8de9e985537c44a7fe215c6e6ccdd54b19f8e05526aed271f7fba4d01db73d9258d045da05f6959febb97647d6ff9e01496eb9967d9af7c561a62e3d43087d774e4694606af0c2185daab14df5eb35a7c700bdd8c97f4ccc2b63c5118947564886b8b376e8c6cdba31185c103a1d806df394193b264fc2ee5df8a8ca87072dc62830fecff3192f4bd21ad95746755d049e04ce5a8751051471badb78cd1dfd39db3bf1ca52ea14202a696be2eea348bb95bf82290c46d37c6a3fe8cb78c293aeeef4d0fb86bf78fcf7b80192ba42b83f05bf92ac00579d0ad4ce38d477a397a6021a94deb01efe28c1e19994bf55b78bd387c50a63f049f85d831240d88c817e16701e8a91fd9cf6b80b5a208c442feaf2fc3b645cb315cc410d17eae818986d8d16197c22e4fd8c7944278575a61646969926009f290fffe067aa2758a7de5513c7010852028bf57b478ee2fb8bfde91cdcc735c4c40a6805790780f4bbae216c50dffeec1858567fe89e895ad2d775c1b00be8d706078a12a215,gx-no-cache=1664303690428 HTTP/1.1" 200 30
190.171.152.234 - - [27/Sep/2022:15:48:05 -0300] "POST /cormun/servlet/solicitudot?gx-no-cache=1664303693762 HTTP/1.1" 200 30
190.171.152.234 - - [27/Sep/2022:15:48:07 -0300] "GET /cormun/servlet/prcontratosol?19590188,,,,,MD,,gxPopupLevel%3D0%3B HTTP/1.1" 200 7999
190.171.152.234 - - [27/Sep/2022:15:48:19 -0300] "POST /cormun/servlet/solicitudot?gx-no-cache=1664303707890 HTTP/1.1" 200 1468
190.171.152.234 - - [27/Sep/2022:15:48:19 -0300] "POST /cormun/servlet/solicitudot?gx-no-cache=1664303707927 HTTP/1.1" 200 38
190.171.152.234 - - [27/Sep/2022:15:48:19 -0300] "GET /cormun/servlet/solicitudot?4f08c4f3af8de9e985537c44a7fe215cb12cdc51baab7aea28d7e712863638109bc664ae2d5889d3a4229e58e4db4b812ba9ddb286e62ae24b5a4aec45b80590b3f614e21207562fb55cef6ebd1f12bcf9e39f0116a494daf4747834671d8089bd42575963d62b1a9a6878872d2937c7,gx-no-cache=1664303707949 HTTP/1.1" 200 110
190.171.152.234 - - [27/Sep/2022:15:48:20 -0300] "POST /cormun/servlet/solicitudot?gx-no-cache=1664303707970 HTTP/1.1" 200 110
190.171.152.234 - - [27/Sep/2022:15:48:20 -0300] "GET /cormun/servlet/solicitudot?4f08c4f3af8de9e985537c44a7fe215ce8801d753a42a99b8267198a956e8d7c5f1525e450f149230d839ec89b72d32fb7f82a0a70b1f6d85f69deaf35b8a740b294b9d6d81a2dd68c7901d3013b3e67cc09cf64a3f66753c3e7d2b51a891623b3390e8ee2514ffd5c5517eed36b1848,gx-no-cache=1664303707999 HTTP/1.1" 200 29
190.171.152.234 - - [27/Sep/2022:15:48:20 -0300] "GET /cormun/servlet/solicitudot?4f08c4f3af8de9e985537c44a7fe215c1bc865fed7e92b6380bbe8f7bf48259dc34337aeaa8c05e3450e1077d89b1c97,gx-no-cache=1664303708018 HTTP/1.1" 200 134
190.171.152.234 - - [27/Sep/2022:15:48:20 -0300] "GET /cormun/static/Shared/jqueryui/images/ui-bg_highlight-soft_100_c6c2c8_1x100.png HTTP/1.1" 404 1117
190.171.152.234 - - [27/Sep/2022:15:48:20 -0300] "GET /cormun/static/Shared/jqueryui/images/ui-icons_82798d_256x240.png HTTP/1.1" 404 1089
190.171.152.234 - - [27/Sep/2022:15:48:20 -0300] "GET /cormun/static/Shared/jqueryui/images/ui-bg_flat_55_994d53_40x100.png HTTP/1.1" 404 1097
190.171.152.234 - - [27/Sep/2022:15:48:20 -0300] "GET /cormun/static/Shared/jqueryui/images/ui-icons_ebccce_256x240.png HTTP/1.1" 404 1089
190.171.149.74 - - [27/Sep/2022:15:48:34 -0300] "GET /cormun/servlet/trpermisosadjuntos?7452197,20220826125135,P, HTTP/1.1" 200 6130
190.171.149.74 - - [27/Sep/2022:15:48:34 -0300] "GET /cormun/servlet/trpermisosadjuntos?7452197,20220826125135,P, HTTP/1.1" 200 6130
190.171.149.74 - - [27/Sep/2022:15:48:36 -0300] "GET /cormun/servlet/permisosadjuntos?INS,7452197,P,20220826125135,, HTTP/1.1" 200 5634
190.171.149.74 - - [27/Sep/2022:15:48:37 -0300] "GET /cormun/static/about:blank HTTP/1.1" 404 1011
190.171.149.74 - - [27/Sep/2022:15:48:37 -0300] "GET /cormun/servlet/permisosadjuntos?INS,7452197,P,20220826125135,, HTTP/1.1" 200 5624
190.171.152.234 - - [27/Sep/2022:15:48:40 -0300] "GET /cormun/servlet/solicitudot?4f08c4f3af8de9e985537c44a7fe215cb12cdc51baab7aea28d7e712863638109bc664ae2d5889d3a4229e58e4db4b812ba9ddb286e62ae24b5a4aec45b80590b3f614e21207562fb55cef6ebd1f12bcf9e39f0116a494daf4747834671d8089bd42575963d62b1a9a6878872d2937c7,gx-no-cache=1664303728449 HTTP/1.1" 200 110
190.171.152.234 - - [27/Sep/2022:15:48:47 -0300] "POST /cormun/servlet/solicitudot?gx-no-cache=1664303735213 HTTP/1.1" 200 110
190.171.152.234 - - [27/Sep/2022:15:49:00 -0300] "GET /cormun/static/menuarrow.gif HTTP/1.1" 404 1015
190.171.149.74 - - [27/Sep/2022:15:49:02 -0300] "POST /cormun/servlet/permisosadjuntos?d499d1abdbee8c215763a61449760cea,INS,7452197,P,20220826125135,, HTTP/1.1" 200 116
190.171.149.74 - - [27/Sep/2022:15:49:02 -0300] "GET /cormun/servlet/hpexe_return? HTTP/1.1" 200 1042
190.171.149.74 - - [27/Sep/2022:15:49:03 -0300] "GET /cormun/servlet/trpermisosadjuntos?7452197,20220826125135,P, HTTP/1.1" 200 6681
190.171.149.74 - - [27/Sep/2022:15:49:03 -0300] "GET /cormun/servlet/trpermisosadjuntos?7452197,20220826125135,P, HTTP/1.1" 200 6676
190.171.149.74 - - [27/Sep/2022:15:49:06 -0300] "GET /cormun/servlet/trpermisosgoce? HTTP/1.1" 200 19141
190.171.149.74 - - [27/Sep/2022:15:49:06 -0300] "GET /cormun/servlet/trpermisosgoce? HTTP/1.1" 200 19141
190.171.152.234 - - [27/Sep/2022:15:49:06 -0300] "GET /cormun/servlet/solicitudot?4f08c4f3af8de9e985537c44a7fe215cf99e4d94128a6483a7d829ba6d85ef57c34337aeaa8c05e3450e1077d89b1c97,gx-no-cache=1664303754856 HTTP/1.1" 200 30
190.171.152.234 - - [27/Sep/2022:15:49:15 -0300] "POST /cormun/servlet/solicitudot?gx-no-cache=1664303763577 HTTP/1.1" 200 33
190.171.149.74 - - [27/Sep/2022:15:49:16 -0300] "POST /cormun/servlet/trpermisosgoce?d499d1abdbee8c215763a61449760cea,,gx-no-cache=1664307304910 HTTP/1.1" 200 16472
190.171.149.74 - - [27/Sep/2022:15:49:16 -0300] "GET /cormun/static/Shared/jqueryui/images/ui-bg_highlight-soft_100_c6c2c8_1x100.png HTTP/1.1" 404 1117
190.171.149.74 - - [27/Sep/2022:15:49:16 -0300] "GET /cormun/static/Shared/jqueryui/images/ui-icons_82798d_256x240.png HTTP/1.1" 404 1089
190.171.149.74 - - [27/Sep/2022:15:49:16 -0300] "GET /cormun/static/Shared/jqueryui/images/ui-icons_8d78a5_256x240.png HTTP/1.1" 404 1089
190.171.149.74 - - [27/Sep/2022:15:49:16 -0300] "GET /cormun/static/Shared/jqueryui/images/ui-bg_flat_55_fafafa_40x100.png HTTP/1.1" 404 1097
190.171.149.74 - - [27/Sep/2022:15:49:38 -0300] "GET /cormun/servlet/trpermisosadjuntos?16426000,20220830113821,P, HTTP/1.1" 200 6124
190.171.149.74 - - [27/Sep/2022:15:49:39 -0300] "GET /cormun/servlet/trpermisosadjuntos?16426000,20220830113821,P, HTTP/1.1" 200 6124
190.171.149.74 - - [27/Sep/2022:15:49:40 -0300] "GET /cormun/servlet/permisosadjuntos?INS,16426000,P,20220830113821,, HTTP/1.1" 200 5629
190.171.149.74 - - [27/Sep/2022:15:49:41 -0300] "GET /cormun/static/about:blank HTTP/1.1" 404 1011
190.171.149.74 - - [27/Sep/2022:15:49:41 -0300] "GET /cormun/servlet/permisosadjuntos?INS,16426000,P,20220830113821,, HTTP/1.1" 200 5620
190.171.149.74 - - [27/Sep/2022:15:49:49 -0300] "POST /cormun/servlet/permisosadjuntos?d499d1abdbee8c215763a61449760cea,INS,16426000,P,20220830113821,, HTTP/1.1" 200 116
190.171.149.74 - - [27/Sep/2022:15:49:49 -0300] "GET /cormun/servlet/hpexe_return? HTTP/1.1" 200 1043
190.171.149.74 - - [27/Sep/2022:15:49:50 -0300] "GET /cormun/servlet/trpermisosadjuntos?16426000,20220830113821,P, HTTP/1.1" 200 6682
190.171.149.74 - - [27/Sep/2022:15:49:50 -0300] "GET /cormun/servlet/trpermisosadjuntos?16426000,20220830113821,P, HTTP/1.1" 200 6677
190.171.149.74 - - [27/Sep/2022:15:49:53 -0300] "GET /cormun/servlet/trpermisosgoce? HTTP/1.1" 200 19154
190.171.149.74 - - [27/Sep/2022:15:49:53 -0300] "GET /cormun/servlet/trpermisosgoce? HTTP/1.1" 200 19140
190.171.149.74 - - [27/Sep/2022:15:50:07 -0300] "POST /cormun/servlet/trpermisosgoce?d499d1abdbee8c215763a61449760cea,,gx-no-cache=1664307355835 HTTP/1.1" 200 16475
190.171.152.234 - - [27/Sep/2022:15:50:12 -0300] "POST /cormun/servlet/solicitudot?df1f85f9493024b15d48912d98b0167a,INS,0,0,false,,gx-no-cache=1664303820493 HTTP/1.1" 200 93
190.171.152.234 - - [27/Sep/2022:15:50:12 -0300] "GET /cormun/servlet/hpexe_return? HTTP/1.1" 200 1008
190.171.152.234 - - [27/Sep/2022:15:50:13 -0300] "GET /cormun/servlet/trsolicitudot HTTP/1.1" 200 8926
190.171.152.234 - - [27/Sep/2022:15:50:13 -0300] "GET /cormun/servlet/trsolicitudot HTTP/1.1" 200 8921
190.171.149.74 - - [27/Sep/2022:15:50:36 -0300] "GET /cormun/servlet/trpermisosadjuntos?8998776,20220830100849,P, HTTP/1.1" 200 6128
190.171.149.74 - - [27/Sep/2022:15:50:36 -0300] "GET /cormun/servlet/trpermisosadjuntos?8998776,20220830100849,P, HTTP/1.1" 200 6127
190.171.149.74 - - [27/Sep/2022:15:50:38 -0300] "GET /cormun/servlet/permisosadjuntos?INS,8998776,P,20220830100849,, HTTP/1.1" 200 5633
190.171.149.74 - - [27/Sep/2022:15:50:38 -0300] "GET /cormun/static/about:blank HTTP/1.1" 404 1011
190.171.149.74 - - [27/Sep/2022:15:50:38 -0300] "GET /cormun/servlet/permisosadjuntos?INS,8998776,P,20220830100849,, HTTP/1.1" 200 5623
190.171.152.234 - - [27/Sep/2022:15:50:45 -0300] "POST /cormun/servlet/trsolicitudot?df1f85f9493024b15d48912d98b0167a,gx-no-cache=1664303853461 HTTP/1.1" 200 6048
190.171.149.74 - - [27/Sep/2022:15:50:46 -0300] "POST /cormun/servlet/permisosadjuntos?d499d1abdbee8c215763a61449760cea,INS,8998776,P,20220830100849,, HTTP/1.1" 200 116
190.171.149.74 - - [27/Sep/2022:15:50:46 -0300] "GET /cormun/servlet/hpexe_return? HTTP/1.1" 200 1042
190.171.149.74 - - [27/Sep/2022:15:50:46 -0300] "GET /cormun/servlet/trpermisosadjuntos?8998776,20220830100849,P, HTTP/1.1" 200 6683
190.171.149.74 - - [27/Sep/2022:15:50:46 -0300] "GET /cormun/servlet/trpermisosadjuntos?8998776,20220830100849,P, HTTP/1.1" 200 6678
190.171.152.234 - - [27/Sep/2022:15:50:50 -0300] "POST /cormun/servlet/trsolicitudot?df1f85f9493024b15d48912d98b0167a,gx-no-cache=1664303858572 HTTP/1.1" 200 6048
190.171.149.74 - - [27/Sep/2022:15:50:53 -0300] "GET /cormun/servlet/trpermisosgoce? HTTP/1.1" 200 19155
190.171.149.74 - - [27/Sep/2022:15:50:53 -0300] "GET /cormun/servlet/trpermisosgoce? HTTP/1.1" 200 19140
190.171.152.234 - - [27/Sep/2022:15:51:01 -0300] "POST /cormun/servlet/trsolicitudot?df1f85f9493024b15d48912d98b0167a,gx-no-cache=1664303869242 HTTP/1.1" 200 6047
190.171.149.74 - - [27/Sep/2022:15:51:03 -0300] "POST /cormun/servlet/trpermisosgoce?d499d1abdbee8c215763a61449760cea,,gx-no-cache=1664307411479 HTTP/1.1" 200 16478
190.171.152.234 - - [27/Sep/2022:15:51:15 -0300] "POST /cormun/servlet/trsolicitudot?df1f85f9493024b15d48912d98b0167a,gx-no-cache=1664303883344 HTTP/1.1" 200 6090
190.171.152.234 - - [27/Sep/2022:15:51:15 -0300] "GET /cormun/static/Shared/jqueryui/images/ui-bg_highlight-soft_100_c6c2c8_1x100.png HTTP/1.1" 404 1117
190.171.152.234 - - [27/Sep/2022:15:51:15 -0300] "GET /cormun/static/Shared/jqueryui/images/ui-icons_82798d_256x240.png HTTP/1.1" 404 1089
190.171.152.234 - - [27/Sep/2022:15:51:15 -0300] "GET /cormun/static/Shared/jqueryui/images/ui-bg_flat_55_fafafa_40x100.png HTTP/1.1" 404 1097
190.171.152.234 - - [27/Sep/2022:15:51:15 -0300] "GET /cormun/static/Shared/jqueryui/images/ui-icons_8d78a5_256x240.png HTTP/1.1" 404 1089
190.171.152.234 - - [27/Sep/2022:15:51:17 -0300] "POST /cormun/servlet/trsolicitudot?df1f85f9493024b15d48912d98b0167a,gx-no-cache=1664303885681 HTTP/1.1" 200 6048
190.171.152.234 - - [27/Sep/2022:15:51:18 -0300] "POST /cormun/servlet/trsolicitudot?df1f85f9493024b15d48912d98b0167a,gx-no-cache=1664303886497 HTTP/1.1" 200 6047
190.171.152.234 - - [27/Sep/2022:15:51:18 -0300] "POST /cormun/servlet/trsolicitudot?df1f85f9493024b15d48912d98b0167a,gx-no-cache=1664303886793 HTTP/1.1" 200 6048
190.171.152.234 - - [27/Sep/2022:15:51:19 -0300] "POST /cormun/servlet/trsolicitudot?df1f85f9493024b15d48912d98b0167a,gx-no-cache=1664303887161 HTTP/1.1" 200 6049
190.171.152.234 - - [27/Sep/2022:15:51:19 -0300] "POST /cormun/servlet/trsolicitudot?df1f85f9493024b15d48912d98b0167a,gx-no-cache=1664303887520 HTTP/1.1" 200 6047
190.171.152.234 - - [27/Sep/2022:15:51:19 -0300] "POST /cormun/servlet/trsolicitudot?df1f85f9493024b15d48912d98b0167a,gx-no-cache=1664303887697 HTTP/1.1" 200 6048
190.171.152.234 - - [27/Sep/2022:15:51:22 -0300] "POST /cormun/servlet/trsolicitudot?df1f85f9493024b15d48912d98b0167a,gx-no-cache=1664303890352 HTTP/1.1" 200 6048
190.171.152.234 - - [27/Sep/2022:15:51:24 -0300] "POST /cormun/servlet/trsolicitudot?df1f85f9493024b15d48912d98b0167a,gx-no-cache=1664303892545 HTTP/1.1" 200 6048
190.171.152.234 - - [27/Sep/2022:15:51:27 -0300] "GET /cormun/servlet/trsolicitudot HTTP/1.1" 200 8926
190.171.152.234 - - [27/Sep/2022:15:51:27 -0300] "GET /cormun/servlet/trsolicitudot HTTP/1.1" 200 8921
190.171.152.234 - - [27/Sep/2022:15:51:28 -0300] "GET /favicon.ico HTTP/1.1" 200 21630
190.171.152.234 - - [27/Sep/2022:15:51:55 -0300] "POST /cormun/servlet/trsolicitudot?df1f85f9493024b15d48912d98b0167a,gx-no-cache=1664303922959 HTTP/1.1" 200 6075
190.171.152.234 - - [27/Sep/2022:15:51:56 -0300] "POST /cormun/servlet/trsolicitudot?df1f85f9493024b15d48912d98b0167a,gx-no-cache=1664303924002 HTTP/1.1" 200 6075
190.171.152.234 - - [27/Sep/2022:15:51:56 -0300] "POST /cormun/servlet/trsolicitudot?df1f85f9493024b15d48912d98b0167a,gx-no-cache=1664303924282 HTTP/1.1" 200 6076
190.171.149.74 - - [27/Sep/2022:15:52:00 -0300] "GET /cormun/servlet/trpermisosadjuntos?13720244,20220826133521,P, HTTP/1.1" 200 6120
190.171.149.74 - - [27/Sep/2022:15:52:00 -0300] "GET /cormun/servlet/trpermisosadjuntos?13720244,20220826133521,P, HTTP/1.1" 200 6121
190.171.152.234 - - [27/Sep/2022:15:52:01 -0300] "GET /cormun/servlet/hlogin HTTP/1.1" 200 1723
190.171.149.74 - - [27/Sep/2022:15:52:02 -0300] "GET /cormun/servlet/permisosadjuntos?INS,13720244,P,20220826133521,, HTTP/1.1" 200 5624
190.171.149.74 - - [27/Sep/2022:15:52:02 -0300] "GET /cormun/static/about:blank HTTP/1.1" 404 1011
190.171.149.74 - - [27/Sep/2022:15:52:02 -0300] "GET /cormun/servlet/permisosadjuntos?INS,13720244,P,20220826133521,, HTTP/1.1" 200 5614
190.171.152.234 - - [27/Sep/2022:15:52:11 -0300] "POST /cormun/servlet/hlogin?df1f85f9493024b15d48912d98b0167a,gx-no-cache=1664303938994 HTTP/1.1" 200 90
190.171.152.234 - - [27/Sep/2022:15:52:11 -0300] "GET /cormun/servlet/hpexe_link HTTP/1.1" 200 978
190.171.152.234 - - [27/Sep/2022:15:52:11 -0300] "GET /cormun/servlet/trsolicitudot?gx-no-cache=1664303924282 HTTP/1.1" 200 8932
190.171.152.234 - - [27/Sep/2022:15:52:11 -0300] "GET /cormun/servlet/trsolicitudot?gx-no-cache=1664303924282 HTTP/1.1" 200 8953
190.171.149.74 - - [27/Sep/2022:15:52:12 -0300] "POST /cormun/servlet/permisosadjuntos?d499d1abdbee8c215763a61449760cea,INS,13720244,P,20220826133521,, HTTP/1.1" 200 116
190.171.149.74 - - [27/Sep/2022:15:52:12 -0300] "GET /cormun/servlet/hpexe_return? HTTP/1.1" 200 1042
190.171.149.74 - - [27/Sep/2022:15:52:13 -0300] "GET /cormun/servlet/trpermisosadjuntos?13720244,20220826133521,P, HTTP/1.1" 200 6670
190.171.149.74 - - [27/Sep/2022:15:52:13 -0300] "GET /cormun/servlet/trpermisosadjuntos?13720244,20220826133521,P, HTTP/1.1" 200 6666
190.171.149.74 - - [27/Sep/2022:15:52:15 -0300] "GET /cormun/servlet/trpermisosgoce? HTTP/1.1" 200 19140
190.171.149.74 - - [27/Sep/2022:15:52:15 -0300] "GET /cormun/servlet/trpermisosgoce? HTTP/1.1" 200 19140
190.171.152.234 - - [27/Sep/2022:15:52:18 -0300] "POST /cormun/servlet/trsolicitudot?df1f85f9493024b15d48912d98b0167a,gx-no-cache=1664303924282,gx-no-cache=1664303945998 HTTP/1.1" 200 111
190.171.152.234 - - [27/Sep/2022:15:52:18 -0300] "GET /cormun/servlet/solicitudot?UPD,2022,19193,false, HTTP/1.1" 200 16681
190.171.152.234 - - [27/Sep/2022:15:52:18 -0300] "GET /cormun/servlet/solicitudot?UPD,2022,19193,false, HTTP/1.1" 200 16670
190.171.152.234 - - [27/Sep/2022:15:52:19 -0300] "POST /cormun/servlet/solicitudot?gx-no-cache=1664303947136 HTTP/1.1" 200 3957
190.171.152.234 - - [27/Sep/2022:15:52:19 -0300] "POST /cormun/servlet/solicitudot?df1f85f9493024b15d48912d98b0167a,UPD,2022,19193,false,,gx-no-cache=1664303947277 HTTP/1.1" 200 12921
190.171.152.234 - - [27/Sep/2022:15:52:19 -0300] "GET /cormun/servlet/solicitudot?4f08c4f3af8de9e985537c44a7fe215cdd122568bdf5a7917bc16a1d61d263803cab935f8e164496f240137c97c9dad9,gx-no-cache=1664303947463 HTTP/1.1" 200 30
190.171.152.234 - - [27/Sep/2022:15:52:19 -0300] "GET /cormun/servlet/solicitudot?4f08c4f3af8de9e985537c44a7fe215c91c0b02171330a179240e8a65f39b09c92ec58e576627efaa4da7a893e54bef845813ba4528ea803f43a2bf32c987e84,gx-no-cache=1664303947488 HTTP/1.1" 200 30
190.171.152.234 - - [27/Sep/2022:15:52:19 -0300] "GET /cormun/servlet/solicitudot?4f08c4f3af8de9e985537c44a7fe215c44e00589b88eaa7a2bb23c21c01c3f9370a161defdc1e1a568f4b212e9ced5524547e287e831c4eaf5add433b5231427,gx-no-cache=1664303947508 HTTP/1.1" 200 51
190.171.152.234 - - [27/Sep/2022:15:52:19 -0300] "POST /cormun/servlet/solicitudot?gx-no-cache=1664303947531 HTTP/1.1" 200 256
190.171.152.234 - - [27/Sep/2022:15:52:19 -0300] "GET /cormun/servlet/solicitudot?4f08c4f3af8de9e985537c44a7fe215c6e6ccdd54b19f8e05526aed271f7fba4d01db73d9258d045da05f6959febb97647d6ff9e01496eb9967d9af7c561a62e3d43087d774e4694606af0c2185daab14df5eb35a7c700bdd8c97f4ccc2b63c5118947564886b8b376e8c6cdba31185c103a1d806df394193b264fc2ee5df8a8ca87072dc62830fecff3192f4bd21ad95746755d049e04ce5a8751051471badb78cd1dfd39db3bf1ca52ea14202a696be2eea348bb95bf82290c46d37c6a3fe8cb78c293aeeef4d0fb86bf78fcf7b80192ba42b83f05bf92ac00579d0ad4ce38d477a397a6021a94deb01efe28c1e19994bf55b78bd387c50a63f049f85d831240d88c817e16701e8a91fd9cf6b80b5a208c442feaf2fc3b645cb315cc410d17eae818986d8d16197c22e4fd8c7944278575a61646969926009f290fffe067aa2758a7de5513c7010852028bf57b478ee2fb8bfde91cdcc735c4c40a6805790780f4bbae216c50dffeec1858567fe89ed4f92ac76f64dca79715fc7774de067d,gx-no-cache=1664303947557 HTTP/1.1" 200 30
190.171.152.234 - - [27/Sep/2022:15:52:19 -0300] "POST /cormun/servlet/solicitudot?gx-no-cache=1664303947578 HTTP/1.1" 200 30
190.171.152.234 - - [27/Sep/2022:15:52:19 -0300] "POST /cormun/servlet/solicitudot?gx-no-cache=1664303947604 HTTP/1.1" 200 1468
190.171.152.234 - - [27/Sep/2022:15:52:19 -0300] "POST /cormun/servlet/solicitudot?gx-no-cache=1664303947638 HTTP/1.1" 200 41
190.171.149.74 - - [27/Sep/2022:15:52:31 -0300] "POST /cormun/servlet/trpermisosgoce?d499d1abdbee8c215763a61449760cea,,gx-no-cache=1664307499377 HTTP/1.1" 200 16477
190.171.152.234 - - [27/Sep/2022:15:52:48 -0300] "GET /cormun/servlet/solicitudot?4f08c4f3af8de9e985537c44a7fe215cb12cdc51baab7aea28d7e712863638109bc664ae2d5889d3a4229e58e4db4b812ba9ddb286e62ae24b5a4aec45b80590b3f614e21207562fb55cef6ebd1f12bcf9e39f0116a494daf4747834671d8089bd42575963d62b1a9a6878872d2937c7,gx-no-cache=1664303976122 HTTP/1.1" 200 110
190.171.152.234 - - [27/Sep/2022:15:52:48 -0300] "POST /cormun/servlet/solicitudot?gx-no-cache=1664303976151 HTTP/1.1" 200 109
190.171.152.234 - - [27/Sep/2022:15:52:53 -0300] "GET /cormun/servlet/solicitudot?4f08c4f3af8de9e985537c44a7fe215cc7221b87c51828159702fed389c5937f6035410ab56f6340dd5c2590f4bf488e6a99294d5f0fca2844bcc442aad0558403ea55a233bff45ab39da36f6883eb951b7e5c9b798d93e4370b407822dcbfffbc3a45eff176244b8f50201011c3d20dcabc50a0523d7fa5149345b78b9503bd40c9a8228a30f3c4b3a4f9977bb7d24e887fb4d53a9af81387ab148e289fce62,gx-no-cache=1664303981691 HTTP/1.1" 200 29
190.171.152.234 - - [27/Sep/2022:15:52:53 -0300] "GET /cormun/servlet/solicitudot?4f08c4f3af8de9e985537c44a7fe215cf99e4d94128a6483a7d829ba6d85ef57c34337aeaa8c05e3450e1077d89b1c97,gx-no-cache=1664303981712 HTTP/1.1" 200 30
190.171.152.234 - - [27/Sep/2022:15:52:53 -0300] "POST /cormun/servlet/solicitudot?gx-no-cache=1664303981734 HTTP/1.1" 200 33
190.171.152.234 - - [27/Sep/2022:15:52:54 -0300] "POST /cormun/servlet/solicitudot?df1f85f9493024b15d48912d98b0167a,UPD,2022,19193,false,,gx-no-cache=1664303981790 HTTP/1.1" 200 93
190.171.152.234 - - [27/Sep/2022:15:52:54 -0300] "GET /cormun/servlet/hpexe_return? HTTP/1.1" 200 1036
190.171.152.234 - - [27/Sep/2022:15:52:54 -0300] "GET /cormun/servlet/trsolicitudot?gx-no-cache=1664303924282 HTTP/1.1" 200 8935
190.171.152.234 - - [27/Sep/2022:15:52:54 -0300] "GET /cormun/servlet/trsolicitudot?gx-no-cache=1664303924282 HTTP/1.1" 200 8953
190.171.149.74 - - [27/Sep/2022:15:53:20 -0300] "GET /cormun/servlet/trpermisosadjuntos?18558123,20220829101200,P, HTTP/1.1" 200 6124
190.171.149.74 - - [27/Sep/2022:15:53:20 -0300] "GET /cormun/servlet/trpermisosadjuntos?18558123,20220829101200,P, HTTP/1.1" 200 6125
190.171.152.234 - - [27/Sep/2022:15:53:22 -0300] "POST /cormun/servlet/trsolicitudot?df1f85f9493024b15d48912d98b0167a,gx-no-cache=1664303924282,gx-no-cache=1664304010230 HTTP/1.1" 200 6111
190.171.152.234 - - [27/Sep/2022:15:53:22 -0300] "GET /cormun/static/Shared/jqueryui/images/ui-bg_highlight-soft_100_c6c2c8_1x100.png HTTP/1.1" 404 1117
190.171.152.234 - - [27/Sep/2022:15:53:22 -0300] "GET /cormun/static/Shared/jqueryui/images/ui-icons_82798d_256x240.png HTTP/1.1" 404 1089
190.171.152.234 - - [27/Sep/2022:15:53:22 -0300] "GET /cormun/static/Shared/jqueryui/images/ui-bg_flat_55_fafafa_40x100.png HTTP/1.1" 404 1097
190.171.152.234 - - [27/Sep/2022:15:53:22 -0300] "GET /cormun/static/Shared/jqueryui/images/ui-icons_8d78a5_256x240.png HTTP/1.1" 404 1089
190.171.152.234 - - [27/Sep/2022:15:53:22 -0300] "POST /cormun/servlet/trsolicitudot?df1f85f9493024b15d48912d98b0167a,gx-no-cache=1664303924282,gx-no-cache=1664304010450 HTTP/1.1" 200 6056
190.171.149.74 - - [27/Sep/2022:15:53:23 -0300] "GET /cormun/servlet/permisosadjuntos?INS,18558123,P,20220829101200,, HTTP/1.1" 200 5632
190.171.149.74 - - [27/Sep/2022:15:53:23 -0300] "GET /cormun/static/about:blank HTTP/1.1" 404 1011
190.171.149.74 - - [27/Sep/2022:15:53:23 -0300] "GET /cormun/servlet/permisosadjuntos?INS,18558123,P,20220829101200,, HTTP/1.1" 200 5622
190.171.152.234 - - [27/Sep/2022:15:53:26 -0300] "GET /cormun/servlet/trautorizarsolicitud? HTTP/1.1" 200 8831
190.171.152.234 - - [27/Sep/2022:15:53:27 -0300] "GET /cormun/servlet/trautorizarsolicitud? HTTP/1.1" 200 8810
190.171.152.234 - - [27/Sep/2022:15:53:30 -0300] "POST /cormun/servlet/trautorizarsolicitud?df1f85f9493024b15d48912d98b0167a,,gx-no-cache=1664304017945 HTTP/1.1" 200 4808
190.171.152.234 - - [27/Sep/2022:15:53:30 -0300] "GET /cormun/static/Shared/jqueryui/images/ui-bg_highlight-soft_100_c6c2c8_1x100.png HTTP/1.1" 404 1117
190.171.152.234 - - [27/Sep/2022:15:53:30 -0300] "GET /cormun/static/Shared/jqueryui/images/ui-bg_flat_55_fafafa_40x100.png HTTP/1.1" 404 1097
190.171.152.234 - - [27/Sep/2022:15:53:30 -0300] "GET /cormun/static/Shared/jqueryui/images/ui-icons_8d78a5_256x240.png HTTP/1.1" 404 1089
190.171.152.234 - - [27/Sep/2022:15:53:30 -0300] "GET /cormun/static/Shared/jqueryui/images/ui-icons_82798d_256x240.png HTTP/1.1" 404 1089
190.171.152.234 - - [27/Sep/2022:15:53:30 -0300] "POST /cormun/servlet/trautorizarsolicitud?df1f85f9493024b15d48912d98b0167a,,gx-no-cache=1664304018131 HTTP/1.1" 200 4562
190.171.149.74 - - [27/Sep/2022:15:53:32 -0300] "POST /cormun/servlet/permisosadjuntos?d499d1abdbee8c215763a61449760cea,INS,18558123,P,20220829101200,, HTTP/1.1" 200 116
190.171.149.74 - - [27/Sep/2022:15:53:32 -0300] "GET /cormun/servlet/hpexe_return? HTTP/1.1" 200 1042
190.171.149.74 - - [27/Sep/2022:15:53:33 -0300] "GET /cormun/servlet/trpermisosadjuntos?18558123,20220829101200,P, HTTP/1.1" 200 6675
190.171.149.74 - - [27/Sep/2022:15:53:33 -0300] "GET /cormun/servlet/trpermisosadjuntos?18558123,20220829101200,P, HTTP/1.1" 200 6672
190.171.149.74 - - [27/Sep/2022:15:53:35 -0300] "GET /cormun/servlet/trpermisosgoce? HTTP/1.1" 200 19155
190.171.149.74 - - [27/Sep/2022:15:53:35 -0300] "GET /cormun/servlet/trpermisosgoce? HTTP/1.1" 200 19139
190.171.149.74 - - [27/Sep/2022:15:53:44 -0300] "POST /cormun/servlet/trpermisosgoce?d499d1abdbee8c215763a61449760cea,,gx-no-cache=1664307573031 HTTP/1.1" 200 16481
112.46.68.219 - - [27/Sep/2022:15:53:48 -0300] "GET / HTTP/1.1" 400 -
112.46.68.219 - - [27/Sep/2022:15:53:49 -0300] "GET / HTTP/1.1" 400 -
112.46.68.219 - - [27/Sep/2022:15:53:50 -0300] "GET / HTTP/1.1" 400 -
112.46.68.219 - - [27/Sep/2022:15:53:51 -0300] "GET / HTTP/1.1" 400 -
112.46.68.219 - - [27/Sep/2022:15:53:52 -0300] "GET / HTTP/1.1" 400 -
112.46.68.219 - - [27/Sep/2022:15:53:52 -0300] "GET / HTTP/1.1" 400 -
112.46.68.219 - - [27/Sep/2022:15:53:53 -0300] "GET / HTTP/1.1" 400 -
112.46.68.219 - - [27/Sep/2022:15:53:54 -0300] "GET / HTTP/1.1" 400 -
112.46.68.219 - - [27/Sep/2022:15:53:55 -0300] "GET / HTTP/1.1" 400 -
112.46.68.219 - - [27/Sep/2022:15:53:56 -0300] "GET / HTTP/1.1" 400 -
