179.57.78.9 - - [14/Sep/2022:09:19:24 -0300] "POST /cormun/servlet/trpermisosadjuntos?e2bd62f6afb25bcab5fec461d41d2ed1,13273625,20220914084938,P,,gx-no-cache=1663157096301 HTTP/1.1" 200 90
179.57.78.9 - - [14/Sep/2022:09:19:24 -0300] "GET /cormun/servlet/hpexe_link HTTP/1.1" 200 983
179.57.78.9 - - [14/Sep/2022:09:19:25 -0300] "GET /cormun/servlet/trpermisosgoce HTTP/1.1" 200 18647
179.57.78.9 - - [14/Sep/2022:09:19:25 -0300] "GET /cormun/servlet/trpermisosgoce HTTP/1.1" 200 18541
179.57.78.9 - - [14/Sep/2022:09:19:30 -0300] "GET /cormun/servlet/trpermisosadjuntos?23711264,20220914085005,P, HTTP/1.1" 200 6648
179.57.78.9 - - [14/Sep/2022:09:19:31 -0300] "GET /cormun/servlet/trpermisosadjuntos?23711264,20220914085005,P, HTTP/1.1" 200 6648
179.57.78.9 - - [14/Sep/2022:09:19:32 -0300] "GET /cormun/servlet/permisosadjuntos?INS,23711264,P,20220914085005,, HTTP/1.1" 200 5975
179.57.78.9 - - [14/Sep/2022:09:19:32 -0300] "GET /cormun/static/about:blank HTTP/1.1" 404 1011
179.57.78.9 - - [14/Sep/2022:09:19:32 -0300] "GET /cormun/servlet/permisosadjuntos?INS,23711264,P,20220914085005,, HTTP/1.1" 200 5965
179.57.78.9 - - [14/Sep/2022:09:19:40 -0300] "POST /cormun/servlet/permisosadjuntos?e2bd62f6afb25bcab5fec461d41d2ed1,INS,23711264,P,20220914085005,, HTTP/1.1" 200 116
179.57.78.9 - - [14/Sep/2022:09:19:40 -0300] "GET /cormun/servlet/hpexe_return? HTTP/1.1" 200 1036
179.57.78.9 - - [14/Sep/2022:09:19:41 -0300] "GET /cormun/servlet/trpermisosadjuntos?23711264,20220914085005,P, HTTP/1.1" 200 7159
179.57.78.9 - - [14/Sep/2022:09:19:41 -0300] "GET /cormun/servlet/trpermisosadjuntos?23711264,20220914085005,P, HTTP/1.1" 200 7154
179.57.78.9 - - [14/Sep/2022:09:19:45 -0300] "POST /cormun/servlet/trpermisosadjuntos?e2bd62f6afb25bcab5fec461d41d2ed1,23711264,20220914085005,P,,gx-no-cache=1663157117428 HTTP/1.1" 200 90
179.57.78.9 - - [14/Sep/2022:09:19:45 -0300] "GET /cormun/servlet/hpexe_link HTTP/1.1" 200 982
179.57.78.9 - - [14/Sep/2022:09:19:46 -0300] "GET /cormun/servlet/trpermisosgoce HTTP/1.1" 200 18516
179.57.78.9 - - [14/Sep/2022:09:19:46 -0300] "GET /cormun/servlet/trpermisosgoce HTTP/1.1" 200 18477
179.57.78.9 - - [14/Sep/2022:09:19:52 -0300] "GET /cormun/servlet/trpermisosadjuntos?11364480,20220914085026,P, HTTP/1.1" 200 6657
179.57.78.9 - - [14/Sep/2022:09:19:53 -0300] "GET /cormun/servlet/trpermisosadjuntos?11364480,20220914085026,P, HTTP/1.1" 200 6657
186.103.157.42 - - [14/Sep/2022:09:19:53 -0300] "GET /cormun/servlet/permisogoce?1f55b6f37933b7ddf32d3257c305ff410881b0646d9e471243693c2fab27f0d6368daac1a84ada0bf92d92e88140211c144b4807736440b368e89139f82d1799,gx-no-cache=1663157764245 HTTP/1.1" 200 72
179.57.78.9 - - [14/Sep/2022:09:19:54 -0300] "GET /cormun/servlet/permisosadjuntos?INS,11364480,P,20220914085026,, HTTP/1.1" 200 5984
179.57.78.9 - - [14/Sep/2022:09:19:55 -0300] "GET /cormun/static/about:blank HTTP/1.1" 404 1011
179.57.78.9 - - [14/Sep/2022:09:19:55 -0300] "GET /cormun/servlet/permisosadjuntos?INS,11364480,P,20220914085026,, HTTP/1.1" 200 5974
186.103.157.42 - - [14/Sep/2022:09:20:03 -0300] "GET /cormun/static/menuarrow.gif HTTP/1.1" 404 1015
179.57.78.9 - - [14/Sep/2022:09:20:08 -0300] "POST /cormun/servlet/permisosadjuntos?e2bd62f6afb25bcab5fec461d41d2ed1,INS,11364480,P,20220914085026,, HTTP/1.1" 200 116
179.57.78.9 - - [14/Sep/2022:09:20:08 -0300] "GET /cormun/servlet/hpexe_return? HTTP/1.1" 200 1036
179.57.78.9 - - [14/Sep/2022:09:20:08 -0300] "GET /cormun/servlet/trpermisosadjuntos?11364480,20220914085026,P, HTTP/1.1" 200 7166
179.57.78.9 - - [14/Sep/2022:09:20:08 -0300] "GET /cormun/servlet/trpermisosadjuntos?11364480,20220914085026,P, HTTP/1.1" 200 7162
186.103.157.42 - - [14/Sep/2022:09:20:10 -0300] "GET /cormun/servlet/permisogoce?1f55b6f37933b7ddf32d3257c305ff4159e65c8a7008c50b279345e359e73f2675f010dd1d301e48f2f42991c8b1365fcb68f8a8a75ba7d094a479c03b01df05,gx-no-cache=1663157781103 HTTP/1.1" 200 48
179.57.78.9 - - [14/Sep/2022:09:20:12 -0300] "POST /cormun/servlet/trpermisosadjuntos?e2bd62f6afb25bcab5fec461d41d2ed1,11364480,20220914085026,P,,gx-no-cache=1663157143982 HTTP/1.1" 200 90
179.57.78.9 - - [14/Sep/2022:09:20:12 -0300] "GET /cormun/servlet/hpexe_link HTTP/1.1" 200 982
179.57.78.9 - - [14/Sep/2022:09:20:12 -0300] "GET /cormun/servlet/trpermisosgoce HTTP/1.1" 200 18637
179.57.78.9 - - [14/Sep/2022:09:20:13 -0300] "GET /cormun/servlet/trpermisosgoce HTTP/1.1" 200 18477
179.57.78.9 - - [14/Sep/2022:09:20:26 -0300] "GET /cormun/servlet/trpermisosadjuntos?15995528,20220914085048,P, HTTP/1.1" 200 6658
179.57.78.9 - - [14/Sep/2022:09:20:26 -0300] "GET /cormun/servlet/trpermisosadjuntos?15995528,20220914085048,P, HTTP/1.1" 200 6658
179.57.78.9 - - [14/Sep/2022:09:20:28 -0300] "GET /cormun/servlet/permisosadjuntos?INS,15995528,P,20220914085048,, HTTP/1.1" 200 5982
179.57.78.9 - - [14/Sep/2022:09:20:28 -0300] "GET /cormun/static/about:blank HTTP/1.1" 404 1011
179.57.78.9 - - [14/Sep/2022:09:20:28 -0300] "GET /cormun/servlet/permisosadjuntos?INS,15995528,P,20220914085048,, HTTP/1.1" 200 5972
179.57.78.9 - - [14/Sep/2022:09:20:36 -0300] "POST /cormun/servlet/permisosadjuntos?e2bd62f6afb25bcab5fec461d41d2ed1,INS,15995528,P,20220914085048,, HTTP/1.1" 200 116
179.57.78.9 - - [14/Sep/2022:09:20:36 -0300] "GET /cormun/servlet/hpexe_return? HTTP/1.1" 200 1037
179.57.78.9 - - [14/Sep/2022:09:20:36 -0300] "GET /cormun/servlet/trpermisosadjuntos?15995528,20220914085048,P, HTTP/1.1" 200 7179
179.57.78.9 - - [14/Sep/2022:09:20:37 -0300] "GET /cormun/servlet/trpermisosadjuntos?15995528,20220914085048,P, HTTP/1.1" 200 7175
186.103.157.42 - - [14/Sep/2022:09:20:37 -0300] "POST /cormun/servlet/permisogoce?89717872c5c77769a33b4efde3f0efbd,INS,0,,,,gx-no-cache=1663157807199 HTTP/1.1" 200 93
186.103.157.42 - - [14/Sep/2022:09:20:37 -0300] "GET /cormun/servlet/hpexe_return? HTTP/1.1" 200 1006
186.103.157.42 - - [14/Sep/2022:09:20:37 -0300] "GET /cormun/servlet/trpermisosgoce HTTP/1.1" 200 11145
186.103.157.42 - - [14/Sep/2022:09:20:37 -0300] "GET /cormun/servlet/trpermisosgoce HTTP/1.1" 200 11141
179.57.78.9 - - [14/Sep/2022:09:20:40 -0300] "POST /cormun/servlet/trpermisosadjuntos?e2bd62f6afb25bcab5fec461d41d2ed1,15995528,20220914085048,P,,gx-no-cache=1663157171885 HTTP/1.1" 200 90
179.57.78.9 - - [14/Sep/2022:09:20:40 -0300] "GET /cormun/servlet/hpexe_link HTTP/1.1" 200 983
179.57.78.9 - - [14/Sep/2022:09:20:40 -0300] "GET /cormun/servlet/trpermisosgoce HTTP/1.1" 200 18550
179.57.78.9 - - [14/Sep/2022:09:20:41 -0300] "GET /cormun/servlet/trpermisosgoce HTTP/1.1" 200 18699
186.103.157.42 - - [14/Sep/2022:09:20:44 -0300] "GET /cormun/servlet/trpermisosadjuntos?16839429,20220914090201,P, HTTP/1.1" 200 6682
186.103.157.42 - - [14/Sep/2022:09:20:44 -0300] "GET /cormun/servlet/trpermisosadjuntos?16839429,20220914090201,P, HTTP/1.1" 200 6682
186.103.157.42 - - [14/Sep/2022:09:20:47 -0300] "POST /cormun/servlet/trpermisosadjuntos?89717872c5c77769a33b4efde3f0efbd,16839429,20220914090201,P,,gx-no-cache=1663157818315 HTTP/1.1" 200 90
186.103.157.42 - - [14/Sep/2022:09:20:47 -0300] "GET /cormun/servlet/hpexe_link HTTP/1.1" 200 980
179.57.78.9 - - [14/Sep/2022:09:20:47 -0300] "GET /cormun/servlet/trpermisosadjuntos?9781383,20220914085115,P, HTTP/1.1" 200 6654
186.103.157.42 - - [14/Sep/2022:09:20:47 -0300] "GET /cormun/servlet/trpermisosgoce HTTP/1.1" 200 11142
179.57.78.9 - - [14/Sep/2022:09:20:47 -0300] "GET /cormun/servlet/trpermisosadjuntos?9781383,20220914085115,P, HTTP/1.1" 200 6654
186.103.157.42 - - [14/Sep/2022:09:20:47 -0300] "GET /cormun/servlet/trpermisosgoce HTTP/1.1" 200 11141
179.57.78.9 - - [14/Sep/2022:09:20:49 -0300] "GET /cormun/servlet/permisosadjuntos?INS,9781383,P,20220914085115,, HTTP/1.1" 200 5980
179.57.78.9 - - [14/Sep/2022:09:20:49 -0300] "GET /cormun/static/about:blank HTTP/1.1" 404 1011
179.57.78.9 - - [14/Sep/2022:09:20:49 -0300] "GET /cormun/servlet/permisosadjuntos?INS,9781383,P,20220914085115,, HTTP/1.1" 200 5970
186.103.157.42 - - [14/Sep/2022:09:20:51 -0300] "GET /cormun/servlet/trpermisosadjuntos?16839429,20220914090201,P, HTTP/1.1" 200 6682
186.103.157.42 - - [14/Sep/2022:09:20:52 -0300] "GET /cormun/servlet/trpermisosadjuntos?16839429,20220914090201,P, HTTP/1.1" 200 6682
179.57.78.9 - - [14/Sep/2022:09:21:00 -0300] "POST /cormun/servlet/permisosadjuntos?e2bd62f6afb25bcab5fec461d41d2ed1,INS,9781383,P,20220914085115,, HTTP/1.1" 200 116
179.57.78.9 - - [14/Sep/2022:09:21:00 -0300] "GET /cormun/servlet/hpexe_return? HTTP/1.1" 200 1036
179.57.78.9 - - [14/Sep/2022:09:21:01 -0300] "GET /cormun/servlet/trpermisosadjuntos?9781383,20220914085115,P, HTTP/1.1" 200 7165
179.57.78.9 - - [14/Sep/2022:09:21:01 -0300] "GET /cormun/servlet/trpermisosadjuntos?9781383,20220914085115,P, HTTP/1.1" 200 7161
179.57.78.9 - - [14/Sep/2022:09:21:04 -0300] "POST /cormun/servlet/trpermisosadjuntos?e2bd62f6afb25bcab5fec461d41d2ed1,9781383,20220914085115,P,,gx-no-cache=1663157196285 HTTP/1.1" 200 90
179.57.78.9 - - [14/Sep/2022:09:21:04 -0300] "GET /cormun/servlet/hpexe_link HTTP/1.1" 200 983
179.57.78.9 - - [14/Sep/2022:09:21:05 -0300] "GET /cormun/servlet/trpermisosgoce HTTP/1.1" 200 18467
179.57.78.9 - - [14/Sep/2022:09:21:05 -0300] "GET /cormun/servlet/trpermisosgoce HTTP/1.1" 200 18631
179.57.78.9 - - [14/Sep/2022:09:21:20 -0300] "GET /cormun/servlet/trpermisosadjuntos?14242088,20220914085145,P, HTTP/1.1" 200 6652
179.57.78.9 - - [14/Sep/2022:09:21:20 -0300] "GET /cormun/servlet/trpermisosadjuntos?14242088,20220914085145,P, HTTP/1.1" 200 6652
179.57.78.9 - - [14/Sep/2022:09:21:22 -0300] "GET /cormun/servlet/permisosadjuntos?INS,14242088,P,20220914085145,, HTTP/1.1" 200 5980
179.57.78.9 - - [14/Sep/2022:09:21:22 -0300] "GET /cormun/static/about:blank HTTP/1.1" 404 1011
179.57.78.9 - - [14/Sep/2022:09:21:22 -0300] "GET /cormun/servlet/permisosadjuntos?INS,14242088,P,20220914085145,, HTTP/1.1" 200 5970
179.57.78.9 - - [14/Sep/2022:09:21:31 -0300] "POST /cormun/servlet/permisosadjuntos?e2bd62f6afb25bcab5fec461d41d2ed1,INS,14242088,P,20220914085145,, HTTP/1.1" 200 116
179.57.78.9 - - [14/Sep/2022:09:21:31 -0300] "GET /cormun/servlet/hpexe_return? HTTP/1.1" 200 1036
179.57.78.9 - - [14/Sep/2022:09:21:32 -0300] "GET /cormun/servlet/trpermisosadjuntos?14242088,20220914085145,P, HTTP/1.1" 200 7162
179.57.78.9 - - [14/Sep/2022:09:21:32 -0300] "GET /cormun/servlet/trpermisosadjuntos?14242088,20220914085145,P, HTTP/1.1" 200 7157
179.57.78.9 - - [14/Sep/2022:09:21:35 -0300] "POST /cormun/servlet/trpermisosadjuntos?e2bd62f6afb25bcab5fec461d41d2ed1,14242088,20220914085145,P,,gx-no-cache=1663157227326 HTTP/1.1" 200 90
179.57.78.9 - - [14/Sep/2022:09:21:35 -0300] "GET /cormun/servlet/hpexe_link HTTP/1.1" 200 983
179.57.78.9 - - [14/Sep/2022:09:21:36 -0300] "GET /cormun/servlet/trpermisosgoce HTTP/1.1" 200 18650
179.57.78.9 - - [14/Sep/2022:09:21:36 -0300] "GET /cormun/servlet/trpermisosgoce HTTP/1.1" 200 18636
179.57.78.9 - - [14/Sep/2022:09:21:50 -0300] "GET /cormun/servlet/trpermisosadjuntos?13096000,20220914085207,P, HTTP/1.1" 200 6653
179.57.78.9 - - [14/Sep/2022:09:21:50 -0300] "GET /cormun/servlet/trpermisosadjuntos?13096000,20220914085207,P, HTTP/1.1" 200 6653
179.57.78.9 - - [14/Sep/2022:09:21:52 -0300] "GET /cormun/servlet/permisosadjuntos?INS,13096000,P,20220914085207,, HTTP/1.1" 200 5981
179.57.78.9 - - [14/Sep/2022:09:21:52 -0300] "GET /cormun/static/about:blank HTTP/1.1" 404 1011
179.57.78.9 - - [14/Sep/2022:09:21:52 -0300] "GET /cormun/servlet/permisosadjuntos?INS,13096000,P,20220914085207,, HTTP/1.1" 200 5971
190.171.153.26 - - [14/Sep/2022:09:22:29 -0300] "POST /cormun/servlet/solicitudot?9a5c25bd1122aea07d6a02764d7ea2bf,INS,0,0,false,,gx-no-cache=1663160893988 HTTP/1.1" 200 12846
186.103.157.42 - - [14/Sep/2022:09:22:31 -0300] "POST /cormun/servlet/acontrolpreferencessavestate?None,RPEREZ,true HTTP/1.1" 200 35
186.103.157.98 - - [14/Sep/2022:09:22:32 -0300] "GET /cormun/servlet/hlogin HTTP/1.1" 200 1726
186.103.157.98 - - [14/Sep/2022:09:22:32 -0300] "GET /cormun/servlet/hlogin HTTP/1.1" 200 1737
186.103.157.42 - - [14/Sep/2022:09:22:32 -0300] "POST /cormun/servlet/trpermisosadjuntos?89717872c5c77769a33b4efde3f0efbd,16839429,20220914090201,P,,gx-no-cache=1663157923643 HTTP/1.1" 200 90
186.103.157.42 - - [14/Sep/2022:09:22:32 -0300] "GET /cormun/servlet/hpexe_link HTTP/1.1" 200 980
186.103.157.42 - - [14/Sep/2022:09:22:33 -0300] "GET /cormun/servlet/trpermisosgoce HTTP/1.1" 200 11143
186.103.157.42 - - [14/Sep/2022:09:22:33 -0300] "GET /cormun/servlet/trpermisosgoce HTTP/1.1" 200 11142
179.57.78.9 - - [14/Sep/2022:09:22:34 -0300] "POST /cormun/servlet/permisosadjuntos?e2bd62f6afb25bcab5fec461d41d2ed1,INS,13096000,P,20220914085207,, HTTP/1.1" 200 116
179.57.78.9 - - [14/Sep/2022:09:22:34 -0300] "GET /cormun/servlet/hpexe_return? HTTP/1.1" 200 1036
179.57.78.9 - - [14/Sep/2022:09:22:35 -0300] "GET /cormun/servlet/trpermisosadjuntos?13096000,20220914085207,P, HTTP/1.1" 200 7153
179.57.78.9 - - [14/Sep/2022:09:22:35 -0300] "GET /cormun/servlet/trpermisosadjuntos?13096000,20220914085207,P, HTTP/1.1" 200 7155
186.103.157.42 - - [14/Sep/2022:09:22:37 -0300] "POST /cormun/servlet/trpermisosgoce?89717872c5c77769a33b4efde3f0efbd,gx-no-cache=1663157927838 HTTP/1.1" 200 8188
186.103.157.42 - - [14/Sep/2022:09:22:37 -0300] "GET /cormun/static/Shared/jqueryui/images/ui-icons_82798d_256x240.png HTTP/1.1" 404 1089
186.103.157.42 - - [14/Sep/2022:09:22:37 -0300] "GET /cormun/static/Shared/jqueryui/images/ui-bg_highlight-soft_100_c6c2c8_1x100.png HTTP/1.1" 404 1117
186.103.157.42 - - [14/Sep/2022:09:22:37 -0300] "GET /cormun/static/Shared/jqueryui/images/ui-bg_flat_55_fafafa_40x100.png HTTP/1.1" 404 1097
186.103.157.42 - - [14/Sep/2022:09:22:37 -0300] "GET /cormun/static/Shared/jqueryui/images/ui-icons_8d78a5_256x240.png HTTP/1.1" 404 1089
186.103.157.98 - - [14/Sep/2022:09:22:38 -0300] "POST /cormun/servlet/hlogin?63f05f8e373a967b5cf06867debfd3e6,gx-no-cache=1663157303261 HTTP/1.1" 200 90
186.103.157.98 - - [14/Sep/2022:09:22:38 -0300] "GET /cormun/servlet/hpexe_link HTTP/1.1" 200 951
186.103.157.98 - - [14/Sep/2022:09:22:38 -0300] "GET /cormun/servlet/hhome HTTP/1.1" 200 4266
186.103.157.98 - - [14/Sep/2022:09:22:38 -0300] "GET /cormun/servlet/hhome HTTP/1.1" 200 4262
186.103.157.98 - - [14/Sep/2022:09:22:40 -0300] "GET /cormun/servlet/trlicencias? HTTP/1.1" 200 11304
186.103.157.98 - - [14/Sep/2022:09:22:40 -0300] "GET /cormun/servlet/trlicencias? HTTP/1.1" 200 11301
186.103.157.42 - - [14/Sep/2022:09:22:40 -0300] "GET /cormun/servlet/trpermisosadjuntos?16839429,20220914090201,P, HTTP/1.1" 200 6685
186.103.157.42 - - [14/Sep/2022:09:22:40 -0300] "GET /cormun/servlet/trpermisosadjuntos?16839429,20220914090201,P, HTTP/1.1" 200 6685
186.103.157.98 - - [14/Sep/2022:09:22:52 -0300] "GET /cormun/servlet/hlogin HTTP/1.1" 200 1743
179.57.78.9 - - [14/Sep/2022:09:22:53 -0300] "POST /cormun/servlet/trpermisosadjuntos?e2bd62f6afb25bcab5fec461d41d2ed1,13096000,20220914085207,P,,gx-no-cache=1663157305398 HTTP/1.1" 200 90
179.57.78.9 - - [14/Sep/2022:09:22:53 -0300] "GET /cormun/servlet/hpexe_link HTTP/1.1" 200 982
179.57.78.9 - - [14/Sep/2022:09:22:54 -0300] "GET /cormun/servlet/trpermisosgoce HTTP/1.1" 200 18648
179.57.78.9 - - [14/Sep/2022:09:22:54 -0300] "GET /cormun/servlet/trpermisosgoce HTTP/1.1" 200 18484
186.103.157.42 - - [14/Sep/2022:09:22:57 -0300] "GET /cormun/servlet/trpermisosingoceautorizar? HTTP/1.1" 200 7187
186.103.157.42 - - [14/Sep/2022:09:22:57 -0300] "GET /cormun/servlet/trpermisosingoceautorizar? HTTP/1.1" 200 7161
179.57.78.9 - - [14/Sep/2022:09:23:00 -0300] "POST /cormun/servlet/trpermisosgoce?e2bd62f6afb25bcab5fec461d41d2ed1,gx-no-cache=1663157312032 HTTP/1.1" 200 15722
179.57.78.9 - - [14/Sep/2022:09:23:00 -0300] "GET /cormun/static/Shared/jqueryui/images/ui-bg_highlight-soft_100_c6c2c8_1x100.png HTTP/1.1" 404 1117
179.57.78.9 - - [14/Sep/2022:09:23:00 -0300] "GET /cormun/static/Shared/jqueryui/images/ui-icons_82798d_256x240.png HTTP/1.1" 404 1089
179.57.78.9 - - [14/Sep/2022:09:23:00 -0300] "GET /cormun/static/Shared/jqueryui/images/ui-icons_8d78a5_256x240.png HTTP/1.1" 404 1089
179.57.78.9 - - [14/Sep/2022:09:23:00 -0300] "GET /cormun/static/Shared/jqueryui/images/ui-bg_flat_55_fafafa_40x100.png HTTP/1.1" 404 1097
179.57.78.9 - - [14/Sep/2022:09:23:01 -0300] "GET /cormun/static/Resources/PXToolsGridLast.gif HTTP/1.1" 200 370
179.57.78.9 - - [14/Sep/2022:09:23:01 -0300] "GET /cormun/static/Resources/PXToolsGridNext.gif HTTP/1.1" 200 369
179.57.78.9 - - [14/Sep/2022:09:23:02 -0300] "POST /cormun/servlet/trpermisosgoce?e2bd62f6afb25bcab5fec461d41d2ed1,gx-no-cache=1663157313864 HTTP/1.1" 200 15950
186.103.157.42 - - [14/Sep/2022:09:23:02 -0300] "POST /cormun/servlet/trpermisosingoceautorizar?89717872c5c77769a33b4efde3f0efbd,,gx-no-cache=1663157953810 HTTP/1.1" 200 90
186.103.157.42 - - [14/Sep/2022:09:23:02 -0300] "GET /cormun/servlet/hpexe_link HTTP/1.1" 200 990
186.103.157.42 - - [14/Sep/2022:09:23:03 -0300] "GET /cormun/servlet/trpermisosadjuntos?16839429,20220914090201,P, HTTP/1.1" 200 6686
186.103.157.42 - - [14/Sep/2022:09:23:03 -0300] "GET /cormun/servlet/trpermisosadjuntos?16839429,20220914090201,P, HTTP/1.1" 200 6685
179.57.78.9 - - [14/Sep/2022:09:23:04 -0300] "POST /cormun/servlet/trpermisosgoce?e2bd62f6afb25bcab5fec461d41d2ed1,gx-no-cache=1663157315599 HTTP/1.1" 200 15792
179.57.78.9 - - [14/Sep/2022:09:23:05 -0300] "POST /cormun/servlet/trpermisosgoce?e2bd62f6afb25bcab5fec461d41d2ed1,gx-no-cache=1663157317199 HTTP/1.1" 200 15740
186.103.157.42 - - [14/Sep/2022:09:23:05 -0300] "POST /cormun/servlet/trpermisosadjuntos?89717872c5c77769a33b4efde3f0efbd,16839429,20220914090201,P,,gx-no-cache=1663157956820 HTTP/1.1" 200 90
186.103.157.42 - - [14/Sep/2022:09:23:05 -0300] "GET /cormun/servlet/hpexe_link HTTP/1.1" 200 1002
186.103.157.42 - - [14/Sep/2022:09:23:06 -0300] "GET /cormun/servlet/trpermisosgoce?gx-no-cache=1663157927838 HTTP/1.1" 200 11143
186.103.157.42 - - [14/Sep/2022:09:23:06 -0300] "GET /cormun/servlet/trpermisosgoce?gx-no-cache=1663157927838 HTTP/1.1" 200 11161
179.57.78.9 - - [14/Sep/2022:09:23:07 -0300] "POST /cormun/servlet/trpermisosgoce?e2bd62f6afb25bcab5fec461d41d2ed1,gx-no-cache=1663157318895 HTTP/1.1" 200 15933
179.57.78.9 - - [14/Sep/2022:09:23:09 -0300] "POST /cormun/servlet/trpermisosgoce?e2bd62f6afb25bcab5fec461d41d2ed1,gx-no-cache=1663157320510 HTTP/1.1" 200 15934
186.103.157.42 - - [14/Sep/2022:09:23:09 -0300] "GET /cormun/servlet/trpermisosadjuntos?16839429,20220914090201,P, HTTP/1.1" 200 6707
186.103.157.42 - - [14/Sep/2022:09:23:09 -0300] "GET /cormun/servlet/trpermisosadjuntos?16839429,20220914090201,P, HTTP/1.1" 200 6685
179.57.78.9 - - [14/Sep/2022:09:23:11 -0300] "POST /cormun/servlet/trpermisosgoce?e2bd62f6afb25bcab5fec461d41d2ed1,gx-no-cache=1663157322670 HTTP/1.1" 200 15965
190.171.153.26 - - [14/Sep/2022:09:23:12 -0300] "GET /cormun/servlet/solicitudot?e7f8e17df65dcc5c1592a162493d5a879ae3345cf34b8cc2daa5c8318a27a28c87065ecd36dad01869af7c5ead6fadaf5159a981dc98c69b88665250efeca03f2dc2510c8c2c2e761a6361b8e0022a6c11ac107d5f4f79c10e39fb3d00ae30b9016a7518c043a658f855fdb20607f3b6995ea541b55fd7463f73165f10a55639db396faa48e40d7f9f3591fc2d536e310baf5ffa3980c9f4fe012faa1bd503970f780ff52ef0ffec2a4d4132dd11e26d9fbbf952117fcf0dd4172b467d8f78e8136d12c646e89a06d80446a7356df1fea70be434d17f59ec10cf53d2181483412b605e123910b80b841cbcdeb9b644f0f00ce9b33bc4d3cb5aee4622546835848679b1c0e537fd6d18bbafa247ab2c1b28d3fff58bd2c7023e81f24f1c984a1c3c240dae7c6c04dbd05b9b02977187f6c40bfe660740bd2f3f5069fdb57a19871f719436ea03c4e6583b56a37a3a17d0e5b8366041900661c42af01dd697ec8efbb0f2f1b4ef6bd1335324083f774935a09bc662ef6a385b68076974e0783207,gx-no-cache=1663160937360 HTTP/1.1" 200 30
179.57.78.9 - - [14/Sep/2022:09:23:13 -0300] "POST /cormun/servlet/trpermisosgoce?e2bd62f6afb25bcab5fec461d41d2ed1,gx-no-cache=1663157324310 HTTP/1.1" 200 15959
190.171.153.26 - - [14/Sep/2022:09:23:13 -0300] "POST /cormun/servlet/solicitudot?gx-no-cache=1663160937401 HTTP/1.1" 200 30
190.171.153.26 - - [14/Sep/2022:09:23:13 -0300] "POST /cormun/servlet/solicitudot?gx-no-cache=1663160937438 HTTP/1.1" 200 1469
190.171.153.26 - - [14/Sep/2022:09:23:13 -0300] "POST /cormun/servlet/solicitudot?gx-no-cache=1663160937547 HTTP/1.1" 200 41
190.171.153.26 - - [14/Sep/2022:09:23:13 -0300] "GET /cormun/servlet/solicitudot?e7f8e17df65dcc5c1592a162493d5a875a096169979c0ff546c6fbd96990279e62ffd483bb49cc6a388bc6912f247d3b2e699379b7ad9b0a662eeda09cbb1314bcc6e20824ede388b755c95fc2ebc8850a65b23646b92223a8479225e8ea2e891e6853c1d1c236a8914f9c87fd47989b,gx-no-cache=1663160937579 HTTP/1.1" 200 110
190.171.153.26 - - [14/Sep/2022:09:23:13 -0300] "POST /cormun/servlet/solicitudot?gx-no-cache=1663160937611 HTTP/1.1" 200 97
190.171.153.26 - - [14/Sep/2022:09:23:13 -0300] "GET /cormun/servlet/solicitudot?e7f8e17df65dcc5c1592a162493d5a8717ac8019b66b696355af950372d0bca5b88bd02886216ef85639a1e02ad68b30,gx-no-cache=1663160937668 HTTP/1.1" 200 30
190.171.153.26 - - [14/Sep/2022:09:23:13 -0300] "POST /cormun/servlet/solicitudot?gx-no-cache=1663160937718 HTTP/1.1" 200 34
190.171.153.26 - - [14/Sep/2022:09:23:13 -0300] "POST /cormun/servlet/solicitudot?9a5c25bd1122aea07d6a02764d7ea2bf,INS,0,0,false,,gx-no-cache=1663160937756 HTTP/1.1" 200 93
190.171.153.26 - - [14/Sep/2022:09:23:13 -0300] "GET /cormun/servlet/hpexe_return? HTTP/1.1" 200 1012
190.171.153.26 - - [14/Sep/2022:09:23:14 -0300] "GET /cormun/servlet/trsolicitudot HTTP/1.1" 200 8606
190.171.153.26 - - [14/Sep/2022:09:23:14 -0300] "GET /cormun//static/Resources/PXToolsActionView.png HTTP/1.1" 200 398
190.171.153.26 - - [14/Sep/2022:09:23:14 -0300] "GET /cormun//static/Resources/PXToolsRemoveAllAction.png HTTP/1.1" 200 487
190.171.153.26 - - [14/Sep/2022:09:23:14 -0300] "GET /cormun/servlet/trsolicitudot HTTP/1.1" 200 8601
179.57.78.9 - - [14/Sep/2022:09:23:14 -0300] "POST /cormun/servlet/trpermisosgoce?e2bd62f6afb25bcab5fec461d41d2ed1,gx-no-cache=1663157325670 HTTP/1.1" 200 15874
179.57.78.9 - - [14/Sep/2022:09:23:17 -0300] "POST /cormun/servlet/trpermisosgoce?e2bd62f6afb25bcab5fec461d41d2ed1,gx-no-cache=1663157328375 HTTP/1.1" 200 15717
179.57.78.9 - - [14/Sep/2022:09:23:19 -0300] "POST /cormun/servlet/trpermisosgoce?e2bd62f6afb25bcab5fec461d41d2ed1,gx-no-cache=1663157330335 HTTP/1.1" 200 15740
179.57.78.9 - - [14/Sep/2022:09:23:21 -0300] "POST /cormun/servlet/trpermisosgoce?e2bd62f6afb25bcab5fec461d41d2ed1,gx-no-cache=1663157332574 HTTP/1.1" 200 15844
186.103.157.42 - - [14/Sep/2022:09:23:21 -0300] "POST /cormun/servlet/trpermisosadjuntos?89717872c5c77769a33b4efde3f0efbd,16839429,20220914090201,P,,gx-no-cache=1663157972363 HTTP/1.1" 200 90
186.103.157.42 - - [14/Sep/2022:09:23:21 -0300] "GET /cormun/servlet/hpexe_link HTTP/1.1" 200 1002
186.103.157.42 - - [14/Sep/2022:09:23:21 -0300] "GET /cormun/servlet/trpermisosgoce?gx-no-cache=1663157927838 HTTP/1.1" 200 11143
186.103.157.42 - - [14/Sep/2022:09:23:22 -0300] "GET /cormun/servlet/trpermisosgoce?gx-no-cache=1663157927838 HTTP/1.1" 200 11161
179.57.78.9 - - [14/Sep/2022:09:23:23 -0300] "POST /cormun/servlet/trpermisosgoce?e2bd62f6afb25bcab5fec461d41d2ed1,gx-no-cache=1663157335158 HTTP/1.1" 200 15872
179.57.78.9 - - [14/Sep/2022:09:23:25 -0300] "POST /cormun/servlet/trpermisosgoce?e2bd62f6afb25bcab5fec461d41d2ed1,gx-no-cache=1663157337149 HTTP/1.1" 200 15684
190.171.153.26 - - [14/Sep/2022:09:23:26 -0300] "POST /cormun/servlet/trsolicitudot?9a5c25bd1122aea07d6a02764d7ea2bf,gx-no-cache=1663160950563 HTTP/1.1" 200 107
190.171.153.26 - - [14/Sep/2022:09:23:26 -0300] "GET /cormun/servlet/trsolicitudadjuntos?2022,19169, HTTP/1.1" 200 6064
186.103.157.42 - - [14/Sep/2022:09:23:26 -0300] "GET /cormun/servlet/trpermisosadjuntos?16839429,20220914090201,P, HTTP/1.1" 200 6707
190.171.153.26 - - [14/Sep/2022:09:23:26 -0300] "GET /cormun/static/gxcfg.js?20201215574222 HTTP/1.1" 200 953
190.171.153.26 - - [14/Sep/2022:09:23:26 -0300] "GET /cormun/static/Resources/PXToolsGridNew.png HTTP/1.1" 200 427
190.171.153.26 - - [14/Sep/2022:09:23:26 -0300] "GET /cormun/static/trsolicitudadjuntos.js?20201215574932 HTTP/1.1" 200 17922
186.103.157.42 - - [14/Sep/2022:09:23:26 -0300] "GET /cormun/servlet/trpermisosadjuntos?16839429,20220914090201,P, HTTP/1.1" 200 6685
190.171.153.26 - - [14/Sep/2022:09:23:26 -0300] "GET /cormun/servlet/trsolicitudadjuntos?2022,19169, HTTP/1.1" 200 6063
179.57.78.9 - - [14/Sep/2022:09:23:28 -0300] "POST /cormun/servlet/trpermisosgoce?e2bd62f6afb25bcab5fec461d41d2ed1,gx-no-cache=1663157339311 HTTP/1.1" 200 15840
190.171.153.26 - - [14/Sep/2022:09:23:28 -0300] "GET /cormun/servlet/solicitudotadjuntos?INS,2022,19169,,1, HTTP/1.1" 200 6005
190.171.153.26 - - [14/Sep/2022:09:23:29 -0300] "GET /cormun/static/gxcfg.js?202012157947 HTTP/1.1" 200 953
190.171.153.26 - - [14/Sep/2022:09:23:29 -0300] "GET /cormun/static/solicitudotadjuntos.js?202012157966 HTTP/1.1" 200 11771
190.171.153.26 - - [14/Sep/2022:09:23:29 -0300] "GET /cormun/static/about:blank HTTP/1.1" 404 1011
190.171.153.26 - - [14/Sep/2022:09:23:29 -0300] "GET /cormun/servlet/solicitudotadjuntos?INS,2022,19169,,1, HTTP/1.1" 200 5998
190.171.153.26 - - [14/Sep/2022:09:23:29 -0300] "GET /cormun/servlet/solicitudotadjuntos?e7f8e17df65dcc5c1592a162493d5a87cd3d9b65c15ff15c55405181ad60df64476aace3f8b48d0c38c7d7d00bec77b2,gx-no-cache=1663160954379 HTTP/1.1" 200 30
190.171.153.26 - - [14/Sep/2022:09:23:30 -0300] "POST /cormun/servlet/solicitudotadjuntos?9a5c25bd1122aea07d6a02764d7ea2bf,INS,2022,19169,,1,,gx-no-cache=1663160954434 HTTP/1.1" 200 3906
179.57.78.9 - - [14/Sep/2022:09:23:30 -0300] "POST /cormun/servlet/trpermisosgoce?e2bd62f6afb25bcab5fec461d41d2ed1,gx-no-cache=1663157341990 HTTP/1.1" 200 15660
179.57.78.9 - - [14/Sep/2022:09:23:32 -0300] "POST /cormun/servlet/trpermisosgoce?e2bd62f6afb25bcab5fec461d41d2ed1,gx-no-cache=1663157343847 HTTP/1.1" 200 15807
186.103.157.42 - - [14/Sep/2022:09:23:34 -0300] "POST /cormun/servlet/trpermisosadjuntos?89717872c5c77769a33b4efde3f0efbd,16839429,20220914090201,P,,gx-no-cache=1663157984955 HTTP/1.1" 200 90
186.103.157.42 - - [14/Sep/2022:09:23:34 -0300] "GET /cormun/servlet/hpexe_link HTTP/1.1" 200 1002
186.103.157.42 - - [14/Sep/2022:09:23:34 -0300] "GET /cormun/servlet/trpermisosgoce?gx-no-cache=1663157927838 HTTP/1.1" 200 11143
179.57.78.9 - - [14/Sep/2022:09:23:34 -0300] "POST /cormun/servlet/trpermisosgoce?e2bd62f6afb25bcab5fec461d41d2ed1,gx-no-cache=1663157345726 HTTP/1.1" 200 15760
186.103.157.42 - - [14/Sep/2022:09:23:34 -0300] "GET /cormun/servlet/trpermisosgoce?gx-no-cache=1663157927838 HTTP/1.1" 200 11161
190.95.15.15 - - [14/Sep/2022:09:23:38 -0300] "GET /cormun/servlet/trlicencias? HTTP/1.1" 200 6044
190.95.15.15 - - [14/Sep/2022:09:23:38 -0300] "GET /cormun/servlet/hlogin HTTP/1.1" 200 1746
190.95.15.15 - - [14/Sep/2022:09:23:38 -0300] "GET /cormun/servlet/trlicencias? HTTP/1.1" 200 6043
179.57.78.9 - - [14/Sep/2022:09:23:39 -0300] "POST /cormun/servlet/trpermisosgoce?e2bd62f6afb25bcab5fec461d41d2ed1,gx-no-cache=1663157350686 HTTP/1.1" 200 15636
190.171.153.26 - - [14/Sep/2022:09:23:39 -0300] "POST /cormun/servlet/solicitudotadjuntos?gx-no-cache=1663160963861 HTTP/1.1" 200 26
179.57.78.9 - - [14/Sep/2022:09:23:41 -0300] "POST /cormun/servlet/trpermisosgoce?e2bd62f6afb25bcab5fec461d41d2ed1,gx-no-cache=1663157352863 HTTP/1.1" 200 15767
179.57.78.9 - - [14/Sep/2022:09:23:44 -0300] "POST /cormun/servlet/trpermisosgoce?e2bd62f6afb25bcab5fec461d41d2ed1,gx-no-cache=1663157355479 HTTP/1.1" 200 15714
190.95.15.15 - - [14/Sep/2022:09:23:45 -0300] "POST /cormun/servlet/hlogin?a5507541adb5bf3b9cfd78847e8c900a,gx-no-cache=1663159633363 HTTP/1.1" 200 90
190.95.15.15 - - [14/Sep/2022:09:23:45 -0300] "GET /cormun/servlet/hpexe_link HTTP/1.1" 200 957
190.95.15.15 - - [14/Sep/2022:09:23:45 -0300] "GET /cormun/servlet/trlicencias HTTP/1.1" 200 13363
190.95.15.15 - - [14/Sep/2022:09:23:46 -0300] "GET /cormun/servlet/trlicencias HTTP/1.1" 200 13361
186.103.157.42 - - [14/Sep/2022:09:23:51 -0300] "GET /cormun/servlet/permisogoce?INS,0,,, HTTP/1.1" 200 7291
186.103.157.42 - - [14/Sep/2022:09:23:51 -0300] "GET /cormun/servlet/permisogoce?INS,0,,, HTTP/1.1" 200 7269
179.57.78.9 - - [14/Sep/2022:09:23:55 -0300] "GET /cormun/servlet/trautorizarpermisogoce? HTTP/1.1" 200 13115
179.57.78.9 - - [14/Sep/2022:09:23:55 -0300] "GET /cormun/static/gxcfg.js?2020121645532 HTTP/1.1" 200 953
179.57.78.9 - - [14/Sep/2022:09:23:56 -0300] "GET /cormun/static/trautorizarpermisogoce.js?2020121651492 HTTP/1.1" 200 34948
179.57.78.9 - - [14/Sep/2022:09:23:56 -0300] "GET /cormun/servlet/trautorizarpermisogoce? HTTP/1.1" 200 13114
190.171.153.26 - - [14/Sep/2022:09:24:01 -0300] "GET /cormun/servlet/solicitudotadjuntos?e7f8e17df65dcc5c1592a162493d5a87061571041dc73181122a05901cb1ed11,gx-no-cache=1663160986240 HTTP/1.1" 200 30
190.171.153.26 - - [14/Sep/2022:09:24:01 -0300] "GET /cormun/servlet/solicitudotadjuntos?e7f8e17df65dcc5c1592a162493d5a87061571041dc73181122a05901cb1ed11,gx-no-cache=1663160986280 HTTP/1.1" 200 30
190.171.153.26 - - [14/Sep/2022:09:24:02 -0300] "POST /cormun/servlet/solicitudotadjuntos?9a5c25bd1122aea07d6a02764d7ea2bf,INS,2022,19169,,1, HTTP/1.1" 200 116
190.171.153.26 - - [14/Sep/2022:09:24:02 -0300] "GET /cormun/servlet/hpexe_return? HTTP/1.1" 200 1030
190.171.153.26 - - [14/Sep/2022:09:24:03 -0300] "GET /cormun/servlet/trsolicitudadjuntos?2022,19169, HTTP/1.1" 200 8885
190.171.153.26 - - [14/Sep/2022:09:24:03 -0300] "GET /cormun/servlet/trsolicitudadjuntos?2022,19169, HTTP/1.1" 200 8881
190.171.153.26 - - [14/Sep/2022:09:24:07 -0300] "GET /cormun/servlet/solicitudotadjuntos?INS,2022,19169,,1, HTTP/1.1" 200 6005
190.171.153.26 - - [14/Sep/2022:09:24:08 -0300] "GET /cormun/static/about:blank HTTP/1.1" 404 1011
190.171.153.26 - - [14/Sep/2022:09:24:08 -0300] "GET /cormun/servlet/solicitudotadjuntos?INS,2022,19169,,1, HTTP/1.1" 200 5998
190.171.153.26 - - [14/Sep/2022:09:24:08 -0300] "GET /cormun/servlet/solicitudotadjuntos?e7f8e17df65dcc5c1592a162493d5a87cd3d9b65c15ff15c55405181ad60df64476aace3f8b48d0c38c7d7d00bec77b2,gx-no-cache=1663160992974 HTTP/1.1" 200 30
190.171.153.26 - - [14/Sep/2022:09:24:08 -0300] "POST /cormun/servlet/solicitudotadjuntos?9a5c25bd1122aea07d6a02764d7ea2bf,INS,2022,19169,,1,,gx-no-cache=1663160993095 HTTP/1.1" 200 3906
190.171.153.26 - - [14/Sep/2022:09:24:12 -0300] "POST /cormun/servlet/solicitudotadjuntos?gx-no-cache=1663160997273 HTTP/1.1" 200 26
190.171.153.26 - - [14/Sep/2022:09:24:20 -0300] "GET /cormun/servlet/solicitudotadjuntos?e7f8e17df65dcc5c1592a162493d5a87061571041dc73181122a05901cb1ed11,gx-no-cache=1663161005104 HTTP/1.1" 200 30
190.171.153.26 - - [14/Sep/2022:09:24:20 -0300] "GET /cormun/servlet/solicitudotadjuntos?e7f8e17df65dcc5c1592a162493d5a87061571041dc73181122a05901cb1ed11,gx-no-cache=1663161005129 HTTP/1.1" 200 30
190.171.153.26 - - [14/Sep/2022:09:24:20 -0300] "POST /cormun/servlet/solicitudotadjuntos?9a5c25bd1122aea07d6a02764d7ea2bf,INS,2022,19169,,1, HTTP/1.1" 200 116
190.171.153.26 - - [14/Sep/2022:09:24:21 -0300] "GET /cormun/servlet/hpexe_return? HTTP/1.1" 200 1030
190.171.153.26 - - [14/Sep/2022:09:24:21 -0300] "GET /cormun/servlet/trsolicitudadjuntos?2022,19169, HTTP/1.1" 200 9128
190.171.153.26 - - [14/Sep/2022:09:24:21 -0300] "GET /cormun/servlet/trsolicitudadjuntos?2022,19169, HTTP/1.1" 200 9126
190.171.153.26 - - [14/Sep/2022:09:24:23 -0300] "GET /cormun/servlet/solicitudotadjuntos?INS,2022,19169,,1, HTTP/1.1" 200 6005
190.171.153.26 - - [14/Sep/2022:09:24:23 -0300] "GET /cormun/static/about:blank HTTP/1.1" 404 1011
190.171.153.26 - - [14/Sep/2022:09:24:24 -0300] "GET /cormun/servlet/solicitudotadjuntos?INS,2022,19169,,1, HTTP/1.1" 200 5998
190.171.153.26 - - [14/Sep/2022:09:24:24 -0300] "GET /cormun/servlet/solicitudotadjuntos?e7f8e17df65dcc5c1592a162493d5a87cd3d9b65c15ff15c55405181ad60df64476aace3f8b48d0c38c7d7d00bec77b2,gx-no-cache=1663161009071 HTTP/1.1" 200 30
190.171.153.26 - - [14/Sep/2022:09:24:24 -0300] "POST /cormun/servlet/solicitudotadjuntos?9a5c25bd1122aea07d6a02764d7ea2bf,INS,2022,19169,,1,,gx-no-cache=1663161009089 HTTP/1.1" 200 3906
190.171.153.26 - - [14/Sep/2022:09:24:29 -0300] "POST /cormun/servlet/solicitudotadjuntos?gx-no-cache=1663161013761 HTTP/1.1" 200 26
190.171.153.26 - - [14/Sep/2022:09:24:37 -0300] "GET /cormun/servlet/solicitudotadjuntos?e7f8e17df65dcc5c1592a162493d5a87061571041dc73181122a05901cb1ed11,gx-no-cache=1663161021968 HTTP/1.1" 200 30
190.171.153.26 - - [14/Sep/2022:09:24:37 -0300] "GET /cormun/servlet/solicitudotadjuntos?e7f8e17df65dcc5c1592a162493d5a87061571041dc73181122a05901cb1ed11,gx-no-cache=1663161022023 HTTP/1.1" 200 30
190.171.153.26 - - [14/Sep/2022:09:24:38 -0300] "POST /cormun/servlet/solicitudotadjuntos?9a5c25bd1122aea07d6a02764d7ea2bf,INS,2022,19169,,1, HTTP/1.1" 200 116
190.171.153.26 - - [14/Sep/2022:09:24:38 -0300] "GET /cormun/servlet/hpexe_return? HTTP/1.1" 200 1030
190.171.153.26 - - [14/Sep/2022:09:24:38 -0300] "GET /cormun/servlet/trsolicitudadjuntos?2022,19169, HTTP/1.1" 200 9297
190.171.153.26 - - [14/Sep/2022:09:24:39 -0300] "GET /cormun/servlet/trsolicitudadjuntos?2022,19169, HTTP/1.1" 200 9294
190.171.153.26 - - [14/Sep/2022:09:24:41 -0300] "GET /cormun/servlet/solicitudotadjuntos?INS,2022,19169,,1, HTTP/1.1" 200 6005
190.171.153.26 - - [14/Sep/2022:09:24:42 -0300] "GET /cormun/static/about:blank HTTP/1.1" 404 1011
186.103.157.42 - - [14/Sep/2022:09:24:42 -0300] "POST /cormun/servlet/permisogoce?89717872c5c77769a33b4efde3f0efbd,INS,0,,,,gx-no-cache=1663158052925 HTTP/1.1" 200 4783
186.103.157.42 - - [14/Sep/2022:09:24:42 -0300] "GET /cormun/static/Shared/jqueryui/images/ui-bg_highlight-soft_100_c6c2c8_1x100.png HTTP/1.1" 404 1117
190.171.153.26 - - [14/Sep/2022:09:24:42 -0300] "GET /cormun/servlet/solicitudotadjuntos?INS,2022,19169,,1, HTTP/1.1" 200 5998
186.103.157.42 - - [14/Sep/2022:09:24:42 -0300] "GET /cormun/static/Shared/jqueryui/images/ui-icons_82798d_256x240.png HTTP/1.1" 404 1089
186.103.157.42 - - [14/Sep/2022:09:24:42 -0300] "GET /cormun/static/Shared/jqueryui/images/ui-icons_ebccce_256x240.png HTTP/1.1" 404 1089
186.103.157.42 - - [14/Sep/2022:09:24:42 -0300] "GET /cormun/static/Shared/jqueryui/images/ui-bg_flat_55_994d53_40x100.png HTTP/1.1" 404 1097
190.171.153.26 - - [14/Sep/2022:09:24:42 -0300] "GET /cormun/servlet/solicitudotadjuntos?e7f8e17df65dcc5c1592a162493d5a87cd3d9b65c15ff15c55405181ad60df64476aace3f8b48d0c38c7d7d00bec77b2,gx-no-cache=1663161027217 HTTP/1.1" 200 30
190.171.153.26 - - [14/Sep/2022:09:24:42 -0300] "POST /cormun/servlet/solicitudotadjuntos?9a5c25bd1122aea07d6a02764d7ea2bf,INS,2022,19169,,1,,gx-no-cache=1663161027244 HTTP/1.1" 200 3906
186.103.157.42 - - [14/Sep/2022:09:24:44 -0300] "GET /cormun/servlet/permisogoce?1f55b6f37933b7ddf32d3257c305ff415b0bc70d8bf4ca27360cd01a7643872c246dfe1f03b444963636e34d3998bfa809eba9590dba72dae54bc1bf8166aa0b78e50a5f5043fc9e638965b5c9176e54524b30701962f02a702938b7849f7d399ab60f7939009bf9ddcff7c54951e29478e50a5f5043fc9e638965b5c9176e54524b30701962f02a702938b7849f7d3909eba9590dba72dae54bc1bf8166aa0b276fd2632035b3bbf2ee836b2bc247189f647437cc2747f0f93f1b42351709fc106117ee8013c1a00891408a3c8ff9a0eee08711d916c027d09c78b319612540,gx-no-cache=1663158055317 HTTP/1.1" 200 82
190.171.153.26 - - [14/Sep/2022:09:24:46 -0300] "POST /cormun/servlet/solicitudotadjuntos?gx-no-cache=1663161030618 HTTP/1.1" 200 26
186.103.157.42 - - [14/Sep/2022:09:24:46 -0300] "GET /cormun/static/menuarrow.gif HTTP/1.1" 404 1015
190.171.153.26 - - [14/Sep/2022:09:24:54 -0300] "GET /cormun/servlet/solicitudotadjuntos?e7f8e17df65dcc5c1592a162493d5a87061571041dc73181122a05901cb1ed11,gx-no-cache=1663161038848 HTTP/1.1" 200 30
190.171.153.26 - - [14/Sep/2022:09:24:54 -0300] "GET /cormun/servlet/solicitudotadjuntos?e7f8e17df65dcc5c1592a162493d5a87061571041dc73181122a05901cb1ed11,gx-no-cache=1663161038939 HTTP/1.1" 200 30
190.171.153.26 - - [14/Sep/2022:09:24:54 -0300] "POST /cormun/servlet/solicitudotadjuntos?9a5c25bd1122aea07d6a02764d7ea2bf,INS,2022,19169,,1, HTTP/1.1" 200 116
190.171.153.26 - - [14/Sep/2022:09:24:54 -0300] "GET /cormun/servlet/hpexe_return? HTTP/1.1" 200 1030
190.171.153.26 - - [14/Sep/2022:09:24:55 -0300] "GET /cormun/servlet/trsolicitudadjuntos?2022,19169, HTTP/1.1" 200 9552
190.171.153.26 - - [14/Sep/2022:09:24:55 -0300] "GET /cormun/servlet/trsolicitudadjuntos?2022,19169, HTTP/1.1" 200 9551
190.171.153.26 - - [14/Sep/2022:09:24:57 -0300] "GET /cormun/servlet/solicitudotadjuntos?INS,2022,19169,,1, HTTP/1.1" 200 6005
190.171.153.26 - - [14/Sep/2022:09:24:58 -0300] "GET /cormun/static/about:blank HTTP/1.1" 404 1011
190.171.153.26 - - [14/Sep/2022:09:24:58 -0300] "GET /cormun/servlet/solicitudotadjuntos?INS,2022,19169,,1, HTTP/1.1" 200 5998
190.171.153.26 - - [14/Sep/2022:09:24:58 -0300] "GET /cormun/servlet/solicitudotadjuntos?e7f8e17df65dcc5c1592a162493d5a87cd3d9b65c15ff15c55405181ad60df64476aace3f8b48d0c38c7d7d00bec77b2,gx-no-cache=1663161043325 HTTP/1.1" 200 30
190.171.153.26 - - [14/Sep/2022:09:24:59 -0300] "POST /cormun/servlet/solicitudotadjuntos?9a5c25bd1122aea07d6a02764d7ea2bf,INS,2022,19169,,1,,gx-no-cache=1663161043402 HTTP/1.1" 200 3906
186.103.157.42 - - [14/Sep/2022:09:25:01 -0300] "GET /cormun/servlet/permisogoce?1f55b6f37933b7ddf32d3257c305ff41db205492f6bb77f3a87b93803e3f556be94cdbdbbab13087f56d3dd2a24a57d123b12e675b5ad7b3bf75fd5145d308bd,gx-no-cache=1663158072170 HTTP/1.1" 200 48
190.171.153.26 - - [14/Sep/2022:09:25:02 -0300] "POST /cormun/servlet/solicitudotadjuntos?gx-no-cache=1663161046929 HTTP/1.1" 200 26
179.57.78.9 - - [14/Sep/2022:09:25:03 -0300] "POST /cormun/servlet/trautorizarpermisogoce?e2bd62f6afb25bcab5fec461d41d2ed1,,gx-no-cache=1663157434706 HTTP/1.1" 200 10074
179.57.78.9 - - [14/Sep/2022:09:25:04 -0300] "GET /cormun/static/Shared/jqueryui/images/ui-bg_highlight-soft_100_c6c2c8_1x100.png HTTP/1.1" 404 1117
179.57.78.9 - - [14/Sep/2022:09:25:04 -0300] "GET /cormun/static/Shared/jqueryui/images/ui-icons_8d78a5_256x240.png HTTP/1.1" 404 1089
179.57.78.9 - - [14/Sep/2022:09:25:04 -0300] "GET /cormun/static/Shared/jqueryui/images/ui-icons_82798d_256x240.png HTTP/1.1" 404 1089
179.57.78.9 - - [14/Sep/2022:09:25:04 -0300] "GET /cormun/static/Shared/jqueryui/images/ui-bg_flat_55_fafafa_40x100.png HTTP/1.1" 404 1097
179.57.78.9 - - [14/Sep/2022:09:25:05 -0300] "POST /cormun/servlet/trautorizarpermisogoce?e2bd62f6afb25bcab5fec461d41d2ed1,,gx-no-cache=1663157436295 HTTP/1.1" 200 9725
179.57.78.9 - - [14/Sep/2022:09:25:06 -0300] "POST /cormun/servlet/trautorizarpermisogoce?e2bd62f6afb25bcab5fec461d41d2ed1,,gx-no-cache=1663157437454 HTTP/1.1" 200 9538
179.57.78.9 - - [14/Sep/2022:09:25:07 -0300] "POST /cormun/servlet/trautorizarpermisogoce?e2bd62f6afb25bcab5fec461d41d2ed1,,gx-no-cache=1663157438421 HTTP/1.1" 200 9353
186.103.157.42 - - [14/Sep/2022:09:25:07 -0300] "POST /cormun/servlet/permisogoce?89717872c5c77769a33b4efde3f0efbd,INS,0,,,,gx-no-cache=1663158077964 HTTP/1.1" 200 93
186.103.157.42 - - [14/Sep/2022:09:25:07 -0300] "GET /cormun/servlet/hpexe_return? HTTP/1.1" 200 1028
179.57.78.9 - - [14/Sep/2022:09:25:08 -0300] "POST /cormun/servlet/trautorizarpermisogoce?e2bd62f6afb25bcab5fec461d41d2ed1,,gx-no-cache=1663157439453 HTTP/1.1" 200 9121
186.103.157.42 - - [14/Sep/2022:09:25:08 -0300] "GET /cormun/servlet/trpermisosgoce?gx-no-cache=1663157927838 HTTP/1.1" 200 11367
186.103.157.42 - - [14/Sep/2022:09:25:08 -0300] "GET /cormun/servlet/trpermisosgoce?gx-no-cache=1663157927838 HTTP/1.1" 200 11384
179.57.78.9 - - [14/Sep/2022:09:25:09 -0300] "POST /cormun/servlet/trautorizarpermisogoce?e2bd62f6afb25bcab5fec461d41d2ed1,,gx-no-cache=1663157440421 HTTP/1.1" 200 8711
179.57.78.9 - - [14/Sep/2022:09:25:10 -0300] "POST /cormun/servlet/trautorizarpermisogoce?e2bd62f6afb25bcab5fec461d41d2ed1,,gx-no-cache=1663157441366 HTTP/1.1" 200 8133
190.171.153.26 - - [14/Sep/2022:09:25:10 -0300] "GET /cormun/servlet/solicitudotadjuntos?e7f8e17df65dcc5c1592a162493d5a87061571041dc73181122a05901cb1ed11,gx-no-cache=1663161054503 HTTP/1.1" 200 30
190.171.153.26 - - [14/Sep/2022:09:25:10 -0300] "GET /cormun/servlet/solicitudotadjuntos?e7f8e17df65dcc5c1592a162493d5a87061571041dc73181122a05901cb1ed11,gx-no-cache=1663161054600 HTTP/1.1" 200 30
179.57.78.9 - - [14/Sep/2022:09:25:11 -0300] "POST /cormun/servlet/trautorizarpermisogoce?e2bd62f6afb25bcab5fec461d41d2ed1,,gx-no-cache=1663157442285 HTTP/1.1" 200 7901
179.57.78.9 - - [14/Sep/2022:09:25:11 -0300] "POST /cormun/servlet/trautorizarpermisogoce?e2bd62f6afb25bcab5fec461d41d2ed1,,gx-no-cache=1663157443236 HTTP/1.1" 200 7695
190.171.153.26 - - [14/Sep/2022:09:25:12 -0300] "POST /cormun/servlet/solicitudotadjuntos?9a5c25bd1122aea07d6a02764d7ea2bf,INS,2022,19169,,1, HTTP/1.1" 200 116
190.171.153.26 - - [14/Sep/2022:09:25:12 -0300] "GET /cormun/servlet/hpexe_return? HTTP/1.1" 200 1030
179.57.78.9 - - [14/Sep/2022:09:25:12 -0300] "POST /cormun/servlet/trautorizarpermisogoce?e2bd62f6afb25bcab5fec461d41d2ed1,,gx-no-cache=1663157444205 HTTP/1.1" 200 7498
190.171.153.26 - - [14/Sep/2022:09:25:13 -0300] "GET /cormun/servlet/trsolicitudadjuntos?2022,19169, HTTP/1.1" 200 9824
190.171.153.26 - - [14/Sep/2022:09:25:13 -0300] "GET /cormun/servlet/trsolicitudadjuntos?2022,19169, HTTP/1.1" 200 9821
179.57.78.9 - - [14/Sep/2022:09:25:13 -0300] "POST /cormun/servlet/trautorizarpermisogoce?e2bd62f6afb25bcab5fec461d41d2ed1,,gx-no-cache=1663157445156 HTTP/1.1" 200 7281
179.57.78.9 - - [14/Sep/2022:09:25:14 -0300] "POST /cormun/servlet/trautorizarpermisogoce?e2bd62f6afb25bcab5fec461d41d2ed1,,gx-no-cache=1663157446220 HTTP/1.1" 200 7023
186.103.157.42 - - [14/Sep/2022:09:25:15 -0300] "GET /cormun/servlet/trpermisosadjuntos?12912714,20220914090634,P, HTTP/1.1" 200 6714
186.103.157.42 - - [14/Sep/2022:09:25:15 -0300] "GET /cormun/servlet/trpermisosadjuntos?12912714,20220914090634,P, HTTP/1.1" 200 6691
190.171.153.26 - - [14/Sep/2022:09:25:16 -0300] "GET /cormun/servlet/solicitudotadjuntos?INS,2022,19169,,1, HTTP/1.1" 200 6004
190.171.153.26 - - [14/Sep/2022:09:25:16 -0300] "GET /cormun/static/about:blank HTTP/1.1" 404 1011
190.171.153.26 - - [14/Sep/2022:09:25:17 -0300] "GET /cormun/servlet/solicitudotadjuntos?INS,2022,19169,,1, HTTP/1.1" 200 5998
190.171.153.26 - - [14/Sep/2022:09:25:17 -0300] "GET /cormun/servlet/solicitudotadjuntos?e7f8e17df65dcc5c1592a162493d5a87cd3d9b65c15ff15c55405181ad60df64476aace3f8b48d0c38c7d7d00bec77b2,gx-no-cache=1663161061737 HTTP/1.1" 200 30
190.171.153.26 - - [14/Sep/2022:09:25:17 -0300] "POST /cormun/servlet/solicitudotadjuntos?9a5c25bd1122aea07d6a02764d7ea2bf,INS,2022,19169,,1,,gx-no-cache=1663161061856 HTTP/1.1" 200 3906
179.57.78.9 - - [14/Sep/2022:09:25:17 -0300] "POST /cormun/servlet/trautorizarpermisogoce?e2bd62f6afb25bcab5fec461d41d2ed1,,gx-no-cache=1663157447556 HTTP/1.1" 200 6815
179.57.78.9 - - [14/Sep/2022:09:25:19 -0300] "POST /cormun/servlet/trautorizarpermisogoce?e2bd62f6afb25bcab5fec461d41d2ed1,,gx-no-cache=1663157450431 HTTP/1.1" 200 6623
179.57.78.9 - - [14/Sep/2022:09:25:20 -0300] "POST /cormun/servlet/trautorizarpermisogoce?e2bd62f6afb25bcab5fec461d41d2ed1,,gx-no-cache=1663157452125 HTTP/1.1" 200 6404
179.57.78.9 - - [14/Sep/2022:09:25:21 -0300] "POST /cormun/servlet/trautorizarpermisogoce?e2bd62f6afb25bcab5fec461d41d2ed1,,gx-no-cache=1663157453244 HTTP/1.1" 200 6201
179.57.78.9 - - [14/Sep/2022:09:25:23 -0300] "POST /cormun/servlet/trautorizarpermisogoce?e2bd62f6afb25bcab5fec461d41d2ed1,,gx-no-cache=1663157454980 HTTP/1.1" 200 5992
179.57.78.9 - - [14/Sep/2022:09:25:24 -0300] "POST /cormun/servlet/trautorizarpermisogoce?e2bd62f6afb25bcab5fec461d41d2ed1,,gx-no-cache=1663157455988 HTTP/1.1" 200 5761
179.57.78.9 - - [14/Sep/2022:09:25:25 -0300] "POST /cormun/servlet/trautorizarpermisogoce?e2bd62f6afb25bcab5fec461d41d2ed1,,gx-no-cache=1663157456957 HTTP/1.1" 200 5530
179.57.78.9 - - [14/Sep/2022:09:25:26 -0300] "POST /cormun/servlet/trautorizarpermisogoce?e2bd62f6afb25bcab5fec461d41d2ed1,,gx-no-cache=1663157458045 HTTP/1.1" 200 5277
186.103.157.42 - - [14/Sep/2022:09:25:27 -0300] "POST /cormun/servlet/trpermisosadjuntos?89717872c5c77769a33b4efde3f0efbd,12912714,20220914090634,P,,gx-no-cache=1663158097970 HTTP/1.1" 200 4358
190.171.153.26 - - [14/Sep/2022:09:25:27 -0300] "POST /cormun/servlet/solicitudotadjuntos?gx-no-cache=1663161072109 HTTP/1.1" 200 26
179.57.78.9 - - [14/Sep/2022:09:25:27 -0300] "POST /cormun/servlet/trautorizarpermisogoce?e2bd62f6afb25bcab5fec461d41d2ed1,,gx-no-cache=1663157459340 HTTP/1.1" 200 4519
186.103.157.42 - - [14/Sep/2022:09:25:28 -0300] "GET /cormun/servlet/permisosadjuntos?INS,12912714,P,20220914090634,, HTTP/1.1" 200 6022
186.103.157.42 - - [14/Sep/2022:09:25:29 -0300] "GET /cormun/static/about:blank HTTP/1.1" 404 1011
186.103.157.42 - - [14/Sep/2022:09:25:29 -0300] "GET /cormun/servlet/permisosadjuntos?INS,12912714,P,20220914090634,, HTTP/1.1" 200 6012
190.171.153.26 - - [14/Sep/2022:09:25:35 -0300] "GET /cormun/servlet/solicitudotadjuntos?e7f8e17df65dcc5c1592a162493d5a87061571041dc73181122a05901cb1ed11,gx-no-cache=1663161079880 HTTP/1.1" 200 30
190.171.153.26 - - [14/Sep/2022:09:25:35 -0300] "GET /cormun/servlet/solicitudotadjuntos?e7f8e17df65dcc5c1592a162493d5a87061571041dc73181122a05901cb1ed11,gx-no-cache=1663161080032 HTTP/1.1" 200 30
190.171.153.26 - - [14/Sep/2022:09:25:37 -0300] "POST /cormun/servlet/solicitudotadjuntos?9a5c25bd1122aea07d6a02764d7ea2bf,INS,2022,19169,,1, HTTP/1.1" 200 116
186.103.157.42 - - [14/Sep/2022:09:25:37 -0300] "POST /cormun/servlet/permisosadjuntos?89717872c5c77769a33b4efde3f0efbd,INS,12912714,P,20220914090634,,,gx-no-cache=1663158107500 HTTP/1.1" 200 93
186.103.157.42 - - [14/Sep/2022:09:25:37 -0300] "GET /cormun/servlet/hpexe_return? HTTP/1.1" 200 1034
190.171.153.26 - - [14/Sep/2022:09:25:37 -0300] "GET /cormun/servlet/hpexe_return? HTTP/1.1" 200 1030
186.103.157.42 - - [14/Sep/2022:09:25:37 -0300] "GET /cormun/servlet/trpermisosadjuntos?12912714,20220914090634,P, HTTP/1.1" 200 6695
190.171.153.26 - - [14/Sep/2022:09:25:38 -0300] "GET /cormun/servlet/trsolicitudadjuntos?2022,19169, HTTP/1.1" 200 10039
186.103.157.42 - - [14/Sep/2022:09:25:38 -0300] "GET /cormun/servlet/trpermisosadjuntos?12912714,20220914090634,P, HTTP/1.1" 200 6691
190.171.153.26 - - [14/Sep/2022:09:25:38 -0300] "GET /cormun/servlet/trsolicitudadjuntos?2022,19169, HTTP/1.1" 200 10038
179.57.78.9 - - [14/Sep/2022:09:25:39 -0300] "GET /cormun/servlet/hlogin HTTP/1.1" 200 1746
186.103.157.42 - - [14/Sep/2022:09:25:42 -0300] "POST /cormun/servlet/trpermisosadjuntos?89717872c5c77769a33b4efde3f0efbd,12912714,20220914090634,P,,gx-no-cache=1663158113066 HTTP/1.1" 200 4336
186.103.157.42 - - [14/Sep/2022:09:25:45 -0300] "GET /cormun/servlet/permisosadjuntos?INS,12912714,P,20220914090634,, HTTP/1.1" 200 6022
186.103.157.42 - - [14/Sep/2022:09:25:45 -0300] "GET /cormun/static/about:blank HTTP/1.1" 404 1011
186.103.157.42 - - [14/Sep/2022:09:25:45 -0300] "GET /cormun/servlet/permisosadjuntos?INS,12912714,P,20220914090634,, HTTP/1.1" 200 6012
186.103.157.42 - - [14/Sep/2022:09:26:05 -0300] "POST /cormun/servlet/permisosadjuntos?89717872c5c77769a33b4efde3f0efbd,INS,12912714,P,20220914090634,, HTTP/1.1" 200 116
186.103.157.42 - - [14/Sep/2022:09:26:05 -0300] "GET /cormun/servlet/hpexe_return? HTTP/1.1" 200 1034
186.103.157.42 - - [14/Sep/2022:09:26:05 -0300] "GET /cormun/servlet/trpermisosadjuntos?12912714,20220914090634,P, HTTP/1.1" 200 7208
186.103.157.42 - - [14/Sep/2022:09:26:05 -0300] "GET /cormun/servlet/trpermisosadjuntos?12912714,20220914090634,P, HTTP/1.1" 200 7204
190.171.153.26 - - [14/Sep/2022:09:26:06 -0300] "GET /cormun/servlet/trsolicitudot? HTTP/1.1" 200 8608
190.171.153.26 - - [14/Sep/2022:09:26:07 -0300] "GET /cormun/servlet/trsolicitudot? HTTP/1.1" 200 8601
186.103.157.42 - - [14/Sep/2022:09:26:12 -0300] "GET /cormun/servlet/permisosadjuntos?INS,12912714,P,20220914090634,, HTTP/1.1" 200 6022
186.103.157.42 - - [14/Sep/2022:09:26:12 -0300] "GET /cormun/static/about:blank HTTP/1.1" 404 1011
186.103.157.42 - - [14/Sep/2022:09:26:12 -0300] "GET /cormun/servlet/permisosadjuntos?INS,12912714,P,20220914090634,, HTTP/1.1" 200 6013
186.103.157.42 - - [14/Sep/2022:09:26:17 -0300] "GET /cormun/servlet/trpermisosadjuntos?12912714,20220914090634,P, HTTP/1.1" 200 7208
186.103.157.42 - - [14/Sep/2022:09:26:17 -0300] "GET /cormun/servlet/trpermisosadjuntos?12912714,20220914090634,P, HTTP/1.1" 200 7205
186.103.157.42 - - [14/Sep/2022:09:26:20 -0300] "POST /cormun/servlet/trpermisosadjuntos?89717872c5c77769a33b4efde3f0efbd,12912714,20220914090634,P,,gx-no-cache=1663158151531 HTTP/1.1" 200 90
186.103.157.42 - - [14/Sep/2022:09:26:20 -0300] "GET /cormun/servlet/hpexe_link HTTP/1.1" 200 1002
186.103.157.42 - - [14/Sep/2022:09:26:20 -0300] "GET /cormun/servlet/trpermisosgoce?gx-no-cache=1663157927838 HTTP/1.1" 200 11364
186.103.157.42 - - [14/Sep/2022:09:26:21 -0300] "GET /cormun/servlet/trpermisosgoce?gx-no-cache=1663157927838 HTTP/1.1" 200 11384
186.103.157.42 - - [14/Sep/2022:09:26:25 -0300] "POST /cormun/servlet/trpermisosgoce?89717872c5c77769a33b4efde3f0efbd,gx-no-cache=1663157927838,gx-no-cache=1663158155796 HTTP/1.1" 200 8442
186.103.157.42 - - [14/Sep/2022:09:26:25 -0300] "GET /cormun/static/Shared/jqueryui/images/ui-icons_82798d_256x240.png HTTP/1.1" 404 1089
186.103.157.42 - - [14/Sep/2022:09:26:25 -0300] "GET /cormun/static/Shared/jqueryui/images/ui-bg_highlight-soft_100_c6c2c8_1x100.png HTTP/1.1" 404 1117
186.103.157.42 - - [14/Sep/2022:09:26:25 -0300] "GET /cormun/static/Shared/jqueryui/images/ui-icons_8d78a5_256x240.png HTTP/1.1" 404 1089
186.103.157.42 - - [14/Sep/2022:09:26:25 -0300] "GET /cormun/static/Shared/jqueryui/images/ui-bg_flat_55_fafafa_40x100.png HTTP/1.1" 404 1097
186.103.157.42 - - [14/Sep/2022:09:26:33 -0300] "GET /cormun/servlet/trautorizarpermisogoce? HTTP/1.1" 200 8554
186.103.157.42 - - [14/Sep/2022:09:26:33 -0300] "GET /cormun/servlet/trautorizarpermisogoce? HTTP/1.1" 200 8532
186.103.157.42 - - [14/Sep/2022:09:26:50 -0300] "GET /cormun/servlet/trautorizarpermisogoce? HTTP/1.1" 200 8532
186.103.157.42 - - [14/Sep/2022:09:26:51 -0300] "GET /cormun/servlet/trautorizarpermisogoce? HTTP/1.1" 200 8532
186.103.157.42 - - [14/Sep/2022:09:26:54 -0300] "POST /cormun/servlet/trautorizarpermisogoce?89717872c5c77769a33b4efde3f0efbd,,gx-no-cache=1663158185565 HTTP/1.1" 200 5515
