186.156.194.26 - - [12/Sep/2022:13:25:19 -0300] "GET /cormun/static/PXToolsJavascripts/pexe_layers.js HTTP/1.1" 200 4114
186.156.194.26 - - [12/Sep/2022:13:25:19 -0300] "GET /cormun/static/Resources/Spanish/PXTools.css?14345360 HTTP/1.1" 200 100853
186.156.194.26 - - [12/Sep/2022:13:25:19 -0300] "GET /cormun/static/PXToolsJavascripts/pexe_oavdivfix.js HTTP/1.1" 200 639
186.156.194.26 - - [12/Sep/2022:13:25:19 -0300] "GET /cormun/static/PXToolsJavascripts/pexe_oav.js HTTP/1.1" 200 645
186.156.194.26 - - [12/Sep/2022:13:25:19 -0300] "GET /cormun/static/PXToolsJavascripts/pexe_picture.js HTTP/1.1" 200 689
186.156.194.26 - - [12/Sep/2022:13:25:19 -0300] "GET /cormun/static/PXToolsJavascripts/pexe_popup.js HTTP/1.1" 200 13458
186.156.194.26 - - [12/Sep/2022:13:25:19 -0300] "GET /cormun/static/PXToolsJavascripts/pexe_scrolldiv.js HTTP/1.1" 200 4138
186.156.194.26 - - [12/Sep/2022:13:25:20 -0300] "GET /cormun/static/PXToolsJavascripts/pexe_tabs.js HTTP/1.1" 200 3748
186.156.194.26 - - [12/Sep/2022:13:25:20 -0300] "GET /cormun/static/PXToolsJavascripts/pexe_tabdivfix.js HTTP/1.1" 200 876
186.156.194.26 - - [12/Sep/2022:13:25:20 -0300] "GET /cormun/static/PXToolsJavascripts/PXToolsJavascriptsRender.js HTTP/1.1" 200 367
186.156.194.26 - - [12/Sep/2022:13:25:20 -0300] "GET /cormun/static/PXToolsJavascripts/pexe_upload.js HTTP/1.1" 200 1423
186.156.194.26 - - [12/Sep/2022:13:25:20 -0300] "GET /cormun/static/RunJS/RunJS.js HTTP/1.1" 200 288
186.156.194.26 - - [12/Sep/2022:13:25:20 -0300] "GET /cormun/static/hwchdr01.js?20201214473739 HTTP/1.1" 200 996
186.156.194.26 - - [12/Sep/2022:13:25:20 -0300] "GET /cormun/static/hhome.js?20201215495544 HTTP/1.1" 200 777
186.156.194.26 - - [12/Sep/2022:13:25:20 -0300] "GET /cormun/static/Shared/ext/locale/ext-lang-en.js HTTP/1.1" 200 10940
186.156.194.26 - - [12/Sep/2022:13:25:20 -0300] "GET /cormun/static/hpexe_recentlink.js?20201214471090 HTTP/1.1" 200 2144
186.156.194.26 - - [12/Sep/2022:13:25:20 -0300] "GET /cormun/static/hpexe_scripts.js?20201214471411 HTTP/1.1" 200 1544
186.156.194.26 - - [12/Sep/2022:13:25:20 -0300] "GET /cormun/static/hpexe_messagecontroller.js?201991422154126 HTTP/1.1" 200 870
186.156.194.26 - - [12/Sep/2022:13:25:20 -0300] "GET /cormun/static/hpexe_messagepopupcomponent.js?2020121447232 HTTP/1.1" 200 605
186.156.194.26 - - [12/Sep/2022:13:25:20 -0300] "GET /cormun/static/hpexe_messagegenexuscomponent.js?2020121447173 HTTP/1.1" 200 587
186.156.194.26 - - [12/Sep/2022:13:25:20 -0300] "GET /cormun/static/gxui/gxui-all.js HTTP/1.1" 200 107772
186.156.194.26 - - [12/Sep/2022:13:25:20 -0300] "GET /cormun/static/cmcontrolpreferences.js?20199141926336 HTTP/1.1" 200 1375
186.156.194.26 - - [12/Sep/2022:13:25:20 -0300] "GET /cormun/static/Shared/jquery/jquery-1.4.2.min.js HTTP/1.1" 200 72174
186.156.194.26 - - [12/Sep/2022:13:25:20 -0300] "GET /cormun/static/SmoothNavMenu/resources/ddsmoothmenu.js HTTP/1.1" 200 12712
186.156.194.26 - - [12/Sep/2022:13:25:20 -0300] "GET /cormun/static/SmoothNavMenu/resources/SmoothNavMenuRender.js HTTP/1.1" 200 5951
186.156.194.26 - - [12/Sep/2022:13:25:20 -0300] "GET /cormun/static/scaMessage/js/jquery.pnotify.min.js HTTP/1.1" 200 13038
186.156.194.26 - - [12/Sep/2022:13:25:20 -0300] "GET /cormun/static/hmpwkw03.js?20201215501896 HTTP/1.1" 200 3973
186.156.194.26 - - [12/Sep/2022:13:25:20 -0300] "GET /cormun/static/scaMessage/scaMessageRender.js HTTP/1.1" 200 11977
186.156.194.26 - - [12/Sep/2022:13:25:20 -0300] "GET /cormun/static/Resources/Logo2019_Small.png HTTP/1.1" 200 10855
186.156.194.26 - - [12/Sep/2022:13:25:20 -0300] "GET /cormun/static/Resources/ImgHome.png HTTP/1.1" 200 1364
186.156.194.26 - - [12/Sep/2022:13:25:20 -0300] "GET /cormun/static/Resources/Llave.png HTTP/1.1" 200 1395
186.156.194.26 - - [12/Sep/2022:13:25:20 -0300] "GET /cormun/static/Resources/ImgLogin.png HTTP/1.1" 200 1432
186.156.194.26 - - [12/Sep/2022:13:25:20 -0300] "GET /cormun/static/Resources/PXToolsDataTitle.png HTTP/1.1" 200 1173
186.156.194.26 - - [12/Sep/2022:13:25:21 -0300] "GET /cormun/static/Shared/jquery/jquery-1.10.2.min.js HTTP/1.1" 200 273199
186.156.194.26 - - [12/Sep/2022:13:25:21 -0300] "GET /cormun/static/Shared/jqueryui/jquery-ui.min.js HTTP/1.1" 200 240427
186.156.194.26 - - [12/Sep/2022:13:25:22 -0300] "GET /cormun/static/Shared/ext/ext-all.js HTTP/1.1" 200 1289687
190.171.142.26 - - [12/Sep/2022:13:25:22 -0300] "GET /cormun/servlet/permisogoce?INS,0,,, HTTP/1.1" 200 6830
186.156.194.26 - - [12/Sep/2022:13:25:23 -0300] "GET /cormun/static/SmoothNavMenu/resources/images/down.gif HTTP/1.1" 200 854
186.156.194.26 - - [12/Sep/2022:13:25:23 -0300] "GET /cormun/servlet/hhome HTTP/1.1" 200 3969
190.171.142.26 - - [12/Sep/2022:13:25:23 -0300] "GET /cormun/servlet/permisogoce?INS,0,,, HTTP/1.1" 200 6830
186.156.194.26 - - [12/Sep/2022:13:25:26 -0300] "GET /cormun/servlet/trlicencias? HTTP/1.1" 200 10188
186.156.194.26 - - [12/Sep/2022:13:25:26 -0300] "GET /cormun/static/calendar-system.css?85620 HTTP/1.1" 200 5572
186.156.194.26 - - [12/Sep/2022:13:25:26 -0300] "GET /cormun/static/gxcfg.js?2020121613995 HTTP/1.1" 200 953
186.156.194.26 - - [12/Sep/2022:13:25:26 -0300] "GET /cormun/static/calendar.js?85251 HTTP/1.1" 200 26246
186.156.194.26 - - [12/Sep/2022:13:25:26 -0300] "GET /cormun/static/gxui/gxui-all.css?120300 HTTP/1.1" 200 2179
186.156.194.26 - - [12/Sep/2022:13:25:26 -0300] "GET /cormun/static/calendar-es.js?85251 HTTP/1.1" 200 1901
186.156.194.26 - - [12/Sep/2022:13:25:26 -0300] "GET /cormun/static/calendar-setup.js?85251 HTTP/1.1" 200 2588
186.156.194.26 - - [12/Sep/2022:13:25:26 -0300] "GET /cormun/static/gxdec.js?85251 HTTP/1.1" 200 19579
186.156.194.26 - - [12/Sep/2022:13:25:26 -0300] "GET /cormun/static/trlicencias.js?202012162481 HTTP/1.1" 200 41883
186.156.194.26 - - [12/Sep/2022:13:25:26 -0300] "GET /cormun/static/Shared/ext/resources/css/ext-all.css?215870 HTTP/1.1" 200 416045
186.156.194.26 - - [12/Sep/2022:13:25:27 -0300] "GET /cormun/static/Resources/PXTools/calendar.png HTTP/1.1" 200 1306
186.156.194.26 - - [12/Sep/2022:13:25:27 -0300] "GET /cormun/static/Resources/PXToolsDataSearch.png HTTP/1.1" 200 435
186.156.194.26 - - [12/Sep/2022:13:25:27 -0300] "GET /cormun/static/Resources/PXToolsGridFirstDisabled.gif HTTP/1.1" 200 100
186.156.194.26 - - [12/Sep/2022:13:25:27 -0300] "GET /cormun/static/Resources/PXToolsGridPreviousDisabled.gif HTTP/1.1" 200 90
186.156.194.26 - - [12/Sep/2022:13:25:27 -0300] "GET /cormun/static/Resources/PXToolsGridNextDisabled.gif HTTP/1.1" 200 90
186.156.194.26 - - [12/Sep/2022:13:25:27 -0300] "GET /cormun/static/Resources/PXToolsGridLastDisabled.gif HTTP/1.1" 200 98
186.156.194.26 - - [12/Sep/2022:13:25:27 -0300] "GET /cormun/static/Resources/PXToolsGridPage.gif HTTP/1.1" 200 725
186.156.194.26 - - [12/Sep/2022:13:25:27 -0300] "GET /cormun/static/Resources/PXToolsActionExcel.png HTTP/1.1" 200 727
186.156.194.26 - - [12/Sep/2022:13:25:27 -0300] "GET /cormun/static/Resources/PXToolsAddAllAction.png HTTP/1.1" 200 495
186.156.194.26 - - [12/Sep/2022:13:25:27 -0300] "GET /cormun/static/Resources/asc.gif HTTP/1.1" 200 67
186.156.194.26 - - [12/Sep/2022:13:25:27 -0300] "GET /cormun/static/Resources/desc.gif HTTP/1.1" 200 65
186.156.194.26 - - [12/Sep/2022:13:25:27 -0300] "GET /cormun//static/Resources/PXToolsGridDisplay.png HTTP/1.1" 200 525
186.156.194.26 - - [12/Sep/2022:13:25:27 -0300] "GET /cormun//static/Resources/PXTools/ActionInsert.png HTTP/1.1" 200 1482
186.156.194.26 - - [12/Sep/2022:13:25:27 -0300] "GET /cormun//static/Resources/PXToolsActionDisabled.gif HTTP/1.1" 200 53
186.156.194.26 - - [12/Sep/2022:13:25:27 -0300] "GET /cormun//static/Resources/PXToolsActionPrint.png HTTP/1.1" 200 404
186.156.194.26 - - [12/Sep/2022:13:25:27 -0300] "GET /cormun//static/Resources/PXToolsHeaderHelp.png HTTP/1.1" 200 1333
186.156.194.26 - - [12/Sep/2022:13:25:27 -0300] "GET /cormun//static/Resources/PXToolsHeaderFavorites.png HTTP/1.1" 200 1414
186.156.194.26 - - [12/Sep/2022:13:25:27 -0300] "GET /cormun/servlet/trlicencias? HTTP/1.1" 200 10186
186.156.194.26 - - [12/Sep/2022:13:25:27 -0300] "GET /cormun/static/Shared/ext/resources/themes/images/default/panel/bg-headersPanel.png HTTP/1.1" 200 255
186.156.194.26 - - [12/Sep/2022:13:25:27 -0300] "GET /cormun/static/Shared/ext/resources/themes/images/default/tools/tool-sprites.gif HTTP/1.1" 200 5434
190.171.142.26 - - [12/Sep/2022:13:25:30 -0300] "GET /cormun/servlet/permisogoce?abf8bca458fbaeaf132ccb3f937be64851538694e875272c12a61ef5a732a8429abcf11f5156fce06d04b3834e3057484d9f78d1a71d62fc8b61a500b49390e3,gx-no-cache=1662999075207 HTTP/1.1" 200 88
190.171.142.26 - - [12/Sep/2022:13:25:34 -0300] "GET /cormun/static/menuarrow.gif HTTP/1.1" 404 1015
190.171.142.26 - - [12/Sep/2022:13:25:39 -0300] "GET /cormun/servlet/permisogoce?abf8bca458fbaeaf132ccb3f937be648035c13e78342e59e7d2ca72090e8f633892a2b4e3439725fb0ebb94abd4018b8b9ddc616bdb5fa4dbb50d4d67703a0e5,gx-no-cache=1662999083647 HTTP/1.1" 200 47
190.171.142.26 - - [12/Sep/2022:13:25:40 -0300] "POST /cormun/servlet/permisogoce?85d7befa1d8a9ec8b65f0478f15fab5d,INS,0,,,,gx-no-cache=1662999084705 HTTP/1.1" 200 93
190.171.142.26 - - [12/Sep/2022:13:25:40 -0300] "GET /cormun/servlet/hpexe_return? HTTP/1.1" 200 1008
190.171.142.26 - - [12/Sep/2022:13:25:40 -0300] "GET /cormun/servlet/trpermisosgoce HTTP/1.1" 200 14778
190.171.142.26 - - [12/Sep/2022:13:25:41 -0300] "GET /cormun/servlet/trpermisosgoce HTTP/1.1" 200 14821
190.171.142.26 - - [12/Sep/2022:13:25:45 -0300] "GET /cormun/servlet/permisogoce?INS,0,,, HTTP/1.1" 200 6830
190.171.142.26 - - [12/Sep/2022:13:25:45 -0300] "GET /cormun/servlet/permisogoce?INS,0,,, HTTP/1.1" 200 6830
190.171.143.82 - - [12/Sep/2022:13:25:50 -0300] "POST /cormun/servlet/trlicencias?35eaf563bf9268a97464f7c483480f88,,gx-no-cache=1662999095405 HTTP/1.1" 200 8864
190.171.142.26 - - [12/Sep/2022:13:25:56 -0300] "GET /cormun/servlet/permisogoce?abf8bca458fbaeaf132ccb3f937be648f75f065bcbb8c4fc209b94ae916c7c469abcf11f5156fce06d04b3834e3057484d9f78d1a71d62fc8b61a500b49390e3,gx-no-cache=1662999100750 HTTP/1.1" 200 77
190.171.143.82 - - [12/Sep/2022:13:26:00 -0300] "POST /cormun/servlet/trlicencias?35eaf563bf9268a97464f7c483480f88,,gx-no-cache=1662999105257 HTTP/1.1" 200 8865
190.171.142.26 - - [12/Sep/2022:13:26:02 -0300] "GET /cormun/static/menuarrow.gif HTTP/1.1" 404 1015
190.171.142.26 - - [12/Sep/2022:13:26:08 -0300] "GET /cormun/servlet/permisogoce?abf8bca458fbaeaf132ccb3f937be6485ad1418ee586d099ec374471f9f6599b5fa68d2c2389b185715c3c3c83fda793b9ddc616bdb5fa4dbb50d4d67703a0e5,gx-no-cache=1662999112666 HTTP/1.1" 200 47
190.171.142.26 - - [12/Sep/2022:13:26:09 -0300] "POST /cormun/servlet/permisogoce?85d7befa1d8a9ec8b65f0478f15fab5d,INS,0,,,,gx-no-cache=1662999113713 HTTP/1.1" 200 93
190.171.142.26 - - [12/Sep/2022:13:26:09 -0300] "GET /cormun/servlet/hpexe_return? HTTP/1.1" 200 1008
190.171.142.26 - - [12/Sep/2022:13:26:09 -0300] "GET /cormun/servlet/trpermisosgoce HTTP/1.1" 200 14975
190.171.142.26 - - [12/Sep/2022:13:26:10 -0300] "GET /cormun/servlet/trpermisosgoce HTTP/1.1" 200 15015
186.156.194.26 - - [12/Sep/2022:13:26:11 -0300] "GET /cormun/servlet/hhome HTTP/1.1" 200 3973
186.156.194.26 - - [12/Sep/2022:13:26:12 -0300] "GET /cormun/servlet/hhome HTTP/1.1" 200 3969
190.171.143.82 - - [12/Sep/2022:13:26:14 -0300] "GET /cormun/servlet/trpermisosgoce? HTTP/1.1" 200 12390
186.156.194.26 - - [12/Sep/2022:13:26:15 -0300] "GET /cormun/servlet/trlicencias? HTTP/1.1" 200 10188
190.171.143.82 - - [12/Sep/2022:13:26:15 -0300] "GET /cormun/servlet/trpermisosgoce? HTTP/1.1" 200 12386
186.156.194.26 - - [12/Sep/2022:13:26:15 -0300] "GET /cormun/servlet/trlicencias? HTTP/1.1" 200 10186
190.171.142.26 - - [12/Sep/2022:13:26:22 -0300] "GET /cormun/servlet/permisogoce?INS,0,,, HTTP/1.1" 200 6830
190.171.142.26 - - [12/Sep/2022:13:26:22 -0300] "GET /cormun/servlet/permisogoce?INS,0,,, HTTP/1.1" 200 6830
190.171.142.26 - - [12/Sep/2022:13:26:32 -0300] "GET /cormun/servlet/permisogoce?abf8bca458fbaeaf132ccb3f937be648a78004ec62b2b1fffb711347e4220a0e168d0eac11afa1b129105434a52d95b58e85a19d93341380e0a1a07ff8114862,gx-no-cache=1662999136931 HTTP/1.1" 200 77
190.171.142.26 - - [12/Sep/2022:13:26:32 -0300] "GET /cormun/static/menuarrow.gif HTTP/1.1" 404 1015
190.171.142.26 - - [12/Sep/2022:13:26:39 -0300] "GET /cormun/servlet/permisogoce?abf8bca458fbaeaf132ccb3f937be64890b5bd1dc9775ade31233d07d81156c1d85e6713cd5c04eb518d4f36f7a5d8a6be6c50095e981974816ebcbee91388a4,gx-no-cache=1662999144188 HTTP/1.1" 200 49
190.171.142.26 - - [12/Sep/2022:13:26:41 -0300] "POST /cormun/servlet/permisogoce?85d7befa1d8a9ec8b65f0478f15fab5d,INS,0,,,,gx-no-cache=1662999145796 HTTP/1.1" 200 93
190.171.142.26 - - [12/Sep/2022:13:26:41 -0300] "GET /cormun/servlet/hpexe_return? HTTP/1.1" 200 1008
190.171.142.26 - - [12/Sep/2022:13:26:41 -0300] "GET /cormun/servlet/trpermisosgoce HTTP/1.1" 200 15152
190.171.142.26 - - [12/Sep/2022:13:26:42 -0300] "GET /cormun/servlet/trpermisosgoce HTTP/1.1" 200 15156
190.171.143.106 - - [12/Sep/2022:13:26:44 -0300] "GET /cormun/servlet/trlicencias HTTP/1.1" 200 6041
190.171.143.106 - - [12/Sep/2022:13:26:44 -0300] "GET /cormun/servlet/hlogin HTTP/1.1" 200 1738
190.171.143.106 - - [12/Sep/2022:13:26:44 -0300] "GET /cormun/servlet/trlicencias HTTP/1.1" 200 6038
190.171.142.26 - - [12/Sep/2022:13:26:45 -0300] "GET /cormun/servlet/permisogoce?INS,0,,, HTTP/1.1" 200 6830
190.171.142.26 - - [12/Sep/2022:13:26:46 -0300] "GET /cormun/servlet/permisogoce?INS,0,,, HTTP/1.1" 200 6829
190.171.143.106 - - [12/Sep/2022:13:26:48 -0300] "POST /cormun/servlet/hlogin?7ef14f87ea727153915281ac2c4d7c1e,gx-no-cache=1662999143879 HTTP/1.1" 200 90
190.171.143.106 - - [12/Sep/2022:13:26:48 -0300] "GET /cormun/servlet/hpexe_link HTTP/1.1" 200 952
190.171.143.106 - - [12/Sep/2022:13:26:48 -0300] "GET /cormun/servlet/trlicencias HTTP/1.1" 200 10053
190.171.143.106 - - [12/Sep/2022:13:26:49 -0300] "GET /cormun/servlet/trlicencias HTTP/1.1" 200 10051
190.171.142.26 - - [12/Sep/2022:13:26:52 -0300] "GET /cormun/servlet/permisogoce?abf8bca458fbaeaf132ccb3f937be648f39854e40583e04a205a04bba71cb05c168d0eac11afa1b129105434a52d95b58e85a19d93341380e0a1a07ff8114862,gx-no-cache=1662999157476 HTTP/1.1" 200 226
190.171.142.26 - - [12/Sep/2022:13:26:52 -0300] "GET /cormun/static/Shared/jqueryui/images/ui-bg_highlight-soft_100_c6c2c8_1x100.png HTTP/1.1" 404 1117
190.171.142.26 - - [12/Sep/2022:13:26:52 -0300] "GET /cormun/static/Shared/jqueryui/images/ui-icons_82798d_256x240.png HTTP/1.1" 404 1089
190.171.142.26 - - [12/Sep/2022:13:26:52 -0300] "GET /cormun/static/Shared/jqueryui/images/ui-bg_flat_55_994d53_40x100.png HTTP/1.1" 404 1097
190.171.142.26 - - [12/Sep/2022:13:26:52 -0300] "GET /cormun/static/Shared/jqueryui/images/ui-icons_ebccce_256x240.png HTTP/1.1" 404 1089
190.171.142.26 - - [12/Sep/2022:13:27:00 -0300] "GET /cormun/servlet/permisogoce?abf8bca458fbaeaf132ccb3f937be6482d0de347615e4bb4d169bfd8e62f05a39abcf11f5156fce06d04b3834e3057484d9f78d1a71d62fc8b61a500b49390e3,gx-no-cache=1662999164727 HTTP/1.1" 200 84
190.171.142.26 - - [12/Sep/2022:13:27:03 -0300] "GET /cormun/static/menuarrow.gif HTTP/1.1" 404 1015
190.171.142.26 - - [12/Sep/2022:13:27:09 -0300] "GET /cormun/servlet/permisogoce?abf8bca458fbaeaf132ccb3f937be648a533ac2994d0fa078f7479be99e7b3691377e13acf09afaa3937ce6d6538d071b9ddc616bdb5fa4dbb50d4d67703a0e5,gx-no-cache=1662999173581 HTTP/1.1" 200 47
190.171.143.82 - - [12/Sep/2022:13:27:09 -0300] "POST /cormun/servlet/trpermisosgoce?35eaf563bf9268a97464f7c483480f88,,gx-no-cache=1662999174190 HTTP/1.1" 200 9528
190.171.142.26 - - [12/Sep/2022:13:27:10 -0300] "POST /cormun/servlet/permisogoce?85d7befa1d8a9ec8b65f0478f15fab5d,INS,0,,,,gx-no-cache=1662999174915 HTTP/1.1" 200 93
190.171.142.26 - - [12/Sep/2022:13:27:10 -0300] "GET /cormun/servlet/hpexe_return? HTTP/1.1" 200 1008
190.171.143.82 - - [12/Sep/2022:13:27:10 -0300] "POST /cormun/servlet/trpermisosgoce?35eaf563bf9268a97464f7c483480f88,,gx-no-cache=1662999175722 HTTP/1.1" 200 9532
190.171.142.26 - - [12/Sep/2022:13:27:11 -0300] "GET /cormun/servlet/trpermisosgoce HTTP/1.1" 200 15402
190.171.142.26 - - [12/Sep/2022:13:27:11 -0300] "GET /cormun/servlet/trpermisosgoce HTTP/1.1" 200 15425
190.171.142.26 - - [12/Sep/2022:13:27:17 -0300] "GET /cormun/servlet/permisogoce?INS,0,,, HTTP/1.1" 200 6830
190.171.142.26 - - [12/Sep/2022:13:27:17 -0300] "GET /cormun/servlet/permisogoce?INS,0,,, HTTP/1.1" 200 6829
190.171.142.26 - - [12/Sep/2022:13:27:24 -0300] "GET /cormun/servlet/permisogoce?abf8bca458fbaeaf132ccb3f937be648d7afaec5d9803bb6e27c3733615818579abcf11f5156fce06d04b3834e3057484d9f78d1a71d62fc8b61a500b49390e3,gx-no-cache=1662999189378 HTTP/1.1" 200 79
190.171.142.26 - - [12/Sep/2022:13:27:28 -0300] "GET /cormun/static/menuarrow.gif HTTP/1.1" 404 1015
190.171.142.26 - - [12/Sep/2022:13:27:35 -0300] "GET /cormun/servlet/permisogoce?abf8bca458fbaeaf132ccb3f937be6489002e022ebbfb14f7c2edf3f3245078873048b2b9bd947a613e38a896a7cce18b9ddc616bdb5fa4dbb50d4d67703a0e5,gx-no-cache=1662999199868 HTTP/1.1" 200 46
190.171.142.26 - - [12/Sep/2022:13:27:37 -0300] "POST /cormun/servlet/permisogoce?85d7befa1d8a9ec8b65f0478f15fab5d,INS,0,,,,gx-no-cache=1662999201435 HTTP/1.1" 200 93
190.171.142.26 - - [12/Sep/2022:13:27:37 -0300] "GET /cormun/servlet/hpexe_return? HTTP/1.1" 200 1008
190.171.142.26 - - [12/Sep/2022:13:27:37 -0300] "GET /cormun/servlet/trpermisosgoce HTTP/1.1" 200 15618
190.171.142.26 - - [12/Sep/2022:13:27:38 -0300] "GET /cormun/servlet/trpermisosgoce HTTP/1.1" 200 15654
190.171.142.26 - - [12/Sep/2022:13:27:40 -0300] "GET /cormun/servlet/permisogoce?INS,0,,, HTTP/1.1" 200 6830
190.171.142.26 - - [12/Sep/2022:13:27:40 -0300] "GET /cormun/servlet/permisogoce?INS,0,,, HTTP/1.1" 200 6829
190.171.142.26 - - [12/Sep/2022:13:27:48 -0300] "GET /cormun/servlet/permisogoce?abf8bca458fbaeaf132ccb3f937be6488effeda639699f9089f10abcb3676cc49abcf11f5156fce06d04b3834e3057484d9f78d1a71d62fc8b61a500b49390e3,gx-no-cache=1662999212639 HTTP/1.1" 200 82
190.171.142.26 - - [12/Sep/2022:13:27:52 -0300] "GET /cormun/static/menuarrow.gif HTTP/1.1" 404 1015
190.171.142.26 - - [12/Sep/2022:13:27:58 -0300] "GET /cormun/servlet/permisogoce?abf8bca458fbaeaf132ccb3f937be648953176541557303b45c23a7b41ccbe5cb0024f0a691bf50b21b9be2150a8dec9b9ddc616bdb5fa4dbb50d4d67703a0e5,gx-no-cache=1662999222870 HTTP/1.1" 200 47
190.171.142.26 - - [12/Sep/2022:13:27:59 -0300] "POST /cormun/servlet/permisogoce?85d7befa1d8a9ec8b65f0478f15fab5d,INS,0,,,,gx-no-cache=1662999223996 HTTP/1.1" 200 93
190.171.142.26 - - [12/Sep/2022:13:27:59 -0300] "GET /cormun/servlet/hpexe_return? HTTP/1.1" 200 1008
190.171.142.26 - - [12/Sep/2022:13:27:59 -0300] "GET /cormun/servlet/trpermisosgoce HTTP/1.1" 200 15903
190.171.142.26 - - [12/Sep/2022:13:28:00 -0300] "GET /cormun/servlet/trpermisosgoce HTTP/1.1" 200 15865
190.171.142.26 - - [12/Sep/2022:13:28:49 -0300] "GET /cormun/servlet/apermisogoceprn?17138326,P,20220912124730,PU HTTP/1.1" 200 1656
190.171.142.26 - - [12/Sep/2022:13:29:02 -0300] "GET /cormun/servlet/apermisogoceprn?9721101,P,20220912124813,PU HTTP/1.1" 200 1659
190.171.142.26 - - [12/Sep/2022:13:29:10 -0300] "GET /cormun/servlet/apermisogoceprn?20999005,P,20220912124849,PU HTTP/1.1" 200 1657
190.171.142.26 - - [12/Sep/2022:13:29:20 -0300] "GET /cormun/servlet/apermisogoceprn?20999005,P,20220912124849,PU HTTP/1.1" 200 1657
190.171.142.26 - - [12/Sep/2022:13:29:27 -0300] "GET /cormun/servlet/apermisogoceprn?13947002,P,20220912124917,PU HTTP/1.1" 200 1652
190.171.142.26 - - [12/Sep/2022:13:29:41 -0300] "GET /cormun/servlet/apermisogoceprn?17138688,P,20220912125050,PU HTTP/1.1" 200 1658
190.171.142.26 - - [12/Sep/2022:13:29:54 -0300] "GET /cormun/servlet/apermisogoceprn?18374339,P,20220912125114,PU HTTP/1.1" 200 1673
190.171.142.26 - - [12/Sep/2022:13:30:04 -0300] "GET /cormun/servlet/apermisogoceprn?7419043,P,20220912125142,PU HTTP/1.1" 200 1642
190.171.142.26 - - [12/Sep/2022:13:30:17 -0300] "GET /cormun/servlet/apermisogoceprn?15806447,P,20220912125228,PU HTTP/1.1" 200 1649
190.171.142.26 - - [12/Sep/2022:13:30:32 -0300] "GET /cormun/servlet/apermisogoceprn?15541956,P,20220912125323,PU HTTP/1.1" 200 1650
190.171.142.26 - - [12/Sep/2022:13:30:45 -0300] "GET /cormun/servlet/apermisogoceprn?12444548,P,20220912125405,PU HTTP/1.1" 200 1663
190.171.142.26 - - [12/Sep/2022:13:30:57 -0300] "GET /cormun/servlet/apermisogoceprn?10747972,P,20220912125437,PU HTTP/1.1" 200 1660
181.212.43.89 - - [12/Sep/2022:13:31:03 -0300] "GET /cormun/servlet/permisogoce?INS,0,,, HTTP/1.1" 200 6891
181.212.43.89 - - [12/Sep/2022:13:31:04 -0300] "GET /cormun/servlet/permisogoce?INS,0,,, HTTP/1.1" 200 6869
190.171.142.26 - - [12/Sep/2022:13:31:07 -0300] "GET /cormun/servlet/apermisogoceprn?17107852,P,20220912125503,PU HTTP/1.1" 200 1655
181.212.43.89 - - [12/Sep/2022:13:31:08 -0300] "GET /cormun/servlet/permisogoce?3e413edbd4746133388ae1570d90a02f471190fd3140a181575bd33873d219f302fd51941d71652bab2de40309f577f635e7a9eccc7489e18fafc50c2e4c9127,gx-no-cache=1662999413013 HTTP/1.1" 200 78
181.212.43.89 - - [12/Sep/2022:13:31:11 -0300] "GET /cormun/static/menuarrow.gif HTTP/1.1" 404 1015
181.212.43.89 - - [12/Sep/2022:13:31:18 -0300] "GET /cormun/servlet/permisogoce?3e413edbd4746133388ae1570d90a02ff53057b1eaf8f224bf1aa51c36b190c78720a7fee07d5e74fd5368c4a2208cff25ea55928aabb70073922fd6b45a4e66,gx-no-cache=1662999423202 HTTP/1.1" 200 48
181.212.43.89 - - [12/Sep/2022:13:31:21 -0300] "POST /cormun/servlet/permisogoce?37f1b7cb10f45471dac4cf717f3a1f2f,INS,0,,,,gx-no-cache=1662999426099 HTTP/1.1" 200 93
181.212.43.89 - - [12/Sep/2022:13:31:22 -0300] "GET /cormun/servlet/hpexe_return? HTTP/1.1" 200 1035
181.212.43.89 - - [12/Sep/2022:13:31:22 -0300] "GET /cormun/servlet/trpermisosgoce?gx-no-cache=1662996940174 HTTP/1.1" 200 18555
181.212.43.89 - - [12/Sep/2022:13:31:22 -0300] "GET /cormun/servlet/trpermisosgoce?gx-no-cache=1662996940174 HTTP/1.1" 200 18595
190.171.142.26 - - [12/Sep/2022:13:31:24 -0300] "GET /cormun/servlet/apermisogoceprn?7677020,P,20220912125544,PU HTTP/1.1" 200 1649
181.212.43.89 - - [12/Sep/2022:13:31:25 -0300] "GET /cormun/servlet/apermisogoceprn?18465567,P,20220912131348,PU HTTP/1.1" 200 1672
181.212.43.89 - - [12/Sep/2022:13:31:30 -0300] "GET /cormun/servlet/trpermisosadjuntos?18465567,20220912131348,P, HTTP/1.1" 200 6344
181.212.43.89 - - [12/Sep/2022:13:31:31 -0300] "GET /cormun/servlet/trpermisosadjuntos?18465567,20220912131348,P, HTTP/1.1" 200 6324
181.212.43.89 - - [12/Sep/2022:13:31:32 -0300] "GET /cormun/servlet/permisosadjuntos?INS,18465567,P,20220912131348,, HTTP/1.1" 200 5645
181.212.43.89 - - [12/Sep/2022:13:31:32 -0300] "GET /cormun/static/about:blank HTTP/1.1" 404 1011
181.212.43.89 - - [12/Sep/2022:13:31:32 -0300] "GET /cormun/servlet/permisosadjuntos?INS,18465567,P,20220912131348,, HTTP/1.1" 200 5635
190.171.142.26 - - [12/Sep/2022:13:31:37 -0300] "GET /cormun/servlet/apermisogoceprn?15525247,P,20220912130234,PU HTTP/1.1" 200 1652
190.171.142.26 - - [12/Sep/2022:13:31:48 -0300] "GET /cormun/servlet/apermisogoceprn?17115457,P,20220912130319,PU HTTP/1.1" 200 1658
181.212.43.89 - - [12/Sep/2022:13:31:49 -0300] "POST /cormun/servlet/permisosadjuntos?37f1b7cb10f45471dac4cf717f3a1f2f,INS,18465567,P,20220912131348,, HTTP/1.1" 200 116
181.212.43.89 - - [12/Sep/2022:13:31:49 -0300] "GET /cormun/servlet/hpexe_return? HTTP/1.1" 200 1042
181.212.43.89 - - [12/Sep/2022:13:31:49 -0300] "GET /cormun/servlet/trpermisosadjuntos?18465567,20220912131348,P, HTTP/1.1" 200 6804
181.212.43.89 - - [12/Sep/2022:13:31:49 -0300] "GET /cormun/servlet/trpermisosadjuntos?18465567,20220912131348,P, HTTP/1.1" 200 6801
181.212.43.89 - - [12/Sep/2022:13:32:00 -0300] "POST /cormun/servlet/trpermisosadjuntos?37f1b7cb10f45471dac4cf717f3a1f2f,18465567,20220912131348,P,,gx-no-cache=1662999464612 HTTP/1.1" 200 90
181.212.43.89 - - [12/Sep/2022:13:32:00 -0300] "GET /cormun/servlet/hpexe_link HTTP/1.1" 200 1010
181.212.43.89 - - [12/Sep/2022:13:32:00 -0300] "GET /cormun/servlet/trpermisosgoce?gx-no-cache=1662996940174 HTTP/1.1" 200 18547
181.212.43.89 - - [12/Sep/2022:13:32:00 -0300] "GET /cormun/servlet/trpermisosgoce?gx-no-cache=1662996940174 HTTP/1.1" 200 18595
181.212.43.89 - - [12/Sep/2022:13:32:05 -0300] "POST /cormun/servlet/trpermisosgoce?37f1b7cb10f45471dac4cf717f3a1f2f,gx-no-cache=1662996940174,gx-no-cache=1662999469876 HTTP/1.1" 200 15671
181.212.43.89 - - [12/Sep/2022:13:32:05 -0300] "GET /cormun/static/Shared/jqueryui/images/ui-bg_highlight-soft_100_c6c2c8_1x100.png HTTP/1.1" 404 1117
181.212.43.89 - - [12/Sep/2022:13:32:05 -0300] "GET /cormun/static/Shared/jqueryui/images/ui-icons_82798d_256x240.png HTTP/1.1" 404 1089
181.212.43.89 - - [12/Sep/2022:13:32:05 -0300] "GET /cormun/static/Shared/jqueryui/images/ui-bg_flat_55_fafafa_40x100.png HTTP/1.1" 404 1097
181.212.43.89 - - [12/Sep/2022:13:32:05 -0300] "GET /cormun/static/Shared/jqueryui/images/ui-icons_8d78a5_256x240.png HTTP/1.1" 404 1089
190.171.142.26 - - [12/Sep/2022:13:32:08 -0300] "GET /cormun/servlet/apermisogoceprn?17138688,P,20220912130346,PU HTTP/1.1" 200 1661
190.171.142.26 - - [12/Sep/2022:13:32:17 -0300] "GET /cormun/servlet/apermisogoceprn?12365931,P,20220912130418,PU HTTP/1.1" 200 1653
181.212.43.89 - - [12/Sep/2022:13:32:19 -0300] "GET /cormun/servlet/permisogoce?INS,0,,, HTTP/1.1" 200 6892
181.212.43.89 - - [12/Sep/2022:13:32:19 -0300] "GET /cormun/servlet/permisogoce?INS,0,,, HTTP/1.1" 200 6870
190.171.142.26 - - [12/Sep/2022:13:32:29 -0300] "GET /cormun/servlet/apermisogoceprn?17107852,P,20220912130513,PU HTTP/1.1" 200 1652
190.171.142.26 - - [12/Sep/2022:13:32:45 -0300] "GET /cormun/servlet/apermisogoceprn?16250491,P,20220912130545,PU HTTP/1.1" 200 1653
190.171.142.26 - - [12/Sep/2022:13:32:51 -0300] "GET /cormun/servlet/apermisogoceprn?7419043,P,20220912130611,PU HTTP/1.1" 200 1652
190.171.142.26 - - [12/Sep/2022:13:33:02 -0300] "GET /cormun/servlet/apermisogoceprn?15525103,P,20220912130643,PU HTTP/1.1" 200 1654
190.171.142.26 - - [12/Sep/2022:13:33:16 -0300] "GET /cormun/servlet/apermisogoceprn?18040376,P,20220912130711,PU HTTP/1.1" 200 1650
181.212.43.89 - - [12/Sep/2022:13:33:20 -0300] "GET /cormun/servlet/permisogoce?3e413edbd4746133388ae1570d90a02fd939f05a85750ef45cc2a4c169783a1902fd51941d71652bab2de40309f577f635e7a9eccc7489e18fafc50c2e4c9127,gx-no-cache=1662999544433 HTTP/1.1" 200 85
181.212.43.89 - - [12/Sep/2022:13:33:22 -0300] "GET /cormun/static/menuarrow.gif HTTP/1.1" 404 1015
181.212.43.89 - - [12/Sep/2022:13:33:29 -0300] "GET /cormun/servlet/permisogoce?3e413edbd4746133388ae1570d90a02f411d4b6f665c4d79fdf366e550e27763e9dd0ad8eaa6a34b86d6d6551a5af8e725ea55928aabb70073922fd6b45a4e66,gx-no-cache=1662999554378 HTTP/1.1" 200 47
190.171.142.26 - - [12/Sep/2022:13:33:32 -0300] "GET /cormun/servlet/apermisogoceprn?10700562,P,20220912130733,PU HTTP/1.1" 200 1658
181.212.43.89 - - [12/Sep/2022:13:33:34 -0300] "POST /cormun/servlet/permisogoce?37f1b7cb10f45471dac4cf717f3a1f2f,INS,0,,,,gx-no-cache=1662999558393 HTTP/1.1" 200 93
181.212.43.89 - - [12/Sep/2022:13:33:34 -0300] "GET /cormun/servlet/hpexe_return? HTTP/1.1" 200 1035
181.212.43.89 - - [12/Sep/2022:13:33:34 -0300] "GET /cormun/servlet/trpermisosgoce?gx-no-cache=1662996940174 HTTP/1.1" 200 18552
181.212.43.89 - - [12/Sep/2022:13:33:34 -0300] "GET /cormun/servlet/trpermisosgoce?gx-no-cache=1662996940174 HTTP/1.1" 200 18596
181.212.43.89 - - [12/Sep/2022:13:33:37 -0300] "GET /cormun/servlet/apermisogoceprn?19603804,P,20220912131503,PU HTTP/1.1" 200 1675
190.171.142.26 - - [12/Sep/2022:13:33:39 -0300] "GET /cormun/servlet/apermisogoceprn?15102549,P,20220912130807,PU HTTP/1.1" 200 1665
181.212.43.89 - - [12/Sep/2022:13:33:42 -0300] "GET /cormun/servlet/trpermisosadjuntos?19603804,20220912131503,P, HTTP/1.1" 200 6353
181.212.43.89 - - [12/Sep/2022:13:33:42 -0300] "GET /cormun/servlet/trpermisosadjuntos?19603804,20220912131503,P, HTTP/1.1" 200 6334
181.212.43.89 - - [12/Sep/2022:13:33:44 -0300] "GET /cormun/servlet/permisosadjuntos?INS,19603804,P,20220912131503,, HTTP/1.1" 200 5649
181.212.43.89 - - [12/Sep/2022:13:33:44 -0300] "GET /cormun/static/about:blank HTTP/1.1" 404 1011
181.212.43.89 - - [12/Sep/2022:13:33:44 -0300] "GET /cormun/servlet/permisosadjuntos?INS,19603804,P,20220912131503,, HTTP/1.1" 200 5639
190.171.142.26 - - [12/Sep/2022:13:33:45 -0300] "GET /cormun/servlet/apermisogoceprn?26534905,P,20220912130829,PU HTTP/1.1" 200 1652
181.212.43.89 - - [12/Sep/2022:13:33:51 -0300] "POST /cormun/servlet/permisosadjuntos?37f1b7cb10f45471dac4cf717f3a1f2f,INS,19603804,P,20220912131503,, HTTP/1.1" 200 116
181.212.43.89 - - [12/Sep/2022:13:33:51 -0300] "GET /cormun/servlet/hpexe_return? HTTP/1.1" 200 1041
181.212.43.89 - - [12/Sep/2022:13:33:52 -0300] "GET /cormun/servlet/trpermisosadjuntos?19603804,20220912131503,P, HTTP/1.1" 200 6808
181.212.43.89 - - [12/Sep/2022:13:33:52 -0300] "GET /cormun/servlet/trpermisosadjuntos?19603804,20220912131503,P, HTTP/1.1" 200 6804
181.212.43.89 - - [12/Sep/2022:13:33:53 -0300] "POST /cormun/servlet/trpermisosadjuntos?37f1b7cb10f45471dac4cf717f3a1f2f,19603804,20220912131503,P,,gx-no-cache=1662999577890 HTTP/1.1" 200 90
181.212.43.89 - - [12/Sep/2022:13:33:53 -0300] "GET /cormun/servlet/hpexe_link HTTP/1.1" 200 1009
181.212.43.89 - - [12/Sep/2022:13:33:53 -0300] "GET /cormun/servlet/trpermisosgoce?gx-no-cache=1662996940174 HTTP/1.1" 200 18570
181.212.43.89 - - [12/Sep/2022:13:33:54 -0300] "GET /cormun/servlet/trpermisosgoce?gx-no-cache=1662996940174 HTTP/1.1" 200 18585
181.212.43.89 - - [12/Sep/2022:13:33:58 -0300] "POST /cormun/servlet/trpermisosgoce?37f1b7cb10f45471dac4cf717f3a1f2f,gx-no-cache=1662996940174,gx-no-cache=1662999582596 HTTP/1.1" 200 15718
181.212.43.89 - - [12/Sep/2022:13:33:58 -0300] "GET /cormun/static/Shared/jqueryui/images/ui-bg_highlight-soft_100_c6c2c8_1x100.png HTTP/1.1" 404 1117
181.212.43.89 - - [12/Sep/2022:13:33:58 -0300] "GET /cormun/static/Shared/jqueryui/images/ui-icons_82798d_256x240.png HTTP/1.1" 404 1089
181.212.43.89 - - [12/Sep/2022:13:33:58 -0300] "GET /cormun/static/Shared/jqueryui/images/ui-icons_8d78a5_256x240.png HTTP/1.1" 404 1089
181.212.43.89 - - [12/Sep/2022:13:33:58 -0300] "GET /cormun/static/Shared/jqueryui/images/ui-bg_flat_55_fafafa_40x100.png HTTP/1.1" 404 1097
190.171.142.26 - - [12/Sep/2022:13:34:03 -0300] "GET /cormun/servlet/apermisogoceprn?7419043,P,20220912130906,PU HTTP/1.1" 200 1639
190.171.142.26 - - [12/Sep/2022:13:34:12 -0300] "GET /cormun/servlet/apermisogoceprn?13303053,P,20220912130929,PU HTTP/1.1" 200 1662
190.171.142.26 - - [12/Sep/2022:13:34:22 -0300] "GET /cormun/servlet/apermisogoceprn?11174883,P,20220912131001,PU HTTP/1.1" 200 1669
190.171.142.26 - - [12/Sep/2022:13:34:30 -0300] "GET /cormun/servlet/apermisogoceprn?11670924,P,20220912131024,PU HTTP/1.1" 200 1658
190.171.142.26 - - [12/Sep/2022:13:34:41 -0300] "GET /cormun/servlet/apermisogoceprn?10700562,P,20220912124357,PU HTTP/1.1" 200 1661
190.171.142.26 - - [12/Sep/2022:13:34:47 -0300] "GET /cormun/servlet/apermisogoceprn?12365931,P,20220912124423,PU HTTP/1.1" 200 1653
181.212.43.89 - - [12/Sep/2022:13:35:25 -0300] "GET /cormun/servlet/permisogoce?INS,0,,, HTTP/1.1" 200 6892
181.212.43.89 - - [12/Sep/2022:13:35:25 -0300] "GET /cormun/servlet/permisogoce?INS,0,,, HTTP/1.1" 200 6870
181.212.43.89 - - [12/Sep/2022:13:35:29 -0300] "GET /cormun/servlet/permisogoce?3e413edbd4746133388ae1570d90a02f59ae4fcaad2b6f83b0d54238980f2cb11fb03344b399869a62118495bab32f67a01fcb246c190980b8212d73dca5b1ff,gx-no-cache=1662999674249 HTTP/1.1" 200 226
181.212.43.89 - - [12/Sep/2022:13:35:29 -0300] "GET /cormun/static/Shared/jqueryui/images/ui-icons_82798d_256x240.png HTTP/1.1" 404 1089
181.212.43.89 - - [12/Sep/2022:13:35:29 -0300] "GET /cormun/static/Shared/jqueryui/images/ui-bg_highlight-soft_100_c6c2c8_1x100.png HTTP/1.1" 404 1117
181.212.43.89 - - [12/Sep/2022:13:35:29 -0300] "GET /cormun/static/Shared/jqueryui/images/ui-icons_ebccce_256x240.png HTTP/1.1" 404 1089
181.212.43.89 - - [12/Sep/2022:13:35:29 -0300] "GET /cormun/static/Shared/jqueryui/images/ui-bg_flat_55_994d53_40x100.png HTTP/1.1" 404 1097
181.212.43.89 - - [12/Sep/2022:13:35:40 -0300] "GET /cormun/servlet/permisogoce?3e413edbd4746133388ae1570d90a02fd6e2ab5d5528e38c84ad5ac1a1caeb2d02fd51941d71652bab2de40309f577f635e7a9eccc7489e18fafc50c2e4c9127,gx-no-cache=1662999684488 HTTP/1.1" 200 82
181.212.43.89 - - [12/Sep/2022:13:35:42 -0300] "GET /cormun/static/menuarrow.gif HTTP/1.1" 404 1015
190.171.142.26 - - [12/Sep/2022:13:35:47 -0300] "GET /cormun/servlet/apermisogoceprn?15525247,P,20220912124515,PU HTTP/1.1" 200 1653
181.212.43.89 - - [12/Sep/2022:13:35:50 -0300] "GET /cormun/servlet/permisogoce?3e413edbd4746133388ae1570d90a02f658b8db47196197668d73a986b79168ab46a72a155c211bea247c6361476cc1025ea55928aabb70073922fd6b45a4e66,gx-no-cache=1662999694754 HTTP/1.1" 200 48
181.212.43.89 - - [12/Sep/2022:13:35:52 -0300] "POST /cormun/servlet/permisogoce?37f1b7cb10f45471dac4cf717f3a1f2f,INS,0,,,,gx-no-cache=1662999697049 HTTP/1.1" 200 93
181.212.43.89 - - [12/Sep/2022:13:35:52 -0300] "GET /cormun/servlet/hpexe_return? HTTP/1.1" 200 1035
181.212.43.89 - - [12/Sep/2022:13:35:53 -0300] "GET /cormun/servlet/trpermisosgoce?gx-no-cache=1662996940174 HTTP/1.1" 200 18495
190.171.142.26 - - [12/Sep/2022:13:35:53 -0300] "GET /cormun/servlet/apermisogoceprn?10626218,P,20220912124540,PU HTTP/1.1" 200 1665
181.212.43.89 - - [12/Sep/2022:13:35:53 -0300] "GET /cormun/servlet/trpermisosgoce?gx-no-cache=1662996940174 HTTP/1.1" 200 18509
181.212.43.89 - - [12/Sep/2022:13:35:58 -0300] "GET /cormun/servlet/apermisogoceprn?20024268,P,20220912131809,PU HTTP/1.1" 200 1683
181.212.43.89 - - [12/Sep/2022:13:36:02 -0300] "GET /cormun/servlet/trpermisosadjuntos?20024268,20220912131809,P, HTTP/1.1" 200 6349
181.212.43.89 - - [12/Sep/2022:13:36:02 -0300] "GET /cormun/servlet/trpermisosadjuntos?20024268,20220912131809,P, HTTP/1.1" 200 6330
181.212.43.89 - - [12/Sep/2022:13:36:04 -0300] "GET /cormun/servlet/permisosadjuntos?INS,20024268,P,20220912131809,, HTTP/1.1" 200 5650
181.212.43.89 - - [12/Sep/2022:13:36:05 -0300] "GET /cormun/static/about:blank HTTP/1.1" 404 1011
181.212.43.89 - - [12/Sep/2022:13:36:05 -0300] "GET /cormun/servlet/permisosadjuntos?INS,20024268,P,20220912131809,, HTTP/1.1" 200 5640
181.212.43.89 - - [12/Sep/2022:13:36:18 -0300] "POST /cormun/servlet/permisosadjuntos?37f1b7cb10f45471dac4cf717f3a1f2f,INS,20024268,P,20220912131809,, HTTP/1.1" 200 116
181.212.43.89 - - [12/Sep/2022:13:36:18 -0300] "GET /cormun/servlet/hpexe_return? HTTP/1.1" 200 1039
181.212.43.89 - - [12/Sep/2022:13:36:18 -0300] "GET /cormun/servlet/trpermisosadjuntos?20024268,20220912131809,P, HTTP/1.1" 200 6799
181.212.43.89 - - [12/Sep/2022:13:36:19 -0300] "GET /cormun/servlet/trpermisosadjuntos?20024268,20220912131809,P, HTTP/1.1" 200 6796
190.171.142.26 - - [12/Sep/2022:13:36:19 -0300] "GET /cormun/servlet/apermisogoceprn?14202165,P,20220912124629,PU HTTP/1.1" 200 1660
181.212.43.89 - - [12/Sep/2022:13:36:21 -0300] "POST /cormun/servlet/trpermisosadjuntos?37f1b7cb10f45471dac4cf717f3a1f2f,20024268,20220912131809,P,,gx-no-cache=1662999725646 HTTP/1.1" 200 90
181.212.43.89 - - [12/Sep/2022:13:36:21 -0300] "GET /cormun/servlet/hpexe_link HTTP/1.1" 200 1007
181.212.43.89 - - [12/Sep/2022:13:36:21 -0300] "GET /cormun/servlet/trpermisosgoce?gx-no-cache=1662996940174 HTTP/1.1" 200 18452
181.212.43.89 - - [12/Sep/2022:13:36:21 -0300] "GET /cormun/servlet/trpermisosgoce?gx-no-cache=1662996940174 HTTP/1.1" 200 18491
181.212.43.89 - - [12/Sep/2022:13:36:24 -0300] "POST /cormun/servlet/trpermisosgoce?37f1b7cb10f45471dac4cf717f3a1f2f,gx-no-cache=1662996940174,gx-no-cache=1662999728877 HTTP/1.1" 200 15644
181.212.43.89 - - [12/Sep/2022:13:36:24 -0300] "GET /cormun/static/Shared/jqueryui/images/ui-bg_highlight-soft_100_c6c2c8_1x100.png HTTP/1.1" 404 1117
181.212.43.89 - - [12/Sep/2022:13:36:24 -0300] "GET /cormun/static/Shared/jqueryui/images/ui-icons_82798d_256x240.png HTTP/1.1" 404 1089
181.212.43.89 - - [12/Sep/2022:13:36:24 -0300] "GET /cormun/static/Shared/jqueryui/images/ui-bg_flat_55_fafafa_40x100.png HTTP/1.1" 404 1097
181.212.43.89 - - [12/Sep/2022:13:36:24 -0300] "GET /cormun/static/Shared/jqueryui/images/ui-icons_8d78a5_256x240.png HTTP/1.1" 404 1089
186.103.157.42 - - [12/Sep/2022:13:40:16 -0300] "GET /cormun/servlet/trlicencias? HTTP/1.1" 200 6046
186.103.157.42 - - [12/Sep/2022:13:40:17 -0300] "GET /cormun/servlet/hlogin HTTP/1.1" 200 1736
186.103.157.42 - - [12/Sep/2022:13:40:17 -0300] "GET /cormun/servlet/trlicencias? HTTP/1.1" 200 6039
186.103.157.42 - - [12/Sep/2022:13:40:35 -0300] "POST /cormun/servlet/hlogin?4fe1b77dde4af130740e47c960241aea,gx-no-cache=1663000602736 HTTP/1.1" 200 90
186.103.157.42 - - [12/Sep/2022:13:40:35 -0300] "GET /cormun/servlet/hpexe_link HTTP/1.1" 200 951
186.103.157.42 - - [12/Sep/2022:13:40:35 -0300] "GET /cormun/servlet/trlicencias HTTP/1.1" 200 13455
186.103.157.42 - - [12/Sep/2022:13:40:35 -0300] "GET /cormun/servlet/trlicencias HTTP/1.1" 200 13453
190.171.143.106 - - [12/Sep/2022:13:41:36 -0300] "GET /cormun/servlet/trlicencias HTTP/1.1" 200 10053
190.171.143.106 - - [12/Sep/2022:13:41:36 -0300] "GET /cormun/servlet/trlicencias HTTP/1.1" 200 10051
181.212.43.89 - - [12/Sep/2022:13:42:11 -0300] "GET /cormun/servlet/permisogoce?INS,0,,, HTTP/1.1" 200 6892
181.212.43.89 - - [12/Sep/2022:13:42:11 -0300] "GET /cormun/servlet/permisogoce?INS,0,,, HTTP/1.1" 200 6870
181.212.43.89 - - [12/Sep/2022:13:42:15 -0300] "GET /cormun/servlet/permisogoce?3e413edbd4746133388ae1570d90a02fd6e2ab5d5528e38c84ad5ac1a1caeb2d02fd51941d71652bab2de40309f577f635e7a9eccc7489e18fafc50c2e4c9127,gx-no-cache=1663000079674 HTTP/1.1" 200 83
181.212.43.89 - - [12/Sep/2022:13:42:17 -0300] "GET /cormun/static/menuarrow.gif HTTP/1.1" 404 1015
190.171.143.82 - - [12/Sep/2022:13:43:22 -0300] "GET /cormun/servlet/trpermisosadjuntos?17134240,20220905155513,P, HTTP/1.1" 200 6678
190.171.143.82 - - [12/Sep/2022:13:43:24 -0300] "GET /cormun/servlet/trpermisosadjuntos?17134240,20220905155513,P, HTTP/1.1" 200 6678
190.171.143.82 - - [12/Sep/2022:13:43:26 -0300] "GET /cormun/servlet/permisosadjuntos?INS,17134240,P,20220905155513,, HTTP/1.1" 200 6007
190.171.143.82 - - [12/Sep/2022:13:43:28 -0300] "GET /cormun/static/about:blank HTTP/1.1" 404 1011
190.171.143.82 - - [12/Sep/2022:13:43:28 -0300] "GET /cormun/servlet/permisosadjuntos?INS,17134240,P,20220905155513,, HTTP/1.1" 200 5996
190.171.143.82 - - [12/Sep/2022:13:43:39 -0300] "POST /cormun/servlet/permisosadjuntos?35eaf563bf9268a97464f7c483480f88,INS,17134240,P,20220905155513,, HTTP/1.1" 200 116
190.171.143.82 - - [12/Sep/2022:13:43:39 -0300] "GET /cormun/servlet/hpexe_return? HTTP/1.1" 200 1041
190.171.143.82 - - [12/Sep/2022:13:43:40 -0300] "GET /cormun/servlet/trpermisosadjuntos?17134240,20220905155513,P, HTTP/1.1" 200 7193
190.171.143.82 - - [12/Sep/2022:13:43:41 -0300] "GET /cormun/servlet/trpermisosadjuntos?17134240,20220905155513,P, HTTP/1.1" 200 7190
190.171.143.82 - - [12/Sep/2022:13:43:44 -0300] "GET /cormun/servlet/trpermisosgoce? HTTP/1.1" 200 12404
190.171.143.82 - - [12/Sep/2022:13:43:45 -0300] "GET /cormun/servlet/trpermisosgoce? HTTP/1.1" 200 12390
190.171.143.82 - - [12/Sep/2022:13:43:48 -0300] "POST /cormun/servlet/trpermisosgoce?35eaf563bf9268a97464f7c483480f88,,gx-no-cache=1663000173135 HTTP/1.1" 200 9539
190.171.143.82 - - [12/Sep/2022:13:43:54 -0300] "POST /cormun/servlet/trpermisosgoce?35eaf563bf9268a97464f7c483480f88,,gx-no-cache=1663000179208 HTTP/1.1" 200 9579
190.171.143.82 - - [12/Sep/2022:13:43:55 -0300] "GET /cormun/static/Shared/jqueryui/images/ui-bg_highlight-soft_100_c6c2c8_1x100.png HTTP/1.1" 404 1117
190.171.143.82 - - [12/Sep/2022:13:43:55 -0300] "GET /cormun/static/Shared/jqueryui/images/ui-icons_82798d_256x240.png HTTP/1.1" 404 1089
190.171.143.82 - - [12/Sep/2022:13:43:55 -0300] "GET /cormun/static/Shared/jqueryui/images/ui-icons_8d78a5_256x240.png HTTP/1.1" 404 1089
190.171.143.82 - - [12/Sep/2022:13:43:55 -0300] "GET /cormun/static/Shared/jqueryui/images/ui-bg_flat_55_fafafa_40x100.png HTTP/1.1" 404 1097
190.171.143.82 - - [12/Sep/2022:13:44:00 -0300] "GET /cormun/servlet/trautorizarpermisogoce? HTTP/1.1" 200 8048
190.171.143.82 - - [12/Sep/2022:13:44:01 -0300] "GET /cormun/servlet/trautorizarpermisogoce? HTTP/1.1" 200 8048
190.171.143.82 - - [12/Sep/2022:13:44:04 -0300] "POST /cormun/servlet/trautorizarpermisogoce?35eaf563bf9268a97464f7c483480f88,,gx-no-cache=1663000189080 HTTP/1.1" 200 4526
190.171.143.82 - - [12/Sep/2022:13:44:04 -0300] "GET /cormun/static/Shared/jqueryui/images/ui-bg_highlight-soft_100_c6c2c8_1x100.png HTTP/1.1" 404 1117
190.171.143.82 - - [12/Sep/2022:13:44:04 -0300] "GET /cormun/static/Shared/jqueryui/images/ui-icons_82798d_256x240.png HTTP/1.1" 404 1089
190.171.143.82 - - [12/Sep/2022:13:44:04 -0300] "GET /cormun/static/Shared/jqueryui/images/ui-bg_flat_55_fafafa_40x100.png HTTP/1.1" 404 1097
190.171.143.82 - - [12/Sep/2022:13:44:04 -0300] "GET /cormun/static/Shared/jqueryui/images/ui-icons_8d78a5_256x240.png HTTP/1.1" 404 1089
190.171.143.82 - - [12/Sep/2022:13:44:07 -0300] "GET /cormun/servlet/trpermisosgoce? HTTP/1.1" 200 12388
190.171.143.82 - - [12/Sep/2022:13:44:11 -0300] "GET /cormun/servlet/trpermisosgoce? HTTP/1.1" 200 12381
190.171.143.82 - - [12/Sep/2022:13:46:06 -0300] "POST /cormun/servlet/trpermisosgoce?35eaf563bf9268a97464f7c483480f88,,gx-no-cache=1663000311540 HTTP/1.1" 200 9531
190.171.143.82 - - [12/Sep/2022:13:46:38 -0300] "POST /cormun/servlet/trpermisosgoce?35eaf563bf9268a97464f7c483480f88,,gx-no-cache=1663000343561 HTTP/1.1" 200 9525
190.171.143.82 - - [12/Sep/2022:13:46:45 -0300] "GET /cormun/servlet/trpermisosadjuntos?13957012,20220908134142,P, HTTP/1.1" 200 6683
190.171.143.82 - - [12/Sep/2022:13:46:46 -0300] "GET /cormun/servlet/trpermisosadjuntos?13957012,20220908134142,P, HTTP/1.1" 200 6682
190.171.142.26 - - [12/Sep/2022:13:47:02 -0300] "POST /cormun/servlet/trlicencias?85d7befa1d8a9ec8b65f0478f15fab5d,,gx-no-cache=1663000366709 HTTP/1.1" 200 15165
190.171.143.82 - - [12/Sep/2022:13:48:45 -0300] "GET /cormun/servlet/permisosadjuntos?INS,13957012,P,20220908134142,, HTTP/1.1" 200 6012
190.171.143.82 - - [12/Sep/2022:13:48:46 -0300] "GET /cormun/static/about:blank HTTP/1.1" 404 1011
190.171.143.82 - - [12/Sep/2022:13:48:46 -0300] "GET /cormun/servlet/permisosadjuntos?INS,13957012,P,20220908134142,, HTTP/1.1" 200 5999
190.171.143.82 - - [12/Sep/2022:13:48:54 -0300] "POST /cormun/servlet/permisosadjuntos?35eaf563bf9268a97464f7c483480f88,INS,13957012,P,20220908134142,, HTTP/1.1" 200 116
190.171.143.82 - - [12/Sep/2022:13:48:54 -0300] "GET /cormun/servlet/hpexe_return? HTTP/1.1" 200 1041
190.171.143.82 - - [12/Sep/2022:13:48:55 -0300] "GET /cormun/servlet/trpermisosadjuntos?13957012,20220908134142,P, HTTP/1.1" 200 7197
190.171.143.82 - - [12/Sep/2022:13:48:56 -0300] "GET /cormun/servlet/trpermisosadjuntos?13957012,20220908134142,P, HTTP/1.1" 200 7193
190.171.143.82 - - [12/Sep/2022:13:49:02 -0300] "GET /cormun/servlet/trpermisosgoce? HTTP/1.1" 200 12395
190.171.143.82 - - [12/Sep/2022:13:49:03 -0300] "GET /cormun/servlet/trpermisosgoce? HTTP/1.1" 200 12381
190.171.143.82 - - [12/Sep/2022:13:49:26 -0300] "POST /cormun/servlet/trpermisosgoce?35eaf563bf9268a97464f7c483480f88,,gx-no-cache=1663000511028 HTTP/1.1" 200 9539
190.171.143.82 - - [12/Sep/2022:13:49:26 -0300] "POST /cormun/servlet/trpermisosgoce?35eaf563bf9268a97464f7c483480f88,,gx-no-cache=1663000511638 HTTP/1.1" 200 9533
190.171.143.82 - - [12/Sep/2022:13:49:27 -0300] "POST /cormun/servlet/trpermisosgoce?35eaf563bf9268a97464f7c483480f88,,gx-no-cache=1663000512212 HTTP/1.1" 200 9533
190.171.143.82 - - [12/Sep/2022:13:49:31 -0300] "POST /cormun/servlet/trpermisosgoce?35eaf563bf9268a97464f7c483480f88,,gx-no-cache=1663000516028 HTTP/1.1" 200 9576
190.171.143.82 - - [12/Sep/2022:13:49:31 -0300] "GET /cormun/static/Shared/jqueryui/images/ui-bg_highlight-soft_100_c6c2c8_1x100.png HTTP/1.1" 404 1117
190.171.143.82 - - [12/Sep/2022:13:49:31 -0300] "GET /cormun/static/Shared/jqueryui/images/ui-icons_82798d_256x240.png HTTP/1.1" 404 1089
190.171.143.82 - - [12/Sep/2022:13:49:31 -0300] "GET /cormun/static/Shared/jqueryui/images/ui-bg_flat_55_fafafa_40x100.png HTTP/1.1" 404 1097
190.171.143.82 - - [12/Sep/2022:13:49:31 -0300] "GET /cormun/static/Shared/jqueryui/images/ui-icons_8d78a5_256x240.png HTTP/1.1" 404 1089
190.171.143.82 - - [12/Sep/2022:13:49:40 -0300] "GET /cormun/servlet/trautorizarpermisogoce? HTTP/1.1" 200 8056
190.171.143.82 - - [12/Sep/2022:13:49:42 -0300] "GET /cormun/servlet/trautorizarpermisogoce? HTTP/1.1" 200 8056
190.171.143.82 - - [12/Sep/2022:13:49:47 -0300] "POST /cormun/servlet/trautorizarpermisogoce?35eaf563bf9268a97464f7c483480f88,,gx-no-cache=1663000532318 HTTP/1.1" 200 4531
190.171.143.82 - - [12/Sep/2022:13:49:47 -0300] "GET /cormun/static/Shared/jqueryui/images/ui-bg_highlight-soft_100_c6c2c8_1x100.png HTTP/1.1" 404 1117
190.171.143.82 - - [12/Sep/2022:13:49:47 -0300] "GET /cormun/static/Shared/jqueryui/images/ui-icons_82798d_256x240.png HTTP/1.1" 404 1089
190.171.143.82 - - [12/Sep/2022:13:49:47 -0300] "GET /cormun/static/Shared/jqueryui/images/ui-bg_flat_55_fafafa_40x100.png HTTP/1.1" 404 1097
190.171.143.82 - - [12/Sep/2022:13:49:47 -0300] "GET /cormun/static/Shared/jqueryui/images/ui-icons_8d78a5_256x240.png HTTP/1.1" 404 1089
190.171.143.82 - - [12/Sep/2022:13:49:51 -0300] "GET /cormun/servlet/trpermisosgoce? HTTP/1.1" 200 12380
190.171.143.82 - - [12/Sep/2022:13:49:53 -0300] "GET /cormun/servlet/trpermisosgoce? HTTP/1.1" 200 12381
192.168.10.96 - - [12/Sep/2022:13:50:15 -0300] "GET /cormun/servlet/hlogin HTTP/1.1" 200 1725
181.212.43.89 - - [12/Sep/2022:13:50:19 -0300] "POST /cormun/servlet/permisogoce?37f1b7cb10f45471dac4cf717f3a1f2f,INS,0,,,,gx-no-cache=1663000563893 HTTP/1.1" 200 93
181.212.43.89 - - [12/Sep/2022:13:50:19 -0300] "GET /cormun/servlet/hpexe_return? HTTP/1.1" 200 1035
192.168.10.96 - - [12/Sep/2022:13:50:19 -0300] "POST /cormun/servlet/hlogin?a0fbf189c988f7d56dc0df08c814e3ac,gx-no-cache=1663000383569 HTTP/1.1" 200 90
192.168.10.96 - - [12/Sep/2022:13:50:19 -0300] "GET /cormun/servlet/hpexe_link HTTP/1.1" 200 952
192.168.10.96 - - [12/Sep/2022:13:50:19 -0300] "GET /cormun/servlet/hhome HTTP/1.1" 200 3787
181.212.43.89 - - [12/Sep/2022:13:50:19 -0300] "GET /cormun/servlet/trpermisosgoce?gx-no-cache=1662996940174 HTTP/1.1" 200 18469
192.168.10.96 - - [12/Sep/2022:13:50:20 -0300] "GET /cormun/servlet/hhome HTTP/1.1" 200 3784
181.212.43.89 - - [12/Sep/2022:13:50:20 -0300] "GET /cormun/servlet/trpermisosgoce?gx-no-cache=1662996940174 HTTP/1.1" 200 18479
192.168.10.96 - - [12/Sep/2022:13:50:21 -0300] "GET /cormun/servlet/trsolicitudgral? HTTP/1.1" 200 25421
192.168.10.96 - - [12/Sep/2022:13:50:22 -0300] "GET /cormun/servlet/trsolicitudgral? HTTP/1.1" 200 25418
181.212.43.89 - - [12/Sep/2022:13:50:23 -0300] "GET /cormun/servlet/permisogoce?INS,0,,, HTTP/1.1" 200 6892
181.212.43.89 - - [12/Sep/2022:13:50:23 -0300] "GET /cormun/servlet/permisogoce?INS,0,,, HTTP/1.1" 200 6870
192.168.10.96 - - [12/Sep/2022:13:50:26 -0300] "POST /cormun/servlet/trsolicitudgral?a0fbf189c988f7d56dc0df08c814e3ac,,gx-no-cache=1663000390429 HTTP/1.1" 200 6670
192.168.10.96 - - [12/Sep/2022:13:50:32 -0300] "POST /cormun/servlet/trsolicitudgral?a0fbf189c988f7d56dc0df08c814e3ac,,gx-no-cache=1663000396345 HTTP/1.1" 200 6672
192.168.10.96 - - [12/Sep/2022:13:50:36 -0300] "POST /cormun/servlet/trsolicitudgral?a0fbf189c988f7d56dc0df08c814e3ac,,gx-no-cache=1663000400729 HTTP/1.1" 200 7616
181.212.43.89 - - [12/Sep/2022:13:50:45 -0300] "GET /cormun/servlet/permisogoce?3e413edbd4746133388ae1570d90a02fabbcdea15cd84f5a255b77167f2ebbeb1fb03344b399869a62118495bab32f67a01fcb246c190980b8212d73dca5b1ff,gx-no-cache=1663000590051 HTTP/1.1" 200 83
181.212.43.89 - - [12/Sep/2022:13:50:50 -0300] "GET /cormun/static/menuarrow.gif HTTP/1.1" 404 1015
181.212.43.89 - - [12/Sep/2022:13:50:58 -0300] "GET /cormun/servlet/permisogoce?3e413edbd4746133388ae1570d90a02fc1f8003952a49f4309280e902563337f6063e3376edf35e154788a301927af537b472b0f93f1aabdb36c3a6b143a29d3,gx-no-cache=1663000602547 HTTP/1.1" 200 46
181.212.43.89 - - [12/Sep/2022:13:51:00 -0300] "POST /cormun/servlet/permisogoce?37f1b7cb10f45471dac4cf717f3a1f2f,INS,0,,,,gx-no-cache=1663000605025 HTTP/1.1" 200 93
181.212.43.89 - - [12/Sep/2022:13:51:00 -0300] "GET /cormun/servlet/hpexe_return? HTTP/1.1" 200 1035
181.212.43.89 - - [12/Sep/2022:13:51:01 -0300] "GET /cormun/servlet/trpermisosgoce?gx-no-cache=1662996940174 HTTP/1.1" 200 18488
181.212.43.89 - - [12/Sep/2022:13:51:01 -0300] "GET /cormun/servlet/trpermisosgoce?gx-no-cache=1662996940174 HTTP/1.1" 200 18541
181.212.43.89 - - [12/Sep/2022:13:51:05 -0300] "GET /cormun/servlet/apermisogoceprn?6521489,P,20220912133307,PU HTTP/1.1" 200 1673
181.212.43.89 - - [12/Sep/2022:13:51:11 -0300] "GET /cormun/servlet/trpermisosadjuntos?6521489,20220912133307,P, HTTP/1.1" 200 6353
181.212.43.89 - - [12/Sep/2022:13:51:11 -0300] "GET /cormun/servlet/trpermisosadjuntos?6521489,20220912133307,P, HTTP/1.1" 200 6334
181.212.43.89 - - [12/Sep/2022:13:51:13 -0300] "GET /cormun/servlet/permisosadjuntos?INS,6521489,P,20220912133307,, HTTP/1.1" 200 5650
181.212.43.89 - - [12/Sep/2022:13:51:13 -0300] "GET /cormun/static/about:blank HTTP/1.1" 404 1011
181.212.43.89 - - [12/Sep/2022:13:51:13 -0300] "GET /cormun/servlet/permisosadjuntos?INS,6521489,P,20220912133307,, HTTP/1.1" 200 5640
181.212.43.89 - - [12/Sep/2022:13:51:22 -0300] "POST /cormun/servlet/permisosadjuntos?37f1b7cb10f45471dac4cf717f3a1f2f,INS,6521489,P,20220912133307,, HTTP/1.1" 200 116
181.212.43.89 - - [12/Sep/2022:13:51:22 -0300] "GET /cormun/servlet/hpexe_return? HTTP/1.1" 200 1040
181.212.43.89 - - [12/Sep/2022:13:51:22 -0300] "GET /cormun/servlet/trpermisosadjuntos?6521489,20220912133307,P, HTTP/1.1" 200 6809
181.212.43.89 - - [12/Sep/2022:13:51:23 -0300] "GET /cormun/servlet/trpermisosadjuntos?6521489,20220912133307,P, HTTP/1.1" 200 6806
181.212.43.89 - - [12/Sep/2022:13:51:23 -0300] "POST /cormun/servlet/trpermisosadjuntos?37f1b7cb10f45471dac4cf717f3a1f2f,6521489,20220912133307,P,,gx-no-cache=1663000628178 HTTP/1.1" 200 90
