192.168.10.17 - - [02/Sep/2022:09:37:42 -0300] "POST /cormun/servlet/trsolicitudgral?6b29b5a6422531b5b5c3c546b412e717,,gx-no-cache=1662121231011 HTTP/1.1" 200 6638
192.168.10.17 - - [02/Sep/2022:09:37:46 -0300] "GET /cormun/servlet/vesolicitudgral?2022,19050,, HTTP/1.1" 200 8377
192.168.10.17 - - [02/Sep/2022:09:37:46 -0300] "GET /cormun/pexe_scrolldiv.js HTTP/1.1" 404 1009
192.168.10.17 - - [02/Sep/2022:09:37:46 -0300] "GET /cormun/servlet/vesolicitudgral?2022,19050,, HTTP/1.1" 200 8376
192.168.10.17 - - [02/Sep/2022:09:37:48 -0300] "GET /cormun/servlet/vesolicitudgral?2022,19050,,SolicitudOTAdjuntos HTTP/1.1" 200 10734
192.168.10.17 - - [02/Sep/2022:09:37:48 -0300] "GET /cormun/pexe_scrolldiv.js HTTP/1.1" 404 1009
192.168.10.17 - - [02/Sep/2022:09:37:49 -0300] "GET /cormun/servlet/vesolicitudgral?2022,19050,,SolicitudOTAdjuntos HTTP/1.1" 200 10741
192.168.10.17 - - [02/Sep/2022:09:37:49 -0300] "POST /cormun/servlet/acontrolpreferencessavestate?None,RRHH+DANIELA,true HTTP/1.1" 200 35
192.168.10.17 - - [02/Sep/2022:09:37:51 -0300] "GET /cormun/PublicTempStorage/titulo1826302.pdf HTTP/1.1" 200 990493
192.168.10.17 - - [02/Sep/2022:09:38:00 -0300] "GET /cormun/servlet/vesolicitudgral?2022,19050,,SolicitudOTAdjuntos HTTP/1.1" 200 10739
192.168.10.17 - - [02/Sep/2022:09:38:01 -0300] "GET /cormun/servlet/vesolicitudgral?2022,19050,,SolicitudOTAdjuntos HTTP/1.1" 200 10740
192.168.10.17 - - [02/Sep/2022:09:38:01 -0300] "POST /cormun/servlet/acontrolpreferencessavestate?None,RRHH+DANIELA,true HTTP/1.1" 200 35
13.234.57.114 - - [02/Sep/2022:09:38:16 -0300] "GET /manager/html HTTP/1.1" 401 2474
13.234.57.114 - - [02/Sep/2022:09:38:16 -0300] "GET /manager/html HTTP/1.1" 401 2474
13.234.57.114 - - [02/Sep/2022:09:40:28 -0300] "GET /manager/html HTTP/1.1" 401 2474
13.234.57.114 - - [02/Sep/2022:09:40:28 -0300] "GET /manager/html HTTP/1.1" 401 2474
190.171.143.82 - - [02/Sep/2022:09:43:12 -0300] "GET /cormun/servlet/trpermisosadjuntos?13718866,20220825154458,P, HTTP/1.1" 200 5457
190.171.143.82 - - [02/Sep/2022:09:43:14 -0300] "GET /cormun/servlet/hlogin HTTP/1.1" 200 1773
190.171.143.82 - - [02/Sep/2022:09:43:14 -0300] "GET /cormun/servlet/trpermisosadjuntos?13718866,20220825154458,P, HTTP/1.1" 200 5452
190.171.143.82 - - [02/Sep/2022:09:43:43 -0300] "POST /cormun/servlet/hlogin?53bce857f48f4a6003b02bf901b5c829,gx-no-cache=1662121767858 HTTP/1.1" 200 90
190.171.143.82 - - [02/Sep/2022:09:43:43 -0300] "GET /cormun/servlet/hpexe_link HTTP/1.1" 200 987
190.171.143.82 - - [02/Sep/2022:09:43:43 -0300] "GET /cormun/servlet/trpermisosadjuntos?13718866,20220825154458,P, HTTP/1.1" 200 6504
190.171.143.82 - - [02/Sep/2022:09:43:45 -0300] "GET /cormun/servlet/trpermisosadjuntos?13718866,20220825154458,P, HTTP/1.1" 200 6503
190.171.143.82 - - [02/Sep/2022:09:43:46 -0300] "GET /cormun/servlet/trpermisosadjuntos?13718866,20220825154458,P, HTTP/1.1" 200 6503
190.171.143.82 - - [02/Sep/2022:09:43:47 -0300] "GET /cormun/servlet/trpermisosadjuntos?13718866,20220825154458,P, HTTP/1.1" 200 6503
13.234.57.114 - - [02/Sep/2022:09:44:32 -0300] "GET /manager/html HTTP/1.1" 401 2474
13.234.57.114 - - [02/Sep/2022:09:44:33 -0300] "GET /manager/html HTTP/1.1" 401 2474
190.171.143.82 - - [02/Sep/2022:09:44:36 -0300] "GET /cormun/servlet/permisosadjuntos?INS,13718866,P,20220825154458,, HTTP/1.1" 200 6018
190.171.143.82 - - [02/Sep/2022:09:44:37 -0300] "GET /cormun/static/about:blank HTTP/1.1" 404 1011
190.171.143.82 - - [02/Sep/2022:09:44:37 -0300] "GET /cormun/servlet/permisosadjuntos?INS,13718866,P,20220825154458,, HTTP/1.1" 200 6006
190.171.143.82 - - [02/Sep/2022:09:44:46 -0300] "POST /cormun/servlet/permisosadjuntos?53bce857f48f4a6003b02bf901b5c829,INS,13718866,P,20220825154458,, HTTP/1.1" 200 116
190.171.143.82 - - [02/Sep/2022:09:44:47 -0300] "GET /cormun/servlet/hpexe_return? HTTP/1.1" 200 1041
190.171.143.82 - - [02/Sep/2022:09:44:47 -0300] "GET /cormun/servlet/trpermisosadjuntos?13718866,20220825154458,P, HTTP/1.1" 200 7092
190.171.143.82 - - [02/Sep/2022:09:44:49 -0300] "GET /cormun/servlet/trpermisosadjuntos?13718866,20220825154458,P, HTTP/1.1" 200 7089
190.171.143.82 - - [02/Sep/2022:09:44:56 -0300] "GET /cormun/servlet/trpermisosgoce? HTTP/1.1" 200 13580
190.171.143.82 - - [02/Sep/2022:09:44:58 -0300] "GET /cormun/servlet/trpermisosgoce? HTTP/1.1" 200 13554
190.171.143.82 - - [02/Sep/2022:09:45:01 -0300] "POST /cormun/servlet/trpermisosgoce?53bce857f48f4a6003b02bf901b5c829,,gx-no-cache=1662121846385 HTTP/1.1" 200 10706
190.171.143.82 - - [02/Sep/2022:09:45:07 -0300] "POST /cormun/servlet/trpermisosgoce?53bce857f48f4a6003b02bf901b5c829,,gx-no-cache=1662121852068 HTTP/1.1" 200 10741
190.171.143.82 - - [02/Sep/2022:09:45:07 -0300] "GET /cormun/static/Shared/jqueryui/images/ui-bg_highlight-soft_100_c6c2c8_1x100.png HTTP/1.1" 404 1117
190.171.143.82 - - [02/Sep/2022:09:45:07 -0300] "GET /cormun/static/Shared/jqueryui/images/ui-icons_82798d_256x240.png HTTP/1.1" 404 1089
190.171.143.82 - - [02/Sep/2022:09:45:07 -0300] "GET /cormun/static/Shared/jqueryui/images/ui-icons_8d78a5_256x240.png HTTP/1.1" 404 1089
190.171.143.82 - - [02/Sep/2022:09:45:07 -0300] "GET /cormun/static/Shared/jqueryui/images/ui-bg_flat_55_fafafa_40x100.png HTTP/1.1" 404 1097
190.171.143.82 - - [02/Sep/2022:09:45:11 -0300] "GET /cormun/servlet/trautorizarpermisogoce? HTTP/1.1" 200 8050
190.171.143.82 - - [02/Sep/2022:09:45:12 -0300] "GET /cormun/servlet/trautorizarpermisogoce? HTTP/1.1" 200 8049
190.171.143.82 - - [02/Sep/2022:09:45:15 -0300] "POST /cormun/servlet/trautorizarpermisogoce?53bce857f48f4a6003b02bf901b5c829,,gx-no-cache=1662121860319 HTTP/1.1" 200 4531
190.171.143.82 - - [02/Sep/2022:09:45:18 -0300] "GET /cormun/servlet/trpermisosgoce? HTTP/1.1" 200 13552
190.171.143.82 - - [02/Sep/2022:09:45:20 -0300] "GET /cormun/servlet/trpermisosgoce? HTTP/1.1" 200 13556
192.168.10.17 - - [02/Sep/2022:09:46:31 -0300] "GET /cormun/servlet/trsolicitudgral? HTTP/1.1" 200 9680
192.168.10.17 - - [02/Sep/2022:09:46:32 -0300] "GET /cormun/servlet/trsolicitudgral? HTTP/1.1" 200 9674
13.234.57.114 - - [02/Sep/2022:09:47:21 -0300] "GET /manager/html HTTP/1.1" 401 2474
13.234.57.114 - - [02/Sep/2022:09:47:21 -0300] "GET /manager/html HTTP/1.1" 401 2474
13.234.57.114 - - [02/Sep/2022:09:50:04 -0300] "GET /manager/html HTTP/1.1" 401 2474
13.234.57.114 - - [02/Sep/2022:09:50:04 -0300] "GET /manager/html HTTP/1.1" 401 2474
13.234.57.114 - - [02/Sep/2022:09:54:07 -0300] "GET /manager/html HTTP/1.1" 401 2474
13.234.57.114 - - [02/Sep/2022:09:54:09 -0300] "GET /manager/html HTTP/1.1" 401 2474
13.234.57.114 - - [02/Sep/2022:09:56:13 -0300] "GET /manager/html HTTP/1.1" 401 2474
13.234.57.114 - - [02/Sep/2022:09:56:14 -0300] "GET /manager/html HTTP/1.1" 401 2474
157.55.39.152 - - [02/Sep/2022:09:59:37 -0300] "GET /cormun/servlet/hpexe_link HTTP/1.1" 200 934
13.234.57.114 - - [02/Sep/2022:09:59:49 -0300] "GET /manager/html HTTP/1.1" 401 2474
13.234.57.114 - - [02/Sep/2022:09:59:49 -0300] "GET /manager/html HTTP/1.1" 401 2474
181.203.101.28 - - [02/Sep/2022:09:59:57 -0300] "GET /cormun/servlet/hlogin HTTP/1.1" 200 1735
13.234.57.114 - - [02/Sep/2022:10:04:29 -0300] "GET /manager/html HTTP/1.1" 401 2474
13.234.57.114 - - [02/Sep/2022:10:04:29 -0300] "GET /manager/html HTTP/1.1" 401 2474
190.171.143.82 - - [02/Sep/2022:10:05:20 -0300] "POST /cormun/servlet/trpermisosgoce?53bce857f48f4a6003b02bf901b5c829,,gx-no-cache=1662123066575 HTTP/1.1" 200 10698
190.171.143.82 - - [02/Sep/2022:10:05:33 -0300] "POST /cormun/servlet/trpermisosgoce?53bce857f48f4a6003b02bf901b5c829,,gx-no-cache=1662123079229 HTTP/1.1" 200 10702
190.171.143.82 - - [02/Sep/2022:10:05:36 -0300] "GET /cormun/servlet/permisogoce?INS,0,,, HTTP/1.1" 200 7261
190.171.143.82 - - [02/Sep/2022:10:05:38 -0300] "GET /cormun/servlet/permisogoce?INS,0,,, HTTP/1.1" 200 7261
190.171.143.82 - - [02/Sep/2022:10:06:07 -0300] "GET /cormun/servlet/permisogoce?393f36009c224190ab5e887534ed6c131cbb9b882df675e7c5c9f87d3036203316e5e775aff198a30ce68643f2834f9db48c26960e2f3917dda638157ad12e20,gx-no-cache=1662123113644 HTTP/1.1" 200 77
190.171.143.82 - - [02/Sep/2022:10:06:07 -0300] "GET /cormun/static/menuarrow.gif HTTP/1.1" 404 1015
190.171.143.82 - - [02/Sep/2022:10:06:14 -0300] "GET /cormun/servlet/permisogoce?393f36009c224190ab5e887534ed6c13a499d2e640245c0db7893ca8f7b08cd14ac69ec1903b6af356173f42556202b9e1fcdc7a43fa50e28287fbc61281db16,gx-no-cache=1662123121230 HTTP/1.1" 200 48
190.171.143.82 - - [02/Sep/2022:10:06:19 -0300] "POST /cormun/servlet/permisogoce?53bce857f48f4a6003b02bf901b5c829,INS,0,,,,gx-no-cache=1662123124839 HTTP/1.1" 200 93
190.171.143.82 - - [02/Sep/2022:10:06:19 -0300] "GET /cormun/servlet/hpexe_return? HTTP/1.1" 200 1013
190.171.143.82 - - [02/Sep/2022:10:06:20 -0300] "GET /cormun/servlet/trpermisosgoce? HTTP/1.1" 200 13743
190.171.143.82 - - [02/Sep/2022:10:06:21 -0300] "GET /cormun/servlet/trpermisosgoce? HTTP/1.1" 200 13730
190.171.143.82 - - [02/Sep/2022:10:06:25 -0300] "POST /cormun/servlet/trpermisosgoce?53bce857f48f4a6003b02bf901b5c829,,gx-no-cache=1662123131233 HTTP/1.1" 200 10916
190.171.143.82 - - [02/Sep/2022:10:06:28 -0300] "GET /cormun/servlet/apermisogoceprn?16881995,P,20220902084825,PU HTTP/1.1" 200 1657
190.171.143.82 - - [02/Sep/2022:10:06:29 -0300] "GET /cormun/servlet/apermisogoceprn?16881995,P,20220902084825,PU HTTP/1.1" 200 1653
190.171.143.82 - - [02/Sep/2022:10:08:26 -0300] "POST /cormun/servlet/trpermisosgoce?53bce857f48f4a6003b02bf901b5c829,,gx-no-cache=1662123252643 HTTP/1.1" 200 10928
13.234.57.114 - - [02/Sep/2022:10:09:10 -0300] "GET /manager/html HTTP/1.1" 401 2474
13.234.57.114 - - [02/Sep/2022:10:09:10 -0300] "GET /manager/html HTTP/1.1" 401 2474
13.234.57.114 - - [02/Sep/2022:10:11:10 -0300] "GET /manager/html HTTP/1.1" 401 2474
13.234.57.114 - - [02/Sep/2022:10:11:13 -0300] "GET /manager/html HTTP/1.1" 401 2474
13.234.57.114 - - [02/Sep/2022:10:14:50 -0300] "GET /manager/html HTTP/1.1" 401 2474
13.234.57.114 - - [02/Sep/2022:10:14:50 -0300] "GET /manager/html HTTP/1.1" 401 2474
192.168.10.17 - - [02/Sep/2022:10:17:34 -0300] "POST /cormun/servlet/trsolicitudgral?6b29b5a6422531b5b5c3c546b412e717,,gx-no-cache=1662123623755 HTTP/1.1" 440 972
192.168.10.17 - - [02/Sep/2022:10:17:36 -0300] "GET /cormun/servlet/trsolicitudgral? HTTP/1.1" 500 10
192.168.10.17 - - [02/Sep/2022:10:17:37 -0300] "GET /cormun/servlet/trsolicitudgral? HTTP/1.1" 500 10
192.168.10.17 - - [02/Sep/2022:10:17:38 -0300] "GET /cormun/servlet/trsolicitudgral? HTTP/1.1" 500 10
192.168.10.17 - - [02/Sep/2022:10:17:41 -0300] "GET /cormun/servlet/hlogin HTTP/1.1" 200 1726
192.168.10.17 - - [02/Sep/2022:10:17:47 -0300] "POST /cormun/servlet/hlogin?7cde6a650787996c4dc497b4e4c76b42,gx-no-cache=1662123636975 HTTP/1.1" 200 90
192.168.10.17 - - [02/Sep/2022:10:17:47 -0300] "GET /cormun/servlet/hpexe_link HTTP/1.1" 200 952
192.168.10.17 - - [02/Sep/2022:10:17:48 -0300] "GET /cormun/servlet/hhome HTTP/1.1" 200 3790
192.168.10.17 - - [02/Sep/2022:10:17:48 -0300] "GET /cormun/servlet/hhome HTTP/1.1" 200 3786
192.168.10.17 - - [02/Sep/2022:10:18:02 -0300] "GET /cormun/servlet/trsolicitudgral? HTTP/1.1" 200 22771
192.168.10.17 - - [02/Sep/2022:10:18:02 -0300] "GET /cormun/servlet/trsolicitudgral? HTTP/1.1" 200 22768
13.234.57.114 - - [02/Sep/2022:10:18:15 -0300] "GET /manager/html HTTP/1.1" 401 2474
13.234.57.114 - - [02/Sep/2022:10:18:15 -0300] "GET /manager/html HTTP/1.1" 401 2474
192.168.10.17 - - [02/Sep/2022:10:18:26 -0300] "GET /cormun/servlet/vesolicitudgral?2022,19030,, HTTP/1.1" 200 8390
192.168.10.17 - - [02/Sep/2022:10:18:26 -0300] "GET /cormun/pexe_scrolldiv.js HTTP/1.1" 404 1009
192.168.10.17 - - [02/Sep/2022:10:18:26 -0300] "GET /cormun/servlet/vesolicitudgral?2022,19030,, HTTP/1.1" 200 8389
13.234.57.114 - - [02/Sep/2022:10:20:24 -0300] "GET /manager/html HTTP/1.1" 401 2474
13.234.57.114 - - [02/Sep/2022:10:20:25 -0300] "GET /manager/html HTTP/1.1" 401 2474
192.168.10.17 - - [02/Sep/2022:10:21:24 -0300] "GET /cormun/servlet/vesolicitudgral?2022,19030,,SolicitudOTAdjuntos HTTP/1.1" 200 10860
192.168.10.17 - - [02/Sep/2022:10:21:24 -0300] "GET /cormun/pexe_scrolldiv.js HTTP/1.1" 404 1009
192.168.10.17 - - [02/Sep/2022:10:21:25 -0300] "GET /cormun/servlet/vesolicitudgral?2022,19030,,SolicitudOTAdjuntos HTTP/1.1" 200 10858
192.168.10.17 - - [02/Sep/2022:10:21:26 -0300] "POST /cormun/servlet/acontrolpreferencessavestate?None,RRHH+DANIELA,true HTTP/1.1" 200 35
192.168.10.17 - - [02/Sep/2022:10:21:27 -0300] "GET /cormun/PublicTempStorage/diego_ignacio_fuenzalida_diaz_%28c._identidad%295878360.pdf HTTP/1.1" 200 336948
190.171.143.82 - - [02/Sep/2022:10:21:31 -0300] "GET /cormun/servlet/trlicencias? HTTP/1.1" 200 10888
190.171.143.82 - - [02/Sep/2022:10:21:32 -0300] "GET /cormun/servlet/trlicencias? HTTP/1.1" 200 10887
192.168.10.17 - - [02/Sep/2022:10:21:45 -0300] "GET /cormun/servlet/vesolicitudgral?2022,19030,,SolicitudOTAdjuntos HTTP/1.1" 200 10856
192.168.10.17 - - [02/Sep/2022:10:21:46 -0300] "GET /cormun/servlet/vesolicitudgral?2022,19030,,SolicitudOTAdjuntos HTTP/1.1" 200 10862
192.168.10.17 - - [02/Sep/2022:10:21:46 -0300] "POST /cormun/servlet/acontrolpreferencessavestate?None,RRHH+DANIELA,true HTTP/1.1" 200 35
192.168.10.17 - - [02/Sep/2022:10:21:47 -0300] "GET /cormun/PublicTempStorage/diego_ignacio_fuenzalida_diaz_%28c.v%298280807.pdf HTTP/1.1" 200 58144
190.171.143.82 - - [02/Sep/2022:10:22:19 -0300] "POST /cormun/servlet/trlicencias?53bce857f48f4a6003b02bf901b5c829,,gx-no-cache=1662124085521 HTTP/1.1" 200 8405
186.67.172.234 - - [02/Sep/2022:10:23:48 -0300] "GET /cormun/servlet/trpermisosgoce? HTTP/1.1" 200 6035
186.67.172.234 - - [02/Sep/2022:10:23:48 -0300] "GET /cormun/static/gxcfg.js?2020121631564 HTTP/1.1" 200 953
186.67.172.234 - - [02/Sep/2022:10:23:48 -0300] "GET /cormun/static/trpermisosgoce.js?2020121633681 HTTP/1.1" 200 35904
186.67.172.234 - - [02/Sep/2022:10:23:49 -0300] "GET /cormun/servlet/hlogin HTTP/1.1" 200 1750
186.67.172.234 - - [02/Sep/2022:10:23:49 -0300] "GET /cormun/servlet/trpermisosgoce? HTTP/1.1" 200 6033
186.67.172.234 - - [02/Sep/2022:10:23:54 -0300] "POST /cormun/servlet/hlogin?9ac06eb3bb5830dd4d088de1596c7fb0,gx-no-cache=1662124182151 HTTP/1.1" 200 90
186.67.172.234 - - [02/Sep/2022:10:23:54 -0300] "GET /cormun/servlet/hpexe_link HTTP/1.1" 200 962
186.67.172.234 - - [02/Sep/2022:10:23:55 -0300] "GET /cormun/servlet/trpermisosgoce HTTP/1.1" 200 19213
186.67.172.234 - - [02/Sep/2022:10:23:55 -0300] "GET /cormun/servlet/trpermisosgoce HTTP/1.1" 200 19229
186.67.172.234 - - [02/Sep/2022:10:24:01 -0300] "GET /cormun/static/menuarrow.gif HTTP/1.1" 404 1015
186.67.172.234 - - [02/Sep/2022:10:24:19 -0300] "POST /cormun/servlet/trpermisosgoce?9ac06eb3bb5830dd4d088de1596c7fb0,gx-no-cache=1662124206338 HTTP/1.1" 200 4225
186.67.172.234 - - [02/Sep/2022:10:24:24 -0300] "POST /cormun/servlet/trpermisosgoce?9ac06eb3bb5830dd4d088de1596c7fb0,gx-no-cache=1662124211679 HTTP/1.1" 200 4225
13.234.57.114 - - [02/Sep/2022:10:24:31 -0300] "GET /manager/html HTTP/1.1" 401 2474
13.234.57.114 - - [02/Sep/2022:10:24:31 -0300] "GET /manager/html HTTP/1.1" 401 2474
186.67.172.234 - - [02/Sep/2022:10:24:38 -0300] "POST /cormun/servlet/trpermisosgoce?9ac06eb3bb5830dd4d088de1596c7fb0,gx-no-cache=1662124225310 HTTP/1.1" 200 4225
186.67.172.234 - - [02/Sep/2022:10:24:38 -0300] "POST /cormun/servlet/trpermisosgoce?9ac06eb3bb5830dd4d088de1596c7fb0,gx-no-cache=1662124225519 HTTP/1.1" 200 4225
186.67.172.234 - - [02/Sep/2022:10:24:38 -0300] "POST /cormun/servlet/trpermisosgoce?9ac06eb3bb5830dd4d088de1596c7fb0,gx-no-cache=1662124225734 HTTP/1.1" 200 4225
186.67.172.234 - - [02/Sep/2022:10:24:38 -0300] "POST /cormun/servlet/trpermisosgoce?9ac06eb3bb5830dd4d088de1596c7fb0,gx-no-cache=1662124225949 HTTP/1.1" 200 4225
186.67.172.234 - - [02/Sep/2022:10:24:44 -0300] "POST /cormun/servlet/trpermisosgoce?9ac06eb3bb5830dd4d088de1596c7fb0,gx-no-cache=1662124231278 HTTP/1.1" 200 4225
186.67.172.234 - - [02/Sep/2022:10:24:49 -0300] "GET /cormun/servlet/trlicencias? HTTP/1.1" 200 18182
186.67.172.234 - - [02/Sep/2022:10:24:50 -0300] "GET /cormun/servlet/trlicencias? HTTP/1.1" 200 18192
186.67.172.234 - - [02/Sep/2022:10:24:53 -0300] "GET /cormun/servlet/trpermisosgoce? HTTP/1.1" 200 7158
186.67.172.234 - - [02/Sep/2022:10:24:54 -0300] "GET /cormun/servlet/trpermisosgoce? HTTP/1.1" 200 7158
186.67.172.234 - - [02/Sep/2022:10:24:56 -0300] "GET /cormun/static/menuarrow.gif HTTP/1.1" 404 1015
186.67.172.234 - - [02/Sep/2022:10:24:59 -0300] "POST /cormun/servlet/trpermisosgoce?9ac06eb3bb5830dd4d088de1596c7fb0,,gx-no-cache=1662124246434 HTTP/1.1" 200 4228
186.67.172.234 - - [02/Sep/2022:10:24:59 -0300] "POST /cormun/servlet/trpermisosgoce?9ac06eb3bb5830dd4d088de1596c7fb0,,gx-no-cache=1662124246871 HTTP/1.1" 200 4228
186.67.172.234 - - [02/Sep/2022:10:24:59 -0300] "POST /cormun/servlet/trpermisosgoce?9ac06eb3bb5830dd4d088de1596c7fb0,,gx-no-cache=1662124247110 HTTP/1.1" 200 4228
186.67.172.234 - - [02/Sep/2022:10:25:06 -0300] "GET /cormun/servlet/trlicencias? HTTP/1.1" 200 18194
186.67.172.234 - - [02/Sep/2022:10:25:06 -0300] "GET /cormun/servlet/trlicencias? HTTP/1.1" 200 18192
192.168.10.17 - - [02/Sep/2022:10:25:21 -0300] "GET /cormun/servlet/vesolicitudgral?2022,19030,,SolicitudOTAdjuntos HTTP/1.1" 200 10863
192.168.10.17 - - [02/Sep/2022:10:25:22 -0300] "GET /cormun/servlet/vesolicitudgral?2022,19030,,SolicitudOTAdjuntos HTTP/1.1" 200 10864
192.168.10.17 - - [02/Sep/2022:10:25:23 -0300] "POST /cormun/servlet/acontrolpreferencessavestate?None,RRHH+DANIELA,true HTTP/1.1" 200 35
192.168.10.17 - - [02/Sep/2022:10:25:24 -0300] "GET /cormun/servlet/vesolicitudgral?2022,19030,,General HTTP/1.1" 200 8393
192.168.10.17 - - [02/Sep/2022:10:25:24 -0300] "GET /cormun/pexe_scrolldiv.js HTTP/1.1" 404 1009
192.168.10.17 - - [02/Sep/2022:10:25:25 -0300] "GET /cormun/servlet/vesolicitudgral?2022,19030,,General HTTP/1.1" 200 8393
192.168.10.17 - - [02/Sep/2022:10:26:45 -0300] "GET /cormun/servlet/vesolicitudgral?2022,19030,,SolicitudOTAdjuntos HTTP/1.1" 200 10863
192.168.10.17 - - [02/Sep/2022:10:26:45 -0300] "GET /cormun/pexe_scrolldiv.js HTTP/1.1" 404 1009
192.168.10.17 - - [02/Sep/2022:10:26:45 -0300] "GET /cormun/servlet/vesolicitudgral?2022,19030,,SolicitudOTAdjuntos HTTP/1.1" 200 10859
192.168.10.17 - - [02/Sep/2022:10:26:46 -0300] "POST /cormun/servlet/acontrolpreferencessavestate?None,RRHH+DANIELA,true HTTP/1.1" 200 35
192.168.10.17 - - [02/Sep/2022:10:26:48 -0300] "GET /cormun/PublicTempStorage/diego_ignacio_fuenzalida_diaz_%28c._identidad%295790620.pdf HTTP/1.1" 200 336948
13.234.57.114 - - [02/Sep/2022:10:27:01 -0300] "GET /manager/html HTTP/1.1" 401 2474
13.234.57.114 - - [02/Sep/2022:10:27:01 -0300] "GET /manager/html HTTP/1.1" 401 2474
13.234.57.114 - - [02/Sep/2022:10:30:00 -0300] "GET /manager/html HTTP/1.1" 401 2474
13.234.57.114 - - [02/Sep/2022:10:30:00 -0300] "GET /manager/html HTTP/1.1" 401 2474
192.168.10.17 - - [02/Sep/2022:10:31:01 -0300] "GET /cormun/servlet/vesolicitudgral?2022,19030,,SolicitudOTAdjuntos HTTP/1.1" 200 10864
192.168.10.17 - - [02/Sep/2022:10:31:02 -0300] "GET /cormun/servlet/vesolicitudgral?2022,19030,,SolicitudOTAdjuntos HTTP/1.1" 200 10864
192.168.10.17 - - [02/Sep/2022:10:31:03 -0300] "POST /cormun/servlet/acontrolpreferencessavestate?None,RRHH+DANIELA,true HTTP/1.1" 200 35
190.171.152.242 - - [02/Sep/2022:10:33:02 -0300] "GET /cormun/servlet/hlogin HTTP/1.1" 200 1730
190.171.152.242 - - [02/Sep/2022:10:33:03 -0300] "GET /cormun/servlet/hlogin HTTP/1.1" 200 1741
190.171.152.242 - - [02/Sep/2022:10:33:06 -0300] "POST /cormun/servlet/hlogin?885c951101cdc6c3f05aeee4620d0220,gx-no-cache=1662124732420 HTTP/1.1" 200 90
190.171.152.242 - - [02/Sep/2022:10:33:06 -0300] "GET /cormun/servlet/hpexe_link HTTP/1.1" 200 956
190.171.152.242 - - [02/Sep/2022:10:33:06 -0300] "GET /cormun/servlet/hhome HTTP/1.1" 200 4002
190.171.152.242 - - [02/Sep/2022:10:33:07 -0300] "GET /cormun/servlet/hhome HTTP/1.1" 200 3998
190.171.152.242 - - [02/Sep/2022:10:33:12 -0300] "GET /cormun/servlet/trlicencias? HTTP/1.1" 200 11351
190.171.152.242 - - [02/Sep/2022:10:33:12 -0300] "GET /cormun/servlet/trlicencias? HTTP/1.1" 200 11349
190.171.152.242 - - [02/Sep/2022:10:33:18 -0300] "GET /cormun/servlet/trpermisosgoce? HTTP/1.1" 200 10734
190.171.152.242 - - [02/Sep/2022:10:33:18 -0300] "GET /cormun/servlet/trpermisosgoce? HTTP/1.1" 200 10734
190.171.152.242 - - [02/Sep/2022:10:33:21 -0300] "GET /cormun/servlet/permisogoce?INS,0,,, HTTP/1.1" 200 6861
190.171.152.242 - - [02/Sep/2022:10:33:21 -0300] "GET /cormun/servlet/permisogoce?INS,0,,, HTTP/1.1" 200 6860
190.171.152.242 - - [02/Sep/2022:10:33:24 -0300] "GET /cormun/servlet/prfichaempleado?,MD,,gxPopupLevel%3D0%3B HTTP/1.1" 200 9303
13.234.57.114 - - [02/Sep/2022:10:33:32 -0300] "GET /manager/html HTTP/1.1" 401 2474
13.234.57.114 - - [02/Sep/2022:10:33:32 -0300] "GET /manager/html HTTP/1.1" 401 2474
190.171.152.242 - - [02/Sep/2022:10:33:36 -0300] "POST /cormun/servlet/prfichaempleado?885c951101cdc6c3f05aeee4620d0220,,MD,,gxPopupLevel%3D0%3B,gx-no-cache=1662124762670 HTTP/1.1" 200 3181
190.171.152.242 - - [02/Sep/2022:10:33:58 -0300] "GET /cormun/servlet/prfichaempleado?,MD,,gxPopupLevel%3D0%3B HTTP/1.1" 200 9303
190.171.152.242 - - [02/Sep/2022:10:34:09 -0300] "POST /cormun/servlet/prfichaempleado?885c951101cdc6c3f05aeee4620d0220,,MD,,gxPopupLevel%3D0%3B,gx-no-cache=1662124795694 HTTP/1.1" 200 3183
190.171.152.242 - - [02/Sep/2022:10:34:15 -0300] "GET /cormun/servlet/hlogin HTTP/1.1" 200 1754
13.234.57.114 - - [02/Sep/2022:10:35:44 -0300] "GET /manager/html HTTP/1.1" 401 2474
13.234.57.114 - - [02/Sep/2022:10:35:44 -0300] "GET /manager/html HTTP/1.1" 401 2474
13.234.57.114 - - [02/Sep/2022:10:39:36 -0300] "GET /manager/html HTTP/1.1" 401 2474
13.234.57.114 - - [02/Sep/2022:10:39:36 -0300] "GET /manager/html HTTP/1.1" 401 2474
13.234.57.114 - - [02/Sep/2022:10:42:18 -0300] "GET /manager/html HTTP/1.1" 401 2474
13.234.57.114 - - [02/Sep/2022:10:42:18 -0300] "GET /manager/html HTTP/1.1" 401 2474
13.234.57.114 - - [02/Sep/2022:10:45:07 -0300] "GET /manager/html HTTP/1.1" 401 2474
13.234.57.114 - - [02/Sep/2022:10:45:07 -0300] "GET /manager/html HTTP/1.1" 401 2474
13.234.57.114 - - [02/Sep/2022:10:48:58 -0300] "GET /manager/html HTTP/1.1" 401 2474
13.234.57.114 - - [02/Sep/2022:10:48:58 -0300] "GET /manager/html HTTP/1.1" 401 2474
192.168.10.17 - - [02/Sep/2022:10:50:31 -0300] "GET /cormun/servlet/vesolicitudgral?2022,19030,,General HTTP/1.1" 200 8393
192.168.10.17 - - [02/Sep/2022:10:50:31 -0300] "GET /cormun/pexe_scrolldiv.js HTTP/1.1" 404 1009
192.168.10.17 - - [02/Sep/2022:10:50:31 -0300] "GET /cormun/servlet/vesolicitudgral?2022,19030,,General HTTP/1.1" 200 8393
192.168.10.17 - - [02/Sep/2022:10:50:33 -0300] "POST /cormun/servlet/vesolicitudgral?7cde6a650787996c4dc497b4e4c76b42,2022,19030,,General,gx-no-cache=1662125602524 HTTP/1.1" 200 12142
192.168.10.17 - - [02/Sep/2022:10:50:33 -0300] "GET /cormun/static/Shared/jqueryui/images/ui-icons_82798d_256x240.png HTTP/1.1" 404 1089
192.168.10.17 - - [02/Sep/2022:10:50:33 -0300] "GET /cormun/static/Shared/jqueryui/images/ui-bg_highlight-soft_100_c6c2c8_1x100.png HTTP/1.1" 404 1117
192.168.10.17 - - [02/Sep/2022:10:50:33 -0300] "GET /cormun/static/Shared/jqueryui/images/ui-icons_8d78a5_256x240.png HTTP/1.1" 404 1089
192.168.10.17 - - [02/Sep/2022:10:50:33 -0300] "GET /cormun/static/Shared/jqueryui/images/ui-bg_flat_55_fafafa_40x100.png HTTP/1.1" 404 1097
192.168.10.17 - - [02/Sep/2022:10:50:33 -0300] "POST /cormun/servlet/vesolicitudgral?7cde6a650787996c4dc497b4e4c76b42,2022,19030,,General,gx-no-cache=1662125602755 HTTP/1.1" 200 12074
192.168.10.17 - - [02/Sep/2022:10:50:37 -0300] "GET /cormun/servlet/trsolicitudgral? HTTP/1.1" 200 22435
192.168.10.17 - - [02/Sep/2022:10:50:38 -0300] "GET /cormun/servlet/trsolicitudgral? HTTP/1.1" 200 22428
192.168.10.17 - - [02/Sep/2022:10:50:40 -0300] "GET /cormun/servlet/trautorizarot? HTTP/1.1" 200 9508
192.168.10.17 - - [02/Sep/2022:10:50:41 -0300] "GET /cormun/servlet/trautorizarot? HTTP/1.1" 200 9507
192.168.10.17 - - [02/Sep/2022:10:50:44 -0300] "POST /cormun/servlet/trautorizarot?7cde6a650787996c4dc497b4e4c76b42,,gx-no-cache=1662125613138 HTTP/1.1" 200 5329
45.95.55.5 - - [02/Sep/2022:10:50:48 -0300] "GET / HTTP/1.1" 200 11217
13.234.57.114 - - [02/Sep/2022:10:50:57 -0300] "GET /manager/html HTTP/1.1" 401 2474
13.234.57.114 - - [02/Sep/2022:10:50:57 -0300] "GET /manager/html HTTP/1.1" 401 2474
198.235.24.186 - - [02/Sep/2022:10:53:46 -0300] "ÊÆ§¶ŧZ¯ÔÍV8>æßxY’ÒÎ'RÝ¡ì%†©æùûshÌÌÀ/À+À0À,ÀÀÀ'À#ÀÀ À(À$ÀÀ " 400 -
13.234.57.114 - - [02/Sep/2022:10:54:41 -0300] "GET /manager/html HTTP/1.1" 401 2474
13.234.57.114 - - [02/Sep/2022:10:54:41 -0300] "GET /manager/html HTTP/1.1" 401 2474
13.234.57.114 - - [02/Sep/2022:10:57:36 -0300] "GET /manager/html HTTP/1.1" 401 2474
13.234.57.114 - - [02/Sep/2022:10:57:37 -0300] "GET /manager/html HTTP/1.1" 401 2474
13.234.57.114 - - [02/Sep/2022:11:00:13 -0300] "GET /manager/html HTTP/1.1" 401 2474
13.234.57.114 - - [02/Sep/2022:11:00:13 -0300] "GET /manager/html HTTP/1.1" 401 2474
192.168.10.17 - - [02/Sep/2022:11:02:15 -0300] "GET /cormun/servlet/trsolicitudgral? HTTP/1.1" 200 22429
192.168.10.17 - - [02/Sep/2022:11:02:16 -0300] "GET /cormun/servlet/trsolicitudgral? HTTP/1.1" 200 22428
13.234.57.114 - - [02/Sep/2022:11:04:24 -0300] "GET /manager/html HTTP/1.1" 401 2474
13.234.57.114 - - [02/Sep/2022:11:04:25 -0300] "GET /manager/html HTTP/1.1" 401 2474
192.168.10.96 - - [02/Sep/2022:11:06:33 -0300] "GET /cormun/servlet/hlogin HTTP/1.1" 200 1728
192.168.10.96 - - [02/Sep/2022:11:06:33 -0300] "GET /cormun/servlet/hlogin HTTP/1.1" 200 1738
192.168.10.96 - - [02/Sep/2022:11:06:35 -0300] "POST /cormun/servlet/hlogin?1a9835973f7a321efba72b7de40dabca,gx-no-cache=1662126564629 HTTP/1.1" 200 90
192.168.10.96 - - [02/Sep/2022:11:06:35 -0300] "GET /cormun/servlet/hpexe_link HTTP/1.1" 200 952
192.168.10.96 - - [02/Sep/2022:11:06:35 -0300] "GET /cormun/servlet/hhome HTTP/1.1" 200 3788
192.168.10.96 - - [02/Sep/2022:11:06:36 -0300] "GET /cormun/servlet/hhome HTTP/1.1" 200 3785
13.234.57.114 - - [02/Sep/2022:11:06:39 -0300] "GET /manager/html HTTP/1.1" 401 2474
13.234.57.114 - - [02/Sep/2022:11:06:40 -0300] "GET /manager/html HTTP/1.1" 401 2474
192.168.10.96 - - [02/Sep/2022:11:06:41 -0300] "GET /cormun/servlet/trsolicitudgral? HTTP/1.1" 200 22431
192.168.10.96 - - [02/Sep/2022:11:06:42 -0300] "GET /cormun/servlet/trsolicitudgral? HTTP/1.1" 200 22429
13.234.57.114 - - [02/Sep/2022:11:09:53 -0300] "GET /manager/html HTTP/1.1" 401 2474
13.234.57.114 - - [02/Sep/2022:11:09:53 -0300] "GET /manager/html HTTP/1.1" 401 2474
186.103.157.98 - - [02/Sep/2022:11:12:19 -0300] "GET /cormun/servlet/hlogin HTTP/1.1" 200 1728
186.103.157.98 - - [02/Sep/2022:11:12:28 -0300] "POST /cormun/servlet/hlogin?67c69003cc2ed582eb3af30c37cac2ab,gx-no-cache=1662127094021 HTTP/1.1" 200 90
186.103.157.98 - - [02/Sep/2022:11:12:28 -0300] "GET /cormun/servlet/hpexe_link HTTP/1.1" 200 956
186.103.157.98 - - [02/Sep/2022:11:12:28 -0300] "GET /cormun/servlet/hhome HTTP/1.1" 200 4259
186.103.157.98 - - [02/Sep/2022:11:12:28 -0300] "GET /cormun/servlet/hhome HTTP/1.1" 200 4257
186.103.157.98 - - [02/Sep/2022:11:12:31 -0300] "GET /cormun/servlet/trpermisosgoce? HTTP/1.1" 200 10322
186.103.157.98 - - [02/Sep/2022:11:12:32 -0300] "GET /cormun/servlet/trpermisosgoce? HTTP/1.1" 200 10320
186.103.157.98 - - [02/Sep/2022:11:12:35 -0300] "GET /cormun/static/menuarrow.gif HTTP/1.1" 404 1015
186.103.157.98 - - [02/Sep/2022:11:12:44 -0300] "POST /cormun/servlet/trpermisosgoce?67c69003cc2ed582eb3af30c37cac2ab,,gx-no-cache=1662127110008 HTTP/1.1" 200 15138
13.234.57.114 - - [02/Sep/2022:11:13:23 -0300] "GET /manager/html HTTP/1.1" 401 2474
13.234.57.114 - - [02/Sep/2022:11:13:23 -0300] "GET /manager/html HTTP/1.1" 401 2474
13.234.57.114 - - [02/Sep/2022:11:15:30 -0300] "GET /manager/html HTTP/1.1" 401 2474
13.234.57.114 - - [02/Sep/2022:11:15:30 -0300] "GET /manager/html HTTP/1.1" 401 2474
13.234.57.114 - - [02/Sep/2022:11:19:36 -0300] "GET /manager/html HTTP/1.1" 401 2474
13.234.57.114 - - [02/Sep/2022:11:19:36 -0300] "GET /manager/html HTTP/1.1" 401 2474
13.234.57.114 - - [02/Sep/2022:11:22:16 -0300] "GET /manager/html HTTP/1.1" 401 2474
13.234.57.114 - - [02/Sep/2022:11:22:16 -0300] "GET /manager/html HTTP/1.1" 401 2474
13.234.57.114 - - [02/Sep/2022:11:25:07 -0300] "GET /manager/html HTTP/1.1" 401 2474
13.234.57.114 - - [02/Sep/2022:11:25:07 -0300] "GET /manager/html HTTP/1.1" 401 2474
186.103.157.98 - - [02/Sep/2022:11:25:36 -0300] "POST /cormun/servlet/trpermisosgoce?67c69003cc2ed582eb3af30c37cac2ab,,gx-no-cache=1662127882231 HTTP/1.1" 200 4490
186.103.157.98 - - [02/Sep/2022:11:25:58 -0300] "POST /cormun/servlet/trpermisosgoce?67c69003cc2ed582eb3af30c37cac2ab,,gx-no-cache=1662127903717 HTTP/1.1" 200 5348
186.103.157.98 - - [02/Sep/2022:11:26:27 -0300] "POST /cormun/servlet/trpermisosgoce?67c69003cc2ed582eb3af30c37cac2ab,,gx-no-cache=1662127932844 HTTP/1.1" 200 4495
186.103.157.98 - - [02/Sep/2022:11:26:42 -0300] "POST /cormun/servlet/trpermisosgoce?67c69003cc2ed582eb3af30c37cac2ab,,gx-no-cache=1662127948148 HTTP/1.1" 200 5347
186.103.157.98 - - [02/Sep/2022:11:27:05 -0300] "POST /cormun/servlet/trpermisosgoce?67c69003cc2ed582eb3af30c37cac2ab,,gx-no-cache=1662127970732 HTTP/1.1" 200 5943
186.103.157.98 - - [02/Sep/2022:11:27:40 -0300] "POST /cormun/servlet/trpermisosgoce?67c69003cc2ed582eb3af30c37cac2ab,,gx-no-cache=1662128005981 HTTP/1.1" 200 5745
186.103.157.98 - - [02/Sep/2022:11:28:09 -0300] "POST /cormun/servlet/trpermisosgoce?67c69003cc2ed582eb3af30c37cac2ab,,gx-no-cache=1662128035628 HTTP/1.1" 200 4498
186.103.157.98 - - [02/Sep/2022:11:28:13 -0300] "POST /cormun/servlet/trpermisosgoce?67c69003cc2ed582eb3af30c37cac2ab,,gx-no-cache=1662128039605 HTTP/1.1" 200 4498
186.103.157.98 - - [02/Sep/2022:11:28:25 -0300] "POST /cormun/servlet/trpermisosgoce?67c69003cc2ed582eb3af30c37cac2ab,,gx-no-cache=1662128051524 HTTP/1.1" 200 5756
186.103.157.98 - - [02/Sep/2022:11:28:52 -0300] "POST /cormun/servlet/trpermisosgoce?67c69003cc2ed582eb3af30c37cac2ab,,gx-no-cache=1662128078460 HTTP/1.1" 200 5725
13.234.57.114 - - [02/Sep/2022:11:29:00 -0300] "GET /manager/html HTTP/1.1" 401 2474
13.234.57.114 - - [02/Sep/2022:11:29:01 -0300] "GET /manager/html HTTP/1.1" 401 2474
207.46.13.60 - - [02/Sep/2022:11:29:09 -0300] "GET /cormun/servlet/hlogin HTTP/1.1" 200 1714
186.103.157.98 - - [02/Sep/2022:11:29:29 -0300] "POST /cormun/servlet/trpermisosgoce?67c69003cc2ed582eb3af30c37cac2ab,,gx-no-cache=1662128115676 HTTP/1.1" 200 4496
186.103.157.98 - - [02/Sep/2022:11:30:48 -0300] "POST /cormun/servlet/trpermisosgoce?67c69003cc2ed582eb3af30c37cac2ab,,gx-no-cache=1662128194587 HTTP/1.1" 200 4495
186.103.157.98 - - [02/Sep/2022:11:30:50 -0300] "POST /cormun/servlet/trpermisosgoce?67c69003cc2ed582eb3af30c37cac2ab,,gx-no-cache=1662128195947 HTTP/1.1" 200 4496
13.234.57.114 - - [02/Sep/2022:11:30:57 -0300] "GET /manager/html HTTP/1.1" 401 2474
13.234.57.114 - - [02/Sep/2022:11:30:58 -0300] "GET /manager/html HTTP/1.1" 401 2474
186.103.157.98 - - [02/Sep/2022:11:31:05 -0300] "POST /cormun/servlet/trpermisosgoce?67c69003cc2ed582eb3af30c37cac2ab,,gx-no-cache=1662128211524 HTTP/1.1" 200 5931
192.168.10.17 - - [02/Sep/2022:11:31:48 -0300] "GET /cormun/servlet/trsolicitudgral? HTTP/1.1" 200 22428
192.168.10.17 - - [02/Sep/2022:11:31:48 -0300] "GET /cormun/servlet/trsolicitudgral? HTTP/1.1" 200 22428
186.103.157.98 - - [02/Sep/2022:11:31:54 -0300] "POST /cormun/servlet/trpermisosgoce?67c69003cc2ed582eb3af30c37cac2ab,,gx-no-cache=1662128260076 HTTP/1.1" 200 5553
192.168.10.17 - - [02/Sep/2022:11:31:56 -0300] "POST /cormun/servlet/trsolicitudgral?7cde6a650787996c4dc497b4e4c76b42,,gx-no-cache=1662128084376 HTTP/1.1" 200 27142
186.103.157.98 - - [02/Sep/2022:11:32:20 -0300] "POST /cormun/servlet/trpermisosgoce?67c69003cc2ed582eb3af30c37cac2ab,,gx-no-cache=1662128286243 HTTP/1.1" 200 5565
186.103.157.98 - - [02/Sep/2022:11:33:13 -0300] "POST /cormun/servlet/trpermisosgoce?67c69003cc2ed582eb3af30c37cac2ab,,gx-no-cache=1662128339099 HTTP/1.1" 200 4494
186.103.157.98 - - [02/Sep/2022:11:33:24 -0300] "POST /cormun/servlet/trpermisosgoce?67c69003cc2ed582eb3af30c37cac2ab,,gx-no-cache=1662128350427 HTTP/1.1" 200 5330
13.234.57.114 - - [02/Sep/2022:11:34:46 -0300] "GET /manager/html HTTP/1.1" 401 2474
13.234.57.114 - - [02/Sep/2022:11:34:46 -0300] "GET /manager/html HTTP/1.1" 401 2474
13.234.57.114 - - [02/Sep/2022:11:37:51 -0300] "GET /manager/html HTTP/1.1" 401 2474
13.234.57.114 - - [02/Sep/2022:11:37:51 -0300] "GET /manager/html HTTP/1.1" 401 2474
13.234.57.114 - - [02/Sep/2022:11:40:13 -0300] "GET /manager/html HTTP/1.1" 401 2474
13.234.57.114 - - [02/Sep/2022:11:40:14 -0300] "GET /manager/html HTTP/1.1" 401 2474
186.67.172.234 - - [02/Sep/2022:11:41:40 -0300] "POST /cormun/servlet/trlicencias?9ac06eb3bb5830dd4d088de1596c7fb0,,gx-no-cache=1662128847396 HTTP/1.1" 440 972
192.168.10.17 - - [02/Sep/2022:11:42:22 -0300] "POST /cormun/servlet/trsolicitudgral?7cde6a650787996c4dc497b4e4c76b42,,gx-no-cache=1662128711039 HTTP/1.1" 200 6648
192.168.10.17 - - [02/Sep/2022:11:42:24 -0300] "GET /cormun/servlet/vesolicitudgral?2022,19046,, HTTP/1.1" 200 8370
192.168.10.17 - - [02/Sep/2022:11:42:24 -0300] "GET /cormun/pexe_scrolldiv.js HTTP/1.1" 404 1009
192.168.10.17 - - [02/Sep/2022:11:42:24 -0300] "GET /cormun/servlet/vesolicitudgral?2022,19046,, HTTP/1.1" 200 8370
192.168.10.17 - - [02/Sep/2022:11:42:24 -0300] "GET /cormun/pexe_scrolldiv.js HTTP/1.1" 404 1009
192.168.10.17 - - [02/Sep/2022:11:42:24 -0300] "GET /cormun/servlet/vesolicitudgral?2022,19046,, HTTP/1.1" 200 8370
192.168.10.17 - - [02/Sep/2022:11:42:24 -0300] "GET /cormun/servlet/vesolicitudgral?2022,19046,, HTTP/1.1" 200 8370
13.234.57.114 - - [02/Sep/2022:11:44:17 -0300] "GET /manager/html HTTP/1.1" 401 2474
13.234.57.114 - - [02/Sep/2022:11:44:18 -0300] "GET /manager/html HTTP/1.1" 401 2474
186.67.172.234 - - [02/Sep/2022:11:44:26 -0300] "GET /cormun/servlet/trlicencias? HTTP/1.1" 200 7516
186.67.172.234 - - [02/Sep/2022:11:44:26 -0300] "GET /cormun/servlet/hlogin HTTP/1.1" 200 1739
186.67.172.234 - - [02/Sep/2022:11:44:26 -0300] "GET /cormun/servlet/trlicencias? HTTP/1.1" 200 7516
186.67.172.234 - - [02/Sep/2022:11:44:38 -0300] "POST /cormun/servlet/hlogin?588da5d7c095ac6f9c81b4a2a0a3b123,gx-no-cache=1662129026037 HTTP/1.1" 200 445
186.67.172.234 - - [02/Sep/2022:11:44:44 -0300] "POST /cormun/servlet/hlogin?588da5d7c095ac6f9c81b4a2a0a3b123,gx-no-cache=1662129032113 HTTP/1.1" 200 90
186.67.172.234 - - [02/Sep/2022:11:44:44 -0300] "GET /cormun/servlet/hpexe_link HTTP/1.1" 200 952
186.67.172.234 - - [02/Sep/2022:11:44:45 -0300] "GET /cormun/servlet/trlicencias HTTP/1.1" 200 18649
186.67.172.234 - - [02/Sep/2022:11:44:45 -0300] "GET /cormun/servlet/trlicencias HTTP/1.1" 200 18648
207.46.13.60 - - [02/Sep/2022:11:45:25 -0300] "GET /cormun/servlet/hpexe_return HTTP/1.1" 200 975
13.234.57.114 - - [02/Sep/2022:11:46:21 -0300] "GET /manager/html HTTP/1.1" 401 2474
13.234.57.114 - - [02/Sep/2022:11:46:22 -0300] "GET /manager/html HTTP/1.1" 401 2474
192.168.10.17 - - [02/Sep/2022:11:49:35 -0300] "GET /cormun/servlet/trsolicitudgral? HTTP/1.1" 200 9689
192.168.10.17 - - [02/Sep/2022:11:49:35 -0300] "GET /cormun/servlet/trsolicitudgral? HTTP/1.1" 200 9689
192.168.10.17 - - [02/Sep/2022:11:49:47 -0300] "POST /cormun/servlet/trsolicitudgral?7cde6a650787996c4dc497b4e4c76b42,,gx-no-cache=1662129156301 HTTP/1.1" 200 7208
13.234.57.114 - - [02/Sep/2022:11:49:48 -0300] "GET /manager/html HTTP/1.1" 401 2474
13.234.57.114 - - [02/Sep/2022:11:49:49 -0300] "GET /manager/html HTTP/1.1" 401 2474
186.103.157.98 - - [02/Sep/2022:11:50:51 -0300] "POST /cormun/servlet/trpermisosgoce?67c69003cc2ed582eb3af30c37cac2ab,,gx-no-cache=1662129397259 HTTP/1.1" 200 5746
192.168.10.17 - - [02/Sep/2022:11:50:56 -0300] "GET /cormun/servlet/vesolicitudgral?2022,19030,, HTTP/1.1" 200 8392
192.168.10.17 - - [02/Sep/2022:11:50:56 -0300] "GET /cormun/pexe_scrolldiv.js HTTP/1.1" 404 1009
192.168.10.17 - - [02/Sep/2022:11:50:57 -0300] "GET /cormun/servlet/vesolicitudgral?2022,19030,, HTTP/1.1" 200 8391
192.168.10.17 - - [02/Sep/2022:11:51:08 -0300] "GET /cormun/servlet/vesolicitudgral?2022,19030,,SolicitudOTAdjuntos HTTP/1.1" 200 10851
192.168.10.17 - - [02/Sep/2022:11:51:08 -0300] "GET /cormun/pexe_scrolldiv.js HTTP/1.1" 404 1009
192.168.10.17 - - [02/Sep/2022:11:51:09 -0300] "GET /cormun/servlet/vesolicitudgral?2022,19030,,SolicitudOTAdjuntos HTTP/1.1" 200 10857
192.168.10.17 - - [02/Sep/2022:11:51:09 -0300] "POST /cormun/servlet/acontrolpreferencessavestate?None,RRHH+DANIELA,true HTTP/1.1" 200 35
192.168.10.17 - - [02/Sep/2022:11:51:10 -0300] "GET /cormun/PublicTempStorage/diego_ignacio_fuenzalida_diaz_%28c._identidad%299726382.pdf HTTP/1.1" 200 336948
192.168.10.17 - - [02/Sep/2022:11:51:54 -0300] "GET /cormun/servlet/vesolicitudgral?2022,19030,,SolicitudOTAdjuntos HTTP/1.1" 200 10854
192.168.10.17 - - [02/Sep/2022:11:51:55 -0300] "GET /cormun/servlet/vesolicitudgral?2022,19030,,SolicitudOTAdjuntos HTTP/1.1" 200 10852
192.168.10.17 - - [02/Sep/2022:11:51:56 -0300] "POST /cormun/servlet/acontrolpreferencessavestate?None,RRHH+DANIELA,true HTTP/1.1" 200 35
192.168.10.17 - - [02/Sep/2022:11:51:57 -0300] "GET /cormun/servlet/vesolicitudgral?2022,19030,,General HTTP/1.1" 200 8396
192.168.10.17 - - [02/Sep/2022:11:51:57 -0300] "GET /cormun/pexe_scrolldiv.js HTTP/1.1" 404 1009
192.168.10.17 - - [02/Sep/2022:11:51:57 -0300] "GET /cormun/servlet/vesolicitudgral?2022,19030,,General HTTP/1.1" 200 8396
186.103.157.98 - - [02/Sep/2022:11:52:22 -0300] "POST /cormun/servlet/trpermisosgoce?67c69003cc2ed582eb3af30c37cac2ab,,gx-no-cache=1662129487971 HTTP/1.1" 200 5570
13.234.57.114 - - [02/Sep/2022:11:53:07 -0300] "GET /manager/html HTTP/1.1" 401 2474
13.234.57.114 - - [02/Sep/2022:11:53:07 -0300] "GET /manager/html HTTP/1.1" 401 2474
186.103.157.98 - - [02/Sep/2022:11:53:53 -0300] "POST /cormun/servlet/trpermisosgoce?67c69003cc2ed582eb3af30c37cac2ab,,gx-no-cache=1662129579315 HTTP/1.1" 200 5344
186.103.157.98 - - [02/Sep/2022:11:54:23 -0300] "POST /cormun/servlet/trpermisosgoce?67c69003cc2ed582eb3af30c37cac2ab,,gx-no-cache=1662129608882 HTTP/1.1" 200 5330
13.234.57.114 - - [02/Sep/2022:11:55:22 -0300] "GET /manager/html HTTP/1.1" 401 2474
13.234.57.114 - - [02/Sep/2022:11:55:22 -0300] "GET /manager/html HTTP/1.1" 401 2474
186.103.157.98 - - [02/Sep/2022:11:56:26 -0300] "POST /cormun/servlet/trpermisosgoce?67c69003cc2ed582eb3af30c37cac2ab,,gx-no-cache=1662129732083 HTTP/1.1" 200 4501
186.103.157.98 - - [02/Sep/2022:11:56:50 -0300] "POST /cormun/servlet/trpermisosgoce?67c69003cc2ed582eb3af30c37cac2ab,,gx-no-cache=1662129755874 HTTP/1.1" 200 5767
186.103.157.98 - - [02/Sep/2022:11:57:25 -0300] "POST /cormun/servlet/trpermisosgoce?67c69003cc2ed582eb3af30c37cac2ab,,gx-no-cache=1662129791459 HTTP/1.1" 200 5344
186.103.157.98 - - [02/Sep/2022:11:57:33 -0300] "GET /cormun/servlet/hlogin HTTP/1.1" 200 1749
190.114.50.56 - - [02/Sep/2022:11:57:36 -0300] "GET / HTTP/1.1" 200 11217
190.114.50.56 - - [02/Sep/2022:11:57:36 -0300] "GET /tomcat.css HTTP/1.1" 200 5576
190.114.50.56 - - [02/Sep/2022:11:57:36 -0300] "GET /tomcat.png HTTP/1.1" 200 5103
190.114.50.56 - - [02/Sep/2022:11:57:36 -0300] "GET /bg-nav.png HTTP/1.1" 200 1401
190.114.50.56 - - [02/Sep/2022:11:57:36 -0300] "GET /asf-logo.png HTTP/1.1" 200 17811
190.114.50.56 - - [02/Sep/2022:11:57:36 -0300] "GET /bg-button.png HTTP/1.1" 200 713
190.114.50.56 - - [02/Sep/2022:11:57:36 -0300] "GET /bg-upper.png HTTP/1.1" 200 3103
190.114.50.56 - - [02/Sep/2022:11:57:36 -0300] "GET /bg-middle.png HTTP/1.1" 200 1918
13.234.57.114 - - [02/Sep/2022:11:59:26 -0300] "GET /manager/html HTTP/1.1" 401 2474
13.234.57.114 - - [02/Sep/2022:11:59:26 -0300] "GET /manager/html HTTP/1.1" 401 2474
13.234.57.114 - - [02/Sep/2022:12:01:41 -0300] "GET /manager/html HTTP/1.1" 401 2474
13.234.57.114 - - [02/Sep/2022:12:01:42 -0300] "GET /manager/html HTTP/1.1" 401 2474
13.234.57.114 - - [02/Sep/2022:12:04:57 -0300] "GET /manager/html HTTP/1.1" 401 2474
13.234.57.114 - - [02/Sep/2022:12:04:58 -0300] "GET /manager/html HTTP/1.1" 401 2474
192.168.10.17 - - [02/Sep/2022:12:07:45 -0300] "GET /cormun/servlet/trsolicitudgral? HTTP/1.1" 200 10229
192.168.10.17 - - [02/Sep/2022:12:07:45 -0300] "GET /cormun/servlet/trsolicitudgral? HTTP/1.1" 200 10225
192.168.10.17 - - [02/Sep/2022:12:07:54 -0300] "POST /cormun/servlet/trsolicitudgral?7cde6a650787996c4dc497b4e4c76b42,,gx-no-cache=1662130243168 HTTP/1.1" 200 7631
192.168.10.17 - - [02/Sep/2022:12:07:58 -0300] "GET /cormun/servlet/vesolicitudgral?2022,19028,, HTTP/1.1" 200 8376
192.168.10.17 - - [02/Sep/2022:12:07:58 -0300] "GET /cormun/pexe_scrolldiv.js HTTP/1.1" 404 1009
192.168.10.17 - - [02/Sep/2022:12:07:59 -0300] "GET /cormun/servlet/vesolicitudgral?2022,19028,, HTTP/1.1" 200 8376
192.168.10.17 - - [02/Sep/2022:12:08:03 -0300] "POST /cormun/servlet/vesolicitudgral?7cde6a650787996c4dc497b4e4c76b42,2022,19028,,,gx-no-cache=1662130252065 HTTP/1.1" 200 12091
192.168.10.17 - - [02/Sep/2022:12:08:03 -0300] "GET /cormun/static/Shared/jqueryui/images/ui-icons_8d78a5_256x240.png HTTP/1.1" 404 1089
192.168.10.17 - - [02/Sep/2022:12:08:03 -0300] "GET /cormun/static/Shared/jqueryui/images/ui-bg_highlight-soft_100_c6c2c8_1x100.png HTTP/1.1" 404 1117
192.168.10.17 - - [02/Sep/2022:12:08:03 -0300] "GET /cormun/static/Shared/jqueryui/images/ui-icons_82798d_256x240.png HTTP/1.1" 404 1089
192.168.10.17 - - [02/Sep/2022:12:08:03 -0300] "GET /cormun/static/Shared/jqueryui/images/ui-bg_flat_55_fafafa_40x100.png HTTP/1.1" 404 1097
192.168.10.17 - - [02/Sep/2022:12:08:03 -0300] "POST /cormun/servlet/vesolicitudgral?7cde6a650787996c4dc497b4e4c76b42,2022,19028,,,gx-no-cache=1662130252274 HTTP/1.1" 200 12023
192.168.10.17 - - [02/Sep/2022:12:08:05 -0300] "GET /cormun/servlet/trsolicitudgral? HTTP/1.1" 200 10655
192.168.10.17 - - [02/Sep/2022:12:08:05 -0300] "GET /cormun/servlet/trsolicitudgral? HTTP/1.1" 200 10654
192.168.10.17 - - [02/Sep/2022:12:08:08 -0300] "GET /cormun/servlet/trautorizarot? HTTP/1.1" 200 9520
192.168.10.17 - - [02/Sep/2022:12:08:09 -0300] "GET /cormun/servlet/trautorizarot? HTTP/1.1" 200 9520
192.168.10.17 - - [02/Sep/2022:12:08:12 -0300] "POST /cormun/servlet/trautorizarot?7cde6a650787996c4dc497b4e4c76b42,,gx-no-cache=1662130261178 HTTP/1.1" 200 5326
192.168.10.17 - - [02/Sep/2022:12:08:23 -0300] "GET /cormun/servlet/trsolicitudgral? HTTP/1.1" 200 10653
192.168.10.17 - - [02/Sep/2022:12:08:24 -0300] "GET /cormun/servlet/trsolicitudgral? HTTP/1.1" 200 10653
192.168.10.17 - - [02/Sep/2022:12:08:26 -0300] "GET /cormun/servlet/vesolicitudgral?2022,19028,, HTTP/1.1" 200 8378
192.168.10.17 - - [02/Sep/2022:12:08:26 -0300] "GET /cormun/pexe_scrolldiv.js HTTP/1.1" 404 1009
192.168.10.17 - - [02/Sep/2022:12:08:27 -0300] "GET /cormun/servlet/vesolicitudgral?2022,19028,, HTTP/1.1" 200 8377
13.234.57.114 - - [02/Sep/2022:12:08:50 -0300] "GET /manager/html HTTP/1.1" 401 2474
13.234.57.114 - - [02/Sep/2022:12:08:50 -0300] "GET /manager/html HTTP/1.1" 401 2474
13.234.57.114 - - [02/Sep/2022:12:10:52 -0300] "GET /manager/html HTTP/1.1" 401 2474
13.234.57.114 - - [02/Sep/2022:12:10:52 -0300] "GET /manager/html HTTP/1.1" 401 2474
186.67.172.234 - - [02/Sep/2022:12:13:26 -0300] "GET /cormun/servlet/licenciaspermisos?DSP,8309529,L,20220902000000, HTTP/1.1" 200 7470
186.67.172.234 - - [02/Sep/2022:12:13:26 -0300] "GET /cormun/static/gxcfg.js?202012153173 HTTP/1.1" 200 953
186.67.172.234 - - [02/Sep/2022:12:13:26 -0300] "GET /cormun/static/licenciaspermisos.js?2020121532136 HTTP/1.1" 200 38824
186.67.172.234 - - [02/Sep/2022:12:13:26 -0300] "GET /cormun/static/Resources/prompt.gif HTTP/1.1" 200 902
186.67.172.234 - - [02/Sep/2022:12:13:27 -0300] "GET /cormun/servlet/licenciaspermisos?DSP,8309529,L,20220902000000, HTTP/1.1" 200 7489
186.67.172.234 - - [02/Sep/2022:12:13:30 -0300] "POST /cormun/servlet/licenciaspermisos?588da5d7c095ac6f9c81b4a2a0a3b123,DSP,8309529,L,20220902000000,,gx-no-cache=1662130757635 HTTP/1.1" 200 93
186.67.172.234 - - [02/Sep/2022:12:13:30 -0300] "GET /cormun/servlet/hpexe_return? HTTP/1.1" 200 1024
186.67.172.234 - - [02/Sep/2022:12:13:30 -0300] "GET /cormun/static/hpexe_return.js?201991422392984 HTTP/1.1" 200 1633
186.67.172.234 - - [02/Sep/2022:12:13:30 -0300] "GET /cormun/static/gxcfg.js?201991422392976 HTTP/1.1" 200 953
186.67.172.234 - - [02/Sep/2022:12:13:30 -0300] "GET /cormun/servlet/trlicencias HTTP/1.1" 200 18635
186.67.172.234 - - [02/Sep/2022:12:13:31 -0300] "GET /cormun/servlet/trlicencias HTTP/1.1" 200 18629
13.234.57.114 - - [02/Sep/2022:12:14:43 -0300] "GET /manager/html HTTP/1.1" 401 2474
13.234.57.114 - - [02/Sep/2022:12:14:44 -0300] "GET /manager/html HTTP/1.1" 401 2474
192.168.10.17 - - [02/Sep/2022:12:15:34 -0300] "GET /cormun/servlet/vesolicitudgral?2022,19028,,SolicitudOTAdjuntos HTTP/1.1" 200 10864
192.168.10.17 - - [02/Sep/2022:12:15:34 -0300] "GET /cormun/pexe_scrolldiv.js HTTP/1.1" 404 1009
192.168.10.17 - - [02/Sep/2022:12:15:34 -0300] "GET /cormun/servlet/vesolicitudgral?2022,19028,,SolicitudOTAdjuntos HTTP/1.1" 200 10867
192.168.10.17 - - [02/Sep/2022:12:15:35 -0300] "POST /cormun/servlet/acontrolpreferencessavestate?None,RRHH+DANIELA,true HTTP/1.1" 200 35
192.168.10.17 - - [02/Sep/2022:12:15:36 -0300] "GET /cormun/PublicTempStorage/joana_isabel_jara_ochoa_%28c._identidad%295747715.pdf HTTP/1.1" 200 652170
192.168.10.17 - - [02/Sep/2022:12:15:52 -0300] "GET /cormun/servlet/vesolicitudgral?2022,19028,,SolicitudOTAdjuntos HTTP/1.1" 200 10862
192.168.10.17 - - [02/Sep/2022:12:15:52 -0300] "GET /cormun/servlet/vesolicitudgral?2022,19028,,SolicitudOTAdjuntos HTTP/1.1" 200 10867
192.168.10.17 - - [02/Sep/2022:12:15:53 -0300] "POST /cormun/servlet/acontrolpreferencessavestate?None,RRHH+DANIELA,true HTTP/1.1" 200 35
192.168.10.17 - - [02/Sep/2022:12:15:53 -0300] "GET /cormun/PublicTempStorage/joana_isabel_jara_ochoa_%28c.v.%299548723.docx HTTP/1.1" 200 28551
13.234.57.114 - - [02/Sep/2022:12:17:43 -0300] "GET /manager/html HTTP/1.1" 401 2474
13.234.57.114 - - [02/Sep/2022:12:17:43 -0300] "GET /manager/html HTTP/1.1" 401 2474
190.114.50.210 - - [02/Sep/2022:12:18:38 -0300] "GET /cormun/servlet/hlogin HTTP/1.1" 200 1732
190.114.50.210 - - [02/Sep/2022:12:18:38 -0300] "GET /cormun/static/Resources/Spanish/PXTools.css?2294816 HTTP/1.1" 200 100853
190.114.50.210 - - [02/Sep/2022:12:18:38 -0300] "GET /cormun/static/gxtimezone.js?85251 HTTP/1.1" 200 5781
190.114.50.210 - - [02/Sep/2022:12:18:38 -0300] "GET /cormun/static/gxcfg.js?201910216285969 HTTP/1.1" 200 953
190.114.50.210 - - [02/Sep/2022:12:18:38 -0300] "GET /cormun/static/hlogin.js?201910216285995 HTTP/1.1" 200 2136
190.114.50.210 - - [02/Sep/2022:12:18:38 -0300] "GET /cormun/static/messages.spa.js?85251 HTTP/1.1" 200 30736
190.114.50.210 - - [02/Sep/2022:12:18:38 -0300] "GET /cormun/static/gxgral.js?85251 HTTP/1.1" 200 384558
190.114.50.210 - - [02/Sep/2022:12:18:39 -0300] "GET /cormun/static/Resources/PXToolsButtonRight.png HTTP/1.1" 200 1294
190.114.50.210 - - [02/Sep/2022:12:18:39 -0300] "GET /cormun/static/Resources/PXToolsButtonLeft.png HTTP/1.1" 200 1310
190.114.50.210 - - [02/Sep/2022:12:18:39 -0300] "GET /cormun/static/Resources/Logo2019_Grande.png HTTP/1.1" 200 31733
190.114.50.210 - - [02/Sep/2022:12:18:39 -0300] "GET /cormun/static/Resources/PXToolsLoginTop.png HTTP/1.1" 200 1337
190.114.50.210 - - [02/Sep/2022:12:18:39 -0300] "GET /cormun/static/Resources/PXToolsLoginBackground.png HTTP/1.1" 200 1164
190.114.50.210 - - [02/Sep/2022:12:18:39 -0300] "GET /cormun/static/Resources/PXToolsButtonBackground.png HTTP/1.1" 200 1176
190.114.50.210 - - [02/Sep/2022:12:18:39 -0300] "GET /cormun/static/Resources/PXToolsLoginBottom.png HTTP/1.1" 200 1389
190.114.50.210 - - [02/Sep/2022:12:18:39 -0300] "GET /cormun/static/Resources/indicator.gif HTTP/1.1" 200 1553
190.114.50.210 - - [02/Sep/2022:12:18:39 -0300] "GET /cormun/servlet/hlogin HTTP/1.1" 200 1743
190.114.50.210 - - [02/Sep/2022:12:18:39 -0300] "GET /favicon.ico HTTP/1.1" 200 21630
13.234.57.114 - - [02/Sep/2022:12:20:12 -0300] "GET /manager/html HTTP/1.1" 401 2474
13.234.57.114 - - [02/Sep/2022:12:20:12 -0300] "GET /manager/html HTTP/1.1" 401 2474
192.168.10.17 - - [02/Sep/2022:12:21:03 -0300] "GET /cormun/servlet/trsolicitudgral? HTTP/1.1" 200 10656
192.168.10.17 - - [02/Sep/2022:12:21:04 -0300] "GET /cormun/servlet/trsolicitudgral? HTTP/1.1" 200 10649
192.168.10.17 - - [02/Sep/2022:12:21:15 -0300] "POST /cormun/servlet/trsolicitudgral?7cde6a650787996c4dc497b4e4c76b42,,gx-no-cache=1662131044084 HTTP/1.1" 200 5275
192.168.10.17 - - [02/Sep/2022:12:21:17 -0300] "GET /cormun/static/menuarrow.gif HTTP/1.1" 404 1015
192.168.10.17 - - [02/Sep/2022:12:21:22 -0300] "POST /cormun/servlet/trsolicitudgral?7cde6a650787996c4dc497b4e4c76b42,,gx-no-cache=1662131051667 HTTP/1.1" 200 6663
192.168.10.17 - - [02/Sep/2022:12:21:25 -0300] "GET /cormun/servlet/vesolicitudgral?2022,19021,, HTTP/1.1" 200 8345
192.168.10.17 - - [02/Sep/2022:12:21:25 -0300] "GET /cormun/pexe_scrolldiv.js HTTP/1.1" 404 1009
192.168.10.17 - - [02/Sep/2022:12:21:25 -0300] "GET /cormun/servlet/vesolicitudgral?2022,19021,, HTTP/1.1" 200 8344
192.168.10.17 - - [02/Sep/2022:12:21:26 -0300] "POST /cormun/servlet/vesolicitudgral?7cde6a650787996c4dc497b4e4c76b42,2022,19021,,,gx-no-cache=1662131055683 HTTP/1.1" 200 12084
192.168.10.17 - - [02/Sep/2022:12:21:26 -0300] "GET /cormun/static/Shared/jqueryui/images/ui-icons_82798d_256x240.png HTTP/1.1" 404 1089
192.168.10.17 - - [02/Sep/2022:12:21:26 -0300] "GET /cormun/static/Shared/jqueryui/images/ui-bg_highlight-soft_100_c6c2c8_1x100.png HTTP/1.1" 404 1117
192.168.10.17 - - [02/Sep/2022:12:21:26 -0300] "GET /cormun/static/Shared/jqueryui/images/ui-bg_flat_55_fafafa_40x100.png HTTP/1.1" 404 1097
192.168.10.17 - - [02/Sep/2022:12:21:26 -0300] "GET /cormun/static/Shared/jqueryui/images/ui-icons_8d78a5_256x240.png HTTP/1.1" 404 1089
192.168.10.17 - - [02/Sep/2022:12:21:26 -0300] "POST /cormun/servlet/vesolicitudgral?7cde6a650787996c4dc497b4e4c76b42,2022,19021,,,gx-no-cache=1662131055883 HTTP/1.1" 200 12017
