190.171.152.234 - - [31/Aug/2022:13:41:21 -0300] "GET /cormun/servlet/solicitudot?a8f4e47c61274a44a9699e750212b528ebcbd47093431917e8b746be842156b5e26528ecbe3d42bea84313832c630d2f10192f5774934364b19a548bdad092a49f9c3410a3680a4f1a505147bcdd3910af38c78595087386c99da1ddb48b00cd3c1d123287362189f553f21fb54df7939534e836141a48aacb63e5e74bfd56065972d14e2b906c9085b81853bf0b00bc2570266e856894cc91872748981b5e2a8ece8a3f0769168deeef1c0ebb1b5297cc4aaf1d004772d1f15602bc34b1e0ed69a4464d3750723bd5551ee4c63f0e0f44f3c9f13d7cd4de312e1f35a94717c3c35bf9c8c5b2be12514cbf98f3fe3040e0f3be4690ab0cff4e9cfdc80e66b2f9381a50eee3d2569c5065e44e2f76adb7ab6dcda4114d81ed7fb0643c2180e800264a436a7dd7448929ff774e2831826cd3bf7f8d50c7c7b4e539d6a2cee497dd2c18b3c7ce0490cac55a3740546cf814b578fb0bc65b1f0a676bbb86241025394dc26834cc2e809a30ea1bca7f3dbb0a306afca4793070491ed34c516484fe4fd66a068f1994260b9d1015108dc31590,gx-no-cache=1661959690565 HTTP/1.1" 200 30
190.171.152.234 - - [31/Aug/2022:13:41:23 -0300] "POST /cormun/servlet/solicitudot?gx-no-cache=1661959692735 HTTP/1.1" 200 30
190.171.152.234 - - [31/Aug/2022:13:41:29 -0300] "POST /cormun/servlet/solicitudot?gx-no-cache=1661959699193 HTTP/1.1" 200 1466
190.171.152.234 - - [31/Aug/2022:13:41:29 -0300] "POST /cormun/servlet/solicitudot?gx-no-cache=1661959699233 HTTP/1.1" 200 38
190.171.152.234 - - [31/Aug/2022:13:41:44 -0300] "GET /cormun/servlet/solicitudot?a8f4e47c61274a44a9699e750212b528b8ba57becae36bb591410780ceddffc89529d9828164790f9436c2333bf010a2a52846f630fca8b29bfc7c7faa2f9a413d8e2c5b0458fd7331f9c7e0ab26a798a218dd6f8c2380525e6bdbdef702965a45e0859919814d8d3564ce5bcc6b11ec,gx-no-cache=1661959713821 HTTP/1.1" 200 110
190.171.152.234 - - [31/Aug/2022:13:41:51 -0300] "POST /cormun/servlet/solicitudot?gx-no-cache=1661959720969 HTTP/1.1" 200 97
190.171.152.234 - - [31/Aug/2022:13:41:58 -0300] "GET /cormun/servlet/solicitudot?a8f4e47c61274a44a9699e750212b528697eac358abfa2d4366e7efc38f5299b83ea7286ac4ae6c4838c976e30b7c7cde577168b3e25f3221767bd807bcd9ee02033be1e3aef2ac5cfb61e2bd161b509b8d22c0bf77ee8c62bd8b1dd818f9845d40e026ef83dd6a693199f680cf0c9a2,gx-no-cache=1661959728118 HTTP/1.1" 200 29
190.171.152.234 - - [31/Aug/2022:13:41:58 -0300] "GET /cormun/static/menuarrow.gif HTTP/1.1" 404 1015
192.168.10.96 - - [31/Aug/2022:13:42:01 -0300] "GET /cormun/servlet/trsolicitudgral? HTTP/1.1" 200 11993
192.168.10.96 - - [31/Aug/2022:13:42:02 -0300] "GET /cormun/servlet/trsolicitudgral? HTTP/1.1" 200 11992
190.171.152.234 - - [31/Aug/2022:13:42:05 -0300] "GET /cormun/servlet/solicitudot?a8f4e47c61274a44a9699e750212b5281dbf6fd3f5bb3adbad17713a61af908a2c51f3fed9a17757bd80b8da89e8db54,gx-no-cache=1661959734692 HTTP/1.1" 200 30
192.168.10.96 - - [31/Aug/2022:13:42:07 -0300] "POST /cormun/servlet/trsolicitudgral?905a3ca5c60c7d11e9282339bf62a890,,gx-no-cache=1661963096491 HTTP/1.1" 200 5254
192.168.10.96 - - [31/Aug/2022:13:42:21 -0300] "POST /cormun/servlet/trsolicitudgral?905a3ca5c60c7d11e9282339bf62a890,,gx-no-cache=1661963110424 HTTP/1.1" 200 6681
190.171.152.234 - - [31/Aug/2022:13:42:22 -0300] "POST /cormun/servlet/solicitudot?gx-no-cache=1661959752198 HTTP/1.1" 200 30
190.46.150.89 - - [31/Aug/2022:13:42:29 -0300] "GET /cormun/servlet/licenciaspermisos?DSP,26534905,L,20220830000000, HTTP/1.1" 200 7074
190.46.150.89 - - [31/Aug/2022:13:42:29 -0300] "GET /cormun/static/gxcfg.js?202012153173 HTTP/1.1" 200 953
190.46.150.89 - - [31/Aug/2022:13:42:30 -0300] "GET /cormun/static/Resources/prompt.gif HTTP/1.1" 200 902
190.46.150.89 - - [31/Aug/2022:13:42:30 -0300] "GET /cormun/static/licenciaspermisos.js?2020121532136 HTTP/1.1" 200 38824
190.46.150.89 - - [31/Aug/2022:13:42:30 -0300] "GET /cormun/servlet/licenciaspermisos?DSP,26534905,L,20220830000000, HTTP/1.1" 200 7074
192.168.10.96 - - [31/Aug/2022:13:42:34 -0300] "POST /cormun/servlet/trsolicitudgral?905a3ca5c60c7d11e9282339bf62a890,,gx-no-cache=1661963122808 HTTP/1.1" 200 9747
192.168.10.96 - - [31/Aug/2022:13:42:37 -0300] "GET /cormun/servlet/vesolicitudgral?2022,19126,, HTTP/1.1" 200 8406
192.168.10.96 - - [31/Aug/2022:13:42:37 -0300] "GET /cormun/pexe_scrolldiv.js HTTP/1.1" 404 1009
190.46.150.89 - - [31/Aug/2022:13:42:37 -0300] "POST /cormun/servlet/licenciaspermisos?2b75178160ee7e7519215be92a8ba895,DSP,26534905,L,20220830000000,,gx-no-cache=1661963304306 HTTP/1.1" 200 93
190.46.150.89 - - [31/Aug/2022:13:42:37 -0300] "GET /cormun/servlet/hpexe_return? HTTP/1.1" 200 1028
192.168.10.96 - - [31/Aug/2022:13:42:37 -0300] "GET /cormun/servlet/vesolicitudgral?2022,19126,, HTTP/1.1" 200 8406
190.46.150.89 - - [31/Aug/2022:13:42:37 -0300] "GET /cormun/static/gxcfg.js?201991422392976 HTTP/1.1" 200 953
190.46.150.89 - - [31/Aug/2022:13:42:37 -0300] "GET /cormun/static/hpexe_return.js?201991422392984 HTTP/1.1" 200 1633
190.46.150.89 - - [31/Aug/2022:13:42:38 -0300] "GET /cormun/servlet/trlicencias? HTTP/1.1" 200 17279
192.168.10.96 - - [31/Aug/2022:13:42:39 -0300] "GET /cormun/servlet/vesolicitudgral?2022,19126,,SolicitudOTLog HTTP/1.1" 200 9565
192.168.10.96 - - [31/Aug/2022:13:42:39 -0300] "GET /cormun/pexe_scrolldiv.js HTTP/1.1" 404 1009
190.46.150.89 - - [31/Aug/2022:13:42:39 -0300] "GET /cormun/servlet/trlicencias? HTTP/1.1" 200 17274
192.168.10.96 - - [31/Aug/2022:13:42:39 -0300] "GET /cormun/servlet/vesolicitudgral?2022,19126,,SolicitudOTLog HTTP/1.1" 200 9565
192.168.10.96 - - [31/Aug/2022:13:42:40 -0300] "POST /cormun/servlet/acontrolpreferencessavestate?None,RRHH+DANIELA,true HTTP/1.1" 200 35
192.168.10.96 - - [31/Aug/2022:13:42:43 -0300] "GET /cormun/servlet/vesolicitudgral?2022,19126,,General HTTP/1.1" 200 8409
192.168.10.96 - - [31/Aug/2022:13:42:43 -0300] "GET /cormun/pexe_scrolldiv.js HTTP/1.1" 404 1009
192.168.10.96 - - [31/Aug/2022:13:42:43 -0300] "GET /cormun/servlet/vesolicitudgral?2022,19126,,General HTTP/1.1" 200 8409
190.171.152.234 - - [31/Aug/2022:13:42:54 -0300] "POST /cormun/servlet/solicitudot?3853cab8f8ecb2180c1c390b9f1aa0bb,INS,0,0,false,,gx-no-cache=1661959783804 HTTP/1.1" 200 93
190.171.152.234 - - [31/Aug/2022:13:42:54 -0300] "GET /cormun/servlet/hpexe_return? HTTP/1.1" 200 1008
190.171.152.234 - - [31/Aug/2022:13:42:54 -0300] "GET /cormun/static/gxcfg.js?201991422392976 HTTP/1.1" 200 953
190.171.152.234 - - [31/Aug/2022:13:42:54 -0300] "GET /cormun/static/hpexe_return.js?201991422392984 HTTP/1.1" 200 1633
190.171.152.234 - - [31/Aug/2022:13:42:55 -0300] "GET /cormun/servlet/trsolicitudot? HTTP/1.1" 200 8873
190.171.152.234 - - [31/Aug/2022:13:42:55 -0300] "GET /cormun/servlet/trsolicitudot? HTTP/1.1" 200 8870
190.171.152.234 - - [31/Aug/2022:13:43:00 -0300] "POST /cormun/servlet/trsolicitudot?3853cab8f8ecb2180c1c390b9f1aa0bb,,gx-no-cache=1661959790069 HTTP/1.1" 200 106
190.171.152.234 - - [31/Aug/2022:13:43:00 -0300] "GET /cormun/servlet/trsolicitudadjuntos?2022,19132, HTTP/1.1" 200 6380
190.171.152.234 - - [31/Aug/2022:13:43:01 -0300] "GET /cormun/servlet/trsolicitudadjuntos?2022,19132, HTTP/1.1" 200 6380
190.171.152.234 - - [31/Aug/2022:13:43:02 -0300] "GET /cormun/servlet/solicitudotadjuntos?INS,2022,19132,,1, HTTP/1.1" 200 6328
190.171.152.234 - - [31/Aug/2022:13:43:02 -0300] "GET /cormun/static/gxcfg.js?202012157947 HTTP/1.1" 200 953
190.171.152.234 - - [31/Aug/2022:13:43:03 -0300] "GET /cormun/static/solicitudotadjuntos.js?202012157966 HTTP/1.1" 200 11771
190.171.152.234 - - [31/Aug/2022:13:43:03 -0300] "GET /cormun/static/about:blank HTTP/1.1" 404 1011
190.171.152.234 - - [31/Aug/2022:13:43:03 -0300] "GET /cormun/servlet/solicitudotadjuntos?INS,2022,19132,,1, HTTP/1.1" 200 6322
190.171.152.234 - - [31/Aug/2022:13:43:03 -0300] "GET /cormun/servlet/solicitudotadjuntos?a8f4e47c61274a44a9699e750212b5282c8de31f90ab9a79f224adc4731fd5f430cd632d27ed416a705234b1e789287c,gx-no-cache=1661959793223 HTTP/1.1" 200 30
190.171.152.234 - - [31/Aug/2022:13:43:03 -0300] "POST /cormun/servlet/solicitudotadjuntos?3853cab8f8ecb2180c1c390b9f1aa0bb,INS,2022,19132,,1,,gx-no-cache=1661959793245 HTTP/1.1" 200 4162
190.171.152.234 - - [31/Aug/2022:13:43:06 -0300] "POST /cormun/servlet/solicitudotadjuntos?gx-no-cache=1661959795797 HTTP/1.1" 200 26
190.171.152.234 - - [31/Aug/2022:13:43:19 -0300] "GET /cormun/servlet/solicitudotadjuntos?a8f4e47c61274a44a9699e750212b5280c8a5e000065f507e1f945203752db44,gx-no-cache=1661959809158 HTTP/1.1" 200 30
190.171.152.234 - - [31/Aug/2022:13:43:19 -0300] "GET /cormun/servlet/solicitudotadjuntos?a8f4e47c61274a44a9699e750212b5280c8a5e000065f507e1f945203752db44,gx-no-cache=1661959809171 HTTP/1.1" 200 30
190.171.152.234 - - [31/Aug/2022:13:43:19 -0300] "POST /cormun/servlet/solicitudotadjuntos?3853cab8f8ecb2180c1c390b9f1aa0bb,INS,2022,19132,,1, HTTP/1.1" 200 116
190.171.152.234 - - [31/Aug/2022:13:43:19 -0300] "GET /cormun/servlet/hpexe_return? HTTP/1.1" 200 1025
192.168.10.17 - - [31/Aug/2022:13:43:19 -0300] "GET /cormun/servlet/vesolicitudgral?2022,18975,, HTTP/1.1" 200 8267
192.168.10.17 - - [31/Aug/2022:13:43:20 -0300] "GET /cormun/pexe_scrolldiv.js HTTP/1.1" 404 1009
190.171.152.234 - - [31/Aug/2022:13:43:20 -0300] "GET /cormun/servlet/trsolicitudadjuntos?2022,19132, HTTP/1.1" 200 9155
192.168.10.17 - - [31/Aug/2022:13:43:20 -0300] "GET /cormun/servlet/vesolicitudgral?2022,18975,, HTTP/1.1" 200 8266
190.171.152.234 - - [31/Aug/2022:13:43:20 -0300] "GET /cormun/servlet/trsolicitudadjuntos?2022,19132, HTTP/1.1" 200 9152
190.171.152.234 - - [31/Aug/2022:13:43:22 -0300] "GET /cormun/servlet/solicitudotadjuntos?INS,2022,19132,,1, HTTP/1.1" 200 6329
190.171.152.234 - - [31/Aug/2022:13:43:22 -0300] "GET /cormun/static/about:blank HTTP/1.1" 404 1011
190.171.152.234 - - [31/Aug/2022:13:43:22 -0300] "GET /cormun/servlet/solicitudotadjuntos?INS,2022,19132,,1, HTTP/1.1" 200 6322
190.171.152.234 - - [31/Aug/2022:13:43:23 -0300] "GET /cormun/servlet/solicitudotadjuntos?a8f4e47c61274a44a9699e750212b5282c8de31f90ab9a79f224adc4731fd5f430cd632d27ed416a705234b1e789287c,gx-no-cache=1661959812494 HTTP/1.1" 200 30
190.171.152.234 - - [31/Aug/2022:13:43:23 -0300] "POST /cormun/servlet/solicitudotadjuntos?3853cab8f8ecb2180c1c390b9f1aa0bb,INS,2022,19132,,1,,gx-no-cache=1661959812516 HTTP/1.1" 200 4162
192.168.10.17 - - [31/Aug/2022:13:43:25 -0300] "POST /cormun/servlet/vesolicitudgral?753055c8b2d13c7870b3a2429a4f82cd,2022,18975,,,gx-no-cache=1661963173828 HTTP/1.1" 200 11915
190.171.152.234 - - [31/Aug/2022:13:43:28 -0300] "POST /cormun/servlet/solicitudotadjuntos?gx-no-cache=1661959817464 HTTP/1.1" 200 26
192.168.10.17 - - [31/Aug/2022:13:43:31 -0300] "GET /cormun/servlet/trsolicitudgral? HTTP/1.1" 200 10496
192.168.10.17 - - [31/Aug/2022:13:43:31 -0300] "GET /cormun/servlet/trsolicitudgral? HTTP/1.1" 200 10495
190.171.152.234 - - [31/Aug/2022:13:43:32 -0300] "GET /cormun/servlet/solicitudotadjuntos?a8f4e47c61274a44a9699e750212b5280c8a5e000065f507e1f945203752db44,gx-no-cache=1661959822229 HTTP/1.1" 200 30
190.171.152.234 - - [31/Aug/2022:13:43:32 -0300] "GET /cormun/servlet/solicitudotadjuntos?a8f4e47c61274a44a9699e750212b5280c8a5e000065f507e1f945203752db44,gx-no-cache=1661959822250 HTTP/1.1" 200 30
190.171.152.234 - - [31/Aug/2022:13:43:33 -0300] "POST /cormun/servlet/solicitudotadjuntos?3853cab8f8ecb2180c1c390b9f1aa0bb,INS,2022,19132,,1, HTTP/1.1" 200 116
190.171.152.234 - - [31/Aug/2022:13:43:33 -0300] "GET /cormun/servlet/hpexe_return? HTTP/1.1" 200 1025
190.171.152.234 - - [31/Aug/2022:13:43:33 -0300] "GET /cormun/servlet/trsolicitudadjuntos?2022,19132, HTTP/1.1" 200 9371
190.171.152.234 - - [31/Aug/2022:13:43:33 -0300] "GET /cormun/servlet/trsolicitudadjuntos?2022,19132, HTTP/1.1" 200 9372
190.171.152.234 - - [31/Aug/2022:13:43:35 -0300] "GET /cormun/servlet/solicitudotadjuntos?INS,2022,19132,,1, HTTP/1.1" 200 6329
190.171.152.234 - - [31/Aug/2022:13:43:36 -0300] "GET /cormun/static/about:blank HTTP/1.1" 404 1011
190.171.152.234 - - [31/Aug/2022:13:43:36 -0300] "GET /cormun/servlet/solicitudotadjuntos?INS,2022,19132,,1, HTTP/1.1" 200 6322
190.171.152.234 - - [31/Aug/2022:13:43:36 -0300] "GET /cormun/servlet/solicitudotadjuntos?a8f4e47c61274a44a9699e750212b5282c8de31f90ab9a79f224adc4731fd5f430cd632d27ed416a705234b1e789287c,gx-no-cache=1661959826023 HTTP/1.1" 200 30
190.171.152.234 - - [31/Aug/2022:13:43:36 -0300] "POST /cormun/servlet/solicitudotadjuntos?3853cab8f8ecb2180c1c390b9f1aa0bb,INS,2022,19132,,1,,gx-no-cache=1661959826042 HTTP/1.1" 200 4162
190.171.152.234 - - [31/Aug/2022:13:43:41 -0300] "POST /cormun/servlet/solicitudotadjuntos?gx-no-cache=1661959831311 HTTP/1.1" 200 26
192.168.10.17 - - [31/Aug/2022:13:43:46 -0300] "POST /cormun/servlet/trsolicitudgral?753055c8b2d13c7870b3a2429a4f82cd,,gx-no-cache=1661963195292 HTTP/1.1" 200 5266
106.248.143.195 - - [31/Aug/2022:13:43:53 -0300] "GET / HTTP/1.1" 200 11217
192.168.10.17 - - [31/Aug/2022:13:43:54 -0300] "POST /cormun/servlet/trsolicitudgral?753055c8b2d13c7870b3a2429a4f82cd,,gx-no-cache=1661963203360 HTTP/1.1" 200 5265
192.168.10.17 - - [31/Aug/2022:13:43:59 -0300] "POST /cormun/servlet/trsolicitudgral?753055c8b2d13c7870b3a2429a4f82cd,,gx-no-cache=1661963208402 HTTP/1.1" 200 5264
190.171.152.234 - - [31/Aug/2022:13:44:04 -0300] "GET /cormun/servlet/solicitudotadjuntos?a8f4e47c61274a44a9699e750212b5280c8a5e000065f507e1f945203752db44,gx-no-cache=1661959853863 HTTP/1.1" 200 30
190.171.152.234 - - [31/Aug/2022:13:44:04 -0300] "GET /cormun/servlet/solicitudotadjuntos?a8f4e47c61274a44a9699e750212b5280c8a5e000065f507e1f945203752db44,gx-no-cache=1661959853882 HTTP/1.1" 200 30
190.171.152.234 - - [31/Aug/2022:13:44:04 -0300] "POST /cormun/servlet/solicitudotadjuntos?3853cab8f8ecb2180c1c390b9f1aa0bb,INS,2022,19132,,1, HTTP/1.1" 200 116
190.171.152.234 - - [31/Aug/2022:13:44:04 -0300] "GET /cormun/servlet/hpexe_return? HTTP/1.1" 200 1025
190.171.152.234 - - [31/Aug/2022:13:44:04 -0300] "GET /cormun/servlet/trsolicitudadjuntos?2022,19132, HTTP/1.1" 200 9611
190.171.152.234 - - [31/Aug/2022:13:44:05 -0300] "GET /cormun/servlet/trsolicitudadjuntos?2022,19132, HTTP/1.1" 200 9608
192.168.10.17 - - [31/Aug/2022:13:44:05 -0300] "POST /cormun/servlet/trsolicitudgral?753055c8b2d13c7870b3a2429a4f82cd,,gx-no-cache=1661963214594 HTTP/1.1" 200 7482
192.168.10.17 - - [31/Aug/2022:13:44:08 -0300] "GET /cormun/servlet/vesolicitudgral?2022,18974,, HTTP/1.1" 200 8277
192.168.10.17 - - [31/Aug/2022:13:44:08 -0300] "GET /cormun/pexe_scrolldiv.js HTTP/1.1" 404 1009
192.168.10.17 - - [31/Aug/2022:13:44:08 -0300] "GET /cormun/servlet/vesolicitudgral?2022,18974,, HTTP/1.1" 200 8277
190.171.152.234 - - [31/Aug/2022:13:44:08 -0300] "GET /cormun/servlet/solicitudotadjuntos?INS,2022,19132,,1, HTTP/1.1" 200 6329
190.171.152.234 - - [31/Aug/2022:13:44:08 -0300] "GET /cormun/static/about:blank HTTP/1.1" 404 1011
190.171.152.234 - - [31/Aug/2022:13:44:08 -0300] "GET /cormun/servlet/solicitudotadjuntos?INS,2022,19132,,1, HTTP/1.1" 200 6322
190.171.152.234 - - [31/Aug/2022:13:44:09 -0300] "GET /cormun/servlet/solicitudotadjuntos?a8f4e47c61274a44a9699e750212b5282c8de31f90ab9a79f224adc4731fd5f430cd632d27ed416a705234b1e789287c,gx-no-cache=1661959858817 HTTP/1.1" 200 30
190.171.152.234 - - [31/Aug/2022:13:44:09 -0300] "POST /cormun/servlet/solicitudotadjuntos?3853cab8f8ecb2180c1c390b9f1aa0bb,INS,2022,19132,,1,,gx-no-cache=1661959858836 HTTP/1.1" 200 4162
192.168.10.17 - - [31/Aug/2022:13:44:10 -0300] "GET /cormun/servlet/vesolicitudgral?2022,18974,,SolicitudOTLog HTTP/1.1" 200 9286
192.168.10.17 - - [31/Aug/2022:13:44:10 -0300] "GET /cormun/pexe_scrolldiv.js HTTP/1.1" 404 1009
192.168.10.17 - - [31/Aug/2022:13:44:11 -0300] "GET /cormun/servlet/vesolicitudgral?2022,18974,,SolicitudOTLog HTTP/1.1" 200 9287
192.168.10.17 - - [31/Aug/2022:13:44:12 -0300] "POST /cormun/servlet/acontrolpreferencessavestate?None,RRHH+DANIELA,true HTTP/1.1" 200 35
190.171.152.234 - - [31/Aug/2022:13:44:12 -0300] "POST /cormun/servlet/solicitudotadjuntos?gx-no-cache=1661959862406 HTTP/1.1" 200 26
192.168.10.17 - - [31/Aug/2022:13:44:18 -0300] "GET /cormun/servlet/trautorizarot? HTTP/1.1" 200 8154
192.168.10.17 - - [31/Aug/2022:13:44:18 -0300] "GET /cormun/servlet/trautorizarot? HTTP/1.1" 200 8136
190.171.152.234 - - [31/Aug/2022:13:44:21 -0300] "GET /cormun/servlet/solicitudotadjuntos?a8f4e47c61274a44a9699e750212b5280c8a5e000065f507e1f945203752db44,gx-no-cache=1661959870870 HTTP/1.1" 200 30
190.171.152.234 - - [31/Aug/2022:13:44:21 -0300] "GET /cormun/servlet/solicitudotadjuntos?a8f4e47c61274a44a9699e750212b5280c8a5e000065f507e1f945203752db44,gx-no-cache=1661959870885 HTTP/1.1" 200 30
190.171.152.234 - - [31/Aug/2022:13:44:21 -0300] "POST /cormun/servlet/solicitudotadjuntos?3853cab8f8ecb2180c1c390b9f1aa0bb,INS,2022,19132,,1, HTTP/1.1" 200 6752
190.171.152.234 - - [31/Aug/2022:13:44:21 -0300] "GET /home/sistema/apache-tomcat-7.0.65/webapps/cormun/PrivateTempStorage/upload_00000456.pdf HTTP/1.1" 404 1135
190.171.152.234 - - [31/Aug/2022:13:44:21 -0300] "GET /cormun/static/Shared/jqueryui/images/ui-bg_highlight-soft_100_c6c2c8_1x100.png HTTP/1.1" 404 1117
190.171.152.234 - - [31/Aug/2022:13:44:21 -0300] "GET /cormun/static/Shared/jqueryui/images/ui-icons_82798d_256x240.png HTTP/1.1" 404 1089
190.171.152.234 - - [31/Aug/2022:13:44:21 -0300] "GET /cormun/static/Shared/jqueryui/images/ui-bg_flat_55_994d53_40x100.png HTTP/1.1" 404 1097
190.171.152.234 - - [31/Aug/2022:13:44:21 -0300] "GET /cormun/static/Shared/jqueryui/images/ui-icons_ebccce_256x240.png HTTP/1.1" 404 1089
190.171.152.234 - - [31/Aug/2022:13:44:21 -0300] "GET /cormun/PrivateTempStorage/upload_00000456.pdf HTTP/1.1" 200 102462
192.168.10.17 - - [31/Aug/2022:13:44:24 -0300] "GET /cormun/static/menuarrow.gif HTTP/1.1" 404 1015
192.168.10.17 - - [31/Aug/2022:13:44:28 -0300] "POST /cormun/servlet/trautorizarot?753055c8b2d13c7870b3a2429a4f82cd,,gx-no-cache=1661963237781 HTTP/1.1" 200 6885
192.168.10.17 - - [31/Aug/2022:13:44:32 -0300] "POST /cormun/servlet/trautorizarot?753055c8b2d13c7870b3a2429a4f82cd,,gx-no-cache=1661963241732 HTTP/1.1" 200 5364
190.171.152.234 - - [31/Aug/2022:13:44:34 -0300] "POST /cormun/servlet/solicitudotadjuntos?gx-no-cache=1661959883973 HTTP/1.1" 200 26
192.168.10.17 - - [31/Aug/2022:13:44:39 -0300] "POST /cormun/servlet/trautorizarot?753055c8b2d13c7870b3a2429a4f82cd,,gx-no-cache=1661963248019 HTTP/1.1" 200 5183
192.168.10.17 - - [31/Aug/2022:13:44:49 -0300] "GET /cormun/servlet/trsolicitudgral? HTTP/1.1" 200 10495
192.168.10.17 - - [31/Aug/2022:13:44:49 -0300] "GET /cormun/servlet/trsolicitudgral? HTTP/1.1" 200 10494
190.171.152.234 - - [31/Aug/2022:13:44:50 -0300] "GET /cormun/servlet/solicitudotadjuntos?a8f4e47c61274a44a9699e750212b5282fa687398815a2a0d02340e6e70e39cfd66a068f1994260b9d1015108dc31590,gx-no-cache=1661959899660 HTTP/1.1" 200 30
190.171.152.234 - - [31/Aug/2022:13:44:50 -0300] "GET /cormun/servlet/solicitudotadjuntos?a8f4e47c61274a44a9699e750212b528cc3bbb9b9971e73cb0df5f3df2d130ccd66a068f1994260b9d1015108dc31590,gx-no-cache=1661959899676 HTTP/1.1" 200 30
190.171.152.234 - - [31/Aug/2022:13:44:50 -0300] "POST /cormun/servlet/solicitudotadjuntos?3853cab8f8ecb2180c1c390b9f1aa0bb,INS,2022,19132,,1, HTTP/1.1" 200 116
190.171.152.234 - - [31/Aug/2022:13:44:50 -0300] "GET /cormun/servlet/hpexe_return? HTTP/1.1" 200 1025
190.171.152.234 - - [31/Aug/2022:13:44:50 -0300] "GET /cormun/servlet/trsolicitudadjuntos?2022,19132, HTTP/1.1" 200 9830
190.171.152.234 - - [31/Aug/2022:13:44:51 -0300] "GET /cormun/servlet/trsolicitudadjuntos?2022,19132, HTTP/1.1" 200 9828
190.171.152.234 - - [31/Aug/2022:13:44:55 -0300] "GET /cormun/servlet/solicitudotadjuntos?INS,2022,19132,,1, HTTP/1.1" 200 6329
190.171.152.234 - - [31/Aug/2022:13:44:55 -0300] "GET /cormun/static/about:blank HTTP/1.1" 404 1011
190.171.152.234 - - [31/Aug/2022:13:44:55 -0300] "GET /cormun/servlet/solicitudotadjuntos?INS,2022,19132,,1, HTTP/1.1" 200 6322
190.171.152.234 - - [31/Aug/2022:13:44:56 -0300] "GET /cormun/servlet/solicitudotadjuntos?a8f4e47c61274a44a9699e750212b5282c8de31f90ab9a79f224adc4731fd5f430cd632d27ed416a705234b1e789287c,gx-no-cache=1661959905657 HTTP/1.1" 200 30
190.171.152.234 - - [31/Aug/2022:13:44:56 -0300] "POST /cormun/servlet/solicitudotadjuntos?3853cab8f8ecb2180c1c390b9f1aa0bb,INS,2022,19132,,1,,gx-no-cache=1661959905675 HTTP/1.1" 200 4159
192.168.10.17 - - [31/Aug/2022:13:44:56 -0300] "GET /cormun/servlet/vesolicitudgral?2022,19055,, HTTP/1.1" 200 8273
192.168.10.17 - - [31/Aug/2022:13:44:56 -0300] "GET /cormun/pexe_scrolldiv.js HTTP/1.1" 404 1009
192.168.10.17 - - [31/Aug/2022:13:44:56 -0300] "GET /cormun/servlet/vesolicitudgral?2022,19055,, HTTP/1.1" 200 8273
192.168.10.17 - - [31/Aug/2022:13:45:00 -0300] "GET /cormun/servlet/vesolicitudgral?2022,19055,,SolicitudOTLog HTTP/1.1" 200 9719
192.168.10.17 - - [31/Aug/2022:13:45:01 -0300] "GET /cormun/pexe_scrolldiv.js HTTP/1.1" 404 1009
192.168.10.17 - - [31/Aug/2022:13:45:01 -0300] "GET /cormun/servlet/vesolicitudgral?2022,19055,,SolicitudOTLog HTTP/1.1" 200 9721
192.168.10.17 - - [31/Aug/2022:13:45:02 -0300] "POST /cormun/servlet/acontrolpreferencessavestate?None,RRHH+DANIELA,true HTTP/1.1" 200 35
190.171.152.234 - - [31/Aug/2022:13:45:04 -0300] "POST /cormun/servlet/solicitudotadjuntos?gx-no-cache=1661959914392 HTTP/1.1" 200 26
192.168.10.17 - - [31/Aug/2022:13:45:06 -0300] "GET /cormun/servlet/trsolicitudgral? HTTP/1.1" 200 10501
192.168.10.17 - - [31/Aug/2022:13:45:06 -0300] "GET /cormun/servlet/trsolicitudgral? HTTP/1.1" 200 10494
190.171.152.234 - - [31/Aug/2022:13:45:13 -0300] "GET /cormun/servlet/solicitudotadjuntos?a8f4e47c61274a44a9699e750212b5280c8a5e000065f507e1f945203752db44,gx-no-cache=1661959922622 HTTP/1.1" 200 30
190.171.152.234 - - [31/Aug/2022:13:45:13 -0300] "GET /cormun/servlet/solicitudotadjuntos?a8f4e47c61274a44a9699e750212b5280c8a5e000065f507e1f945203752db44,gx-no-cache=1661959922635 HTTP/1.1" 200 30
190.171.152.234 - - [31/Aug/2022:13:45:13 -0300] "POST /cormun/servlet/solicitudotadjuntos?3853cab8f8ecb2180c1c390b9f1aa0bb,INS,2022,19132,,1, HTTP/1.1" 200 116
190.171.152.234 - - [31/Aug/2022:13:45:13 -0300] "GET /cormun/servlet/hpexe_return? HTTP/1.1" 200 1025
190.171.152.234 - - [31/Aug/2022:13:45:13 -0300] "GET /cormun/servlet/trsolicitudadjuntos?2022,19132, HTTP/1.1" 200 10155
190.171.152.234 - - [31/Aug/2022:13:45:14 -0300] "GET /cormun/servlet/trsolicitudadjuntos?2022,19132, HTTP/1.1" 200 10153
190.171.152.234 - - [31/Aug/2022:13:47:22 -0300] "GET /cormun/servlet/solicitudotadjuntos?INS,2022,19132,,1, HTTP/1.1" 200 6329
190.171.152.234 - - [31/Aug/2022:13:47:22 -0300] "GET /cormun/static/about:blank HTTP/1.1" 404 1011
190.171.152.234 - - [31/Aug/2022:13:47:22 -0300] "GET /cormun/servlet/solicitudotadjuntos?INS,2022,19132,,1, HTTP/1.1" 200 6322
190.171.152.234 - - [31/Aug/2022:13:47:22 -0300] "GET /cormun/servlet/solicitudotadjuntos?a8f4e47c61274a44a9699e750212b5282c8de31f90ab9a79f224adc4731fd5f430cd632d27ed416a705234b1e789287c,gx-no-cache=1661960052285 HTTP/1.1" 200 30
190.171.152.234 - - [31/Aug/2022:13:47:22 -0300] "POST /cormun/servlet/solicitudotadjuntos?3853cab8f8ecb2180c1c390b9f1aa0bb,INS,2022,19132,,1,,gx-no-cache=1661960052302 HTTP/1.1" 200 4161
190.171.152.234 - - [31/Aug/2022:13:47:25 -0300] "POST /cormun/servlet/solicitudotadjuntos?gx-no-cache=1661960054950 HTTP/1.1" 200 26
190.171.152.234 - - [31/Aug/2022:13:47:30 -0300] "GET /cormun/servlet/solicitudotadjuntos?a8f4e47c61274a44a9699e750212b5280c8a5e000065f507e1f945203752db44,gx-no-cache=1661960060084 HTTP/1.1" 200 30
190.171.152.234 - - [31/Aug/2022:13:47:30 -0300] "GET /cormun/servlet/solicitudotadjuntos?a8f4e47c61274a44a9699e750212b5280c8a5e000065f507e1f945203752db44,gx-no-cache=1661960060097 HTTP/1.1" 200 30
190.171.152.234 - - [31/Aug/2022:13:47:30 -0300] "POST /cormun/servlet/solicitudotadjuntos?3853cab8f8ecb2180c1c390b9f1aa0bb,INS,2022,19132,,1, HTTP/1.1" 200 116
190.171.152.234 - - [31/Aug/2022:13:47:30 -0300] "GET /cormun/servlet/hpexe_return? HTTP/1.1" 200 1025
190.171.152.234 - - [31/Aug/2022:13:47:31 -0300] "GET /cormun/servlet/trsolicitudadjuntos?2022,19132, HTTP/1.1" 200 10426
190.171.152.234 - - [31/Aug/2022:13:47:31 -0300] "GET /cormun/servlet/trsolicitudadjuntos?2022,19132, HTTP/1.1" 200 10423
190.171.152.234 - - [31/Aug/2022:13:47:38 -0300] "GET /cormun/servlet/trsolicitudot? HTTP/1.1" 200 8877
190.171.152.234 - - [31/Aug/2022:13:47:39 -0300] "GET /cormun/servlet/trsolicitudot? HTTP/1.1" 200 8870
190.171.152.234 - - [31/Aug/2022:13:47:42 -0300] "POST /cormun/servlet/trsolicitudot?3853cab8f8ecb2180c1c390b9f1aa0bb,,gx-no-cache=1661960072416 HTTP/1.1" 200 106
190.171.152.234 - - [31/Aug/2022:13:47:43 -0300] "GET /cormun/servlet/trsolicitudadjuntos?2022,19132, HTTP/1.1" 200 10418
190.171.152.234 - - [31/Aug/2022:13:47:43 -0300] "GET /cormun/servlet/trsolicitudadjuntos?2022,19132, HTTP/1.1" 200 10421
190.171.152.234 - - [31/Aug/2022:13:47:45 -0300] "GET /cormun/servlet/trsolicitudot? HTTP/1.1" 200 8877
190.171.152.234 - - [31/Aug/2022:13:47:46 -0300] "GET /cormun/servlet/trsolicitudot? HTTP/1.1" 200 8870
190.171.152.234 - - [31/Aug/2022:13:47:52 -0300] "POST /cormun/servlet/trsolicitudot?3853cab8f8ecb2180c1c390b9f1aa0bb,,gx-no-cache=1661960082279 HTTP/1.1" 200 6064
190.171.152.234 - - [31/Aug/2022:13:47:52 -0300] "GET /cormun/static/Shared/jqueryui/images/ui-icons_82798d_256x240.png HTTP/1.1" 404 1089
190.171.152.234 - - [31/Aug/2022:13:47:52 -0300] "GET /cormun/static/Shared/jqueryui/images/ui-bg_highlight-soft_100_c6c2c8_1x100.png HTTP/1.1" 404 1117
190.171.152.234 - - [31/Aug/2022:13:47:52 -0300] "GET /cormun/static/Shared/jqueryui/images/ui-bg_flat_55_fafafa_40x100.png HTTP/1.1" 404 1097
190.171.152.234 - - [31/Aug/2022:13:47:52 -0300] "GET /cormun/static/Shared/jqueryui/images/ui-icons_8d78a5_256x240.png HTTP/1.1" 404 1089
190.171.152.234 - - [31/Aug/2022:13:47:53 -0300] "POST /cormun/servlet/trsolicitudot?3853cab8f8ecb2180c1c390b9f1aa0bb,,gx-no-cache=1661960082483 HTTP/1.1" 200 6007
190.171.152.234 - - [31/Aug/2022:13:48:01 -0300] "GET /cormun/servlet/trautorizarsolicitud? HTTP/1.1" 200 8767
190.171.152.234 - - [31/Aug/2022:13:48:01 -0300] "GET /cormun/static/gxcfg.js?201991422414522 HTTP/1.1" 200 953
190.171.152.234 - - [31/Aug/2022:13:48:01 -0300] "GET /cormun/static/trautorizarsolicitud.js?201991422415463 HTTP/1.1" 200 53910
190.171.152.234 - - [31/Aug/2022:13:48:01 -0300] "GET /cormun/servlet/trautorizarsolicitud? HTTP/1.1" 200 8767
190.171.152.234 - - [31/Aug/2022:13:48:04 -0300] "POST /cormun/servlet/trautorizarsolicitud?3853cab8f8ecb2180c1c390b9f1aa0bb,,gx-no-cache=1661960094328 HTTP/1.1" 200 4792
190.171.152.234 - - [31/Aug/2022:13:48:05 -0300] "GET /cormun/static/Shared/jqueryui/images/ui-bg_highlight-soft_100_c6c2c8_1x100.png HTTP/1.1" 404 1117
190.171.152.234 - - [31/Aug/2022:13:48:05 -0300] "GET /cormun/static/Shared/jqueryui/images/ui-icons_82798d_256x240.png HTTP/1.1" 404 1089
190.171.152.234 - - [31/Aug/2022:13:48:05 -0300] "GET /cormun/static/Shared/jqueryui/images/ui-bg_flat_55_fafafa_40x100.png HTTP/1.1" 404 1097
190.171.152.234 - - [31/Aug/2022:13:48:05 -0300] "GET /cormun/static/Shared/jqueryui/images/ui-icons_8d78a5_256x240.png HTTP/1.1" 404 1089
190.171.152.234 - - [31/Aug/2022:13:48:05 -0300] "POST /cormun/servlet/trautorizarsolicitud?3853cab8f8ecb2180c1c390b9f1aa0bb,,gx-no-cache=1661960094505 HTTP/1.1" 200 4553
190.171.152.234 - - [31/Aug/2022:13:48:30 -0300] "POST /cormun/servlet/trautorizarsolicitud?3853cab8f8ecb2180c1c390b9f1aa0bb,,gx-no-cache=1661960119749 HTTP/1.1" 200 4583
190.171.152.234 - - [31/Aug/2022:13:48:31 -0300] "POST /cormun/servlet/trautorizarsolicitud?3853cab8f8ecb2180c1c390b9f1aa0bb,,gx-no-cache=1661960120757 HTTP/1.1" 200 4583
190.171.152.234 - - [31/Aug/2022:13:48:38 -0300] "POST /cormun/servlet/trautorizarsolicitud?3853cab8f8ecb2180c1c390b9f1aa0bb,,gx-no-cache=1661960128343 HTTP/1.1" 200 4584
190.171.152.234 - - [31/Aug/2022:13:48:39 -0300] "POST /cormun/servlet/trautorizarsolicitud?3853cab8f8ecb2180c1c390b9f1aa0bb,,gx-no-cache=1661960129197 HTTP/1.1" 200 4583
190.171.152.234 - - [31/Aug/2022:13:48:47 -0300] "POST /cormun/servlet/trautorizarsolicitud?3853cab8f8ecb2180c1c390b9f1aa0bb,,gx-no-cache=1661960136398 HTTP/1.1" 200 4586
190.171.152.234 - - [31/Aug/2022:13:48:47 -0300] "POST /cormun/servlet/trautorizarsolicitud?3853cab8f8ecb2180c1c390b9f1aa0bb,,gx-no-cache=1661960137301 HTTP/1.1" 200 4584
192.168.10.96 - - [31/Aug/2022:13:52:33 -0300] "GET /cormun/servlet/trsolicitudgral? HTTP/1.1" 200 12757
192.168.10.96 - - [31/Aug/2022:13:52:33 -0300] "GET /cormun/servlet/trsolicitudgral? HTTP/1.1" 200 12755
192.168.10.96 - - [31/Aug/2022:13:52:44 -0300] "POST /cormun/servlet/trsolicitudgral?905a3ca5c60c7d11e9282339bf62a890,,gx-no-cache=1661963733434 HTTP/1.1" 200 12912
192.168.10.96 - - [31/Aug/2022:13:52:51 -0300] "GET /cormun/servlet/vesolicitudgral?2022,19063,, HTTP/1.1" 200 8383
192.168.10.96 - - [31/Aug/2022:13:52:51 -0300] "GET /cormun/pexe_scrolldiv.js HTTP/1.1" 404 1009
192.168.10.96 - - [31/Aug/2022:13:52:52 -0300] "GET /cormun/servlet/vesolicitudgral?2022,19063,, HTTP/1.1" 200 8383
192.168.10.17 - - [31/Aug/2022:13:56:08 -0300] "POST /cormun/servlet/trsolicitudgral?753055c8b2d13c7870b3a2429a4f82cd,,gx-no-cache=1661963937595 HTTP/1.1" 200 6665
192.168.10.17 - - [31/Aug/2022:13:56:10 -0300] "GET /cormun/servlet/vesolicitudgral?2022,19050,, HTTP/1.1" 200 8257
192.168.10.17 - - [31/Aug/2022:13:56:10 -0300] "GET /cormun/pexe_scrolldiv.js HTTP/1.1" 404 1009
192.168.10.17 - - [31/Aug/2022:13:56:10 -0300] "GET /cormun/servlet/vesolicitudgral?2022,19050,, HTTP/1.1" 200 8256
192.168.10.17 - - [31/Aug/2022:13:56:11 -0300] "POST /cormun/servlet/vesolicitudgral?753055c8b2d13c7870b3a2429a4f82cd,2022,19050,,,gx-no-cache=1661963940755 HTTP/1.1" 200 11912
192.168.10.17 - - [31/Aug/2022:13:56:15 -0300] "GET /cormun/servlet/trsolicitudgral? HTTP/1.1" 200 9678
192.168.10.17 - - [31/Aug/2022:13:56:15 -0300] "GET /cormun/servlet/trsolicitudgral? HTTP/1.1" 200 9677
192.168.10.17 - - [31/Aug/2022:13:56:21 -0300] "POST /cormun/servlet/trsolicitudgral?753055c8b2d13c7870b3a2429a4f82cd,,gx-no-cache=1661963950812 HTTP/1.1" 200 6656
192.168.10.17 - - [31/Aug/2022:13:56:27 -0300] "POST /cormun/servlet/trsolicitudgral?753055c8b2d13c7870b3a2429a4f82cd,,gx-no-cache=1661963956738 HTTP/1.1" 200 5267
192.168.10.17 - - [31/Aug/2022:13:56:32 -0300] "GET /cormun/servlet/trautorizarot? HTTP/1.1" 200 8132
192.168.10.17 - - [31/Aug/2022:13:56:32 -0300] "GET /cormun/servlet/trautorizarot? HTTP/1.1" 200 8132
192.168.10.17 - - [31/Aug/2022:13:56:39 -0300] "GET /cormun/servlet/trsolicitudgral? HTTP/1.1" 200 8290
192.168.10.17 - - [31/Aug/2022:13:56:40 -0300] "GET /cormun/servlet/trsolicitudgral? HTTP/1.1" 200 8289
192.168.10.17 - - [31/Aug/2022:13:56:44 -0300] "POST /cormun/servlet/trsolicitudgral?753055c8b2d13c7870b3a2429a4f82cd,,gx-no-cache=1661963973658 HTTP/1.1" 200 6656
192.168.10.17 - - [31/Aug/2022:13:56:47 -0300] "GET /cormun/servlet/vesolicitudgral?2022,19050,, HTTP/1.1" 200 8257
192.168.10.17 - - [31/Aug/2022:13:56:47 -0300] "GET /cormun/pexe_scrolldiv.js HTTP/1.1" 404 1009
192.168.10.17 - - [31/Aug/2022:13:56:48 -0300] "GET /cormun/servlet/vesolicitudgral?2022,19050,, HTTP/1.1" 200 8256
192.168.10.17 - - [31/Aug/2022:13:56:49 -0300] "GET /cormun/servlet/vesolicitudgral?2022,19050,,SolicitudOTLog HTTP/1.1" 200 9468
192.168.10.17 - - [31/Aug/2022:13:56:49 -0300] "GET /cormun/pexe_scrolldiv.js HTTP/1.1" 404 1009
192.168.10.17 - - [31/Aug/2022:13:56:49 -0300] "GET /cormun/servlet/vesolicitudgral?2022,19050,,SolicitudOTLog HTTP/1.1" 200 9468
192.168.10.17 - - [31/Aug/2022:13:56:50 -0300] "POST /cormun/servlet/acontrolpreferencessavestate?None,RRHH+DANIELA,true HTTP/1.1" 200 35
192.168.10.17 - - [31/Aug/2022:13:56:58 -0300] "GET /cormun/servlet/vesolicitudgral?2022,19050,,SolicitudOTAdjuntos HTTP/1.1" 200 10641
192.168.10.17 - - [31/Aug/2022:13:56:58 -0300] "GET /cormun/pexe_scrolldiv.js HTTP/1.1" 404 1009
192.168.10.17 - - [31/Aug/2022:13:56:59 -0300] "GET /cormun/servlet/vesolicitudgral?2022,19050,,SolicitudOTAdjuntos HTTP/1.1" 200 10639
192.168.10.17 - - [31/Aug/2022:13:56:59 -0300] "POST /cormun/servlet/acontrolpreferencessavestate?None,RRHH+DANIELA,true HTTP/1.1" 200 35
192.168.10.17 - - [31/Aug/2022:13:57:00 -0300] "GET /cormun/servlet/vesolicitudgral?2022,19050,,General HTTP/1.1" 200 8261
192.168.10.17 - - [31/Aug/2022:13:57:00 -0300] "GET /cormun/pexe_scrolldiv.js HTTP/1.1" 404 1009
192.168.10.17 - - [31/Aug/2022:13:57:00 -0300] "GET /cormun/servlet/vesolicitudgral?2022,19050,,General HTTP/1.1" 200 8261
192.168.10.17 - - [31/Aug/2022:13:57:01 -0300] "POST /cormun/servlet/vesolicitudgral?753055c8b2d13c7870b3a2429a4f82cd,2022,19050,,General,gx-no-cache=1661963990531 HTTP/1.1" 200 11916
192.168.10.17 - - [31/Aug/2022:13:57:10 -0300] "GET /cormun/servlet/trsolicitudgral? HTTP/1.1" 200 9681
192.168.10.17 - - [31/Aug/2022:13:57:10 -0300] "GET /cormun/servlet/trsolicitudgral? HTTP/1.1" 200 9677
192.168.10.17 - - [31/Aug/2022:13:57:16 -0300] "POST /cormun/servlet/trsolicitudgral?753055c8b2d13c7870b3a2429a4f82cd,,gx-no-cache=1661964005773 HTTP/1.1" 200 6658
192.168.10.17 - - [31/Aug/2022:13:57:18 -0300] "GET /cormun/servlet/vesolicitudgral?2022,19050,, HTTP/1.1" 200 8257
192.168.10.17 - - [31/Aug/2022:13:57:18 -0300] "GET /cormun/pexe_scrolldiv.js HTTP/1.1" 404 1009
192.168.10.17 - - [31/Aug/2022:13:57:19 -0300] "GET /cormun/servlet/vesolicitudgral?2022,19050,, HTTP/1.1" 200 8256
192.168.10.17 - - [31/Aug/2022:13:57:22 -0300] "GET /cormun/servlet/trautorizarot? HTTP/1.1" 200 8150
192.168.10.17 - - [31/Aug/2022:13:57:23 -0300] "GET /cormun/servlet/trautorizarot? HTTP/1.1" 200 8140
192.168.10.17 - - [31/Aug/2022:13:57:31 -0300] "POST /cormun/servlet/trautorizarot?753055c8b2d13c7870b3a2429a4f82cd,,gx-no-cache=1661964020334 HTTP/1.1" 200 5177
192.168.10.17 - - [31/Aug/2022:13:57:33 -0300] "GET /cormun/servlet/trsolicitudgral? HTTP/1.1" 200 9681
192.168.10.17 - - [31/Aug/2022:13:57:33 -0300] "GET /cormun/servlet/trsolicitudgral? HTTP/1.1" 200 9681
192.168.10.17 - - [31/Aug/2022:13:57:35 -0300] "GET /cormun/servlet/vesolicitudgral?2022,19050,, HTTP/1.1" 200 8257
192.168.10.17 - - [31/Aug/2022:13:57:35 -0300] "GET /cormun/pexe_scrolldiv.js HTTP/1.1" 404 1009
192.168.10.17 - - [31/Aug/2022:13:57:36 -0300] "GET /cormun/servlet/vesolicitudgral?2022,19050,, HTTP/1.1" 200 8256
192.168.10.17 - - [31/Aug/2022:13:59:20 -0300] "GET /cormun/servlet/vesolicitudgral?2022,19050,,SolicitudOTLog HTTP/1.1" 200 9468
192.168.10.17 - - [31/Aug/2022:13:59:20 -0300] "GET /cormun/pexe_scrolldiv.js HTTP/1.1" 404 1009
192.168.10.17 - - [31/Aug/2022:13:59:20 -0300] "GET /cormun/servlet/vesolicitudgral?2022,19050,,SolicitudOTLog HTTP/1.1" 200 9468
192.168.10.17 - - [31/Aug/2022:13:59:21 -0300] "POST /cormun/servlet/acontrolpreferencessavestate?None,RRHH+DANIELA,true HTTP/1.1" 200 35
192.168.10.17 - - [31/Aug/2022:14:00:04 -0300] "GET /cormun/servlet/vesolicitudgral?2022,19050,,General HTTP/1.1" 200 8261
192.168.10.17 - - [31/Aug/2022:14:00:04 -0300] "GET /cormun/pexe_scrolldiv.js HTTP/1.1" 404 1009
192.168.10.17 - - [31/Aug/2022:14:00:04 -0300] "GET /cormun/servlet/vesolicitudgral?2022,19050,,General HTTP/1.1" 200 8261
190.171.141.106 - - [31/Aug/2022:14:04:17 -0300] "GET /cormun/servlet/hlogin HTTP/1.1" 200 1729
190.171.141.106 - - [31/Aug/2022:14:04:22 -0300] "POST /cormun/servlet/hlogin?943a77dfb890672aee9f1e63ecc7d565,gx-no-cache=1661964609465 HTTP/1.1" 200 90
190.171.141.106 - - [31/Aug/2022:14:04:22 -0300] "GET /cormun/servlet/hpexe_link HTTP/1.1" 200 955
190.171.141.106 - - [31/Aug/2022:14:04:22 -0300] "GET /cormun/servlet/hhome HTTP/1.1" 200 4272
190.171.141.106 - - [31/Aug/2022:14:04:25 -0300] "GET /cormun/servlet/hhome HTTP/1.1" 200 4268
190.171.141.106 - - [31/Aug/2022:14:04:27 -0300] "GET /cormun/servlet/trlicencias? HTTP/1.1" 200 15737
190.171.141.106 - - [31/Aug/2022:14:04:30 -0300] "GET /cormun/servlet/trlicencias? HTTP/1.1" 200 15733
190.171.141.106 - - [31/Aug/2022:14:04:37 -0300] "GET /cormun/servlet/licenciaspermisos?INS,0,,, HTTP/1.1" 200 7879
190.171.141.106 - - [31/Aug/2022:14:04:37 -0300] "GET /cormun/servlet/licenciaspermisos?INS,0,,, HTTP/1.1" 200 7887
190.171.141.106 - - [31/Aug/2022:14:05:45 -0300] "GET /cormun/servlet/licenciaspermisos?0afa94ce87a7acb8ed27628afa96fb8d3dcc02116d73f83c0d3b1c054f6b0c37a6e99a6e8afaa17bb8becdeaae6904bbd2cde7e9883e3dbeead5141ee9d0f9fb,gx-no-cache=1661964693132 HTTP/1.1" 200 111
190.171.141.106 - - [31/Aug/2022:14:05:45 -0300] "POST /cormun/servlet/licenciaspermisos?943a77dfb890672aee9f1e63ecc7d565,INS,0,,,,gx-no-cache=1661964693192 HTTP/1.1" 200 5117
190.171.141.90 - - [31/Aug/2022:14:06:20 -0300] "GET /cormun/servlet/hlogin HTTP/1.1" 200 1731
190.171.141.90 - - [31/Aug/2022:14:06:21 -0300] "GET /cormun/servlet/hlogin HTTP/1.1" 200 1742
190.171.141.90 - - [31/Aug/2022:14:06:24 -0300] "POST /cormun/servlet/hlogin?7eed70202a486c48ac3739efdbd4ae69,gx-no-cache=1661964730498 HTTP/1.1" 200 90
190.171.141.90 - - [31/Aug/2022:14:06:24 -0300] "GET /cormun/servlet/hpexe_link HTTP/1.1" 200 957
190.171.141.90 - - [31/Aug/2022:14:06:24 -0300] "GET /cormun/servlet/hhome HTTP/1.1" 200 4222
190.171.141.90 - - [31/Aug/2022:14:06:25 -0300] "GET /cormun/servlet/hhome HTTP/1.1" 200 4221
190.171.141.90 - - [31/Aug/2022:14:06:30 -0300] "GET /cormun/servlet/trlicencias? HTTP/1.1" 200 18328
190.171.141.90 - - [31/Aug/2022:14:06:30 -0300] "GET /cormun/servlet/trlicencias? HTTP/1.1" 200 18325
190.171.141.90 - - [31/Aug/2022:14:06:50 -0300] "POST /cormun/servlet/trlicencias?7eed70202a486c48ac3739efdbd4ae69,,gx-no-cache=1661964756264 HTTP/1.1" 200 5672
192.168.10.17 - - [31/Aug/2022:14:09:04 -0300] "GET /cormun/servlet/trsolicitudgral? HTTP/1.1" 200 9681
192.168.10.17 - - [31/Aug/2022:14:09:04 -0300] "GET /cormun/servlet/trsolicitudgral? HTTP/1.1" 200 9677
190.171.141.106 - - [31/Aug/2022:14:09:35 -0300] "GET /cormun/servlet/licenciaspermisos?0afa94ce87a7acb8ed27628afa96fb8dd90ddeb2d79fef5d239e7a088054aecc296f2cd8d0f9133580b3f478ae3101911d04c662795501b5881ac650540383e0b8e25632a97ebb3319de4c810757ff55afdb890a31ce2893f766378b3b4a665c01523ba03deb8ca20db2690cf7c6ed42ebe01e658a24ef32f729e2d77918a7fffd50f2d92b34fb524702137c719364586de9a3e702879e1ac4a862d10beee7e59eaaca2ccc1e67f1636164a0bdccbc18,gx-no-cache=1661964922570 HTTP/1.1" 200 30
190.171.141.106 - - [31/Aug/2022:14:09:35 -0300] "GET /cormun/servlet/licenciaspermisos?0afa94ce87a7acb8ed27628afa96fb8da64d0b4e345fe869cde76e65385b0d0a0389bc377c73c7462d9ff7aafcff03856e65dcb383492a9789ac0b008e7bb446e38f5f9261c17b7a3f7d654996e602ebd3ec98adaf220621aaeacea961ccdbd29ffe3346b40ca54ee0e16c0f6a3a2abb94024cf158bf201bd044f6a79b501b4603d34c27d5fcfde7cb84e2c9a7be907e25c118e59f9e148d3bc98ce96b529911563c059b672fb8a27e15101ce0ce9dc7,gx-no-cache=1661964922635 HTTP/1.1" 200 29
190.171.141.106 - - [31/Aug/2022:14:09:35 -0300] "POST /cormun/servlet/licenciaspermisos?943a77dfb890672aee9f1e63ecc7d565,INS,0,,,,gx-no-cache=1661964922710 HTTP/1.1" 200 93
190.171.141.106 - - [31/Aug/2022:14:09:35 -0300] "GET /cormun/servlet/hpexe_return? HTTP/1.1" 200 1015
190.171.141.106 - - [31/Aug/2022:14:09:36 -0300] "GET /cormun/servlet/trlicencias HTTP/1.1" 200 16184
190.171.141.106 - - [31/Aug/2022:14:09:36 -0300] "GET /cormun/servlet/trlicencias HTTP/1.1" 200 16178
190.171.141.106 - - [31/Aug/2022:14:09:43 -0300] "GET /cormun/servlet/trlicenciaspermisosadjuntos?15106120,20220831000000,L, HTTP/1.1" 200 6628
190.171.141.106 - - [31/Aug/2022:14:09:43 -0300] "GET /cormun/servlet/trlicenciaspermisosadjuntos?15106120,20220831000000,L, HTTP/1.1" 200 6628
190.171.141.106 - - [31/Aug/2022:14:09:55 -0300] "GET /cormun/servlet/licenciaspermisosadjuntos?INS,15106120,L,20220831000000,, HTTP/1.1" 200 5926
190.171.141.106 - - [31/Aug/2022:14:09:55 -0300] "GET /cormun/static/about:blank HTTP/1.1" 404 1011
190.171.141.106 - - [31/Aug/2022:14:09:55 -0300] "GET /cormun/servlet/licenciaspermisosadjuntos?INS,15106120,L,20220831000000,, HTTP/1.1" 200 5915
190.171.153.26 - - [31/Aug/2022:14:10:53 -0300] "GET /cormun/servlet/trpermisosadjuntos?9749217,20220831102129,P, HTTP/1.1" 200 5458
190.171.153.26 - - [31/Aug/2022:14:10:54 -0300] "GET /cormun/servlet/hlogin HTTP/1.1" 200 1765
190.171.153.26 - - [31/Aug/2022:14:10:54 -0300] "GET /cormun/servlet/trpermisosadjuntos?9749217,20220831102129,P, HTTP/1.1" 200 5455
190.171.153.26 - - [31/Aug/2022:14:10:54 -0300] "GET /favicon.ico HTTP/1.1" 200 21630
190.171.141.106 - - [31/Aug/2022:14:10:58 -0300] "POST /cormun/servlet/licenciaspermisosadjuntos?943a77dfb890672aee9f1e63ecc7d565,INS,15106120,L,20220831000000,, HTTP/1.1" 200 116
190.171.141.106 - - [31/Aug/2022:14:10:58 -0300] "GET /cormun/servlet/hpexe_return? HTTP/1.1" 200 1045
190.171.141.106 - - [31/Aug/2022:14:10:58 -0300] "GET /cormun/servlet/trlicenciaspermisosadjuntos?15106120,20220831000000,L, HTTP/1.1" 200 7144
190.171.141.106 - - [31/Aug/2022:14:10:59 -0300] "GET /cormun/servlet/trlicenciaspermisosadjuntos?15106120,20220831000000,L, HTTP/1.1" 200 7141
190.171.153.26 - - [31/Aug/2022:14:11:04 -0300] "POST /cormun/servlet/hlogin?b9da0698d4f4d48fd4e613bfec3fee24,gx-no-cache=1661965013249 HTTP/1.1" 200 90
190.171.153.26 - - [31/Aug/2022:14:11:04 -0300] "GET /cormun/servlet/hpexe_link HTTP/1.1" 200 983
190.171.153.26 - - [31/Aug/2022:14:11:04 -0300] "GET /cormun/servlet/trpermisosadjuntos?9749217,20220831102129,P, HTTP/1.1" 200 6102
190.171.153.26 - - [31/Aug/2022:14:11:04 -0300] "GET /cormun/servlet/trpermisosadjuntos?9749217,20220831102129,P, HTTP/1.1" 200 6099
200.54.100.179 - - [31/Aug/2022:14:11:09 -0300] "GET /cormun/servlet/hlogin HTTP/1.1" 200 1732
200.54.100.179 - - [31/Aug/2022:14:11:09 -0300] "GET /cormun/servlet/hlogin HTTP/1.1" 200 1742
200.54.100.179 - - [31/Aug/2022:14:11:12 -0300] "POST /cormun/servlet/hlogin?e894d8b13becc5cc38ba14ba41ef9a5e,gx-no-cache=1661965019611 HTTP/1.1" 200 90
200.54.100.179 - - [31/Aug/2022:14:11:13 -0300] "GET /cormun/servlet/hpexe_link HTTP/1.1" 200 957
200.54.100.179 - - [31/Aug/2022:14:11:13 -0300] "GET /cormun/servlet/hhome HTTP/1.1" 200 4323
200.54.100.179 - - [31/Aug/2022:14:11:13 -0300] "GET /cormun/servlet/hhome HTTP/1.1" 200 4319
190.171.153.26 - - [31/Aug/2022:14:11:15 -0300] "GET /cormun/servlet/permisosadjuntos?INS,9749217,P,20220831102129,, HTTP/1.1" 200 5599
190.171.153.26 - - [31/Aug/2022:14:11:16 -0300] "GET /cormun/static/about:blank HTTP/1.1" 404 1011
190.171.153.26 - - [31/Aug/2022:14:11:16 -0300] "GET /cormun/servlet/permisosadjuntos?INS,9749217,P,20220831102129,, HTTP/1.1" 200 5588
200.54.100.179 - - [31/Aug/2022:14:11:16 -0300] "GET /cormun/servlet/trpermisosgoce? HTTP/1.1" 200 9489
200.54.100.179 - - [31/Aug/2022:14:11:17 -0300] "GET /cormun/static/gxcfg.js?2020121631564 HTTP/1.1" 200 953
200.54.100.179 - - [31/Aug/2022:14:11:17 -0300] "GET /cormun/static/trpermisosgoce.js?2020121633681 HTTP/1.1" 200 35904
200.54.100.179 - - [31/Aug/2022:14:11:17 -0300] "GET /cormun//static/Resources/PXToolsGridUpdate.png HTTP/1.1" 200 470
200.54.100.179 - - [31/Aug/2022:14:11:17 -0300] "GET /cormun//static/Resources/PXToolsGridDelete.png HTTP/1.1" 200 538
200.54.100.179 - - [31/Aug/2022:14:11:17 -0300] "GET /cormun/servlet/trpermisosgoce? HTTP/1.1" 200 9487
179.57.78.9 - - [31/Aug/2022:14:11:18 -0300] "GET /cormun/servlet/hlogin HTTP/1.1" 200 1730
200.54.100.179 - - [31/Aug/2022:14:11:24 -0300] "GET /cormun/servlet/permisogoce?INS,0,,, HTTP/1.1" 200 7211
200.54.100.179 - - [31/Aug/2022:14:11:24 -0300] "GET /cormun/servlet/permisogoce?INS,0,,, HTTP/1.1" 200 7210
200.54.100.179 - - [31/Aug/2022:14:11:24 -0300] "GET /cormun/servlet/permisogoce?INS,0,,, HTTP/1.1" 200 7210
179.57.78.9 - - [31/Aug/2022:14:11:25 -0300] "POST /cormun/servlet/hlogin?21454a6866918bb15e80f04a1e2860f8,gx-no-cache=1661965031085 HTTP/1.1" 200 90
179.57.78.9 - - [31/Aug/2022:14:11:25 -0300] "GET /cormun/servlet/hpexe_link HTTP/1.1" 200 955
200.54.100.179 - - [31/Aug/2022:14:11:25 -0300] "GET /cormun/static/gxcfg.js?20201215124560 HTTP/1.1" 200 953
179.57.78.9 - - [31/Aug/2022:14:11:25 -0300] "GET /cormun/servlet/hhome HTTP/1.1" 200 4343
200.54.100.179 - - [31/Aug/2022:14:11:25 -0300] "GET /cormun/static/Resources/prompt.gif HTTP/1.1" 200 902
200.54.100.179 - - [31/Aug/2022:14:11:25 -0300] "GET /cormun/static/permisogoce.js?20201215124939 HTTP/1.1" 200 27919
200.54.100.179 - - [31/Aug/2022:14:11:25 -0300] "GET /cormun/servlet/permisogoce?INS,0,,, HTTP/1.1" 200 7211
179.57.78.9 - - [31/Aug/2022:14:11:25 -0300] "GET /cormun/servlet/hhome HTTP/1.1" 200 4339
179.57.78.9 - - [31/Aug/2022:14:11:28 -0300] "GET /cormun/servlet/trsolicitudot? HTTP/1.1" 200 7563
179.57.78.9 - - [31/Aug/2022:14:11:28 -0300] "GET /cormun/servlet/trsolicitudot? HTTP/1.1" 200 7561
179.57.78.9 - - [31/Aug/2022:14:11:35 -0300] "POST /cormun/servlet/trsolicitudot?21454a6866918bb15e80f04a1e2860f8,,gx-no-cache=1661965041054 HTTP/1.1" 200 4630
200.54.100.179 - - [31/Aug/2022:14:11:38 -0300] "GET /cormun/servlet/permisogoce?36ec88c59cf6270b9638762a423375d0e5c24a096d74f31ecf367900917106013efed2f0a7d3c6b5e0ac82dc21ed219937c1707614dde82f47517d5f393782bc,gx-no-cache=1661965044788 HTTP/1.1" 200 76
200.54.100.179 - - [31/Aug/2022:14:11:41 -0300] "GET /cormun/static/menuarrow.gif HTTP/1.1" 404 1015
179.57.78.9 - - [31/Aug/2022:14:11:42 -0300] "POST /cormun/servlet/trsolicitudot?21454a6866918bb15e80f04a1e2860f8,,gx-no-cache=1661965048060 HTTP/1.1" 200 4631
179.57.78.9 - - [31/Aug/2022:14:11:47 -0300] "POST /cormun/servlet/trsolicitudot?21454a6866918bb15e80f04a1e2860f8,,gx-no-cache=1661965053372 HTTP/1.1" 200 4632
190.171.153.26 - - [31/Aug/2022:14:11:51 -0300] "POST /cormun/servlet/permisosadjuntos?b9da0698d4f4d48fd4e613bfec3fee24,INS,9749217,P,20220831102129,, HTTP/1.1" 200 116
190.171.153.26 - - [31/Aug/2022:14:11:52 -0300] "GET /cormun/servlet/hpexe_return? HTTP/1.1" 200 1036
190.171.153.26 - - [31/Aug/2022:14:11:52 -0300] "GET /cormun/servlet/trpermisosadjuntos?9749217,20220831102129,P, HTTP/1.1" 200 6634
190.171.153.26 - - [31/Aug/2022:14:11:52 -0300] "GET /cormun/servlet/trpermisosadjuntos?9749217,20220831102129,P, HTTP/1.1" 200 6631
179.57.78.9 - - [31/Aug/2022:14:11:54 -0300] "POST /cormun/servlet/trsolicitudot?21454a6866918bb15e80f04a1e2860f8,,gx-no-cache=1661965060452 HTTP/1.1" 200 7352
190.171.153.26 - - [31/Aug/2022:14:11:55 -0300] "GET /cormun/servlet/trpermisosgoce? HTTP/1.1" 200 10678
190.171.153.26 - - [31/Aug/2022:14:11:56 -0300] "GET /cormun/servlet/trpermisosgoce? HTTP/1.1" 200 10677
190.171.153.26 - - [31/Aug/2022:14:12:00 -0300] "POST /cormun/servlet/trpermisosgoce?b9da0698d4f4d48fd4e613bfec3fee24,,gx-no-cache=1661965069642 HTTP/1.1" 200 7945
190.171.153.26 - - [31/Aug/2022:14:12:00 -0300] "GET /cormun/static/Shared/jqueryui/images/ui-bg_highlight-soft_100_c6c2c8_1x100.png HTTP/1.1" 404 1117
190.171.153.26 - - [31/Aug/2022:14:12:00 -0300] "GET /cormun/static/Shared/jqueryui/images/ui-icons_82798d_256x240.png HTTP/1.1" 404 1089
190.171.153.26 - - [31/Aug/2022:14:12:00 -0300] "GET /cormun/static/Shared/jqueryui/images/ui-bg_flat_55_fafafa_40x100.png HTTP/1.1" 404 1097
190.171.153.26 - - [31/Aug/2022:14:12:00 -0300] "GET /cormun/static/Shared/jqueryui/images/ui-icons_8d78a5_256x240.png HTTP/1.1" 404 1089
179.57.78.9 - - [31/Aug/2022:14:12:03 -0300] "POST /cormun/servlet/trsolicitudot?21454a6866918bb15e80f04a1e2860f8,,gx-no-cache=1661965069092 HTTP/1.1" 200 103
179.57.78.9 - - [31/Aug/2022:14:12:03 -0300] "GET /cormun/SolicitudOT-3335.xls HTTP/1.1" 200 6656
200.54.100.179 - - [31/Aug/2022:14:12:08 -0300] "GET /cormun/servlet/permisogoce?36ec88c59cf6270b9638762a423375d0ca77be0c07989266c12da23018cfcbd2154e63907449c61b146a694bcf1a37f89fc9e4566651863da5f55c5adf0fc04b,gx-no-cache=1661965075364 HTTP/1.1" 200 46
200.54.100.179 - - [31/Aug/2022:14:12:17 -0300] "POST /cormun/servlet/permisogoce?e894d8b13becc5cc38ba14ba41ef9a5e,INS,0,,,,gx-no-cache=1661965083999 HTTP/1.1" 200 93
200.54.100.179 - - [31/Aug/2022:14:12:17 -0300] "GET /cormun/servlet/hpexe_return? HTTP/1.1" 200 1015
200.54.100.179 - - [31/Aug/2022:14:12:17 -0300] "GET /cormun/static/hpexe_return.js?201991422392984 HTTP/1.1" 200 1633
200.54.100.179 - - [31/Aug/2022:14:12:17 -0300] "GET /cormun/static/gxcfg.js?201991422392976 HTTP/1.1" 200 953
200.54.100.179 - - [31/Aug/2022:14:12:17 -0300] "GET /cormun/servlet/trpermisosgoce HTTP/1.1" 200 9720
200.54.100.179 - - [31/Aug/2022:14:12:18 -0300] "GET /cormun/servlet/trpermisosgoce HTTP/1.1" 200 9715
200.54.100.179 - - [31/Aug/2022:14:12:22 -0300] "GET /cormun/servlet/apermisogoceprn?17138525,P,20220831125412,PU HTTP/1.1" 200 1649
190.171.141.106 - - [31/Aug/2022:14:12:45 -0300] "GET /cormun/servlet/hlogin HTTP/1.1" 200 1728
190.171.141.106 - - [31/Aug/2022:14:12:50 -0300] "POST /cormun/servlet/hlogin?f637abe86aa4e820adb9a0c4b67de206,gx-no-cache=1661965117409 HTTP/1.1" 200 90
190.171.141.106 - - [31/Aug/2022:14:12:50 -0300] "GET /cormun/servlet/hpexe_link HTTP/1.1" 200 954
190.171.141.106 - - [31/Aug/2022:14:12:50 -0300] "GET /cormun/servlet/hhome HTTP/1.1" 200 4267
190.171.141.106 - - [31/Aug/2022:14:12:50 -0300] "GET /cormun/servlet/hhome HTTP/1.1" 200 4265
190.171.141.106 - - [31/Aug/2022:14:13:07 -0300] "GET /cormun/servlet/trlicencias? HTTP/1.1" 200 16177
190.171.141.106 - - [31/Aug/2022:14:13:07 -0300] "GET /cormun/servlet/trlicencias? HTTP/1.1" 200 16174
190.171.141.106 - - [31/Aug/2022:14:13:12 -0300] "GET /cormun/servlet/trlicenciaspermisosadjuntos?15106120,20220831000000,L, HTTP/1.1" 200 7136
190.171.141.106 - - [31/Aug/2022:14:13:12 -0300] "GET /cormun/servlet/trlicenciaspermisosadjuntos?15106120,20220831000000,L, HTTP/1.1" 200 7136
190.171.141.106 - - [31/Aug/2022:14:13:15 -0300] "GET /cormun/servlet/trlicencias? HTTP/1.1" 200 16177
190.171.141.106 - - [31/Aug/2022:14:13:16 -0300] "GET /cormun/servlet/trlicencias? HTTP/1.1" 200 16174
179.57.78.9 - - [31/Aug/2022:14:13:19 -0300] "GET /cormun/servlet/vesolicitudot?2022,19098,, HTTP/1.1" 200 8706
179.57.78.9 - - [31/Aug/2022:14:13:19 -0300] "GET /cormun/static/gxcfg.js?201991422423914 HTTP/1.1" 200 953
179.57.78.9 - - [31/Aug/2022:14:13:19 -0300] "GET /cormun/pexe_scrolldiv.js HTTP/1.1" 404 1009
179.57.78.9 - - [31/Aug/2022:14:13:19 -0300] "GET /cormun/static/vesolicitudot.js?201991422423984 HTTP/1.1" 200 6091
179.57.78.9 - - [31/Aug/2022:14:13:19 -0300] "GET /cormun/static/hwcviewtabs.js?201991422154026 HTTP/1.1" 200 1074
