179.57.78.9 - - [23/Aug/2022:09:41:33 -0300] "GET /cormun/servlet/trpermisosadjuntos?7833428,20220823081330,P, HTTP/1.1" 200 7171
179.57.78.9 - - [23/Aug/2022:09:41:35 -0300] "POST /cormun/servlet/trpermisosadjuntos?841d4f48e9622f1fc96e7db41c86d425,7833428,20220823081330,P,,gx-no-cache=1661257647182 HTTP/1.1" 200 90
179.57.78.9 - - [23/Aug/2022:09:41:35 -0300] "GET /cormun/servlet/hpexe_link HTTP/1.1" 200 1012
179.57.78.9 - - [23/Aug/2022:09:41:35 -0300] "GET /cormun/servlet/trpermisosgoce?gx-no-cache=1661257036985 HTTP/1.1" 200 12349
179.57.78.9 - - [23/Aug/2022:09:41:36 -0300] "GET /cormun/servlet/trpermisosgoce?gx-no-cache=1661257036985 HTTP/1.1" 200 12368
179.57.78.9 - - [23/Aug/2022:09:41:38 -0300] "POST /cormun/servlet/trpermisosgoce?841d4f48e9622f1fc96e7db41c86d425,gx-no-cache=1661257036985,gx-no-cache=1661257650159 HTTP/1.1" 200 9501
179.57.78.9 - - [23/Aug/2022:09:41:45 -0300] "GET /cormun/servlet/trpermisosadjuntos?12516844,20220823081355,P, HTTP/1.1" 200 6681
179.57.78.9 - - [23/Aug/2022:09:41:46 -0300] "GET /cormun/servlet/trpermisosadjuntos?12516844,20220823081355,P, HTTP/1.1" 200 6660
179.57.78.9 - - [23/Aug/2022:09:41:48 -0300] "GET /cormun/servlet/permisosadjuntos?INS,12516844,P,20220823081355,, HTTP/1.1" 200 5987
179.57.78.9 - - [23/Aug/2022:09:41:48 -0300] "GET /cormun/static/about:blank HTTP/1.1" 404 1011
179.57.78.9 - - [23/Aug/2022:09:41:49 -0300] "GET /cormun/servlet/permisosadjuntos?INS,12516844,P,20220823081355,, HTTP/1.1" 200 5976
179.57.78.9 - - [23/Aug/2022:09:41:57 -0300] "POST /cormun/servlet/permisosadjuntos?841d4f48e9622f1fc96e7db41c86d425,INS,12516844,P,20220823081355,, HTTP/1.1" 200 116
179.57.78.9 - - [23/Aug/2022:09:41:57 -0300] "GET /cormun/servlet/hpexe_return? HTTP/1.1" 200 1042
179.57.78.9 - - [23/Aug/2022:09:41:57 -0300] "GET /cormun/servlet/trpermisosadjuntos?12516844,20220823081355,P, HTTP/1.1" 200 7165
179.57.78.9 - - [23/Aug/2022:09:41:58 -0300] "GET /cormun/servlet/trpermisosadjuntos?12516844,20220823081355,P, HTTP/1.1" 200 7162
179.57.78.9 - - [23/Aug/2022:09:42:01 -0300] "POST /cormun/servlet/trpermisosadjuntos?841d4f48e9622f1fc96e7db41c86d425,12516844,20220823081355,P,,gx-no-cache=1661257673352 HTTP/1.1" 200 90
179.57.78.9 - - [23/Aug/2022:09:42:01 -0300] "GET /cormun/servlet/hpexe_link HTTP/1.1" 200 1010
179.57.78.9 - - [23/Aug/2022:09:42:01 -0300] "GET /cormun/servlet/trpermisosgoce?gx-no-cache=1661257036985 HTTP/1.1" 200 12349
179.57.78.9 - - [23/Aug/2022:09:42:02 -0300] "GET /cormun/servlet/trpermisosgoce?gx-no-cache=1661257036985 HTTP/1.1" 200 12368
179.57.78.9 - - [23/Aug/2022:09:42:05 -0300] "POST /cormun/servlet/trpermisosgoce?841d4f48e9622f1fc96e7db41c86d425,gx-no-cache=1661257036985,gx-no-cache=1661257676890 HTTP/1.1" 200 9496
179.57.78.9 - - [23/Aug/2022:09:42:10 -0300] "GET /cormun/servlet/trpermisosadjuntos?17066796,20220823081429,P, HTTP/1.1" 200 6679
179.57.78.9 - - [23/Aug/2022:09:42:11 -0300] "GET /cormun/servlet/trpermisosadjuntos?17066796,20220823081429,P, HTTP/1.1" 200 6658
179.57.78.9 - - [23/Aug/2022:09:42:12 -0300] "GET /cormun/servlet/permisosadjuntos?INS,17066796,P,20220823081429,, HTTP/1.1" 200 5984
179.57.78.9 - - [23/Aug/2022:09:42:13 -0300] "GET /cormun/static/about:blank HTTP/1.1" 404 1011
179.57.78.9 - - [23/Aug/2022:09:42:13 -0300] "GET /cormun/servlet/permisosadjuntos?INS,17066796,P,20220823081429,, HTTP/1.1" 200 5973
179.57.78.9 - - [23/Aug/2022:09:42:27 -0300] "POST /cormun/servlet/permisosadjuntos?841d4f48e9622f1fc96e7db41c86d425,INS,17066796,P,20220823081429,, HTTP/1.1" 200 116
179.57.78.9 - - [23/Aug/2022:09:42:27 -0300] "GET /cormun/servlet/hpexe_return? HTTP/1.1" 200 1044
179.57.78.9 - - [23/Aug/2022:09:42:27 -0300] "GET /cormun/servlet/trpermisosadjuntos?17066796,20220823081429,P, HTTP/1.1" 200 7159
179.57.78.9 - - [23/Aug/2022:09:42:28 -0300] "GET /cormun/servlet/trpermisosadjuntos?17066796,20220823081429,P, HTTP/1.1" 200 7154
179.57.78.9 - - [23/Aug/2022:09:42:39 -0300] "POST /cormun/servlet/trpermisosadjuntos?841d4f48e9622f1fc96e7db41c86d425,17066796,20220823081429,P,,gx-no-cache=1661257711201 HTTP/1.1" 200 90
179.57.78.9 - - [23/Aug/2022:09:42:39 -0300] "GET /cormun/servlet/hpexe_link HTTP/1.1" 200 1012
179.57.78.9 - - [23/Aug/2022:09:42:39 -0300] "GET /cormun/servlet/trpermisosgoce?gx-no-cache=1661257036985 HTTP/1.1" 200 12349
179.57.78.9 - - [23/Aug/2022:09:42:40 -0300] "GET /cormun/servlet/trpermisosgoce?gx-no-cache=1661257036985 HTTP/1.1" 200 12368
179.57.78.9 - - [23/Aug/2022:09:42:43 -0300] "POST /cormun/servlet/trpermisosgoce?841d4f48e9622f1fc96e7db41c86d425,gx-no-cache=1661257036985,gx-no-cache=1661257714833 HTTP/1.1" 200 9502
179.57.78.9 - - [23/Aug/2022:09:42:47 -0300] "POST /cormun/servlet/trpermisosgoce?841d4f48e9622f1fc96e7db41c86d425,gx-no-cache=1661257036985,gx-no-cache=1661257718723 HTTP/1.1" 200 9534
190.171.153.26 - - [23/Aug/2022:09:42:47 -0300] "GET /cormun/servlet/permisogoce?INS,0,,, HTTP/1.1" 200 6804
179.57.78.9 - - [23/Aug/2022:09:42:47 -0300] "GET /cormun/static/Shared/jqueryui/images/ui-bg_flat_55_fafafa_40x100.png HTTP/1.1" 404 1097
179.57.78.9 - - [23/Aug/2022:09:42:47 -0300] "GET /cormun/static/Shared/jqueryui/images/ui-icons_8d78a5_256x240.png HTTP/1.1" 404 1089
190.171.153.26 - - [23/Aug/2022:09:42:47 -0300] "GET /cormun/servlet/permisogoce?INS,0,,, HTTP/1.1" 200 6804
179.57.78.9 - - [23/Aug/2022:09:42:49 -0300] "POST /cormun/servlet/trpermisosgoce?841d4f48e9622f1fc96e7db41c86d425,gx-no-cache=1661257036985,gx-no-cache=1661257720766 HTTP/1.1" 200 9535
179.57.78.9 - - [23/Aug/2022:09:42:51 -0300] "POST /cormun/servlet/trpermisosgoce?841d4f48e9622f1fc96e7db41c86d425,gx-no-cache=1661257036985,gx-no-cache=1661257722805 HTTP/1.1" 200 9553
179.57.78.9 - - [23/Aug/2022:09:42:53 -0300] "POST /cormun/servlet/trpermisosgoce?841d4f48e9622f1fc96e7db41c86d425,gx-no-cache=1661257036985,gx-no-cache=1661257724697 HTTP/1.1" 200 9551
179.57.78.9 - - [23/Aug/2022:09:42:55 -0300] "POST /cormun/servlet/trpermisosgoce?841d4f48e9622f1fc96e7db41c86d425,gx-no-cache=1661257036985,gx-no-cache=1661257726811 HTTP/1.1" 200 9548
179.57.78.9 - - [23/Aug/2022:09:42:56 -0300] "POST /cormun/servlet/trpermisosgoce?841d4f48e9622f1fc96e7db41c86d425,gx-no-cache=1661257036985,gx-no-cache=1661257728532 HTTP/1.1" 200 9545
179.57.78.9 - - [23/Aug/2022:09:42:58 -0300] "POST /cormun/servlet/trpermisosgoce?841d4f48e9622f1fc96e7db41c86d425,gx-no-cache=1661257036985,gx-no-cache=1661257730116 HTTP/1.1" 200 9537
179.57.78.9 - - [23/Aug/2022:09:43:00 -0300] "POST /cormun/servlet/trpermisosgoce?841d4f48e9622f1fc96e7db41c86d425,gx-no-cache=1661257036985,gx-no-cache=1661257732395 HTTP/1.1" 200 9537
179.57.78.9 - - [23/Aug/2022:09:43:02 -0300] "POST /cormun/servlet/trpermisosgoce?841d4f48e9622f1fc96e7db41c86d425,gx-no-cache=1661257036985,gx-no-cache=1661257734530 HTTP/1.1" 200 9530
179.57.78.9 - - [23/Aug/2022:09:43:05 -0300] "POST /cormun/servlet/trpermisosgoce?841d4f48e9622f1fc96e7db41c86d425,gx-no-cache=1661257036985,gx-no-cache=1661257736907 HTTP/1.1" 200 9522
190.171.153.26 - - [23/Aug/2022:09:43:06 -0300] "GET /cormun/servlet/permisogoce?7313c067f4763e423cee701c0560464af71229c2fa42a2a2415f02551caf36d7d038ea83e9e1123eb70329459c296a43d4eb539edd1acaa830c72dd14a604c24,gx-no-cache=1661257740184 HTTP/1.1" 200 93
179.57.78.9 - - [23/Aug/2022:09:43:07 -0300] "POST /cormun/servlet/trpermisosgoce?841d4f48e9622f1fc96e7db41c86d425,gx-no-cache=1661257036985,gx-no-cache=1661257739490 HTTP/1.1" 200 9514
179.57.78.9 - - [23/Aug/2022:09:43:11 -0300] "POST /cormun/servlet/trpermisosgoce?841d4f48e9622f1fc96e7db41c86d425,gx-no-cache=1661257036985,gx-no-cache=1661257743369 HTTP/1.1" 200 9511
179.57.78.9 - - [23/Aug/2022:09:43:13 -0300] "POST /cormun/servlet/trpermisosgoce?841d4f48e9622f1fc96e7db41c86d425,gx-no-cache=1661257036985,gx-no-cache=1661257745354 HTTP/1.1" 200 9509
190.171.153.26 - - [23/Aug/2022:09:43:15 -0300] "GET /cormun/static/menuarrow.gif HTTP/1.1" 404 1015
179.57.78.9 - - [23/Aug/2022:09:43:15 -0300] "POST /cormun/servlet/trpermisosgoce?841d4f48e9622f1fc96e7db41c86d425,gx-no-cache=1661257036985,gx-no-cache=1661257747227 HTTP/1.1" 200 9501
179.57.78.9 - - [23/Aug/2022:09:43:17 -0300] "POST /cormun/servlet/trpermisosgoce?841d4f48e9622f1fc96e7db41c86d425,gx-no-cache=1661257036985,gx-no-cache=1661257749617 HTTP/1.1" 200 9497
179.57.78.9 - - [23/Aug/2022:09:43:20 -0300] "POST /cormun/servlet/trpermisosgoce?841d4f48e9622f1fc96e7db41c86d425,gx-no-cache=1661257036985,gx-no-cache=1661257751931 HTTP/1.1" 200 9497
190.171.153.26 - - [23/Aug/2022:09:43:22 -0300] "GET /cormun/servlet/permisogoce?7313c067f4763e423cee701c0560464a7cc54c2a4b89b93c15e855972aaabf414f314691c0709fe66f231c09d8de4034df4327a3002ab88b2fc68730c6ffb623,gx-no-cache=1661257756004 HTTP/1.1" 200 47
179.57.78.9 - - [23/Aug/2022:09:43:28 -0300] "POST /cormun/servlet/trpermisosgoce?841d4f48e9622f1fc96e7db41c86d425,gx-no-cache=1661257036985,gx-no-cache=1661257759817 HTTP/1.1" 200 9490
179.57.78.9 - - [23/Aug/2022:09:43:30 -0300] "POST /cormun/servlet/trpermisosgoce?841d4f48e9622f1fc96e7db41c86d425,gx-no-cache=1661257036985,gx-no-cache=1661257762521 HTTP/1.1" 200 9484
190.171.153.26 - - [23/Aug/2022:09:43:32 -0300] "POST /cormun/servlet/permisogoce?45e77b0748ab0ce364b8bbc7e2106c91,INS,0,,,,gx-no-cache=1661257765937 HTTP/1.1" 200 93
190.171.153.26 - - [23/Aug/2022:09:43:32 -0300] "GET /cormun/servlet/hpexe_return? HTTP/1.1" 200 1003
190.171.153.26 - - [23/Aug/2022:09:43:33 -0300] "GET /cormun/servlet/trpermisosgoce HTTP/1.1" 200 9381
190.171.153.26 - - [23/Aug/2022:09:43:33 -0300] "GET /cormun/servlet/trpermisosgoce HTTP/1.1" 200 9377
179.57.78.9 - - [23/Aug/2022:09:43:33 -0300] "POST /cormun/servlet/trpermisosgoce?841d4f48e9622f1fc96e7db41c86d425,gx-no-cache=1661257036985,gx-no-cache=1661257765273 HTTP/1.1" 200 9469
179.57.78.9 - - [23/Aug/2022:09:43:37 -0300] "POST /cormun/servlet/trpermisosgoce?841d4f48e9622f1fc96e7db41c86d425,gx-no-cache=1661257036985,gx-no-cache=1661257768618 HTTP/1.1" 200 9454
190.171.153.26 - - [23/Aug/2022:09:43:39 -0300] "GET /cormun/servlet/apermisogoceprn?9749217,P,20220823082543,PU HTTP/1.1" 200 1671
181.212.43.89 - - [23/Aug/2022:09:43:40 -0300] "GET /cormun/servlet/trlicencias HTTP/1.1" 200 7523
179.57.78.9 - - [23/Aug/2022:09:43:40 -0300] "GET /cormun/servlet/trpermisosadjuntos?24698895,20220823080338,P, HTTP/1.1" 200 6684
181.212.43.89 - - [23/Aug/2022:09:43:41 -0300] "GET /cormun/servlet/hlogin HTTP/1.1" 200 1747
181.212.43.89 - - [23/Aug/2022:09:43:41 -0300] "GET /cormun/servlet/trlicencias HTTP/1.1" 200 7522
179.57.78.9 - - [23/Aug/2022:09:43:41 -0300] "GET /cormun/servlet/trpermisosadjuntos?24698895,20220823080338,P, HTTP/1.1" 200 6662
179.57.78.9 - - [23/Aug/2022:09:43:43 -0300] "GET /cormun/servlet/permisosadjuntos?INS,24698895,P,20220823080338,, HTTP/1.1" 200 5987
179.57.78.9 - - [23/Aug/2022:09:43:43 -0300] "GET /cormun/static/about:blank HTTP/1.1" 404 1011
179.57.78.9 - - [23/Aug/2022:09:43:43 -0300] "GET /cormun/servlet/permisosadjuntos?INS,24698895,P,20220823080338,, HTTP/1.1" 200 5977
181.212.43.89 - - [23/Aug/2022:09:43:48 -0300] "POST /cormun/servlet/hlogin?3c1e29546c48f9b415548dd7c39befb4,gx-no-cache=1661257781499 HTTP/1.1" 200 90
181.212.43.89 - - [23/Aug/2022:09:43:48 -0300] "GET /cormun/servlet/hpexe_link HTTP/1.1" 200 962
181.212.43.89 - - [23/Aug/2022:09:43:48 -0300] "GET /cormun/servlet/trlicencias HTTP/1.1" 200 13414
181.212.43.89 - - [23/Aug/2022:09:43:48 -0300] "GET /cormun/servlet/trlicencias HTTP/1.1" 200 13412
179.57.78.9 - - [23/Aug/2022:09:43:50 -0300] "POST /cormun/servlet/permisosadjuntos?841d4f48e9622f1fc96e7db41c86d425,INS,24698895,P,20220823080338,, HTTP/1.1" 200 116
179.57.78.9 - - [23/Aug/2022:09:43:50 -0300] "GET /cormun/servlet/hpexe_return? HTTP/1.1" 200 1044
179.57.78.9 - - [23/Aug/2022:09:43:50 -0300] "GET /cormun/servlet/trpermisosadjuntos?24698895,20220823080338,P, HTTP/1.1" 200 7164
179.57.78.9 - - [23/Aug/2022:09:43:51 -0300] "GET /cormun/servlet/trpermisosadjuntos?24698895,20220823080338,P, HTTP/1.1" 200 7159
179.57.78.9 - - [23/Aug/2022:09:43:53 -0300] "POST /cormun/servlet/trpermisosadjuntos?841d4f48e9622f1fc96e7db41c86d425,24698895,20220823080338,P,,gx-no-cache=1661257785031 HTTP/1.1" 200 90
179.57.78.9 - - [23/Aug/2022:09:43:53 -0300] "GET /cormun/servlet/hpexe_link HTTP/1.1" 200 1012
179.57.78.9 - - [23/Aug/2022:09:43:53 -0300] "GET /cormun/servlet/trpermisosgoce?gx-no-cache=1661257036985 HTTP/1.1" 200 12258
179.57.78.9 - - [23/Aug/2022:09:43:54 -0300] "GET /cormun/servlet/trpermisosgoce?gx-no-cache=1661257036985 HTTP/1.1" 200 12278
179.57.78.9 - - [23/Aug/2022:09:43:56 -0300] "POST /cormun/servlet/trpermisosgoce?841d4f48e9622f1fc96e7db41c86d425,gx-no-cache=1661257036985,gx-no-cache=1661257788208 HTTP/1.1" 200 9431
190.171.152.138 - - [23/Aug/2022:09:43:58 -0300] "GET /cormun/servlet/hlogin HTTP/1.1" 200 1724
190.171.152.138 - - [23/Aug/2022:09:43:58 -0300] "GET /cormun/static/gxtimezone.js?85251 HTTP/1.1" 200 5781
190.171.152.138 - - [23/Aug/2022:09:43:58 -0300] "GET /cormun/static/Resources/Spanish/PXTools.css?2294816 HTTP/1.1" 200 100853
190.171.152.138 - - [23/Aug/2022:09:43:58 -0300] "GET /cormun/static/gxcfg.js?201910216285969 HTTP/1.1" 200 953
190.171.152.138 - - [23/Aug/2022:09:43:58 -0300] "GET /cormun/static/gxgral.js?85251 HTTP/1.1" 200 384558
190.171.152.138 - - [23/Aug/2022:09:43:58 -0300] "GET /cormun/static/messages.spa.js?85251 HTTP/1.1" 200 30736
190.171.152.138 - - [23/Aug/2022:09:43:58 -0300] "GET /cormun/static/hlogin.js?201910216285995 HTTP/1.1" 200 2136
190.171.152.138 - - [23/Aug/2022:09:43:58 -0300] "GET /cormun/static/Resources/Logo2019_Grande.png HTTP/1.1" 200 31733
190.171.152.138 - - [23/Aug/2022:09:43:58 -0300] "GET /cormun/static/Resources/PXToolsLoginTop.png HTTP/1.1" 200 1337
190.171.152.138 - - [23/Aug/2022:09:43:58 -0300] "GET /cormun/static/Resources/PXToolsLoginBackground.png HTTP/1.1" 200 1164
190.171.152.138 - - [23/Aug/2022:09:43:59 -0300] "GET /cormun/static/Resources/PXToolsButtonLeft.png HTTP/1.1" 200 1310
190.171.152.138 - - [23/Aug/2022:09:43:59 -0300] "GET /cormun/static/Resources/PXToolsButtonRight.png HTTP/1.1" 200 1294
190.171.152.138 - - [23/Aug/2022:09:43:59 -0300] "GET /cormun/static/Resources/PXToolsButtonBackground.png HTTP/1.1" 200 1176
190.171.152.138 - - [23/Aug/2022:09:43:59 -0300] "GET /cormun/static/Resources/PXToolsLoginBottom.png HTTP/1.1" 200 1389
190.171.152.138 - - [23/Aug/2022:09:43:59 -0300] "GET /cormun/servlet/hlogin HTTP/1.1" 200 1734
190.171.152.138 - - [23/Aug/2022:09:43:59 -0300] "GET /cormun/static/Resources/indicator.gif HTTP/1.1" 200 1553
190.171.152.138 - - [23/Aug/2022:09:44:00 -0300] "GET /cormun/static/Resources/indicator.gif HTTP/1.1" 200 1553
190.171.152.138 - - [23/Aug/2022:09:44:00 -0300] "GET /favicon.ico HTTP/1.1" 200 21630
179.57.78.9 - - [23/Aug/2022:09:44:01 -0300] "POST /cormun/servlet/trpermisosgoce?841d4f48e9622f1fc96e7db41c86d425,gx-no-cache=1661257036985,gx-no-cache=1661257793297 HTTP/1.1" 200 9419
190.171.153.26 - - [23/Aug/2022:09:44:24 -0300] "GET /cormun/servlet/permisogoce?INS,0,,, HTTP/1.1" 200 6804
190.171.153.26 - - [23/Aug/2022:09:44:24 -0300] "GET /cormun/servlet/permisogoce?INS,0,,, HTTP/1.1" 200 6804
190.171.153.26 - - [23/Aug/2022:09:44:46 -0300] "GET /cormun/servlet/permisogoce?7313c067f4763e423cee701c0560464af29dbb44de26245a33c52950b12a08ca77dad6056086417ffada17f30ac1b2c64c26233ebffc86e32c11998878ee55e7,gx-no-cache=1661257839667 HTTP/1.1" 200 226
190.171.153.26 - - [23/Aug/2022:09:44:46 -0300] "GET /cormun/static/Shared/jqueryui/images/ui-bg_flat_55_994d53_40x100.png HTTP/1.1" 404 1097
190.171.153.26 - - [23/Aug/2022:09:44:46 -0300] "GET /cormun/static/Shared/jqueryui/images/ui-icons_82798d_256x240.png HTTP/1.1" 404 1089
190.171.153.26 - - [23/Aug/2022:09:44:46 -0300] "GET /cormun/static/Shared/jqueryui/images/ui-icons_ebccce_256x240.png HTTP/1.1" 404 1089
190.171.153.26 - - [23/Aug/2022:09:44:46 -0300] "GET /cormun/static/Shared/jqueryui/images/ui-bg_highlight-soft_100_c6c2c8_1x100.png HTTP/1.1" 404 1117
190.171.153.26 - - [23/Aug/2022:09:45:06 -0300] "GET /cormun/servlet/permisogoce?7313c067f4763e423cee701c0560464a6d03376c868aa71507d50d04febc583e77dad6056086417ffada17f30ac1b2c64c26233ebffc86e32c11998878ee55e7,gx-no-cache=1661257859948 HTTP/1.1" 200 87
190.171.153.26 - - [23/Aug/2022:09:45:10 -0300] "GET /cormun/static/menuarrow.gif HTTP/1.1" 404 1015
190.171.153.26 - - [23/Aug/2022:09:45:37 -0300] "POST /cormun/servlet/permisogoce?45e77b0748ab0ce364b8bbc7e2106c91,INS,0,,,,gx-no-cache=1661257890595 HTTP/1.1" 200 93
190.171.153.26 - - [23/Aug/2022:09:45:37 -0300] "GET /cormun/servlet/hpexe_return? HTTP/1.1" 200 1003
190.171.153.26 - - [23/Aug/2022:09:45:37 -0300] "GET /cormun/servlet/trpermisosgoce HTTP/1.1" 200 9381
190.171.153.26 - - [23/Aug/2022:09:45:37 -0300] "GET /cormun/servlet/trpermisosgoce HTTP/1.1" 200 9377
179.57.78.9 - - [23/Aug/2022:09:45:38 -0300] "GET /cormun/servlet/permisogoce?INS,0,,, HTTP/1.1" 200 7258
179.57.78.9 - - [23/Aug/2022:09:45:39 -0300] "GET /cormun/servlet/permisogoce?INS,0,,, HTTP/1.1" 200 7236
190.171.153.26 - - [23/Aug/2022:09:45:40 -0300] "GET /cormun/servlet/permisogoce?INS,0,,, HTTP/1.1" 200 6804
190.171.153.26 - - [23/Aug/2022:09:45:41 -0300] "GET /cormun/servlet/permisogoce?INS,0,,, HTTP/1.1" 200 6804
179.57.78.9 - - [23/Aug/2022:09:45:49 -0300] "GET /cormun/servlet/permisogoce?d1780caa4a755d53d1c6403c57964fdc3e6936521955fcdc52a78106c9c280536597c8aedfa856df18725108b4f7308a95f7915ff388c0920ed3c64ef494753d,gx-no-cache=1661257901467 HTTP/1.1" 200 79
190.171.153.26 - - [23/Aug/2022:09:45:55 -0300] "GET /cormun/servlet/permisogoce?7313c067f4763e423cee701c0560464a4442b15b74a24181ba3866e7a216fad077dad6056086417ffada17f30ac1b2c64c26233ebffc86e32c11998878ee55e7,gx-no-cache=1661257909053 HTTP/1.1" 200 87
190.171.153.26 - - [23/Aug/2022:09:45:57 -0300] "GET /cormun/static/menuarrow.gif HTTP/1.1" 404 1015
179.57.78.9 - - [23/Aug/2022:09:46:00 -0300] "GET /cormun/servlet/permisogoce?d1780caa4a755d53d1c6403c57964fdc24760f90a69653817061d02fd4108ba5de42d957b871b9652dfbe7851264850410b80b449e5bab4fd611c1bab93e548a,gx-no-cache=1661257912499 HTTP/1.1" 200 46
190.171.153.26 - - [23/Aug/2022:09:46:02 -0300] "GET /cormun/servlet/permisogoce?7313c067f4763e423cee701c0560464a536eedcddaa705f33d0779c29d47bbf371843fe0ffa9f7a438e5292b2b1408676480f63c04f5d7a5984fe899c170bc16,gx-no-cache=1661257916115 HTTP/1.1" 200 48
179.57.78.9 - - [23/Aug/2022:09:46:03 -0300] "POST /cormun/servlet/permisogoce?841d4f48e9622f1fc96e7db41c86d425,INS,0,,,,gx-no-cache=1661257914606 HTTP/1.1" 200 93
179.57.78.9 - - [23/Aug/2022:09:46:03 -0300] "GET /cormun/servlet/hpexe_return? HTTP/1.1" 200 1038
179.57.78.9 - - [23/Aug/2022:09:46:03 -0300] "GET /cormun/servlet/trpermisosgoce?gx-no-cache=1661257036985 HTTP/1.1" 200 12541
179.57.78.9 - - [23/Aug/2022:09:46:04 -0300] "GET /cormun/servlet/trpermisosgoce?gx-no-cache=1661257036985 HTTP/1.1" 200 12558
190.171.153.26 - - [23/Aug/2022:09:46:08 -0300] "POST /cormun/servlet/permisogoce?45e77b0748ab0ce364b8bbc7e2106c91,INS,0,,,,gx-no-cache=1661257921984 HTTP/1.1" 200 93
190.171.153.26 - - [23/Aug/2022:09:46:08 -0300] "GET /cormun/servlet/hpexe_return? HTTP/1.1" 200 1003
190.171.153.26 - - [23/Aug/2022:09:46:09 -0300] "GET /cormun/servlet/trpermisosgoce HTTP/1.1" 200 9566
190.171.153.26 - - [23/Aug/2022:09:46:09 -0300] "GET /cormun/servlet/trpermisosgoce HTTP/1.1" 200 9561
190.171.153.26 - - [23/Aug/2022:09:46:12 -0300] "GET /cormun/servlet/apermisogoceprn?15525765,P,20220823082836,PU HTTP/1.1" 200 1649
179.57.78.9 - - [23/Aug/2022:09:46:13 -0300] "GET /cormun/servlet/permisogoce?INS,0,,, HTTP/1.1" 200 7258
179.57.78.9 - - [23/Aug/2022:09:46:14 -0300] "GET /cormun/servlet/permisogoce?INS,0,,, HTTP/1.1" 200 7235
181.212.43.89 - - [23/Aug/2022:09:46:16 -0300] "GET /cormun/servlet/hlogin HTTP/1.1" 200 1729
181.212.43.89 - - [23/Aug/2022:09:46:22 -0300] "POST /cormun/servlet/hlogin?54d2edca44d208758b4ab49b5b7feb93,gx-no-cache=1661257934699 HTTP/1.1" 200 90
181.212.43.89 - - [23/Aug/2022:09:46:22 -0300] "GET /cormun/servlet/hpexe_link HTTP/1.1" 200 960
181.212.43.89 - - [23/Aug/2022:09:46:22 -0300] "GET /cormun/servlet/trlicencias HTTP/1.1" 200 13308
179.57.78.9 - - [23/Aug/2022:09:46:22 -0300] "GET /cormun/servlet/permisogoce?d1780caa4a755d53d1c6403c57964fdc1d1d2b448ef83fa5d122f9cc14f88f4131b64a23cc2361a3019c4f3d78be45d404adb823bd4df8a887197ba4509d18d2,gx-no-cache=1661257934771 HTTP/1.1" 200 81
181.212.43.89 - - [23/Aug/2022:09:46:23 -0300] "GET /cormun/servlet/trlicencias HTTP/1.1" 200 13306
179.57.78.9 - - [23/Aug/2022:09:46:32 -0300] "GET /cormun/servlet/permisogoce?d1780caa4a755d53d1c6403c57964fdc4435593be733ff13fb8d79b734c035c2a5bacfcf12fabb8530a6c976f391c0cf8ea0f943970bb9507858a78f29a33a5c,gx-no-cache=1661257944715 HTTP/1.1" 200 47
179.57.78.9 - - [23/Aug/2022:09:46:37 -0300] "POST /cormun/servlet/permisogoce?841d4f48e9622f1fc96e7db41c86d425,INS,0,,,,gx-no-cache=1661257948886 HTTP/1.1" 200 93
179.57.78.9 - - [23/Aug/2022:09:46:37 -0300] "GET /cormun/servlet/hpexe_return? HTTP/1.1" 200 1038
179.57.78.9 - - [23/Aug/2022:09:46:37 -0300] "GET /cormun/servlet/trpermisosgoce?gx-no-cache=1661257036985 HTTP/1.1" 200 12726
179.57.78.9 - - [23/Aug/2022:09:46:38 -0300] "GET /cormun/servlet/trpermisosgoce?gx-no-cache=1661257036985 HTTP/1.1" 200 12743
179.57.78.9 - - [23/Aug/2022:09:46:46 -0300] "GET /cormun/servlet/permisogoce?INS,0,,, HTTP/1.1" 200 7258
179.57.78.9 - - [23/Aug/2022:09:46:47 -0300] "GET /cormun/servlet/permisogoce?INS,0,,, HTTP/1.1" 200 7236
179.57.78.9 - - [23/Aug/2022:09:46:56 -0300] "GET /cormun/servlet/permisogoce?d1780caa4a755d53d1c6403c57964fdc3fb978efe35645361a398f1749e30bfe6597c8aedfa856df18725108b4f7308a95f7915ff388c0920ed3c64ef494753d,gx-no-cache=1661257968714 HTTP/1.1" 200 78
179.57.78.9 - - [23/Aug/2022:09:47:08 -0300] "GET /cormun/servlet/permisogoce?d1780caa4a755d53d1c6403c57964fdcfab8ec31a14b9b77ced7c92e6d396d95b23ff0f2648fdda0994ffbcf6427fe7510b80b449e5bab4fd611c1bab93e548a,gx-no-cache=1661257980273 HTTP/1.1" 200 48
179.57.78.9 - - [23/Aug/2022:09:47:11 -0300] "POST /cormun/servlet/permisogoce?841d4f48e9622f1fc96e7db41c86d425,INS,0,,,,gx-no-cache=1661257982779 HTTP/1.1" 200 93
179.57.78.9 - - [23/Aug/2022:09:47:11 -0300] "GET /cormun/servlet/hpexe_return? HTTP/1.1" 200 1038
179.57.78.9 - - [23/Aug/2022:09:47:11 -0300] "GET /cormun/servlet/trpermisosgoce?gx-no-cache=1661257036985 HTTP/1.1" 200 13000
179.57.78.9 - - [23/Aug/2022:09:47:12 -0300] "GET /cormun/servlet/trpermisosgoce?gx-no-cache=1661257036985 HTTP/1.1" 200 13017
179.57.78.9 - - [23/Aug/2022:09:47:21 -0300] "GET /cormun/servlet/permisogoce?INS,0,,, HTTP/1.1" 200 7258
179.57.78.9 - - [23/Aug/2022:09:47:22 -0300] "GET /cormun/servlet/permisogoce?INS,0,,, HTTP/1.1" 200 7236
179.57.78.9 - - [23/Aug/2022:09:47:31 -0300] "GET /cormun/servlet/permisogoce?d1780caa4a755d53d1c6403c57964fdcc2ef1715b367d62b2cdb04ea0130dcf931b64a23cc2361a3019c4f3d78be45d404adb823bd4df8a887197ba4509d18d2,gx-no-cache=1661258003634 HTTP/1.1" 200 72
179.57.78.9 - - [23/Aug/2022:09:47:38 -0300] "GET /cormun/servlet/permisogoce?d1780caa4a755d53d1c6403c57964fdc794517e3b5dded95fd8692ffede696683077179a76e4cdd71ea809dda2c6e7148ea0f943970bb9507858a78f29a33a5c,gx-no-cache=1661258010811 HTTP/1.1" 200 48
179.57.78.9 - - [23/Aug/2022:09:47:41 -0300] "POST /cormun/servlet/permisogoce?841d4f48e9622f1fc96e7db41c86d425,INS,0,,,,gx-no-cache=1661258013502 HTTP/1.1" 200 93
179.57.78.9 - - [23/Aug/2022:09:47:42 -0300] "GET /cormun/servlet/hpexe_return? HTTP/1.1" 200 1038
179.57.78.9 - - [23/Aug/2022:09:47:42 -0300] "GET /cormun/servlet/trpermisosgoce?gx-no-cache=1661257036985 HTTP/1.1" 200 13226
179.57.78.9 - - [23/Aug/2022:09:47:43 -0300] "GET /cormun/servlet/trpermisosgoce?gx-no-cache=1661257036985 HTTP/1.1" 200 13242
179.57.78.9 - - [23/Aug/2022:09:47:45 -0300] "POST /cormun/servlet/trpermisosgoce?841d4f48e9622f1fc96e7db41c86d425,gx-no-cache=1661257036985,gx-no-cache=1661258017536 HTTP/1.1" 200 10323
179.57.78.9 - - [23/Aug/2022:09:47:52 -0300] "GET /cormun/servlet/permisogoce?INS,0,,, HTTP/1.1" 200 7258
179.57.78.9 - - [23/Aug/2022:09:47:52 -0300] "GET /cormun/servlet/permisogoce?INS,0,,, HTTP/1.1" 200 7236
200.54.100.179 - - [23/Aug/2022:09:47:56 -0300] "GET /cormun/servlet/hlogin HTTP/1.1" 200 1725
200.54.100.179 - - [23/Aug/2022:09:47:59 -0300] "POST /cormun/servlet/hlogin?04b72e42d7522a1163aae430b12f478c,gx-no-cache=1661258032679 HTTP/1.1" 200 90
200.54.100.179 - - [23/Aug/2022:09:47:59 -0300] "GET /cormun/servlet/hpexe_link HTTP/1.1" 200 950
200.54.100.179 - - [23/Aug/2022:09:48:00 -0300] "GET /cormun/servlet/hhome HTTP/1.1" 200 4314
200.54.100.179 - - [23/Aug/2022:09:48:00 -0300] "GET /cormun/servlet/hhome HTTP/1.1" 200 4312
179.57.78.9 - - [23/Aug/2022:09:48:00 -0300] "GET /cormun/servlet/permisogoce?d1780caa4a755d53d1c6403c57964fdc704923cfb499389932bfa95014540d476597c8aedfa856df18725108b4f7308a95f7915ff388c0920ed3c64ef494753d,gx-no-cache=1661258032483 HTTP/1.1" 200 81
200.54.100.179 - - [23/Aug/2022:09:48:04 -0300] "GET /cormun/servlet/trlicencias? HTTP/1.1" 200 11601
200.54.100.179 - - [23/Aug/2022:09:48:05 -0300] "GET /cormun/servlet/trlicencias? HTTP/1.1" 200 11601
179.57.78.9 - - [23/Aug/2022:09:48:07 -0300] "GET /cormun/servlet/permisogoce?d1780caa4a755d53d1c6403c57964fdcf1dd494aeb9095dd2a529aac85fb0ff2da94dc1702058cd8f1b9d80ddbc4abe710b80b449e5bab4fd611c1bab93e548a,gx-no-cache=1661258039497 HTTP/1.1" 200 48
179.57.78.9 - - [23/Aug/2022:09:48:09 -0300] "POST /cormun/servlet/permisogoce?841d4f48e9622f1fc96e7db41c86d425,INS,0,,,,gx-no-cache=1661258041347 HTTP/1.1" 200 93
179.57.78.9 - - [23/Aug/2022:09:48:09 -0300] "GET /cormun/servlet/hpexe_return? HTTP/1.1" 200 1038
179.57.78.9 - - [23/Aug/2022:09:48:10 -0300] "GET /cormun/servlet/trpermisosgoce?gx-no-cache=1661257036985 HTTP/1.1" 200 13447
179.57.78.9 - - [23/Aug/2022:09:48:11 -0300] "GET /cormun/servlet/trpermisosgoce?gx-no-cache=1661257036985 HTTP/1.1" 200 13463
179.57.78.9 - - [23/Aug/2022:09:48:14 -0300] "GET /cormun/servlet/permisogoce?INS,0,,, HTTP/1.1" 200 7258
179.57.78.9 - - [23/Aug/2022:09:48:15 -0300] "GET /cormun/servlet/permisogoce?INS,0,,, HTTP/1.1" 200 7236
179.57.78.9 - - [23/Aug/2022:09:48:26 -0300] "GET /cormun/servlet/permisogoce?d1780caa4a755d53d1c6403c57964fdcbea6cf1bc039d29eefc4eac469c83bfb31b64a23cc2361a3019c4f3d78be45d404adb823bd4df8a887197ba4509d18d2,gx-no-cache=1661258058019 HTTP/1.1" 200 77
179.57.78.9 - - [23/Aug/2022:09:48:33 -0300] "GET /cormun/servlet/permisogoce?d1780caa4a755d53d1c6403c57964fdc9062c9db72b6198dd803159dbb3864b471431868d238de288c98fd9479a77f838ea0f943970bb9507858a78f29a33a5c,gx-no-cache=1661258065345 HTTP/1.1" 200 48
179.57.78.9 - - [23/Aug/2022:09:48:36 -0300] "POST /cormun/servlet/permisogoce?841d4f48e9622f1fc96e7db41c86d425,INS,0,,,,gx-no-cache=1661258067739 HTTP/1.1" 200 93
179.57.78.9 - - [23/Aug/2022:09:48:36 -0300] "GET /cormun/servlet/hpexe_return? HTTP/1.1" 200 1038
179.57.78.9 - - [23/Aug/2022:09:48:36 -0300] "GET /cormun/servlet/trpermisosgoce?gx-no-cache=1661257036985 HTTP/1.1" 200 13698
179.57.78.9 - - [23/Aug/2022:09:48:37 -0300] "GET /cormun/servlet/trpermisosgoce?gx-no-cache=1661257036985 HTTP/1.1" 200 13714
179.57.78.9 - - [23/Aug/2022:09:48:44 -0300] "GET /cormun/servlet/permisogoce?INS,0,,, HTTP/1.1" 200 7258
179.57.78.9 - - [23/Aug/2022:09:48:44 -0300] "GET /cormun/servlet/permisogoce?INS,0,,, HTTP/1.1" 200 7236
179.57.78.9 - - [23/Aug/2022:09:48:55 -0300] "GET /cormun/servlet/permisogoce?d1780caa4a755d53d1c6403c57964fdcfc3dd3f3aeb9d3a7ba95d5a9e4e2e2546597c8aedfa856df18725108b4f7308a95f7915ff388c0920ed3c64ef494753d,gx-no-cache=1661258087235 HTTP/1.1" 200 76
179.57.78.9 - - [23/Aug/2022:09:49:00 -0300] "GET /cormun/servlet/permisogoce?d1780caa4a755d53d1c6403c57964fdcd6070f129aeec49989b38436147d9900f93b2e02be6640b9a93fe378188f004910b80b449e5bab4fd611c1bab93e548a,gx-no-cache=1661258092714 HTTP/1.1" 200 49
179.57.78.9 - - [23/Aug/2022:09:49:03 -0300] "POST /cormun/servlet/permisogoce?841d4f48e9622f1fc96e7db41c86d425,INS,0,,,,gx-no-cache=1661258095348 HTTP/1.1" 200 93
179.57.78.9 - - [23/Aug/2022:09:49:03 -0300] "GET /cormun/servlet/hpexe_return? HTTP/1.1" 200 1038
179.57.78.9 - - [23/Aug/2022:09:49:04 -0300] "GET /cormun/servlet/trpermisosgoce?gx-no-cache=1661257036985 HTTP/1.1" 200 13860
179.57.78.9 - - [23/Aug/2022:09:49:05 -0300] "GET /cormun/servlet/trpermisosgoce?gx-no-cache=1661257036985 HTTP/1.1" 200 13876
179.57.78.9 - - [23/Aug/2022:09:49:12 -0300] "POST /cormun/servlet/trpermisosgoce?841d4f48e9622f1fc96e7db41c86d425,gx-no-cache=1661257036985,gx-no-cache=1661258103892 HTTP/1.1" 200 11045
179.57.78.9 - - [23/Aug/2022:09:49:15 -0300] "GET /cormun/servlet/permisogoce?INS,0,,, HTTP/1.1" 200 7258
179.57.78.9 - - [23/Aug/2022:09:49:16 -0300] "GET /cormun/servlet/permisogoce?INS,0,,, HTTP/1.1" 200 7236
179.57.78.9 - - [23/Aug/2022:09:49:25 -0300] "GET /cormun/servlet/permisogoce?d1780caa4a755d53d1c6403c57964fdc714bafa53cb4ae6091c2fc4a2563f39a31b64a23cc2361a3019c4f3d78be45d404adb823bd4df8a887197ba4509d18d2,gx-no-cache=1661258116938 HTTP/1.1" 200 84
179.57.78.9 - - [23/Aug/2022:09:49:32 -0300] "GET /cormun/servlet/permisogoce?d1780caa4a755d53d1c6403c57964fdcc69692e3ab15c8b38856af64837edd3cd0e8ee257166be82d2b4494e63c18ae78ea0f943970bb9507858a78f29a33a5c,gx-no-cache=1661258124721 HTTP/1.1" 200 48
179.57.78.9 - - [23/Aug/2022:09:49:34 -0300] "POST /cormun/servlet/permisogoce?841d4f48e9622f1fc96e7db41c86d425,INS,0,,,,gx-no-cache=1661258126523 HTTP/1.1" 200 93
179.57.78.9 - - [23/Aug/2022:09:49:35 -0300] "GET /cormun/servlet/hpexe_return? HTTP/1.1" 200 1038
179.57.78.9 - - [23/Aug/2022:09:49:35 -0300] "GET /cormun/servlet/trpermisosgoce?gx-no-cache=1661257036985 HTTP/1.1" 200 14042
179.57.78.9 - - [23/Aug/2022:09:49:36 -0300] "GET /cormun/servlet/trpermisosgoce?gx-no-cache=1661257036985 HTTP/1.1" 200 14059
179.57.78.9 - - [23/Aug/2022:09:49:39 -0300] "GET /cormun/servlet/permisogoce?INS,0,,, HTTP/1.1" 200 7258
179.57.78.9 - - [23/Aug/2022:09:49:39 -0300] "GET /cormun/servlet/permisogoce?INS,0,,, HTTP/1.1" 200 7235
179.57.78.9 - - [23/Aug/2022:09:49:45 -0300] "GET /cormun/servlet/permisogoce?d1780caa4a755d53d1c6403c57964fdc3fb978efe35645361a398f1749e30bfe6597c8aedfa856df18725108b4f7308a95f7915ff388c0920ed3c64ef494753d,gx-no-cache=1661258137562 HTTP/1.1" 200 76
179.57.78.9 - - [23/Aug/2022:09:49:53 -0300] "GET /cormun/servlet/permisogoce?d1780caa4a755d53d1c6403c57964fdcfab8ec31a14b9b77ced7c92e6d396d95e398feba1077326997835280aef03e1910b80b449e5bab4fd611c1bab93e548a,gx-no-cache=1661258144833 HTTP/1.1" 200 47
179.57.78.9 - - [23/Aug/2022:09:49:55 -0300] "POST /cormun/servlet/permisogoce?841d4f48e9622f1fc96e7db41c86d425,INS,0,,,,gx-no-cache=1661258146675 HTTP/1.1" 200 93
179.57.78.9 - - [23/Aug/2022:09:49:55 -0300] "GET /cormun/servlet/hpexe_return? HTTP/1.1" 200 1038
179.57.78.9 - - [23/Aug/2022:09:49:55 -0300] "GET /cormun/servlet/trpermisosgoce?gx-no-cache=1661257036985 HTTP/1.1" 200 14221
179.57.78.9 - - [23/Aug/2022:09:49:56 -0300] "GET /cormun/servlet/trpermisosgoce?gx-no-cache=1661257036985 HTTP/1.1" 200 14238
179.57.78.9 - - [23/Aug/2022:09:49:59 -0300] "GET /cormun/servlet/permisogoce?INS,0,,, HTTP/1.1" 200 7258
179.57.78.9 - - [23/Aug/2022:09:50:00 -0300] "GET /cormun/servlet/permisogoce?INS,0,,, HTTP/1.1" 200 7236
179.57.78.9 - - [23/Aug/2022:09:50:08 -0300] "GET /cormun/servlet/permisogoce?d1780caa4a755d53d1c6403c57964fdc096c9cfdd2eb2a8a979f98ad9f59be5f6597c8aedfa856df18725108b4f7308a95f7915ff388c0920ed3c64ef494753d,gx-no-cache=1661258160658 HTTP/1.1" 200 78
179.57.78.9 - - [23/Aug/2022:09:50:17 -0300] "GET /cormun/servlet/permisogoce?d1780caa4a755d53d1c6403c57964fdcb1d8cbc4948a90bb55eb2954ffd7baf51df1232647bf6cdde24572421f46929010b80b449e5bab4fd611c1bab93e548a,gx-no-cache=1661258169041 HTTP/1.1" 200 47
179.57.78.9 - - [23/Aug/2022:09:50:20 -0300] "POST /cormun/servlet/permisogoce?841d4f48e9622f1fc96e7db41c86d425,INS,0,,,,gx-no-cache=1661258171926 HTTP/1.1" 200 93
179.57.78.9 - - [23/Aug/2022:09:50:20 -0300] "GET /cormun/servlet/hpexe_return? HTTP/1.1" 200 1038
179.57.78.9 - - [23/Aug/2022:09:50:20 -0300] "GET /cormun/servlet/trpermisosgoce?gx-no-cache=1661257036985 HTTP/1.1" 200 14423
179.57.78.9 - - [23/Aug/2022:09:50:21 -0300] "GET /cormun/servlet/trpermisosgoce?gx-no-cache=1661257036985 HTTP/1.1" 200 14439
179.57.78.9 - - [23/Aug/2022:09:50:25 -0300] "GET /cormun/servlet/permisogoce?INS,0,,, HTTP/1.1" 200 7258
179.57.78.9 - - [23/Aug/2022:09:50:26 -0300] "GET /cormun/servlet/permisogoce?INS,0,,, HTTP/1.1" 200 7236
179.57.78.9 - - [23/Aug/2022:09:50:33 -0300] "GET /cormun/servlet/permisogoce?d1780caa4a755d53d1c6403c57964fdcbea6cf1bc039d29eefc4eac469c83bfb31b64a23cc2361a3019c4f3d78be45d404adb823bd4df8a887197ba4509d18d2,gx-no-cache=1661258185115 HTTP/1.1" 200 75
179.57.78.9 - - [23/Aug/2022:09:50:40 -0300] "GET /cormun/servlet/permisogoce?d1780caa4a755d53d1c6403c57964fdc9062c9db72b6198dd803159dbb3864b459621d479f9646e8f6f93ff5f068ac078ea0f943970bb9507858a78f29a33a5c,gx-no-cache=1661258192602 HTTP/1.1" 200 47
179.57.78.9 - - [23/Aug/2022:09:50:43 -0300] "POST /cormun/servlet/permisogoce?841d4f48e9622f1fc96e7db41c86d425,INS,0,,,,gx-no-cache=1661258194892 HTTP/1.1" 200 93
179.57.78.9 - - [23/Aug/2022:09:50:43 -0300] "GET /cormun/servlet/hpexe_return? HTTP/1.1" 200 1038
179.57.78.9 - - [23/Aug/2022:09:50:43 -0300] "GET /cormun/servlet/trpermisosgoce?gx-no-cache=1661257036985 HTTP/1.1" 200 14591
179.57.78.9 - - [23/Aug/2022:09:50:44 -0300] "GET /cormun/servlet/trpermisosgoce?gx-no-cache=1661257036985 HTTP/1.1" 200 14608
179.57.78.9 - - [23/Aug/2022:09:50:47 -0300] "GET /cormun/servlet/permisogoce?INS,0,,, HTTP/1.1" 200 7258
179.57.78.9 - - [23/Aug/2022:09:50:48 -0300] "GET /cormun/servlet/permisogoce?INS,0,,, HTTP/1.1" 200 7236
179.57.78.9 - - [23/Aug/2022:09:51:00 -0300] "GET /cormun/servlet/permisogoce?d1780caa4a755d53d1c6403c57964fdcf2cfe014aa4ccdb75e4dd1358a1c27da6597c8aedfa856df18725108b4f7308a95f7915ff388c0920ed3c64ef494753d,gx-no-cache=1661258212722 HTTP/1.1" 200 91
179.57.78.9 - - [23/Aug/2022:09:51:05 -0300] "GET /cormun/servlet/permisogoce?d1780caa4a755d53d1c6403c57964fdc6824cfa749c72e54181bc801ba6e9bbcd5c286f8330272669b18aaac715584d410b80b449e5bab4fd611c1bab93e548a,gx-no-cache=1661258217746 HTTP/1.1" 200 47
179.57.78.9 - - [23/Aug/2022:09:51:08 -0300] "POST /cormun/servlet/permisogoce?841d4f48e9622f1fc96e7db41c86d425,INS,0,,,,gx-no-cache=1661258219900 HTTP/1.1" 200 93
179.57.78.9 - - [23/Aug/2022:09:51:08 -0300] "GET /cormun/servlet/hpexe_return? HTTP/1.1" 200 1038
179.57.78.9 - - [23/Aug/2022:09:51:08 -0300] "GET /cormun/servlet/trpermisosgoce?gx-no-cache=1661257036985 HTTP/1.1" 200 14834
179.57.78.9 - - [23/Aug/2022:09:51:09 -0300] "GET /cormun/servlet/trpermisosgoce?gx-no-cache=1661257036985 HTTP/1.1" 200 14850
179.57.78.9 - - [23/Aug/2022:09:51:15 -0300] "GET /cormun/servlet/permisogoce?INS,0,,, HTTP/1.1" 200 7258
179.57.78.9 - - [23/Aug/2022:09:51:16 -0300] "GET /cormun/servlet/permisogoce?INS,0,,, HTTP/1.1" 200 7236
186.103.157.42 - - [23/Aug/2022:09:51:29 -0300] "GET /cormun/servlet/hlogin HTTP/1.1" 200 1734
186.103.157.42 - - [23/Aug/2022:09:51:29 -0300] "GET /cormun/servlet/hlogin HTTP/1.1" 200 1744
179.57.78.9 - - [23/Aug/2022:09:51:32 -0300] "GET /cormun/servlet/permisogoce?d1780caa4a755d53d1c6403c57964fdc5c4448a587e4b66bb702d082802990836597c8aedfa856df18725108b4f7308a95f7915ff388c0920ed3c64ef494753d,gx-no-cache=1661258244323 HTTP/1.1" 200 226
186.103.157.42 - - [23/Aug/2022:09:51:40 -0300] "POST /cormun/servlet/hlogin?2eee3f85b795b46d754cfc08238a3c15,gx-no-cache=1661258845854 HTTP/1.1" 200 90
186.103.157.42 - - [23/Aug/2022:09:51:40 -0300] "GET /cormun/servlet/hpexe_link HTTP/1.1" 200 958
186.103.157.42 - - [23/Aug/2022:09:51:40 -0300] "GET /cormun/servlet/hhome HTTP/1.1" 200 4377
186.103.157.42 - - [23/Aug/2022:09:51:40 -0300] "GET /cormun/servlet/hhome HTTP/1.1" 200 4375
186.103.157.42 - - [23/Aug/2022:09:51:44 -0300] "GET /cormun/servlet/trlicencias? HTTP/1.1" 200 13421
186.103.157.42 - - [23/Aug/2022:09:51:44 -0300] "GET /cormun/servlet/trlicencias? HTTP/1.1" 200 13418
179.57.78.9 - - [23/Aug/2022:09:51:57 -0300] "GET /cormun/servlet/permisogoce?d1780caa4a755d53d1c6403c57964fdceae0156320b262a4d23a5e20e30da2176597c8aedfa856df18725108b4f7308a95f7915ff388c0920ed3c64ef494753d,gx-no-cache=1661258269577 HTTP/1.1" 200 83
186.103.157.42 - - [23/Aug/2022:09:52:00 -0300] "GET /cormun/servlet/alicenciaprn?15994688,L,20220822000000,PU HTTP/1.1" 200 1547
179.57.78.9 - - [23/Aug/2022:09:52:04 -0300] "GET /cormun/servlet/permisogoce?d1780caa4a755d53d1c6403c57964fdccdaefb3b0ae80f4f868e2569d3bf72f2dfc9ccc9c2f964d51d3e98f5b98472af10b80b449e5bab4fd611c1bab93e548a,gx-no-cache=1661258276393 HTTP/1.1" 200 46
179.57.78.9 - - [23/Aug/2022:09:52:06 -0300] "POST /cormun/servlet/permisogoce?841d4f48e9622f1fc96e7db41c86d425,INS,0,,,,gx-no-cache=1661258278228 HTTP/1.1" 200 93
179.57.78.9 - - [23/Aug/2022:09:52:06 -0300] "GET /cormun/servlet/hpexe_return? HTTP/1.1" 200 1038
179.57.78.9 - - [23/Aug/2022:09:52:07 -0300] "GET /cormun/servlet/trpermisosgoce?gx-no-cache=1661257036985 HTTP/1.1" 200 15064
179.57.78.9 - - [23/Aug/2022:09:52:08 -0300] "GET /cormun/servlet/trpermisosgoce?gx-no-cache=1661257036985 HTTP/1.1" 200 15080
179.57.78.9 - - [23/Aug/2022:09:52:13 -0300] "GET /cormun/servlet/permisogoce?INS,0,,, HTTP/1.1" 200 7258
179.57.78.9 - - [23/Aug/2022:09:52:14 -0300] "GET /cormun/servlet/permisogoce?INS,0,,, HTTP/1.1" 200 7235
179.57.78.9 - - [23/Aug/2022:09:52:22 -0300] "GET /cormun/servlet/permisogoce?d1780caa4a755d53d1c6403c57964fdcfe74ad96fc5cc5e18f132c442383cee86597c8aedfa856df18725108b4f7308a95f7915ff388c0920ed3c64ef494753d,gx-no-cache=1661258294339 HTTP/1.1" 200 77
179.57.78.9 - - [23/Aug/2022:09:52:28 -0300] "GET /cormun/servlet/permisogoce?d1780caa4a755d53d1c6403c57964fdcfc29eeaf47cbc75e2a472e1a5efa9c2a058ab49d4e84d469edab97636d73f1b610b80b449e5bab4fd611c1bab93e548a,gx-no-cache=1661258300073 HTTP/1.1" 200 47
179.57.78.9 - - [23/Aug/2022:09:52:30 -0300] "POST /cormun/servlet/permisogoce?841d4f48e9622f1fc96e7db41c86d425,INS,0,,,,gx-no-cache=1661258302075 HTTP/1.1" 200 93
179.57.78.9 - - [23/Aug/2022:09:52:30 -0300] "GET /cormun/servlet/hpexe_return? HTTP/1.1" 200 1038
179.57.78.9 - - [23/Aug/2022:09:52:31 -0300] "GET /cormun/servlet/trpermisosgoce?gx-no-cache=1661257036985 HTTP/1.1" 200 15267
179.57.78.9 - - [23/Aug/2022:09:52:32 -0300] "GET /cormun/servlet/trpermisosgoce?gx-no-cache=1661257036985 HTTP/1.1" 200 15283
179.57.78.9 - - [23/Aug/2022:09:52:35 -0300] "GET /cormun/servlet/permisogoce?INS,0,,, HTTP/1.1" 200 7257
179.57.78.9 - - [23/Aug/2022:09:52:35 -0300] "GET /cormun/servlet/permisogoce?INS,0,,, HTTP/1.1" 200 7236
192.168.10.96 - - [23/Aug/2022:09:52:41 -0300] "GET /cormun/servlet/hlogin HTTP/1.1" 200 1722
192.168.10.96 - - [23/Aug/2022:09:52:44 -0300] "POST /cormun/servlet/hlogin?6ad333eec1fc921ed2e22f8724dccfc5,gx-no-cache=1661258139788 HTTP/1.1" 200 90
192.168.10.96 - - [23/Aug/2022:09:52:44 -0300] "GET /cormun/servlet/hpexe_link HTTP/1.1" 200 950
192.168.10.96 - - [23/Aug/2022:09:52:44 -0300] "GET /cormun/servlet/hhome HTTP/1.1" 200 3785
192.168.10.96 - - [23/Aug/2022:09:52:44 -0300] "GET /cormun/servlet/hhome HTTP/1.1" 200 3782
179.57.78.9 - - [23/Aug/2022:09:52:46 -0300] "GET /cormun/servlet/permisogoce?d1780caa4a755d53d1c6403c57964fdc355f1d9327b9dd1ed419589fb593720e6597c8aedfa856df18725108b4f7308a95f7915ff388c0920ed3c64ef494753d,gx-no-cache=1661258318149 HTTP/1.1" 200 87
192.168.10.96 - - [23/Aug/2022:09:52:46 -0300] "GET /cormun/servlet/trsolicitudgral? HTTP/1.1" 200 29237
192.168.10.96 - - [23/Aug/2022:09:52:47 -0300] "GET /cormun/servlet/trsolicitudgral? HTTP/1.1" 200 29232
179.57.78.9 - - [23/Aug/2022:09:52:51 -0300] "GET /cormun/servlet/permisogoce?d1780caa4a755d53d1c6403c57964fdc8961d266d99cd81155d6eb9702140ed0197093f1dd286764e358c9bd607ad83810b80b449e5bab4fd611c1bab93e548a,gx-no-cache=1661258323059 HTTP/1.1" 200 47
179.57.78.9 - - [23/Aug/2022:09:52:53 -0300] "POST /cormun/servlet/permisogoce?841d4f48e9622f1fc96e7db41c86d425,INS,0,,,,gx-no-cache=1661258324836 HTTP/1.1" 200 93
179.57.78.9 - - [23/Aug/2022:09:52:53 -0300] "GET /cormun/servlet/hpexe_return? HTTP/1.1" 200 1038
179.57.78.9 - - [23/Aug/2022:09:52:53 -0300] "GET /cormun/servlet/trpermisosgoce?gx-no-cache=1661257036985 HTTP/1.1" 200 15489
192.168.10.96 - - [23/Aug/2022:09:52:54 -0300] "POST /cormun/servlet/trsolicitudgral?6ad333eec1fc921ed2e22f8724dccfc5,,gx-no-cache=1661258149710 HTTP/1.1" 200 7441
179.57.78.9 - - [23/Aug/2022:09:52:54 -0300] "GET /cormun/servlet/trpermisosgoce?gx-no-cache=1661257036985 HTTP/1.1" 200 15505
179.57.78.9 - - [23/Aug/2022:09:52:57 -0300] "GET /cormun/servlet/permisogoce?INS,0,,, HTTP/1.1" 200 7258
179.57.78.9 - - [23/Aug/2022:09:52:58 -0300] "GET /cormun/servlet/permisogoce?INS,0,,, HTTP/1.1" 200 7236
192.168.10.96 - - [23/Aug/2022:09:53:00 -0300] "POST /cormun/servlet/trsolicitudgral?6ad333eec1fc921ed2e22f8724dccfc5,,gx-no-cache=1661258156430 HTTP/1.1" 200 8310
179.57.78.9 - - [23/Aug/2022:09:53:05 -0300] "GET /cormun/servlet/permisogoce?d1780caa4a755d53d1c6403c57964fdcc938c53972a42c60225a8749d1877cb76597c8aedfa856df18725108b4f7308a95f7915ff388c0920ed3c64ef494753d,gx-no-cache=1661258337459 HTTP/1.1" 200 65
179.57.78.9 - - [23/Aug/2022:09:53:09 -0300] "GET /cormun/servlet/permisogoce?d1780caa4a755d53d1c6403c57964fdc0bef70089a13a7601f21b3d7d58ff194a0ca11c85f2c1ffbfe5f2fde728e958d10b80b449e5bab4fd611c1bab93e548a,gx-no-cache=1661258341513 HTTP/1.1" 200 47
179.57.78.9 - - [23/Aug/2022:09:53:11 -0300] "POST /cormun/servlet/permisogoce?841d4f48e9622f1fc96e7db41c86d425,INS,0,,,,gx-no-cache=1661258343315 HTTP/1.1" 200 93
179.57.78.9 - - [23/Aug/2022:09:53:11 -0300] "GET /cormun/servlet/hpexe_return? HTTP/1.1" 200 1038
179.57.78.9 - - [23/Aug/2022:09:53:12 -0300] "GET /cormun/servlet/trpermisosgoce?gx-no-cache=1661257036985 HTTP/1.1" 200 15665
179.57.78.9 - - [23/Aug/2022:09:53:13 -0300] "GET /cormun/servlet/trpermisosgoce?gx-no-cache=1661257036985 HTTP/1.1" 200 15682
192.168.10.96 - - [23/Aug/2022:09:53:13 -0300] "POST /cormun/servlet/trsolicitudgral?6ad333eec1fc921ed2e22f8724dccfc5,,gx-no-cache=1661258168831 HTTP/1.1" 200 8749
179.57.78.9 - - [23/Aug/2022:09:53:16 -0300] "GET /cormun/servlet/permisogoce?INS,0,,, HTTP/1.1" 200 7258
179.57.78.9 - - [23/Aug/2022:09:53:16 -0300] "GET /cormun/servlet/permisogoce?INS,0,,, HTTP/1.1" 200 7236
179.57.78.9 - - [23/Aug/2022:09:53:41 -0300] "GET /cormun/servlet/permisogoce?d1780caa4a755d53d1c6403c57964fdcf5c87505d00174e328eb2c71e23d7e8f6597c8aedfa856df18725108b4f7308a95f7915ff388c0920ed3c64ef494753d,gx-no-cache=1661258373107 HTTP/1.1" 200 75
179.57.78.9 - - [23/Aug/2022:09:53:51 -0300] "GET /cormun/servlet/permisogoce?d1780caa4a755d53d1c6403c57964fdcf07d755e62f5c513a60dd199e66f61df8f26b404b5ac17a285365beac407698e10b80b449e5bab4fd611c1bab93e548a,gx-no-cache=1661258383129 HTTP/1.1" 200 46
179.57.78.9 - - [23/Aug/2022:09:53:55 -0300] "POST /cormun/servlet/permisogoce?841d4f48e9622f1fc96e7db41c86d425,INS,0,,,,gx-no-cache=1661258386619 HTTP/1.1" 200 93
179.57.78.9 - - [23/Aug/2022:09:53:55 -0300] "GET /cormun/servlet/hpexe_return? HTTP/1.1" 200 1038
179.57.78.9 - - [23/Aug/2022:09:53:55 -0300] "GET /cormun/servlet/trpermisosgoce?gx-no-cache=1661257036985 HTTP/1.1" 200 15906
179.57.78.9 - - [23/Aug/2022:09:53:56 -0300] "GET /cormun/servlet/trpermisosgoce?gx-no-cache=1661257036985 HTTP/1.1" 200 15922
179.57.78.9 - - [23/Aug/2022:09:53:59 -0300] "GET /cormun/servlet/permisogoce?INS,0,,, HTTP/1.1" 200 7258
179.57.78.9 - - [23/Aug/2022:09:54:00 -0300] "GET /cormun/servlet/permisogoce?INS,0,,, HTTP/1.1" 200 7236
179.57.78.9 - - [23/Aug/2022:09:54:09 -0300] "GET /cormun/servlet/permisogoce?d1780caa4a755d53d1c6403c57964fdc5a2c8fd11e80766c60ccf9e6c47b649c6597c8aedfa856df18725108b4f7308a95f7915ff388c0920ed3c64ef494753d,gx-no-cache=1661258401434 HTTP/1.1" 200 86
179.57.78.9 - - [23/Aug/2022:09:54:14 -0300] "GET /cormun/servlet/permisogoce?d1780caa4a755d53d1c6403c57964fdc69a2a474c0e3c51cf67fa7162d2ff93c6065409c1ca76ccc3a9142b2a150aa8310b80b449e5bab4fd611c1bab93e548a,gx-no-cache=1661258406634 HTTP/1.1" 200 47
179.57.78.9 - - [23/Aug/2022:09:54:17 -0300] "POST /cormun/servlet/permisogoce?841d4f48e9622f1fc96e7db41c86d425,INS,0,,,,gx-no-cache=1661258408556 HTTP/1.1" 200 93
179.57.78.9 - - [23/Aug/2022:09:54:17 -0300] "GET /cormun/servlet/hpexe_return? HTTP/1.1" 200 1038
179.57.78.9 - - [23/Aug/2022:09:54:17 -0300] "GET /cormun/servlet/trpermisosgoce?gx-no-cache=1661257036985 HTTP/1.1" 200 16114
179.57.78.9 - - [23/Aug/2022:09:54:18 -0300] "GET /cormun/servlet/trpermisosgoce?gx-no-cache=1661257036985 HTTP/1.1" 200 16133
179.57.78.9 - - [23/Aug/2022:09:54:44 -0300] "GET /cormun/servlet/trpermisosadjuntos?7324314,20220823083110,P, HTTP/1.1" 200 6682
179.57.78.9 - - [23/Aug/2022:09:54:45 -0300] "GET /cormun/servlet/trpermisosadjuntos?7324314,20220823083110,P, HTTP/1.1" 200 6660
179.57.78.9 - - [23/Aug/2022:09:54:47 -0300] "GET /cormun/servlet/permisosadjuntos?INS,7324314,P,20220823083110,, HTTP/1.1" 200 5987
179.57.78.9 - - [23/Aug/2022:09:54:47 -0300] "GET /cormun/static/about:blank HTTP/1.1" 404 1011
179.57.78.9 - - [23/Aug/2022:09:54:48 -0300] "GET /cormun/servlet/permisosadjuntos?INS,7324314,P,20220823083110,, HTTP/1.1" 200 5977
181.212.42.153 - - [23/Aug/2022:09:54:59 -0300] "GET /cormun/servlet/trpermisosgoce? HTTP/1.1" 200 14817
181.212.42.153 - - [23/Aug/2022:09:54:59 -0300] "GET /cormun/servlet/trpermisosgoce? HTTP/1.1" 200 14817
181.212.42.153 - - [23/Aug/2022:09:55:01 -0300] "GET /cormun/servlet/permisogoce?INS,0,,, HTTP/1.1" 200 6829
181.212.42.153 - - [23/Aug/2022:09:55:01 -0300] "GET /cormun/static/gxcfg.js?20201215124560 HTTP/1.1" 200 953
181.212.42.153 - - [23/Aug/2022:09:55:01 -0300] "GET /cormun/static/permisogoce.js?20201215124939 HTTP/1.1" 200 27919
181.212.42.153 - - [23/Aug/2022:09:55:01 -0300] "GET /cormun/static/Resources/prompt.gif HTTP/1.1" 200 902
181.212.42.153 - - [23/Aug/2022:09:55:01 -0300] "GET /cormun/static/Resources/PXToolsButtonRight.png HTTP/1.1" 200 1294
181.212.42.153 - - [23/Aug/2022:09:55:01 -0300] "GET /cormun/static/Resources/PXToolsButtonLeft.png HTTP/1.1" 200 1310
181.212.42.153 - - [23/Aug/2022:09:55:01 -0300] "GET /cormun/static/Resources/PXToolsButtonBackground.png HTTP/1.1" 200 1176
181.212.42.153 - - [23/Aug/2022:09:55:01 -0300] "GET /cormun/servlet/permisogoce?INS,0,,, HTTP/1.1" 200 6829
190.171.143.106 - - [23/Aug/2022:09:55:03 -0300] "GET /cormun/servlet/hlogin HTTP/1.1" 200 1728
190.171.143.106 - - [23/Aug/2022:09:55:04 -0300] "GET /cormun/servlet/hlogin HTTP/1.1" 200 1738
190.171.143.106 - - [23/Aug/2022:09:55:06 -0300] "POST /cormun/servlet/hlogin?72eab4f5ccade9d142da346177a25b8e,gx-no-cache=1661258458974 HTTP/1.1" 200 90
190.171.143.106 - - [23/Aug/2022:09:55:06 -0300] "GET /cormun/servlet/hpexe_link HTTP/1.1" 200 953
190.171.143.106 - - [23/Aug/2022:09:55:06 -0300] "GET /cormun/servlet/hhome HTTP/1.1" 200 3972
190.171.143.106 - - [23/Aug/2022:09:55:06 -0300] "GET /cormun/servlet/hhome HTTP/1.1" 200 3968
181.212.42.153 - - [23/Aug/2022:09:55:07 -0300] "GET /cormun/servlet/permisogoce?433dbc1e275bf852958c6dc00cef3bc83062311bce08b0a4874de9eb5740c7deab452373e876ec237c79983ec7cff019c3186fc46adf988a28787773d9558caf,gx-no-cache=1661258611445 HTTP/1.1" 200 79
181.212.42.153 - - [23/Aug/2022:09:55:09 -0300] "GET /cormun/static/menuarrow.gif HTTP/1.1" 404 1015
190.171.143.106 - - [23/Aug/2022:09:55:10 -0300] "GET /cormun/servlet/trlicencias? HTTP/1.1" 200 12332
190.171.143.106 - - [23/Aug/2022:09:55:11 -0300] "GET /cormun/servlet/trlicencias? HTTP/1.1" 200 12330
179.57.78.9 - - [23/Aug/2022:09:55:13 -0300] "POST /cormun/servlet/permisosadjuntos?841d4f48e9622f1fc96e7db41c86d425,INS,7324314,P,20220823083110,, HTTP/1.1" 200 116
179.57.78.9 - - [23/Aug/2022:09:55:13 -0300] "GET /cormun/servlet/hpexe_return? HTTP/1.1" 200 1044
181.212.42.153 - - [23/Aug/2022:09:55:14 -0300] "GET /cormun/servlet/permisogoce?433dbc1e275bf852958c6dc00cef3bc876b6646988e36b817ea6e994512c615b40bebf4719f10eb24ef6be27c8ef173127ab29aeacd96e4a93ab45e33bd1c8ea,gx-no-cache=1661258617909 HTTP/1.1" 200 47
179.57.78.9 - - [23/Aug/2022:09:55:14 -0300] "GET /cormun/servlet/trpermisosadjuntos?7324314,20220823083110,P, HTTP/1.1" 200 7162
179.57.78.9 - - [23/Aug/2022:09:55:15 -0300] "GET /cormun/servlet/trpermisosadjuntos?7324314,20220823083110,P, HTTP/1.1" 200 7160
181.212.42.153 - - [23/Aug/2022:09:55:15 -0300] "POST /cormun/servlet/permisogoce?fa309805ef0e96dc359383ec6e99ad2d,INS,0,,,,gx-no-cache=1661258618685 HTTP/1.1" 200 93
181.212.42.153 - - [23/Aug/2022:09:55:15 -0300] "GET /cormun/servlet/hpexe_return? HTTP/1.1" 200 1012
181.212.42.153 - - [23/Aug/2022:09:55:15 -0300] "GET /cormun/static/gxcfg.js?201991422392976 HTTP/1.1" 200 953
181.212.42.153 - - [23/Aug/2022:09:55:15 -0300] "GET /cormun/static/hpexe_return.js?201991422392984 HTTP/1.1" 200 1633
181.212.42.153 - - [23/Aug/2022:09:55:15 -0300] "GET /cormun/servlet/trpermisosgoce HTTP/1.1" 200 15044
181.212.42.153 - - [23/Aug/2022:09:55:15 -0300] "GET /cormun/static/Resources/PXToolsGridFirstDisabled.gif HTTP/1.1" 200 100
181.212.42.153 - - [23/Aug/2022:09:55:15 -0300] "GET /cormun/static/Resources/PXToolsGridPreviousDisabled.gif HTTP/1.1" 200 90
181.212.42.153 - - [23/Aug/2022:09:55:15 -0300] "GET /cormun/static/Resources/PXToolsGridNextDisabled.gif HTTP/1.1" 200 90
181.212.42.153 - - [23/Aug/2022:09:55:15 -0300] "GET /cormun/static/Resources/PXToolsGridLastDisabled.gif HTTP/1.1" 200 98
181.212.42.153 - - [23/Aug/2022:09:55:15 -0300] "GET /cormun/static/Resources/PXToolsActionExcel.png HTTP/1.1" 200 727
181.212.42.153 - - [23/Aug/2022:09:55:15 -0300] "GET /cormun/static/Resources/PXToolsAddAllAction.png HTTP/1.1" 200 495
181.212.42.153 - - [23/Aug/2022:09:55:15 -0300] "GET /cormun/static/Resources/PXToolsGridPage.gif HTTP/1.1" 200 725
181.212.42.153 - - [23/Aug/2022:09:55:15 -0300] "GET /cormun//static/Resources/PXToolsHeaderHelp.png HTTP/1.1" 200 1333
181.212.42.153 - - [23/Aug/2022:09:55:15 -0300] "GET /cormun//static/Resources/PXToolsActionPrint.png HTTP/1.1" 200 404
181.212.42.153 - - [23/Aug/2022:09:55:15 -0300] "GET /cormun//static/Resources/PXToolsGridDisplay.png HTTP/1.1" 200 525
