190.171.143.82 - - [23/Aug/2022:13:06:28 -0300] "POST /cormun/servlet/hlogin?8b56ce7cc9bf5a3d5b4738278ccdca98,gx-no-cache=1661269938822 HTTP/1.1" 440 972
186.67.172.234 - - [23/Aug/2022:13:06:28 -0300] "GET /cormun/servlet/licenciaspermisos?INS,0,,, HTTP/1.1" 200 7987
186.67.172.234 - - [23/Aug/2022:13:06:28 -0300] "GET /cormun/static/gxcfg.js?202012153173 HTTP/1.1" 200 953
186.67.172.234 - - [23/Aug/2022:13:06:28 -0300] "GET /cormun/static/Resources/prompt.gif HTTP/1.1" 200 902
186.67.172.234 - - [23/Aug/2022:13:06:28 -0300] "GET /cormun/static/licenciaspermisos.js?2020121532136 HTTP/1.1" 200 38824
186.67.172.234 - - [23/Aug/2022:13:06:29 -0300] "GET /cormun/servlet/licenciaspermisos?INS,0,,, HTTP/1.1" 200 7996
190.171.143.82 - - [23/Aug/2022:13:06:31 -0300] "GET /cormun/servlet/hlogin HTTP/1.1" 200 1733
190.171.143.82 - - [23/Aug/2022:13:06:37 -0300] "POST /cormun/servlet/hlogin?8aa0335e3ea6e08a913005832e178023,gx-no-cache=1661269947898 HTTP/1.1" 200 90
190.171.143.82 - - [23/Aug/2022:13:06:37 -0300] "GET /cormun/servlet/hpexe_link HTTP/1.1" 200 950
190.171.143.82 - - [23/Aug/2022:13:06:37 -0300] "GET /cormun/servlet/hhome HTTP/1.1" 200 4357
186.67.172.234 - - [23/Aug/2022:13:06:38 -0300] "GET /cormun/static/Resources/resize.gif HTTP/1.1" 200 77
186.67.172.234 - - [23/Aug/2022:13:06:38 -0300] "GET /cormun/static/Resources/PXTools/ClosePrompt.png HTTP/1.1" 200 1036
186.67.172.234 - - [23/Aug/2022:13:06:39 -0300] "GET /cormun/servlet/prfichaempleado?,MD,,gxPopupLevel%3D0%3B HTTP/1.1" 200 9417
186.67.172.234 - - [23/Aug/2022:13:06:39 -0300] "GET /cormun/static/gxcfg.js?20201215571085 HTTP/1.1" 200 953
186.67.172.234 - - [23/Aug/2022:13:06:39 -0300] "GET /cormun/static/prfichaempleado.js?20201215572193 HTTP/1.1" 200 16006
190.171.143.82 - - [23/Aug/2022:13:06:39 -0300] "GET /cormun/servlet/hhome HTTP/1.1" 200 4356
186.67.172.234 - - [23/Aug/2022:13:06:39 -0300] "GET /cormun/static/menusearch.js?20201214473581 HTTP/1.1" 200 1424
186.67.172.234 - - [23/Aug/2022:13:06:39 -0300] "GET /cormun/static/hmpwkw011.js?20201215495555 HTTP/1.1" 200 1968
186.67.172.234 - - [23/Aug/2022:13:06:39 -0300] "GET /cormun/static/Resources/PXToolsMenuSearch.png HTTP/1.1" 200 336
186.67.172.234 - - [23/Aug/2022:13:06:39 -0300] "GET /cormun/static/Resources/PXToolsMenuSearchCancel.png HTTP/1.1" 200 306
186.103.157.42 - - [23/Aug/2022:13:06:41 -0300] "GET /cormun/servlet/trautorizarpermisogoce? HTTP/1.1" 200 8059
186.67.172.234 - - [23/Aug/2022:13:06:41 -0300] "GET /cormun/servlet/licenciaspermisos?cda4731ee7a326653b61420e873922bc13d6b00488c07892a7eea881200aff4bb702dda40b81f3e127a37145d1d9e0f0ffbdce68509c85f384afd76b45ec078c,gx-no-cache=1661269954626 HTTP/1.1" 200 97
186.67.172.234 - - [23/Aug/2022:13:06:41 -0300] "POST /cormun/servlet/licenciaspermisos?943fd56bc58413fbf8cd5257c47696d2,INS,0,,,,gx-no-cache=1661269954652 HTTP/1.1" 200 5108
186.103.157.42 - - [23/Aug/2022:13:06:44 -0300] "GET /cormun/servlet/trautorizarpermisogoce? HTTP/1.1" 200 8059
190.171.143.82 - - [23/Aug/2022:13:06:53 -0300] "GET /cormun/servlet/trlicencias? HTTP/1.1" 200 11745
190.171.143.82 - - [23/Aug/2022:13:06:55 -0300] "GET /cormun/servlet/trlicencias? HTTP/1.1" 200 11743
190.171.143.82 - - [23/Aug/2022:13:06:55 -0300] "GET /cormun//static/Resources/PXTools/ActionInsert.png HTTP/1.1" 200 1482
190.171.143.82 - - [23/Aug/2022:13:06:55 -0300] "GET /cormun//static/Resources/PXToolsActionPrint.png HTTP/1.1" 200 404
190.171.134.178 - - [23/Aug/2022:13:06:56 -0300] "GET /cormun/servlet/solicitudot?f8fcb59492c9575d094f6c5a39458069c594676bbe7468ff5df842410d6cb037,gx-no-cache=1661270434002 HTTP/1.1" 200 94
190.171.134.178 - - [23/Aug/2022:13:06:57 -0300] "GET /cormun/static/Shared/jqueryui/images/ui-icons_82798d_256x240.png HTTP/1.1" 404 1089
190.171.134.178 - - [23/Aug/2022:13:06:57 -0300] "GET /cormun/static/Shared/jqueryui/images/ui-bg_highlight-soft_100_c6c2c8_1x100.png HTTP/1.1" 404 1117
190.171.134.178 - - [23/Aug/2022:13:06:57 -0300] "GET /cormun/static/Shared/jqueryui/images/ui-icons_ebccce_256x240.png HTTP/1.1" 404 1089
190.171.134.178 - - [23/Aug/2022:13:06:57 -0300] "GET /cormun/static/Shared/jqueryui/images/ui-bg_flat_55_994d53_40x100.png HTTP/1.1" 404 1097
186.103.157.42 - - [23/Aug/2022:13:06:57 -0300] "POST /cormun/servlet/trautorizarpermisogoce?b221649741edd5b2b14248706d56ea71,,gx-no-cache=1661270563329 HTTP/1.1" 200 4528
190.171.143.82 - - [23/Aug/2022:13:06:58 -0300] "POST /cormun/servlet/trlicencias?8aa0335e3ea6e08a913005832e178023,,gx-no-cache=1661269969189 HTTP/1.1" 200 9198
186.67.172.234 - - [23/Aug/2022:13:06:59 -0300] "GET /cormun/static/menuarrow.gif HTTP/1.1" 404 1015
190.171.143.82 - - [23/Aug/2022:13:06:59 -0300] "POST /cormun/servlet/trlicencias?8aa0335e3ea6e08a913005832e178023,,gx-no-cache=1661269970581 HTTP/1.1" 200 9198
186.103.157.42 - - [23/Aug/2022:13:07:04 -0300] "POST /cormun/servlet/trautorizarpermisogoce?b221649741edd5b2b14248706d56ea71,,gx-no-cache=1661270570318 HTTP/1.1" 200 90
186.103.157.42 - - [23/Aug/2022:13:07:04 -0300] "GET /cormun/servlet/hpexe_link HTTP/1.1" 200 990
186.103.157.42 - - [23/Aug/2022:13:07:04 -0300] "GET /cormun/servlet/trpermisosgoce?gx-no-cache=1661270499898 HTTP/1.1" 200 17717
186.103.157.42 - - [23/Aug/2022:13:07:05 -0300] "GET /cormun/servlet/trpermisosgoce?gx-no-cache=1661270499898 HTTP/1.1" 200 17731
190.171.143.82 - - [23/Aug/2022:13:07:08 -0300] "GET /cormun/servlet/trpermisosgoce? HTTP/1.1" 200 13521
190.171.143.82 - - [23/Aug/2022:13:07:09 -0300] "GET /cormun/servlet/trpermisosgoce? HTTP/1.1" 200 13521
190.171.143.82 - - [23/Aug/2022:13:07:20 -0300] "POST /cormun/servlet/trpermisosgoce?8aa0335e3ea6e08a913005832e178023,,gx-no-cache=1661269991267 HTTP/1.1" 200 10636
190.171.143.82 - - [23/Aug/2022:13:07:22 -0300] "POST /cormun/servlet/trpermisosgoce?8aa0335e3ea6e08a913005832e178023,,gx-no-cache=1661269992750 HTTP/1.1" 200 10633
190.171.143.82 - - [23/Aug/2022:13:07:26 -0300] "GET /cormun/servlet/permisogoce?INS,0,,, HTTP/1.1" 200 7254
190.171.143.82 - - [23/Aug/2022:13:07:27 -0300] "GET /cormun/servlet/permisogoce?INS,0,,, HTTP/1.1" 200 7254
186.103.157.42 - - [23/Aug/2022:13:07:52 -0300] "GET /cormun/servlet/permisogoce?INS,0,,, HTTP/1.1" 200 7292
186.103.157.42 - - [23/Aug/2022:13:07:56 -0300] "GET /cormun/servlet/permisogoce?INS,0,,, HTTP/1.1" 200 7268
157.55.39.27 - - [23/Aug/2022:13:07:57 -0300] "GET /cormun/servlet/licenciaspermisos?DSP,19018910,L,20220710000000,_escaped_fragment_%3D HTTP/1.1" 200 6074
190.171.143.82 - - [23/Aug/2022:13:08:02 -0300] "GET /cormun/servlet/permisogoce?bfe7a2116154b69ce0c3a60420669ba4818c2319a498739bda930bb343777f796a1df0f80147186ee7d8553e92cf32d5bf320b78bad151d8c2fbcf4398b7855d,gx-no-cache=1661270033255 HTTP/1.1" 200 226
190.171.143.82 - - [23/Aug/2022:13:08:02 -0300] "GET /cormun/static/Shared/jqueryui/images/ui-bg_highlight-soft_100_c6c2c8_1x100.png HTTP/1.1" 404 1117
190.171.143.82 - - [23/Aug/2022:13:08:02 -0300] "GET /cormun/static/Shared/jqueryui/images/ui-icons_82798d_256x240.png HTTP/1.1" 404 1089
190.171.143.82 - - [23/Aug/2022:13:08:02 -0300] "GET /cormun/static/Shared/jqueryui/images/ui-bg_flat_55_994d53_40x100.png HTTP/1.1" 404 1097
190.171.143.82 - - [23/Aug/2022:13:08:02 -0300] "GET /cormun/static/Shared/jqueryui/images/ui-icons_ebccce_256x240.png HTTP/1.1" 404 1089
190.171.143.82 - - [23/Aug/2022:13:08:18 -0300] "GET /cormun/servlet/permisogoce?bfe7a2116154b69ce0c3a60420669ba4de93fecf9a7d4464b5bc85d4970a60306a1df0f80147186ee7d8553e92cf32d5bf320b78bad151d8c2fbcf4398b7855d,gx-no-cache=1661270049084 HTTP/1.1" 200 74
190.171.143.82 - - [23/Aug/2022:13:08:18 -0300] "GET /cormun/static/menuarrow.gif HTTP/1.1" 404 1015
186.103.157.42 - - [23/Aug/2022:13:08:19 -0300] "GET /cormun/servlet/permisogoce?7c77e42ed04520491753c28f54c7486d77361b16821e30399ed59015175e3e0d9672520a9d2cd3ef30a214ced9b2dec56bd4ba3fa3ba38775c0f1e10111729c2,gx-no-cache=1661270646152 HTTP/1.1" 200 86
186.103.157.42 - - [23/Aug/2022:13:08:19 -0300] "GET /cormun/static/menuarrow.gif HTTP/1.1" 404 1015
186.103.157.42 - - [23/Aug/2022:13:08:31 -0300] "GET /cormun/servlet/permisogoce?7c77e42ed04520491753c28f54c7486df9952c7f6ebe3fef3799e2f6b6f92c3e64d5c0ddfae115acad8d80901c19961d595288470e367c46cc2234cc6c4cab36,gx-no-cache=1661270657981 HTTP/1.1" 200 47
186.103.157.42 - - [23/Aug/2022:13:08:37 -0300] "POST /cormun/servlet/permisogoce?b221649741edd5b2b14248706d56ea71,INS,0,,,,gx-no-cache=1661270663609 HTTP/1.1" 200 93
186.103.157.42 - - [23/Aug/2022:13:08:37 -0300] "GET /cormun/servlet/hpexe_return? HTTP/1.1" 200 1035
186.103.157.42 - - [23/Aug/2022:13:08:38 -0300] "GET /cormun/servlet/trpermisosgoce?gx-no-cache=1661270499898 HTTP/1.1" 200 17919
186.103.157.42 - - [23/Aug/2022:13:08:38 -0300] "GET /cormun/servlet/trpermisosgoce?gx-no-cache=1661270499898 HTTP/1.1" 200 17935
186.103.157.42 - - [23/Aug/2022:13:08:50 -0300] "GET /cormun/servlet/trpermisosadjuntos?14524948,20220823115048,P, HTTP/1.1" 200 6716
186.103.157.42 - - [23/Aug/2022:13:08:50 -0300] "GET /cormun/servlet/trpermisosadjuntos?14524948,20220823115048,P, HTTP/1.1" 200 6694
186.103.157.42 - - [23/Aug/2022:13:08:52 -0300] "GET /cormun/servlet/permisosadjuntos?INS,14524948,P,20220823115048,, HTTP/1.1" 200 6017
186.103.157.42 - - [23/Aug/2022:13:08:52 -0300] "GET /cormun/static/about:blank HTTP/1.1" 404 1011
186.103.157.42 - - [23/Aug/2022:13:08:52 -0300] "GET /cormun/servlet/permisosadjuntos?INS,14524948,P,20220823115048,, HTTP/1.1" 200 6007
190.171.143.82 - - [23/Aug/2022:13:09:04 -0300] "GET /cormun/servlet/permisogoce?bfe7a2116154b69ce0c3a60420669ba40d4a4fd952d3220170ceb988f9f325e7c3e662dedfb9ba46df0f3185644fe2d5b144da1ba9e2c63c67ffa3913896c727,gx-no-cache=1661270095319 HTTP/1.1" 200 47
190.171.143.82 - - [23/Aug/2022:13:09:07 -0300] "POST /cormun/servlet/permisogoce?8aa0335e3ea6e08a913005832e178023,INS,0,,,,gx-no-cache=1661270097920 HTTP/1.1" 200 93
190.171.143.82 - - [23/Aug/2022:13:09:07 -0300] "GET /cormun/servlet/hpexe_return? HTTP/1.1" 200 1008
190.171.143.82 - - [23/Aug/2022:13:09:08 -0300] "GET /cormun/servlet/trpermisosgoce? HTTP/1.1" 200 13758
186.103.157.42 - - [23/Aug/2022:13:09:08 -0300] "POST /cormun/servlet/permisosadjuntos?b221649741edd5b2b14248706d56ea71,INS,14524948,P,20220823115048,, HTTP/1.1" 200 116
186.103.157.42 - - [23/Aug/2022:13:09:08 -0300] "GET /cormun/servlet/hpexe_return? HTTP/1.1" 200 1039
186.103.157.42 - - [23/Aug/2022:13:09:08 -0300] "GET /cormun/servlet/trpermisosadjuntos?14524948,20220823115048,P, HTTP/1.1" 200 7209
186.103.157.42 - - [23/Aug/2022:13:09:09 -0300] "GET /cormun/servlet/trpermisosadjuntos?14524948,20220823115048,P, HTTP/1.1" 200 7206
190.171.143.82 - - [23/Aug/2022:13:09:09 -0300] "GET /cormun/servlet/trpermisosgoce? HTTP/1.1" 200 13754
190.171.143.82 - - [23/Aug/2022:13:09:13 -0300] "POST /cormun/servlet/trpermisosgoce?8aa0335e3ea6e08a913005832e178023,,gx-no-cache=1661270103788 HTTP/1.1" 200 10889
186.103.157.42 - - [23/Aug/2022:13:09:13 -0300] "POST /cormun/servlet/trpermisosadjuntos?b221649741edd5b2b14248706d56ea71,14524948,20220823115048,P,,gx-no-cache=1661270699920 HTTP/1.1" 200 90
186.103.157.42 - - [23/Aug/2022:13:09:13 -0300] "GET /cormun/servlet/hpexe_link HTTP/1.1" 200 1007
186.103.157.42 - - [23/Aug/2022:13:09:14 -0300] "GET /cormun/servlet/trpermisosgoce?gx-no-cache=1661270499898 HTTP/1.1" 200 17913
186.103.157.42 - - [23/Aug/2022:13:09:14 -0300] "GET /cormun/servlet/trpermisosgoce?gx-no-cache=1661270499898 HTTP/1.1" 200 17937
190.171.134.178 - - [23/Aug/2022:13:09:17 -0300] "POST /cormun/servlet/solicitudot?0a0adbde3daf07d928e95c5da2ee3d57,INS,0,0,false,,gx-no-cache=1661270574595 HTTP/1.1" 200 12824
190.171.143.82 - - [23/Aug/2022:13:09:19 -0300] "GET /cormun/servlet/permisogoce?INS,0,,, HTTP/1.1" 200 7254
190.171.143.82 - - [23/Aug/2022:13:09:21 -0300] "GET /cormun/servlet/permisogoce?INS,0,,, HTTP/1.1" 200 7255
186.67.172.234 - - [23/Aug/2022:13:09:22 -0300] "GET /cormun/servlet/licenciaspermisos?cda4731ee7a326653b61420e873922bc9709b92ace94730a673f16a0bc5a2fb99ca0fe8cc073d22c06da08218e6a5811d9596f12c66f0b3db94c522ae52bee14755a71cc230c383352323c14bcda5f14e78dc3d6e9dd40d46a83f9359464e36656e4fec43db889ea2da2df05df03240f8430632a193fa65288c4983185235b3652a34da0798f3054bba870afb86c8e85a26d5ca19e91f4f478c59f4d5b34c5aface3400aa021fed46cf52857738910f3,gx-no-cache=1661270115261 HTTP/1.1" 200 30
186.67.172.234 - - [23/Aug/2022:13:09:22 -0300] "GET /cormun/servlet/licenciaspermisos?cda4731ee7a326653b61420e873922bc25e0f3e9a76c0dc44d1a99d79a9e59551925e178fb68bd2acd8c40c956137fc1898f9ef022c490e126859fde609327253747faca5ed924c1d2edfc0e304d6f4bac6dce3df294037e2f1323994bf88351b3b34d1db344a4166ff2f2f9514c9dda8cc2ba613ee74339fbf73c381e38ebf4d86c2b23036e49567533749bcd36870ae93e950d6865c6385afc0e6cf9c82980d2ff5f2e43c9d683505a68716dabbc77,gx-no-cache=1661270115404 HTTP/1.1" 200 29
186.103.157.42 - - [23/Aug/2022:13:09:23 -0300] "GET /cormun/servlet/trautorizarpermisogoce? HTTP/1.1" 200 7232
186.67.172.234 - - [23/Aug/2022:13:09:23 -0300] "POST /cormun/servlet/licenciaspermisos?943fd56bc58413fbf8cd5257c47696d2,INS,0,,,,gx-no-cache=1661270115492 HTTP/1.1" 200 93
186.67.172.234 - - [23/Aug/2022:13:09:23 -0300] "GET /cormun/servlet/hpexe_return? HTTP/1.1" 200 1020
186.67.172.234 - - [23/Aug/2022:13:09:23 -0300] "GET /cormun/static/gxcfg.js?201991422392976 HTTP/1.1" 200 953
186.67.172.234 - - [23/Aug/2022:13:09:23 -0300] "GET /cormun/static/hpexe_return.js?201991422392984 HTTP/1.1" 200 1633
186.103.157.42 - - [23/Aug/2022:13:09:23 -0300] "GET /cormun/servlet/trautorizarpermisogoce? HTTP/1.1" 200 7209
186.67.172.234 - - [23/Aug/2022:13:09:23 -0300] "GET /cormun/servlet/trlicencias HTTP/1.1" 200 16245
186.67.172.234 - - [23/Aug/2022:13:09:23 -0300] "GET /cormun//static/Resources/PXToolsGridUpdate.png HTTP/1.1" 200 470
186.67.172.234 - - [23/Aug/2022:13:09:23 -0300] "GET /cormun//static/Resources/PXToolsGridDelete.png HTTP/1.1" 200 538
186.67.172.234 - - [23/Aug/2022:13:09:23 -0300] "GET /cormun/servlet/trlicencias HTTP/1.1" 200 16240
186.67.172.234 - - [23/Aug/2022:13:09:29 -0300] "GET /cormun/servlet/trlicenciaspermisosadjuntos?8758448,20220823000000,L, HTTP/1.1" 200 6743
186.67.172.234 - - [23/Aug/2022:13:09:29 -0300] "GET /cormun/static/gxui/gxui-all.css?110300 HTTP/1.1" 200 2179
186.67.172.234 - - [23/Aug/2022:13:09:29 -0300] "GET /cormun/static/gxcfg.js?201991422445549 HTTP/1.1" 200 953
186.67.172.234 - - [23/Aug/2022:13:09:29 -0300] "GET /cormun/static/calendar-system.css?75620 HTTP/1.1" 200 5572
186.67.172.234 - - [23/Aug/2022:13:09:29 -0300] "GET /cormun/static/trlicenciaspermisosadjuntos.js?20199142244593 HTTP/1.1" 200 21036
186.67.172.234 - - [23/Aug/2022:13:09:29 -0300] "GET /cormun/static/Shared/ext/resources/css/ext-all.css?205870 HTTP/1.1" 200 416045
186.67.172.234 - - [23/Aug/2022:13:09:30 -0300] "GET /cormun/servlet/trlicenciaspermisosadjuntos?8758448,20220823000000,L, HTTP/1.1" 200 6761
186.103.157.42 - - [23/Aug/2022:13:09:31 -0300] "GET /cormun/servlet/trpermisosgoce? HTTP/1.1" 200 17919
186.67.172.234 - - [23/Aug/2022:13:09:31 -0300] "GET /cormun/servlet/licenciaspermisosadjuntos?INS,8758448,L,20220823000000,, HTTP/1.1" 200 6031
186.67.172.234 - - [23/Aug/2022:13:09:31 -0300] "GET /cormun/static/gxcfg.js?20201215114875 HTTP/1.1" 200 953
186.67.172.234 - - [23/Aug/2022:13:09:31 -0300] "GET /cormun/static/licenciaspermisosadjuntos.js?20201215114932 HTTP/1.1" 200 8760
186.67.172.234 - - [23/Aug/2022:13:09:31 -0300] "GET /cormun/static/about:blank HTTP/1.1" 404 1011
186.67.172.234 - - [23/Aug/2022:13:09:32 -0300] "GET /cormun/servlet/licenciaspermisosadjuntos?INS,8758448,L,20220823000000,, HTTP/1.1" 200 6020
186.103.157.42 - - [23/Aug/2022:13:09:32 -0300] "GET /cormun/servlet/trpermisosgoce? HTTP/1.1" 200 17909
186.103.157.42 - - [23/Aug/2022:13:09:36 -0300] "POST /cormun/servlet/trpermisosgoce?b221649741edd5b2b14248706d56ea71,,gx-no-cache=1661270722379 HTTP/1.1" 200 15099
186.103.157.42 - - [23/Aug/2022:13:09:44 -0300] "GET /cormun/servlet/trautorizarpermisogoce? HTTP/1.1" 200 8043
186.103.157.42 - - [23/Aug/2022:13:09:44 -0300] "GET /cormun/servlet/trautorizarpermisogoce? HTTP/1.1" 200 8043
190.171.143.82 - - [23/Aug/2022:13:09:50 -0300] "GET /cormun/servlet/permisogoce?bfe7a2116154b69ce0c3a60420669ba4ef779992982a8df72a146434b940afd0591aa9f81eb0a0b68cad2582132764864ab3658f627ec1c32290938155a81042,gx-no-cache=1661270141196 HTTP/1.1" 200 79
190.171.143.82 - - [23/Aug/2022:13:09:50 -0300] "GET /cormun/static/menuarrow.gif HTTP/1.1" 404 1015
186.103.157.42 - - [23/Aug/2022:13:09:51 -0300] "GET /cormun/servlet/trautorizarpermisogoce? HTTP/1.1" 200 8043
186.103.157.42 - - [23/Aug/2022:13:09:52 -0300] "GET /cormun/servlet/trautorizarpermisogoce? HTTP/1.1" 200 8043
186.67.172.234 - - [23/Aug/2022:13:09:52 -0300] "POST /cormun/servlet/licenciaspermisosadjuntos?943fd56bc58413fbf8cd5257c47696d2,INS,8758448,L,20220823000000,, HTTP/1.1" 200 116
186.67.172.234 - - [23/Aug/2022:13:09:52 -0300] "GET /cormun/servlet/hpexe_return? HTTP/1.1" 200 1050
186.67.172.234 - - [23/Aug/2022:13:09:52 -0300] "GET /cormun/servlet/trlicenciaspermisosadjuntos?8758448,20220823000000,L, HTTP/1.1" 200 7295
200.54.100.179 - - [23/Aug/2022:13:09:52 -0300] "GET /cormun/servlet/hlogin HTTP/1.1" 200 1730
186.67.172.234 - - [23/Aug/2022:13:09:52 -0300] "GET /cormun/servlet/trlicenciaspermisosadjuntos?8758448,20220823000000,L, HTTP/1.1" 200 7290
186.67.172.234 - - [23/Aug/2022:13:09:55 -0300] "POST /cormun/servlet/trlicenciaspermisosadjuntos?943fd56bc58413fbf8cd5257c47696d2,8758448,20220823000000,L,,gx-no-cache=1661270147721 HTTP/1.1" 200 90
186.67.172.234 - - [23/Aug/2022:13:09:55 -0300] "GET /cormun/servlet/hpexe_link HTTP/1.1" 200 992
186.67.172.234 - - [23/Aug/2022:13:09:55 -0300] "GET /cormun/servlet/trlicencias HTTP/1.1" 200 16241
186.67.172.234 - - [23/Aug/2022:13:09:55 -0300] "GET /cormun/servlet/trlicencias HTTP/1.1" 200 16240
200.54.100.179 - - [23/Aug/2022:13:09:55 -0300] "POST /cormun/servlet/hlogin?69c0c824fd5a31d765be0466c0619be0,gx-no-cache=1661270148183 HTTP/1.1" 200 90
200.54.100.179 - - [23/Aug/2022:13:09:56 -0300] "GET /cormun/servlet/hpexe_link HTTP/1.1" 200 963
200.54.100.179 - - [23/Aug/2022:13:09:56 -0300] "GET /cormun/servlet/trlicencias HTTP/1.1" 200 11602
190.171.134.178 - - [23/Aug/2022:13:09:56 -0300] "GET /cormun/servlet/prbanco?,MD,,gxPopupLevel%3D0%3B HTTP/1.1" 200 6489
200.54.100.179 - - [23/Aug/2022:13:09:56 -0300] "GET /cormun/servlet/trlicencias HTTP/1.1" 200 11600
186.67.172.234 - - [23/Aug/2022:13:09:58 -0300] "POST /cormun/servlet/trlicencias?943fd56bc58413fbf8cd5257c47696d2,gx-no-cache=1661270151075 HTTP/1.1" 200 13974
186.67.172.234 - - [23/Aug/2022:13:09:58 -0300] "GET /cormun/static/Shared/jqueryui/images/ui-bg_highlight-soft_100_c6c2c8_1x100.png HTTP/1.1" 404 1117
186.67.172.234 - - [23/Aug/2022:13:09:58 -0300] "GET /cormun/static/Shared/jqueryui/images/ui-icons_82798d_256x240.png HTTP/1.1" 404 1089
186.67.172.234 - - [23/Aug/2022:13:09:58 -0300] "GET /cormun/static/Shared/jqueryui/images/ui-bg_flat_55_fafafa_40x100.png HTTP/1.1" 404 1097
186.67.172.234 - - [23/Aug/2022:13:09:58 -0300] "GET /cormun/static/Shared/jqueryui/images/ui-icons_8d78a5_256x240.png HTTP/1.1" 404 1089
190.171.143.82 - - [23/Aug/2022:13:10:00 -0300] "GET /cormun/servlet/permisogoce?bfe7a2116154b69ce0c3a60420669ba4459c8ca45355e0d838b71c2f9c20e8e3e77ec1e0375b4368365df68eae85d95573cf1143f47c38c853fd9ea6aeac9ba0,gx-no-cache=1661270151374 HTTP/1.1" 200 48
190.171.134.178 - - [23/Aug/2022:13:10:02 -0300] "GET /cormun/servlet/solicitudot?f8fcb59492c9575d094f6c5a394580690e34f4b44cd5919eca8732b377cfdc89540ddfb053c9b44b68ae05efae5d678aec2d8c66fffe92df14b4a217281ec7b8,gx-no-cache=1661270619390 HTTP/1.1" 200 30
190.171.143.82 - - [23/Aug/2022:13:10:04 -0300] "POST /cormun/servlet/permisogoce?8aa0335e3ea6e08a913005832e178023,INS,0,,,,gx-no-cache=1661270155135 HTTP/1.1" 200 93
190.171.143.82 - - [23/Aug/2022:13:10:04 -0300] "GET /cormun/servlet/hpexe_return? HTTP/1.1" 200 1008
190.171.143.82 - - [23/Aug/2022:13:10:05 -0300] "GET /cormun/servlet/trpermisosgoce? HTTP/1.1" 200 13961
186.67.172.234 - - [23/Aug/2022:13:10:06 -0300] "GET /cormun/servlet/alicenciaprn?8758448,L,20220823000000,PU HTTP/1.1" 200 1546
190.171.134.178 - - [23/Aug/2022:13:10:06 -0300] "GET /cormun/servlet/solicitudot?f8fcb59492c9575d094f6c5a394580690311d305f291897ed98eb5e9547ba8d9,gx-no-cache=1661270623728 HTTP/1.1" 200 70
190.171.143.82 - - [23/Aug/2022:13:10:09 -0300] "GET /cormun/servlet/trpermisosgoce? HTTP/1.1" 200 13956
186.103.157.42 - - [23/Aug/2022:13:10:11 -0300] "POST /cormun/servlet/trautorizarpermisogoce?b221649741edd5b2b14248706d56ea71,,gx-no-cache=1661270757785 HTTP/1.1" 200 90
186.103.157.42 - - [23/Aug/2022:13:10:11 -0300] "GET /cormun/servlet/hpexe_link HTTP/1.1" 200 970
186.103.157.42 - - [23/Aug/2022:13:10:11 -0300] "GET /cormun/servlet/trpermisosgoce? HTTP/1.1" 200 17886
186.103.157.42 - - [23/Aug/2022:13:10:12 -0300] "GET /cormun/servlet/trpermisosgoce? HTTP/1.1" 200 17879
190.171.134.178 - - [23/Aug/2022:13:10:33 -0300] "POST /cormun/servlet/solicitudot?gx-no-cache=1661270650961 HTTP/1.1" 200 256
186.103.157.42 - - [23/Aug/2022:13:10:34 -0300] "GET /cormun/servlet/trlicenciaspermisoslog?14524948,P,20220823115048, HTTP/1.1" 200 6941
186.103.157.42 - - [23/Aug/2022:13:10:34 -0300] "GET /cormun/static/gxcfg.js?201991422452353 HTTP/1.1" 200 953
186.103.157.42 - - [23/Aug/2022:13:10:34 -0300] "GET /cormun/static/trlicenciaspermisoslog.js?201991422452676 HTTP/1.1" 200 20074
186.103.157.42 - - [23/Aug/2022:13:10:34 -0300] "GET /cormun/servlet/trlicenciaspermisoslog?14524948,P,20220823115048, HTTP/1.1" 200 6942
190.171.134.178 - - [23/Aug/2022:13:10:38 -0300] "POST /cormun/servlet/solicitudot?gx-no-cache=1661270655345 HTTP/1.1" 200 243
190.171.134.178 - - [23/Aug/2022:13:10:41 -0300] "GET /cormun/servlet/solicitudot?f8fcb59492c9575d094f6c5a394580694b123e2790dab77701d553c490fa0c649b51e6e21c0be53690d3756e90ee76a21226eb5d20d8dfd2a8a35f14f231c89dc0056880485a8929ec0b414583f958d20dc45f50a6b762a9c95e9c3140c8400639a52bb280911263a0a408de0c07091086cb63eb1fd5b52e6171f79710b3d224169616a3ce561a6901ecd76c50ce1f3ddbeeaf0d4f73d76a195d0fb95700774395ea06088364c32f7276f3b9a2ae186a924e4af96bab32df50668b44b5a9de545e661eea10b9618cc492f86568a3c15594d17fbd2e8382e0ea81c2c6a84d3e01d6785e051656153d2f7a5280ac3fc2a971817dda2c54f7433ab186b5d047a3a84a0b91ea2ab9e03f176d05510e56c9f64edf1427995ec74407ece3dc2dde98a6737291f3ff0d10229ab9c5f4c143096ef66a15dfb6e3dd7bf9e98095dad7c55cb26e28c32e8d150d13195f9a67aa22e616fd23d4933ce53a08cf08a030a2d331d1ebaa1a0604c811a6544f5cd0a53a4c07aa01ff646e9238db3b2b5a254bef8c,gx-no-cache=1661270658771 HTTP/1.1" 200 30
186.103.157.42 - - [23/Aug/2022:13:10:42 -0300] "GET /cormun/servlet/trautorizarpermisogoce? HTTP/1.1" 200 8044
186.103.157.42 - - [23/Aug/2022:13:10:42 -0300] "GET /cormun/servlet/trautorizarpermisogoce? HTTP/1.1" 200 8044
190.171.134.178 - - [23/Aug/2022:13:10:45 -0300] "POST /cormun/servlet/solicitudot?gx-no-cache=1661270662673 HTTP/1.1" 200 30
190.171.134.178 - - [23/Aug/2022:13:10:47 -0300] "POST /cormun/servlet/solicitudot?gx-no-cache=1661270665017 HTTP/1.1" 200 1467
190.171.134.178 - - [23/Aug/2022:13:10:48 -0300] "POST /cormun/servlet/solicitudot?gx-no-cache=1661270665067 HTTP/1.1" 200 38
186.103.157.42 - - [23/Aug/2022:13:10:48 -0300] "POST /cormun/servlet/trautorizarpermisogoce?b221649741edd5b2b14248706d56ea71,,gx-no-cache=1661270794641 HTTP/1.1" 200 90
186.103.157.42 - - [23/Aug/2022:13:10:48 -0300] "GET /cormun/servlet/hpexe_link HTTP/1.1" 200 997
186.103.157.42 - - [23/Aug/2022:13:10:48 -0300] "GET /cormun/servlet/trlicenciaspermisoslog?14524948,P,20220823115048, HTTP/1.1" 200 6942
186.103.157.42 - - [23/Aug/2022:13:10:48 -0300] "GET /cormun/servlet/trlicenciaspermisoslog?14524948,P,20220823115048, HTTP/1.1" 200 6942
186.103.157.42 - - [23/Aug/2022:13:10:51 -0300] "POST /cormun/servlet/trlicenciaspermisoslog?b221649741edd5b2b14248706d56ea71,14524948,P,20220823115048,,gx-no-cache=1661270797545 HTTP/1.1" 200 90
186.103.157.42 - - [23/Aug/2022:13:10:51 -0300] "GET /cormun/servlet/hpexe_link HTTP/1.1" 200 988
186.103.157.42 - - [23/Aug/2022:13:10:51 -0300] "GET /cormun/servlet/trpermisosgoce HTTP/1.1" 200 17886
186.103.157.42 - - [23/Aug/2022:13:10:52 -0300] "GET /cormun/servlet/trpermisosgoce HTTP/1.1" 200 17879
190.171.141.106 - - [23/Aug/2022:13:11:21 -0300] "GET /cormun/servlet/hhome HTTP/1.1" 200 3315
190.171.141.106 - - [23/Aug/2022:13:11:22 -0300] "GET /cormun/servlet/hlogin HTTP/1.1" 200 1735
190.171.141.106 - - [23/Aug/2022:13:11:22 -0300] "GET /cormun/servlet/hhome HTTP/1.1" 200 3325
190.171.141.106 - - [23/Aug/2022:13:11:26 -0300] "POST /cormun/servlet/hlogin?a470aadf7eb009436cb98510fd185f09,gx-no-cache=1661270239837 HTTP/1.1" 200 90
190.171.141.106 - - [23/Aug/2022:13:11:26 -0300] "GET /cormun/servlet/hpexe_link HTTP/1.1" 200 948
190.171.141.106 - - [23/Aug/2022:13:11:26 -0300] "GET /cormun/servlet/hhome HTTP/1.1" 200 4253
190.171.141.106 - - [23/Aug/2022:13:11:26 -0300] "GET /cormun/servlet/hhome HTTP/1.1" 200 4249
190.171.134.178 - - [23/Aug/2022:13:11:30 -0300] "GET /cormun/servlet/solicitudot?f8fcb59492c9575d094f6c5a39458069a23c02f672524b5e4140fb7d7f7032b18ae8f0c8fe27fcd90e7975bf7832091a23b4b4ffe11d0338cc92b373fee65f734913e8a6765d814d321c049f5254fff8c31699674a4c18b5c28b7eb3f1d32bb3fc2f054938b9848be36258c94317f10d,gx-no-cache=1661270707884 HTTP/1.1" 200 110
190.171.134.178 - - [23/Aug/2022:13:11:30 -0300] "POST /cormun/servlet/solicitudot?gx-no-cache=1661270707934 HTTP/1.1" 200 97
190.171.141.106 - - [23/Aug/2022:13:11:34 -0300] "GET /cormun/servlet/trlicencias? HTTP/1.1" 200 15057
190.171.134.178 - - [23/Aug/2022:13:11:35 -0300] "GET /cormun/servlet/solicitudot?f8fcb59492c9575d094f6c5a3945806943f5f403cb7f76c2e0beeca23ffb89a4d7402ac85aa66e330eb8fd0df7b30331c41e96b62b582372a8bac7fdbd33021ebb716e9d818247d8ec307980acee73ef65bd4066e611fa511f55468c61ee5d4570e249e0fbfb54a1e9f4387309114229,gx-no-cache=1661270712128 HTTP/1.1" 200 29
190.171.134.178 - - [23/Aug/2022:13:11:35 -0300] "GET /cormun/static/menuarrow.gif HTTP/1.1" 404 1015
190.171.141.106 - - [23/Aug/2022:13:11:35 -0300] "GET /cormun/servlet/trlicencias? HTTP/1.1" 200 15054
190.171.141.106 - - [23/Aug/2022:13:11:39 -0300] "GET /cormun/static/menuarrow.gif HTTP/1.1" 404 1015
190.171.134.178 - - [23/Aug/2022:13:11:41 -0300] "GET /cormun/servlet/solicitudot?f8fcb59492c9575d094f6c5a3945806995934c3a151772b17f20cb33ce36ebc7c81851105caf7cd3d92ce6b3517e6842,gx-no-cache=1661270718424 HTTP/1.1" 200 30
190.171.134.178 - - [23/Aug/2022:13:11:49 -0300] "POST /cormun/servlet/solicitudot?gx-no-cache=1661270726603 HTTP/1.1" 200 30
190.171.141.106 - - [23/Aug/2022:13:12:01 -0300] "POST /cormun/servlet/trlicencias?a470aadf7eb009436cb98510fd185f09,,gx-no-cache=1661270274584 HTTP/1.1" 200 7598
190.171.141.106 - - [23/Aug/2022:13:12:03 -0300] "POST /cormun/servlet/trlicencias?a470aadf7eb009436cb98510fd185f09,,gx-no-cache=1661270276722 HTTP/1.1" 200 7597
190.171.141.106 - - [23/Aug/2022:13:12:17 -0300] "POST /cormun/servlet/trlicencias?a470aadf7eb009436cb98510fd185f09,,gx-no-cache=1661270290401 HTTP/1.1" 200 101
190.171.141.106 - - [23/Aug/2022:13:12:17 -0300] "POST /cormun/servlet/trlicencias?a470aadf7eb009436cb98510fd185f09,,gx-no-cache=1661270290580 HTTP/1.1" 200 7574
190.171.141.106 - - [23/Aug/2022:13:12:17 -0300] "GET /cormun/Licencias-5196.xls HTTP/1.1" 200 6656
190.171.134.178 - - [23/Aug/2022:13:12:22 -0300] "POST /cormun/servlet/solicitudot?0a0adbde3daf07d928e95c5da2ee3d57,INS,0,0,false,,gx-no-cache=1661270759371 HTTP/1.1" 200 93
190.171.134.178 - - [23/Aug/2022:13:12:22 -0300] "GET /cormun/servlet/hpexe_return? HTTP/1.1" 200 1008
190.171.134.178 - - [23/Aug/2022:13:12:23 -0300] "GET /cormun/servlet/trsolicitudot HTTP/1.1" 200 8591
190.171.134.178 - - [23/Aug/2022:13:12:23 -0300] "GET /cormun/servlet/trsolicitudot HTTP/1.1" 200 8587
190.171.134.178 - - [23/Aug/2022:13:12:32 -0300] "POST /cormun/servlet/trsolicitudot?0a0adbde3daf07d928e95c5da2ee3d57,gx-no-cache=1661270769541 HTTP/1.1" 200 4579
190.171.134.178 - - [23/Aug/2022:13:12:32 -0300] "GET /cormun/static/Shared/jqueryui/images/ui-icons_82798d_256x240.png HTTP/1.1" 404 1089
190.171.134.178 - - [23/Aug/2022:13:12:32 -0300] "GET /cormun/static/Shared/jqueryui/images/ui-bg_highlight-soft_100_c6c2c8_1x100.png HTTP/1.1" 404 1117
190.171.134.178 - - [23/Aug/2022:13:12:32 -0300] "GET /cormun/static/Shared/jqueryui/images/ui-icons_8d78a5_256x240.png HTTP/1.1" 404 1089
190.171.134.178 - - [23/Aug/2022:13:12:32 -0300] "GET /cormun/static/Shared/jqueryui/images/ui-bg_flat_55_fafafa_40x100.png HTTP/1.1" 404 1097
190.171.134.178 - - [23/Aug/2022:13:12:32 -0300] "POST /cormun/servlet/trsolicitudot?0a0adbde3daf07d928e95c5da2ee3d57,gx-no-cache=1661270769892 HTTP/1.1" 200 4332
190.171.141.106 - - [23/Aug/2022:13:12:43 -0300] "POST /cormun/servlet/trlicencias?a470aadf7eb009436cb98510fd185f09,,gx-no-cache=1661270316330 HTTP/1.1" 200 6763
190.171.141.106 - - [23/Aug/2022:13:13:16 -0300] "POST /cormun/servlet/trlicencias?a470aadf7eb009436cb98510fd185f09,,gx-no-cache=1661270349453 HTTP/1.1" 200 10389
190.171.141.106 - - [23/Aug/2022:13:13:23 -0300] "POST /cormun/servlet/trlicencias?a470aadf7eb009436cb98510fd185f09,,gx-no-cache=1661270356300 HTTP/1.1" 200 100
190.171.141.106 - - [23/Aug/2022:13:13:23 -0300] "POST /cormun/servlet/trlicencias?a470aadf7eb009436cb98510fd185f09,,gx-no-cache=1661270356483 HTTP/1.1" 200 10366
190.171.141.106 - - [23/Aug/2022:13:13:23 -0300] "GET /cormun/Licencias-805.xls HTTP/1.1" 200 10240
190.171.141.106 - - [23/Aug/2022:13:13:49 -0300] "POST /cormun/servlet/trlicencias?a470aadf7eb009436cb98510fd185f09,,gx-no-cache=1661270382761 HTTP/1.1" 200 6746
186.103.157.42 - - [23/Aug/2022:13:14:08 -0300] "GET /cormun/servlet/hlogin HTTP/1.1" 200 1730
186.103.157.42 - - [23/Aug/2022:13:14:22 -0300] "POST /cormun/servlet/hlogin?b221649741edd5b2b14248706d56ea71,gx-no-cache=1661271009190 HTTP/1.1" 200 90
186.103.157.42 - - [23/Aug/2022:13:14:23 -0300] "GET /cormun/servlet/hpexe_link HTTP/1.1" 200 961
186.103.157.42 - - [23/Aug/2022:13:14:23 -0300] "GET /cormun/servlet/trpermisosgoce HTTP/1.1" 200 17878
186.103.157.42 - - [23/Aug/2022:13:14:23 -0300] "GET /cormun/servlet/trpermisosgoce HTTP/1.1" 200 17881
186.103.157.42 - - [23/Aug/2022:13:14:28 -0300] "GET /cormun/servlet/trlicencias? HTTP/1.1" 200 13427
186.103.157.42 - - [23/Aug/2022:13:14:29 -0300] "GET /cormun/servlet/trlicencias? HTTP/1.1" 200 13425
190.171.141.106 - - [23/Aug/2022:13:14:31 -0300] "GET /cormun/servlet/hhome HTTP/1.1" 200 4241
190.171.141.106 - - [23/Aug/2022:13:14:31 -0300] "GET /cormun/servlet/hhome HTTP/1.1" 200 4249
157.55.39.152 - - [23/Aug/2022:13:16:34 -0300] "GET /cormun/servlet/hpexe_link HTTP/1.1" 200 930
181.212.43.89 - - [23/Aug/2022:13:18:53 -0300] "GET /cormun/servlet/trlicencias HTTP/1.1" 200 7522
181.212.43.89 - - [23/Aug/2022:13:18:54 -0300] "GET /cormun/servlet/hlogin HTTP/1.1" 200 1746
181.212.43.89 - - [23/Aug/2022:13:18:54 -0300] "GET /cormun/servlet/trlicencias HTTP/1.1" 200 7520
181.212.43.89 - - [23/Aug/2022:13:19:01 -0300] "POST /cormun/servlet/hlogin?f04c59ca410fece1e65b0f4421c77c5f,gx-no-cache=1661270695361 HTTP/1.1" 200 90
181.212.43.89 - - [23/Aug/2022:13:19:01 -0300] "GET /cormun/servlet/hpexe_link HTTP/1.1" 200 960
181.212.43.89 - - [23/Aug/2022:13:19:02 -0300] "GET /cormun/servlet/trlicencias HTTP/1.1" 200 13413
181.212.43.89 - - [23/Aug/2022:13:19:02 -0300] "GET /cormun/servlet/trlicencias HTTP/1.1" 200 13411
200.54.237.82 - - [23/Aug/2022:13:23:02 -0300] "GET /cormun/servlet/trcontratounov2? HTTP/1.1" 200 5909
200.54.237.82 - - [23/Aug/2022:13:23:03 -0300] "GET /cormun/servlet/trcontratounov2? HTTP/1.1" 200 5920
200.54.237.82 - - [23/Aug/2022:13:23:03 -0300] "GET /cormun/servlet/hlogin HTTP/1.1" 200 1743
200.54.237.82 - - [23/Aug/2022:13:23:05 -0300] "POST /cormun/servlet/hlogin?b614d0dab85abb8f1f6e7a316dd10eea,gx-no-cache=1661270937576 HTTP/1.1" 200 90
200.54.237.82 - - [23/Aug/2022:13:23:05 -0300] "GET /cormun/servlet/hpexe_link HTTP/1.1" 200 957
200.54.237.82 - - [23/Aug/2022:13:23:06 -0300] "GET /cormun/servlet/trcontratounov2 HTTP/1.1" 200 17752
200.54.237.82 - - [23/Aug/2022:13:23:06 -0300] "GET /cormun/servlet/trcontratounov2 HTTP/1.1" 200 17746
200.54.237.82 - - [23/Aug/2022:13:23:10 -0300] "GET /cormun/servlet/trlicencias? HTTP/1.1" 200 10241
200.54.237.82 - - [23/Aug/2022:13:23:10 -0300] "GET /cormun/servlet/trlicencias? HTTP/1.1" 200 10240
190.171.142.10 - - [23/Aug/2022:13:23:24 -0300] "GET /cormun/servlet/hlogin HTTP/1.1" 200 1725
190.171.142.10 - - [23/Aug/2022:13:23:25 -0300] "GET /cormun/servlet/hlogin HTTP/1.1" 200 1735
190.171.142.10 - - [23/Aug/2022:13:23:29 -0300] "POST /cormun/servlet/hlogin?5984c6e0d02d8d9c5cf0de677180267d,gx-no-cache=1661270961440 HTTP/1.1" 200 90
190.171.142.10 - - [23/Aug/2022:13:23:29 -0300] "GET /cormun/servlet/hpexe_link HTTP/1.1" 200 950
190.171.142.10 - - [23/Aug/2022:13:23:29 -0300] "GET /cormun/servlet/hhome HTTP/1.1" 200 4122
190.171.142.10 - - [23/Aug/2022:13:23:30 -0300] "GET /cormun/servlet/hhome HTTP/1.1" 200 4118
190.171.142.10 - - [23/Aug/2022:13:24:12 -0300] "GET /cormun/servlet/trlicencias? HTTP/1.1" 200 15323
190.171.142.10 - - [23/Aug/2022:13:24:12 -0300] "GET /cormun/static/Resources/PXTools/calendar.png HTTP/1.1" 304 -
190.171.142.10 - - [23/Aug/2022:13:24:12 -0300] "GET /cormun/servlet/trlicencias? HTTP/1.1" 200 15320
186.103.157.98 - - [23/Aug/2022:13:24:31 -0300] "POST /cormun/servlet/hlogin?840fc8226e12e17f780a230e9fda27dd,gx-no-cache=1661271023666 HTTP/1.1" 440 972
186.103.157.98 - - [23/Aug/2022:13:24:36 -0300] "GET /cormun/servlet/hlogin HTTP/1.1" 200 1728
186.103.157.98 - - [23/Aug/2022:13:24:42 -0300] "POST /cormun/servlet/hlogin?cab62003263ada156447e76080fd6531,gx-no-cache=1661271035058 HTTP/1.1" 200 90
186.103.157.98 - - [23/Aug/2022:13:24:42 -0300] "GET /cormun/servlet/hpexe_link HTTP/1.1" 200 945
186.103.157.98 - - [23/Aug/2022:13:24:42 -0300] "GET /cormun/servlet/hhome HTTP/1.1" 200 4248
186.103.157.98 - - [23/Aug/2022:13:24:42 -0300] "GET /cormun/servlet/hhome HTTP/1.1" 200 4245
186.103.157.98 - - [23/Aug/2022:13:24:46 -0300] "GET /cormun/servlet/trpermisosgoce? HTTP/1.1" 200 9233
186.103.157.98 - - [23/Aug/2022:13:24:46 -0300] "GET /cormun/servlet/trpermisosgoce? HTTP/1.1" 200 9231
186.103.157.98 - - [23/Aug/2022:13:27:04 -0300] "GET /cormun/servlet/permisogoce?INS,0,,, HTTP/1.1" 200 7136
186.103.157.98 - - [23/Aug/2022:13:27:04 -0300] "GET /cormun/static/gxcfg.js?20201215124560 HTTP/1.1" 200 953
186.103.157.98 - - [23/Aug/2022:13:27:04 -0300] "GET /cormun/static/permisogoce.js?20201215124939 HTTP/1.1" 200 27919
186.103.157.98 - - [23/Aug/2022:13:27:04 -0300] "GET /cormun/servlet/permisogoce?INS,0,,, HTTP/1.1" 200 7136
186.103.157.98 - - [23/Aug/2022:13:27:10 -0300] "GET /cormun/static/Resources/resize.gif HTTP/1.1" 200 77
186.103.157.98 - - [23/Aug/2022:13:27:10 -0300] "GET /cormun/static/Resources/PXTools/ClosePrompt.png HTTP/1.1" 200 1036
186.103.157.98 - - [23/Aug/2022:13:27:10 -0300] "GET /cormun/servlet/prfichaempleado?,MD,,gxPopupLevel%3D0%3B HTTP/1.1" 200 9281
186.103.157.98 - - [23/Aug/2022:13:27:11 -0300] "GET /cormun/static/gxcfg.js?20201215571085 HTTP/1.1" 200 953
186.103.157.98 - - [23/Aug/2022:13:27:11 -0300] "GET /cormun/static/prfichaempleado.js?20201215572193 HTTP/1.1" 200 16006
186.103.157.98 - - [23/Aug/2022:13:27:25 -0300] "POST /cormun/servlet/prfichaempleado?cab62003263ada156447e76080fd6531,,MD,,gxPopupLevel%3D0%3B,gx-no-cache=1661271197939 HTTP/1.1" 200 3403
186.103.157.98 - - [23/Aug/2022:13:27:39 -0300] "GET /cormun/servlet/permisogoce?0291ef8531293982c62fdb1c2f6df93a404e24f34ea4ece15c1012bab1015e82c3e9bc6c8149bd00c3360710269f53db4a76500d65b3691af1994b341d9b5506,gx-no-cache=1661271211610 HTTP/1.1" 200 75
186.103.157.98 - - [23/Aug/2022:13:27:45 -0300] "GET /cormun/static/menuarrow.gif HTTP/1.1" 404 1015
186.103.157.98 - - [23/Aug/2022:13:27:54 -0300] "GET /cormun/servlet/permisogoce?0291ef8531293982c62fdb1c2f6df93a9680643d194e2e743f16647eb7b4a2160be9b7afd44d6f178925b06f6276cfde061eb3f9449c3bece1152af1dc578b12,gx-no-cache=1661271226758 HTTP/1.1" 200 47
186.103.157.98 - - [23/Aug/2022:13:27:58 -0300] "POST /cormun/servlet/permisogoce?cab62003263ada156447e76080fd6531,INS,0,,,,gx-no-cache=1661271231004 HTTP/1.1" 200 93
186.103.157.98 - - [23/Aug/2022:13:27:58 -0300] "GET /cormun/servlet/hpexe_return? HTTP/1.1" 200 1004
186.103.157.98 - - [23/Aug/2022:13:27:59 -0300] "GET /cormun/servlet/trpermisosgoce HTTP/1.1" 200 9489
186.103.157.98 - - [23/Aug/2022:13:27:59 -0300] "GET /cormun/servlet/trpermisosgoce HTTP/1.1" 200 9485
190.171.152.114 - - [23/Aug/2022:13:28:35 -0300] "GET /cormun/servlet/trsolicitudot? HTTP/1.1" 200 6327
190.171.152.114 - - [23/Aug/2022:13:28:36 -0300] "GET /cormun/servlet/hlogin HTTP/1.1" 200 1742
190.171.152.114 - - [23/Aug/2022:13:28:36 -0300] "GET /cormun/servlet/trsolicitudot? HTTP/1.1" 200 6324
190.171.152.114 - - [23/Aug/2022:13:28:54 -0300] "POST /cormun/servlet/hlogin?a10f885a6536152b45c661c41cc2ade4,gx-no-cache=1661271287310 HTTP/1.1" 200 446
190.171.152.114 - - [23/Aug/2022:13:29:01 -0300] "POST /cormun/servlet/hlogin?a10f885a6536152b45c661c41cc2ade4,gx-no-cache=1661271293693 HTTP/1.1" 200 90
190.171.152.114 - - [23/Aug/2022:13:29:01 -0300] "GET /cormun/servlet/hpexe_link HTTP/1.1" 200 956
190.171.152.114 - - [23/Aug/2022:13:29:01 -0300] "GET /cormun/servlet/trsolicitudot HTTP/1.1" 200 8835
190.171.152.114 - - [23/Aug/2022:13:29:01 -0300] "GET /cormun/servlet/trsolicitudot HTTP/1.1" 200 8834
190.171.152.114 - - [23/Aug/2022:13:29:05 -0300] "GET /cormun/servlet/solicitudot?INS,0,0,false, HTTP/1.1" 200 16081
190.171.152.114 - - [23/Aug/2022:13:29:05 -0300] "GET /cormun/servlet/solicitudot?INS,0,0,false, HTTP/1.1" 200 16088
190.171.152.114 - - [23/Aug/2022:13:30:09 -0300] "GET /cormun/servlet/prbanco?,MD,,gxPopupLevel%3D0%3B HTTP/1.1" 200 6620
190.171.152.114 - - [23/Aug/2022:13:30:21 -0300] "POST /cormun/servlet/solicitudot?gx-no-cache=1661271373725 HTTP/1.1" 200 3935
190.171.152.114 - - [23/Aug/2022:13:30:21 -0300] "GET /cormun/static/Shared/jqueryui/images/ui-bg_highlight-soft_100_c6c2c8_1x100.png HTTP/1.1" 404 1117
190.171.152.114 - - [23/Aug/2022:13:30:21 -0300] "GET /cormun/static/Shared/jqueryui/images/ui-icons_82798d_256x240.png HTTP/1.1" 404 1089
190.171.152.114 - - [23/Aug/2022:13:30:21 -0300] "GET /cormun/static/Shared/jqueryui/images/ui-icons_ebccce_256x240.png HTTP/1.1" 404 1089
190.171.152.114 - - [23/Aug/2022:13:30:21 -0300] "GET /cormun/static/Shared/jqueryui/images/ui-bg_flat_55_994d53_40x100.png HTTP/1.1" 404 1097
190.171.152.114 - - [23/Aug/2022:13:30:21 -0300] "GET /cormun/servlet/solicitudot?8f4ec9192333e2bda4a5e7058f178de724b40431da3cb746ff40cceecd4efa74,gx-no-cache=1661271373807 HTTP/1.1" 200 111
190.171.152.114 - - [23/Aug/2022:13:30:21 -0300] "GET /cormun/servlet/solicitudot?8f4ec9192333e2bda4a5e7058f178de7b0810abe11b556a7bffd41c229b8e99f,gx-no-cache=1661271373833 HTTP/1.1" 200 94
190.171.152.114 - - [23/Aug/2022:13:30:23 -0300] "GET /cormun/servlet/solicitudot?8f4ec9192333e2bda4a5e7058f178de7362d7cfac531f9bd33bf0463f24215c6,gx-no-cache=1661271375994 HTTP/1.1" 200 51
190.171.152.114 - - [23/Aug/2022:13:30:49 -0300] "POST /cormun/servlet/solicitudot?gx-no-cache=1661271401827 HTTP/1.1" 200 3881
190.171.152.114 - - [23/Aug/2022:13:30:49 -0300] "POST /cormun/servlet/solicitudot?a10f885a6536152b45c661c41cc2ade4,INS,0,0,false,,gx-no-cache=1661271401950 HTTP/1.1" 200 12723
190.171.152.114 - - [23/Aug/2022:13:30:53 -0300] "GET /cormun/servlet/solicitudot?8f4ec9192333e2bda4a5e7058f178de715c26dc7141b3d9c2177a94e8a8730109ea6c51137c7c6330c449434ca87b1fe,gx-no-cache=1661271405811 HTTP/1.1" 200 30
200.54.103.162 - - [23/Aug/2022:13:33:08 -0300] "GET /cormun/servlet/trlicencias? HTTP/1.1" 200 7520
200.54.103.162 - - [23/Aug/2022:13:33:08 -0300] "GET /cormun/servlet/trlicencias? HTTP/1.1" 200 7520
200.54.103.162 - - [23/Aug/2022:13:33:09 -0300] "GET /cormun/servlet/trlicencias? HTTP/1.1" 200 7520
200.54.103.162 - - [23/Aug/2022:13:33:09 -0300] "GET /cormun/servlet/hlogin HTTP/1.1" 200 1743
200.54.103.162 - - [23/Aug/2022:13:33:09 -0300] "GET /favicon.ico HTTP/1.1" 200 21630
200.54.103.162 - - [23/Aug/2022:13:33:14 -0300] "POST /cormun/servlet/hlogin?eeb052d90c5cb1ccf117a7f41edc1566,gx-no-cache=1661271547018 HTTP/1.1" 200 451
200.54.103.162 - - [23/Aug/2022:13:33:20 -0300] "POST /cormun/servlet/hlogin?eeb052d90c5cb1ccf117a7f41edc1566,gx-no-cache=1661271552997 HTTP/1.1" 200 90
200.54.103.162 - - [23/Aug/2022:13:33:20 -0300] "GET /cormun/servlet/hpexe_link HTTP/1.1" 200 959
200.54.103.162 - - [23/Aug/2022:13:33:21 -0300] "GET /cormun/servlet/trlicencias HTTP/1.1" 200 12451
200.54.103.162 - - [23/Aug/2022:13:33:21 -0300] "GET /cormun/servlet/trlicencias HTTP/1.1" 200 12449
190.171.152.114 - - [23/Aug/2022:13:33:43 -0300] "GET /cormun/servlet/solicitudot?8f4ec9192333e2bda4a5e7058f178de73db161a63c454fab044296db148c13a365e5105498e0c3f76fe2d6688d6c6f190bc833e5e6e598bc04d727310bf7dab9459170bdef9e0b08ba7b5f09fc57f165,gx-no-cache=1661271576281 HTTP/1.1" 200 30
190.171.152.114 - - [23/Aug/2022:13:33:43 -0300] "GET /cormun/servlet/solicitudot?8f4ec9192333e2bda4a5e7058f178de7bfb26958ae5e99b8bf8aeed14cd2e17b314665de4058f93c5327d7e28810bdb58b45eccd2189c5cecdacc050d8e46499,gx-no-cache=1661271576319 HTTP/1.1" 200 51
190.171.152.114 - - [23/Aug/2022:13:34:30 -0300] "POST /cormun/servlet/solicitudot?gx-no-cache=1661271623201 HTTP/1.1" 200 297
190.171.152.114 - - [23/Aug/2022:13:34:30 -0300] "GET /cormun/servlet/solicitudot?8f4ec9192333e2bda4a5e7058f178de7056bba77e395c8f45c68608afd076c5e0dd1a7e92c36f6325d37c9175c8ec783a9facba6f7a108d1183c60a1dda733722fce405d46d409b007f202827b473b9b2e7c523135e5d80596a9b15a598284ab19eed5e6c48dc27a476ca86ebaa2f4e30ccfe60af0cf3010ee462835b3146b0c57ec0a95f7a2c6d398e90ecac81999c499398a51f4d5be88a62f1261a7c6d2b88896a164bb2059431ad4f020c59457f65ab049f77a74c1c3782e13677272747c7466640fe4cc6250757541c5f640db9f9ef877e9c90bbdf13e6e44934780133bf88d17f2417f276ea62fb3c33d97102944bd5e42734f530bd2ca7f2704423e70e46857400f83ec55dabbb6936633fc7e0e02c334f843f3a043f73055f85a2f41ca489e39676aecdf4eec31e417474d8e2c5f4a56951f5b47f795aff937b9c6662d3ceeec6bb3bed9fcd42d893c379d0a3c82d710d14adf889648cfd13cda8cf20342e4ea427aa02b89799bdc57196064fc041e7bf664d71c83f2d7678823a6178ff49f0bec314e95881b8db19cd3e486,gx-no-cache=1661271623236 HTTP/1.1" 200 30
190.171.152.114 - - [23/Aug/2022:13:34:35 -0300] "POST /cormun/servlet/solicitudot?gx-no-cache=1661271627646 HTTP/1.1" 200 30
190.171.152.114 - - [23/Aug/2022:13:34:37 -0300] "POST /cormun/servlet/solicitudot?gx-no-cache=1661271629996 HTTP/1.1" 200 1466
190.171.152.114 - - [23/Aug/2022:13:34:37 -0300] "POST /cormun/servlet/solicitudot?gx-no-cache=1661271630027 HTTP/1.1" 200 38
92.118.39.30 - - [23/Aug/2022:13:34:41 -0300] "GET / HTTP/1.1" 200 11217
190.171.152.114 - - [23/Aug/2022:13:35:00 -0300] "GET /cormun/servlet/solicitudot?8f4ec9192333e2bda4a5e7058f178de7c2c990bf61f15c3a50359f4fa117e6bdaed5ad2236594ef2b81c47ec75788ec02cc2db5a9d0a0423cdce03ee2745e36abc69f7b4746763b497a703188eed3a2162f03b1be4b4f5f177bac3467d702b2196e5be407d9ebff0bcf73e9898623568,gx-no-cache=1661271653217 HTTP/1.1" 200 110
190.171.152.114 - - [23/Aug/2022:13:35:06 -0300] "POST /cormun/servlet/solicitudot?gx-no-cache=1661271658990 HTTP/1.1" 200 97
190.171.152.114 - - [23/Aug/2022:13:35:14 -0300] "GET /cormun/servlet/solicitudot?8f4ec9192333e2bda4a5e7058f178de7035a99e33a89ea6b499ea4e8ac3fdad3175047a55d0804ca13b488492e1d6a36831fb582240d533475974a46ce26911dcb760b5ab61425050d00647410f9b9068dc69431938981089b0bab1143137e8b7577987e821fc17a7745d84d40f64832,gx-no-cache=1661271666734 HTTP/1.1" 200 29
190.171.152.114 - - [23/Aug/2022:13:35:14 -0300] "GET /cormun/static/menuarrow.gif HTTP/1.1" 404 1015
190.171.152.114 - - [23/Aug/2022:13:35:18 -0300] "GET /cormun/servlet/solicitudot?8f4ec9192333e2bda4a5e7058f178de7f5c174d6c30fbbdffde5d43b4735da5b66ae6e40d16a3aaf2573323726293f14,gx-no-cache=1661271670677 HTTP/1.1" 200 30
190.171.152.114 - - [23/Aug/2022:13:35:27 -0300] "POST /cormun/servlet/solicitudot?gx-no-cache=1661271680251 HTTP/1.1" 200 30
190.171.152.114 - - [23/Aug/2022:13:35:46 -0300] "POST /cormun/servlet/solicitudot?a10f885a6536152b45c661c41cc2ade4,INS,0,0,false,,gx-no-cache=1661271698465 HTTP/1.1" 200 93
190.171.152.114 - - [23/Aug/2022:13:35:46 -0300] "GET /cormun/servlet/hpexe_return? HTTP/1.1" 200 1008
190.171.152.114 - - [23/Aug/2022:13:35:46 -0300] "GET /cormun/servlet/trsolicitudot HTTP/1.1" 200 9239
190.171.152.114 - - [23/Aug/2022:13:35:46 -0300] "GET /cormun/servlet/trsolicitudot HTTP/1.1" 200 9235
186.103.157.98 - - [23/Aug/2022:13:35:58 -0300] "GET /cormun/servlet/trpermisosadjuntos?10697377,20220823121000,P, HTTP/1.1" 200 6560
186.103.157.98 - - [23/Aug/2022:13:35:58 -0300] "GET /cormun/static/gxcfg.js?2020121641683 HTTP/1.1" 200 953
186.103.157.98 - - [23/Aug/2022:13:35:58 -0300] "GET /cormun/static/trpermisosadjuntos.js?2020121642996 HTTP/1.1" 200 20158
186.103.157.98 - - [23/Aug/2022:13:35:59 -0300] "GET /cormun/servlet/trpermisosadjuntos?10697377,20220823121000,P, HTTP/1.1" 200 6560
186.103.157.98 - - [23/Aug/2022:13:36:00 -0300] "GET /cormun/servlet/permisosadjuntos?INS,10697377,P,20220823121000,, HTTP/1.1" 200 5890
186.103.157.98 - - [23/Aug/2022:13:36:00 -0300] "GET /cormun/static/gxcfg.js?20201215134212 HTTP/1.1" 200 953
186.103.157.98 - - [23/Aug/2022:13:36:00 -0300] "GET /cormun/static/permisosadjuntos.js?20201215134285 HTTP/1.1" 200 8724
186.103.157.98 - - [23/Aug/2022:13:36:00 -0300] "GET /cormun/static/about:blank HTTP/1.1" 404 1011
186.103.157.98 - - [23/Aug/2022:13:36:00 -0300] "GET /cormun/servlet/permisosadjuntos?INS,10697377,P,20220823121000,, HTTP/1.1" 200 5879
190.171.152.114 - - [23/Aug/2022:13:36:24 -0300] "POST /cormun/servlet/trsolicitudot?a10f885a6536152b45c661c41cc2ade4,gx-no-cache=1661271736441 HTTP/1.1" 200 6458
190.171.152.114 - - [23/Aug/2022:13:36:24 -0300] "GET /cormun/static/Shared/jqueryui/images/ui-bg_highlight-soft_100_c6c2c8_1x100.png HTTP/1.1" 404 1117
190.171.152.114 - - [23/Aug/2022:13:36:24 -0300] "GET /cormun/static/Shared/jqueryui/images/ui-icons_82798d_256x240.png HTTP/1.1" 404 1089
190.171.152.114 - - [23/Aug/2022:13:36:24 -0300] "GET /cormun/static/Shared/jqueryui/images/ui-bg_flat_55_fafafa_40x100.png HTTP/1.1" 404 1097
190.171.152.114 - - [23/Aug/2022:13:36:24 -0300] "GET /cormun/static/Shared/jqueryui/images/ui-icons_8d78a5_256x240.png HTTP/1.1" 404 1089
186.103.157.98 - - [23/Aug/2022:13:37:35 -0300] "POST /cormun/servlet/permisosadjuntos?cab62003263ada156447e76080fd6531,INS,10697377,P,20220823121000,, HTTP/1.1" 200 116
186.103.157.98 - - [23/Aug/2022:13:37:35 -0300] "GET /cormun/servlet/hpexe_return? HTTP/1.1" 200 1032
186.103.157.98 - - [23/Aug/2022:13:37:35 -0300] "GET /cormun/servlet/trpermisosadjuntos?10697377,20220823121000,P, HTTP/1.1" 200 7061
186.103.157.98 - - [23/Aug/2022:13:37:35 -0300] "GET /cormun/servlet/trpermisosadjuntos?10697377,20220823121000,P, HTTP/1.1" 200 7058
186.103.157.98 - - [23/Aug/2022:13:37:38 -0300] "GET /cormun/servlet/permisosadjuntos?INS,10697377,P,20220823121000,, HTTP/1.1" 200 5891
186.103.157.98 - - [23/Aug/2022:13:37:38 -0300] "GET /cormun/static/about:blank HTTP/1.1" 404 1011
186.103.157.98 - - [23/Aug/2022:13:37:38 -0300] "GET /cormun/servlet/permisosadjuntos?INS,10697377,P,20220823121000,, HTTP/1.1" 200 5881
186.103.157.98 - - [23/Aug/2022:13:37:41 -0300] "POST /cormun/servlet/permisosadjuntos?cab62003263ada156447e76080fd6531,INS,10697377,P,20220823121000,,,gx-no-cache=1661271813594 HTTP/1.1" 200 93
186.103.157.98 - - [23/Aug/2022:13:37:41 -0300] "GET /cormun/servlet/hpexe_return? HTTP/1.1" 200 1032
186.103.157.98 - - [23/Aug/2022:13:37:41 -0300] "GET /cormun/servlet/trpermisosadjuntos?10697377,20220823121000,P, HTTP/1.1" 200 7061
186.103.157.98 - - [23/Aug/2022:13:37:41 -0300] "GET /cormun/servlet/trpermisosadjuntos?10697377,20220823121000,P, HTTP/1.1" 200 7059
186.103.157.98 - - [23/Aug/2022:13:37:47 -0300] "GET /cormun/servlet/trpermisosgoce? HTTP/1.1" 200 9485
186.103.157.98 - - [23/Aug/2022:13:37:47 -0300] "GET /cormun/servlet/trpermisosgoce? HTTP/1.1" 200 9485
186.103.157.98 - - [23/Aug/2022:13:38:00 -0300] "POST /cormun/servlet/trpermisosgoce?cab62003263ada156447e76080fd6531,,gx-no-cache=1661271832555 HTTP/1.1" 200 6751
186.103.157.98 - - [23/Aug/2022:13:38:00 -0300] "GET /cormun/static/Shared/jqueryui/images/ui-bg_highlight-soft_100_c6c2c8_1x100.png HTTP/1.1" 404 1117
186.103.157.98 - - [23/Aug/2022:13:38:00 -0300] "GET /cormun/static/Shared/jqueryui/images/ui-icons_82798d_256x240.png HTTP/1.1" 404 1089
186.103.157.98 - - [23/Aug/2022:13:38:00 -0300] "GET /cormun/static/Shared/jqueryui/images/ui-bg_flat_55_fafafa_40x100.png HTTP/1.1" 404 1097
186.103.157.98 - - [23/Aug/2022:13:38:00 -0300] "GET /cormun/static/Shared/jqueryui/images/ui-icons_8d78a5_256x240.png HTTP/1.1" 404 1089
186.103.157.98 - - [23/Aug/2022:13:38:05 -0300] "GET /cormun/servlet/trpermisosgoce? HTTP/1.1" 200 9442
186.103.157.98 - - [23/Aug/2022:13:38:05 -0300] "GET /cormun/servlet/trpermisosgoce? HTTP/1.1" 200 9442
186.103.157.98 - - [23/Aug/2022:13:38:08 -0300] "GET /cormun/servlet/permisogoce?INS,0,,, HTTP/1.1" 200 7137
186.103.157.98 - - [23/Aug/2022:13:38:08 -0300] "GET /cormun/servlet/permisogoce?INS,0,,, HTTP/1.1" 200 7137
186.103.157.98 - - [23/Aug/2022:13:38:26 -0300] "GET /cormun/servlet/prfichaempleado?,MD,,gxPopupLevel%3D0%3B HTTP/1.1" 200 9281
186.103.157.98 - - [23/Aug/2022:13:38:35 -0300] "POST /cormun/servlet/prfichaempleado?cab62003263ada156447e76080fd6531,,MD,,gxPopupLevel%3D0%3B,gx-no-cache=1661271867723 HTTP/1.1" 200 3468
186.103.157.98 - - [23/Aug/2022:13:38:41 -0300] "GET /cormun/servlet/permisogoce?0291ef8531293982c62fdb1c2f6df93a2f7c7f3b2759306ca4565ea1a649507ce29ff48bf6a7dc05509b7e87e783a16b29b821e1f9a0c0561ca3d5ce451c24d1,gx-no-cache=1661271873698 HTTP/1.1" 200 83
186.103.157.98 - - [23/Aug/2022:13:38:41 -0300] "GET /cormun/static/menuarrow.gif HTTP/1.1" 404 1015
