190.171.141.106 - - [22/Aug/2022:16:32:09 -0300] "GET /cormun/servlet/hhome HTTP/1.1" 200 4258
190.171.141.106 - - [22/Aug/2022:16:32:10 -0300] "GET /cormun/servlet/hhome HTTP/1.1" 200 4255
190.95.15.15 - - [22/Aug/2022:16:32:11 -0300] "POST /cormun/servlet/hlogin?1152424787b16f1bc7f9c30d14a485ce,gx-no-cache=1661198140613 HTTP/1.1" 200 439
190.171.152.234 - - [22/Aug/2022:16:32:13 -0300] "POST /cormun/servlet/solicitudot?gx-no-cache=1661192346944 HTTP/1.1" 200 3885
190.171.152.234 - - [22/Aug/2022:16:32:13 -0300] "POST /cormun/servlet/solicitudot?9de915beaaafce0761d091e6aa30e549,INS,0,0,false,,gx-no-cache=1661192347075 HTTP/1.1" 200 12728
190.171.141.106 - - [22/Aug/2022:16:32:16 -0300] "GET /cormun/servlet/trsolicitudot? HTTP/1.1" 200 8878
190.171.141.106 - - [22/Aug/2022:16:32:16 -0300] "GET /cormun/servlet/trsolicitudot? HTTP/1.1" 200 8876
190.171.152.234 - - [22/Aug/2022:16:32:17 -0300] "POST /cormun/servlet/solicitudot?9de915beaaafce0761d091e6aa30e549,INS,0,0,false,,gx-no-cache=1661192350644 HTTP/1.1" 200 13107
190.171.152.234 - - [22/Aug/2022:16:32:17 -0300] "GET /cormun/static/Shared/jqueryui/images/ui-bg_highlight-soft_100_c6c2c8_1x100.png HTTP/1.1" 404 1117
190.171.152.234 - - [22/Aug/2022:16:32:17 -0300] "GET /cormun/static/Shared/jqueryui/images/ui-icons_82798d_256x240.png HTTP/1.1" 404 1089
190.171.152.234 - - [22/Aug/2022:16:32:17 -0300] "GET /cormun/static/Shared/jqueryui/images/ui-bg_flat_55_994d53_40x100.png HTTP/1.1" 404 1097
190.171.152.234 - - [22/Aug/2022:16:32:17 -0300] "GET /cormun/static/Shared/jqueryui/images/ui-icons_ebccce_256x240.png HTTP/1.1" 404 1089
139.87.71.160 - - [22/Aug/2022:16:32:22 -0300] "GET /manager/html HTTP/1.1" 401 2474
190.171.152.234 - - [22/Aug/2022:16:32:27 -0300] "GET /cormun/servlet/solicitudot?274a39b7753bf6a747911addcaf7978168d89010b39c3e8155f690d22add84426df1880828d778e1b81acbe786dbebdd,gx-no-cache=1661192361134 HTTP/1.1" 200 30
190.171.152.234 - - [22/Aug/2022:16:32:37 -0300] "GET /cormun/servlet/trcontratosolicitud? HTTP/1.1" 200 14865
190.171.152.234 - - [22/Aug/2022:16:32:37 -0300] "GET /cormun/static/gxcfg.js?20199142011887 HTTP/1.1" 200 953
190.171.152.234 - - [22/Aug/2022:16:32:37 -0300] "GET /cormun/static/trcontratosolicitud.js?201991420111348 HTTP/1.1" 200 28237
190.171.152.234 - - [22/Aug/2022:16:32:37 -0300] "GET /cormun/static/Resources/Spanish/PXTools.css?19172979 HTTP/1.1" 200 100853
190.171.152.234 - - [22/Aug/2022:16:32:37 -0300] "GET /cormun//static/Resources/PXToolsGridNew.png HTTP/1.1" 200 427
190.171.152.234 - - [22/Aug/2022:16:32:37 -0300] "GET /cormun/servlet/trcontratosolicitud? HTTP/1.1" 200 14870
139.87.71.160 - - [22/Aug/2022:16:33:05 -0300] "GET /manager/html HTTP/1.1" 401 2474
190.171.141.106 - - [22/Aug/2022:16:33:15 -0300] "POST /cormun/servlet/trsolicitudot?aeaffed719cf499d29808fc86bf87d79,,gx-no-cache=1661195947853 HTTP/1.1" 200 4857
190.171.141.106 - - [22/Aug/2022:16:33:15 -0300] "GET /cormun/static/Shared/jqueryui/images/ui-bg_highlight-soft_100_c6c2c8_1x100.png HTTP/1.1" 404 1117
190.171.141.106 - - [22/Aug/2022:16:33:15 -0300] "GET /cormun/static/Shared/jqueryui/images/ui-icons_82798d_256x240.png HTTP/1.1" 404 1089
190.171.141.106 - - [22/Aug/2022:16:33:15 -0300] "GET /cormun/static/Shared/jqueryui/images/ui-bg_flat_55_fafafa_40x100.png HTTP/1.1" 404 1097
190.171.141.106 - - [22/Aug/2022:16:33:15 -0300] "GET /cormun/static/Shared/jqueryui/images/ui-icons_8d78a5_256x240.png HTTP/1.1" 404 1089
190.171.141.106 - - [22/Aug/2022:16:33:15 -0300] "POST /cormun/servlet/trsolicitudot?aeaffed719cf499d29808fc86bf87d79,,gx-no-cache=1661195948071 HTTP/1.1" 200 4616
139.87.71.160 - - [22/Aug/2022:16:34:39 -0300] "GET /manager/html HTTP/1.1" 401 2474
139.87.71.160 - - [22/Aug/2022:16:35:22 -0300] "GET /manager/html HTTP/1.1" 401 2474
190.95.15.15 - - [22/Aug/2022:16:35:24 -0300] "POST /cormun/servlet/hlogin?1152424787b16f1bc7f9c30d14a485ce,gx-no-cache=1661198333909 HTTP/1.1" 200 439
192.168.10.96 - - [22/Aug/2022:16:35:54 -0300] "GET /cormun/servlet/hlogin HTTP/1.1" 200 1724
192.168.10.96 - - [22/Aug/2022:16:35:57 -0300] "POST /cormun/servlet/hlogin?7f38323f168dc240ce067b0e53f9ee56,gx-no-cache=1661195933373 HTTP/1.1" 200 90
192.168.10.96 - - [22/Aug/2022:16:35:57 -0300] "GET /cormun/servlet/hpexe_link HTTP/1.1" 200 950
192.168.10.96 - - [22/Aug/2022:16:35:57 -0300] "GET /cormun/servlet/hhome HTTP/1.1" 200 3785
192.168.10.96 - - [22/Aug/2022:16:35:58 -0300] "GET /cormun/servlet/hhome HTTP/1.1" 200 3781
192.168.10.96 - - [22/Aug/2022:16:36:00 -0300] "GET /cormun/servlet/trsolicitudgral? HTTP/1.1" 200 29134
192.168.10.96 - - [22/Aug/2022:16:36:01 -0300] "GET /cormun/servlet/trsolicitudgral? HTTP/1.1" 200 29130
192.168.10.96 - - [22/Aug/2022:16:36:10 -0300] "POST /cormun/servlet/trsolicitudgral?7f38323f168dc240ce067b0e53f9ee56,,gx-no-cache=1661195945642 HTTP/1.1" 200 5250
192.168.10.96 - - [22/Aug/2022:16:36:14 -0300] "POST /cormun/servlet/trsolicitudgral?7f38323f168dc240ce067b0e53f9ee56,,gx-no-cache=1661195950004 HTTP/1.1" 200 7887
190.95.15.15 - - [22/Aug/2022:16:36:27 -0300] "POST /cormun/servlet/hlogin?1152424787b16f1bc7f9c30d14a485ce,gx-no-cache=1661198396590 HTTP/1.1" 200 439
190.95.15.15 - - [22/Aug/2022:16:36:42 -0300] "POST /cormun/servlet/hlogin?1152424787b16f1bc7f9c30d14a485ce,gx-no-cache=1661198411709 HTTP/1.1" 200 439
139.87.71.160 - - [22/Aug/2022:16:36:47 -0300] "GET /manager/html HTTP/1.1" 401 2474
190.95.15.15 - - [22/Aug/2022:16:36:53 -0300] "GET /cormun/servlet/hlogin HTTP/1.1" 200 1723
190.95.15.15 - - [22/Aug/2022:16:36:53 -0300] "GET /cormun/static/gxtimezone.js?85251 HTTP/1.1" 200 5781
190.95.15.15 - - [22/Aug/2022:16:36:53 -0300] "GET /cormun/static/gxcfg.js?201910216285969 HTTP/1.1" 200 953
190.95.15.15 - - [22/Aug/2022:16:36:53 -0300] "GET /cormun/static/Resources/Spanish/PXTools.css?2294816 HTTP/1.1" 200 100853
190.95.15.15 - - [22/Aug/2022:16:36:53 -0300] "GET /cormun/static/messages.spa.js?85251 HTTP/1.1" 200 30736
190.95.15.15 - - [22/Aug/2022:16:36:53 -0300] "GET /cormun/static/hlogin.js?201910216285995 HTTP/1.1" 200 2136
190.95.15.15 - - [22/Aug/2022:16:36:53 -0300] "GET /cormun/static/gxgral.js?85251 HTTP/1.1" 200 384558
190.95.15.15 - - [22/Aug/2022:16:36:53 -0300] "GET /cormun/static/Resources/Logo2019_Grande.png HTTP/1.1" 200 31733
190.95.15.15 - - [22/Aug/2022:16:36:53 -0300] "GET /cormun/static/Resources/PXToolsLoginTop.png HTTP/1.1" 200 1337
190.95.15.15 - - [22/Aug/2022:16:36:53 -0300] "GET /cormun/static/Resources/PXToolsButtonLeft.png HTTP/1.1" 200 1310
190.95.15.15 - - [22/Aug/2022:16:36:53 -0300] "GET /cormun/static/Resources/PXToolsButtonRight.png HTTP/1.1" 200 1294
190.95.15.15 - - [22/Aug/2022:16:36:53 -0300] "GET /cormun/static/Resources/PXToolsLoginBackground.png HTTP/1.1" 200 1164
190.95.15.15 - - [22/Aug/2022:16:36:53 -0300] "GET /cormun/static/Resources/PXToolsButtonBackground.png HTTP/1.1" 200 1176
190.95.15.15 - - [22/Aug/2022:16:36:53 -0300] "GET /cormun/static/Resources/PXToolsLoginBottom.png HTTP/1.1" 200 1389
190.95.15.15 - - [22/Aug/2022:16:36:53 -0300] "GET /cormun/static/Resources/indicator.gif HTTP/1.1" 200 1553
192.168.10.96 - - [22/Aug/2022:16:37:22 -0300] "POST /cormun/servlet/trsolicitudgral?7f38323f168dc240ce067b0e53f9ee56,,gx-no-cache=1661196018451 HTTP/1.1" 200 6654
192.168.10.96 - - [22/Aug/2022:16:37:23 -0300] "POST /cormun/servlet/trsolicitudgral?7f38323f168dc240ce067b0e53f9ee56,,gx-no-cache=1661196019587 HTTP/1.1" 200 6654
192.168.10.96 - - [22/Aug/2022:16:37:29 -0300] "POST /cormun/servlet/trsolicitudgral?7f38323f168dc240ce067b0e53f9ee56,,gx-no-cache=1661196025020 HTTP/1.1" 200 6654
192.168.10.96 - - [22/Aug/2022:16:37:30 -0300] "POST /cormun/servlet/trsolicitudgral?7f38323f168dc240ce067b0e53f9ee56,,gx-no-cache=1661196025707 HTTP/1.1" 200 6653
192.168.10.96 - - [22/Aug/2022:16:37:30 -0300] "POST /cormun/servlet/trsolicitudgral?7f38323f168dc240ce067b0e53f9ee56,,gx-no-cache=1661196025930 HTTP/1.1" 200 6654
192.168.10.96 - - [22/Aug/2022:16:37:30 -0300] "POST /cormun/servlet/trsolicitudgral?7f38323f168dc240ce067b0e53f9ee56,,gx-no-cache=1661196026126 HTTP/1.1" 200 6654
139.87.71.160 - - [22/Aug/2022:16:37:32 -0300] "GET /manager/html HTTP/1.1" 401 2474
190.171.142.42 - - [22/Aug/2022:16:37:34 -0300] "GET /cormun/servlet/trlicencias? HTTP/1.1" 200 7511
190.171.142.42 - - [22/Aug/2022:16:37:34 -0300] "GET /cormun/servlet/hlogin HTTP/1.1" 200 1740
190.171.142.42 - - [22/Aug/2022:16:37:34 -0300] "GET /cormun/servlet/trlicencias? HTTP/1.1" 200 7511
190.171.152.234 - - [22/Aug/2022:16:37:39 -0300] "GET /cormun/servlet/trsolicitudot? HTTP/1.1" 200 7324
190.171.152.234 - - [22/Aug/2022:16:37:39 -0300] "GET /cormun/servlet/trsolicitudot? HTTP/1.1" 200 7323
190.171.152.234 - - [22/Aug/2022:16:37:43 -0300] "GET /cormun/servlet/solicitudot?INS,0,0,false, HTTP/1.1" 200 16047
190.171.152.234 - - [22/Aug/2022:16:37:43 -0300] "GET /cormun/servlet/solicitudot?INS,0,0,false, HTTP/1.1" 200 16055
192.168.10.96 - - [22/Aug/2022:16:37:44 -0300] "POST /cormun/servlet/trsolicitudgral?7f38323f168dc240ce067b0e53f9ee56,,gx-no-cache=1661196040285 HTTP/1.1" 200 6997
190.171.142.42 - - [22/Aug/2022:16:37:44 -0300] "POST /cormun/servlet/hlogin?5ce15fcfcbea8e053e9f50d7066811e4,gx-no-cache=1661196215968 HTTP/1.1" 200 90
190.171.142.42 - - [22/Aug/2022:16:37:44 -0300] "GET /cormun/servlet/hpexe_link HTTP/1.1" 200 952
190.171.142.42 - - [22/Aug/2022:16:37:45 -0300] "GET /cormun/servlet/trlicencias HTTP/1.1" 200 14505
190.171.142.42 - - [22/Aug/2022:16:37:45 -0300] "GET /cormun/servlet/trlicencias HTTP/1.1" 200 14494
190.95.15.15 - - [22/Aug/2022:16:38:37 -0300] "POST /cormun/servlet/hlogin?1152424787b16f1bc7f9c30d14a485ce,gx-no-cache=1661198526882 HTTP/1.1" 200 423
190.95.15.15 - - [22/Aug/2022:16:38:45 -0300] "POST /cormun/servlet/hlogin?1152424787b16f1bc7f9c30d14a485ce,gx-no-cache=1661198534871 HTTP/1.1" 200 423
190.171.152.138 - - [22/Aug/2022:16:39:07 -0300] "GET /cormun/servlet/hlogin HTTP/1.1" 200 1725
190.171.152.138 - - [22/Aug/2022:16:39:07 -0300] "GET /cormun/static/gxtimezone.js?85251 HTTP/1.1" 200 5781
190.171.152.138 - - [22/Aug/2022:16:39:07 -0300] "GET /cormun/static/gxcfg.js?201910216285969 HTTP/1.1" 200 953
190.171.152.138 - - [22/Aug/2022:16:39:07 -0300] "GET /cormun/static/Resources/Spanish/PXTools.css?2294816 HTTP/1.1" 200 100853
190.171.152.138 - - [22/Aug/2022:16:39:07 -0300] "GET /cormun/static/gxgral.js?85251 HTTP/1.1" 200 384558
190.171.152.138 - - [22/Aug/2022:16:39:07 -0300] "GET /cormun/static/messages.spa.js?85251 HTTP/1.1" 200 30736
190.171.152.138 - - [22/Aug/2022:16:39:07 -0300] "GET /cormun/static/hlogin.js?201910216285995 HTTP/1.1" 200 2136
190.171.152.138 - - [22/Aug/2022:16:39:07 -0300] "GET /cormun/static/Resources/Logo2019_Grande.png HTTP/1.1" 200 31733
190.171.152.138 - - [22/Aug/2022:16:39:07 -0300] "GET /cormun/static/Resources/PXToolsLoginTop.png HTTP/1.1" 200 1337
190.171.152.138 - - [22/Aug/2022:16:39:07 -0300] "GET /cormun/static/Resources/PXToolsLoginBackground.png HTTP/1.1" 200 1164
190.171.152.138 - - [22/Aug/2022:16:39:07 -0300] "GET /cormun/static/Resources/PXToolsButtonLeft.png HTTP/1.1" 200 1310
190.171.152.138 - - [22/Aug/2022:16:39:07 -0300] "GET /cormun/static/Resources/PXToolsButtonRight.png HTTP/1.1" 200 1294
190.171.152.138 - - [22/Aug/2022:16:39:07 -0300] "GET /cormun/static/Resources/PXToolsButtonBackground.png HTTP/1.1" 200 1176
190.171.152.138 - - [22/Aug/2022:16:39:07 -0300] "GET /cormun/static/Resources/PXToolsLoginBottom.png HTTP/1.1" 200 1389
190.171.152.138 - - [22/Aug/2022:16:39:07 -0300] "GET /cormun/static/Resources/indicator.gif HTTP/1.1" 200 1553
192.168.10.96 - - [22/Aug/2022:16:39:17 -0300] "POST /cormun/servlet/trsolicitudgral?7f38323f168dc240ce067b0e53f9ee56,,gx-no-cache=1661196133282 HTTP/1.1" 200 7888
190.171.152.138 - - [22/Aug/2022:16:39:21 -0300] "POST /cormun/servlet/hlogin?91c0db41b2348eec5ef92b90558412b8,gx-no-cache=1661192708573 HTTP/1.1" 200 90
190.171.152.138 - - [22/Aug/2022:16:39:21 -0300] "GET /cormun/servlet/hpexe_link HTTP/1.1" 200 953
190.171.152.138 - - [22/Aug/2022:16:39:21 -0300] "GET /cormun/static/gxcfg.js?201991422392958 HTTP/1.1" 200 953
190.171.152.138 - - [22/Aug/2022:16:39:21 -0300] "GET /cormun/static/hpexe_link.js?201991422392963 HTTP/1.1" 200 625
190.171.152.138 - - [22/Aug/2022:16:39:21 -0300] "GET /cormun/servlet/hhome HTTP/1.1" 200 3854
190.171.152.138 - - [22/Aug/2022:16:39:21 -0300] "GET /cormun/static/gxcfg.js?20201215495537 HTTP/1.1" 200 953
190.171.152.138 - - [22/Aug/2022:16:39:21 -0300] "GET /cormun/static/Resources/Spanish/PXTools.css?14345360 HTTP/1.1" 200 100853
190.171.152.138 - - [22/Aug/2022:16:39:21 -0300] "GET /cormun/static/PXToolsJavascripts/pexe_autoreload.js HTTP/1.1" 200 1762
190.171.152.138 - - [22/Aug/2022:16:39:21 -0300] "GET /cormun/static/Shared/jqueryui/jquery-ui.min.css?1345370 HTTP/1.1" 200 30288
190.171.152.138 - - [22/Aug/2022:16:39:21 -0300] "GET /cormun/static/SmoothNavMenu/resources/ddsmoothmenu-v.css?1112540 HTTP/1.1" 200 1188
190.171.152.138 - - [22/Aug/2022:16:39:21 -0300] "GET /cormun/static/SmoothNavMenu/resources/ddsmoothmenu.css?1112540 HTTP/1.1" 200 2223
190.171.152.138 - - [22/Aug/2022:16:39:21 -0300] "GET /cormun/static/scaMessage/css/jquery.pnotify.default.css?1816380 HTTP/1.1" 200 1707
190.171.152.138 - - [22/Aug/2022:16:39:21 -0300] "GET /cormun/static/PXToolsJavascripts/pexe_cookies.js HTTP/1.1" 200 792
190.171.152.138 - - [22/Aug/2022:16:39:21 -0300] "GET /cormun/static/PXToolsJavascripts/pexe_link.js HTTP/1.1" 200 5671
190.171.152.138 - - [22/Aug/2022:16:39:21 -0300] "GET /cormun/static/PXToolsJavascripts/pexe_griddivfix.js HTTP/1.1" 200 6644
190.171.152.138 - - [22/Aug/2022:16:39:21 -0300] "GET /cormun/static/PXToolsJavascripts/pexe_menus.js HTTP/1.1" 200 1286
190.171.152.138 - - [22/Aug/2022:16:39:21 -0300] "GET /cormun/static/PXToolsJavascripts/pexe_menudivfix.js HTTP/1.1" 200 333
190.171.152.138 - - [22/Aug/2022:16:39:21 -0300] "GET /cormun/static/PXToolsJavascripts/pexe_windows.js HTTP/1.1" 200 15207
190.171.152.138 - - [22/Aug/2022:16:39:21 -0300] "GET /cormun/static/PXToolsJavascripts/pexe_grid.js HTTP/1.1" 200 7559
190.171.152.138 - - [22/Aug/2022:16:39:21 -0300] "GET /cormun/static/PXToolsJavascripts/pexe_oav.js HTTP/1.1" 200 645
190.171.152.138 - - [22/Aug/2022:16:39:21 -0300] "GET /cormun/static/PXToolsJavascripts/pexe_layers.js HTTP/1.1" 200 4114
190.171.152.138 - - [22/Aug/2022:16:39:21 -0300] "GET /cormun/static/PXToolsJavascripts/pexe_oavdivfix.js HTTP/1.1" 200 639
190.171.152.138 - - [22/Aug/2022:16:39:21 -0300] "GET /cormun/static/PXToolsJavascripts/pexe_picture.js HTTP/1.1" 200 689
190.171.152.138 - - [22/Aug/2022:16:39:21 -0300] "GET /cormun/static/PXToolsJavascripts/pexe_popup.js HTTP/1.1" 200 13458
190.171.152.138 - - [22/Aug/2022:16:39:21 -0300] "GET /cormun/static/PXToolsJavascripts/pexe_scrolldiv.js HTTP/1.1" 200 4138
190.171.152.138 - - [22/Aug/2022:16:39:21 -0300] "GET /cormun/static/PXToolsJavascripts/pexe_tabs.js HTTP/1.1" 200 3748
190.171.152.138 - - [22/Aug/2022:16:39:21 -0300] "GET /cormun/static/PXToolsJavascripts/pexe_tabdivfix.js HTTP/1.1" 200 876
190.171.152.138 - - [22/Aug/2022:16:39:21 -0300] "GET /cormun/static/PXToolsJavascripts/PXToolsJavascriptsRender.js HTTP/1.1" 200 367
190.171.152.138 - - [22/Aug/2022:16:39:21 -0300] "GET /cormun/static/PXToolsJavascripts/pexe_upload.js HTTP/1.1" 200 1423
190.171.152.138 - - [22/Aug/2022:16:39:21 -0300] "GET /cormun/static/hwchdr01.js?20201214473739 HTTP/1.1" 200 996
190.171.152.138 - - [22/Aug/2022:16:39:21 -0300] "GET /cormun/static/hhome.js?20201215495544 HTTP/1.1" 200 777
190.171.152.138 - - [22/Aug/2022:16:39:21 -0300] "GET /cormun/static/RunJS/RunJS.js HTTP/1.1" 200 288
190.171.152.138 - - [22/Aug/2022:16:39:21 -0300] "GET /cormun/static/Shared/ext/locale/ext-lang-en.js HTTP/1.1" 200 10940
190.171.152.138 - - [22/Aug/2022:16:39:21 -0300] "GET /cormun/static/hpexe_recentlink.js?20201214471090 HTTP/1.1" 200 2144
190.171.152.138 - - [22/Aug/2022:16:39:21 -0300] "GET /cormun/static/hpexe_scripts.js?20201214471411 HTTP/1.1" 200 1544
190.171.152.138 - - [22/Aug/2022:16:39:21 -0300] "GET /cormun/static/hpexe_messagecontroller.js?201991422154126 HTTP/1.1" 200 870
190.171.152.138 - - [22/Aug/2022:16:39:21 -0300] "GET /cormun/static/hpexe_messagepopupcomponent.js?2020121447232 HTTP/1.1" 200 605
190.171.152.138 - - [22/Aug/2022:16:39:21 -0300] "GET /cormun/static/gxui/gxui-all.js HTTP/1.1" 200 107772
190.171.152.138 - - [22/Aug/2022:16:39:21 -0300] "GET /cormun/static/hpexe_messagegenexuscomponent.js?2020121447173 HTTP/1.1" 200 587
190.171.152.138 - - [22/Aug/2022:16:39:21 -0300] "GET /cormun/static/cmcontrolpreferences.js?20199141926336 HTTP/1.1" 200 1375
190.171.152.138 - - [22/Aug/2022:16:39:21 -0300] "GET /cormun/static/SmoothNavMenu/resources/ddsmoothmenu.js HTTP/1.1" 200 12712
190.171.152.138 - - [22/Aug/2022:16:39:21 -0300] "GET /cormun/static/SmoothNavMenu/resources/SmoothNavMenuRender.js HTTP/1.1" 200 5951
190.171.152.138 - - [22/Aug/2022:16:39:21 -0300] "GET /cormun/static/Shared/jquery/jquery-1.4.2.min.js HTTP/1.1" 200 72174
190.171.152.138 - - [22/Aug/2022:16:39:21 -0300] "GET /cormun/static/Shared/jquery/jquery-1.10.2.min.js HTTP/1.1" 200 273199
190.171.152.138 - - [22/Aug/2022:16:39:21 -0300] "GET /cormun/static/Shared/jqueryui/jquery-ui.min.js HTTP/1.1" 200 240427
190.171.152.138 - - [22/Aug/2022:16:39:22 -0300] "GET /cormun/static/scaMessage/js/jquery.pnotify.min.js HTTP/1.1" 200 13038
190.171.152.138 - - [22/Aug/2022:16:39:22 -0300] "GET /cormun/static/scaMessage/scaMessageRender.js HTTP/1.1" 200 11977
190.171.152.138 - - [22/Aug/2022:16:39:22 -0300] "GET /cormun/static/Resources/ImgLogin.png HTTP/1.1" 200 1432
190.171.152.138 - - [22/Aug/2022:16:39:22 -0300] "GET /cormun/static/Resources/Logo2019_Small.png HTTP/1.1" 200 10855
190.171.152.138 - - [22/Aug/2022:16:39:22 -0300] "GET /cormun/static/hmpwkw03.js?20201215501896 HTTP/1.1" 200 3973
190.171.152.138 - - [22/Aug/2022:16:39:22 -0300] "GET /cormun/static/Resources/ImgHome.png HTTP/1.1" 200 1364
190.171.152.138 - - [22/Aug/2022:16:39:22 -0300] "GET /cormun/static/Resources/PXToolsDataTitle.png HTTP/1.1" 200 1173
190.171.152.138 - - [22/Aug/2022:16:39:22 -0300] "GET /cormun/static/Resources/Llave.png HTTP/1.1" 200 1395
190.171.152.138 - - [22/Aug/2022:16:39:22 -0300] "GET /cormun/static/Shared/ext/ext-all.js HTTP/1.1" 200 1289687
190.171.152.138 - - [22/Aug/2022:16:39:22 -0300] "GET /cormun/static/SmoothNavMenu/resources/images/down.gif HTTP/1.1" 200 854
190.171.152.138 - - [22/Aug/2022:16:39:22 -0300] "GET /cormun/servlet/hhome HTTP/1.1" 200 3851
190.171.152.234 - - [22/Aug/2022:16:39:23 -0300] "POST /cormun/servlet/solicitudot?gx-no-cache=1661192777185 HTTP/1.1" 200 3885
190.171.152.234 - - [22/Aug/2022:16:39:23 -0300] "POST /cormun/servlet/solicitudot?9de915beaaafce0761d091e6aa30e549,INS,0,0,false,,gx-no-cache=1661192777329 HTTP/1.1" 200 12727
190.171.152.234 - - [22/Aug/2022:16:39:25 -0300] "GET /cormun/servlet/solicitudot?274a39b7753bf6a747911addcaf7978168d89010b39c3e8155f690d22add8442b08eb1ef77793d0ca3eba43987f663e0,gx-no-cache=1661192779444 HTTP/1.1" 200 30
190.95.15.15 - - [22/Aug/2022:16:39:29 -0300] "POST /cormun/servlet/hlogin?1152424787b16f1bc7f9c30d14a485ce,gx-no-cache=1661198578230 HTTP/1.1" 200 423
190.171.152.138 - - [22/Aug/2022:16:39:31 -0300] "GET /cormun/servlet/trlicencias? HTTP/1.1" 200 13227
190.171.152.138 - - [22/Aug/2022:16:39:31 -0300] "GET /cormun/static/gxui/gxui-all.css?120300 HTTP/1.1" 200 2179
190.171.152.138 - - [22/Aug/2022:16:39:31 -0300] "GET /cormun/static/calendar-system.css?85620 HTTP/1.1" 200 5572
190.171.152.138 - - [22/Aug/2022:16:39:31 -0300] "GET /cormun/static/gxcfg.js?2020121613995 HTTP/1.1" 200 953
190.171.152.138 - - [22/Aug/2022:16:39:31 -0300] "GET /cormun/static/calendar.js?85251 HTTP/1.1" 200 26246
190.171.152.138 - - [22/Aug/2022:16:39:31 -0300] "GET /cormun/static/calendar-setup.js?85251 HTTP/1.1" 200 2588
190.171.152.138 - - [22/Aug/2022:16:39:31 -0300] "GET /cormun/static/calendar-es.js?85251 HTTP/1.1" 200 1901
190.171.152.138 - - [22/Aug/2022:16:39:31 -0300] "GET /cormun/static/gxdec.js?85251 HTTP/1.1" 200 19579
190.171.152.138 - - [22/Aug/2022:16:39:31 -0300] "GET /cormun/static/trlicencias.js?202012162481 HTTP/1.1" 200 41883
190.171.152.138 - - [22/Aug/2022:16:39:31 -0300] "GET /cormun/static/Shared/ext/resources/css/ext-all.css?215870 HTTP/1.1" 200 416045
190.171.152.138 - - [22/Aug/2022:16:39:31 -0300] "GET /cormun/static/Resources/PXTools/calendar.png HTTP/1.1" 200 1306
190.171.152.138 - - [22/Aug/2022:16:39:31 -0300] "GET /cormun/static/Resources/PXToolsDataSearch.png HTTP/1.1" 200 435
190.171.152.138 - - [22/Aug/2022:16:39:31 -0300] "GET /cormun/static/Resources/PXToolsGridFirstDisabled.gif HTTP/1.1" 200 100
190.171.152.138 - - [22/Aug/2022:16:39:31 -0300] "GET /cormun/static/Resources/PXToolsActionExcel.png HTTP/1.1" 200 727
190.171.152.138 - - [22/Aug/2022:16:39:31 -0300] "GET /cormun/static/Resources/PXToolsGridLastDisabled.gif HTTP/1.1" 200 98
190.171.152.138 - - [22/Aug/2022:16:39:31 -0300] "GET /cormun/static/Resources/PXToolsGridPage.gif HTTP/1.1" 200 725
190.171.152.138 - - [22/Aug/2022:16:39:31 -0300] "GET /cormun/static/Resources/PXToolsGridPreviousDisabled.gif HTTP/1.1" 200 90
190.171.152.138 - - [22/Aug/2022:16:39:31 -0300] "GET /cormun/static/Resources/PXToolsGridNextDisabled.gif HTTP/1.1" 200 90
190.171.152.138 - - [22/Aug/2022:16:39:31 -0300] "GET /cormun/static/Resources/PXToolsAddAllAction.png HTTP/1.1" 200 495
190.171.152.138 - - [22/Aug/2022:16:39:31 -0300] "GET /cormun//static/Resources/PXToolsActionDisabled.gif HTTP/1.1" 200 53
190.171.152.138 - - [22/Aug/2022:16:39:31 -0300] "GET /cormun//static/Resources/PXToolsHeaderFavorites.png HTTP/1.1" 200 1414
190.171.152.138 - - [22/Aug/2022:16:39:31 -0300] "GET /cormun//static/Resources/PXTools/ActionInsert.png HTTP/1.1" 200 1482
190.171.152.138 - - [22/Aug/2022:16:39:31 -0300] "GET /cormun//static/Resources/PXToolsHeaderHelp.png HTTP/1.1" 200 1333
190.171.152.138 - - [22/Aug/2022:16:39:32 -0300] "GET /cormun//static/Resources/PXToolsGridDisplay.png HTTP/1.1" 200 525
190.171.152.138 - - [22/Aug/2022:16:39:32 -0300] "GET /cormun//static/Resources/PXToolsActionPrint.png HTTP/1.1" 200 404
190.171.152.138 - - [22/Aug/2022:16:39:32 -0300] "GET /cormun/static/Resources/asc.gif HTTP/1.1" 200 67
190.171.152.138 - - [22/Aug/2022:16:39:32 -0300] "GET /cormun/static/Resources/desc.gif HTTP/1.1" 200 65
190.171.152.138 - - [22/Aug/2022:16:39:32 -0300] "GET /cormun/static/Shared/ext/resources/themes/images/default/tools/tool-sprites.gif HTTP/1.1" 200 5434
190.171.152.138 - - [22/Aug/2022:16:39:32 -0300] "GET /cormun/static/Shared/ext/resources/themes/images/default/panel/bg-headersPanel.png HTTP/1.1" 200 255
190.171.152.138 - - [22/Aug/2022:16:39:32 -0300] "GET /cormun/servlet/trlicencias? HTTP/1.1" 200 13221
181.212.42.153 - - [22/Aug/2022:16:39:34 -0300] "GET /cormun/servlet/trlicencias HTTP/1.1" 200 7514
181.212.42.153 - - [22/Aug/2022:16:39:34 -0300] "GET /cormun/servlet/hlogin HTTP/1.1" 200 1739
181.212.42.153 - - [22/Aug/2022:16:39:34 -0300] "GET /cormun/servlet/trlicencias HTTP/1.1" 200 7514
181.212.42.153 - - [22/Aug/2022:16:39:34 -0300] "GET /favicon.ico HTTP/1.1" 200 21630
181.212.42.153 - - [22/Aug/2022:16:39:39 -0300] "POST /cormun/servlet/hlogin?847bab2bce4f89387ee4fe03a995617b,gx-no-cache=1661196482453 HTTP/1.1" 200 90
181.212.42.153 - - [22/Aug/2022:16:39:39 -0300] "GET /cormun/servlet/hpexe_link HTTP/1.1" 200 956
181.212.42.153 - - [22/Aug/2022:16:39:39 -0300] "GET /cormun/static/gxcfg.js?201991422392958 HTTP/1.1" 200 953
181.212.42.153 - - [22/Aug/2022:16:39:39 -0300] "GET /cormun/static/hpexe_link.js?201991422392963 HTTP/1.1" 200 625
181.212.42.153 - - [22/Aug/2022:16:39:40 -0300] "GET /cormun/servlet/trlicencias HTTP/1.1" 200 14286
181.212.42.153 - - [22/Aug/2022:16:39:40 -0300] "GET /cormun/servlet/trlicencias HTTP/1.1" 200 14288
190.171.152.138 - - [22/Aug/2022:16:40:02 -0300] "GET /cormun/servlet/alicenciaprn?15738238,L,20220818000000,PU HTTP/1.1" 200 1551
192.168.10.96 - - [22/Aug/2022:16:40:19 -0300] "POST /cormun/servlet/trsolicitudgral?7f38323f168dc240ce067b0e53f9ee56,,gx-no-cache=1661196195327 HTTP/1.1" 200 7478
192.168.10.96 - - [22/Aug/2022:16:40:19 -0300] "GET /cormun/static/Shared/jqueryui/images/ui-bg_highlight-soft_100_c6c2c8_1x100.png HTTP/1.1" 404 1117
192.168.10.96 - - [22/Aug/2022:16:40:19 -0300] "GET /cormun/static/Shared/jqueryui/images/ui-icons_82798d_256x240.png HTTP/1.1" 404 1089
192.168.10.96 - - [22/Aug/2022:16:40:19 -0300] "GET /cormun/static/Shared/jqueryui/images/ui-icons_8d78a5_256x240.png HTTP/1.1" 404 1089
192.168.10.96 - - [22/Aug/2022:16:40:19 -0300] "GET /cormun/static/Shared/jqueryui/images/ui-bg_flat_55_fafafa_40x100.png HTTP/1.1" 404 1097
192.168.10.96 - - [22/Aug/2022:16:40:20 -0300] "GET /cormun/servlet/trautorizarot? HTTP/1.1" 200 12433
192.168.10.96 - - [22/Aug/2022:16:40:21 -0300] "GET /cormun/servlet/trautorizarot? HTTP/1.1" 200 12432
192.168.10.96 - - [22/Aug/2022:16:40:24 -0300] "POST /cormun/servlet/trautorizarot?7f38323f168dc240ce067b0e53f9ee56,,gx-no-cache=1661196199607 HTTP/1.1" 200 5338
139.87.71.160 - - [22/Aug/2022:16:40:30 -0300] "GET /manager/html HTTP/1.1" 401 2474
190.171.152.234 - - [22/Aug/2022:16:40:48 -0300] "GET /cormun/static/Resources/resize.gif HTTP/1.1" 200 77
190.171.152.234 - - [22/Aug/2022:16:40:48 -0300] "GET /cormun/static/Resources/PXTools/ClosePrompt.png HTTP/1.1" 200 1036
190.171.152.234 - - [22/Aug/2022:16:40:48 -0300] "GET /cormun/servlet/prbanco?,MD,,gxPopupLevel%3D0%3B HTTP/1.1" 200 6564
190.171.152.234 - - [22/Aug/2022:16:40:48 -0300] "GET /cormun/static/gxcfg.js?20201216131581 HTTP/1.1" 200 953
190.171.152.234 - - [22/Aug/2022:16:40:48 -0300] "GET /cormun/static/prbanco.js?20201216132311 HTTP/1.1" 200 10693
190.171.152.234 - - [22/Aug/2022:16:40:48 -0300] "GET /cormun/static/menusearch.js?20201214473581 HTTP/1.1" 200 1424
190.171.152.234 - - [22/Aug/2022:16:40:48 -0300] "GET /cormun/static/Resources/PXToolsMenuSearch.png HTTP/1.1" 200 336
190.171.152.234 - - [22/Aug/2022:16:40:48 -0300] "GET /cormun/static/hmpwkw011.js?20201215495555 HTTP/1.1" 200 1968
190.171.152.234 - - [22/Aug/2022:16:40:48 -0300] "GET /cormun/static/Resources/PXToolsMenuSearchCancel.png HTTP/1.1" 200 306
192.168.10.96 - - [22/Aug/2022:16:40:54 -0300] "GET /cormun/servlet/trsolicitudgral? HTTP/1.1" 200 10476
192.168.10.96 - - [22/Aug/2022:16:40:54 -0300] "GET /cormun/servlet/trsolicitudgral? HTTP/1.1" 200 10476
190.171.152.138 - - [22/Aug/2022:16:40:56 -0300] "GET /cormun/servlet/hlogin HTTP/1.1" 200 1742
192.168.10.96 - - [22/Aug/2022:16:41:01 -0300] "POST /cormun/servlet/trsolicitudgral?7f38323f168dc240ce067b0e53f9ee56,,gx-no-cache=1661196237560 HTTP/1.1" 200 5256
192.168.10.96 - - [22/Aug/2022:16:41:06 -0300] "POST /cormun/servlet/trsolicitudgral?7f38323f168dc240ce067b0e53f9ee56,,gx-no-cache=1661196241869 HTTP/1.1" 200 6678
190.171.152.234 - - [22/Aug/2022:16:41:09 -0300] "GET /cormun/servlet/solicitudot?274a39b7753bf6a747911addcaf797819eea0dd371961d331a2522461a07036c,gx-no-cache=1661192883619 HTTP/1.1" 200 94
190.171.152.234 - - [22/Aug/2022:16:41:09 -0300] "GET /cormun/static/Shared/jqueryui/images/ui-bg_highlight-soft_100_c6c2c8_1x100.png HTTP/1.1" 404 1117
190.171.152.234 - - [22/Aug/2022:16:41:09 -0300] "GET /cormun/static/Shared/jqueryui/images/ui-icons_82798d_256x240.png HTTP/1.1" 404 1089
190.171.152.234 - - [22/Aug/2022:16:41:09 -0300] "GET /cormun/static/Shared/jqueryui/images/ui-bg_flat_55_994d53_40x100.png HTTP/1.1" 404 1097
190.171.152.234 - - [22/Aug/2022:16:41:09 -0300] "GET /cormun/static/Shared/jqueryui/images/ui-icons_ebccce_256x240.png HTTP/1.1" 404 1089
190.171.152.234 - - [22/Aug/2022:16:41:11 -0300] "GET /cormun/servlet/solicitudot?274a39b7753bf6a747911addcaf79781d7acb9b89c102804d37be7b346950a41,gx-no-cache=1661192885130 HTTP/1.1" 200 53
139.87.71.160 - - [22/Aug/2022:16:41:54 -0300] "GET /manager/html HTTP/1.1" 401 2474
181.212.43.89 - - [22/Aug/2022:16:41:58 -0300] "GET /cormun/servlet/hlogin HTTP/1.1" 200 1725
181.212.43.89 - - [22/Aug/2022:16:42:04 -0300] "POST /cormun/servlet/hlogin?328fab516e8a5c446ce222dd58ddf5a2,gx-no-cache=1661196476438 HTTP/1.1" 200 90
181.212.43.89 - - [22/Aug/2022:16:42:04 -0300] "GET /cormun/servlet/hpexe_link HTTP/1.1" 200 950
181.212.43.89 - - [22/Aug/2022:16:42:04 -0300] "GET /cormun/servlet/hhome HTTP/1.1" 200 4003
181.212.43.89 - - [22/Aug/2022:16:42:04 -0300] "GET /cormun/servlet/hhome HTTP/1.1" 200 4000
190.95.15.15 - - [22/Aug/2022:16:42:14 -0300] "POST /cormun/servlet/hlogin?1152424787b16f1bc7f9c30d14a485ce,gx-no-cache=1661198743239 HTTP/1.1" 200 423
181.212.43.89 - - [22/Aug/2022:16:42:26 -0300] "GET /cormun/servlet/trsolicitudot? HTTP/1.1" 200 7225
181.212.43.89 - - [22/Aug/2022:16:42:26 -0300] "GET /cormun/servlet/trsolicitudot? HTTP/1.1" 200 7224
181.212.43.89 - - [22/Aug/2022:16:42:28 -0300] "GET /cormun/static/menuarrow.gif HTTP/1.1" 404 1015
181.212.43.89 - - [22/Aug/2022:16:42:35 -0300] "POST /cormun/servlet/trsolicitudot?328fab516e8a5c446ce222dd58ddf5a2,,gx-no-cache=1661196507206 HTTP/1.1" 200 5779
139.87.71.160 - - [22/Aug/2022:16:42:39 -0300] "GET /manager/html HTTP/1.1" 401 2474
181.212.43.89 - - [22/Aug/2022:16:42:40 -0300] "GET /cormun/servlet/vesolicitudot?2022,19102,, HTTP/1.1" 200 8337
181.212.43.89 - - [22/Aug/2022:16:42:40 -0300] "GET /cormun/pexe_scrolldiv.js HTTP/1.1" 404 1009
181.212.43.89 - - [22/Aug/2022:16:42:40 -0300] "GET /cormun/servlet/vesolicitudot?2022,19102,, HTTP/1.1" 200 8337
190.95.15.15 - - [22/Aug/2022:16:43:12 -0300] "POST /cormun/servlet/hlogin?1152424787b16f1bc7f9c30d14a485ce,gx-no-cache=1661198801863 HTTP/1.1" 200 423
181.212.43.89 - - [22/Aug/2022:16:43:14 -0300] "GET /cormun/servlet/vesolicitudot?2022,19102,,SolicitudOTAdjuntos HTTP/1.1" 200 11332
181.212.43.89 - - [22/Aug/2022:16:43:14 -0300] "GET /cormun/pexe_scrolldiv.js HTTP/1.1" 404 1009
181.212.43.89 - - [22/Aug/2022:16:43:14 -0300] "GET /cormun/static/tbsolicitudot02.js?20199142224537 HTTP/1.1" 200 15626
181.212.43.89 - - [22/Aug/2022:16:43:14 -0300] "GET /cormun/static/Resources/PXToolsTabFirstUnselected.png HTTP/1.1" 200 1278
181.212.43.89 - - [22/Aug/2022:16:43:14 -0300] "GET /cormun/static/Resources/PXToolsTabUnselectedSelected.png HTTP/1.1" 200 1458
181.212.43.89 - - [22/Aug/2022:16:43:15 -0300] "GET /cormun/servlet/vesolicitudot?2022,19102,,SolicitudOTAdjuntos HTTP/1.1" 200 11337
181.212.43.89 - - [22/Aug/2022:16:43:15 -0300] "POST /cormun/servlet/acontrolpreferencessavestate?None,CD-33,true HTTP/1.1" 200 35
181.212.43.89 - - [22/Aug/2022:16:43:17 -0300] "GET /cormun/servlet/vesolicitudot?2022,19102,,SolicitudOTLog HTTP/1.1" 200 9214
181.212.43.89 - - [22/Aug/2022:16:43:17 -0300] "GET /cormun/pexe_scrolldiv.js HTTP/1.1" 404 1009
181.212.43.89 - - [22/Aug/2022:16:43:17 -0300] "GET /cormun/static/tbsolicitudot03.js?201991422145967 HTTP/1.1" 200 13332
181.212.43.89 - - [22/Aug/2022:16:43:17 -0300] "GET /cormun/static/Resources/PXToolsTabLastSelected.png HTTP/1.1" 200 1274
181.212.43.89 - - [22/Aug/2022:16:43:18 -0300] "GET /cormun/servlet/vesolicitudot?2022,19102,,SolicitudOTLog HTTP/1.1" 200 9214
181.212.43.89 - - [22/Aug/2022:16:43:19 -0300] "POST /cormun/servlet/acontrolpreferencessavestate?None,CD-33,true HTTP/1.1" 200 35
181.212.43.89 - - [22/Aug/2022:16:43:22 -0300] "GET /cormun/servlet/vesolicitudot?2022,19102,,General HTTP/1.1" 200 8342
181.212.43.89 - - [22/Aug/2022:16:43:22 -0300] "GET /cormun/pexe_scrolldiv.js HTTP/1.1" 404 1009
181.212.43.89 - - [22/Aug/2022:16:43:22 -0300] "GET /cormun/servlet/vesolicitudot?2022,19102,,General HTTP/1.1" 200 8342
139.87.71.160 - - [22/Aug/2022:16:43:22 -0300] "GET /manager/html HTTP/1.1" 401 2474
181.212.43.89 - - [22/Aug/2022:16:43:26 -0300] "GET /cormun/servlet/vesolicitudot?2022,19102,,SolicitudOTLog HTTP/1.1" 200 9214
181.212.43.89 - - [22/Aug/2022:16:43:26 -0300] "GET /cormun/servlet/vesolicitudot?2022,19102,,SolicitudOTLog HTTP/1.1" 200 9214
181.212.43.89 - - [22/Aug/2022:16:43:27 -0300] "POST /cormun/servlet/acontrolpreferencessavestate?None,CD-33,true HTTP/1.1" 200 35
139.87.71.160 - - [22/Aug/2022:16:44:04 -0300] "GET /manager/html HTTP/1.1" 401 2474
139.87.71.160 - - [22/Aug/2022:16:44:48 -0300] "GET /manager/html HTTP/1.1" 401 2474
190.171.152.234 - - [22/Aug/2022:16:44:52 -0300] "POST /cormun/servlet/solicitudot?gx-no-cache=1661193106156 HTTP/1.1" 200 297
186.67.172.234 - - [22/Aug/2022:16:45:01 -0300] "GET /cormun/servlet/licenciaspermisos?DSP,14173202,L,20220820000000, HTTP/1.1" 200 6279
186.67.172.234 - - [22/Aug/2022:16:45:01 -0300] "GET /cormun/static/gxcfg.js?202012153173 HTTP/1.1" 200 953
186.67.172.234 - - [22/Aug/2022:16:45:01 -0300] "GET /cormun/static/licenciaspermisos.js?2020121532136 HTTP/1.1" 200 38824
186.67.172.234 - - [22/Aug/2022:16:45:01 -0300] "GET /cormun/servlet/hlogin HTTP/1.1" 200 1771
186.67.172.234 - - [22/Aug/2022:16:45:01 -0300] "GET /cormun/servlet/licenciaspermisos?DSP,14173202,L,20220820000000, HTTP/1.1" 200 6276
190.171.152.234 - - [22/Aug/2022:16:45:03 -0300] "GET /cormun/servlet/solicitudot?274a39b7753bf6a747911addcaf79781f7de5d8d90fb811408fb8fcd74d827f42c6481df8f38db09371a3250a6414bfd557accb85f3f95cf3adbf96f9145cc2277837b83615a3f2fedec4c909f748408577e9656100395515356ecbff2692c6d5a6a7c5567b3e84ebafd0ad6161e3288688ef0007b4d5d3d312285042f68c57e2933eb565ae2dfab1572e14d1dbc123d04c19af013a51c533335b99c19fa1de2cbfdd9e9373a0c3b231a9e75a905e2447224a90ea6ee187178ecb110f1cca3398213fd4c4cd09974a84af097e342d0b9c508d7812e11bf76dd248b6f4a900f346a5a03188e2d929bbcb3fa5ff0cd1eef4a1580ff8618650e59bdb0de6e5a4bef0c1dc02bed2f50690931db85c7322cf1f797c7a5e0f746d98539cd405a9f696e808a109157c748058bf85c43003ac2721eeb24dba78a0e84fade98cdcaed898f47c26e9cf9008aff0674214e0df790de04c2a0de74e33e03af761702434b7d2681e8acbaff960e7a70ab401077c4e28a843daca988460a6896303fc647dd701932489025c089a2af8c4e692461922f79,gx-no-cache=1661193116943 HTTP/1.1" 200 30
186.67.172.234 - - [22/Aug/2022:16:45:05 -0300] "POST /cormun/servlet/hlogin?7b3ee86e60aa0cf4d4f2706ea3580be6,gx-no-cache=1661196658295 HTTP/1.1" 200 472
186.67.172.234 - - [22/Aug/2022:16:45:08 -0300] "POST /cormun/servlet/hlogin?7b3ee86e60aa0cf4d4f2706ea3580be6,gx-no-cache=1661196661037 HTTP/1.1" 200 90
186.67.172.234 - - [22/Aug/2022:16:45:08 -0300] "GET /cormun/servlet/hpexe_link HTTP/1.1" 200 986
186.67.172.234 - - [22/Aug/2022:16:45:08 -0300] "GET /cormun/servlet/licenciaspermisos?DSP,14173202,L,20220820000000, HTTP/1.1" 200 7333
186.67.172.234 - - [22/Aug/2022:16:45:08 -0300] "GET /cormun/servlet/licenciaspermisos?DSP,14173202,L,20220820000000, HTTP/1.1" 200 7330
186.67.172.234 - - [22/Aug/2022:16:45:20 -0300] "POST /cormun/servlet/licenciaspermisos?7b3ee86e60aa0cf4d4f2706ea3580be6,DSP,14173202,L,20220820000000,,gx-no-cache=1661196673189 HTTP/1.1" 200 93
186.67.172.234 - - [22/Aug/2022:16:45:20 -0300] "GET /cormun/servlet/hpexe_return? HTTP/1.1" 200 1027
186.67.172.234 - - [22/Aug/2022:16:45:20 -0300] "GET /cormun/servlet/hhome HTTP/1.1" 200 4373
186.67.172.234 - - [22/Aug/2022:16:45:20 -0300] "GET /cormun/static/gxcfg.js?20201215495537 HTTP/1.1" 200 953
186.67.172.234 - - [22/Aug/2022:16:45:20 -0300] "GET /cormun/static/hhome.js?20201215495544 HTTP/1.1" 200 777
190.171.152.234 - - [22/Aug/2022:16:45:20 -0300] "POST /cormun/servlet/solicitudot?gx-no-cache=1661193134259 HTTP/1.1" 200 30
186.67.172.234 - - [22/Aug/2022:16:45:20 -0300] "GET /cormun/servlet/hhome HTTP/1.1" 200 4369
186.67.172.234 - - [22/Aug/2022:16:45:24 -0300] "GET /cormun/servlet/trlicencias? HTTP/1.1" 200 15751
186.67.172.234 - - [22/Aug/2022:16:45:24 -0300] "GET /cormun/servlet/trlicencias? HTTP/1.1" 200 15736
190.171.152.234 - - [22/Aug/2022:16:45:28 -0300] "GET /cormun/servlet/prcontratosol?17296037,,,,,MD,,gxPopupLevel%3D0%3B HTTP/1.1" 200 8020
190.171.152.234 - - [22/Aug/2022:16:45:28 -0300] "GET /cormun/static/gxcfg.js?2019914201458 HTTP/1.1" 200 953
190.171.152.234 - - [22/Aug/2022:16:45:28 -0300] "GET /cormun/static/prcontratosol.js?20199142014772 HTTP/1.1" 200 15806
190.171.152.234 - - [22/Aug/2022:16:45:29 -0300] "POST /cormun/servlet/acontrolpreferencessavestate?None,EGONZALEZ,true HTTP/1.1" 200 35
139.87.71.160 - - [22/Aug/2022:16:45:31 -0300] "GET /manager/html HTTP/1.1" 401 2474
186.67.172.234 - - [22/Aug/2022:16:45:36 -0300] "GET /cormun/servlet/licenciaspermisos?DSP,14173202,L,20220805000000, HTTP/1.1" 200 7494
186.67.172.234 - - [22/Aug/2022:16:45:36 -0300] "GET /cormun/servlet/licenciaspermisos?DSP,14173202,L,20220805000000, HTTP/1.1" 200 7513
186.67.172.234 - - [22/Aug/2022:16:45:41 -0300] "POST /cormun/servlet/licenciaspermisos?7b3ee86e60aa0cf4d4f2706ea3580be6,DSP,14173202,L,20220805000000,,gx-no-cache=1661196694536 HTTP/1.1" 200 93
186.67.172.234 - - [22/Aug/2022:16:45:41 -0300] "GET /cormun/servlet/hpexe_return? HTTP/1.1" 200 1029
186.67.172.234 - - [22/Aug/2022:16:45:42 -0300] "GET /cormun/servlet/trlicencias HTTP/1.1" 200 15758
186.67.172.234 - - [22/Aug/2022:16:45:42 -0300] "GET /cormun/servlet/trlicencias HTTP/1.1" 200 15754
186.67.172.234 - - [22/Aug/2022:16:45:51 -0300] "GET /cormun/servlet/trsolicitudot? HTTP/1.1" 200 7592
186.67.172.234 - - [22/Aug/2022:16:45:51 -0300] "GET /cormun/servlet/trsolicitudot? HTTP/1.1" 200 7593
190.171.152.234 - - [22/Aug/2022:16:45:52 -0300] "POST /cormun/servlet/solicitudot?gx-no-cache=1661193166448 HTTP/1.1" 200 1466
190.171.152.234 - - [22/Aug/2022:16:45:52 -0300] "POST /cormun/servlet/solicitudot?gx-no-cache=1661193166497 HTTP/1.1" 200 38
190.171.152.234 - - [22/Aug/2022:16:45:52 -0300] "GET /cormun/servlet/solicitudot?274a39b7753bf6a747911addcaf797810dfac6ff8f8d6e048a89d6f269371bc965f1e000c0c4fd14ffeedc6a3e9f962699bf364c2d0a8fe322f5e0e65a3dcf2c282aefa59dd8df8b48415ee54c55d58259af0a259b38918fdfea7cdfff004bd11855ab5e4540f47c0809d3b13cd79d7e,gx-no-cache=1661193166520 HTTP/1.1" 200 110
190.171.152.234 - - [22/Aug/2022:16:45:52 -0300] "POST /cormun/servlet/solicitudot?gx-no-cache=1661193166545 HTTP/1.1" 200 110
190.171.152.234 - - [22/Aug/2022:16:45:52 -0300] "GET /cormun/servlet/solicitudot?274a39b7753bf6a747911addcaf79781338fe363c14801740204036e6a3338a6c60a1204611747e5fdc35bba40f1848a653b1cd0c87496e32ff11562012aa80a93204a450c0ec1571672072e3211ae3c35f70f0629f4d03181ecee6c786632de2c5082294ff99305a19daa0cc677ba5e,gx-no-cache=1661193166574 HTTP/1.1" 200 29
190.171.152.234 - - [22/Aug/2022:16:45:52 -0300] "GET /cormun/servlet/solicitudot?274a39b7753bf6a747911addcaf797812f4bc60be63d27c95afe404a138caef14a9a03483b061fe02ab609771d18482f,gx-no-cache=1661193166594 HTTP/1.1" 200 134
186.67.172.234 - - [22/Aug/2022:16:45:53 -0300] "GET /cormun/servlet/trlicencias? HTTP/1.1" 200 15747
186.67.172.234 - - [22/Aug/2022:16:45:54 -0300] "GET /cormun/servlet/trlicencias? HTTP/1.1" 200 15742
190.171.152.234 - - [22/Aug/2022:16:46:01 -0300] "GET /cormun/servlet/prcontratosol?17296037,,,,,MD,,gxPopupLevel%3D0%3B HTTP/1.1" 200 8026
190.171.152.234 - - [22/Aug/2022:16:46:15 -0300] "POST /cormun/servlet/solicitudot?gx-no-cache=1661193188738 HTTP/1.1" 200 1466
190.171.152.234 - - [22/Aug/2022:16:46:15 -0300] "POST /cormun/servlet/solicitudot?gx-no-cache=1661193188772 HTTP/1.1" 200 41
190.171.152.234 - - [22/Aug/2022:16:46:15 -0300] "GET /cormun/servlet/solicitudot?274a39b7753bf6a747911addcaf797810dfac6ff8f8d6e048a89d6f269371bc965f1e000c0c4fd14ffeedc6a3e9f962699bf364c2d0a8fe322f5e0e65a3dcf2c282aefa59dd8df8b48415ee54c55d58259af0a259b38918fdfea7cdfff004bd11855ab5e4540f47c0809d3b13cd79d7e,gx-no-cache=1661193188793 HTTP/1.1" 200 110
190.171.152.234 - - [22/Aug/2022:16:46:15 -0300] "POST /cormun/servlet/solicitudot?gx-no-cache=1661193188818 HTTP/1.1" 200 110
190.171.152.234 - - [22/Aug/2022:16:46:15 -0300] "GET /cormun/servlet/solicitudot?274a39b7753bf6a747911addcaf797812f4bc60be63d27c95afe404a138caef14a9a03483b061fe02ab609771d18482f,gx-no-cache=1661193188846 HTTP/1.1" 200 134
190.171.152.234 - - [22/Aug/2022:16:46:23 -0300] "GET /cormun/servlet/prsolicitudot?17296037,,,,,MD,,gxPopupLevel%3D0%3B HTTP/1.1" 200 5998
190.171.152.234 - - [22/Aug/2022:16:46:23 -0300] "GET /cormun/static/gxcfg.js?20201215593468 HTTP/1.1" 200 953
190.171.152.234 - - [22/Aug/2022:16:46:23 -0300] "GET /cormun/static/prsolicitudot.js?20201215593721 HTTP/1.1" 200 13680
190.171.152.234 - - [22/Aug/2022:16:46:46 -0300] "GET /cormun/servlet/prcontratosol?17296037,,,,,MD,,gxPopupLevel%3D0%3B HTTP/1.1" 200 8026
139.87.71.160 - - [22/Aug/2022:16:46:57 -0300] "GET /manager/html HTTP/1.1" 401 2474
190.171.152.234 - - [22/Aug/2022:16:47:23 -0300] "GET /cormun/servlet/solicitudot?274a39b7753bf6a747911addcaf797810dfac6ff8f8d6e048a89d6f269371bc965f1e000c0c4fd14ffeedc6a3e9f962699bf364c2d0a8fe322f5e0e65a3dcf2c282aefa59dd8df8b48415ee54c55d58259af0a259b38918fdfea7cdfff004bd11855ab5e4540f47c0809d3b13cd79d7e,gx-no-cache=1661193256922 HTTP/1.1" 200 110
190.171.149.74 - - [22/Aug/2022:16:47:34 -0300] "POST /cormun/servlet/trlicencias?a01e6787ce5886bd22d342d5241fc6e7,gx-no-cache=1661196807084 HTTP/1.1" 200 11120
190.171.152.234 - - [22/Aug/2022:16:47:35 -0300] "GET /cormun/static/menuarrow.gif HTTP/1.1" 404 1015
190.171.149.74 - - [22/Aug/2022:16:47:36 -0300] "POST /cormun/servlet/trlicencias?a01e6787ce5886bd22d342d5241fc6e7,gx-no-cache=1661196808503 HTTP/1.1" 200 11127
139.87.71.160 - - [22/Aug/2022:16:47:41 -0300] "GET /manager/html HTTP/1.1" 401 2474
190.171.152.234 - - [22/Aug/2022:16:48:04 -0300] "GET /cormun/servlet/solicitudot?274a39b7753bf6a747911addcaf797818f9e6dc6b55fec1837db8449fd2194aa32e8ce1bd9067cf1e135e815ff6888a2,gx-no-cache=1661193298608 HTTP/1.1" 200 30
139.87.71.160 - - [22/Aug/2022:16:48:26 -0300] "GET /manager/html HTTP/1.1" 401 2474
139.87.71.160 - - [22/Aug/2022:16:49:09 -0300] "GET /manager/html HTTP/1.1" 401 2474
139.87.71.160 - - [22/Aug/2022:16:49:52 -0300] "GET /manager/html HTTP/1.1" 401 2474
190.171.152.234 - - [22/Aug/2022:16:50:25 -0300] "POST /cormun/servlet/solicitudot?gx-no-cache=1661193438665 HTTP/1.1" 200 33
139.87.71.160 - - [22/Aug/2022:16:50:41 -0300] "GET /manager/html HTTP/1.1" 401 2474
139.87.71.160 - - [22/Aug/2022:16:51:24 -0300] "GET /manager/html HTTP/1.1" 401 2474
135.125.239.88 - - [22/Aug/2022:16:51:56 -0300] "GET /manager/html HTTP/1.1" 401 2474
139.87.71.160 - - [22/Aug/2022:16:52:08 -0300] "GET /manager/html HTTP/1.1" 401 2474
157.55.39.27 - - [22/Aug/2022:16:52:13 -0300] "GET /cormun/servlet/hhome HTTP/1.1" 200 3308
135.125.239.88 - tomcat [22/Aug/2022:16:52:41 -0300] "GET /manager/html HTTP/1.1" 403 3196
139.87.71.160 - - [22/Aug/2022:16:53:34 -0300] "GET /manager/html HTTP/1.1" 401 2474
190.171.152.234 - - [22/Aug/2022:16:53:52 -0300] "GET /cormun/servlet/solicitudot?274a39b7753bf6a747911addcaf797819b8ee17bdba0a98e5771847c4c8e4aa6d3d99dbf34b3ee7a77509c702c66ea27b08eb1ef77793d0ca3eba43987f663e0,gx-no-cache=1661193645873 HTTP/1.1" 200 30
190.171.152.234 - - [22/Aug/2022:16:53:52 -0300] "GET /cormun/servlet/solicitudot?274a39b7753bf6a747911addcaf79781f7de5d8d90fb811408fb8fcd74d827f42c6481df8f38db09371a3250a6414bfd557accb85f3f95cf3adbf96f9145cc2277837b83615a3f2fedec4c909f748408577e9656100395515356ecbff2692c6d5a6a7c5567b3e84ebafd0ad6161e3288688ef0007b4d5d3d312285042f68c57e2933eb565ae2dfab1572e14d1dbc123d04c19af013a51c533335b99c19fa1de2cbfdd9e9373a0c3b231a9e75a905e2447224a90ea6ee187178ecb110f1cca3398213fd4c4cd09974a84af097e342d0b9c508d7812e11bf76dd248b6f4a900f346a5a03188e2d929bbcb3fa5ff0cd1eef4a1580ff8618650e59bdb0de6e5a4bef0c1dc02bed2f50690931db85c7322cf1f797c7a5e0f746d98539cd405a9f696e808a109157c748058bf85c43003ac2721eeb24dba78a0e84fade98cdcaed898f47c26e9cf9008aff0674214e0df790de04c2a0de74e33e03af761702434b7d2681e8acbaff960e7a70ab401077c4e28a8d9312b77dd0509b723eb971cfe08ac432489025c089a2af8c4e692461922f79,gx-no-cache=1661193645914 HTTP/1.1" 200 30
190.171.152.234 - - [22/Aug/2022:16:53:52 -0300] "POST /cormun/servlet/solicitudot?gx-no-cache=1661193645943 HTTP/1.1" 200 30
190.171.152.234 - - [22/Aug/2022:16:53:52 -0300] "POST /cormun/servlet/solicitudot?gx-no-cache=1661193645977 HTTP/1.1" 200 1466
190.171.152.234 - - [22/Aug/2022:16:53:52 -0300] "POST /cormun/servlet/solicitudot?gx-no-cache=1661193646020 HTTP/1.1" 200 41
190.171.152.234 - - [22/Aug/2022:16:53:52 -0300] "GET /cormun/servlet/solicitudot?274a39b7753bf6a747911addcaf797810dfac6ff8f8d6e048a89d6f269371bc965f1e000c0c4fd14ffeedc6a3e9f962699bf364c2d0a8fe322f5e0e65a3dcf2c282aefa59dd8df8b48415ee54c55d58259af0a259b38918fdfea7cdfff004bd11855ab5e4540f47c0809d3b13cd79d7e,gx-no-cache=1661193646048 HTTP/1.1" 200 110
190.171.152.234 - - [22/Aug/2022:16:53:52 -0300] "POST /cormun/servlet/solicitudot?gx-no-cache=1661193646074 HTTP/1.1" 200 109
190.171.152.234 - - [22/Aug/2022:16:53:52 -0300] "GET /cormun/servlet/solicitudot?274a39b7753bf6a747911addcaf797818f9e6dc6b55fec1837db8449fd2194aa32e8ce1bd9067cf1e135e815ff6888a2,gx-no-cache=1661193646107 HTTP/1.1" 200 30
190.171.152.234 - - [22/Aug/2022:16:53:52 -0300] "POST /cormun/servlet/solicitudot?gx-no-cache=1661193646133 HTTP/1.1" 200 33
190.171.152.234 - - [22/Aug/2022:16:53:52 -0300] "POST /cormun/servlet/solicitudot?9de915beaaafce0761d091e6aa30e549,INS,0,0,false,,gx-no-cache=1661193646199 HTTP/1.1" 200 93
190.171.152.234 - - [22/Aug/2022:16:53:52 -0300] "GET /cormun/servlet/hpexe_return? HTTP/1.1" 200 1016
190.171.152.234 - - [22/Aug/2022:16:53:53 -0300] "GET /cormun/static/gxcfg.js?201991422392976 HTTP/1.1" 200 953
190.171.152.234 - - [22/Aug/2022:16:53:53 -0300] "GET /cormun/static/hpexe_return.js?201991422392984 HTTP/1.1" 200 1633
190.171.152.234 - - [22/Aug/2022:16:53:53 -0300] "GET /cormun/servlet/trsolicitudot HTTP/1.1" 200 8789
190.171.152.234 - - [22/Aug/2022:16:53:53 -0300] "GET /cormun//static/Resources/PXToolsActionView.png HTTP/1.1" 200 398
190.171.152.234 - - [22/Aug/2022:16:53:53 -0300] "GET /cormun//static/Resources/PXToolsGridUpdate.png HTTP/1.1" 200 470
190.171.152.234 - - [22/Aug/2022:16:53:53 -0300] "GET /cormun//static/Resources/PXToolsRemoveAllAction.png HTTP/1.1" 200 487
190.171.152.234 - - [22/Aug/2022:16:53:53 -0300] "GET /cormun//static/Resources/PXToolsGridDelete.png HTTP/1.1" 200 538
190.171.152.234 - - [22/Aug/2022:16:53:53 -0300] "GET /cormun/servlet/trsolicitudot HTTP/1.1" 200 8785
190.171.152.234 - - [22/Aug/2022:16:54:03 -0300] "POST /cormun/servlet/trsolicitudot?9de915beaaafce0761d091e6aa30e549,gx-no-cache=1661193657372 HTTP/1.1" 200 5857
190.171.152.234 - - [22/Aug/2022:16:54:03 -0300] "GET /cormun/static/Shared/jqueryui/images/ui-icons_82798d_256x240.png HTTP/1.1" 404 1089
190.171.152.234 - - [22/Aug/2022:16:54:03 -0300] "GET /cormun/static/Shared/jqueryui/images/ui-bg_highlight-soft_100_c6c2c8_1x100.png HTTP/1.1" 404 1117
190.171.152.234 - - [22/Aug/2022:16:54:03 -0300] "GET /cormun/static/Shared/jqueryui/images/ui-bg_flat_55_fafafa_40x100.png HTTP/1.1" 404 1097
190.171.152.234 - - [22/Aug/2022:16:54:03 -0300] "GET /cormun/static/Shared/jqueryui/images/ui-icons_8d78a5_256x240.png HTTP/1.1" 404 1089
191.125.4.135 - - [22/Aug/2022:16:54:16 -0300] "GET /cormun/servlet/hlogin HTTP/1.1" 200 1744
190.171.152.234 - - [22/Aug/2022:16:54:18 -0300] "POST /cormun/servlet/trsolicitudot?9de915beaaafce0761d091e6aa30e549,gx-no-cache=1661193672145 HTTP/1.1" 200 5858
190.171.152.234 - - [22/Aug/2022:16:54:21 -0300] "GET /cormun/servlet/trautorizarsolicitud? HTTP/1.1" 200 7404
190.171.152.234 - - [22/Aug/2022:16:54:21 -0300] "GET /cormun/static/gxcfg.js?201991422414522 HTTP/1.1" 200 953
190.171.152.234 - - [22/Aug/2022:16:54:21 -0300] "GET /cormun/static/trautorizarsolicitud.js?201991422415463 HTTP/1.1" 200 53910
190.171.152.234 - - [22/Aug/2022:16:54:21 -0300] "GET /cormun/servlet/trautorizarsolicitud? HTTP/1.1" 200 7403
190.171.152.234 - - [22/Aug/2022:16:54:24 -0300] "GET /cormun/servlet/trsolicitudot HTTP/1.1" 200 8789
190.171.152.234 - - [22/Aug/2022:16:54:25 -0300] "GET /cormun/servlet/trsolicitudot HTTP/1.1" 200 8785
139.87.71.160 - - [22/Aug/2022:16:55:07 -0300] "GET /manager/html HTTP/1.1" 401 2474
139.87.71.160 - - [22/Aug/2022:16:55:59 -0300] "GET /manager/html HTTP/1.1" 401 2474
139.87.71.160 - - [22/Aug/2022:16:56:43 -0300] "GET /manager/html HTTP/1.1" 401 2474
190.171.152.234 - - [22/Aug/2022:16:57:05 -0300] "GET /cormun/servlet/trautorizarsolicitud? HTTP/1.1" 200 7404
190.171.152.234 - - [22/Aug/2022:16:57:06 -0300] "GET /cormun/servlet/trautorizarsolicitud? HTTP/1.1" 200 7403
190.171.152.234 - - [22/Aug/2022:16:57:10 -0300] "GET /cormun/servlet/trsolicitudot? HTTP/1.1" 200 8786
190.171.152.234 - - [22/Aug/2022:16:57:10 -0300] "GET /cormun/servlet/trsolicitudot? HTTP/1.1" 200 8785
190.171.152.234 - - [22/Aug/2022:16:57:12 -0300] "POST /cormun/servlet/trsolicitudot?9de915beaaafce0761d091e6aa30e549,,gx-no-cache=1661193846648 HTTP/1.1" 200 5861
190.171.152.234 - - [22/Aug/2022:16:57:13 -0300] "GET /cormun/static/Shared/jqueryui/images/ui-bg_highlight-soft_100_c6c2c8_1x100.png HTTP/1.1" 404 1117
190.171.152.234 - - [22/Aug/2022:16:57:13 -0300] "GET /cormun/static/Shared/jqueryui/images/ui-icons_82798d_256x240.png HTTP/1.1" 404 1089
190.171.152.234 - - [22/Aug/2022:16:57:13 -0300] "GET /cormun/static/Shared/jqueryui/images/ui-bg_flat_55_fafafa_40x100.png HTTP/1.1" 404 1097
190.171.152.234 - - [22/Aug/2022:16:57:13 -0300] "GET /cormun/static/Shared/jqueryui/images/ui-icons_8d78a5_256x240.png HTTP/1.1" 404 1089
139.87.71.160 - - [22/Aug/2022:16:57:26 -0300] "GET /manager/html HTTP/1.1" 401 2474
190.171.152.234 - - [22/Aug/2022:16:57:51 -0300] "GET /cormun/servlet/solicitudot?INS,0,0,false, HTTP/1.1" 200 16057
190.171.152.234 - - [22/Aug/2022:16:57:52 -0300] "GET /cormun/servlet/solicitudot?INS,0,0,false, HTTP/1.1" 200 16065
139.87.71.160 - - [22/Aug/2022:16:58:14 -0300] "GET /manager/html HTTP/1.1" 401 2474
190.171.152.114 - - [22/Aug/2022:16:58:26 -0300] "GET /cormun/servlet/trlicencias? HTTP/1.1" 200 7515
190.171.152.114 - - [22/Aug/2022:16:58:26 -0300] "GET /cormun/servlet/hlogin HTTP/1.1" 200 1742
190.171.152.114 - - [22/Aug/2022:16:58:27 -0300] "GET /cormun/servlet/trlicencias? HTTP/1.1" 200 7516
190.171.152.114 - - [22/Aug/2022:16:58:47 -0300] "POST /cormun/servlet/hlogin?53df5f5df96cc4e7ed3ef7ef73ff1c6f,gx-no-cache=1661197480310 HTTP/1.1" 200 90
190.171.152.114 - - [22/Aug/2022:16:58:47 -0300] "GET /cormun/servlet/hpexe_link HTTP/1.1" 200 955
