181.212.42.153 - - [22/Aug/2022:11:00:54 -0300] "GET /cormun/servlet/permisogoce?INS,0,,, HTTP/1.1" 200 6822
181.212.42.153 - - [22/Aug/2022:11:01:01 -0300] "GET /cormun/servlet/permisogoce?c1e056d314cb877d7464b0f791bef5316ef142e850c75f5c3cc28b6760cea8694f3b4d9dd418f5711f4c5f91225924a1ace25ab29919782701cfbbb457f646d0,gx-no-cache=1661176163891 HTTP/1.1" 200 174
181.212.42.153 - - [22/Aug/2022:11:01:01 -0300] "GET /cormun/static/Shared/jqueryui/images/ui-bg_highlight-soft_100_c6c2c8_1x100.png HTTP/1.1" 404 1117
181.212.42.153 - - [22/Aug/2022:11:01:01 -0300] "GET /cormun/static/Shared/jqueryui/images/ui-icons_82798d_256x240.png HTTP/1.1" 404 1089
181.212.42.153 - - [22/Aug/2022:11:01:01 -0300] "GET /cormun/static/Shared/jqueryui/images/ui-bg_flat_55_994d53_40x100.png HTTP/1.1" 404 1097
181.212.42.153 - - [22/Aug/2022:11:01:01 -0300] "GET /cormun/static/Shared/jqueryui/images/ui-icons_ebccce_256x240.png HTTP/1.1" 404 1089
190.171.149.90 - - [22/Aug/2022:11:01:14 -0300] "POST /cormun/servlet/solicitudot?gx-no-cache=1661176026426 HTTP/1.1" 200 41
190.171.149.90 - - [22/Aug/2022:11:01:14 -0300] "GET /cormun/servlet/solicitudot?344f86fcd467fe5d8945a69a69e9152264609b578e7f79a641724ec20cdb59d854508526807ba8b39aada31acde12ba05cbcd8b477f24bef88357ff0017b6782b91b379566585534c036fc3f6c995fae71a2eda73534f909a13f8e7e8e39b7412f1bb515bb57df425689c9d46d686ee2,gx-no-cache=1661176026476 HTTP/1.1" 200 110
190.171.149.90 - - [22/Aug/2022:11:01:14 -0300] "POST /cormun/servlet/solicitudot?gx-no-cache=1661176026515 HTTP/1.1" 200 72
190.171.149.90 - - [22/Aug/2022:11:01:14 -0300] "GET /cormun/servlet/solicitudot?344f86fcd467fe5d8945a69a69e91522941cc20a4895db903385c53c6969ee398575a4d09ff515e2f85a98590e81f73661fb8f947094a6c3df1b65620ed364b886f3819038cc48d728a75d211e4cd27791557a7bf4245f09d0f252d2f44e0ccb4fa0b336761fe1abb6cfab7faacd1aa6,gx-no-cache=1661176026560 HTTP/1.1" 200 29
139.87.71.160 - - [22/Aug/2022:11:01:15 -0300] "GET /manager/html HTTP/1.1" 401 2474
190.171.149.90 - - [22/Aug/2022:11:01:20 -0300] "GET /cormun/servlet/solicitudot?344f86fcd467fe5d8945a69a69e9152264609b578e7f79a641724ec20cdb59d854508526807ba8b39aada31acde12ba05cbcd8b477f24bef88357ff0017b6782b91b379566585534c036fc3f6c995fae71a2eda73534f909a13f8e7e8e39b7412f1bb515bb57df425689c9d46d686ee2,gx-no-cache=1661176032150 HTTP/1.1" 200 110
190.171.149.90 - - [22/Aug/2022:11:01:21 -0300] "GET /cormun/static/menuarrow.gif HTTP/1.1" 404 1015
190.171.149.90 - - [22/Aug/2022:11:01:27 -0300] "GET /cormun/servlet/solicitudot?344f86fcd467fe5d8945a69a69e91522ddaf89159b38d1b8f086846a7718c76262ef23899f1988de22816584e21dfe70,gx-no-cache=1661176039417 HTTP/1.1" 200 30
190.171.149.90 - - [22/Aug/2022:11:01:27 -0300] "POST /cormun/servlet/solicitudot?gx-no-cache=1661176039454 HTTP/1.1" 200 34
190.171.149.90 - - [22/Aug/2022:11:01:50 -0300] "GET /cormun/servlet/solicitudot?344f86fcd467fe5d8945a69a69e915224e3300de6b05466f28486086c0b7103d494afe80d7c7679055a2d98ae8d50a12be7f99a1b37abbb3fbb56b512ff3a28d,gx-no-cache=1661176062618 HTTP/1.1" 200 30
190.171.149.90 - - [22/Aug/2022:11:01:51 -0300] "GET /cormun/servlet/solicitudot?344f86fcd467fe5d8945a69a69e915229f910d609efe522d9d1a1a976b3cd332f50731968968d5a3fbd1780ed1ee0a450eb14417f76bcdccfd92fca246ef94ef2585b2b877b6f6ed7286c5c997591f851f5ccd80653a539cceab7d6dcd3923f0a8a21f5d59650d0c6610bfa32781f572a04b4c35f46c64c6b6f8ef4ee183e879f5b72943f0740e4b6f8f5344fe6a067a9a7273543da42be25bca4d6946359149d79496af21e0d6ec44234b1f747b0586b6939bd01f8d26f64734ecf442866e360b563c6253a4a5c8fd505cfa5fb124ceb4a6c27ac62f7fa0a1d5b42ade431fbaf4cf9069b0f19f5e1f97f07bdbaf51a312c98b5f4f79d88c231a9f60fd388c0b0c7ea70c9516cbc09a6dab403f41884fbe7eb9b7d1347f2af41fb9909c6cdbca4390ababe0da275217355054b384630e00835bc195f51b247fac92b0ee45a63a5c72e94909c05bb21de72fdb37421885a9e6faf993010376924bc8c6f69f75aa09f830dbb65f729b00aca052fa4db1891120795764ad002e43b0ea8dabcd9da6,gx-no-cache=1661176062650 HTTP/1.1" 200 30
190.171.149.90 - - [22/Aug/2022:11:01:51 -0300] "POST /cormun/servlet/solicitudot?gx-no-cache=1661176062674 HTTP/1.1" 200 30
190.171.149.90 - - [22/Aug/2022:11:01:51 -0300] "POST /cormun/servlet/solicitudot?gx-no-cache=1661176062701 HTTP/1.1" 200 1470
190.171.149.90 - - [22/Aug/2022:11:01:51 -0300] "POST /cormun/servlet/solicitudot?gx-no-cache=1661176062785 HTTP/1.1" 200 41
190.171.149.90 - - [22/Aug/2022:11:01:51 -0300] "GET /cormun/servlet/solicitudot?344f86fcd467fe5d8945a69a69e9152264609b578e7f79a641724ec20cdb59d854508526807ba8b39aada31acde12ba05cbcd8b477f24bef88357ff0017b6782b91b379566585534c036fc3f6c995fae71a2eda73534f909a13f8e7e8e39b7412f1bb515bb57df425689c9d46d686ee2,gx-no-cache=1661176062817 HTTP/1.1" 200 110
190.171.149.90 - - [22/Aug/2022:11:01:51 -0300] "POST /cormun/servlet/solicitudot?gx-no-cache=1661176062854 HTTP/1.1" 200 64
190.171.149.90 - - [22/Aug/2022:11:01:51 -0300] "GET /cormun/servlet/solicitudot?344f86fcd467fe5d8945a69a69e91522ddaf89159b38d1b8f086846a7718c76262ef23899f1988de22816584e21dfe70,gx-no-cache=1661176062889 HTTP/1.1" 200 30
190.171.149.90 - - [22/Aug/2022:11:01:51 -0300] "POST /cormun/servlet/solicitudot?gx-no-cache=1661176062922 HTTP/1.1" 200 34
190.171.149.90 - - [22/Aug/2022:11:01:51 -0300] "POST /cormun/servlet/solicitudot?cdd74d06f3e3ac56210cd70aeda48d9a,INS,0,0,false,,gx-no-cache=1661176062968 HTTP/1.1" 200 93
190.171.149.90 - - [22/Aug/2022:11:01:51 -0300] "GET /cormun/servlet/hpexe_return? HTTP/1.1" 200 1012
190.171.149.90 - - [22/Aug/2022:11:01:51 -0300] "GET /cormun/servlet/trsolicitudot HTTP/1.1" 200 8593
190.171.149.90 - - [22/Aug/2022:11:01:52 -0300] "GET /cormun//static/Resources/PXToolsActionView.png HTTP/1.1" 200 398
190.171.149.90 - - [22/Aug/2022:11:01:52 -0300] "GET /cormun//static/Resources/PXToolsRemoveAllAction.png HTTP/1.1" 200 487
190.171.149.90 - - [22/Aug/2022:11:01:52 -0300] "GET /cormun/servlet/trsolicitudot HTTP/1.1" 200 8589
190.171.149.90 - - [22/Aug/2022:11:01:56 -0300] "POST /cormun/servlet/trsolicitudot?cdd74d06f3e3ac56210cd70aeda48d9a,gx-no-cache=1661176067994 HTTP/1.1" 200 5992
190.171.149.90 - - [22/Aug/2022:11:01:56 -0300] "GET /cormun/static/Shared/jqueryui/images/ui-icons_82798d_256x240.png HTTP/1.1" 404 1089
190.171.149.90 - - [22/Aug/2022:11:01:56 -0300] "GET /cormun/static/Shared/jqueryui/images/ui-bg_highlight-soft_100_c6c2c8_1x100.png HTTP/1.1" 404 1117
190.171.149.90 - - [22/Aug/2022:11:01:56 -0300] "GET /cormun/static/Shared/jqueryui/images/ui-bg_flat_55_fafafa_40x100.png HTTP/1.1" 404 1097
190.171.149.90 - - [22/Aug/2022:11:01:56 -0300] "GET /cormun/static/Shared/jqueryui/images/ui-icons_8d78a5_256x240.png HTTP/1.1" 404 1089
190.171.149.90 - - [22/Aug/2022:11:02:01 -0300] "POST /cormun/servlet/trsolicitudot?cdd74d06f3e3ac56210cd70aeda48d9a,gx-no-cache=1661176072653 HTTP/1.1" 200 107
190.171.149.90 - - [22/Aug/2022:11:02:01 -0300] "GET /cormun/servlet/trsolicitudadjuntos?2022,19097, HTTP/1.1" 200 6058
190.171.149.90 - - [22/Aug/2022:11:02:01 -0300] "GET /cormun/static/gxcfg.js?20201215574222 HTTP/1.1" 200 953
190.171.149.90 - - [22/Aug/2022:11:02:01 -0300] "GET /cormun/static/trsolicitudadjuntos.js?20201215574932 HTTP/1.1" 200 17922
190.171.149.90 - - [22/Aug/2022:11:02:01 -0300] "GET /cormun/static/Resources/PXToolsGridNew.png HTTP/1.1" 200 427
190.171.149.90 - - [22/Aug/2022:11:02:01 -0300] "GET /cormun/servlet/trsolicitudadjuntos?2022,19097, HTTP/1.1" 200 6058
179.57.78.9 - - [22/Aug/2022:11:02:02 -0300] "GET /cormun/servlet/trsolicitudot? HTTP/1.1" 200 7558
139.87.71.160 - - [22/Aug/2022:11:02:02 -0300] "GET /manager/html HTTP/1.1" 401 2474
179.57.78.9 - - [22/Aug/2022:11:02:03 -0300] "GET /cormun/servlet/trsolicitudot? HTTP/1.1" 200 7558
179.57.78.9 - - [22/Aug/2022:11:02:06 -0300] "GET /cormun/servlet/solicitudot?INS,0,0,false, HTTP/1.1" 200 16098
179.57.78.9 - - [22/Aug/2022:11:02:06 -0300] "GET /cormun/static/gxcfg.js?20203414241232 HTTP/1.1" 200 953
179.57.78.9 - - [22/Aug/2022:11:02:06 -0300] "GET /cormun/static/Resources/prompt.gif HTTP/1.1" 200 902
179.57.78.9 - - [22/Aug/2022:11:02:06 -0300] "GET /cormun/static/solicitudot.js?20203414242792 HTTP/1.1" 200 74114
179.57.78.9 - - [22/Aug/2022:11:02:07 -0300] "GET /cormun/servlet/solicitudot?INS,0,0,false, HTTP/1.1" 200 16106
179.57.78.9 - - [22/Aug/2022:11:02:20 -0300] "POST /cormun/servlet/solicitudot?gx-no-cache=1660936040969 HTTP/1.1" 200 4013
179.57.78.9 - - [22/Aug/2022:11:02:20 -0300] "POST /cormun/servlet/solicitudot?bbb40afe25b27c4649df4c5853260ba8,INS,0,0,false,,gx-no-cache=1660936041215 HTTP/1.1" 200 12864
190.171.149.90 - - [22/Aug/2022:11:02:36 -0300] "GET /cormun/servlet/solicitudotadjuntos?INS,2022,19097,,1, HTTP/1.1" 200 6003
190.171.149.90 - - [22/Aug/2022:11:02:36 -0300] "GET /cormun/static/gxcfg.js?202012157947 HTTP/1.1" 200 953
190.171.149.90 - - [22/Aug/2022:11:02:36 -0300] "GET /cormun/static/solicitudotadjuntos.js?202012157966 HTTP/1.1" 200 11771
190.171.149.90 - - [22/Aug/2022:11:02:36 -0300] "GET /cormun/static/about:blank HTTP/1.1" 404 1011
190.171.149.90 - - [22/Aug/2022:11:02:36 -0300] "GET /cormun/servlet/solicitudotadjuntos?INS,2022,19097,,1, HTTP/1.1" 200 5997
190.171.149.90 - - [22/Aug/2022:11:02:37 -0300] "GET /cormun/servlet/solicitudotadjuntos?344f86fcd467fe5d8945a69a69e915223b14c608eb56074badc1ebfb0d07b27eb6bb956f1a63822d8df9c320b46a6100,gx-no-cache=1661176108816 HTTP/1.1" 200 30
190.171.149.90 - - [22/Aug/2022:11:02:37 -0300] "POST /cormun/servlet/solicitudotadjuntos?cdd74d06f3e3ac56210cd70aeda48d9a,INS,2022,19097,,1,,gx-no-cache=1661176108836 HTTP/1.1" 200 3885
190.171.149.90 - - [22/Aug/2022:11:02:38 -0300] "POST /cormun/servlet/solicitudotadjuntos?gx-no-cache=1661176110394 HTTP/1.1" 200 26
179.57.78.9 - - [22/Aug/2022:11:02:44 -0300] "GET /cormun/servlet/solicitudot?0ed26ec93d0d5bb1ea8c56eb6d43cf00da9ca6924a5906a21714b9655eb0673b3b8b53da717765be2859b76598bd7adf,gx-no-cache=1660936064625 HTTP/1.1" 200 30
179.57.78.9 - - [22/Aug/2022:11:02:44 -0300] "GET /cormun/servlet/solicitudot?0ed26ec93d0d5bb1ea8c56eb6d43cf000009d5e61d43859cab83536d868bf6ff521e3f4a080a3fc345bdbe4faae0c75a3b8b53da717765be2859b76598bd7adf,gx-no-cache=1660936064705 HTTP/1.1" 200 30
179.57.78.9 - - [22/Aug/2022:11:02:44 -0300] "GET /cormun/servlet/solicitudot?0ed26ec93d0d5bb1ea8c56eb6d43cf0023364064032e7fb8f9aa49d566833df8,gx-no-cache=1660936064741 HTTP/1.1" 200 51
179.57.78.9 - - [22/Aug/2022:11:02:44 -0300] "POST /cormun/servlet/solicitudot?gx-no-cache=1660936064784 HTTP/1.1" 200 297
179.57.78.9 - - [22/Aug/2022:11:02:44 -0300] "GET /cormun/servlet/solicitudot?0ed26ec93d0d5bb1ea8c56eb6d43cf00f413dc0efdf172dcdfcf49a8d74a058be3191f39c069d1612aef62922734d708748d2d42851044b804e971108dfc0bc9beb9c30d8c77cf0e7aadb170ebe1d0ad5af95036b2f8f197669b7d741bdcbe9c738c597b55b95b6a0209c45888309da94085c26e78b434eb917e16213e828e817e7dcbe7b1f00bead1aae5d263ea00b6af24b9814f3fdca6a8fdb966ffc9ebb3733bdffe62eb1ed8b2a31fd1a3125d0bf1926d1a0f6b241ba3186591e87d22d78aa44a600e407c863f8c367acd65d16f5588f75733b8a2a99ba7ee448a76f2917946ff8ec01998c5cd4f6e3e2acb17044e23598d57887d088eda5952be3b1f38ca865c828e536de11a9ec1b327a71efa14da9d99f4f85f1ff868acde146ed9845fcadfd36f66a7bff3a15fe568737504d7ea500eca16223c37d09cc8d63f15acac1cc6d73a5b1408d8e434080061e72de25690c60f29affab3df8b9e4bbbb20a71fa12373971588dee7597b1c7655c4a95ca0854687f1d144f46fd986995d97feee8eef09843a12e7a93495e9718cb5e,gx-no-cache=1660936064843 HTTP/1.1" 200 30
179.57.78.9 - - [22/Aug/2022:11:02:46 -0300] "POST /cormun/servlet/solicitudot?gx-no-cache=1660936067088 HTTP/1.1" 200 30
179.57.78.9 - - [22/Aug/2022:11:02:50 -0300] "POST /cormun/servlet/solicitudot?gx-no-cache=1660936070862 HTTP/1.1" 200 1466
179.57.78.9 - - [22/Aug/2022:11:02:50 -0300] "POST /cormun/servlet/solicitudot?gx-no-cache=1660936070943 HTTP/1.1" 200 38
179.57.78.9 - - [22/Aug/2022:11:02:50 -0300] "GET /cormun/servlet/solicitudot?0ed26ec93d0d5bb1ea8c56eb6d43cf00216a0058425442f2240a440bbdc6a7437ebaffebdac3d9d51b36c6e3bbc95eefb79725d12c2c08238b525a8e5fd39ba1d6edcb38028f8abda076748e7364553dd58ecf13020df89cfe03a61feb11e5614b21bdd7c4755eba1fc84d365757805b,gx-no-cache=1660936070979 HTTP/1.1" 200 110
139.87.71.160 - - [22/Aug/2022:11:02:55 -0300] "GET /manager/html HTTP/1.1" 401 2474
179.57.78.9 - - [22/Aug/2022:11:02:56 -0300] "POST /cormun/servlet/solicitudot?gx-no-cache=1660936076760 HTTP/1.1" 200 110
179.57.78.9 - - [22/Aug/2022:11:03:00 -0300] "GET /cormun/servlet/solicitudot?0ed26ec93d0d5bb1ea8c56eb6d43cf00fc972b839402734efab9ccdbff2de9492c11db18a2c63404af6f9a32d3e57b19da117770aecc790a59c0e4bb6f1986ed38739b1863185ac633ab0ed0732985b4522137edbb7672c29309a47445b9292b371d1d57e439bbe18238bcfa2f09820a,gx-no-cache=1660936081209 HTTP/1.1" 200 29
179.57.78.9 - - [22/Aug/2022:11:03:00 -0300] "GET /cormun/static/menuarrow.gif HTTP/1.1" 404 1015
179.57.78.9 - - [22/Aug/2022:11:03:04 -0300] "GET /cormun/servlet/solicitudot?0ed26ec93d0d5bb1ea8c56eb6d43cf00b2b60ba5a96f4334f1c9c7f212f0ea2739b12568216adc2938f4f40c1129c002,gx-no-cache=1660936084587 HTTP/1.1" 200 30
179.57.78.9 - - [22/Aug/2022:11:03:26 -0300] "POST /cormun/servlet/solicitudot?gx-no-cache=1660936107170 HTTP/1.1" 200 30
190.171.152.138 - - [22/Aug/2022:11:03:39 -0300] "GET /cormun/servlet/hlogin HTTP/1.1" 200 1735
139.87.71.160 - - [22/Aug/2022:11:03:43 -0300] "GET /manager/html HTTP/1.1" 401 2474
190.171.149.90 - - [22/Aug/2022:11:03:51 -0300] "GET /cormun/servlet/solicitudotadjuntos?344f86fcd467fe5d8945a69a69e9152208553375cbc81ab26df4ddae24251bdb,gx-no-cache=1661176183300 HTTP/1.1" 200 30
190.171.149.90 - - [22/Aug/2022:11:03:51 -0300] "GET /cormun/servlet/solicitudotadjuntos?344f86fcd467fe5d8945a69a69e9152208553375cbc81ab26df4ddae24251bdb,gx-no-cache=1661176183329 HTTP/1.1" 200 30
190.171.149.90 - - [22/Aug/2022:11:03:51 -0300] "POST /cormun/servlet/solicitudotadjuntos?cdd74d06f3e3ac56210cd70aeda48d9a,INS,2022,19097,,1, HTTP/1.1" 200 116
190.171.149.90 - - [22/Aug/2022:11:03:51 -0300] "GET /cormun/servlet/hpexe_return? HTTP/1.1" 200 1030
190.171.149.90 - - [22/Aug/2022:11:03:52 -0300] "GET /cormun/servlet/trsolicitudadjuntos?2022,19097, HTTP/1.1" 200 8826
190.171.149.90 - - [22/Aug/2022:11:03:52 -0300] "GET /cormun/servlet/trsolicitudadjuntos?2022,19097, HTTP/1.1" 200 8822
190.171.149.90 - - [22/Aug/2022:11:03:54 -0300] "GET /cormun/servlet/solicitudotadjuntos?INS,2022,19097,,1, HTTP/1.1" 200 6003
190.171.149.90 - - [22/Aug/2022:11:03:54 -0300] "GET /cormun/static/about:blank HTTP/1.1" 404 1011
190.171.149.90 - - [22/Aug/2022:11:03:54 -0300] "GET /cormun/servlet/solicitudotadjuntos?INS,2022,19097,,1, HTTP/1.1" 200 5997
190.171.149.90 - - [22/Aug/2022:11:03:55 -0300] "GET /cormun/servlet/solicitudotadjuntos?344f86fcd467fe5d8945a69a69e915223b14c608eb56074badc1ebfb0d07b27eb6bb956f1a63822d8df9c320b46a6100,gx-no-cache=1661176187075 HTTP/1.1" 200 30
190.171.149.90 - - [22/Aug/2022:11:03:55 -0300] "POST /cormun/servlet/solicitudotadjuntos?cdd74d06f3e3ac56210cd70aeda48d9a,INS,2022,19097,,1,,gx-no-cache=1661176187110 HTTP/1.1" 200 3885
190.171.149.90 - - [22/Aug/2022:11:03:58 -0300] "POST /cormun/servlet/solicitudotadjuntos?gx-no-cache=1661176190016 HTTP/1.1" 200 26
190.171.152.138 - - [22/Aug/2022:11:03:59 -0300] "POST /cormun/servlet/hlogin?0233d08c79f78df1be4c6259089d07d6,gx-no-cache=1661172586494 HTTP/1.1" 200 90
190.171.152.138 - - [22/Aug/2022:11:03:59 -0300] "GET /cormun/servlet/hpexe_link HTTP/1.1" 200 960
190.171.152.138 - - [22/Aug/2022:11:03:59 -0300] "GET /cormun/servlet/hhome HTTP/1.1" 200 3863
190.171.152.138 - - [22/Aug/2022:11:04:00 -0300] "GET /cormun/servlet/hhome HTTP/1.1" 200 3860
190.171.152.138 - - [22/Aug/2022:11:04:03 -0300] "GET /cormun/servlet/trpermisosgoce? HTTP/1.1" 200 9546
190.171.149.90 - - [22/Aug/2022:11:04:03 -0300] "GET /cormun/servlet/solicitudotadjuntos?344f86fcd467fe5d8945a69a69e9152208553375cbc81ab26df4ddae24251bdb,gx-no-cache=1661176195431 HTTP/1.1" 200 30
190.171.149.90 - - [22/Aug/2022:11:04:03 -0300] "GET /cormun/servlet/solicitudotadjuntos?344f86fcd467fe5d8945a69a69e9152208553375cbc81ab26df4ddae24251bdb,gx-no-cache=1661176195453 HTTP/1.1" 200 30
190.171.152.138 - - [22/Aug/2022:11:04:04 -0300] "GET /cormun/servlet/trpermisosgoce? HTTP/1.1" 200 9544
190.171.149.90 - - [22/Aug/2022:11:04:04 -0300] "POST /cormun/servlet/solicitudotadjuntos?cdd74d06f3e3ac56210cd70aeda48d9a,INS,2022,19097,,1, HTTP/1.1" 200 116
190.171.149.90 - - [22/Aug/2022:11:04:04 -0300] "GET /cormun/servlet/hpexe_return? HTTP/1.1" 200 1030
190.171.149.90 - - [22/Aug/2022:11:04:04 -0300] "GET /cormun/servlet/trsolicitudadjuntos?2022,19097, HTTP/1.1" 200 9073
190.171.149.90 - - [22/Aug/2022:11:04:04 -0300] "GET /cormun/servlet/trsolicitudadjuntos?2022,19097, HTTP/1.1" 200 9071
190.171.149.90 - - [22/Aug/2022:11:04:06 -0300] "GET /cormun/servlet/solicitudotadjuntos?INS,2022,19097,,1, HTTP/1.1" 200 6002
190.171.152.138 - - [22/Aug/2022:11:04:07 -0300] "GET /cormun/servlet/permisogoce?INS,0,,, HTTP/1.1" 200 6724
190.171.149.90 - - [22/Aug/2022:11:04:07 -0300] "GET /cormun/static/about:blank HTTP/1.1" 404 1011
190.171.149.90 - - [22/Aug/2022:11:04:07 -0300] "GET /cormun/servlet/solicitudotadjuntos?INS,2022,19097,,1, HTTP/1.1" 200 5996
190.171.152.138 - - [22/Aug/2022:11:04:07 -0300] "GET /cormun/servlet/permisogoce?INS,0,,, HTTP/1.1" 200 6724
190.171.149.90 - - [22/Aug/2022:11:04:07 -0300] "GET /cormun/servlet/solicitudotadjuntos?344f86fcd467fe5d8945a69a69e915223b14c608eb56074badc1ebfb0d07b27eb6bb956f1a63822d8df9c320b46a6100,gx-no-cache=1661176199232 HTTP/1.1" 200 30
190.171.149.90 - - [22/Aug/2022:11:04:07 -0300] "POST /cormun/servlet/solicitudotadjuntos?cdd74d06f3e3ac56210cd70aeda48d9a,INS,2022,19097,,1,,gx-no-cache=1661176199254 HTTP/1.1" 200 3884
190.171.149.90 - - [22/Aug/2022:11:04:10 -0300] "POST /cormun/servlet/solicitudotadjuntos?gx-no-cache=1661176201814 HTTP/1.1" 200 26
179.57.78.9 - - [22/Aug/2022:11:04:16 -0300] "POST /cormun/servlet/solicitudot?bbb40afe25b27c4649df4c5853260ba8,INS,0,0,false,,gx-no-cache=1660936156694 HTTP/1.1" 200 93
179.57.78.9 - - [22/Aug/2022:11:04:16 -0300] "GET /cormun/servlet/hpexe_return? HTTP/1.1" 200 1009
179.57.78.9 - - [22/Aug/2022:11:04:16 -0300] "GET /cormun/static/hpexe_return.js?201991422392984 HTTP/1.1" 200 1633
179.57.78.9 - - [22/Aug/2022:11:04:16 -0300] "GET /cormun/static/gxcfg.js?201991422392976 HTTP/1.1" 200 953
179.57.78.9 - - [22/Aug/2022:11:04:16 -0300] "GET /cormun/servlet/trsolicitudot HTTP/1.1" 200 7562
190.171.149.90 - - [22/Aug/2022:11:04:17 -0300] "GET /cormun/servlet/solicitudotadjuntos?344f86fcd467fe5d8945a69a69e9152208553375cbc81ab26df4ddae24251bdb,gx-no-cache=1661176208644 HTTP/1.1" 200 30
190.171.149.90 - - [22/Aug/2022:11:04:17 -0300] "GET /cormun/servlet/solicitudotadjuntos?344f86fcd467fe5d8945a69a69e9152208553375cbc81ab26df4ddae24251bdb,gx-no-cache=1661176208659 HTTP/1.1" 200 30
190.171.149.90 - - [22/Aug/2022:11:04:17 -0300] "POST /cormun/servlet/solicitudotadjuntos?cdd74d06f3e3ac56210cd70aeda48d9a,INS,2022,19097,,1, HTTP/1.1" 200 116
190.171.149.90 - - [22/Aug/2022:11:04:17 -0300] "GET /cormun/servlet/hpexe_return? HTTP/1.1" 200 1030
190.171.149.90 - - [22/Aug/2022:11:04:17 -0300] "GET /cormun/servlet/trsolicitudadjuntos?2022,19097, HTTP/1.1" 200 9239
179.57.78.9 - - [22/Aug/2022:11:04:17 -0300] "GET /cormun/servlet/trsolicitudot HTTP/1.1" 200 7558
190.171.149.90 - - [22/Aug/2022:11:04:17 -0300] "GET /cormun/servlet/trsolicitudadjuntos?2022,19097, HTTP/1.1" 200 9237
190.171.149.90 - - [22/Aug/2022:11:04:19 -0300] "GET /cormun/servlet/solicitudotadjuntos?INS,2022,19097,,1, HTTP/1.1" 200 6002
190.171.149.90 - - [22/Aug/2022:11:04:19 -0300] "GET /cormun/static/about:blank HTTP/1.1" 404 1011
190.171.149.90 - - [22/Aug/2022:11:04:19 -0300] "GET /cormun/servlet/solicitudotadjuntos?INS,2022,19097,,1, HTTP/1.1" 200 5996
190.171.149.90 - - [22/Aug/2022:11:04:20 -0300] "GET /cormun/servlet/solicitudotadjuntos?344f86fcd467fe5d8945a69a69e915223b14c608eb56074badc1ebfb0d07b27eb6bb956f1a63822d8df9c320b46a6100,gx-no-cache=1661176212003 HTTP/1.1" 200 30
190.171.149.90 - - [22/Aug/2022:11:04:20 -0300] "POST /cormun/servlet/solicitudotadjuntos?cdd74d06f3e3ac56210cd70aeda48d9a,INS,2022,19097,,1,,gx-no-cache=1661176212034 HTTP/1.1" 200 3884
190.171.152.138 - - [22/Aug/2022:11:04:20 -0300] "GET /cormun/servlet/permisogoce?a07db4dc3ad8111b7e7c45bc5393bea4d2291403fa322a6b63092f7928cbb8983f4d2be7dad55697808b64026366f04306e28b8c65fa579a50570d7adae73be8,gx-no-cache=1661172608010 HTTP/1.1" 200 85
190.171.149.90 - - [22/Aug/2022:11:04:22 -0300] "POST /cormun/servlet/solicitudotadjuntos?gx-no-cache=1661176214239 HTTP/1.1" 200 26
190.171.152.138 - - [22/Aug/2022:11:04:22 -0300] "GET /cormun/static/menuarrow.gif HTTP/1.1" 404 1015
139.87.71.160 - - [22/Aug/2022:11:04:25 -0300] "GET /manager/html HTTP/1.1" 401 2474
190.171.149.90 - - [22/Aug/2022:11:04:27 -0300] "GET /cormun/servlet/solicitudotadjuntos?344f86fcd467fe5d8945a69a69e9152208553375cbc81ab26df4ddae24251bdb,gx-no-cache=1661176218969 HTTP/1.1" 200 30
190.171.149.90 - - [22/Aug/2022:11:04:27 -0300] "GET /cormun/servlet/solicitudotadjuntos?344f86fcd467fe5d8945a69a69e9152208553375cbc81ab26df4ddae24251bdb,gx-no-cache=1661176218990 HTTP/1.1" 200 30
190.171.149.90 - - [22/Aug/2022:11:04:27 -0300] "POST /cormun/servlet/solicitudotadjuntos?cdd74d06f3e3ac56210cd70aeda48d9a,INS,2022,19097,,1, HTTP/1.1" 200 116
190.171.149.90 - - [22/Aug/2022:11:04:27 -0300] "GET /cormun/servlet/hpexe_return? HTTP/1.1" 200 1030
190.171.149.90 - - [22/Aug/2022:11:04:27 -0300] "GET /cormun/servlet/trsolicitudadjuntos?2022,19097, HTTP/1.1" 200 9504
190.171.149.90 - - [22/Aug/2022:11:04:28 -0300] "GET /cormun/servlet/trsolicitudadjuntos?2022,19097, HTTP/1.1" 200 9504
179.57.78.9 - - [22/Aug/2022:11:04:28 -0300] "GET /cormun/servlet/solicitudot?INS,0,0,false, HTTP/1.1" 200 16099
179.57.78.9 - - [22/Aug/2022:11:04:29 -0300] "GET /cormun/servlet/solicitudot?INS,0,0,false, HTTP/1.1" 200 16106
190.171.149.90 - - [22/Aug/2022:11:04:30 -0300] "GET /cormun/servlet/solicitudotadjuntos?INS,2022,19097,,1, HTTP/1.1" 200 6002
190.171.149.90 - - [22/Aug/2022:11:04:30 -0300] "GET /cormun/static/about:blank HTTP/1.1" 404 1011
190.171.149.90 - - [22/Aug/2022:11:04:30 -0300] "GET /cormun/servlet/solicitudotadjuntos?INS,2022,19097,,1, HTTP/1.1" 200 5996
190.171.149.90 - - [22/Aug/2022:11:04:30 -0300] "GET /cormun/servlet/solicitudotadjuntos?344f86fcd467fe5d8945a69a69e915223b14c608eb56074badc1ebfb0d07b27eb6bb956f1a63822d8df9c320b46a6100,gx-no-cache=1661176222536 HTTP/1.1" 200 30
190.171.149.90 - - [22/Aug/2022:11:04:31 -0300] "POST /cormun/servlet/solicitudotadjuntos?cdd74d06f3e3ac56210cd70aeda48d9a,INS,2022,19097,,1,,gx-no-cache=1661176222571 HTTP/1.1" 200 3884
190.171.152.138 - - [22/Aug/2022:11:04:31 -0300] "GET /cormun/servlet/permisogoce?a07db4dc3ad8111b7e7c45bc5393bea460325aed4e00478ede8b434ca5b6bec342209855be37d0d694513af78769103a34412091023c991b60e28bb5614fb2dd,gx-no-cache=1661172618422 HTTP/1.1" 200 48
179.57.78.9 - - [22/Aug/2022:11:04:31 -0300] "POST /cormun/servlet/solicitudot?bbb40afe25b27c4649df4c5853260ba8,INS,0,0,false,,gx-no-cache=1660936172217 HTTP/1.1" 200 90
179.57.78.9 - - [22/Aug/2022:11:04:31 -0300] "GET /cormun/servlet/hpexe_link HTTP/1.1" 200 966
179.57.78.9 - - [22/Aug/2022:11:04:32 -0300] "GET /cormun/servlet/trsolicitudot HTTP/1.1" 200 7559
179.57.78.9 - - [22/Aug/2022:11:04:32 -0300] "GET /cormun/servlet/trsolicitudot HTTP/1.1" 200 7558
190.171.149.90 - - [22/Aug/2022:11:04:33 -0300] "POST /cormun/servlet/solicitudotadjuntos?gx-no-cache=1661176225509 HTTP/1.1" 200 26
179.57.78.9 - - [22/Aug/2022:11:04:34 -0300] "POST /cormun/servlet/trsolicitudot?bbb40afe25b27c4649df4c5853260ba8,gx-no-cache=1660936175156 HTTP/1.1" 200 4626
190.171.152.138 - - [22/Aug/2022:11:04:36 -0300] "POST /cormun/servlet/permisogoce?0233d08c79f78df1be4c6259089d07d6,INS,0,,,,gx-no-cache=1661172623322 HTTP/1.1" 200 93
190.171.152.138 - - [22/Aug/2022:11:04:36 -0300] "GET /cormun/servlet/hpexe_return? HTTP/1.1" 200 1019
190.171.152.138 - - [22/Aug/2022:11:04:37 -0300] "GET /cormun/servlet/trpermisosgoce HTTP/1.1" 200 9839
190.171.152.138 - - [22/Aug/2022:11:04:37 -0300] "GET /cormun/servlet/trpermisosgoce HTTP/1.1" 200 9834
190.171.149.90 - - [22/Aug/2022:11:04:38 -0300] "GET /cormun/servlet/solicitudotadjuntos?344f86fcd467fe5d8945a69a69e9152208553375cbc81ab26df4ddae24251bdb,gx-no-cache=1661176230482 HTTP/1.1" 200 30
190.171.149.90 - - [22/Aug/2022:11:04:38 -0300] "GET /cormun/servlet/solicitudotadjuntos?344f86fcd467fe5d8945a69a69e9152208553375cbc81ab26df4ddae24251bdb,gx-no-cache=1661176230500 HTTP/1.1" 200 30
190.171.149.90 - - [22/Aug/2022:11:04:39 -0300] "POST /cormun/servlet/solicitudotadjuntos?cdd74d06f3e3ac56210cd70aeda48d9a,INS,2022,19097,,1, HTTP/1.1" 200 116
190.171.149.90 - - [22/Aug/2022:11:04:39 -0300] "GET /cormun/servlet/hpexe_return? HTTP/1.1" 200 1030
190.171.149.90 - - [22/Aug/2022:11:04:39 -0300] "GET /cormun/servlet/trsolicitudadjuntos?2022,19097, HTTP/1.1" 200 9786
190.171.149.90 - - [22/Aug/2022:11:04:39 -0300] "GET /cormun/servlet/trsolicitudadjuntos?2022,19097, HTTP/1.1" 200 9785
179.57.78.9 - - [22/Aug/2022:11:04:40 -0300] "POST /cormun/servlet/trsolicitudot?bbb40afe25b27c4649df4c5853260ba8,gx-no-cache=1660936180787 HTTP/1.1" 200 4626
186.67.172.234 - - [22/Aug/2022:11:04:41 -0300] "POST /cormun/servlet/solicitudot?3940106b2750455361effbd912f8484e,INS,0,0,false,,gx-no-cache=1661176233721 HTTP/1.1" 200 93
190.171.152.138 - - [22/Aug/2022:11:04:41 -0300] "GET /cormun/servlet/apermisogoceprn?17139473,P,20220822094702,PU HTTP/1.1" 200 1649
186.67.172.234 - - [22/Aug/2022:11:04:41 -0300] "GET /cormun/servlet/hpexe_return? HTTP/1.1" 200 1003
186.67.172.234 - - [22/Aug/2022:11:04:41 -0300] "GET /cormun/static/hpexe_return.js?201991422392984 HTTP/1.1" 200 1633
186.67.172.234 - - [22/Aug/2022:11:04:41 -0300] "GET /cormun/static/gxcfg.js?201991422392976 HTTP/1.1" 200 953
186.67.172.234 - - [22/Aug/2022:11:04:41 -0300] "GET /cormun/servlet/trsolicitudot HTTP/1.1" 200 7586
190.171.149.90 - - [22/Aug/2022:11:04:41 -0300] "GET /cormun/servlet/solicitudotadjuntos?INS,2022,19097,,1, HTTP/1.1" 200 6002
190.171.149.90 - - [22/Aug/2022:11:04:41 -0300] "GET /cormun/static/about:blank HTTP/1.1" 404 1011
186.67.172.234 - - [22/Aug/2022:11:04:41 -0300] "GET /cormun/servlet/trsolicitudot HTTP/1.1" 200 7582
190.171.149.90 - - [22/Aug/2022:11:04:41 -0300] "GET /cormun/servlet/solicitudotadjuntos?INS,2022,19097,,1, HTTP/1.1" 200 5996
190.171.149.90 - - [22/Aug/2022:11:04:42 -0300] "GET /cormun/servlet/solicitudotadjuntos?344f86fcd467fe5d8945a69a69e915223b14c608eb56074badc1ebfb0d07b27eb6bb956f1a63822d8df9c320b46a6100,gx-no-cache=1661176233865 HTTP/1.1" 200 30
190.171.149.90 - - [22/Aug/2022:11:04:42 -0300] "POST /cormun/servlet/solicitudotadjuntos?cdd74d06f3e3ac56210cd70aeda48d9a,INS,2022,19097,,1,,gx-no-cache=1661176233897 HTTP/1.1" 200 3884
190.171.149.90 - - [22/Aug/2022:11:04:44 -0300] "POST /cormun/servlet/solicitudotadjuntos?gx-no-cache=1661176235701 HTTP/1.1" 200 26
186.67.172.234 - - [22/Aug/2022:11:04:46 -0300] "GET /cormun/servlet/trlicencias? HTTP/1.1" 200 15027
186.67.172.234 - - [22/Aug/2022:11:04:46 -0300] "GET /cormun/servlet/trlicencias? HTTP/1.1" 200 15024
179.57.78.9 - - [22/Aug/2022:11:04:47 -0300] "POST /cormun/servlet/trsolicitudot?bbb40afe25b27c4649df4c5853260ba8,gx-no-cache=1660936188090 HTTP/1.1" 200 4626
179.57.78.9 - - [22/Aug/2022:11:04:51 -0300] "GET /cormun/servlet/solicitudot?INS,0,0,false, HTTP/1.1" 200 16099
179.57.78.9 - - [22/Aug/2022:11:04:52 -0300] "GET /cormun/servlet/solicitudot?INS,0,0,false, HTTP/1.1" 200 16106
179.57.78.9 - - [22/Aug/2022:11:04:56 -0300] "POST /cormun/servlet/solicitudot?bbb40afe25b27c4649df4c5853260ba8,INS,0,0,false,,gx-no-cache=1660936197304 HTTP/1.1" 200 90
179.57.78.9 - - [22/Aug/2022:11:04:56 -0300] "GET /cormun/servlet/hpexe_link HTTP/1.1" 200 985
179.57.78.9 - - [22/Aug/2022:11:04:57 -0300] "GET /cormun/servlet/trsolicitudot?gx-no-cache=1660936188090 HTTP/1.1" 200 7559
179.57.78.9 - - [22/Aug/2022:11:04:58 -0300] "GET /cormun/servlet/trsolicitudot?gx-no-cache=1660936188090 HTTP/1.1" 200 7579
179.57.78.9 - - [22/Aug/2022:11:05:00 -0300] "POST /cormun/servlet/trsolicitudot?bbb40afe25b27c4649df4c5853260ba8,gx-no-cache=1660936188090,gx-no-cache=1660936201351 HTTP/1.1" 200 4626
179.57.78.9 - - [22/Aug/2022:11:05:02 -0300] "POST /cormun/servlet/trsolicitudot?bbb40afe25b27c4649df4c5853260ba8,gx-no-cache=1660936188090,gx-no-cache=1660936202735 HTTP/1.1" 200 4626
179.57.78.9 - - [22/Aug/2022:11:05:02 -0300] "POST /cormun/servlet/trsolicitudot?bbb40afe25b27c4649df4c5853260ba8,gx-no-cache=1660936188090,gx-no-cache=1660936202952 HTTP/1.1" 200 4626
179.57.78.9 - - [22/Aug/2022:11:05:03 -0300] "POST /cormun/servlet/trsolicitudot?bbb40afe25b27c4649df4c5853260ba8,gx-no-cache=1660936188090,gx-no-cache=1660936204279 HTTP/1.1" 200 4626
179.57.78.9 - - [22/Aug/2022:11:05:04 -0300] "POST /cormun/servlet/trsolicitudot?bbb40afe25b27c4649df4c5853260ba8,gx-no-cache=1660936188090,gx-no-cache=1660936205133 HTTP/1.1" 200 4626
179.57.78.9 - - [22/Aug/2022:11:05:04 -0300] "POST /cormun/servlet/trsolicitudot?bbb40afe25b27c4649df4c5853260ba8,gx-no-cache=1660936188090,gx-no-cache=1660936205371 HTTP/1.1" 200 4626
139.87.71.160 - - [22/Aug/2022:11:05:09 -0300] "GET /manager/html HTTP/1.1" 401 2474
179.57.78.9 - - [22/Aug/2022:11:05:11 -0300] "POST /cormun/servlet/trsolicitudot?bbb40afe25b27c4649df4c5853260ba8,gx-no-cache=1660936188090,gx-no-cache=1660936211880 HTTP/1.1" 200 4627
179.57.78.9 - - [22/Aug/2022:11:05:21 -0300] "POST /cormun/servlet/trsolicitudot?bbb40afe25b27c4649df4c5853260ba8,gx-no-cache=1660936188090,gx-no-cache=1660936221441 HTTP/1.1" 200 7316
190.171.149.90 - - [22/Aug/2022:11:05:31 -0300] "GET /cormun/servlet/solicitudotadjuntos?344f86fcd467fe5d8945a69a69e9152208553375cbc81ab26df4ddae24251bdb,gx-no-cache=1661176283279 HTTP/1.1" 200 30
190.171.149.90 - - [22/Aug/2022:11:05:31 -0300] "GET /cormun/servlet/solicitudotadjuntos?344f86fcd467fe5d8945a69a69e9152208553375cbc81ab26df4ddae24251bdb,gx-no-cache=1661176283324 HTTP/1.1" 200 30
190.171.149.90 - - [22/Aug/2022:11:05:31 -0300] "POST /cormun/servlet/solicitudotadjuntos?cdd74d06f3e3ac56210cd70aeda48d9a,INS,2022,19097,,1,,gx-no-cache=1661176283351 HTTP/1.1" 200 93
190.171.149.90 - - [22/Aug/2022:11:05:31 -0300] "GET /cormun/servlet/hpexe_return? HTTP/1.1" 200 1030
190.171.149.90 - - [22/Aug/2022:11:05:32 -0300] "GET /cormun/servlet/trsolicitudadjuntos?2022,19097, HTTP/1.1" 200 9913
190.171.149.90 - - [22/Aug/2022:11:05:32 -0300] "GET /cormun/servlet/trsolicitudadjuntos?2022,19097, HTTP/1.1" 200 9908
179.57.78.9 - - [22/Aug/2022:11:05:35 -0300] "POST /cormun/servlet/trsolicitudot?bbb40afe25b27c4649df4c5853260ba8,gx-no-cache=1660936188090,gx-no-cache=1660936235659 HTTP/1.1" 200 4626
190.171.149.90 - - [22/Aug/2022:11:05:36 -0300] "GET /cormun/servlet/trsolicitudot? HTTP/1.1" 200 8596
190.171.149.90 - - [22/Aug/2022:11:05:37 -0300] "GET /cormun/servlet/trsolicitudot? HTTP/1.1" 200 8589
179.57.78.9 - - [22/Aug/2022:11:05:38 -0300] "GET /cormun/servlet/solicitudot?INS,0,0,false, HTTP/1.1" 200 16120
179.57.78.9 - - [22/Aug/2022:11:05:39 -0300] "GET /cormun/servlet/solicitudot?INS,0,0,false, HTTP/1.1" 200 16106
190.171.149.90 - - [22/Aug/2022:11:05:41 -0300] "POST /cormun/servlet/trsolicitudot?cdd74d06f3e3ac56210cd70aeda48d9a,,gx-no-cache=1661176293239 HTTP/1.1" 200 4613
190.171.149.90 - - [22/Aug/2022:11:05:41 -0300] "GET /cormun/static/Shared/jqueryui/images/ui-bg_highlight-soft_100_c6c2c8_1x100.png HTTP/1.1" 404 1117
190.171.149.90 - - [22/Aug/2022:11:05:41 -0300] "GET /cormun/static/Shared/jqueryui/images/ui-icons_82798d_256x240.png HTTP/1.1" 404 1089
190.171.149.90 - - [22/Aug/2022:11:05:41 -0300] "GET /cormun/static/Shared/jqueryui/images/ui-icons_8d78a5_256x240.png HTTP/1.1" 404 1089
190.171.149.90 - - [22/Aug/2022:11:05:41 -0300] "GET /cormun/static/Shared/jqueryui/images/ui-bg_flat_55_fafafa_40x100.png HTTP/1.1" 404 1097
190.171.149.90 - - [22/Aug/2022:11:05:41 -0300] "POST /cormun/servlet/trsolicitudot?cdd74d06f3e3ac56210cd70aeda48d9a,,gx-no-cache=1661176293440 HTTP/1.1" 200 4353
179.57.78.9 - - [22/Aug/2022:11:05:50 -0300] "POST /cormun/servlet/solicitudot?gx-no-cache=1660936250417 HTTP/1.1" 200 4013
179.57.78.9 - - [22/Aug/2022:11:05:50 -0300] "POST /cormun/servlet/solicitudot?bbb40afe25b27c4649df4c5853260ba8,INS,0,0,false,,gx-no-cache=1660936250682 HTTP/1.1" 200 12885
139.87.71.160 - - [22/Aug/2022:11:05:55 -0300] "GET /manager/html HTTP/1.1" 401 2474
179.57.78.9 - - [22/Aug/2022:11:06:14 -0300] "GET /cormun/servlet/solicitudot?0ed26ec93d0d5bb1ea8c56eb6d43cf00da9ca6924a5906a21714b9655eb0673b3b8b53da717765be2859b76598bd7adf,gx-no-cache=1660936274482 HTTP/1.1" 200 30
139.87.71.160 - - [22/Aug/2022:11:06:37 -0300] "GET /manager/html HTTP/1.1" 401 2474
181.212.42.153 - - [22/Aug/2022:11:06:47 -0300] "GET /cormun/servlet/trlicencias? HTTP/1.1" 200 14450
181.212.42.153 - - [22/Aug/2022:11:06:48 -0300] "GET /cormun/servlet/trlicencias? HTTP/1.1" 200 14433
179.57.78.9 - - [22/Aug/2022:11:06:51 -0300] "GET /cormun/servlet/solicitudot?0ed26ec93d0d5bb1ea8c56eb6d43cf000009d5e61d43859cab83536d868bf6ff521e3f4a080a3fc345bdbe4faae0c75a3b8b53da717765be2859b76598bd7adf,gx-no-cache=1660936312072 HTTP/1.1" 200 30
179.57.78.9 - - [22/Aug/2022:11:06:51 -0300] "GET /cormun/servlet/solicitudot?0ed26ec93d0d5bb1ea8c56eb6d43cf0023364064032e7fb8f9aa49d566833df8,gx-no-cache=1660936312130 HTTP/1.1" 200 51
179.57.78.9 - - [22/Aug/2022:11:06:51 -0300] "POST /cormun/servlet/solicitudot?gx-no-cache=1660936312181 HTTP/1.1" 200 297
179.57.78.9 - - [22/Aug/2022:11:06:51 -0300] "GET /cormun/servlet/solicitudot?0ed26ec93d0d5bb1ea8c56eb6d43cf00f413dc0efdf172dcdfcf49a8d74a058be3191f39c069d1612aef62922734d708748d2d42851044b804e971108dfc0bc9beb9c30d8c77cf0e7aadb170ebe1d0ad5af95036b2f8f197669b7d741bdcbe9c738c597b55b95b6a0209c45888309da94085c26e78b434eb917e16213e828e817e7dcbe7b1f00bead1aae5d263ea00b6af24b9814f3fdca6a8fdb966ffc9ebb3733bdffe62eb1ed8b2a31fd1a3125d0bf1926d1a0f6b241ba3186591e87d22d78aa44a600e407c863f8c367acd65d16f5588f75733b8a2a99ba7ee448a76f2917946ff8ec01998c5cd4f6e3e2acb17044e23598d57887d088eda5952be3b1f38ca865c828e536de11a9ec1b327a71efa14da9d99f4f85f1ff868acde146ed9845fcadfd36f66a7bff3a15fe568737504d7ea500eca16223c37d09cc8d63f15acac1cc6d73a5b1408d8e434080061e72de25690c60f29affab3df8b9e4bbbb20a71fa12373971588dee7597b1c7655c4a95ca0854687f1d144f46fd986995d97feee8eef09843a12e7a93495e9718cb5e,gx-no-cache=1660936312248 HTTP/1.1" 200 30
179.57.78.9 - - [22/Aug/2022:11:06:54 -0300] "POST /cormun/servlet/solicitudot?gx-no-cache=1660936315004 HTTP/1.1" 200 30
179.57.78.9 - - [22/Aug/2022:11:06:56 -0300] "POST /cormun/servlet/solicitudot?gx-no-cache=1660936316989 HTTP/1.1" 200 1466
179.57.78.9 - - [22/Aug/2022:11:06:56 -0300] "POST /cormun/servlet/solicitudot?gx-no-cache=1660936317053 HTTP/1.1" 200 38
179.57.78.9 - - [22/Aug/2022:11:06:56 -0300] "GET /cormun/servlet/solicitudot?0ed26ec93d0d5bb1ea8c56eb6d43cf00216a0058425442f2240a440bbdc6a7437ebaffebdac3d9d51b36c6e3bbc95eefb79725d12c2c08238b525a8e5fd39ba1d6edcb38028f8abda076748e7364553dd58ecf13020df89cfe03a61feb11e5614b21bdd7c4755eba1fc84d365757805b,gx-no-cache=1660936317089 HTTP/1.1" 200 110
179.57.78.9 - - [22/Aug/2022:11:07:00 -0300] "POST /cormun/servlet/solicitudot?gx-no-cache=1660936320720 HTTP/1.1" 200 110
179.57.78.9 - - [22/Aug/2022:11:07:03 -0300] "GET /cormun/servlet/solicitudot?0ed26ec93d0d5bb1ea8c56eb6d43cf00fc972b839402734efab9ccdbff2de9492c11db18a2c63404af6f9a32d3e57b19da117770aecc790a59c0e4bb6f1986ed38739b1863185ac633ab0ed0732985b4522137edbb7672c29309a47445b9292b371d1d57e439bbe18238bcfa2f09820a,gx-no-cache=1660936324433 HTTP/1.1" 200 29
179.57.78.9 - - [22/Aug/2022:11:07:04 -0300] "GET /cormun/static/menuarrow.gif HTTP/1.1" 404 1015
179.57.78.9 - - [22/Aug/2022:11:07:06 -0300] "GET /cormun/servlet/solicitudot?0ed26ec93d0d5bb1ea8c56eb6d43cf00b2b60ba5a96f4334f1c9c7f212f0ea2739b12568216adc2938f4f40c1129c002,gx-no-cache=1660936326978 HTTP/1.1" 200 30
179.57.78.9 - - [22/Aug/2022:11:07:12 -0300] "POST /cormun/servlet/solicitudot?gx-no-cache=1660936333210 HTTP/1.1" 200 30
179.57.78.9 - - [22/Aug/2022:11:07:16 -0300] "POST /cormun/servlet/solicitudot?bbb40afe25b27c4649df4c5853260ba8,INS,0,0,false,,gx-no-cache=1660936336665 HTTP/1.1" 200 93
179.57.78.9 - - [22/Aug/2022:11:07:16 -0300] "GET /cormun/servlet/hpexe_return? HTTP/1.1" 200 1031
179.57.78.9 - - [22/Aug/2022:11:07:16 -0300] "GET /cormun/servlet/trsolicitudot?gx-no-cache=1660936188090 HTTP/1.1" 200 8958
179.57.78.9 - - [22/Aug/2022:11:07:18 -0300] "GET /cormun/servlet/trsolicitudot?gx-no-cache=1660936188090 HTTP/1.1" 200 8976
139.87.71.160 - - [22/Aug/2022:11:07:20 -0300] "GET /manager/html HTTP/1.1" 401 2474
179.57.78.9 - - [22/Aug/2022:11:07:30 -0300] "POST /cormun/servlet/trsolicitudot?bbb40afe25b27c4649df4c5853260ba8,gx-no-cache=1660936188090,gx-no-cache=1660936351352 HTTP/1.1" 200 106
179.57.78.9 - - [22/Aug/2022:11:07:31 -0300] "GET /cormun/servlet/trsolicitudadjuntos?2022,19098, HTTP/1.1" 200 6464
179.57.78.9 - - [22/Aug/2022:11:07:31 -0300] "GET /cormun/servlet/trsolicitudadjuntos?2022,19098, HTTP/1.1" 200 6443
179.57.78.9 - - [22/Aug/2022:11:07:33 -0300] "GET /cormun/servlet/solicitudotadjuntos?INS,2022,19098,,1, HTTP/1.1" 200 6386
179.57.78.9 - - [22/Aug/2022:11:07:33 -0300] "GET /cormun/static/gxcfg.js?202012157947 HTTP/1.1" 200 953
179.57.78.9 - - [22/Aug/2022:11:07:33 -0300] "GET /cormun/static/solicitudotadjuntos.js?202012157966 HTTP/1.1" 200 11771
179.57.78.9 - - [22/Aug/2022:11:07:34 -0300] "GET /cormun/static/about:blank HTTP/1.1" 404 1011
179.57.78.9 - - [22/Aug/2022:11:07:34 -0300] "GET /cormun/servlet/solicitudotadjuntos?INS,2022,19098,,1, HTTP/1.1" 200 6380
179.57.78.9 - - [22/Aug/2022:11:07:34 -0300] "GET /cormun/servlet/solicitudotadjuntos?0ed26ec93d0d5bb1ea8c56eb6d43cf00ab87af7a014df6fda9229b5178870bd790cdfbef78e95d5c5095ddc76fef97b1,gx-no-cache=1660936355367 HTTP/1.1" 200 30
179.57.78.9 - - [22/Aug/2022:11:07:34 -0300] "POST /cormun/servlet/solicitudotadjuntos?bbb40afe25b27c4649df4c5853260ba8,INS,2022,19098,,1,,gx-no-cache=1660936355402 HTTP/1.1" 200 4152
179.57.78.9 - - [22/Aug/2022:11:07:37 -0300] "POST /cormun/servlet/solicitudotadjuntos?gx-no-cache=1660936358463 HTTP/1.1" 200 26
179.57.78.9 - - [22/Aug/2022:11:07:49 -0300] "GET /cormun/servlet/solicitudotadjuntos?0ed26ec93d0d5bb1ea8c56eb6d43cf00bec180ba7b77f8a61ce7b2c2f754ad57,gx-no-cache=1660936369966 HTTP/1.1" 200 30
179.57.78.9 - - [22/Aug/2022:11:07:49 -0300] "GET /cormun/servlet/solicitudotadjuntos?0ed26ec93d0d5bb1ea8c56eb6d43cf00bec180ba7b77f8a61ce7b2c2f754ad57,gx-no-cache=1660936369988 HTTP/1.1" 200 30
179.57.78.9 - - [22/Aug/2022:11:07:49 -0300] "POST /cormun/servlet/solicitudotadjuntos?bbb40afe25b27c4649df4c5853260ba8,INS,2022,19098,,1, HTTP/1.1" 200 116
179.57.78.9 - - [22/Aug/2022:11:07:49 -0300] "GET /cormun/servlet/hpexe_return? HTTP/1.1" 200 1028
179.57.78.9 - - [22/Aug/2022:11:07:50 -0300] "GET /cormun/servlet/trsolicitudadjuntos?2022,19098, HTTP/1.1" 200 9208
179.57.78.9 - - [22/Aug/2022:11:07:51 -0300] "GET /cormun/servlet/trsolicitudadjuntos?2022,19098, HTTP/1.1" 200 9207
179.57.78.9 - - [22/Aug/2022:11:07:53 -0300] "GET /cormun/servlet/solicitudotadjuntos?INS,2022,19098,,1, HTTP/1.1" 200 6386
179.57.78.9 - - [22/Aug/2022:11:07:53 -0300] "GET /cormun/static/about:blank HTTP/1.1" 404 1011
179.57.78.9 - - [22/Aug/2022:11:07:54 -0300] "GET /cormun/servlet/solicitudotadjuntos?INS,2022,19098,,1, HTTP/1.1" 200 6380
179.57.78.9 - - [22/Aug/2022:11:07:54 -0300] "GET /cormun/servlet/solicitudotadjuntos?0ed26ec93d0d5bb1ea8c56eb6d43cf00ab87af7a014df6fda9229b5178870bd790cdfbef78e95d5c5095ddc76fef97b1,gx-no-cache=1660936374990 HTTP/1.1" 200 30
179.57.78.9 - - [22/Aug/2022:11:07:54 -0300] "POST /cormun/servlet/solicitudotadjuntos?bbb40afe25b27c4649df4c5853260ba8,INS,2022,19098,,1,,gx-no-cache=1660936375025 HTTP/1.1" 200 4152
179.57.78.9 - - [22/Aug/2022:11:07:57 -0300] "POST /cormun/servlet/solicitudotadjuntos?gx-no-cache=1660936377664 HTTP/1.1" 200 26
179.57.78.9 - - [22/Aug/2022:11:08:04 -0300] "GET /cormun/servlet/solicitudotadjuntos?0ed26ec93d0d5bb1ea8c56eb6d43cf00bec180ba7b77f8a61ce7b2c2f754ad57,gx-no-cache=1660936384614 HTTP/1.1" 200 30
179.57.78.9 - - [22/Aug/2022:11:08:04 -0300] "GET /cormun/servlet/solicitudotadjuntos?0ed26ec93d0d5bb1ea8c56eb6d43cf00bec180ba7b77f8a61ce7b2c2f754ad57,gx-no-cache=1660936384635 HTTP/1.1" 200 30
179.57.78.9 - - [22/Aug/2022:11:08:04 -0300] "POST /cormun/servlet/solicitudotadjuntos?bbb40afe25b27c4649df4c5853260ba8,INS,2022,19098,,1, HTTP/1.1" 200 116
179.57.78.9 - - [22/Aug/2022:11:08:04 -0300] "GET /cormun/servlet/hpexe_return? HTTP/1.1" 200 1028
179.57.78.9 - - [22/Aug/2022:11:08:04 -0300] "GET /cormun/servlet/trsolicitudadjuntos?2022,19098, HTTP/1.1" 200 9427
179.57.78.9 - - [22/Aug/2022:11:08:05 -0300] "GET /cormun/servlet/trsolicitudadjuntos?2022,19098, HTTP/1.1" 200 9427
179.57.78.9 - - [22/Aug/2022:11:08:07 -0300] "GET /cormun/servlet/solicitudotadjuntos?INS,2022,19098,,1, HTTP/1.1" 200 6387
139.87.71.160 - - [22/Aug/2022:11:08:07 -0300] "GET /manager/html HTTP/1.1" 401 2474
179.57.78.9 - - [22/Aug/2022:11:08:07 -0300] "GET /cormun/static/about:blank HTTP/1.1" 404 1011
179.57.78.9 - - [22/Aug/2022:11:08:08 -0300] "GET /cormun/servlet/solicitudotadjuntos?INS,2022,19098,,1, HTTP/1.1" 200 6380
179.57.78.9 - - [22/Aug/2022:11:08:08 -0300] "GET /cormun/servlet/solicitudotadjuntos?0ed26ec93d0d5bb1ea8c56eb6d43cf00ab87af7a014df6fda9229b5178870bd790cdfbef78e95d5c5095ddc76fef97b1,gx-no-cache=1660936389104 HTTP/1.1" 200 30
179.57.78.9 - - [22/Aug/2022:11:08:08 -0300] "POST /cormun/servlet/solicitudotadjuntos?bbb40afe25b27c4649df4c5853260ba8,INS,2022,19098,,1,,gx-no-cache=1660936389141 HTTP/1.1" 200 4152
179.57.78.9 - - [22/Aug/2022:11:08:11 -0300] "POST /cormun/servlet/solicitudotadjuntos?gx-no-cache=1660936392233 HTTP/1.1" 200 26
179.57.78.9 - - [22/Aug/2022:11:08:17 -0300] "GET /cormun/servlet/solicitudotadjuntos?0ed26ec93d0d5bb1ea8c56eb6d43cf00bec180ba7b77f8a61ce7b2c2f754ad57,gx-no-cache=1660936397654 HTTP/1.1" 200 30
179.57.78.9 - - [22/Aug/2022:11:08:17 -0300] "GET /cormun/servlet/solicitudotadjuntos?0ed26ec93d0d5bb1ea8c56eb6d43cf00bec180ba7b77f8a61ce7b2c2f754ad57,gx-no-cache=1660936397681 HTTP/1.1" 200 30
179.57.78.9 - - [22/Aug/2022:11:08:17 -0300] "POST /cormun/servlet/solicitudotadjuntos?bbb40afe25b27c4649df4c5853260ba8,INS,2022,19098,,1, HTTP/1.1" 200 116
179.57.78.9 - - [22/Aug/2022:11:08:17 -0300] "GET /cormun/servlet/hpexe_return? HTTP/1.1" 200 1028
179.57.78.9 - - [22/Aug/2022:11:08:18 -0300] "GET /cormun/servlet/trsolicitudadjuntos?2022,19098, HTTP/1.1" 200 9648
179.57.78.9 - - [22/Aug/2022:11:08:19 -0300] "GET /cormun/servlet/trsolicitudadjuntos?2022,19098, HTTP/1.1" 200 9646
190.171.152.138 - - [22/Aug/2022:11:08:19 -0300] "GET /cormun/servlet/trpermisosadjuntos?17139473,20220822094702,P, HTTP/1.1" 200 6190
190.171.152.138 - - [22/Aug/2022:11:08:19 -0300] "GET /cormun/servlet/trpermisosadjuntos?17139473,20220822094702,P, HTTP/1.1" 200 6190
179.57.78.9 - - [22/Aug/2022:11:08:20 -0300] "GET /cormun/servlet/solicitudotadjuntos?INS,2022,19098,,1, HTTP/1.1" 200 6387
179.57.78.9 - - [22/Aug/2022:11:08:21 -0300] "GET /cormun/static/about:blank HTTP/1.1" 404 1011
179.57.78.9 - - [22/Aug/2022:11:08:21 -0300] "GET /cormun/servlet/solicitudotadjuntos?INS,2022,19098,,1, HTTP/1.1" 200 6380
190.171.152.138 - - [22/Aug/2022:11:08:21 -0300] "GET /cormun/servlet/permisosadjuntos?INS,17139473,P,20220822094702,, HTTP/1.1" 200 5506
179.57.78.9 - - [22/Aug/2022:11:08:21 -0300] "GET /cormun/servlet/solicitudotadjuntos?0ed26ec93d0d5bb1ea8c56eb6d43cf00ab87af7a014df6fda9229b5178870bd790cdfbef78e95d5c5095ddc76fef97b1,gx-no-cache=1660936402462 HTTP/1.1" 200 30
190.171.152.138 - - [22/Aug/2022:11:08:22 -0300] "GET /cormun/static/about:blank HTTP/1.1" 404 1011
179.57.78.9 - - [22/Aug/2022:11:08:22 -0300] "POST /cormun/servlet/solicitudotadjuntos?bbb40afe25b27c4649df4c5853260ba8,INS,2022,19098,,1,,gx-no-cache=1660936402501 HTTP/1.1" 200 4152
190.171.152.138 - - [22/Aug/2022:11:08:22 -0300] "GET /cormun/servlet/permisosadjuntos?INS,17139473,P,20220822094702,, HTTP/1.1" 200 5496
179.57.78.9 - - [22/Aug/2022:11:08:24 -0300] "POST /cormun/servlet/solicitudotadjuntos?gx-no-cache=1660936404772 HTTP/1.1" 200 26
179.57.78.9 - - [22/Aug/2022:11:08:28 -0300] "GET /cormun/servlet/solicitudotadjuntos?0ed26ec93d0d5bb1ea8c56eb6d43cf00bec180ba7b77f8a61ce7b2c2f754ad57,gx-no-cache=1660936409342 HTTP/1.1" 200 30
179.57.78.9 - - [22/Aug/2022:11:08:28 -0300] "GET /cormun/servlet/solicitudotadjuntos?0ed26ec93d0d5bb1ea8c56eb6d43cf00bec180ba7b77f8a61ce7b2c2f754ad57,gx-no-cache=1660936409363 HTTP/1.1" 200 30
179.57.78.9 - - [22/Aug/2022:11:08:29 -0300] "POST /cormun/servlet/solicitudotadjuntos?bbb40afe25b27c4649df4c5853260ba8,INS,2022,19098,,1, HTTP/1.1" 200 116
179.57.78.9 - - [22/Aug/2022:11:08:29 -0300] "GET /cormun/servlet/hpexe_return? HTTP/1.1" 200 1028
179.57.78.9 - - [22/Aug/2022:11:08:29 -0300] "GET /cormun/servlet/trsolicitudadjuntos?2022,19098, HTTP/1.1" 200 9856
179.57.78.9 - - [22/Aug/2022:11:08:30 -0300] "GET /cormun/servlet/trsolicitudadjuntos?2022,19098, HTTP/1.1" 200 9854
179.57.78.9 - - [22/Aug/2022:11:08:32 -0300] "GET /cormun/servlet/solicitudotadjuntos?INS,2022,19098,,1, HTTP/1.1" 200 6387
179.57.78.9 - - [22/Aug/2022:11:08:33 -0300] "GET /cormun/static/about:blank HTTP/1.1" 404 1011
179.57.78.9 - - [22/Aug/2022:11:08:33 -0300] "GET /cormun/servlet/solicitudotadjuntos?INS,2022,19098,,1, HTTP/1.1" 200 6380
179.57.78.9 - - [22/Aug/2022:11:08:33 -0300] "GET /cormun/servlet/solicitudotadjuntos?0ed26ec93d0d5bb1ea8c56eb6d43cf00ab87af7a014df6fda9229b5178870bd790cdfbef78e95d5c5095ddc76fef97b1,gx-no-cache=1660936414381 HTTP/1.1" 200 30
179.57.78.9 - - [22/Aug/2022:11:08:34 -0300] "POST /cormun/servlet/solicitudotadjuntos?bbb40afe25b27c4649df4c5853260ba8,INS,2022,19098,,1,,gx-no-cache=1660936414418 HTTP/1.1" 200 4152
179.57.78.9 - - [22/Aug/2022:11:08:36 -0300] "POST /cormun/servlet/solicitudotadjuntos?gx-no-cache=1660936417291 HTTP/1.1" 200 26
179.57.78.9 - - [22/Aug/2022:11:08:41 -0300] "GET /cormun/servlet/solicitudotadjuntos?0ed26ec93d0d5bb1ea8c56eb6d43cf00bec180ba7b77f8a61ce7b2c2f754ad57,gx-no-cache=1660936422070 HTTP/1.1" 200 30
179.57.78.9 - - [22/Aug/2022:11:08:41 -0300] "GET /cormun/servlet/solicitudotadjuntos?0ed26ec93d0d5bb1ea8c56eb6d43cf00bec180ba7b77f8a61ce7b2c2f754ad57,gx-no-cache=1660936422091 HTTP/1.1" 200 30
179.57.78.9 - - [22/Aug/2022:11:08:41 -0300] "POST /cormun/servlet/solicitudotadjuntos?bbb40afe25b27c4649df4c5853260ba8,INS,2022,19098,,1, HTTP/1.1" 200 116
179.57.78.9 - - [22/Aug/2022:11:08:41 -0300] "GET /cormun/servlet/hpexe_return? HTTP/1.1" 200 1028
179.57.78.9 - - [22/Aug/2022:11:08:42 -0300] "GET /cormun/servlet/trsolicitudadjuntos?2022,19098, HTTP/1.1" 200 10112
179.57.78.9 - - [22/Aug/2022:11:08:43 -0300] "GET /cormun/servlet/trsolicitudadjuntos?2022,19098, HTTP/1.1" 200 10110
179.57.78.9 - - [22/Aug/2022:11:08:44 -0300] "GET /cormun/servlet/solicitudotadjuntos?INS,2022,19098,,1, HTTP/1.1" 200 6387
179.57.78.9 - - [22/Aug/2022:11:08:45 -0300] "GET /cormun/static/about:blank HTTP/1.1" 404 1011
179.57.78.9 - - [22/Aug/2022:11:08:45 -0300] "GET /cormun/servlet/solicitudotadjuntos?INS,2022,19098,,1, HTTP/1.1" 200 6380
179.57.78.9 - - [22/Aug/2022:11:08:46 -0300] "GET /cormun/servlet/solicitudotadjuntos?0ed26ec93d0d5bb1ea8c56eb6d43cf00ab87af7a014df6fda9229b5178870bd790cdfbef78e95d5c5095ddc76fef97b1,gx-no-cache=1660936426717 HTTP/1.1" 200 30
179.57.78.9 - - [22/Aug/2022:11:08:46 -0300] "POST /cormun/servlet/solicitudotadjuntos?bbb40afe25b27c4649df4c5853260ba8,INS,2022,19098,,1,,gx-no-cache=1660936426752 HTTP/1.1" 200 4152
179.57.78.9 - - [22/Aug/2022:11:08:48 -0300] "POST /cormun/servlet/solicitudotadjuntos?gx-no-cache=1660936429001 HTTP/1.1" 200 26
139.87.71.160 - - [22/Aug/2022:11:08:51 -0300] "GET /manager/html HTTP/1.1" 401 2474
179.57.78.9 - - [22/Aug/2022:11:08:53 -0300] "GET /cormun/servlet/solicitudotadjuntos?0ed26ec93d0d5bb1ea8c56eb6d43cf00bec180ba7b77f8a61ce7b2c2f754ad57,gx-no-cache=1660936433734 HTTP/1.1" 200 30
179.57.78.9 - - [22/Aug/2022:11:08:53 -0300] "GET /cormun/servlet/solicitudotadjuntos?0ed26ec93d0d5bb1ea8c56eb6d43cf00bec180ba7b77f8a61ce7b2c2f754ad57,gx-no-cache=1660936433755 HTTP/1.1" 200 30
179.57.78.9 - - [22/Aug/2022:11:08:54 -0300] "POST /cormun/servlet/solicitudotadjuntos?bbb40afe25b27c4649df4c5853260ba8,INS,2022,19098,,1, HTTP/1.1" 200 116
179.57.78.9 - - [22/Aug/2022:11:08:54 -0300] "GET /cormun/servlet/hpexe_return? HTTP/1.1" 200 1028
179.57.78.9 - - [22/Aug/2022:11:08:54 -0300] "GET /cormun/servlet/trsolicitudadjuntos?2022,19098, HTTP/1.1" 200 10276
179.57.78.9 - - [22/Aug/2022:11:08:55 -0300] "GET /cormun/servlet/trsolicitudadjuntos?2022,19098, HTTP/1.1" 200 10275
179.57.78.9 - - [22/Aug/2022:11:08:58 -0300] "POST /cormun/servlet/trsolicitudadjuntos?bbb40afe25b27c4649df4c5853260ba8,2022,19098,,gx-no-cache=1660936438910 HTTP/1.1" 200 90
179.57.78.9 - - [22/Aug/2022:11:08:58 -0300] "GET /cormun/servlet/hpexe_link HTTP/1.1" 200 993
179.57.78.9 - - [22/Aug/2022:11:08:58 -0300] "GET /cormun/servlet/trsolicitudot?gx-no-cache=1660936188090 HTTP/1.1" 200 8955
179.57.78.9 - - [22/Aug/2022:11:08:59 -0300] "GET /cormun/servlet/trsolicitudot?gx-no-cache=1660936188090 HTTP/1.1" 200 8976
139.87.71.160 - - [22/Aug/2022:11:09:40 -0300] "GET /manager/html HTTP/1.1" 401 2474
139.87.71.160 - - [22/Aug/2022:11:10:22 -0300] "GET /manager/html HTTP/1.1" 401 2474
139.87.71.160 - - [22/Aug/2022:11:12:34 -0300] "GET /manager/html HTTP/1.1" 401 2474
192.168.10.17 - - [22/Aug/2022:11:12:36 -0300] "GET /cormun/servlet/hhome HTTP/1.1" 200 3322
192.168.10.17 - - [22/Aug/2022:11:12:36 -0300] "GET /cormun/static/Shared/jqueryui/jquery-ui.min.css?1345370 HTTP/1.1" 200 30288
192.168.10.17 - - [22/Aug/2022:11:12:36 -0300] "GET /cormun/static/gxtimezone.js?85251 HTTP/1.1" 200 5781
192.168.10.17 - - [22/Aug/2022:11:12:36 -0300] "GET /cormun/static/Resources/Spanish/PXTools.css?14345360 HTTP/1.1" 200 100853
192.168.10.17 - - [22/Aug/2022:11:12:36 -0300] "GET /cormun/static/gxcfg.js?20201215495537 HTTP/1.1" 200 953
192.168.10.17 - - [22/Aug/2022:11:12:36 -0300] "GET /cormun/static/SmoothNavMenu/resources/ddsmoothmenu-v.css?1112540 HTTP/1.1" 200 1188
