190.171.142.42 - - [22/Aug/2022:10:04:40 -0300] "GET /cormun/servlet/permisogoce?fdebb4d9740ab6f8e079ff4e3e680dfd9ddaa66e465e5bab8d8df8e319eceafbf6c6f784972144e1f175241bd73bdc1437e2a3c0956820bd9aabc97e0c851c14,gx-no-cache=1661172633003 HTTP/1.1" 200 47
190.171.142.42 - - [22/Aug/2022:10:04:42 -0300] "POST /cormun/servlet/permisogoce?8307f197a89c94f278750b66645233ca,INS,0,,,,gx-no-cache=1661172634853 HTTP/1.1" 200 93
190.171.142.42 - - [22/Aug/2022:10:04:42 -0300] "GET /cormun/servlet/hpexe_return? HTTP/1.1" 200 1007
190.171.142.42 - - [22/Aug/2022:10:04:43 -0300] "GET /cormun/servlet/trpermisosgoce HTTP/1.1" 200 13580
190.171.142.42 - - [22/Aug/2022:10:04:43 -0300] "GET /cormun/servlet/trpermisosgoce HTTP/1.1" 200 13575
190.171.142.42 - - [22/Aug/2022:10:04:46 -0300] "GET /cormun/servlet/apermisogoceprn?16792137,P,20220822084715,PU HTTP/1.1" 200 1654
139.87.71.160 - - [22/Aug/2022:10:05:09 -0300] "GET /manager/html HTTP/1.1" 401 2474
139.87.71.160 - - [22/Aug/2022:10:05:56 -0300] "GET /manager/html HTTP/1.1" 401 2474
89.37.173.38 - - [22/Aug/2022:10:06:08 -0300] "GET /test6956.php HTTP/1.1" 404 985
139.87.71.160 - - [22/Aug/2022:10:06:40 -0300] "GET /manager/html HTTP/1.1" 401 2474
139.87.71.160 - - [22/Aug/2022:10:08:17 -0300] "GET /manager/html HTTP/1.1" 401 2474
139.87.71.160 - - [22/Aug/2022:10:09:00 -0300] "GET /manager/html HTTP/1.1" 401 2474
139.87.71.160 - - [22/Aug/2022:10:09:43 -0300] "GET /manager/html HTTP/1.1" 401 2474
139.87.71.160 - - [22/Aug/2022:10:10:26 -0300] "GET /manager/html HTTP/1.1" 401 2474
114.119.134.121 - - [22/Aug/2022:10:10:45 -0300] "GET /robots.txt HTTP/1.1" 404 981
190.171.142.42 - - [22/Aug/2022:10:11:02 -0300] "GET /cormun/servlet/trlicencias? HTTP/1.1" 200 14427
190.171.142.42 - - [22/Aug/2022:10:11:03 -0300] "GET /cormun/servlet/trlicencias? HTTP/1.1" 200 14441
139.87.71.160 - - [22/Aug/2022:10:11:56 -0300] "GET /manager/html HTTP/1.1" 401 2474
190.171.152.138 - - [22/Aug/2022:10:12:05 -0300] "GET /cormun/servlet/hlogin HTTP/1.1" 200 1722
190.171.152.138 - - [22/Aug/2022:10:12:18 -0300] "POST /cormun/servlet/hlogin?597f265dea549522c0ce6640e99a1553,gx-no-cache=1661169485507 HTTP/1.1" 200 90
190.171.152.138 - - [22/Aug/2022:10:12:18 -0300] "GET /cormun/servlet/hpexe_link HTTP/1.1" 200 950
190.171.152.138 - - [22/Aug/2022:10:12:19 -0300] "GET /cormun/servlet/hhome HTTP/1.1" 200 3851
190.171.142.42 - - [22/Aug/2022:10:12:19 -0300] "GET /cormun/servlet/hlogin HTTP/1.1" 200 1740
190.171.152.138 - - [22/Aug/2022:10:12:19 -0300] "GET /cormun/servlet/hhome HTTP/1.1" 200 3847
190.171.152.138 - - [22/Aug/2022:10:12:25 -0300] "GET /cormun/servlet/trlicencias? HTTP/1.1" 200 12986
190.171.152.138 - - [22/Aug/2022:10:12:25 -0300] "GET /cormun/servlet/trlicencias? HTTP/1.1" 200 13023
139.87.71.160 - - [22/Aug/2022:10:12:39 -0300] "GET /manager/html HTTP/1.1" 401 2474
190.171.152.138 - - [22/Aug/2022:10:12:44 -0300] "GET /cormun/servlet/trpermisosgoce? HTTP/1.1" 200 9527
190.171.152.138 - - [22/Aug/2022:10:12:44 -0300] "GET /cormun/servlet/trpermisosgoce? HTTP/1.1" 200 9527
139.87.71.160 - - [22/Aug/2022:10:14:05 -0300] "GET /manager/html HTTP/1.1" 401 2474
200.54.237.82 - - [22/Aug/2022:10:14:34 -0300] "GET /cormun/servlet/trcontratounov2? HTTP/1.1" 200 5914
200.54.237.82 - - [22/Aug/2022:10:14:34 -0300] "GET /cormun/static/gxui/gxui-all.css?120300 HTTP/1.1" 200 2179
200.54.237.82 - - [22/Aug/2022:10:14:34 -0300] "GET /cormun/static/calendar-system.css?85620 HTTP/1.1" 200 5572
200.54.237.82 - - [22/Aug/2022:10:14:34 -0300] "GET /cormun/static/SmoothNavMenu/resources/ddsmoothmenu.css?1112540 HTTP/1.1" 200 2223
200.54.237.82 - - [22/Aug/2022:10:14:34 -0300] "GET /cormun/static/SmoothNavMenu/resources/ddsmoothmenu-v.css?1112540 HTTP/1.1" 200 1188
200.54.237.82 - - [22/Aug/2022:10:14:34 -0300] "GET /cormun/static/Shared/jqueryui/jquery-ui.min.css?1345370 HTTP/1.1" 200 30288
200.54.237.82 - - [22/Aug/2022:10:14:34 -0300] "GET /cormun/static/Resources/Spanish/PXTools.css?14345360 HTTP/1.1" 200 100853
200.54.237.82 - - [22/Aug/2022:10:14:35 -0300] "GET /cormun/static/gxtimezone.js?85251 HTTP/1.1" 200 5781
200.54.237.82 - - [22/Aug/2022:10:14:35 -0300] "GET /cormun/static/scaMessage/css/jquery.pnotify.default.css?1816380 HTTP/1.1" 200 1707
200.54.237.82 - - [22/Aug/2022:10:14:35 -0300] "GET /cormun/static/gxcfg.js?2020121614367 HTTP/1.1" 200 953
200.54.237.82 - - [22/Aug/2022:10:14:35 -0300] "GET /cormun/static/Shared/ext/resources/css/ext-all.css?215870 HTTP/1.1" 200 416045
200.54.237.82 - - [22/Aug/2022:10:14:35 -0300] "GET /cormun/static/calendar.js?85251 HTTP/1.1" 200 26246
200.54.237.82 - - [22/Aug/2022:10:14:36 -0300] "GET /cormun/static/calendar-es.js?85251 HTTP/1.1" 200 1901
200.54.237.82 - - [22/Aug/2022:10:14:36 -0300] "GET /cormun/static/calendar-setup.js?85251 HTTP/1.1" 200 2588
200.54.237.82 - - [22/Aug/2022:10:14:36 -0300] "GET /cormun/static/RunJS/RunJS.js HTTP/1.1" 200 288
200.54.237.82 - - [22/Aug/2022:10:14:36 -0300] "GET /cormun/static/gxui/gxui-all.js HTTP/1.1" 200 107772
200.54.237.82 - - [22/Aug/2022:10:14:36 -0300] "GET /cormun/static/gxgral.js?85251 HTTP/1.1" 200 384558
200.54.237.82 - - [22/Aug/2022:10:14:37 -0300] "GET /cormun/static/PXToolsJavascripts/pexe_cookies.js HTTP/1.1" 200 792
200.54.237.82 - - [22/Aug/2022:10:14:37 -0300] "GET /cormun/static/PXToolsJavascripts/pexe_autoreload.js HTTP/1.1" 200 1762
200.54.237.82 - - [22/Aug/2022:10:14:37 -0300] "GET /cormun/static/PXToolsJavascripts/pexe_griddivfix.js HTTP/1.1" 200 6644
200.54.237.82 - - [22/Aug/2022:10:14:37 -0300] "GET /cormun/static/PXToolsJavascripts/pexe_grid.js HTTP/1.1" 200 7559
200.54.237.82 - - [22/Aug/2022:10:14:37 -0300] "GET /cormun/static/PXToolsJavascripts/pexe_windows.js HTTP/1.1" 200 15207
200.54.237.82 - - [22/Aug/2022:10:14:37 -0300] "GET /cormun/static/PXToolsJavascripts/pexe_link.js HTTP/1.1" 200 5671
200.54.237.82 - - [22/Aug/2022:10:14:37 -0300] "GET /cormun/static/PXToolsJavascripts/pexe_layers.js HTTP/1.1" 200 4114
200.54.237.82 - - [22/Aug/2022:10:14:37 -0300] "GET /cormun/static/PXToolsJavascripts/pexe_menus.js HTTP/1.1" 200 1286
200.54.237.82 - - [22/Aug/2022:10:14:37 -0300] "GET /cormun/static/PXToolsJavascripts/pexe_menudivfix.js HTTP/1.1" 200 333
200.54.237.82 - - [22/Aug/2022:10:14:37 -0300] "GET /cormun/static/PXToolsJavascripts/pexe_oav.js HTTP/1.1" 200 645
200.54.237.82 - - [22/Aug/2022:10:14:37 -0300] "GET /cormun/static/PXToolsJavascripts/pexe_tabdivfix.js HTTP/1.1" 200 876
200.54.237.82 - - [22/Aug/2022:10:14:37 -0300] "GET /cormun/static/PXToolsJavascripts/pexe_oavdivfix.js HTTP/1.1" 200 639
200.54.237.82 - - [22/Aug/2022:10:14:37 -0300] "GET /cormun/static/PXToolsJavascripts/pexe_picture.js HTTP/1.1" 200 689
200.54.237.82 - - [22/Aug/2022:10:14:37 -0300] "GET /cormun/static/PXToolsJavascripts/pexe_scrolldiv.js HTTP/1.1" 200 4138
200.54.237.82 - - [22/Aug/2022:10:14:37 -0300] "GET /cormun/static/PXToolsJavascripts/pexe_popup.js HTTP/1.1" 200 13458
200.54.237.82 - - [22/Aug/2022:10:14:38 -0300] "GET /cormun/static/PXToolsJavascripts/PXToolsJavascriptsRender.js HTTP/1.1" 200 367
200.54.237.82 - - [22/Aug/2022:10:14:38 -0300] "GET /cormun/static/PXToolsJavascripts/pexe_tabs.js HTTP/1.1" 200 3748
200.54.237.82 - - [22/Aug/2022:10:14:38 -0300] "GET /cormun/static/PXToolsJavascripts/pexe_upload.js HTTP/1.1" 200 1423
200.54.237.82 - - [22/Aug/2022:10:14:38 -0300] "GET /cormun/static/Shared/ext/ext-all.js HTTP/1.1" 200 1289687
200.54.237.82 - - [22/Aug/2022:10:14:39 -0300] "GET /cormun/static/Shared/ext/locale/ext-lang-en.js HTTP/1.1" 200 10940
200.54.237.82 - - [22/Aug/2022:10:14:39 -0300] "GET /cormun/static/messages.spa.js?85251 HTTP/1.1" 200 30736
200.54.237.82 - - [22/Aug/2022:10:14:39 -0300] "GET /cormun/static/gxdec.js?85251 HTTP/1.1" 200 19579
200.54.237.82 - - [22/Aug/2022:10:14:39 -0300] "GET /cormun/static/hwchdr01.js?20201214473739 HTTP/1.1" 200 996
200.54.237.82 - - [22/Aug/2022:10:14:39 -0300] "GET /cormun/static/hpexe_messagecontroller.js?201991422154126 HTTP/1.1" 200 870
200.54.237.82 - - [22/Aug/2022:10:14:39 -0300] "GET /cormun/static/hpexe_recentlink.js?20201214471090 HTTP/1.1" 200 2144
200.54.237.82 - - [22/Aug/2022:10:14:39 -0300] "GET /cormun/static/hpexe_scripts.js?20201214471411 HTTP/1.1" 200 1544
200.54.237.82 - - [22/Aug/2022:10:14:39 -0300] "GET /cormun/static/trcontratounov2.js?20201216143065 HTTP/1.1" 200 38486
200.54.237.82 - - [22/Aug/2022:10:14:39 -0300] "GET /cormun/static/hpexe_messagepopupcomponent.js?2020121447232 HTTP/1.1" 200 605
200.54.237.82 - - [22/Aug/2022:10:14:39 -0300] "GET /cormun/static/hpexe_messagegenexuscomponent.js?2020121447173 HTTP/1.1" 200 587
200.54.237.82 - - [22/Aug/2022:10:14:39 -0300] "GET /cormun/static/cmcontrolpreferences.js?20199141926336 HTTP/1.1" 200 1375
200.54.237.82 - - [22/Aug/2022:10:14:39 -0300] "GET /cormun/static/Shared/jquery/jquery-1.4.2.min.js HTTP/1.1" 200 72174
200.54.237.82 - - [22/Aug/2022:10:14:39 -0300] "GET /cormun/static/Shared/jqueryui/jquery-ui.min.js HTTP/1.1" 200 240427
200.54.237.82 - - [22/Aug/2022:10:14:39 -0300] "GET /cormun/static/Shared/jquery/jquery-1.10.2.min.js HTTP/1.1" 200 273199
200.54.237.82 - - [22/Aug/2022:10:14:39 -0300] "GET /cormun/static/SmoothNavMenu/resources/ddsmoothmenu.js HTTP/1.1" 200 12712
200.54.237.82 - - [22/Aug/2022:10:14:40 -0300] "GET /cormun/static/SmoothNavMenu/resources/SmoothNavMenuRender.js HTTP/1.1" 200 5951
200.54.237.82 - - [22/Aug/2022:10:14:40 -0300] "GET /cormun/static/scaMessage/js/jquery.pnotify.min.js HTTP/1.1" 200 13038
200.54.237.82 - - [22/Aug/2022:10:14:41 -0300] "GET /cormun/static/scaMessage/scaMessageRender.js HTTP/1.1" 200 11977
200.54.237.82 - - [22/Aug/2022:10:14:41 -0300] "GET /cormun/static/hmpwkw03.js?20201215501896 HTTP/1.1" 200 3973
200.54.237.82 - - [22/Aug/2022:10:14:41 -0300] "GET /cormun/static/Resources/Logo2019_Small.png HTTP/1.1" 200 10855
200.54.237.82 - - [22/Aug/2022:10:14:41 -0300] "GET /cormun/static/Resources/ImgHome.png HTTP/1.1" 200 1364
200.54.237.82 - - [22/Aug/2022:10:14:41 -0300] "GET /cormun/static/Resources/ImgLogin.png HTTP/1.1" 200 1432
200.54.237.82 - - [22/Aug/2022:10:14:41 -0300] "GET /cormun/static/Resources/Llave.png HTTP/1.1" 200 1395
200.54.237.82 - - [22/Aug/2022:10:14:41 -0300] "GET /cormun/static/Resources/PXToolsDataTitle.png HTTP/1.1" 200 1173
200.54.237.82 - - [22/Aug/2022:10:14:41 -0300] "GET /cormun/static/Resources/PXToolsDataSearch.png HTTP/1.1" 200 435
200.54.237.82 - - [22/Aug/2022:10:14:42 -0300] "GET /cormun/static/Resources/PXToolsGridFirstDisabled.gif HTTP/1.1" 200 100
200.54.237.82 - - [22/Aug/2022:10:14:42 -0300] "GET /cormun/static/Resources/PXToolsGridPreviousDisabled.gif HTTP/1.1" 200 90
200.54.237.82 - - [22/Aug/2022:10:14:42 -0300] "GET /cormun/static/Resources/PXToolsGridNextDisabled.gif HTTP/1.1" 200 90
200.54.237.82 - - [22/Aug/2022:10:14:42 -0300] "GET /cormun/static/Resources/PXToolsButtonBackground.png HTTP/1.1" 200 1176
200.54.237.82 - - [22/Aug/2022:10:14:42 -0300] "GET /cormun/static/Resources/PXToolsGridPage.gif HTTP/1.1" 200 725
200.54.237.82 - - [22/Aug/2022:10:14:42 -0300] "GET /cormun/static/Resources/PXToolsButtonLeft.png HTTP/1.1" 200 1310
200.54.237.82 - - [22/Aug/2022:10:14:42 -0300] "GET /cormun/static/Resources/PXToolsGridLastDisabled.gif HTTP/1.1" 200 98
200.54.237.82 - - [22/Aug/2022:10:14:42 -0300] "GET /cormun/static/Resources/PXToolsActionExcel.png HTTP/1.1" 200 727
200.54.237.82 - - [22/Aug/2022:10:14:43 -0300] "GET /cormun/static/Resources/PXToolsButtonRight.png HTTP/1.1" 200 1294
200.54.237.82 - - [22/Aug/2022:10:14:43 -0300] "GET /cormun/static/Shared/ext/resources/themes/images/default/tools/tool-sprites.gif HTTP/1.1" 200 5434
200.54.237.82 - - [22/Aug/2022:10:14:43 -0300] "GET /cormun/static/Shared/ext/resources/themes/images/default/panel/bg-headersPanel.png HTTP/1.1" 200 255
200.54.237.82 - - [22/Aug/2022:10:14:43 -0300] "GET /cormun/servlet/hlogin HTTP/1.1" 200 1748
200.54.237.82 - - [22/Aug/2022:10:14:43 -0300] "GET /cormun/servlet/trcontratounov2? HTTP/1.1" 200 5925
200.54.237.82 - - [22/Aug/2022:10:14:45 -0300] "GET /cormun/static/gxcfg.js?201910216285969 HTTP/1.1" 200 953
200.54.237.82 - - [22/Aug/2022:10:14:45 -0300] "GET /cormun/static/Resources/Spanish/PXTools.css?2294816 HTTP/1.1" 200 100853
200.54.237.82 - - [22/Aug/2022:10:14:45 -0300] "GET /cormun/static/hlogin.js?201910216285995 HTTP/1.1" 200 2136
200.54.237.82 - - [22/Aug/2022:10:14:46 -0300] "GET /cormun/static/Resources/PXToolsLoginTop.png HTTP/1.1" 200 1337
200.54.237.82 - - [22/Aug/2022:10:14:46 -0300] "GET /cormun/static/Resources/Logo2019_Grande.png HTTP/1.1" 200 31733
200.54.237.82 - - [22/Aug/2022:10:14:46 -0300] "GET /cormun/static/Resources/PXToolsLoginBackground.png HTTP/1.1" 200 1164
200.54.237.82 - - [22/Aug/2022:10:14:46 -0300] "GET /cormun/static/Resources/PXToolsButtonRight.png HTTP/1.1" 200 1294
200.54.237.82 - - [22/Aug/2022:10:14:46 -0300] "GET /cormun/static/Resources/PXToolsLoginBottom.png HTTP/1.1" 200 1389
200.54.237.82 - - [22/Aug/2022:10:14:46 -0300] "GET /cormun/static/Resources/indicator.gif HTTP/1.1" 200 1553
139.87.71.160 - - [22/Aug/2022:10:14:50 -0300] "GET /manager/html HTTP/1.1" 401 2474
200.54.237.82 - - [22/Aug/2022:10:14:51 -0300] "POST /cormun/servlet/hlogin?99165a9d4b8889b51a32d30624f0cc98,gx-no-cache=1661173234991 HTTP/1.1" 200 90
200.54.237.82 - - [22/Aug/2022:10:14:52 -0300] "GET /cormun/servlet/hpexe_link HTTP/1.1" 200 964
200.54.237.82 - - [22/Aug/2022:10:14:52 -0300] "GET /cormun/static/gxcfg.js?201991422392958 HTTP/1.1" 200 953
200.54.237.82 - - [22/Aug/2022:10:14:52 -0300] "GET /cormun/static/hpexe_link.js?201991422392963 HTTP/1.1" 200 625
200.54.237.82 - - [22/Aug/2022:10:14:52 -0300] "GET /cormun/servlet/trcontratounov2 HTTP/1.1" 200 17750
200.54.237.82 - - [22/Aug/2022:10:14:52 -0300] "GET /cormun/static/Resources/PXToolsAddSelectedAction.png HTTP/1.1" 200 523
200.54.237.82 - - [22/Aug/2022:10:14:52 -0300] "GET /cormun/static/Resources/PXToolsAddAllAction.png HTTP/1.1" 200 495
200.54.237.82 - - [22/Aug/2022:10:14:53 -0300] "GET /cormun/static/Resources/asc.gif HTTP/1.1" 200 67
200.54.237.82 - - [22/Aug/2022:10:14:53 -0300] "GET /cormun/static/SmoothNavMenu/resources/images/down.gif HTTP/1.1" 200 854
200.54.237.82 - - [22/Aug/2022:10:14:53 -0300] "GET /cormun//static/Resources/PXToolsActionDisabled.gif HTTP/1.1" 200 53
200.54.237.82 - - [22/Aug/2022:10:14:53 -0300] "GET /cormun/static/Shared/ext/resources/themes/images/default/panel/bg-headersPanel.png HTTP/1.1" 200 255
200.54.237.82 - - [22/Aug/2022:10:14:53 -0300] "GET /cormun/static/Resources/desc.gif HTTP/1.1" 200 65
200.54.237.82 - - [22/Aug/2022:10:14:53 -0300] "GET /cormun/servlet/trcontratounov2 HTTP/1.1" 200 17743
200.54.237.82 - - [22/Aug/2022:10:14:53 -0300] "GET /cormun/static/Shared/ext/resources/themes/images/default/tools/tool-sprites.gif HTTP/1.1" 200 5434
200.54.237.82 - - [22/Aug/2022:10:14:53 -0300] "GET /cormun/static/SmoothNavMenu/resources/images/right.gif HTTP/1.1" 200 860
200.54.237.82 - - [22/Aug/2022:10:14:58 -0300] "GET /cormun/servlet/trlicencias? HTTP/1.1" 200 10244
200.54.237.82 - - [22/Aug/2022:10:14:58 -0300] "GET /cormun/static/gxcfg.js?2020121613995 HTTP/1.1" 200 953
200.54.237.82 - - [22/Aug/2022:10:14:58 -0300] "GET /cormun/static/trlicencias.js?202012162481 HTTP/1.1" 200 41883
200.54.237.82 - - [22/Aug/2022:10:14:58 -0300] "GET /cormun/static/Resources/PXTools/calendar.png HTTP/1.1" 200 1306
200.54.237.82 - - [22/Aug/2022:10:14:59 -0300] "GET /cormun//static/Resources/PXToolsHeaderFavorites.png HTTP/1.1" 200 1414
200.54.237.82 - - [22/Aug/2022:10:14:59 -0300] "GET /cormun//static/Resources/PXTools/ActionInsert.png HTTP/1.1" 200 1482
200.54.237.82 - - [22/Aug/2022:10:14:59 -0300] "GET /cormun//static/Resources/PXToolsHeaderHelp.png HTTP/1.1" 200 1333
200.54.237.82 - - [22/Aug/2022:10:14:59 -0300] "GET /cormun//static/Resources/PXToolsGridDisplay.png HTTP/1.1" 200 525
200.54.237.82 - - [22/Aug/2022:10:14:59 -0300] "GET /cormun//static/Resources/PXToolsActionPrint.png HTTP/1.1" 200 404
200.54.237.82 - - [22/Aug/2022:10:14:59 -0300] "GET /cormun/servlet/trlicencias? HTTP/1.1" 200 10250
139.87.71.160 - - [22/Aug/2022:10:15:33 -0300] "GET /manager/html HTTP/1.1" 401 2474
139.87.71.160 - - [22/Aug/2022:10:16:16 -0300] "GET /manager/html HTTP/1.1" 401 2474
139.87.71.160 - - [22/Aug/2022:10:17:00 -0300] "GET /manager/html HTTP/1.1" 401 2474
139.87.71.160 - - [22/Aug/2022:10:19:17 -0300] "GET /manager/html HTTP/1.1" 401 2474
139.87.71.160 - - [22/Aug/2022:10:20:04 -0300] "GET /manager/html HTTP/1.1" 401 2474
139.87.71.160 - - [22/Aug/2022:10:20:48 -0300] "GET /manager/html HTTP/1.1" 401 2474
139.87.71.160 - - [22/Aug/2022:10:21:31 -0300] "GET /manager/html HTTP/1.1" 401 2474
167.71.68.203 - - [22/Aug/2022:10:23:37 -0300] "GET /login?from=%2F HTTP/1.1" 404 971
139.87.71.160 - - [22/Aug/2022:10:23:41 -0300] "GET /manager/html HTTP/1.1" 401 2474
190.171.152.234 - - [22/Aug/2022:10:24:08 -0300] "GET /cormun/servlet/hlogin HTTP/1.1" 200 1729
190.171.152.234 - - [22/Aug/2022:10:24:08 -0300] "GET /cormun/servlet/hlogin HTTP/1.1" 200 1739
190.171.152.234 - - [22/Aug/2022:10:24:08 -0300] "GET /favicon.ico HTTP/1.1" 200 21630
190.171.152.234 - - [22/Aug/2022:10:24:15 -0300] "POST /cormun/servlet/hlogin?4ebc94ed91ccc4ad94e9f3881616fa1c,gx-no-cache=1661170269383 HTTP/1.1" 200 90
190.171.152.234 - - [22/Aug/2022:10:24:15 -0300] "GET /cormun/servlet/hpexe_link HTTP/1.1" 200 955
190.171.152.234 - - [22/Aug/2022:10:24:15 -0300] "GET /cormun/servlet/hhome HTTP/1.1" 200 4273
190.171.152.234 - - [22/Aug/2022:10:24:16 -0300] "GET /cormun/servlet/hhome HTTP/1.1" 200 4269
190.171.152.234 - - [22/Aug/2022:10:24:19 -0300] "GET /cormun/servlet/trlicencias? HTTP/1.1" 200 12849
190.171.152.234 - - [22/Aug/2022:10:24:19 -0300] "GET /cormun/servlet/trlicencias? HTTP/1.1" 200 12834
139.87.71.160 - - [22/Aug/2022:10:24:26 -0300] "GET /manager/html HTTP/1.1" 401 2474
139.87.71.160 - - [22/Aug/2022:10:26:37 -0300] "GET /manager/html HTTP/1.1" 401 2474
139.87.71.160 - - [22/Aug/2022:10:27:23 -0300] "GET /manager/html HTTP/1.1" 401 2474
139.87.71.160 - - [22/Aug/2022:10:28:08 -0300] "GET /manager/html HTTP/1.1" 401 2474
139.87.71.160 - - [22/Aug/2022:10:28:51 -0300] "GET /manager/html HTTP/1.1" 401 2474
139.87.71.160 - - [22/Aug/2022:10:30:24 -0300] "GET /manager/html HTTP/1.1" 401 2474
139.87.71.160 - - [22/Aug/2022:10:31:07 -0300] "GET /manager/html HTTP/1.1" 401 2474
139.87.71.160 - - [22/Aug/2022:10:34:03 -0300] "GET /manager/html HTTP/1.1" 401 2474
186.67.172.234 - - [22/Aug/2022:10:34:18 -0300] "GET /cormun/servlet/trautorizarsolicitud? HTTP/1.1" 200 6216
186.67.172.234 - - [22/Aug/2022:10:34:18 -0300] "GET /cormun/static/gxui/gxui-all.css?110300 HTTP/1.1" 200 2179
186.67.172.234 - - [22/Aug/2022:10:34:18 -0300] "GET /cormun/static/calendar-system.css?75620 HTTP/1.1" 200 5572
186.67.172.234 - - [22/Aug/2022:10:34:18 -0300] "GET /cormun/static/gxcfg.js?201991422414522 HTTP/1.1" 200 953
186.67.172.234 - - [22/Aug/2022:10:34:18 -0300] "GET /cormun/static/trautorizarsolicitud.js?201991422415463 HTTP/1.1" 200 53910
186.67.172.234 - - [22/Aug/2022:10:34:18 -0300] "GET /cormun/static/Shared/ext/resources/css/ext-all.css?205870 HTTP/1.1" 200 416045
186.67.172.234 - - [22/Aug/2022:10:34:19 -0300] "GET /cormun/servlet/hlogin HTTP/1.1" 200 1741
186.67.172.234 - - [22/Aug/2022:10:34:19 -0300] "GET /cormun/servlet/trautorizarsolicitud? HTTP/1.1" 200 6214
186.67.172.234 - - [22/Aug/2022:10:34:27 -0300] "POST /cormun/servlet/hlogin?3940106b2750455361effbd912f8484e,gx-no-cache=1661174419561 HTTP/1.1" 200 90
186.67.172.234 - - [22/Aug/2022:10:34:27 -0300] "GET /cormun/servlet/hpexe_link HTTP/1.1" 200 958
186.67.172.234 - - [22/Aug/2022:10:34:27 -0300] "GET /cormun/servlet/trautorizarsolicitud HTTP/1.1" 200 7302
186.67.172.234 - - [22/Aug/2022:10:34:27 -0300] "GET /cormun/servlet/trautorizarsolicitud HTTP/1.1" 200 7300
186.67.172.234 - - [22/Aug/2022:10:34:31 -0300] "GET /cormun/servlet/trautorizarsolicitud? HTTP/1.1" 200 7300
186.67.172.234 - - [22/Aug/2022:10:34:31 -0300] "GET /cormun/servlet/trautorizarsolicitud? HTTP/1.1" 200 7300
186.67.172.234 - - [22/Aug/2022:10:34:33 -0300] "GET /cormun/servlet/trsolicitudot? HTTP/1.1" 200 7583
186.67.172.234 - - [22/Aug/2022:10:34:33 -0300] "GET /cormun/static/gxcfg.js?201991910464971 HTTP/1.1" 200 953
186.67.172.234 - - [22/Aug/2022:10:34:33 -0300] "GET /cormun/static/trsolicitudot.js?201991910465845 HTTP/1.1" 200 54041
186.67.172.234 - - [22/Aug/2022:10:34:33 -0300] "GET /cormun/servlet/trsolicitudot? HTTP/1.1" 200 7582
139.87.71.160 - - [22/Aug/2022:10:34:48 -0300] "GET /manager/html HTTP/1.1" 401 2474
190.171.141.138 - - [22/Aug/2022:10:35:10 -0300] "GET /cormun/servlet/hlogin HTTP/1.1" 200 1721
190.171.141.138 - - [22/Aug/2022:10:35:10 -0300] "GET /cormun/servlet/hlogin HTTP/1.1" 200 1732
190.171.141.138 - - [22/Aug/2022:10:35:13 -0300] "POST /cormun/servlet/hlogin?73ec115bc76d88cf4436cbc9c471c029,gx-no-cache=1661174465824 HTTP/1.1" 200 90
190.171.141.138 - - [22/Aug/2022:10:35:14 -0300] "GET /cormun/servlet/hpexe_link HTTP/1.1" 200 949
190.171.141.138 - - [22/Aug/2022:10:35:14 -0300] "GET /cormun/servlet/hhome HTTP/1.1" 200 4475
190.171.141.138 - - [22/Aug/2022:10:35:15 -0300] "GET /cormun/servlet/hhome HTTP/1.1" 200 4471
190.171.141.138 - - [22/Aug/2022:10:35:19 -0300] "GET /cormun/servlet/trlicencias? HTTP/1.1" 200 14099
190.171.141.138 - - [22/Aug/2022:10:35:19 -0300] "GET /cormun/servlet/trlicencias? HTTP/1.1" 200 14098
139.87.71.160 - - [22/Aug/2022:10:35:31 -0300] "GET /manager/html HTTP/1.1" 401 2474
186.67.172.234 - - [22/Aug/2022:10:36:35 -0300] "GET /cormun/servlet/trlicencias? HTTP/1.1" 200 15021
186.67.172.234 - - [22/Aug/2022:10:36:35 -0300] "GET /cormun/servlet/trlicencias? HTTP/1.1" 200 15017
190.171.149.74 - - [22/Aug/2022:10:36:38 -0300] "GET /cormun/servlet/hlogin HTTP/1.1" 200 1726
190.171.149.74 - - [22/Aug/2022:10:36:38 -0300] "GET /cormun/static/gxcfg.js?201910216285969 HTTP/1.1" 304 -
190.171.149.74 - - [22/Aug/2022:10:36:38 -0300] "GET /cormun/static/messages.spa.js?85251 HTTP/1.1" 304 -
190.171.149.74 - - [22/Aug/2022:10:36:38 -0300] "GET /cormun/servlet/hlogin HTTP/1.1" 200 1735
190.171.149.74 - - [22/Aug/2022:10:36:44 -0300] "POST /cormun/servlet/hlogin?77dcf7ffa64059d380b549f7c3378e60,gx-no-cache=1661174557245 HTTP/1.1" 200 90
190.171.149.74 - - [22/Aug/2022:10:36:44 -0300] "GET /cormun/servlet/hpexe_link HTTP/1.1" 200 950
190.171.149.74 - - [22/Aug/2022:10:36:44 -0300] "GET /cormun/static/gxcfg.js?201991422392958 HTTP/1.1" 304 -
190.171.149.74 - - [22/Aug/2022:10:36:44 -0300] "GET /cormun/servlet/hhome HTTP/1.1" 200 3976
190.171.149.74 - - [22/Aug/2022:10:36:44 -0300] "GET /cormun/static/gxcfg.js?20201215495537 HTTP/1.1" 304 -
190.171.149.74 - - [22/Aug/2022:10:36:45 -0300] "GET /cormun/servlet/hhome HTTP/1.1" 200 3973
190.171.149.74 - - [22/Aug/2022:10:36:48 -0300] "GET /cormun/servlet/trpermisosgoce? HTTP/1.1" 200 15138
190.171.149.74 - - [22/Aug/2022:10:36:49 -0300] "GET /cormun/servlet/trpermisosgoce? HTTP/1.1" 200 15152
190.171.149.74 - - [22/Aug/2022:10:37:05 -0300] "GET /cormun/servlet/trlicencias? HTTP/1.1" 200 13589
190.171.149.74 - - [22/Aug/2022:10:37:05 -0300] "GET /cormun/static/gxcfg.js?2020121613995 HTTP/1.1" 304 -
190.171.149.74 - - [22/Aug/2022:10:37:05 -0300] "GET /cormun/servlet/trlicencias? HTTP/1.1" 200 13583
139.87.71.160 - - [22/Aug/2022:10:37:07 -0300] "GET /manager/html HTTP/1.1" 401 2474
139.87.71.160 - - [22/Aug/2022:10:37:59 -0300] "GET /manager/html HTTP/1.1" 401 2474
139.87.71.160 - - [22/Aug/2022:10:38:42 -0300] "GET /manager/html HTTP/1.1" 401 2474
139.87.71.160 - - [22/Aug/2022:10:39:26 -0300] "GET /manager/html HTTP/1.1" 401 2474
139.87.71.160 - - [22/Aug/2022:10:40:13 -0300] "GET /manager/html HTTP/1.1" 401 2474
139.87.71.160 - - [22/Aug/2022:10:40:57 -0300] "GET /manager/html HTTP/1.1" 401 2474
139.87.71.160 - - [22/Aug/2022:10:41:40 -0300] "GET /manager/html HTTP/1.1" 401 2474
139.87.71.160 - - [22/Aug/2022:10:42:25 -0300] "GET /manager/html HTTP/1.1" 401 2474
139.87.71.160 - - [22/Aug/2022:10:43:09 -0300] "GET /manager/html HTTP/1.1" 401 2474
200.54.103.162 - - [22/Aug/2022:10:43:50 -0300] "GET /cormun/servlet/hlogin HTTP/1.1" 200 1723
139.87.71.160 - - [22/Aug/2022:10:43:54 -0300] "GET /manager/html HTTP/1.1" 401 2474
186.67.172.234 - - [22/Aug/2022:10:44:18 -0300] "GET /cormun/servlet/trsolicitudot? HTTP/1.1" 200 7582
186.67.172.234 - - [22/Aug/2022:10:44:18 -0300] "GET /cormun/servlet/trsolicitudot? HTTP/1.1" 200 7582
200.54.103.162 - - [22/Aug/2022:10:44:20 -0300] "POST /cormun/servlet/hlogin?94cfa8bab3af827cce4fc4069518f8f0,gx-no-cache=1661175013539 HTTP/1.1" 200 424
186.67.172.234 - - [22/Aug/2022:10:44:20 -0300] "GET /cormun/servlet/solicitudot?INS,0,0,false, HTTP/1.1" 200 16119
186.67.172.234 - - [22/Aug/2022:10:44:20 -0300] "GET /cormun/static/gxcfg.js?20203414241232 HTTP/1.1" 200 953
186.67.172.234 - - [22/Aug/2022:10:44:20 -0300] "GET /cormun/static/Resources/prompt.gif HTTP/1.1" 200 902
186.67.172.234 - - [22/Aug/2022:10:44:20 -0300] "GET /cormun/static/solicitudot.js?20203414242792 HTTP/1.1" 200 74114
186.67.172.234 - - [22/Aug/2022:10:44:21 -0300] "GET /cormun/servlet/solicitudot?INS,0,0,false, HTTP/1.1" 200 16127
200.54.103.162 - - [22/Aug/2022:10:44:23 -0300] "POST /cormun/servlet/hlogin?94cfa8bab3af827cce4fc4069518f8f0,gx-no-cache=1661175016437 HTTP/1.1" 200 90
200.54.103.162 - - [22/Aug/2022:10:44:24 -0300] "GET /cormun/servlet/hpexe_link HTTP/1.1" 200 949
200.54.103.162 - - [22/Aug/2022:10:44:25 -0300] "GET /cormun/servlet/hhome HTTP/1.1" 200 4335
200.54.103.162 - - [22/Aug/2022:10:44:25 -0300] "GET /cormun/servlet/hhome HTTP/1.1" 200 4331
200.54.103.162 - - [22/Aug/2022:10:44:27 -0300] "GET /cormun/servlet/trlicencias? HTTP/1.1" 200 12353
200.54.103.162 - - [22/Aug/2022:10:44:28 -0300] "GET /cormun/servlet/trlicencias? HTTP/1.1" 200 12359
139.87.71.160 - - [22/Aug/2022:10:44:35 -0300] "GET /manager/html HTTP/1.1" 401 2474
139.87.71.160 - - [22/Aug/2022:10:45:20 -0300] "GET /manager/html HTTP/1.1" 401 2474
139.87.71.160 - - [22/Aug/2022:10:46:03 -0300] "GET /manager/html HTTP/1.1" 401 2474
139.87.71.160 - - [22/Aug/2022:10:46:45 -0300] "GET /manager/html HTTP/1.1" 401 2474
186.67.172.234 - - [22/Aug/2022:10:46:52 -0300] "POST /cormun/servlet/solicitudot?gx-no-cache=1661175165161 HTTP/1.1" 200 3962
186.67.172.234 - - [22/Aug/2022:10:46:52 -0300] "GET /cormun/static/Shared/jqueryui/images/ui-bg_highlight-soft_100_c6c2c8_1x100.png HTTP/1.1" 404 1117
186.67.172.234 - - [22/Aug/2022:10:46:52 -0300] "GET /cormun/static/Shared/jqueryui/images/ui-icons_82798d_256x240.png HTTP/1.1" 404 1089
186.67.172.234 - - [22/Aug/2022:10:46:52 -0300] "GET /cormun/static/Shared/jqueryui/images/ui-bg_flat_55_994d53_40x100.png HTTP/1.1" 404 1097
186.67.172.234 - - [22/Aug/2022:10:46:52 -0300] "GET /cormun/static/Shared/jqueryui/images/ui-icons_ebccce_256x240.png HTTP/1.1" 404 1089
186.67.172.234 - - [22/Aug/2022:10:47:05 -0300] "GET /cormun/servlet/solicitudot?4bb1606eea0924a202894351318563025c71f5778fcb16a9906fa15888e19db8705f14384e0cd86c6899b6ccdf50cae7,gx-no-cache=1661175178124 HTTP/1.1" 200 30
186.67.172.234 - - [22/Aug/2022:10:47:08 -0300] "POST /cormun/servlet/solicitudot?gx-no-cache=1661175181118 HTTP/1.1" 200 3938
186.67.172.234 - - [22/Aug/2022:10:47:22 -0300] "POST /cormun/servlet/solicitudot?gx-no-cache=1661175195418 HTTP/1.1" 200 3962
186.67.172.234 - - [22/Aug/2022:10:47:25 -0300] "GET /cormun/servlet/solicitudot?4bb1606eea0924a202894351318563025c71f5778fcb16a9906fa15888e19db8620f747fefbd61fd1271bd0a8ac48684,gx-no-cache=1661175198478 HTTP/1.1" 200 30
139.87.71.160 - - [22/Aug/2022:10:47:29 -0300] "GET /manager/html HTTP/1.1" 401 2474
139.87.71.160 - - [22/Aug/2022:10:48:19 -0300] "GET /manager/html HTTP/1.1" 401 2474
186.67.172.234 - - [22/Aug/2022:10:49:01 -0300] "GET /cormun/static/Resources/PXTools/ClosePrompt.png HTTP/1.1" 200 1036
186.67.172.234 - - [22/Aug/2022:10:49:01 -0300] "GET /cormun/static/Resources/resize.gif HTTP/1.1" 200 77
186.67.172.234 - - [22/Aug/2022:10:49:01 -0300] "GET /cormun/servlet/prbanco?,MD,,gxPopupLevel%3D0%3B HTTP/1.1" 200 6666
186.67.172.234 - - [22/Aug/2022:10:49:01 -0300] "GET /cormun/static/gxcfg.js?20201216131581 HTTP/1.1" 200 953
186.67.172.234 - - [22/Aug/2022:10:49:01 -0300] "GET /cormun/static/prbanco.js?20201216132311 HTTP/1.1" 200 10693
186.67.172.234 - - [22/Aug/2022:10:49:01 -0300] "GET /cormun/static/menusearch.js?20201214473581 HTTP/1.1" 200 1424
186.67.172.234 - - [22/Aug/2022:10:49:01 -0300] "GET /cormun/static/Resources/PXToolsMenuSearchCancel.png HTTP/1.1" 200 306
186.67.172.234 - - [22/Aug/2022:10:49:01 -0300] "GET /cormun/static/Resources/PXToolsMenuSearch.png HTTP/1.1" 200 336
186.67.172.234 - - [22/Aug/2022:10:49:01 -0300] "GET /cormun/static/hmpwkw011.js?20201215495555 HTTP/1.1" 200 1968
190.171.143.82 - - [22/Aug/2022:10:49:05 -0300] "POST /cormun/servlet/trpermisosgoce?4ab0b784260e3c93b475006a14dcfc75,,gx-no-cache=1661175297794 HTTP/1.1" 440 972
190.171.143.82 - - [22/Aug/2022:10:49:07 -0300] "GET /cormun/servlet/trpermisosgoce? HTTP/1.1" 200 6030
139.87.71.160 - - [22/Aug/2022:10:49:08 -0300] "GET /manager/html HTTP/1.1" 401 2474
186.67.172.234 - - [22/Aug/2022:10:49:08 -0300] "GET /cormun/servlet/solicitudot?4bb1606eea0924a202894351318563021c45aff7f5e9f5d4f9a61f828d009478113f32e0cbbfc631f015ee79a640ddf9,gx-no-cache=1661175301401 HTTP/1.1" 200 30
190.171.143.82 - - [22/Aug/2022:10:49:09 -0300] "GET /cormun/servlet/hlogin HTTP/1.1" 200 1746
190.171.143.82 - - [22/Aug/2022:10:49:09 -0300] "GET /cormun/servlet/trpermisosgoce? HTTP/1.1" 200 6030
186.67.172.234 - - [22/Aug/2022:10:49:09 -0300] "GET /cormun/servlet/solicitudot?4bb1606eea0924a20289435131856302c3629807fec4ae8d1fb14ec74b9ea665,gx-no-cache=1661175302442 HTTP/1.1" 200 51
190.171.143.82 - - [22/Aug/2022:10:49:12 -0300] "POST /cormun/servlet/hlogin?b327a910cc3b92e4389f8efeb8a22809,gx-no-cache=1661175305162 HTTP/1.1" 200 90
190.171.143.82 - - [22/Aug/2022:10:49:12 -0300] "GET /cormun/servlet/hpexe_link HTTP/1.1" 200 959
190.171.143.82 - - [22/Aug/2022:10:49:13 -0300] "GET /cormun/servlet/trpermisosgoce HTTP/1.1" 200 13218
190.171.143.82 - - [22/Aug/2022:10:49:14 -0300] "GET /cormun/servlet/trpermisosgoce HTTP/1.1" 200 13196
190.171.141.106 - - [22/Aug/2022:10:49:16 -0300] "GET /cormun/servlet/hlogin HTTP/1.1" 200 1722
190.171.141.106 - - [22/Aug/2022:10:49:17 -0300] "GET /cormun/servlet/hlogin HTTP/1.1" 200 1733
190.171.143.82 - - [22/Aug/2022:10:49:18 -0300] "GET /cormun/servlet/permisogoce?INS,0,,, HTTP/1.1" 200 7256
190.171.143.82 - - [22/Aug/2022:10:49:19 -0300] "GET /cormun/servlet/permisogoce?INS,0,,, HTTP/1.1" 200 7256
190.171.141.106 - - [22/Aug/2022:10:49:21 -0300] "POST /cormun/servlet/hlogin?a3b7c8191e8a658825a86cf113e69749,gx-no-cache=1661175313801 HTTP/1.1" 200 90
190.171.141.106 - - [22/Aug/2022:10:49:21 -0300] "GET /cormun/servlet/hpexe_link HTTP/1.1" 200 947
190.171.141.106 - - [22/Aug/2022:10:49:21 -0300] "GET /cormun/servlet/hhome HTTP/1.1" 200 4254
190.171.141.106 - - [22/Aug/2022:10:49:22 -0300] "GET /cormun/servlet/hhome HTTP/1.1" 200 4251
186.67.172.234 - - [22/Aug/2022:10:49:27 -0300] "GET /cormun/servlet/solicitudot?4bb1606eea0924a20289435131856302a33a3c3a63ff1f6b86e5b74898cba62da266c06aa42c3296ed63150e1c6166469f3b18f6d87ac5094d828894a890b81ddb0e6f4a6aad4425dfa334d5fc98d68e07c16a37791067fd327751753d3bcc48bc79abb4920d993b3d95d0591d3a8534894bd13128657a32be387955ee7fbd7c9b17d4f7eef4f8cc9ec926a7f17a85028f945cd33a17daf94e5936b0738b90b8c3cceffdc24a28c87182c3eff5f4ff0c7e3be493bb6e02fa6d9d74e6d5f0013b0ee4f6508d4235a30e4c9ff62b161008173c66e840c689959d20d0f7f23206915e20c4135ffd9ff7b15c27928e852d56aeff538f2c375b21d378572c73096ac8c97342f78295be2546f5973b83e3f46abf7a2053e2ca5c6f7a5a274222ca1f707970897663fb505ee543ade4e140a41ea468bbc5f0b003069bd62ce3f1e49366302f9d0cf4a3bc59ceba89734a68023a,gx-no-cache=1661175319467 HTTP/1.1" 200 297
190.171.141.106 - - [22/Aug/2022:10:49:29 -0300] "GET /cormun/servlet/trlicencias? HTTP/1.1" 200 15069
186.67.172.234 - - [22/Aug/2022:10:49:30 -0300] "GET /cormun/servlet/solicitudot?4bb1606eea0924a202894351318563027aa41c0ca5fd11f53d97f48551de96b8c3b3f67c505da11cbb83183a9da844ac47188a66d33cb29e8d1f8758b5d5850b3fba1e1597e728851191c2eedf16d1c09b3b9ddf8be7db2931a28d8ee9f307dd615cfbefef9565c600667d4c1213beef1bb6d6a30641df1e182fc867cbeef069fc6ab70fc87362f72c093c97173c16319085a4e50e018dae30e36ffff30ee95471d3f11685ec318617b1a86a2f8609ce77c6fcf02131fe86499a996ad7b22186c637633508e4348e07009f11df1c0d7f8baff54ec88866bb03635bcedf5a268feee560b4d593e051b7b1e78021213c4b01810cf4d2c911dd3552e35769a77a23a0b038795f545e355831f3858a7c45033fd910b1c006fbc202455e77ffe388f7986fed25f5922daeb4401334ced5defcf07c58b6242faf887f344656a47bb59aaac33ac251acc0fba91c3f961ed906c9f6a2ec26cecfc3cbc345e81f47c156a04d3620879959dc692dd930a0cf4f7f57abd6f974b3048d2d1d59ad00e0f9da0f1ead6860a3162a5c0c7c3cb425c797e8,gx-no-cache=1661175322596 HTTP/1.1" 200 30
190.171.141.106 - - [22/Aug/2022:10:49:30 -0300] "GET /cormun/servlet/trlicencias? HTTP/1.1" 200 15055
186.67.172.234 - - [22/Aug/2022:10:49:37 -0300] "POST /cormun/servlet/solicitudot?gx-no-cache=1661175329570 HTTP/1.1" 200 30
186.67.172.234 - - [22/Aug/2022:10:49:38 -0300] "POST /cormun/servlet/solicitudot?gx-no-cache=1661175330855 HTTP/1.1" 200 1462
186.67.172.234 - - [22/Aug/2022:10:49:38 -0300] "POST /cormun/servlet/solicitudot?gx-no-cache=1661175330884 HTTP/1.1" 200 38
186.67.172.234 - - [22/Aug/2022:10:49:47 -0300] "GET /cormun/servlet/solicitudot?4bb1606eea0924a2028943513185630260db1670533ed16b717e6e38104eccc15e2c6f1f424509d9d21297ab1030ab78eefceca0868d89c4f27010a3c3d67126a97e91bfd579f21c580ede8883752a05675928bcca013e271bddb13b920552e4a91c601658f4538ccc9221e4671140c3,gx-no-cache=1661175339747 HTTP/1.1" 200 110
139.87.71.160 - - [22/Aug/2022:10:49:51 -0300] "GET /manager/html HTTP/1.1" 401 2474
186.67.172.234 - - [22/Aug/2022:10:49:53 -0300] "POST /cormun/servlet/solicitudot?gx-no-cache=1661175346416 HTTP/1.1" 200 110
186.67.172.234 - - [22/Aug/2022:10:50:01 -0300] "GET /cormun/servlet/solicitudot?4bb1606eea0924a202894351318563028206b89b79de8f11c3a18a5a9ebda925aeff538f2c375b21d378572c73096ac8c97342f78295be2546f5973b83e3f46a68e29e9ee34520c81f67fe3bd98d80fd,gx-no-cache=1661175353951 HTTP/1.1" 200 29
186.67.172.234 - - [22/Aug/2022:10:50:01 -0300] "GET /cormun/static/menuarrow.gif HTTP/1.1" 404 1015
186.67.172.234 - - [22/Aug/2022:10:50:07 -0300] "GET /cormun/servlet/solicitudot?4bb1606eea0924a202894351318563027b143ef55bb9bc762d9c01e72c13408d15aec0b0943d55e9263aa68b88910893,gx-no-cache=1661175360191 HTTP/1.1" 200 30
190.171.143.82 - - [22/Aug/2022:10:50:09 -0300] "GET /cormun/servlet/permisogoce?248c3292d7ee42eede916d3448da491b620406692f31fd47e3fe89ac9abdecc92751e95f84e5ccfec205b358156c7decdf0c822834aff2a5abc5b0c4831b2ee6,gx-no-cache=1661175362282 HTTP/1.1" 200 80
190.171.143.82 - - [22/Aug/2022:10:50:11 -0300] "GET /cormun/static/menuarrow.gif HTTP/1.1" 404 1015
186.67.172.234 - - [22/Aug/2022:10:50:14 -0300] "POST /cormun/servlet/solicitudot?gx-no-cache=1661175367443 HTTP/1.1" 200 30
190.171.143.82 - - [22/Aug/2022:10:50:17 -0300] "GET /cormun/servlet/permisogoce?248c3292d7ee42eede916d3448da491b1f430957a76245cc580ef0dee67e25234427737e1311fc69d3d9505023611c7ced13d3d878d010d27dcb372c05cfb8f9,gx-no-cache=1661175370305 HTTP/1.1" 200 48
190.171.143.82 - - [22/Aug/2022:10:50:22 -0300] "POST /cormun/servlet/permisogoce?b327a910cc3b92e4389f8efeb8a22809,INS,0,,,,gx-no-cache=1661175374634 HTTP/1.1" 200 93
190.171.143.82 - - [22/Aug/2022:10:50:22 -0300] "GET /cormun/servlet/hpexe_return? HTTP/1.1" 200 1012
190.171.143.82 - - [22/Aug/2022:10:50:23 -0300] "GET /cormun/servlet/trpermisosgoce HTTP/1.1" 200 13410
190.171.143.82 - - [22/Aug/2022:10:50:24 -0300] "GET /cormun/servlet/trpermisosgoce HTTP/1.1" 200 13407
190.171.143.82 - - [22/Aug/2022:10:50:27 -0300] "POST /cormun/servlet/trpermisosgoce?b327a910cc3b92e4389f8efeb8a22809,gx-no-cache=1661175380116 HTTP/1.1" 200 10387
190.171.143.82 - - [22/Aug/2022:10:50:31 -0300] "GET /cormun/servlet/apermisogoceprn?17522932,P,20220822093213,PU HTTP/1.1" 200 1646
190.171.143.82 - - [22/Aug/2022:10:50:32 -0300] "GET /cormun/servlet/apermisogoceprn?17522932,P,20220822093213,PU HTTP/1.1" 200 1647
139.87.71.160 - - [22/Aug/2022:10:50:37 -0300] "GET /manager/html HTTP/1.1" 401 2474
190.171.143.82 - - [22/Aug/2022:10:50:44 -0300] "GET /cormun/servlet/apermisogoceprn?17522932,P,20220822093213,PU HTTP/1.1" 200 1643
190.171.143.82 - - [22/Aug/2022:10:50:45 -0300] "GET /cormun/servlet/apermisogoceprn?17522932,P,20220822093213,PU HTTP/1.1" 200 1648
186.67.172.234 - - [22/Aug/2022:10:50:59 -0300] "POST /cormun/servlet/solicitudot?3940106b2750455361effbd912f8484e,INS,0,0,false,,gx-no-cache=1661175411764 HTTP/1.1" 200 13077
190.171.141.90 - - [22/Aug/2022:10:51:18 -0300] "GET /cormun/servlet/trlicencias? HTTP/1.1" 200 7528
190.171.141.90 - - [22/Aug/2022:10:51:19 -0300] "GET /cormun/servlet/hlogin HTTP/1.1" 200 1745
190.171.141.90 - - [22/Aug/2022:10:51:19 -0300] "GET /cormun/servlet/trlicencias? HTTP/1.1" 200 7519
139.87.71.160 - - [22/Aug/2022:10:51:23 -0300] "GET /manager/html HTTP/1.1" 401 2474
190.171.141.90 - - [22/Aug/2022:10:51:23 -0300] "POST /cormun/servlet/hlogin?a75777d4fc537c0da0311d146881ebf7,gx-no-cache=1661175436055 HTTP/1.1" 200 90
190.171.141.90 - - [22/Aug/2022:10:51:23 -0300] "GET /cormun/servlet/hpexe_link HTTP/1.1" 200 959
190.171.141.90 - - [22/Aug/2022:10:51:24 -0300] "GET /cormun/servlet/trlicencias HTTP/1.1" 200 17958
190.171.141.90 - - [22/Aug/2022:10:51:24 -0300] "GET /cormun/servlet/trlicencias HTTP/1.1" 200 17949
192.168.10.17 - - [22/Aug/2022:10:51:40 -0300] "GET /cormun/servlet/hlogin HTTP/1.1" 200 1731
192.168.10.17 - - [22/Aug/2022:10:51:41 -0300] "GET /cormun/servlet/hlogin HTTP/1.1" 200 1742
192.168.10.17 - - [22/Aug/2022:10:51:48 -0300] "POST /cormun/servlet/hlogin?e22097ccb215a8cfdd3b84378cd696bc,gx-no-cache=1661175283993 HTTP/1.1" 200 90
192.168.10.17 - - [22/Aug/2022:10:51:48 -0300] "GET /cormun/servlet/hpexe_link HTTP/1.1" 200 956
192.168.10.17 - - [22/Aug/2022:10:51:48 -0300] "GET /cormun/servlet/hhome HTTP/1.1" 200 3792
192.168.10.17 - - [22/Aug/2022:10:51:48 -0300] "GET /cormun/servlet/hhome HTTP/1.1" 200 3789
139.87.71.160 - - [22/Aug/2022:10:52:06 -0300] "GET /manager/html HTTP/1.1" 401 2474
139.87.71.160 - - [22/Aug/2022:10:52:56 -0300] "GET /manager/html HTTP/1.1" 401 2474
139.87.71.160 - - [22/Aug/2022:10:53:45 -0300] "GET /manager/html HTTP/1.1" 401 2474
139.87.71.160 - - [22/Aug/2022:10:55:19 -0300] "GET /manager/html HTTP/1.1" 401 2474
139.87.71.160 - - [22/Aug/2022:10:56:06 -0300] "GET /manager/html HTTP/1.1" 401 2474
190.171.149.90 - - [22/Aug/2022:10:56:41 -0300] "GET /cormun/servlet/hlogin HTTP/1.1" 200 1729
190.171.149.90 - - [22/Aug/2022:10:56:41 -0300] "GET /cormun/servlet/hlogin HTTP/1.1" 200 1740
190.171.149.90 - - [22/Aug/2022:10:56:41 -0300] "GET /favicon.ico HTTP/1.1" 200 21630
190.171.149.90 - - [22/Aug/2022:10:56:44 -0300] "POST /cormun/servlet/hlogin?cdd74d06f3e3ac56210cd70aeda48d9a,gx-no-cache=1661175755884 HTTP/1.1" 200 90
190.171.149.90 - - [22/Aug/2022:10:56:44 -0300] "GET /cormun/servlet/hpexe_link HTTP/1.1" 200 955
190.171.149.90 - - [22/Aug/2022:10:56:44 -0300] "GET /cormun/servlet/hhome HTTP/1.1" 200 3951
190.171.149.90 - - [22/Aug/2022:10:56:44 -0300] "GET /cormun/servlet/hhome HTTP/1.1" 200 3947
190.171.149.90 - - [22/Aug/2022:10:56:48 -0300] "GET /cormun/servlet/trlicencias? HTTP/1.1" 200 10937
190.171.149.90 - - [22/Aug/2022:10:56:48 -0300] "GET /cormun/static/gxcfg.js?2020121613995 HTTP/1.1" 200 953
190.171.149.90 - - [22/Aug/2022:10:56:48 -0300] "GET /cormun/static/trlicencias.js?202012162481 HTTP/1.1" 200 41883
190.171.149.90 - - [22/Aug/2022:10:56:48 -0300] "GET /cormun/servlet/trlicencias? HTTP/1.1" 200 10935
139.87.71.160 - - [22/Aug/2022:10:56:50 -0300] "GET /manager/html HTTP/1.1" 401 2474
179.57.78.9 - - [22/Aug/2022:10:57:08 -0300] "GET /cormun/servlet/hlogin HTTP/1.1" 200 1727
190.171.149.90 - - [22/Aug/2022:10:57:26 -0300] "GET /cormun/servlet/trsolicitudot? HTTP/1.1" 200 7166
190.171.149.90 - - [22/Aug/2022:10:57:26 -0300] "GET /cormun/static/gxui/gxui-all.css?110300 HTTP/1.1" 200 2179
190.171.149.90 - - [22/Aug/2022:10:57:26 -0300] "GET /cormun/static/calendar-system.css?75620 HTTP/1.1" 200 5572
190.171.149.90 - - [22/Aug/2022:10:57:26 -0300] "GET /cormun/static/gxcfg.js?201991910464971 HTTP/1.1" 200 953
190.171.149.90 - - [22/Aug/2022:10:57:26 -0300] "GET /cormun/static/trsolicitudot.js?201991910465845 HTTP/1.1" 200 54041
190.171.149.90 - - [22/Aug/2022:10:57:26 -0300] "GET /cormun/static/Shared/ext/resources/css/ext-all.css?205870 HTTP/1.1" 200 416045
190.171.149.90 - - [22/Aug/2022:10:57:27 -0300] "GET /cormun/servlet/trsolicitudot? HTTP/1.1" 200 7166
190.171.149.90 - - [22/Aug/2022:10:57:30 -0300] "GET /cormun/servlet/solicitudot?INS,0,0,false, HTTP/1.1" 200 15729
190.171.149.90 - - [22/Aug/2022:10:57:30 -0300] "GET /cormun/static/gxcfg.js?20203414241232 HTTP/1.1" 200 953
190.171.149.90 - - [22/Aug/2022:10:57:30 -0300] "GET /cormun/static/solicitudot.js?20203414242792 HTTP/1.1" 200 74114
190.171.149.90 - - [22/Aug/2022:10:57:30 -0300] "GET /cormun/servlet/solicitudot?INS,0,0,false, HTTP/1.1" 200 15736
139.87.71.160 - - [22/Aug/2022:10:57:36 -0300] "GET /manager/html HTTP/1.1" 401 2474
157.55.39.27 - - [22/Aug/2022:10:57:36 -0300] "GET /cormun/servlet/trsolicitudot?_escaped_fragment_= HTTP/1.1" 200 6278
190.171.149.90 - - [22/Aug/2022:10:57:37 -0300] "POST /cormun/servlet/solicitudot?gx-no-cache=1661175808686 HTTP/1.1" 200 3878
190.171.149.90 - - [22/Aug/2022:10:57:37 -0300] "POST /cormun/servlet/solicitudot?cdd74d06f3e3ac56210cd70aeda48d9a,INS,0,0,false,,gx-no-cache=1661175808831 HTTP/1.1" 200 12443
190.171.149.90 - - [22/Aug/2022:10:57:39 -0300] "GET /cormun/servlet/solicitudot?344f86fcd467fe5d8945a69a69e9152247792ed27fd5f2bb5804fff3ae1f3ebb1ccf79cb17f66b04712513415c4b704a,gx-no-cache=1661175811596 HTTP/1.1" 200 30
179.57.78.9 - - [22/Aug/2022:10:57:45 -0300] "POST /cormun/servlet/hlogin?bbb40afe25b27c4649df4c5853260ba8,gx-no-cache=1660935765812 HTTP/1.1" 200 90
179.57.78.9 - - [22/Aug/2022:10:57:45 -0300] "GET /cormun/servlet/hpexe_link HTTP/1.1" 200 952
179.57.78.9 - - [22/Aug/2022:10:57:45 -0300] "GET /cormun/servlet/hhome HTTP/1.1" 200 4340
179.57.78.9 - - [22/Aug/2022:10:57:46 -0300] "GET /cormun/servlet/hhome HTTP/1.1" 200 4336
179.57.78.9 - - [22/Aug/2022:10:57:49 -0300] "GET /cormun/servlet/trlicencias? HTTP/1.1" 200 12365
179.57.78.9 - - [22/Aug/2022:10:57:50 -0300] "GET /cormun/servlet/trlicencias? HTTP/1.1" 200 12371
179.57.78.9 - - [22/Aug/2022:10:57:52 -0300] "POST /cormun/servlet/trlicencias?bbb40afe25b27c4649df4c5853260ba8,,gx-no-cache=1660935773190 HTTP/1.1" 200 9799
179.57.78.9 - - [22/Aug/2022:10:57:59 -0300] "POST /cormun/servlet/trlicencias?bbb40afe25b27c4649df4c5853260ba8,,gx-no-cache=1660935778233 HTTP/1.1" 200 101
179.57.78.9 - - [22/Aug/2022:10:57:59 -0300] "GET /cormun/Licencias-1165.xls HTTP/1.1" 200 9216
190.171.149.90 - - [22/Aug/2022:10:58:17 -0300] "GET /cormun/static/Resources/resize.gif HTTP/1.1" 200 77
190.171.149.90 - - [22/Aug/2022:10:58:17 -0300] "GET /cormun/static/Resources/PXTools/ClosePrompt.png HTTP/1.1" 200 1036
190.171.149.90 - - [22/Aug/2022:10:58:17 -0300] "GET /cormun/servlet/prbanco?,MD,,gxPopupLevel%3D0%3B HTTP/1.1" 200 6506
190.171.149.90 - - [22/Aug/2022:10:58:17 -0300] "GET /cormun/static/gxcfg.js?20201216131581 HTTP/1.1" 200 953
190.171.149.90 - - [22/Aug/2022:10:58:17 -0300] "GET /cormun/static/prbanco.js?20201216132311 HTTP/1.1" 200 10693
190.171.149.90 - - [22/Aug/2022:10:58:17 -0300] "GET /cormun/static/menusearch.js?20201214473581 HTTP/1.1" 200 1424
190.171.149.90 - - [22/Aug/2022:10:58:18 -0300] "GET /cormun/static/hmpwkw011.js?20201215495555 HTTP/1.1" 200 1968
190.171.149.90 - - [22/Aug/2022:10:58:18 -0300] "GET /cormun/static/Resources/PXToolsMenuSearchCancel.png HTTP/1.1" 200 306
190.171.149.90 - - [22/Aug/2022:10:58:18 -0300] "GET /cormun/static/Resources/PXToolsMenuSearch.png HTTP/1.1" 200 336
139.87.71.160 - - [22/Aug/2022:10:58:18 -0300] "GET /manager/html HTTP/1.1" 401 2474
190.171.149.90 - - [22/Aug/2022:10:58:22 -0300] "GET /cormun/servlet/solicitudot?344f86fcd467fe5d8945a69a69e91522fce5ebae016ae10348f4f979d65d62ad,gx-no-cache=1661175853723 HTTP/1.1" 200 94
190.171.149.90 - - [22/Aug/2022:10:58:22 -0300] "GET /cormun/static/Shared/jqueryui/images/ui-icons_82798d_256x240.png HTTP/1.1" 404 1089
190.171.149.90 - - [22/Aug/2022:10:58:22 -0300] "GET /cormun/static/Shared/jqueryui/images/ui-bg_highlight-soft_100_c6c2c8_1x100.png HTTP/1.1" 404 1117
190.171.149.90 - - [22/Aug/2022:10:58:22 -0300] "GET /cormun/static/Shared/jqueryui/images/ui-bg_flat_55_994d53_40x100.png HTTP/1.1" 404 1097
190.171.149.90 - - [22/Aug/2022:10:58:22 -0300] "GET /cormun/static/Shared/jqueryui/images/ui-icons_ebccce_256x240.png HTTP/1.1" 404 1089
190.171.149.90 - - [22/Aug/2022:10:58:23 -0300] "GET /cormun/servlet/solicitudot?344f86fcd467fe5d8945a69a69e9152280703bd2fb41bcc095d05bcd4f4ffec6,gx-no-cache=1661175855349 HTTP/1.1" 200 53
190.171.149.90 - - [22/Aug/2022:10:58:34 -0300] "POST /cormun/servlet/solicitudot?gx-no-cache=1661175866042 HTTP/1.1" 200 240
190.171.149.90 - - [22/Aug/2022:10:58:35 -0300] "GET /cormun/servlet/solicitudot?344f86fcd467fe5d8945a69a69e915229f910d609efe522d9d1a1a976b3cd332f50731968968d5a3fbd1780ed1ee0a450eb14417f76bcdccfd92fca246ef94ef2585b2b877b6f6ed7286c5c997591f851f5ccd80653a539cceab7d6dcd3923f0a8a21f5d59650d0c6610bfa32781f572a04b4c35f46c64c6b6f8ef4ee183e879f5b72943f0740e4b6f8f5344fe6a067a9a7273543da42be25bca4d6946359149d79496af21e0d6ec44234b1f747b0586b6939bd01f8d26f64734ecf442866e360b563c6253a4a5c8fd505cfa5fb124ceb4a6c27ac62f7fa0a1d5b42ade431fbaf4cf9069b0f19f5e1f97f07bdbaf51a312c98b5f4f79d88c231a9f60fd388c0b0c7ea70c9516cbc09a6dab403f41884fbe7eb9b7d1347f2af41fb9909c6cdbca4390ababe0da275217355054b384630e00835bc195f51b247fac92b0ee45a63a5c72e94909c05bb21de72fdb37421885a9e6faf993010376924bc8c6f69f75aa09f830dbb65f729b00aca052fa4db18988fde3390fd56e0775026f888bfce4b4,gx-no-cache=1661175867438 HTTP/1.1" 200 30
190.171.149.90 - - [22/Aug/2022:10:58:38 -0300] "POST /cormun/servlet/solicitudot?gx-no-cache=1661175870161 HTTP/1.1" 200 30
190.171.149.90 - - [22/Aug/2022:10:58:38 -0300] "POST /cormun/servlet/solicitudot?gx-no-cache=1661175870216 HTTP/1.1" 200 1466
190.171.149.90 - - [22/Aug/2022:10:58:38 -0300] "POST /cormun/servlet/solicitudot?gx-no-cache=1661175870257 HTTP/1.1" 200 38
139.87.71.160 - - [22/Aug/2022:10:59:00 -0300] "GET /manager/html HTTP/1.1" 401 2474
190.171.149.90 - - [22/Aug/2022:10:59:29 -0300] "GET /cormun/servlet/solicitudot?344f86fcd467fe5d8945a69a69e9152264609b578e7f79a641724ec20cdb59d854508526807ba8b39aada31acde12ba05cbcd8b477f24bef88357ff0017b6782b91b379566585534c036fc3f6c995fae71a2eda73534f909a13f8e7e8e39b7412f1bb515bb57df425689c9d46d686ee2,gx-no-cache=1661175921142 HTTP/1.1" 200 110
139.87.71.160 - - [22/Aug/2022:10:59:47 -0300] "GET /manager/html HTTP/1.1" 401 2474
181.212.42.153 - - [22/Aug/2022:11:00:13 -0300] "GET /cormun/servlet/trpermisosgoce? HTTP/1.1" 200 6026
181.212.42.153 - - [22/Aug/2022:11:00:13 -0300] "GET /cormun/servlet/hlogin HTTP/1.1" 200 1741
181.212.42.153 - - [22/Aug/2022:11:00:13 -0300] "GET /cormun/servlet/trpermisosgoce? HTTP/1.1" 200 6026
181.212.42.153 - - [22/Aug/2022:11:00:19 -0300] "POST /cormun/servlet/hlogin?b7bfc6849c429327edd2e08ebb1afc0c,gx-no-cache=1661176121523 HTTP/1.1" 200 90
181.212.42.153 - - [22/Aug/2022:11:00:19 -0300] "GET /cormun/servlet/hpexe_link HTTP/1.1" 200 956
181.212.42.153 - - [22/Aug/2022:11:00:19 -0300] "GET /cormun/servlet/trpermisosgoce HTTP/1.1" 200 14397
181.212.42.153 - - [22/Aug/2022:11:00:19 -0300] "GET /cormun/servlet/trpermisosgoce HTTP/1.1" 200 14396
190.171.149.90 - - [22/Aug/2022:11:00:20 -0300] "POST /cormun/servlet/solicitudot?gx-no-cache=1661175971944 HTTP/1.1" 200 72
181.212.42.153 - - [22/Aug/2022:11:00:24 -0300] "GET /cormun/servlet/permisogoce?INS,0,,, HTTP/1.1" 200 6823
181.212.42.153 - - [22/Aug/2022:11:00:24 -0300] "GET /cormun/servlet/permisogoce?INS,0,,, HTTP/1.1" 200 6822
190.171.149.90 - - [22/Aug/2022:11:00:31 -0300] "POST /cormun/servlet/solicitudot?gx-no-cache=1661175982696 HTTP/1.1" 200 30
181.212.42.153 - - [22/Aug/2022:11:00:32 -0300] "GET /cormun/servlet/permisogoce?c1e056d314cb877d7464b0f791bef53164de896307e3d1569753cc05fec58a244f3b4d9dd418f5711f4c5f91225924a1ace25ab29919782701cfbbb457f646d0,gx-no-cache=1661176134476 HTTP/1.1" 200 84
139.87.71.160 - - [22/Aug/2022:11:00:33 -0300] "GET /manager/html HTTP/1.1" 401 2474
181.212.42.153 - - [22/Aug/2022:11:00:34 -0300] "GET /cormun/static/menuarrow.gif HTTP/1.1" 404 1015
181.212.42.153 - - [22/Aug/2022:11:00:37 -0300] "GET /cormun/servlet/permisogoce?c1e056d314cb877d7464b0f791bef531d4f7bfede976de2ff2c8cc6a7ab7c4dbdd312495a87b998d3e73c39abe1a7bb286318ff58b3cb4c1c519b8227e78b9c1,gx-no-cache=1661176140072 HTTP/1.1" 200 48
181.212.42.153 - - [22/Aug/2022:11:00:39 -0300] "POST /cormun/servlet/permisogoce?b7bfc6849c429327edd2e08ebb1afc0c,INS,0,,,,gx-no-cache=1661176141301 HTTP/1.1" 200 93
181.212.42.153 - - [22/Aug/2022:11:00:39 -0300] "GET /cormun/servlet/hpexe_return? HTTP/1.1" 200 1008
190.171.149.90 - - [22/Aug/2022:11:00:39 -0300] "POST /cormun/servlet/solicitudot?gx-no-cache=1661175990860 HTTP/1.1" 200 1470
181.212.42.153 - - [22/Aug/2022:11:00:39 -0300] "GET /cormun/servlet/trpermisosgoce HTTP/1.1" 200 14601
181.212.42.153 - - [22/Aug/2022:11:00:39 -0300] "GET /cormun/servlet/trpermisosgoce HTTP/1.1" 200 14604
190.171.149.90 - - [22/Aug/2022:11:00:41 -0300] "GET /cormun/servlet/prlicenciaspermisos?12414107,L,,MD,,gxPopupLevel%3D0%3B HTTP/1.1" 200 5623
190.171.149.90 - - [22/Aug/2022:11:00:41 -0300] "GET /cormun/static/gxcfg.js?2020121559567 HTTP/1.1" 200 953
190.171.149.90 - - [22/Aug/2022:11:00:41 -0300] "GET /cormun/static/prlicenciaspermisos.js?2020121559821 HTTP/1.1" 200 13379
181.212.42.153 - - [22/Aug/2022:11:00:42 -0300] "GET /cormun/servlet/apermisogoceprn?18143626,P,20220822094320,PU HTTP/1.1" 200 1648
181.212.42.153 - - [22/Aug/2022:11:00:54 -0300] "GET /cormun/servlet/permisogoce?INS,0,,, HTTP/1.1" 200 6823
