190.171.141.106 - - [22/Aug/2022:14:11:55 -0300] "GET /cormun/servlet/trsolicitudot? HTTP/1.1" 200 7476
190.171.141.106 - - [22/Aug/2022:14:11:55 -0300] "GET /cormun/servlet/trsolicitudot? HTTP/1.1" 200 7476
190.171.141.106 - - [22/Aug/2022:14:12:00 -0300] "GET /cormun/servlet/solicitudot?INS,0,0,false, HTTP/1.1" 200 16024
190.171.141.106 - - [22/Aug/2022:14:12:01 -0300] "GET /cormun/servlet/solicitudot?INS,0,0,false, HTTP/1.1" 200 16031
139.87.71.160 - - [22/Aug/2022:14:13:06 -0300] "GET /manager/html HTTP/1.1" 401 2474
186.103.157.42 - - [22/Aug/2022:14:13:24 -0300] "POST /cormun/servlet/solicitudot?gx-no-cache=1661188149328 HTTP/1.1" 200 30
139.87.71.160 - - [22/Aug/2022:14:13:48 -0300] "GET /manager/html HTTP/1.1" 401 2474
186.103.157.42 - - [22/Aug/2022:14:13:54 -0300] "POST /cormun/servlet/solicitudot?686676cfb31e94cf1f9cb7df8417ecf2,INS,0,0,false,,gx-no-cache=1661188179103 HTTP/1.1" 200 93
186.103.157.42 - - [22/Aug/2022:14:13:54 -0300] "GET /cormun/servlet/hpexe_return? HTTP/1.1" 200 1009
186.103.157.42 - - [22/Aug/2022:14:13:54 -0300] "GET /cormun/servlet/trsolicitudot HTTP/1.1" 200 8988
186.103.157.42 - - [22/Aug/2022:14:13:55 -0300] "GET /cormun/servlet/trsolicitudot HTTP/1.1" 200 8986
186.103.157.42 - - [22/Aug/2022:14:13:59 -0300] "POST /cormun/servlet/trsolicitudot?686676cfb31e94cf1f9cb7df8417ecf2,gx-no-cache=1661188184303 HTTP/1.1" 200 6247
186.103.157.42 - - [22/Aug/2022:14:13:59 -0300] "GET /cormun/static/Shared/jqueryui/images/ui-bg_highlight-soft_100_c6c2c8_1x100.png HTTP/1.1" 404 1117
186.103.157.42 - - [22/Aug/2022:14:13:59 -0300] "GET /cormun/static/Shared/jqueryui/images/ui-icons_82798d_256x240.png HTTP/1.1" 404 1089
186.103.157.42 - - [22/Aug/2022:14:13:59 -0300] "GET /cormun/static/Shared/jqueryui/images/ui-bg_flat_55_fafafa_40x100.png HTTP/1.1" 404 1097
186.103.157.42 - - [22/Aug/2022:14:13:59 -0300] "GET /cormun/static/Shared/jqueryui/images/ui-icons_8d78a5_256x240.png HTTP/1.1" 404 1089
186.103.157.42 - - [22/Aug/2022:14:14:07 -0300] "POST /cormun/servlet/trsolicitudot?686676cfb31e94cf1f9cb7df8417ecf2,gx-no-cache=1661188191815 HTTP/1.1" 200 106
186.103.157.42 - - [22/Aug/2022:14:14:07 -0300] "GET /cormun/servlet/trsolicitudadjuntos?2022,19100, HTTP/1.1" 200 6478
186.103.157.42 - - [22/Aug/2022:14:14:07 -0300] "GET /cormun/static/gxcfg.js?20201215574222 HTTP/1.1" 200 953
186.103.157.42 - - [22/Aug/2022:14:14:07 -0300] "GET /cormun/servlet/trsolicitudadjuntos?2022,19100, HTTP/1.1" 200 6478
186.103.157.42 - - [22/Aug/2022:14:14:10 -0300] "GET /cormun/servlet/solicitudotadjuntos?INS,2022,19100,,1, HTTP/1.1" 200 6421
186.103.157.42 - - [22/Aug/2022:14:14:10 -0300] "GET /cormun/static/gxcfg.js?202012157947 HTTP/1.1" 200 953
186.103.157.42 - - [22/Aug/2022:14:14:10 -0300] "GET /cormun/static/solicitudotadjuntos.js?202012157966 HTTP/1.1" 200 11771
186.103.157.42 - - [22/Aug/2022:14:14:10 -0300] "GET /cormun/static/about:blank HTTP/1.1" 404 1011
186.103.157.42 - - [22/Aug/2022:14:14:10 -0300] "GET /cormun/servlet/solicitudotadjuntos?INS,2022,19100,,1, HTTP/1.1" 200 6414
186.103.157.42 - - [22/Aug/2022:14:14:10 -0300] "GET /cormun/servlet/solicitudotadjuntos?676c412d65ad9df3dfe41c2c95087f7ed39aaae300a4f3f8d757e106fe467999b3561c00e10391cb4dabce1df6cec3ae,gx-no-cache=1661188195576 HTTP/1.1" 200 30
186.103.157.42 - - [22/Aug/2022:14:14:10 -0300] "POST /cormun/servlet/solicitudotadjuntos?686676cfb31e94cf1f9cb7df8417ecf2,INS,2022,19100,,1,,gx-no-cache=1661188195614 HTTP/1.1" 200 4152
190.171.149.74 - - [22/Aug/2022:14:14:11 -0300] "POST /cormun/servlet/trlicencias?2d2021dc3b8228c2cfe731e86a999814,,gx-no-cache=1661187603428 HTTP/1.1" 200 11399
186.103.157.42 - - [22/Aug/2022:14:14:27 -0300] "POST /cormun/servlet/solicitudotadjuntos?gx-no-cache=1661188212510 HTTP/1.1" 200 26
190.171.141.106 - - [22/Aug/2022:14:14:54 -0300] "POST /cormun/servlet/solicitudot?gx-no-cache=1661187646613 HTTP/1.1" 200 3878
190.171.141.106 - - [22/Aug/2022:14:14:54 -0300] "POST /cormun/servlet/solicitudot?71f915ea7ec4593282566824a1825501,INS,0,0,false,,gx-no-cache=1661187646785 HTTP/1.1" 200 12710
186.103.157.42 - - [22/Aug/2022:14:14:56 -0300] "GET /cormun/servlet/solicitudotadjuntos?676c412d65ad9df3dfe41c2c95087f7e8ae67c48950886b8b03f1e55da0601ce,gx-no-cache=1661188240732 HTTP/1.1" 200 30
186.103.157.42 - - [22/Aug/2022:14:14:56 -0300] "GET /cormun/servlet/solicitudotadjuntos?676c412d65ad9df3dfe41c2c95087f7e8ae67c48950886b8b03f1e55da0601ce,gx-no-cache=1661188240800 HTTP/1.1" 200 30
186.103.157.42 - - [22/Aug/2022:14:14:56 -0300] "POST /cormun/servlet/solicitudotadjuntos?686676cfb31e94cf1f9cb7df8417ecf2,INS,2022,19100,,1, HTTP/1.1" 200 116
186.103.157.42 - - [22/Aug/2022:14:14:56 -0300] "GET /cormun/servlet/hpexe_return? HTTP/1.1" 200 1027
186.103.157.42 - - [22/Aug/2022:14:14:56 -0300] "GET /cormun/servlet/trsolicitudadjuntos?2022,19100, HTTP/1.1" 200 9240
186.103.157.42 - - [22/Aug/2022:14:14:56 -0300] "GET /cormun/servlet/trsolicitudadjuntos?2022,19100, HTTP/1.1" 200 9236
190.171.141.106 - - [22/Aug/2022:14:15:00 -0300] "GET /cormun/servlet/solicitudot?c7a56b89efc9578df5cefde7b1d15b59af650902400c7de3a3e1c8cee0ce2a16bd22fb9f234bb75c7deeb62cdf5c3006,gx-no-cache=1661187652273 HTTP/1.1" 200 30
186.103.157.42 - - [22/Aug/2022:14:15:03 -0300] "GET /cormun/servlet/solicitudotadjuntos?INS,2022,19100,,1, HTTP/1.1" 200 6421
186.103.157.42 - - [22/Aug/2022:14:15:03 -0300] "GET /cormun/static/about:blank HTTP/1.1" 404 1011
186.103.157.42 - - [22/Aug/2022:14:15:03 -0300] "GET /cormun/servlet/solicitudotadjuntos?INS,2022,19100,,1, HTTP/1.1" 200 6414
186.103.157.42 - - [22/Aug/2022:14:15:03 -0300] "GET /cormun/servlet/solicitudotadjuntos?676c412d65ad9df3dfe41c2c95087f7ed39aaae300a4f3f8d757e106fe467999b3561c00e10391cb4dabce1df6cec3ae,gx-no-cache=1661188248632 HTTP/1.1" 200 30
186.103.157.42 - - [22/Aug/2022:14:15:04 -0300] "POST /cormun/servlet/solicitudotadjuntos?686676cfb31e94cf1f9cb7df8417ecf2,INS,2022,19100,,1,,gx-no-cache=1661188248658 HTTP/1.1" 200 4152
186.103.157.42 - - [22/Aug/2022:14:15:09 -0300] "POST /cormun/servlet/solicitudotadjuntos?gx-no-cache=1661188254068 HTTP/1.1" 200 26
186.103.157.42 - - [22/Aug/2022:14:15:21 -0300] "GET /cormun/servlet/solicitudotadjuntos?676c412d65ad9df3dfe41c2c95087f7e8ae67c48950886b8b03f1e55da0601ce,gx-no-cache=1661188266212 HTTP/1.1" 200 30
186.103.157.42 - - [22/Aug/2022:14:15:21 -0300] "GET /cormun/servlet/solicitudotadjuntos?676c412d65ad9df3dfe41c2c95087f7e8ae67c48950886b8b03f1e55da0601ce,gx-no-cache=1661188266241 HTTP/1.1" 200 30
186.103.157.42 - - [22/Aug/2022:14:15:21 -0300] "POST /cormun/servlet/solicitudotadjuntos?686676cfb31e94cf1f9cb7df8417ecf2,INS,2022,19100,,1, HTTP/1.1" 200 116
139.87.71.160 - - [22/Aug/2022:14:15:21 -0300] "GET /manager/html HTTP/1.1" 401 2474
186.103.157.42 - - [22/Aug/2022:14:15:21 -0300] "GET /cormun/servlet/hpexe_return? HTTP/1.1" 200 1027
186.103.157.42 - - [22/Aug/2022:14:15:22 -0300] "GET /cormun/servlet/trsolicitudadjuntos?2022,19100, HTTP/1.1" 200 9454
186.103.157.42 - - [22/Aug/2022:14:15:22 -0300] "GET /cormun/servlet/trsolicitudadjuntos?2022,19100, HTTP/1.1" 200 9452
186.103.157.42 - - [22/Aug/2022:14:15:28 -0300] "GET /cormun/servlet/solicitudotadjuntos?INS,2022,19100,,1, HTTP/1.1" 200 6420
186.103.157.42 - - [22/Aug/2022:14:15:28 -0300] "GET /cormun/static/about:blank HTTP/1.1" 404 1011
186.103.157.42 - - [22/Aug/2022:14:15:28 -0300] "GET /cormun/servlet/solicitudotadjuntos?INS,2022,19100,,1, HTTP/1.1" 200 6413
186.103.157.42 - - [22/Aug/2022:14:15:28 -0300] "GET /cormun/servlet/solicitudotadjuntos?676c412d65ad9df3dfe41c2c95087f7ed39aaae300a4f3f8d757e106fe467999b3561c00e10391cb4dabce1df6cec3ae,gx-no-cache=1661188273701 HTTP/1.1" 200 30
186.103.157.42 - - [22/Aug/2022:14:15:29 -0300] "POST /cormun/servlet/solicitudotadjuntos?686676cfb31e94cf1f9cb7df8417ecf2,INS,2022,19100,,1,,gx-no-cache=1661188273725 HTTP/1.1" 200 4152
186.103.157.42 - - [22/Aug/2022:14:15:34 -0300] "POST /cormun/servlet/solicitudotadjuntos?gx-no-cache=1661188278396 HTTP/1.1" 200 26
186.103.157.42 - - [22/Aug/2022:14:15:45 -0300] "GET /cormun/servlet/solicitudotadjuntos?676c412d65ad9df3dfe41c2c95087f7e8ae67c48950886b8b03f1e55da0601ce,gx-no-cache=1661188290077 HTTP/1.1" 200 30
186.103.157.42 - - [22/Aug/2022:14:15:45 -0300] "GET /cormun/servlet/solicitudotadjuntos?676c412d65ad9df3dfe41c2c95087f7e8ae67c48950886b8b03f1e55da0601ce,gx-no-cache=1661188290106 HTTP/1.1" 200 30
186.103.157.42 - - [22/Aug/2022:14:15:45 -0300] "POST /cormun/servlet/solicitudotadjuntos?686676cfb31e94cf1f9cb7df8417ecf2,INS,2022,19100,,1, HTTP/1.1" 200 116
186.103.157.42 - - [22/Aug/2022:14:15:45 -0300] "GET /cormun/servlet/hpexe_return? HTTP/1.1" 200 1027
186.103.157.42 - - [22/Aug/2022:14:15:45 -0300] "GET /cormun/servlet/trsolicitudadjuntos?2022,19100, HTTP/1.1" 200 9674
186.103.157.42 - - [22/Aug/2022:14:15:46 -0300] "GET /cormun/servlet/trsolicitudadjuntos?2022,19100, HTTP/1.1" 200 9672
186.103.157.42 - - [22/Aug/2022:14:15:52 -0300] "GET /cormun/servlet/solicitudotadjuntos?INS,2022,19100,,1, HTTP/1.1" 200 6420
186.103.157.42 - - [22/Aug/2022:14:15:52 -0300] "GET /cormun/static/about:blank HTTP/1.1" 404 1011
186.103.157.42 - - [22/Aug/2022:14:15:52 -0300] "GET /cormun/servlet/solicitudotadjuntos?INS,2022,19100,,1, HTTP/1.1" 200 6413
186.103.157.42 - - [22/Aug/2022:14:15:52 -0300] "GET /cormun/servlet/solicitudotadjuntos?676c412d65ad9df3dfe41c2c95087f7ed39aaae300a4f3f8d757e106fe467999b3561c00e10391cb4dabce1df6cec3ae,gx-no-cache=1661188297668 HTTP/1.1" 200 30
186.103.157.42 - - [22/Aug/2022:14:15:53 -0300] "POST /cormun/servlet/solicitudotadjuntos?686676cfb31e94cf1f9cb7df8417ecf2,INS,2022,19100,,1,,gx-no-cache=1661188297694 HTTP/1.1" 200 4152
186.103.157.42 - - [22/Aug/2022:14:15:56 -0300] "POST /cormun/servlet/solicitudotadjuntos?gx-no-cache=1661188301492 HTTP/1.1" 200 26
139.87.71.160 - - [22/Aug/2022:14:16:04 -0300] "GET /manager/html HTTP/1.1" 401 2474
186.103.157.42 - - [22/Aug/2022:14:16:10 -0300] "GET /cormun/servlet/solicitudotadjuntos?676c412d65ad9df3dfe41c2c95087f7e8ae67c48950886b8b03f1e55da0601ce,gx-no-cache=1661188315405 HTTP/1.1" 200 30
186.103.157.42 - - [22/Aug/2022:14:16:10 -0300] "GET /cormun/servlet/solicitudotadjuntos?676c412d65ad9df3dfe41c2c95087f7e8ae67c48950886b8b03f1e55da0601ce,gx-no-cache=1661188315434 HTTP/1.1" 200 30
186.103.157.42 - - [22/Aug/2022:14:16:10 -0300] "POST /cormun/servlet/solicitudotadjuntos?686676cfb31e94cf1f9cb7df8417ecf2,INS,2022,19100,,1, HTTP/1.1" 200 116
186.103.157.42 - - [22/Aug/2022:14:16:10 -0300] "GET /cormun/servlet/hpexe_return? HTTP/1.1" 200 1027
186.103.157.42 - - [22/Aug/2022:14:16:11 -0300] "GET /cormun/servlet/trsolicitudadjuntos?2022,19100, HTTP/1.1" 200 9890
186.103.157.42 - - [22/Aug/2022:14:16:11 -0300] "GET /cormun/servlet/trsolicitudadjuntos?2022,19100, HTTP/1.1" 200 9889
186.103.157.42 - - [22/Aug/2022:14:16:14 -0300] "GET /cormun/servlet/solicitudotadjuntos?INS,2022,19100,,1, HTTP/1.1" 200 6421
186.103.157.42 - - [22/Aug/2022:14:16:14 -0300] "GET /cormun/static/about:blank HTTP/1.1" 404 1011
186.103.157.42 - - [22/Aug/2022:14:16:14 -0300] "GET /cormun/servlet/solicitudotadjuntos?INS,2022,19100,,1, HTTP/1.1" 200 6414
186.103.157.42 - - [22/Aug/2022:14:16:14 -0300] "GET /cormun/servlet/solicitudotadjuntos?676c412d65ad9df3dfe41c2c95087f7ed39aaae300a4f3f8d757e106fe467999b3561c00e10391cb4dabce1df6cec3ae,gx-no-cache=1661188319705 HTTP/1.1" 200 30
186.103.157.42 - - [22/Aug/2022:14:16:15 -0300] "POST /cormun/servlet/solicitudotadjuntos?686676cfb31e94cf1f9cb7df8417ecf2,INS,2022,19100,,1,,gx-no-cache=1661188319737 HTTP/1.1" 200 4152
186.103.157.42 - - [22/Aug/2022:14:16:20 -0300] "POST /cormun/servlet/solicitudotadjuntos?gx-no-cache=1661188324780 HTTP/1.1" 200 26
186.103.157.42 - - [22/Aug/2022:14:16:31 -0300] "GET /cormun/servlet/solicitudotadjuntos?676c412d65ad9df3dfe41c2c95087f7e8ae67c48950886b8b03f1e55da0601ce,gx-no-cache=1661188336509 HTTP/1.1" 200 30
186.103.157.42 - - [22/Aug/2022:14:16:31 -0300] "GET /cormun/servlet/solicitudotadjuntos?676c412d65ad9df3dfe41c2c95087f7e8ae67c48950886b8b03f1e55da0601ce,gx-no-cache=1661188336524 HTTP/1.1" 200 30
186.103.157.42 - - [22/Aug/2022:14:16:31 -0300] "POST /cormun/servlet/solicitudotadjuntos?686676cfb31e94cf1f9cb7df8417ecf2,INS,2022,19100,,1, HTTP/1.1" 200 116
186.103.157.42 - - [22/Aug/2022:14:16:31 -0300] "GET /cormun/servlet/hpexe_return? HTTP/1.1" 200 1027
186.103.157.42 - - [22/Aug/2022:14:16:32 -0300] "GET /cormun/servlet/trsolicitudadjuntos?2022,19100, HTTP/1.1" 200 10148
186.103.157.42 - - [22/Aug/2022:14:16:32 -0300] "GET /cormun/servlet/trsolicitudadjuntos?2022,19100, HTTP/1.1" 200 10145
186.103.157.42 - - [22/Aug/2022:14:16:37 -0300] "GET /cormun/servlet/solicitudotadjuntos?INS,2022,19100,,1, HTTP/1.1" 200 6421
186.103.157.42 - - [22/Aug/2022:14:16:37 -0300] "GET /cormun/static/about:blank HTTP/1.1" 404 1011
186.103.157.42 - - [22/Aug/2022:14:16:37 -0300] "GET /cormun/servlet/solicitudotadjuntos?INS,2022,19100,,1, HTTP/1.1" 200 6414
186.103.157.42 - - [22/Aug/2022:14:16:37 -0300] "GET /cormun/servlet/solicitudotadjuntos?676c412d65ad9df3dfe41c2c95087f7ed39aaae300a4f3f8d757e106fe467999b3561c00e10391cb4dabce1df6cec3ae,gx-no-cache=1661188342657 HTTP/1.1" 200 30
186.103.157.42 - - [22/Aug/2022:14:16:38 -0300] "POST /cormun/servlet/solicitudotadjuntos?686676cfb31e94cf1f9cb7df8417ecf2,INS,2022,19100,,1,,gx-no-cache=1661188342673 HTTP/1.1" 200 4152
186.103.157.42 - - [22/Aug/2022:14:16:41 -0300] "POST /cormun/servlet/solicitudotadjuntos?gx-no-cache=1661188345868 HTTP/1.1" 200 26
186.103.157.42 - - [22/Aug/2022:14:16:51 -0300] "GET /cormun/servlet/solicitudotadjuntos?676c412d65ad9df3dfe41c2c95087f7e8ae67c48950886b8b03f1e55da0601ce,gx-no-cache=1661188356356 HTTP/1.1" 200 30
186.103.157.42 - - [22/Aug/2022:14:16:51 -0300] "GET /cormun/servlet/solicitudotadjuntos?676c412d65ad9df3dfe41c2c95087f7e8ae67c48950886b8b03f1e55da0601ce,gx-no-cache=1661188356371 HTTP/1.1" 200 30
186.103.157.42 - - [22/Aug/2022:14:16:52 -0300] "POST /cormun/servlet/solicitudotadjuntos?686676cfb31e94cf1f9cb7df8417ecf2,INS,2022,19100,,1, HTTP/1.1" 200 116
186.103.157.42 - - [22/Aug/2022:14:16:52 -0300] "GET /cormun/servlet/hpexe_return? HTTP/1.1" 200 1027
186.103.157.42 - - [22/Aug/2022:14:16:52 -0300] "GET /cormun/servlet/trsolicitudadjuntos?2022,19100, HTTP/1.1" 200 10307
186.103.157.42 - - [22/Aug/2022:14:16:52 -0300] "GET /cormun/servlet/trsolicitudadjuntos?2022,19100, HTTP/1.1" 200 10305
186.103.157.42 - - [22/Aug/2022:14:17:01 -0300] "POST /cormun/servlet/trsolicitudadjuntos?686676cfb31e94cf1f9cb7df8417ecf2,2022,19100,,gx-no-cache=1661188366086 HTTP/1.1" 200 90
186.103.157.42 - - [22/Aug/2022:14:17:01 -0300] "GET /cormun/servlet/hpexe_link HTTP/1.1" 200 991
186.103.157.42 - - [22/Aug/2022:14:17:01 -0300] "GET /cormun/servlet/trsolicitudot?gx-no-cache=1661188184303 HTTP/1.1" 200 8988
186.103.157.42 - - [22/Aug/2022:14:17:01 -0300] "GET /cormun/servlet/trsolicitudot?gx-no-cache=1661188184303 HTTP/1.1" 200 9007
186.103.157.42 - - [22/Aug/2022:14:17:05 -0300] "POST /cormun/servlet/trsolicitudot?686676cfb31e94cf1f9cb7df8417ecf2,gx-no-cache=1661188184303,gx-no-cache=1661188369864 HTTP/1.1" 200 4853
186.103.157.42 - - [22/Aug/2022:14:17:05 -0300] "GET /cormun/static/Shared/jqueryui/images/ui-bg_highlight-soft_100_c6c2c8_1x100.png HTTP/1.1" 404 1117
186.103.157.42 - - [22/Aug/2022:14:17:05 -0300] "GET /cormun/static/Shared/jqueryui/images/ui-icons_82798d_256x240.png HTTP/1.1" 404 1089
186.103.157.42 - - [22/Aug/2022:14:17:05 -0300] "GET /cormun/static/Shared/jqueryui/images/ui-bg_flat_55_fafafa_40x100.png HTTP/1.1" 404 1097
186.103.157.42 - - [22/Aug/2022:14:17:05 -0300] "GET /cormun/static/Shared/jqueryui/images/ui-icons_8d78a5_256x240.png HTTP/1.1" 404 1089
186.103.157.42 - - [22/Aug/2022:14:17:05 -0300] "POST /cormun/servlet/trsolicitudot?686676cfb31e94cf1f9cb7df8417ecf2,gx-no-cache=1661188184303,gx-no-cache=1661188370058 HTTP/1.1" 200 4611
186.103.157.42 - - [22/Aug/2022:14:17:11 -0300] "GET /cormun/servlet/trautorizarsolicitud? HTTP/1.1" 200 8902
186.103.157.42 - - [22/Aug/2022:14:17:11 -0300] "GET /cormun/servlet/trautorizarsolicitud? HTTP/1.1" 200 8880
186.103.157.42 - - [22/Aug/2022:14:17:16 -0300] "POST /cormun/servlet/trautorizarsolicitud?686676cfb31e94cf1f9cb7df8417ecf2,,gx-no-cache=1661188380815 HTTP/1.1" 200 4798
186.103.157.42 - - [22/Aug/2022:14:17:16 -0300] "GET /cormun/static/Shared/jqueryui/images/ui-bg_highlight-soft_100_c6c2c8_1x100.png HTTP/1.1" 404 1117
186.103.157.42 - - [22/Aug/2022:14:17:16 -0300] "GET /cormun/static/Shared/jqueryui/images/ui-icons_82798d_256x240.png HTTP/1.1" 404 1089
186.103.157.42 - - [22/Aug/2022:14:17:16 -0300] "GET /cormun/static/Shared/jqueryui/images/ui-bg_flat_55_fafafa_40x100.png HTTP/1.1" 404 1097
186.103.157.42 - - [22/Aug/2022:14:17:16 -0300] "GET /cormun/static/Shared/jqueryui/images/ui-icons_8d78a5_256x240.png HTTP/1.1" 404 1089
186.103.157.42 - - [22/Aug/2022:14:17:16 -0300] "POST /cormun/servlet/trautorizarsolicitud?686676cfb31e94cf1f9cb7df8417ecf2,,gx-no-cache=1661188380982 HTTP/1.1" 200 4554
186.103.157.42 - - [22/Aug/2022:14:17:21 -0300] "GET /cormun/static/menuarrow.gif HTTP/1.1" 404 1015
186.103.157.42 - - [22/Aug/2022:14:17:30 -0300] "POST /cormun/servlet/trautorizarsolicitud?686676cfb31e94cf1f9cb7df8417ecf2,,gx-no-cache=1661188394925 HTTP/1.1" 200 17938
139.87.71.160 - - [22/Aug/2022:14:17:33 -0300] "GET /manager/html HTTP/1.1" 401 2474
186.11.62.139 - - [22/Aug/2022:14:17:39 -0300] "GET /cormun/servlet/permisogoce?INS,0,,, HTTP/1.1" 200 6746
186.11.62.139 - - [22/Aug/2022:14:17:40 -0300] "GET /cormun/servlet/permisogoce?INS,0,,, HTTP/1.1" 200 6746
190.171.141.106 - - [22/Aug/2022:14:18:16 -0300] "GET /cormun/servlet/solicitudot?c7a56b89efc9578df5cefde7b1d15b59ff1d55d31eec66b5c6070d62daafbdd31d3b9c9199259dcfff08684a75356d1aa2657b4cc64975f43461380f99ed9c30,gx-no-cache=1661187848404 HTTP/1.1" 200 30
139.87.71.160 - - [22/Aug/2022:14:18:19 -0300] "GET /manager/html HTTP/1.1" 401 2474
139.87.71.160 - - [22/Aug/2022:14:19:05 -0300] "GET /manager/html HTTP/1.1" 401 2474
139.87.71.160 - - [22/Aug/2022:14:19:48 -0300] "GET /manager/html HTTP/1.1" 401 2474
139.87.71.160 - - [22/Aug/2022:14:21:20 -0300] "GET /manager/html HTTP/1.1" 401 2474
139.87.71.160 - - [22/Aug/2022:14:22:03 -0300] "GET /manager/html HTTP/1.1" 401 2474
190.171.141.106 - - [22/Aug/2022:14:22:18 -0300] "GET /cormun/servlet/solicitudot?c7a56b89efc9578df5cefde7b1d15b590c2384df3f52f505baeabf062b3bccdc,gx-no-cache=1661188090506 HTTP/1.1" 200 53
139.87.71.160 - - [22/Aug/2022:14:22:46 -0300] "GET /manager/html HTTP/1.1" 401 2474
190.171.141.106 - - [22/Aug/2022:14:22:54 -0300] "POST /cormun/servlet/solicitudot?gx-no-cache=1661188126698 HTTP/1.1" 200 297
190.171.141.106 - - [22/Aug/2022:14:22:54 -0300] "GET /cormun/servlet/solicitudot?c7a56b89efc9578df5cefde7b1d15b590efae189edbc3f515a70735c6ad03a0ca8047ba5fae0fbb59c9d58c5e21337e76c413fa95fc9c60ba9adf52c858932cddf2fe54d792776fd4f254afdae50a18ebc7c9bb31020f9d9413b52fce4d2f922fcc19c3fad359519ed95ff25d53566ae81ce32edbcdac04a2714858aa61b1b1752fdd473b7db47f7068d414a1d779bb3cc50bfb5a719a01b13d2f1c207fd870c1e6d3b98f8a2141f28082505098e4b5291e4739f0202c0ca512e864eb2b3b5c4fb0db3847a0c422a0fe7fc082220ee882f317b775266bcc940b64f0714314956f2ac43e9025418eb2ac3dbdfebce66b7dfc51c056b7b346510e4df3827f20af22eccbe49683ef402a44b6a9466b1f828cf66cdc49a5c3e5724e74766a3bb18575dc370ea457b2d33d8adab2b621cc75a63552965bd32d9aad23d3955bd7c879201e5e5eb0345205def9a8502d3fd8b5eb1125b83a6273a60e80b1e0a8859a2b2c181cedc9da9ea229d284c0c72e7862463632d661021fe1f1b96f0ba4d266ddc02b3a59cab4442719b966b09fdea6c51,gx-no-cache=1661188126748 HTTP/1.1" 200 30
190.171.141.106 - - [22/Aug/2022:14:23:01 -0300] "POST /cormun/servlet/solicitudot?gx-no-cache=1661188133298 HTTP/1.1" 200 30
190.171.141.106 - - [22/Aug/2022:14:23:05 -0300] "POST /cormun/servlet/solicitudot?gx-no-cache=1661188137941 HTTP/1.1" 200 1466
190.171.141.106 - - [22/Aug/2022:14:23:06 -0300] "POST /cormun/servlet/solicitudot?gx-no-cache=1661188137986 HTTP/1.1" 200 38
139.87.71.160 - - [22/Aug/2022:14:23:33 -0300] "GET /manager/html HTTP/1.1" 401 2474
190.171.141.106 - - [22/Aug/2022:14:23:41 -0300] "GET /cormun/servlet/solicitudot?c7a56b89efc9578df5cefde7b1d15b59c564c6af03c73ade4574178d03ecaa84d6d7fc3f1eb765aebbef144157544b43031a536964093ad50ff3e9461c278694f5382ef49a8ec69c36ff5e2f43b62fdd93ef8107043826ae485b10501f58784442bb6c92593de27f1589b9fae2226316,gx-no-cache=1661188173816 HTTP/1.1" 200 110
190.171.141.106 - - [22/Aug/2022:14:23:48 -0300] "POST /cormun/servlet/solicitudot?gx-no-cache=1661188180509 HTTP/1.1" 200 59
190.171.141.106 - - [22/Aug/2022:14:23:53 -0300] "POST /cormun/servlet/solicitudot?gx-no-cache=1661188185045 HTTP/1.1" 200 79
190.171.141.106 - - [22/Aug/2022:14:24:03 -0300] "GET /cormun/servlet/solicitudot?c7a56b89efc9578df5cefde7b1d15b59454c9ce68879e2fdfcc310f5b2ac7c83a608c159df199a92f4ab4b62d4aab1f2c29bd3300263f73c780ccb891687f4966e8524883cfc4afcebcc2c4f93b870a20a2003cee9b4121df5d9d46b30004df94d4ca9694ed9b8bd7fa6a3c7d4c625ce,gx-no-cache=1661188195698 HTTP/1.1" 200 29
190.171.141.106 - - [22/Aug/2022:14:24:05 -0300] "POST /cormun/servlet/solicitudot?71f915ea7ec4593282566824a1825501,INS,0,0,false,,gx-no-cache=1661188197085 HTTP/1.1" 200 13208
190.171.141.106 - - [22/Aug/2022:14:24:05 -0300] "GET /cormun/static/Shared/jqueryui/images/ui-bg_highlight-soft_100_c6c2c8_1x100.png HTTP/1.1" 404 1117
190.171.141.106 - - [22/Aug/2022:14:24:05 -0300] "GET /cormun/static/Shared/jqueryui/images/ui-icons_82798d_256x240.png HTTP/1.1" 404 1089
190.171.141.106 - - [22/Aug/2022:14:24:05 -0300] "GET /cormun/static/Shared/jqueryui/images/ui-bg_flat_55_994d53_40x100.png HTTP/1.1" 404 1097
190.171.141.106 - - [22/Aug/2022:14:24:05 -0300] "GET /cormun/static/Shared/jqueryui/images/ui-icons_ebccce_256x240.png HTTP/1.1" 404 1089
139.87.71.160 - - [22/Aug/2022:14:25:07 -0300] "GET /manager/html HTTP/1.1" 401 2474
186.11.62.139 - - [22/Aug/2022:14:25:29 -0300] "GET /cormun/servlet/hlogin HTTP/1.1" 200 1736
186.11.62.139 - - [22/Aug/2022:14:25:33 -0300] "POST /cormun/servlet/hlogin?5f447e255e760f958aadd216020d0664,gx-no-cache=1661188285599 HTTP/1.1" 200 90
186.11.62.139 - - [22/Aug/2022:14:25:33 -0300] "GET /cormun/servlet/hpexe_link HTTP/1.1" 200 972
186.11.62.139 - - [22/Aug/2022:14:25:33 -0300] "GET /cormun/servlet/permisogoce?INS,0,,, HTTP/1.1" 200 6749
186.11.62.139 - - [22/Aug/2022:14:25:34 -0300] "GET /cormun/servlet/permisogoce?INS,0,,, HTTP/1.1" 200 6747
186.11.62.139 - - [22/Aug/2022:14:25:37 -0300] "GET /cormun/servlet/trlicencias? HTTP/1.1" 200 10468
186.11.62.139 - - [22/Aug/2022:14:25:38 -0300] "GET /cormun/servlet/trlicencias? HTTP/1.1" 200 10468
190.171.141.106 - - [22/Aug/2022:14:25:52 -0300] "GET /cormun/servlet/solicitudot?c7a56b89efc9578df5cefde7b1d15b5980f91de50fb25f5c80ee37f4ae3e9f6b5cc7fb8f1abb68ffba5bde6a23db32bd,gx-no-cache=1661188304678 HTTP/1.1" 200 134
139.87.71.160 - - [22/Aug/2022:14:25:53 -0300] "GET /manager/html HTTP/1.1" 401 2474
186.11.62.139 - - [22/Aug/2022:14:25:55 -0300] "GET /cormun/servlet/permisogoce?INS,0,,, HTTP/1.1" 200 6748
186.11.62.139 - - [22/Aug/2022:14:25:55 -0300] "GET /cormun/servlet/permisogoce?INS,0,,, HTTP/1.1" 200 6747
190.171.141.106 - - [22/Aug/2022:14:26:01 -0300] "GET /cormun/servlet/solicitudot?c7a56b89efc9578df5cefde7b1d15b59cee35d700df284ff7690ca82dfb995635cc7fb8f1abb68ffba5bde6a23db32bd,gx-no-cache=1661188313285 HTTP/1.1" 200 30
139.87.71.160 - - [22/Aug/2022:14:26:44 -0300] "GET /manager/html HTTP/1.1" 401 2474
190.171.141.106 - - [22/Aug/2022:14:27:00 -0300] "POST /cormun/servlet/solicitudot?gx-no-cache=1661188372721 HTTP/1.1" 200 30
139.87.71.160 - - [22/Aug/2022:14:27:28 -0300] "GET /manager/html HTTP/1.1" 401 2474
190.171.141.106 - - [22/Aug/2022:14:27:52 -0300] "POST /cormun/servlet/solicitudot?71f915ea7ec4593282566824a1825501,INS,0,0,false,,gx-no-cache=1661188424573 HTTP/1.1" 200 93
190.171.141.106 - - [22/Aug/2022:14:27:52 -0300] "GET /cormun/servlet/hpexe_return? HTTP/1.1" 200 1011
190.171.141.106 - - [22/Aug/2022:14:27:53 -0300] "GET /cormun/servlet/trsolicitudot HTTP/1.1" 200 8877
190.171.141.106 - - [22/Aug/2022:14:27:53 -0300] "GET /cormun/servlet/trsolicitudot HTTP/1.1" 200 8873
139.87.71.160 - - [22/Aug/2022:14:28:12 -0300] "GET /manager/html HTTP/1.1" 401 2474
139.87.71.160 - - [22/Aug/2022:14:29:08 -0300] "GET /manager/html HTTP/1.1" 401 2474
139.87.71.160 - - [22/Aug/2022:14:29:53 -0300] "GET /manager/html HTTP/1.1" 401 2474
157.55.39.27 - - [22/Aug/2022:14:30:28 -0300] "GET /cormun/servlet/trlicenciaspermisoslog?18039046,L,20220407000000,_escaped_fragment_%3D HTTP/1.1" 200 5257
139.87.71.160 - - [22/Aug/2022:14:30:36 -0300] "GET /manager/html HTTP/1.1" 401 2474
207.46.13.109 - - [22/Aug/2022:14:30:47 -0300] "GET /cormun/static/trlicenciaspermisoslog.js?201991422452676 HTTP/1.1" 200 20074
207.46.13.109 - - [22/Aug/2022:14:30:50 -0300] "GET /cormun/static/trlicenciaspermisoslog.js?201991422452676 HTTP/1.1" 200 20074
190.171.141.82 - - [22/Aug/2022:14:31:07 -0300] "GET /cormun/servlet/trlicencias? HTTP/1.1" 200 7519
190.171.141.82 - - [22/Aug/2022:14:31:07 -0300] "GET /cormun/servlet/trlicencias? HTTP/1.1" 200 7516
190.171.141.82 - - [22/Aug/2022:14:31:07 -0300] "GET /cormun/servlet/hlogin HTTP/1.1" 200 1741
190.171.141.82 - - [22/Aug/2022:14:31:19 -0300] "POST /cormun/servlet/hlogin?f5039419cc098b0198674da2cc877699,gx-no-cache=1661188631466 HTTP/1.1" 200 90
190.171.141.82 - - [22/Aug/2022:14:31:19 -0300] "GET /cormun/servlet/hpexe_link HTTP/1.1" 200 956
190.171.141.82 - - [22/Aug/2022:14:31:19 -0300] "GET /cormun/servlet/trlicencias HTTP/1.1" 200 16611
190.171.141.82 - - [22/Aug/2022:14:31:20 -0300] "GET /cormun/servlet/trlicencias HTTP/1.1" 200 16605
190.171.142.10 - - [22/Aug/2022:14:31:24 -0300] "GET /cormun/servlet/hlogin HTTP/1.1" 200 1726
190.171.142.10 - - [22/Aug/2022:14:31:30 -0300] "POST /cormun/servlet/hlogin?ce12734dc8ac001f055b08fa27781345,gx-no-cache=1661188643108 HTTP/1.1" 200 90
190.171.142.10 - - [22/Aug/2022:14:31:30 -0300] "GET /cormun/servlet/hpexe_link HTTP/1.1" 200 950
190.171.142.10 - - [22/Aug/2022:14:31:30 -0300] "GET /cormun/servlet/hhome HTTP/1.1" 200 4120
190.171.142.10 - - [22/Aug/2022:14:31:31 -0300] "GET /cormun/servlet/hhome HTTP/1.1" 200 4118
139.87.71.160 - - [22/Aug/2022:14:31:32 -0300] "GET /manager/html HTTP/1.1" 401 2474
190.171.142.10 - - [22/Aug/2022:14:31:35 -0300] "GET /cormun/servlet/trlicencias? HTTP/1.1" 200 14870
190.171.142.10 - - [22/Aug/2022:14:31:35 -0300] "GET /cormun/servlet/trlicencias? HTTP/1.1" 200 14868
190.171.141.82 - - [22/Aug/2022:14:32:06 -0300] "POST /cormun/servlet/trlicencias?f5039419cc098b0198674da2cc877699,gx-no-cache=1661188678469 HTTP/1.1" 200 6915
190.171.141.82 - - [22/Aug/2022:14:32:13 -0300] "POST /cormun/servlet/trlicencias?f5039419cc098b0198674da2cc877699,gx-no-cache=1661188685370 HTTP/1.1" 200 101
190.171.141.82 - - [22/Aug/2022:14:32:13 -0300] "POST /cormun/servlet/trlicencias?f5039419cc098b0198674da2cc877699,gx-no-cache=1661188685589 HTTP/1.1" 200 6891
190.171.141.82 - - [22/Aug/2022:14:32:13 -0300] "GET /cormun/Licencias-8945.xls HTTP/1.1" 200 6656
139.87.71.160 - - [22/Aug/2022:14:33:08 -0300] "GET /manager/html HTTP/1.1" 401 2474
139.87.71.160 - - [22/Aug/2022:14:33:55 -0300] "GET /manager/html HTTP/1.1" 401 2474
139.87.71.160 - - [22/Aug/2022:14:34:50 -0300] "GET /manager/html HTTP/1.1" 401 2474
190.171.141.90 - - [22/Aug/2022:14:35:41 -0300] "GET /cormun/servlet/hlogin HTTP/1.1" 200 1718
190.171.141.90 - - [22/Aug/2022:14:35:42 -0300] "GET /cormun/static/gxtimezone.js?85251 HTTP/1.1" 200 5781
190.171.141.90 - - [22/Aug/2022:14:35:42 -0300] "GET /cormun/static/gxcfg.js?201910216285969 HTTP/1.1" 200 953
190.171.141.90 - - [22/Aug/2022:14:35:42 -0300] "GET /cormun/static/Resources/Spanish/PXTools.css?2294816 HTTP/1.1" 200 100853
190.171.141.90 - - [22/Aug/2022:14:35:42 -0300] "GET /cormun/static/messages.spa.js?85251 HTTP/1.1" 200 30736
190.171.141.90 - - [22/Aug/2022:14:35:42 -0300] "GET /cormun/static/gxgral.js?85251 HTTP/1.1" 200 384558
190.171.141.90 - - [22/Aug/2022:14:35:42 -0300] "GET /cormun/static/hlogin.js?201910216285995 HTTP/1.1" 200 2136
190.171.141.90 - - [22/Aug/2022:14:35:42 -0300] "GET /cormun/static/Resources/Logo2019_Grande.png HTTP/1.1" 200 31733
190.171.141.90 - - [22/Aug/2022:14:35:42 -0300] "GET /cormun/static/Resources/PXToolsLoginBackground.png HTTP/1.1" 200 1164
190.171.141.90 - - [22/Aug/2022:14:35:42 -0300] "GET /cormun/static/Resources/PXToolsButtonLeft.png HTTP/1.1" 200 1310
190.171.141.90 - - [22/Aug/2022:14:35:42 -0300] "GET /cormun/static/Resources/PXToolsButtonRight.png HTTP/1.1" 200 1294
190.171.141.90 - - [22/Aug/2022:14:35:42 -0300] "GET /cormun/static/Resources/PXToolsLoginTop.png HTTP/1.1" 200 1337
190.171.141.90 - - [22/Aug/2022:14:35:42 -0300] "GET /cormun/static/Resources/PXToolsButtonBackground.png HTTP/1.1" 200 1176
190.171.141.90 - - [22/Aug/2022:14:35:42 -0300] "GET /cormun/static/Resources/PXToolsLoginBottom.png HTTP/1.1" 200 1389
190.171.141.90 - - [22/Aug/2022:14:35:42 -0300] "GET /cormun/static/Resources/indicator.gif HTTP/1.1" 200 1553
190.171.141.90 - - [22/Aug/2022:14:35:42 -0300] "GET /cormun/servlet/hlogin HTTP/1.1" 200 1729
190.171.141.90 - - [22/Aug/2022:14:35:42 -0300] "GET /favicon.ico HTTP/1.1" 200 21630
139.87.71.160 - - [22/Aug/2022:14:36:14 -0300] "GET /manager/html HTTP/1.1" 401 2474
139.87.71.160 - - [22/Aug/2022:14:37:01 -0300] "GET /manager/html HTTP/1.1" 401 2474
200.54.107.2 - - [22/Aug/2022:14:37:28 -0300] "GET /cormun/servlet/trpermisosgoce? HTTP/1.1" 200 6034
200.54.107.2 - - [22/Aug/2022:14:37:31 -0300] "GET /cormun/servlet/hlogin HTTP/1.1" 200 1749
200.54.107.2 - - [22/Aug/2022:14:37:31 -0300] "GET /cormun/servlet/trpermisosgoce? HTTP/1.1" 200 6034
200.54.107.2 - - [22/Aug/2022:14:37:48 -0300] "POST /cormun/servlet/hlogin?7a270dc76108e8938dce824a75a21ee4,gx-no-cache=1661189020989 HTTP/1.1" 200 90
200.54.107.2 - - [22/Aug/2022:14:37:48 -0300] "GET /cormun/servlet/hpexe_link HTTP/1.1" 200 961
200.54.107.2 - - [22/Aug/2022:14:37:48 -0300] "GET /cormun/servlet/trpermisosgoce HTTP/1.1" 200 10169
200.54.107.2 - - [22/Aug/2022:14:37:49 -0300] "GET /cormun/servlet/trpermisosgoce HTTP/1.1" 200 10168
200.54.107.2 - - [22/Aug/2022:14:37:54 -0300] "POST /cormun/servlet/trpermisosgoce?7a270dc76108e8938dce824a75a21ee4,gx-no-cache=1661189026942 HTTP/1.1" 200 7273
200.54.107.2 - - [22/Aug/2022:14:37:55 -0300] "GET /cormun/servlet/permisogoce?INS,0,,, HTTP/1.1" 200 7249
200.54.107.2 - - [22/Aug/2022:14:37:56 -0300] "GET /cormun/static/gxcfg.js?20201215124560 HTTP/1.1" 200 953
200.54.107.2 - - [22/Aug/2022:14:37:56 -0300] "GET /cormun/static/permisogoce.js?20201215124939 HTTP/1.1" 200 27919
200.54.107.2 - - [22/Aug/2022:14:37:56 -0300] "GET /cormun/static/Resources/prompt.gif HTTP/1.1" 200 902
200.54.107.2 - - [22/Aug/2022:14:37:56 -0300] "GET /cormun/servlet/permisogoce?INS,0,,, HTTP/1.1" 200 7249
200.54.107.2 - - [22/Aug/2022:14:38:08 -0300] "GET /cormun/servlet/permisogoce?39be3b24ba321d2f4f52f1bc20d0412c1e86e8caeaa4d554c2f63a59df020170e93a6d594fac50a5efbbc3935397aa831bca9f1421b7a15f394bfb69e4d9a8cf,gx-no-cache=1661189041694 HTTP/1.1" 200 69
200.54.107.2 - - [22/Aug/2022:14:38:08 -0300] "GET /cormun/static/menuarrow.gif HTTP/1.1" 404 1015
200.54.107.2 - - [22/Aug/2022:14:38:14 -0300] "GET /cormun/servlet/permisogoce?39be3b24ba321d2f4f52f1bc20d0412c577e643d35e8fa88b3851f5b17b322ed61ae724322223c7fd034cf2e4f840648c37694c4b700a1d6f695aca679778e14,gx-no-cache=1661189047612 HTTP/1.1" 200 48
200.54.107.2 - - [22/Aug/2022:14:38:17 -0300] "POST /cormun/servlet/permisogoce?7a270dc76108e8938dce824a75a21ee4,INS,0,,,,gx-no-cache=1661189050270 HTTP/1.1" 200 93
200.54.107.2 - - [22/Aug/2022:14:38:17 -0300] "GET /cormun/servlet/hpexe_return? HTTP/1.1" 200 1037
200.54.107.2 - - [22/Aug/2022:14:38:17 -0300] "GET /cormun/static/gxcfg.js?201991422392976 HTTP/1.1" 200 953
200.54.107.2 - - [22/Aug/2022:14:38:17 -0300] "GET /cormun/static/hpexe_return.js?201991422392984 HTTP/1.1" 200 1633
200.54.107.2 - - [22/Aug/2022:14:38:18 -0300] "GET /cormun/servlet/trpermisosgoce?gx-no-cache=1661189026942 HTTP/1.1" 200 10429
200.54.107.2 - - [22/Aug/2022:14:38:18 -0300] "GET /cormun/servlet/trpermisosgoce?gx-no-cache=1661189026942 HTTP/1.1" 200 10446
200.54.107.2 - - [22/Aug/2022:14:38:23 -0300] "GET /cormun/servlet/apermisogoceprn?9753910,P,20220822132051,PU HTTP/1.1" 200 1651
139.87.71.160 - - [22/Aug/2022:14:38:28 -0300] "GET /manager/html HTTP/1.1" 401 2474
139.87.71.160 - - [22/Aug/2022:14:39:12 -0300] "GET /manager/html HTTP/1.1" 401 2474
139.87.71.160 - - [22/Aug/2022:14:39:56 -0300] "GET /manager/html HTTP/1.1" 401 2474
190.171.142.26 - - [22/Aug/2022:14:40:34 -0300] "GET /cormun/servlet/hlogin HTTP/1.1" 200 1730
190.171.142.26 - - [22/Aug/2022:14:40:34 -0300] "GET /cormun/servlet/hlogin HTTP/1.1" 200 1741
190.171.142.26 - - [22/Aug/2022:14:40:42 -0300] "POST /cormun/servlet/hlogin?4dc182497e600effaabd545fefef0a49,gx-no-cache=1661189194658 HTTP/1.1" 200 90
190.171.142.26 - - [22/Aug/2022:14:40:42 -0300] "GET /cormun/servlet/hpexe_link HTTP/1.1" 200 955
190.171.142.26 - - [22/Aug/2022:14:40:42 -0300] "GET /cormun/servlet/hhome HTTP/1.1" 200 3976
190.171.142.26 - - [22/Aug/2022:14:40:42 -0300] "GET /cormun/servlet/hhome HTTP/1.1" 200 3972
190.171.142.26 - - [22/Aug/2022:14:40:45 -0300] "GET /cormun/servlet/trlicencias? HTTP/1.1" 200 15646
190.171.142.26 - - [22/Aug/2022:14:40:46 -0300] "GET /cormun/servlet/trlicencias? HTTP/1.1" 200 15634
139.87.71.160 - - [22/Aug/2022:14:41:25 -0300] "GET /manager/html HTTP/1.1" 401 2474
190.171.143.106 - - [22/Aug/2022:14:41:27 -0300] "GET /cormun/servlet/hlogin HTTP/1.1" 200 1724
190.171.143.106 - - [22/Aug/2022:14:41:30 -0300] "POST /cormun/servlet/hlogin?95f107ec09920bacd6cf1758504dc8aa,gx-no-cache=1661189244808 HTTP/1.1" 200 90
190.171.143.106 - - [22/Aug/2022:14:41:30 -0300] "GET /cormun/servlet/hpexe_link HTTP/1.1" 200 953
190.171.143.106 - - [22/Aug/2022:14:41:30 -0300] "GET /cormun/servlet/hhome HTTP/1.1" 200 3972
190.171.143.106 - - [22/Aug/2022:14:41:30 -0300] "GET /cormun/servlet/hhome HTTP/1.1" 200 3968
190.171.143.106 - - [22/Aug/2022:14:41:33 -0300] "GET /cormun/servlet/trlicencias? HTTP/1.1" 200 12315
190.171.143.106 - - [22/Aug/2022:14:41:33 -0300] "GET /cormun/servlet/trlicencias? HTTP/1.1" 200 12313
190.171.143.106 - - [22/Aug/2022:14:41:45 -0300] "POST /cormun/servlet/trlicencias?95f107ec09920bacd6cf1758504dc8aa,,gx-no-cache=1661189259649 HTTP/1.1" 200 5418
190.171.143.106 - - [22/Aug/2022:14:42:06 -0300] "POST /cormun/servlet/trlicencias?95f107ec09920bacd6cf1758504dc8aa,,gx-no-cache=1661189280576 HTTP/1.1" 200 10040
139.87.71.160 - - [22/Aug/2022:14:42:07 -0300] "GET /manager/html HTTP/1.1" 401 2474
139.87.71.160 - - [22/Aug/2022:14:42:52 -0300] "GET /manager/html HTTP/1.1" 401 2474
139.87.71.160 - - [22/Aug/2022:14:43:40 -0300] "GET /manager/html HTTP/1.1" 401 2474
139.87.71.160 - - [22/Aug/2022:14:44:26 -0300] "GET /manager/html HTTP/1.1" 401 2474
139.87.71.160 - - [22/Aug/2022:14:45:10 -0300] "GET /manager/html HTTP/1.1" 401 2474
139.87.71.160 - - [22/Aug/2022:14:45:52 -0300] "GET /manager/html HTTP/1.1" 401 2474
207.46.13.109 - - [22/Aug/2022:14:46:00 -0300] "GET /cormun/servlet/hpexe_return HTTP/1.1" 200 969
139.87.71.160 - - [22/Aug/2022:14:47:27 -0300] "GET /manager/html HTTP/1.1" 401 2474
139.87.71.160 - - [22/Aug/2022:14:48:14 -0300] "GET /manager/html HTTP/1.1" 401 2474
139.87.71.160 - - [22/Aug/2022:14:48:57 -0300] "GET /manager/html HTTP/1.1" 401 2474
139.87.71.160 - - [22/Aug/2022:14:50:31 -0300] "GET /manager/html HTTP/1.1" 401 2474
192.168.10.96 - - [22/Aug/2022:14:51:15 -0300] "POST /cormun/servlet/trsolicitudgral?272657b2709e816e465c3db7209d22b4,,gx-no-cache=1661189650860 HTTP/1.1" 440 972
139.87.71.160 - - [22/Aug/2022:14:51:15 -0300] "GET /manager/html HTTP/1.1" 401 2474
192.168.10.96 - - [22/Aug/2022:14:51:16 -0300] "GET /cormun/servlet/trsolicitudgral? HTTP/1.1" 500 10
192.168.10.96 - - [22/Aug/2022:14:51:19 -0300] "GET /cormun/servlet/hlogin HTTP/1.1" 200 1730
192.168.10.96 - - [22/Aug/2022:14:51:22 -0300] "POST /cormun/servlet/hlogin?c462e4b87afcef711fc93ec90ef2b8a4,gx-no-cache=1661189658121 HTTP/1.1" 200 90
192.168.10.96 - - [22/Aug/2022:14:51:22 -0300] "GET /cormun/servlet/hpexe_link HTTP/1.1" 200 954
192.168.10.96 - - [22/Aug/2022:14:51:22 -0300] "GET /cormun/servlet/hhome HTTP/1.1" 200 3790
192.168.10.96 - - [22/Aug/2022:14:51:22 -0300] "GET /cormun/servlet/hhome HTTP/1.1" 200 3788
192.168.10.96 - - [22/Aug/2022:14:51:26 -0300] "GET /cormun/servlet/trsolicitudgral? HTTP/1.1" 200 29209
192.168.10.96 - - [22/Aug/2022:14:51:27 -0300] "GET /cormun/servlet/trsolicitudgral? HTTP/1.1" 200 29207
192.168.10.96 - - [22/Aug/2022:14:51:32 -0300] "POST /cormun/servlet/trsolicitudgral?c462e4b87afcef711fc93ec90ef2b8a4,,gx-no-cache=1661189668454 HTTP/1.1" 200 7652
186.67.172.234 - - [22/Aug/2022:14:51:35 -0300] "GET /cormun/servlet/trsolicitudot? HTTP/1.1" 200 6330
186.67.172.234 - - [22/Aug/2022:14:51:36 -0300] "GET /cormun/servlet/hlogin HTTP/1.1" 200 1746
186.67.172.234 - - [22/Aug/2022:14:51:36 -0300] "GET /cormun/servlet/trsolicitudot? HTTP/1.1" 200 6328
192.168.10.96 - - [22/Aug/2022:14:51:36 -0300] "POST /cormun/servlet/trsolicitudgral?c462e4b87afcef711fc93ec90ef2b8a4,,gx-no-cache=1661189672099 HTTP/1.1" 200 7172
192.168.10.96 - - [22/Aug/2022:14:51:36 -0300] "GET /cormun/static/Shared/jqueryui/images/ui-bg_highlight-soft_100_c6c2c8_1x100.png HTTP/1.1" 404 1117
192.168.10.96 - - [22/Aug/2022:14:51:36 -0300] "GET /cormun/static/Shared/jqueryui/images/ui-icons_82798d_256x240.png HTTP/1.1" 404 1089
192.168.10.96 - - [22/Aug/2022:14:51:36 -0300] "GET /cormun/static/Shared/jqueryui/images/ui-bg_flat_55_fafafa_40x100.png HTTP/1.1" 404 1097
192.168.10.96 - - [22/Aug/2022:14:51:36 -0300] "GET /cormun/static/Shared/jqueryui/images/ui-icons_8d78a5_256x240.png HTTP/1.1" 404 1089
192.168.10.96 - - [22/Aug/2022:14:51:37 -0300] "GET /cormun/servlet/trsolicitudgral? HTTP/1.1" 200 10182
192.168.10.96 - - [22/Aug/2022:14:51:38 -0300] "GET /cormun/servlet/trsolicitudgral? HTTP/1.1" 200 10182
192.168.10.96 - - [22/Aug/2022:14:51:41 -0300] "POST /cormun/servlet/trsolicitudgral?c462e4b87afcef711fc93ec90ef2b8a4,,gx-no-cache=1661189676665 HTTP/1.1" 200 7062
192.168.10.96 - - [22/Aug/2022:14:51:44 -0300] "GET /cormun/servlet/vesolicitudgral?2022,19060,, HTTP/1.1" 200 8357
192.168.10.96 - - [22/Aug/2022:14:51:44 -0300] "GET /cormun/pexe_scrolldiv.js HTTP/1.1" 404 1009
192.168.10.96 - - [22/Aug/2022:14:51:45 -0300] "GET /cormun/servlet/vesolicitudgral?2022,19060,, HTTP/1.1" 200 8357
192.168.10.96 - - [22/Aug/2022:14:51:49 -0300] "GET /cormun/servlet/trsolicitudgral? HTTP/1.1" 200 10102
192.168.10.96 - - [22/Aug/2022:14:51:50 -0300] "GET /cormun/servlet/trsolicitudgral? HTTP/1.1" 200 10102
192.168.10.96 - - [22/Aug/2022:14:51:52 -0300] "POST /cormun/servlet/trsolicitudgral?c462e4b87afcef711fc93ec90ef2b8a4,,gx-no-cache=1661189688491 HTTP/1.1" 200 6695
192.168.10.96 - - [22/Aug/2022:14:51:52 -0300] "GET /cormun/static/Shared/jqueryui/images/ui-bg_highlight-soft_100_c6c2c8_1x100.png HTTP/1.1" 404 1117
192.168.10.96 - - [22/Aug/2022:14:51:52 -0300] "GET /cormun/static/Shared/jqueryui/images/ui-icons_82798d_256x240.png HTTP/1.1" 404 1089
192.168.10.96 - - [22/Aug/2022:14:51:52 -0300] "GET /cormun/static/Shared/jqueryui/images/ui-icons_8d78a5_256x240.png HTTP/1.1" 404 1089
192.168.10.96 - - [22/Aug/2022:14:51:52 -0300] "GET /cormun/static/Shared/jqueryui/images/ui-bg_flat_55_fafafa_40x100.png HTTP/1.1" 404 1097
186.67.172.234 - - [22/Aug/2022:14:52:10 -0300] "POST /cormun/servlet/hlogin?39c4e6213a66ba9b10ab64166ff19dea,gx-no-cache=1661189882641 HTTP/1.1" 200 90
186.67.172.234 - - [22/Aug/2022:14:52:10 -0300] "GET /cormun/servlet/hpexe_link HTTP/1.1" 200 958
186.67.172.234 - - [22/Aug/2022:14:52:10 -0300] "GET /cormun/servlet/trsolicitudot HTTP/1.1" 200 7417
186.67.172.234 - - [22/Aug/2022:14:52:10 -0300] "GET /cormun/servlet/trsolicitudot HTTP/1.1" 200 7415
186.67.172.234 - - [22/Aug/2022:14:52:14 -0300] "GET /cormun/servlet/trlicencias? HTTP/1.1" 200 15764
186.67.172.234 - - [22/Aug/2022:14:52:14 -0300] "GET /cormun/servlet/trlicencias? HTTP/1.1" 200 15778
192.168.10.96 - - [22/Aug/2022:14:52:27 -0300] "GET /cormun/servlet/vesolicitudgral?2022,19059,, HTTP/1.1" 200 8386
192.168.10.96 - - [22/Aug/2022:14:52:27 -0300] "GET /cormun/pexe_scrolldiv.js HTTP/1.1" 404 1009
192.168.10.96 - - [22/Aug/2022:14:52:27 -0300] "GET /cormun/servlet/vesolicitudgral?2022,19059,, HTTP/1.1" 200 8386
190.171.141.82 - - [22/Aug/2022:14:52:51 -0300] "POST /cormun/servlet/trlicencias?f5039419cc098b0198674da2cc877699,gx-no-cache=1661189923954 HTTP/1.1" 200 6927
139.87.71.160 - - [22/Aug/2022:14:52:54 -0300] "GET /manager/html HTTP/1.1" 401 2474
190.171.141.82 - - [22/Aug/2022:14:52:55 -0300] "POST /cormun/servlet/trlicencias?f5039419cc098b0198674da2cc877699,gx-no-cache=1661189927434 HTTP/1.1" 200 6926
192.168.10.96 - - [22/Aug/2022:14:53:00 -0300] "POST /cormun/servlet/vesolicitudgral?c462e4b87afcef711fc93ec90ef2b8a4,2022,19059,,,gx-no-cache=1661189756549 HTTP/1.1" 200 12149
192.168.10.96 - - [22/Aug/2022:14:53:00 -0300] "GET /cormun/static/Shared/jqueryui/images/ui-icons_82798d_256x240.png HTTP/1.1" 404 1089
192.168.10.96 - - [22/Aug/2022:14:53:00 -0300] "GET /cormun/static/Shared/jqueryui/images/ui-icons_8d78a5_256x240.png HTTP/1.1" 404 1089
192.168.10.96 - - [22/Aug/2022:14:53:00 -0300] "GET /cormun/static/Shared/jqueryui/images/ui-bg_highlight-soft_100_c6c2c8_1x100.png HTTP/1.1" 404 1117
192.168.10.96 - - [22/Aug/2022:14:53:00 -0300] "GET /cormun/static/Shared/jqueryui/images/ui-bg_flat_55_fafafa_40x100.png HTTP/1.1" 404 1097
192.168.10.96 - - [22/Aug/2022:14:53:01 -0300] "POST /cormun/servlet/vesolicitudgral?c462e4b87afcef711fc93ec90ef2b8a4,2022,19059,,,gx-no-cache=1661189756743 HTTP/1.1" 200 12082
192.168.10.96 - - [22/Aug/2022:14:53:02 -0300] "GET /cormun/servlet/trsolicitudgral? HTTP/1.1" 200 8298
192.168.10.96 - - [22/Aug/2022:14:53:02 -0300] "GET /cormun/servlet/trsolicitudgral? HTTP/1.1" 200 8286
192.168.10.96 - - [22/Aug/2022:14:53:06 -0300] "POST /cormun/servlet/trsolicitudgral?c462e4b87afcef711fc93ec90ef2b8a4,,gx-no-cache=1661189761993 HTTP/1.1" 200 8694
181.212.43.89 - - [22/Aug/2022:14:53:22 -0300] "GET /cormun/servlet/trlicencias? HTTP/1.1" 200 7524
181.212.43.89 - - [22/Aug/2022:14:53:23 -0300] "GET /cormun/servlet/hlogin HTTP/1.1" 200 1741
181.212.43.89 - - [22/Aug/2022:14:53:23 -0300] "GET /cormun/servlet/trlicencias? HTTP/1.1" 200 7515
181.212.43.89 - - [22/Aug/2022:14:53:23 -0300] "GET /cormun/servlet/trlicencias? HTTP/1.1" 200 7516
192.168.10.96 - - [22/Aug/2022:14:53:29 -0300] "POST /cormun/servlet/trsolicitudgral?c462e4b87afcef711fc93ec90ef2b8a4,,gx-no-cache=1661189785316 HTTP/1.1" 200 8364
192.168.10.96 - - [22/Aug/2022:14:53:29 -0300] "GET /cormun/static/Shared/jqueryui/images/ui-bg_highlight-soft_100_c6c2c8_1x100.png HTTP/1.1" 404 1117
192.168.10.96 - - [22/Aug/2022:14:53:29 -0300] "GET /cormun/static/Shared/jqueryui/images/ui-bg_flat_55_fafafa_40x100.png HTTP/1.1" 404 1097
192.168.10.96 - - [22/Aug/2022:14:53:29 -0300] "GET /cormun/static/Shared/jqueryui/images/ui-icons_8d78a5_256x240.png HTTP/1.1" 404 1089
192.168.10.96 - - [22/Aug/2022:14:53:29 -0300] "GET /cormun/static/Shared/jqueryui/images/ui-icons_82798d_256x240.png HTTP/1.1" 404 1089
181.212.43.89 - - [22/Aug/2022:14:53:33 -0300] "POST /cormun/servlet/hlogin?2fcc18de202e062c0fa3fb7292d4ef8b,gx-no-cache=1661189966354 HTTP/1.1" 200 90
181.212.43.89 - - [22/Aug/2022:14:53:33 -0300] "GET /cormun/servlet/hpexe_link HTTP/1.1" 200 955
181.212.43.89 - - [22/Aug/2022:14:53:33 -0300] "GET /cormun/servlet/trlicencias HTTP/1.1" 200 13404
181.212.43.89 - - [22/Aug/2022:14:53:35 -0300] "GET /cormun/servlet/trlicencias HTTP/1.1" 200 13407
139.87.71.160 - - [22/Aug/2022:14:53:46 -0300] "GET /manager/html HTTP/1.1" 401 2474
192.168.10.96 - - [22/Aug/2022:14:53:52 -0300] "POST /cormun/servlet/trsolicitudgral?c462e4b87afcef711fc93ec90ef2b8a4,,gx-no-cache=1661189808506 HTTP/1.1" 200 7996
192.168.10.96 - - [22/Aug/2022:14:54:19 -0300] "POST /cormun/servlet/trsolicitudgral?c462e4b87afcef711fc93ec90ef2b8a4,,gx-no-cache=1661189834650 HTTP/1.1" 200 7620
192.168.10.96 - - [22/Aug/2022:14:54:34 -0300] "GET /cormun/servlet/vesolicitudgral?2022,19005,, HTTP/1.1" 200 8371
192.168.10.96 - - [22/Aug/2022:14:54:34 -0300] "GET /cormun/pexe_scrolldiv.js HTTP/1.1" 404 1009
192.168.10.96 - - [22/Aug/2022:14:54:34 -0300] "GET /cormun/servlet/vesolicitudgral?2022,19005,, HTTP/1.1" 200 8370
139.87.71.160 - - [22/Aug/2022:14:54:38 -0300] "GET /manager/html HTTP/1.1" 401 2474
192.168.10.96 - - [22/Aug/2022:14:54:40 -0300] "POST /cormun/servlet/vesolicitudgral?c462e4b87afcef711fc93ec90ef2b8a4,2022,19005,,,gx-no-cache=1661189855797 HTTP/1.1" 200 12091
192.168.10.96 - - [22/Aug/2022:14:54:40 -0300] "GET /cormun/static/Shared/jqueryui/images/ui-bg_highlight-soft_100_c6c2c8_1x100.png HTTP/1.1" 404 1117
192.168.10.96 - - [22/Aug/2022:14:54:40 -0300] "GET /cormun/static/Shared/jqueryui/images/ui-icons_82798d_256x240.png HTTP/1.1" 404 1089
192.168.10.96 - - [22/Aug/2022:14:54:40 -0300] "GET /cormun/static/Shared/jqueryui/images/ui-bg_flat_55_fafafa_40x100.png HTTP/1.1" 404 1097
192.168.10.96 - - [22/Aug/2022:14:54:40 -0300] "GET /cormun/static/Shared/jqueryui/images/ui-icons_8d78a5_256x240.png HTTP/1.1" 404 1089
192.168.10.96 - - [22/Aug/2022:14:54:40 -0300] "POST /cormun/servlet/vesolicitudgral?c462e4b87afcef711fc93ec90ef2b8a4,2022,19005,,,gx-no-cache=1661189855978 HTTP/1.1" 200 12023
192.168.10.96 - - [22/Aug/2022:14:54:42 -0300] "GET /cormun/servlet/trsolicitudgral? HTTP/1.1" 200 10179
192.168.10.96 - - [22/Aug/2022:14:54:42 -0300] "GET /cormun/servlet/trsolicitudgral? HTTP/1.1" 200 10175
192.168.10.96 - - [22/Aug/2022:14:54:48 -0300] "POST /cormun/servlet/trsolicitudgral?c462e4b87afcef711fc93ec90ef2b8a4,,gx-no-cache=1661189863923 HTTP/1.1" 200 5266
192.168.10.96 - - [22/Aug/2022:14:54:52 -0300] "POST /cormun/servlet/trsolicitudgral?c462e4b87afcef711fc93ec90ef2b8a4,,gx-no-cache=1661189868499 HTTP/1.1" 200 7078
139.87.71.160 - - [22/Aug/2022:14:55:23 -0300] "GET /manager/html HTTP/1.1" 401 2474
192.168.10.96 - - [22/Aug/2022:14:55:48 -0300] "GET /cormun/servlet/hlogin HTTP/1.1" 200 1724
192.168.10.96 - - [22/Aug/2022:14:55:48 -0300] "GET /cormun/static/gxtimezone.js?85251 HTTP/1.1" 200 5781
192.168.10.96 - - [22/Aug/2022:14:55:48 -0300] "GET /cormun/static/Resources/Spanish/PXTools.css?2294816 HTTP/1.1" 200 100853
192.168.10.96 - - [22/Aug/2022:14:55:48 -0300] "GET /cormun/static/gxcfg.js?201910216285969 HTTP/1.1" 200 953
192.168.10.96 - - [22/Aug/2022:14:55:48 -0300] "GET /cormun/static/messages.spa.js?85251 HTTP/1.1" 200 30736
192.168.10.96 - - [22/Aug/2022:14:55:48 -0300] "GET /cormun/static/hlogin.js?201910216285995 HTTP/1.1" 200 2136
192.168.10.96 - - [22/Aug/2022:14:55:48 -0300] "GET /cormun/static/Resources/Logo2019_Grande.png HTTP/1.1" 200 31733
192.168.10.96 - - [22/Aug/2022:14:55:48 -0300] "GET /cormun/static/gxgral.js?85251 HTTP/1.1" 200 384558
192.168.10.96 - - [22/Aug/2022:14:55:48 -0300] "GET /cormun/static/Resources/PXToolsLoginTop.png HTTP/1.1" 200 1337
192.168.10.96 - - [22/Aug/2022:14:55:48 -0300] "GET /cormun/static/Resources/PXToolsLoginBackground.png HTTP/1.1" 200 1164
192.168.10.96 - - [22/Aug/2022:14:55:48 -0300] "GET /cormun/static/Resources/PXToolsButtonLeft.png HTTP/1.1" 200 1310
192.168.10.96 - - [22/Aug/2022:14:55:48 -0300] "GET /cormun/static/Resources/PXToolsButtonRight.png HTTP/1.1" 200 1294
192.168.10.96 - - [22/Aug/2022:14:55:48 -0300] "GET /cormun/static/Resources/PXToolsButtonBackground.png HTTP/1.1" 200 1176
192.168.10.96 - - [22/Aug/2022:14:55:48 -0300] "GET /cormun/static/Resources/PXToolsLoginBottom.png HTTP/1.1" 200 1389
192.168.10.96 - - [22/Aug/2022:14:55:48 -0300] "GET /cormun/static/Resources/indicator.gif HTTP/1.1" 200 1553
192.168.10.96 - - [22/Aug/2022:14:55:48 -0300] "GET /cormun/servlet/hlogin HTTP/1.1" 200 1735
192.168.10.96 - - [22/Aug/2022:14:55:48 -0300] "GET /favicon.ico HTTP/1.1" 200 21630
139.87.71.160 - - [22/Aug/2022:14:56:05 -0300] "GET /manager/html HTTP/1.1" 401 2474
139.87.71.160 - - [22/Aug/2022:14:56:47 -0300] "GET /manager/html HTTP/1.1" 401 2474
200.54.107.2 - - [22/Aug/2022:14:57:07 -0300] "GET /cormun/servlet/trpermisosgoce? HTTP/1.1" 200 10446
200.54.107.2 - - [22/Aug/2022:14:57:07 -0300] "GET /cormun/servlet/trpermisosgoce? HTTP/1.1" 200 10425
200.54.107.2 - - [22/Aug/2022:14:57:09 -0300] "GET /cormun/servlet/permisogoce?INS,0,,, HTTP/1.1" 200 7249
200.54.107.2 - - [22/Aug/2022:14:57:10 -0300] "GET /cormun/servlet/permisogoce?INS,0,,, HTTP/1.1" 200 7249
190.171.149.74 - - [22/Aug/2022:14:57:21 -0300] "POST /cormun/servlet/trlicencias?2d2021dc3b8228c2cfe731e86a999814,,gx-no-cache=1661190193478 HTTP/1.1" 440 972
190.171.149.74 - - [22/Aug/2022:14:57:22 -0300] "GET /cormun/servlet/trlicencias? HTTP/1.1" 200 7521
190.171.149.74 - - [22/Aug/2022:14:57:22 -0300] "GET /cormun/servlet/hlogin HTTP/1.1" 200 1747
190.171.149.74 - - [22/Aug/2022:14:57:22 -0300] "GET /cormun/servlet/trlicencias? HTTP/1.1" 200 7521
190.171.149.74 - - [22/Aug/2022:14:57:28 -0300] "POST /cormun/servlet/hlogin?04f7cb533584415ee7285ab036ca97f9,gx-no-cache=1661190200519 HTTP/1.1" 200 90
190.171.149.74 - - [22/Aug/2022:14:57:28 -0300] "GET /cormun/servlet/hpexe_link HTTP/1.1" 200 961
190.171.149.74 - - [22/Aug/2022:14:57:28 -0300] "GET /cormun/servlet/trlicencias HTTP/1.1" 200 13455
190.171.149.74 - - [22/Aug/2022:14:57:28 -0300] "GET /cormun/servlet/trlicencias HTTP/1.1" 200 13441
139.87.71.160 - - [22/Aug/2022:14:57:32 -0300] "GET /manager/html HTTP/1.1" 401 2474
200.54.107.2 - - [22/Aug/2022:14:57:37 -0300] "GET /cormun/servlet/permisogoce?39be3b24ba321d2f4f52f1bc20d0412c72aef780f14a08c7b632845e7dde8423f1af76500d2db8a00a2ed0a0ec5e06f8e7040b9dfa364525630b4ea1a58677f2,gx-no-cache=1661190209923 HTTP/1.1" 200 83
200.54.107.2 - - [22/Aug/2022:14:57:37 -0300] "GET /cormun/static/menuarrow.gif HTTP/1.1" 404 1015
