190.171.141.106 - - [22/Aug/2022:15:59:02 -0300] "POST /cormun/servlet/hlogin?13374e3939c9f33c4ebba99d9fe8a316,gx-no-cache=1661193895010 HTTP/1.1" 200 90
190.171.141.106 - - [22/Aug/2022:15:59:02 -0300] "GET /cormun/servlet/hpexe_link HTTP/1.1" 200 949
190.171.141.106 - - [22/Aug/2022:15:59:02 -0300] "GET /cormun/servlet/hhome HTTP/1.1" 200 4256
190.171.141.106 - - [22/Aug/2022:15:59:03 -0300] "GET /cormun/servlet/hhome HTTP/1.1" 200 4254
190.171.141.106 - - [22/Aug/2022:15:59:07 -0300] "GET /cormun/servlet/trsolicitudot? HTTP/1.1" 200 8877
190.171.141.106 - - [22/Aug/2022:15:59:08 -0300] "GET /cormun/servlet/trsolicitudot? HTTP/1.1" 200 8875
139.87.71.160 - - [22/Aug/2022:15:59:44 -0300] "GET /manager/html HTTP/1.1" 401 2474
139.87.71.160 - - [22/Aug/2022:16:00:29 -0300] "GET /manager/html HTTP/1.1" 401 2474
190.171.141.106 - - [22/Aug/2022:16:00:34 -0300] "GET /cormun/servlet/hhome HTTP/1.1" 200 4256
190.171.141.106 - - [22/Aug/2022:16:00:34 -0300] "GET /cormun/servlet/hhome HTTP/1.1" 200 4254
190.171.141.106 - - [22/Aug/2022:16:00:37 -0300] "GET /cormun/servlet/trlicencias? HTTP/1.1" 200 15077
190.171.141.106 - - [22/Aug/2022:16:00:38 -0300] "GET /cormun/servlet/trlicencias? HTTP/1.1" 200 15065
190.171.141.106 - - [22/Aug/2022:16:01:07 -0300] "GET /cormun/servlet/hhome HTTP/1.1" 200 4256
190.171.141.106 - - [22/Aug/2022:16:01:07 -0300] "GET /cormun/servlet/hhome HTTP/1.1" 200 4254
190.171.141.106 - - [22/Aug/2022:16:01:10 -0300] "GET /cormun/servlet/trsolicitudot? HTTP/1.1" 200 8877
190.171.141.106 - - [22/Aug/2022:16:01:10 -0300] "GET /cormun/servlet/trsolicitudot? HTTP/1.1" 200 8875
139.87.71.160 - - [22/Aug/2022:16:01:12 -0300] "GET /manager/html HTTP/1.1" 401 2474
190.171.141.106 - - [22/Aug/2022:16:01:20 -0300] "GET /cormun/servlet/hhome HTTP/1.1" 200 4256
190.171.141.106 - - [22/Aug/2022:16:01:20 -0300] "GET /cormun/servlet/hhome HTTP/1.1" 200 4254
190.171.141.106 - - [22/Aug/2022:16:01:24 -0300] "GET /cormun/servlet/trlicencias? HTTP/1.1" 200 15080
190.171.141.106 - - [22/Aug/2022:16:01:25 -0300] "GET /cormun/servlet/trlicencias? HTTP/1.1" 200 15066
139.87.71.160 - - [22/Aug/2022:16:02:00 -0300] "GET /manager/html HTTP/1.1" 401 2474
139.87.71.160 - - [22/Aug/2022:16:03:23 -0300] "GET /manager/html HTTP/1.1" 401 2474
190.171.141.106 - - [22/Aug/2022:16:03:30 -0300] "GET /cormun/servlet/hhome HTTP/1.1" 200 4256
190.171.141.106 - - [22/Aug/2022:16:03:30 -0300] "GET /cormun/servlet/hhome HTTP/1.1" 200 4254
190.171.141.106 - - [22/Aug/2022:16:03:36 -0300] "GET /cormun/servlet/trsolicitudot? HTTP/1.1" 200 8877
190.171.141.106 - - [22/Aug/2022:16:03:36 -0300] "GET /cormun/servlet/trsolicitudot? HTTP/1.1" 200 8875
190.171.141.106 - - [22/Aug/2022:16:03:47 -0300] "POST /cormun/servlet/trsolicitudot?13374e3939c9f33c4ebba99d9fe8a316,,gx-no-cache=1661194179852 HTTP/1.1" 200 111
190.171.141.106 - - [22/Aug/2022:16:03:47 -0300] "GET /cormun/servlet/solicitudot?UPD,2022,19101,false, HTTP/1.1" 200 16620
190.171.141.106 - - [22/Aug/2022:16:03:48 -0300] "GET /cormun/servlet/solicitudot?UPD,2022,19101,false, HTTP/1.1" 200 16631
190.171.141.106 - - [22/Aug/2022:16:03:48 -0300] "POST /cormun/servlet/solicitudot?gx-no-cache=1661194180980 HTTP/1.1" 200 3956
190.171.141.106 - - [22/Aug/2022:16:03:48 -0300] "POST /cormun/servlet/solicitudot?13374e3939c9f33c4ebba99d9fe8a316,UPD,2022,19101,false,,gx-no-cache=1661194181110 HTTP/1.1" 200 12887
190.171.141.106 - - [22/Aug/2022:16:03:48 -0300] "GET /cormun/servlet/solicitudot?aa88e70f324badd27e780e17ffc7a9a10b2a6ea890cb025f1e2dd2c80f02258e047b7ba6dbe4d717426c460f7818415b,gx-no-cache=1661194181301 HTTP/1.1" 200 30
190.171.141.106 - - [22/Aug/2022:16:03:48 -0300] "GET /cormun/servlet/solicitudot?aa88e70f324badd27e780e17ffc7a9a168f65307546b7b9887c09105ae19eccf5f347c543f86cb6512608d9eb5e3bac0181a83719a1936595826a6431988d474,gx-no-cache=1661194181324 HTTP/1.1" 200 30
190.171.141.106 - - [22/Aug/2022:16:03:48 -0300] "GET /cormun/servlet/solicitudot?aa88e70f324badd27e780e17ffc7a9a1d4fc50706a5eafb09125cb86e5327b9317f613fc6fb5d968a3c1fdbbd65d33ee9381fc46a6854b035c914ad8b4c9a7aa,gx-no-cache=1661194181342 HTTP/1.1" 200 53
190.171.141.106 - - [22/Aug/2022:16:03:48 -0300] "POST /cormun/servlet/solicitudot?gx-no-cache=1661194181365 HTTP/1.1" 200 297
190.171.141.106 - - [22/Aug/2022:16:03:48 -0300] "GET /cormun/servlet/solicitudot?aa88e70f324badd27e780e17ffc7a9a1a2469f1b776f9727384551dd4553b3defac413fd3e2532fde39bf4b532f4b201fae747749345d0e9e326e77a6eccef40b6033570d02b50166af2bc81d99b2de6a92ef761eee391e74fd57178ddd9882c9233dd781b0b1cedbe484a749345f6f51d42333bc3a5d89ccacd06700df20eb44c7b2c27b4dfe65484d8f928cb6f14e565b68a0fb41a80f8e575e361dedd862582ebbf079cb039794d2e79858d37b30398ba734144cce1794d9b0b3cb0085f3a85f316f53e0bbb1d285e36ceada91b15eca9a099c7bd9fd09f3af0494d27d95f048bc9fee4f22bae41492d049ace5957300a544acaa85912a1d64ef63a9344eed4f952d6c3b36bdc3b1e961e8fb020dc2b0b698d43b82f5dd69e87180eb7dedb6c1547bed2032261e7ddef70e6c1a87eac220a8dbda22aa3bcb2bb4d9c103626788c46c74d988ff4f9ba33e1f19135f0c7829d977becca93704ded7651ee8f05006aa24f26c347dc3075ffe58d7d7392f50dafe08684c80c40cafa1893c88179d7d8708345d8d068346a25c5137ff69f,gx-no-cache=1661194181397 HTTP/1.1" 200 30
190.171.141.106 - - [22/Aug/2022:16:03:48 -0300] "POST /cormun/servlet/solicitudot?gx-no-cache=1661194181419 HTTP/1.1" 200 30
190.171.141.106 - - [22/Aug/2022:16:03:48 -0300] "POST /cormun/servlet/solicitudot?gx-no-cache=1661194181446 HTTP/1.1" 200 1469
190.171.141.106 - - [22/Aug/2022:16:03:48 -0300] "POST /cormun/servlet/solicitudot?gx-no-cache=1661194181479 HTTP/1.1" 200 41
190.171.141.106 - - [22/Aug/2022:16:03:57 -0300] "GET /cormun/servlet/solicitudot?aa88e70f324badd27e780e17ffc7a9a1a5c75fd7f1db73fbbdb941eeecbbc5ee320a7912b4afb09b4fe785b090fba96e3e66c36af11a9f37518aeebba403e2733e3457bae3dbd2db37221447816349b515eae240287b5e649cd19d6cb9ebc4881e7c6c6056dee3cfb80a794fd25d8944,gx-no-cache=1661194190057 HTTP/1.1" 200 110
190.171.141.106 - - [22/Aug/2022:16:03:57 -0300] "POST /cormun/servlet/solicitudot?gx-no-cache=1661194190086 HTTP/1.1" 200 79
190.171.141.106 - - [22/Aug/2022:16:03:57 -0300] "GET /cormun/servlet/solicitudot?aa88e70f324badd27e780e17ffc7a9a124108fd19013879506b0949d0c11fa934405c44cd8e6db555c56b26fe03fad9a338974ea99cff601f8bf88043f333a0c2e980e11f08c7bed59fd56544979ba0afb281505570d324a9d63c7fde6bd7857dc54f2a92fa1f4b388ea79ce4c1e3be4,gx-no-cache=1661194190112 HTTP/1.1" 200 29
139.87.71.160 - - [22/Aug/2022:16:04:09 -0300] "GET /manager/html HTTP/1.1" 401 2474
185.7.214.117 - - [22/Aug/2022:16:04:34 -0300] "POST /mifs/.;/services/LogService HTTP/1.1" 404 1015
190.171.141.106 - - [22/Aug/2022:16:04:51 -0300] "GET /cormun/servlet/solicitudot?aa88e70f324badd27e780e17ffc7a9a10ed30ca1512c22f81d2b05f3fa0b65ea1e78ec44900f16ce7076cc7d85f84c47,gx-no-cache=1661194244062 HTTP/1.1" 200 30
139.87.71.160 - - [22/Aug/2022:16:04:56 -0300] "GET /manager/html HTTP/1.1" 401 2474
190.171.141.106 - - [22/Aug/2022:16:05:15 -0300] "POST /cormun/servlet/solicitudot?gx-no-cache=1661194267841 HTTP/1.1" 200 30
190.171.141.106 - - [22/Aug/2022:16:05:55 -0300] "POST /cormun/servlet/solicitudot?13374e3939c9f33c4ebba99d9fe8a316,UPD,2022,19101,false,,gx-no-cache=1661194307612 HTTP/1.1" 200 93
190.171.141.106 - - [22/Aug/2022:16:05:55 -0300] "GET /cormun/servlet/hpexe_return? HTTP/1.1" 200 1013
190.171.141.106 - - [22/Aug/2022:16:05:55 -0300] "GET /cormun/servlet/trsolicitudot HTTP/1.1" 200 8882
190.171.141.106 - - [22/Aug/2022:16:05:55 -0300] "GET /cormun/servlet/trsolicitudot HTTP/1.1" 200 8876
190.171.141.106 - - [22/Aug/2022:16:06:16 -0300] "POST /cormun/servlet/trsolicitudot?13374e3939c9f33c4ebba99d9fe8a316,gx-no-cache=1661194328766 HTTP/1.1" 200 106
190.171.141.106 - - [22/Aug/2022:16:06:16 -0300] "GET /cormun/servlet/trsolicitudadjuntos?2022,19101, HTTP/1.1" 200 6358
190.171.141.106 - - [22/Aug/2022:16:06:16 -0300] "GET /cormun/servlet/trsolicitudadjuntos?2022,19101, HTTP/1.1" 200 6358
190.171.141.106 - - [22/Aug/2022:16:06:19 -0300] "POST /cormun/servlet/trsolicitudadjuntos?13374e3939c9f33c4ebba99d9fe8a316,2022,19101,,gx-no-cache=1661194331636 HTTP/1.1" 200 4223
190.171.141.106 - - [22/Aug/2022:16:06:25 -0300] "GET /cormun/servlet/solicitudotadjuntos?INS,2022,19101,,1, HTTP/1.1" 200 6305
190.171.141.106 - - [22/Aug/2022:16:06:25 -0300] "GET /cormun/static/about:blank HTTP/1.1" 404 1011
190.171.141.106 - - [22/Aug/2022:16:06:25 -0300] "GET /cormun/servlet/solicitudotadjuntos?INS,2022,19101,,1, HTTP/1.1" 200 6298
190.171.141.106 - - [22/Aug/2022:16:06:26 -0300] "GET /cormun/servlet/solicitudotadjuntos?aa88e70f324badd27e780e17ffc7a9a156d81a98f73110876a36d9269273b9bea0b3a5cf40109093888407befc898262,gx-no-cache=1661194338795 HTTP/1.1" 200 30
139.87.71.160 - - [22/Aug/2022:16:06:26 -0300] "GET /manager/html HTTP/1.1" 401 2474
190.171.141.106 - - [22/Aug/2022:16:06:26 -0300] "POST /cormun/servlet/solicitudotadjuntos?13374e3939c9f33c4ebba99d9fe8a316,INS,2022,19101,,1,,gx-no-cache=1661194338826 HTTP/1.1" 200 4154
190.171.141.106 - - [22/Aug/2022:16:06:33 -0300] "POST /cormun/servlet/solicitudotadjuntos?gx-no-cache=1661194346260 HTTP/1.1" 200 26
186.67.172.234 - - [22/Aug/2022:16:06:39 -0300] "GET /cormun/servlet/trsolicitudot? HTTP/1.1" 200 6326
186.67.172.234 - - [22/Aug/2022:16:06:40 -0300] "GET /cormun/servlet/hlogin HTTP/1.1" 200 1741
186.67.172.234 - - [22/Aug/2022:16:06:40 -0300] "GET /cormun/servlet/trsolicitudot? HTTP/1.1" 200 6324
190.171.141.106 - - [22/Aug/2022:16:06:50 -0300] "GET /cormun/servlet/solicitudotadjuntos?aa88e70f324badd27e780e17ffc7a9a16c1c1902c8e4e7ef2523c68130bfd046,gx-no-cache=1661194362650 HTTP/1.1" 200 30
190.171.141.106 - - [22/Aug/2022:16:06:50 -0300] "GET /cormun/servlet/solicitudotadjuntos?aa88e70f324badd27e780e17ffc7a9a16c1c1902c8e4e7ef2523c68130bfd046,gx-no-cache=1661194362663 HTTP/1.1" 200 30
190.171.141.106 - - [22/Aug/2022:16:06:50 -0300] "POST /cormun/servlet/solicitudotadjuntos?13374e3939c9f33c4ebba99d9fe8a316,INS,2022,19101,,1, HTTP/1.1" 200 116
190.171.141.106 - - [22/Aug/2022:16:06:50 -0300] "GET /cormun/servlet/hpexe_return? HTTP/1.1" 200 1024
190.171.141.106 - - [22/Aug/2022:16:06:50 -0300] "GET /cormun/servlet/trsolicitudadjuntos?2022,19101, HTTP/1.1" 200 9108
190.171.141.106 - - [22/Aug/2022:16:06:50 -0300] "GET /cormun/servlet/trsolicitudadjuntos?2022,19101, HTTP/1.1" 200 9105
186.67.172.234 - - [22/Aug/2022:16:06:50 -0300] "POST /cormun/servlet/hlogin?ab56c8c830747985687c62451a01f02f,gx-no-cache=1661194363390 HTTP/1.1" 200 451
190.171.141.106 - - [22/Aug/2022:16:06:54 -0300] "GET /cormun/servlet/solicitudotadjuntos?INS,2022,19101,,1, HTTP/1.1" 200 6305
190.171.141.106 - - [22/Aug/2022:16:06:55 -0300] "GET /cormun/static/about:blank HTTP/1.1" 404 1011
190.171.141.106 - - [22/Aug/2022:16:06:55 -0300] "GET /cormun/servlet/solicitudotadjuntos?INS,2022,19101,,1, HTTP/1.1" 200 6298
190.171.141.106 - - [22/Aug/2022:16:06:55 -0300] "GET /cormun/servlet/solicitudotadjuntos?aa88e70f324badd27e780e17ffc7a9a156d81a98f73110876a36d9269273b9bea0b3a5cf40109093888407befc898262,gx-no-cache=1661194368217 HTTP/1.1" 200 30
190.171.141.106 - - [22/Aug/2022:16:06:55 -0300] "POST /cormun/servlet/solicitudotadjuntos?13374e3939c9f33c4ebba99d9fe8a316,INS,2022,19101,,1,,gx-no-cache=1661194368260 HTTP/1.1" 200 4154
190.171.141.106 - - [22/Aug/2022:16:07:01 -0300] "POST /cormun/servlet/solicitudotadjuntos?gx-no-cache=1661194374413 HTTP/1.1" 200 26
190.171.141.106 - - [22/Aug/2022:16:07:03 -0300] "GET /cormun/servlet/solicitudotadjuntos?aa88e70f324badd27e780e17ffc7a9a16c1c1902c8e4e7ef2523c68130bfd046,gx-no-cache=1661194376467 HTTP/1.1" 200 30
190.171.141.106 - - [22/Aug/2022:16:07:03 -0300] "GET /cormun/servlet/solicitudotadjuntos?aa88e70f324badd27e780e17ffc7a9a16c1c1902c8e4e7ef2523c68130bfd046,gx-no-cache=1661194376481 HTTP/1.1" 200 30
190.171.141.106 - - [22/Aug/2022:16:07:04 -0300] "POST /cormun/servlet/solicitudotadjuntos?13374e3939c9f33c4ebba99d9fe8a316,INS,2022,19101,,1,,gx-no-cache=1661194376494 HTTP/1.1" 200 93
190.171.141.106 - - [22/Aug/2022:16:07:04 -0300] "GET /cormun/servlet/hpexe_return? HTTP/1.1" 200 1024
190.171.141.106 - - [22/Aug/2022:16:07:04 -0300] "GET /cormun/servlet/trsolicitudadjuntos?2022,19101, HTTP/1.1" 200 9273
190.171.141.106 - - [22/Aug/2022:16:07:04 -0300] "GET /cormun/servlet/trsolicitudadjuntos?2022,19101, HTTP/1.1" 200 9271
186.67.172.234 - - [22/Aug/2022:16:07:05 -0300] "POST /cormun/servlet/hlogin?ab56c8c830747985687c62451a01f02f,gx-no-cache=1661194378035 HTTP/1.1" 200 451
139.87.71.160 - - [22/Aug/2022:16:07:13 -0300] "GET /manager/html HTTP/1.1" 401 2474
186.67.172.234 - - [22/Aug/2022:16:07:14 -0300] "POST /cormun/servlet/hlogin?ab56c8c830747985687c62451a01f02f,gx-no-cache=1661194387563 HTTP/1.1" 200 451
190.171.141.106 - - [22/Aug/2022:16:07:16 -0300] "GET /cormun/servlet/solicitudotadjuntos?INS,2022,19101,,1, HTTP/1.1" 200 6304
190.171.141.106 - - [22/Aug/2022:16:07:16 -0300] "GET /cormun/static/about:blank HTTP/1.1" 404 1011
190.171.141.106 - - [22/Aug/2022:16:07:16 -0300] "GET /cormun/servlet/solicitudotadjuntos?INS,2022,19101,,1, HTTP/1.1" 200 6297
190.171.141.106 - - [22/Aug/2022:16:07:17 -0300] "GET /cormun/servlet/solicitudotadjuntos?aa88e70f324badd27e780e17ffc7a9a156d81a98f73110876a36d9269273b9bea0b3a5cf40109093888407befc898262,gx-no-cache=1661194389809 HTTP/1.1" 200 30
190.171.141.106 - - [22/Aug/2022:16:07:17 -0300] "POST /cormun/servlet/solicitudotadjuntos?13374e3939c9f33c4ebba99d9fe8a316,INS,2022,19101,,1,,gx-no-cache=1661194389838 HTTP/1.1" 200 4153
190.171.141.106 - - [22/Aug/2022:16:07:21 -0300] "POST /cormun/servlet/solicitudotadjuntos?gx-no-cache=1661194394373 HTTP/1.1" 200 26
186.67.172.234 - - [22/Aug/2022:16:07:28 -0300] "GET /cormun/servlet/trlicencias? HTTP/1.1" 200 7646
186.67.172.234 - - [22/Aug/2022:16:07:28 -0300] "GET /cormun/servlet/hlogin HTTP/1.1" 200 1740
186.67.172.234 - - [22/Aug/2022:16:07:29 -0300] "GET /cormun/servlet/trlicencias? HTTP/1.1" 200 7657
190.171.141.106 - - [22/Aug/2022:16:07:30 -0300] "GET /cormun/servlet/solicitudotadjuntos?aa88e70f324badd27e780e17ffc7a9a16c1c1902c8e4e7ef2523c68130bfd046,gx-no-cache=1661194403218 HTTP/1.1" 200 30
190.171.141.106 - - [22/Aug/2022:16:07:30 -0300] "GET /cormun/servlet/solicitudotadjuntos?aa88e70f324badd27e780e17ffc7a9a16c1c1902c8e4e7ef2523c68130bfd046,gx-no-cache=1661194403232 HTTP/1.1" 200 30
190.171.141.106 - - [22/Aug/2022:16:07:30 -0300] "POST /cormun/servlet/solicitudotadjuntos?13374e3939c9f33c4ebba99d9fe8a316,INS,2022,19101,,1, HTTP/1.1" 200 6725
190.171.141.106 - - [22/Aug/2022:16:07:31 -0300] "GET /home/sistema/apache-tomcat-7.0.65/webapps/cormun/PrivateTempStorage/upload_00000941.pdf HTTP/1.1" 404 1135
190.171.141.106 - - [22/Aug/2022:16:07:31 -0300] "GET /cormun/static/Shared/jqueryui/images/ui-bg_highlight-soft_100_c6c2c8_1x100.png HTTP/1.1" 404 1117
190.171.141.106 - - [22/Aug/2022:16:07:31 -0300] "GET /cormun/static/Shared/jqueryui/images/ui-icons_82798d_256x240.png HTTP/1.1" 404 1089
190.171.141.106 - - [22/Aug/2022:16:07:31 -0300] "GET /cormun/static/Shared/jqueryui/images/ui-bg_flat_55_994d53_40x100.png HTTP/1.1" 404 1097
190.171.141.106 - - [22/Aug/2022:16:07:31 -0300] "GET /cormun/static/Shared/jqueryui/images/ui-icons_ebccce_256x240.png HTTP/1.1" 404 1089
190.171.141.106 - - [22/Aug/2022:16:07:31 -0300] "GET /cormun/PrivateTempStorage/upload_00000941.pdf HTTP/1.1" 200 178174
186.67.172.234 - - [22/Aug/2022:16:07:45 -0300] "POST /cormun/servlet/hlogin?ab56c8c830747985687c62451a01f02f,gx-no-cache=1661194417959 HTTP/1.1" 200 90
186.67.172.234 - - [22/Aug/2022:16:07:45 -0300] "GET /cormun/servlet/hpexe_link HTTP/1.1" 200 956
186.67.172.234 - - [22/Aug/2022:16:07:45 -0300] "GET /cormun/servlet/trlicencias HTTP/1.1" 200 15768
186.67.172.234 - - [22/Aug/2022:16:07:46 -0300] "GET /cormun/servlet/trlicencias HTTP/1.1" 200 15788
186.67.172.234 - - [22/Aug/2022:16:07:49 -0300] "GET /cormun/servlet/trsolicitudot? HTTP/1.1" 200 7411
186.67.172.234 - - [22/Aug/2022:16:07:49 -0300] "GET /cormun/servlet/trsolicitudot? HTTP/1.1" 200 7411
185.7.214.117 - - [22/Aug/2022:16:07:51 -0300] "GET / HTTP/1.1" 200 11217
186.67.172.234 - - [22/Aug/2022:16:07:52 -0300] "GET /cormun/servlet/solicitudot?INS,0,0,false, HTTP/1.1" 200 16120
186.67.172.234 - - [22/Aug/2022:16:07:53 -0300] "GET /cormun/servlet/solicitudot?INS,0,0,false, HTTP/1.1" 200 16127
186.67.172.234 - - [22/Aug/2022:16:08:02 -0300] "POST /cormun/servlet/solicitudot?gx-no-cache=1661194434790 HTTP/1.1" 200 3962
186.67.172.234 - - [22/Aug/2022:16:08:02 -0300] "GET /cormun/static/Shared/jqueryui/images/ui-bg_highlight-soft_100_c6c2c8_1x100.png HTTP/1.1" 404 1117
186.67.172.234 - - [22/Aug/2022:16:08:02 -0300] "GET /cormun/static/Shared/jqueryui/images/ui-icons_82798d_256x240.png HTTP/1.1" 404 1089
186.67.172.234 - - [22/Aug/2022:16:08:02 -0300] "GET /cormun/static/Shared/jqueryui/images/ui-icons_ebccce_256x240.png HTTP/1.1" 404 1089
186.67.172.234 - - [22/Aug/2022:16:08:02 -0300] "GET /cormun/static/Shared/jqueryui/images/ui-bg_flat_55_994d53_40x100.png HTTP/1.1" 404 1097
139.87.71.160 - - [22/Aug/2022:16:08:03 -0300] "GET /manager/html HTTP/1.1" 401 2474
190.171.141.106 - - [22/Aug/2022:16:08:12 -0300] "GET /cormun/servlet/solicitudotadjuntos?aa88e70f324badd27e780e17ffc7a9a16259dfdeec5f28045bac1b7a79146b25d7d8708345d8d068346a25c5137ff69f,gx-no-cache=1661194444858 HTTP/1.1" 200 30
190.171.141.106 - - [22/Aug/2022:16:08:12 -0300] "GET /cormun/servlet/solicitudotadjuntos?aa88e70f324badd27e780e17ffc7a9a1265a1218f9a6d45ffb499b2e0f465fd7d7d8708345d8d068346a25c5137ff69f,gx-no-cache=1661194444881 HTTP/1.1" 200 30
190.171.141.106 - - [22/Aug/2022:16:08:12 -0300] "POST /cormun/servlet/solicitudotadjuntos?13374e3939c9f33c4ebba99d9fe8a316,INS,2022,19101,,1, HTTP/1.1" 200 6725
190.171.141.106 - - [22/Aug/2022:16:08:12 -0300] "GET /cormun/PrivateTempStorage/upload_00000953.pdf HTTP/1.1" 200 178174
190.171.141.106 - - [22/Aug/2022:16:08:15 -0300] "POST /cormun/servlet/solicitudotadjuntos?13374e3939c9f33c4ebba99d9fe8a316,INS,2022,19101,,1, HTTP/1.1" 200 116
190.171.141.106 - - [22/Aug/2022:16:08:15 -0300] "GET /cormun/servlet/hpexe_return? HTTP/1.1" 200 1024
190.171.141.106 - - [22/Aug/2022:16:08:16 -0300] "GET /cormun/servlet/trsolicitudadjuntos?2022,19101, HTTP/1.1" 200 9273
186.67.172.234 - - [22/Aug/2022:16:08:16 -0300] "GET /cormun/servlet/solicitudot?40b40b0d6adfb9c313da557f4011fa4c76f8b08a7fae6b777739d794fe4a0283e143526a60378a385b9e90aca0ef2fdf,gx-no-cache=1661194448871 HTTP/1.1" 200 111
190.171.141.106 - - [22/Aug/2022:16:08:16 -0300] "GET /cormun/servlet/trsolicitudadjuntos?2022,19101, HTTP/1.1" 200 9271
186.67.172.234 - - [22/Aug/2022:16:08:21 -0300] "GET /cormun/servlet/solicitudot?40b40b0d6adfb9c313da557f4011fa4c4cc01573148cfc20e3945dc7029b8468f4c1604dde5c5e72102e810b536b44f0,gx-no-cache=1661194454290 HTTP/1.1" 200 30
190.171.141.106 - - [22/Aug/2022:16:08:24 -0300] "GET /cormun/servlet/solicitudotadjuntos?INS,2022,19101,,1, HTTP/1.1" 200 6304
190.171.141.106 - - [22/Aug/2022:16:08:25 -0300] "GET /cormun/static/about:blank HTTP/1.1" 404 1011
190.171.141.106 - - [22/Aug/2022:16:08:25 -0300] "GET /cormun/servlet/solicitudotadjuntos?INS,2022,19101,,1, HTTP/1.1" 200 6297
190.171.141.106 - - [22/Aug/2022:16:08:25 -0300] "GET /cormun/servlet/solicitudotadjuntos?aa88e70f324badd27e780e17ffc7a9a156d81a98f73110876a36d9269273b9bea0b3a5cf40109093888407befc898262,gx-no-cache=1661194458116 HTTP/1.1" 200 30
190.171.141.106 - - [22/Aug/2022:16:08:25 -0300] "POST /cormun/servlet/solicitudotadjuntos?13374e3939c9f33c4ebba99d9fe8a316,INS,2022,19101,,1,,gx-no-cache=1661194458187 HTTP/1.1" 200 4153
190.171.141.106 - - [22/Aug/2022:16:08:30 -0300] "POST /cormun/servlet/solicitudotadjuntos?gx-no-cache=1661194462420 HTTP/1.1" 200 26
190.171.141.106 - - [22/Aug/2022:16:08:38 -0300] "GET /cormun/servlet/solicitudotadjuntos?aa88e70f324badd27e780e17ffc7a9a16c1c1902c8e4e7ef2523c68130bfd046,gx-no-cache=1661194471145 HTTP/1.1" 200 30
190.171.141.106 - - [22/Aug/2022:16:08:38 -0300] "GET /cormun/servlet/solicitudotadjuntos?aa88e70f324badd27e780e17ffc7a9a16c1c1902c8e4e7ef2523c68130bfd046,gx-no-cache=1661194471158 HTTP/1.1" 200 30
190.171.141.106 - - [22/Aug/2022:16:08:38 -0300] "POST /cormun/servlet/solicitudotadjuntos?13374e3939c9f33c4ebba99d9fe8a316,INS,2022,19101,,1, HTTP/1.1" 200 116
190.171.141.106 - - [22/Aug/2022:16:08:38 -0300] "GET /cormun/servlet/hpexe_return? HTTP/1.1" 200 1024
190.171.141.106 - - [22/Aug/2022:16:08:39 -0300] "GET /cormun/servlet/trsolicitudadjuntos?2022,19101, HTTP/1.1" 200 9532
190.171.141.106 - - [22/Aug/2022:16:08:39 -0300] "GET /cormun/servlet/trsolicitudadjuntos?2022,19101, HTTP/1.1" 200 9531
190.171.141.106 - - [22/Aug/2022:16:08:42 -0300] "GET /cormun/servlet/solicitudotadjuntos?INS,2022,19101,,1, HTTP/1.1" 200 6304
190.171.141.106 - - [22/Aug/2022:16:08:42 -0300] "GET /cormun/static/about:blank HTTP/1.1" 404 1011
190.171.141.106 - - [22/Aug/2022:16:08:42 -0300] "GET /cormun/servlet/solicitudotadjuntos?INS,2022,19101,,1, HTTP/1.1" 200 6297
190.171.141.106 - - [22/Aug/2022:16:08:43 -0300] "GET /cormun/servlet/solicitudotadjuntos?aa88e70f324badd27e780e17ffc7a9a156d81a98f73110876a36d9269273b9bea0b3a5cf40109093888407befc898262,gx-no-cache=1661194475809 HTTP/1.1" 200 30
190.171.141.106 - - [22/Aug/2022:16:08:43 -0300] "POST /cormun/servlet/solicitudotadjuntos?13374e3939c9f33c4ebba99d9fe8a316,INS,2022,19101,,1,,gx-no-cache=1661194475835 HTTP/1.1" 200 4153
190.171.141.106 - - [22/Aug/2022:16:08:47 -0300] "POST /cormun/servlet/solicitudotadjuntos?gx-no-cache=1661194480381 HTTP/1.1" 200 26
190.171.141.106 - - [22/Aug/2022:16:08:59 -0300] "GET /cormun/servlet/solicitudotadjuntos?aa88e70f324badd27e780e17ffc7a9a16c1c1902c8e4e7ef2523c68130bfd046,gx-no-cache=1661194492474 HTTP/1.1" 200 30
190.171.141.106 - - [22/Aug/2022:16:08:59 -0300] "GET /cormun/servlet/solicitudotadjuntos?aa88e70f324badd27e780e17ffc7a9a16c1c1902c8e4e7ef2523c68130bfd046,gx-no-cache=1661194492486 HTTP/1.1" 200 30
190.171.141.106 - - [22/Aug/2022:16:09:00 -0300] "POST /cormun/servlet/solicitudotadjuntos?13374e3939c9f33c4ebba99d9fe8a316,INS,2022,19101,,1, HTTP/1.1" 200 116
190.171.141.106 - - [22/Aug/2022:16:09:00 -0300] "GET /cormun/servlet/hpexe_return? HTTP/1.1" 200 1024
190.171.141.106 - - [22/Aug/2022:16:09:00 -0300] "GET /cormun/servlet/trsolicitudadjuntos?2022,19101, HTTP/1.1" 200 9729
190.171.141.106 - - [22/Aug/2022:16:09:01 -0300] "GET /cormun/servlet/trsolicitudadjuntos?2022,19101, HTTP/1.1" 200 9730
190.171.141.106 - - [22/Aug/2022:16:09:04 -0300] "GET /cormun/servlet/solicitudotadjuntos?INS,2022,19101,,1, HTTP/1.1" 200 6305
186.67.172.234 - - [22/Aug/2022:16:09:04 -0300] "GET /cormun/servlet/solicitudot?40b40b0d6adfb9c313da557f4011fa4cd58ba010cd21dfc20f7f0d2fc1540cace758759c5a39b86137764463eacc0425,gx-no-cache=1661194497062 HTTP/1.1" 200 30
190.171.141.106 - - [22/Aug/2022:16:09:04 -0300] "GET /cormun/static/about:blank HTTP/1.1" 404 1011
190.171.141.106 - - [22/Aug/2022:16:09:04 -0300] "GET /cormun/servlet/solicitudotadjuntos?INS,2022,19101,,1, HTTP/1.1" 200 6298
190.171.141.106 - - [22/Aug/2022:16:09:05 -0300] "GET /cormun/servlet/solicitudotadjuntos?aa88e70f324badd27e780e17ffc7a9a156d81a98f73110876a36d9269273b9bea0b3a5cf40109093888407befc898262,gx-no-cache=1661194497714 HTTP/1.1" 200 30
190.171.141.106 - - [22/Aug/2022:16:09:05 -0300] "POST /cormun/servlet/solicitudotadjuntos?13374e3939c9f33c4ebba99d9fe8a316,INS,2022,19101,,1,,gx-no-cache=1661194497743 HTTP/1.1" 200 4153
186.67.172.234 - - [22/Aug/2022:16:09:07 -0300] "GET /cormun/servlet/solicitudot?40b40b0d6adfb9c313da557f4011fa4cc3c8e0733592a2359a2b4167d0630711,gx-no-cache=1661194500054 HTTP/1.1" 200 51
190.171.141.106 - - [22/Aug/2022:16:09:09 -0300] "POST /cormun/servlet/solicitudotadjuntos?gx-no-cache=1661194502108 HTTP/1.1" 200 26
186.67.172.234 - - [22/Aug/2022:16:09:13 -0300] "POST /cormun/servlet/solicitudot?ab56c8c830747985687c62451a01f02f,INS,0,0,false,,gx-no-cache=1661194505952 HTTP/1.1" 200 13066
190.171.141.106 - - [22/Aug/2022:16:09:19 -0300] "GET /cormun/servlet/solicitudotadjuntos?aa88e70f324badd27e780e17ffc7a9a16c1c1902c8e4e7ef2523c68130bfd046,gx-no-cache=1661194512186 HTTP/1.1" 200 30
190.171.141.106 - - [22/Aug/2022:16:09:19 -0300] "GET /cormun/servlet/solicitudotadjuntos?aa88e70f324badd27e780e17ffc7a9a16c1c1902c8e4e7ef2523c68130bfd046,gx-no-cache=1661194512213 HTTP/1.1" 200 30
190.171.141.106 - - [22/Aug/2022:16:09:19 -0300] "POST /cormun/servlet/solicitudotadjuntos?13374e3939c9f33c4ebba99d9fe8a316,INS,2022,19101,,1, HTTP/1.1" 200 116
190.171.141.106 - - [22/Aug/2022:16:09:19 -0300] "GET /cormun/servlet/hpexe_return? HTTP/1.1" 200 1024
190.171.141.106 - - [22/Aug/2022:16:09:20 -0300] "GET /cormun/servlet/trsolicitudadjuntos?2022,19101, HTTP/1.1" 200 10017
190.171.141.106 - - [22/Aug/2022:16:09:20 -0300] "GET /cormun/servlet/trsolicitudadjuntos?2022,19101, HTTP/1.1" 200 10017
190.171.141.106 - - [22/Aug/2022:16:09:24 -0300] "GET /cormun/servlet/solicitudotadjuntos?INS,2022,19101,,1, HTTP/1.1" 200 6305
190.171.141.106 - - [22/Aug/2022:16:09:24 -0300] "GET /cormun/static/about:blank HTTP/1.1" 404 1011
190.171.141.106 - - [22/Aug/2022:16:09:24 -0300] "GET /cormun/servlet/solicitudotadjuntos?INS,2022,19101,,1, HTTP/1.1" 200 6298
190.171.141.106 - - [22/Aug/2022:16:09:25 -0300] "GET /cormun/servlet/solicitudotadjuntos?aa88e70f324badd27e780e17ffc7a9a156d81a98f73110876a36d9269273b9bea0b3a5cf40109093888407befc898262,gx-no-cache=1661194517955 HTTP/1.1" 200 30
190.171.141.106 - - [22/Aug/2022:16:09:25 -0300] "POST /cormun/servlet/solicitudotadjuntos?13374e3939c9f33c4ebba99d9fe8a316,INS,2022,19101,,1,,gx-no-cache=1661194517977 HTTP/1.1" 200 4153
186.67.172.234 - - [22/Aug/2022:16:09:25 -0300] "POST /cormun/servlet/solicitudot?gx-no-cache=1661194518548 HTTP/1.1" 200 256
186.67.172.234 - - [22/Aug/2022:16:09:28 -0300] "GET /cormun/servlet/solicitudot?40b40b0d6adfb9c313da557f4011fa4ce33599191852caa68a9dd1da0fd653828319da8bb3467ab3bc05d791afad66e482cea79c9eba5377401dd58fd3e96d25d4277ad56c2d01bf9daa451c41ac17b25dd05ccc5e2af5b24a460c35216df6216eec88c320ef916820db94e66f7783f13df9f8f8e175a42a29c8c3d5a0350c896902a83cc3b3a5854b59f88a870a39cee1394c5d6f01862360e416a328027cd3e52449b5e994ac8b8f98b02c6b9ef846e1692479ec0501a2e4199e0331b5af16e71d10fbcb3936509cd9edeef1d752b44af5c459340228931be55f1fbb5184a08f3f25c03ce51e4141b763dec308feee62e78038cec11c69121adc12cfe35de89ca1594a4cb7fd14bc9d10ffa2cdfeb896febcb83999ee7d2d5cf57379cb924dc5e99d716ecf6c547cd1b8ddc315dc06672de19016b246c84d22956cecafc7048b8ad9f4f34fe4e81bdfe82e8002e1817251b66bcf8c6691fafc837a3c66013396ea26fe0e16224ba4e7587e1b8907bdb154c1d6a02d38911712d116bf7d1b43,gx-no-cache=1661194521357 HTTP/1.1" 200 30
186.67.172.234 - - [22/Aug/2022:16:09:30 -0300] "POST /cormun/servlet/solicitudot?gx-no-cache=1661194522651 HTTP/1.1" 200 30
186.67.172.234 - - [22/Aug/2022:16:09:32 -0300] "POST /cormun/servlet/solicitudot?gx-no-cache=1661194524784 HTTP/1.1" 200 1466
186.67.172.234 - - [22/Aug/2022:16:09:32 -0300] "POST /cormun/servlet/solicitudot?gx-no-cache=1661194524813 HTTP/1.1" 200 38
190.171.141.106 - - [22/Aug/2022:16:09:37 -0300] "POST /cormun/servlet/solicitudotadjuntos?gx-no-cache=1661194529692 HTTP/1.1" 200 26
186.67.172.234 - - [22/Aug/2022:16:09:38 -0300] "GET /cormun/servlet/solicitudot?40b40b0d6adfb9c313da557f4011fa4c8920b19b4a18f4c09e9f1c62ee5e97abcb7654f093d3e86bc3fd54f2df4c8a35cb608329e65338ba134d478515e0f46663c6779740d1be246593c48f0ca9ee5c1fda72ceff30a97cbda4ca91a12cabe8289dfb20d390a9fdec6f6da8e8604077,gx-no-cache=1661194531224 HTTP/1.1" 200 110
186.67.172.234 - - [22/Aug/2022:16:09:38 -0300] "POST /cormun/servlet/solicitudot?gx-no-cache=1661194531244 HTTP/1.1" 200 109
139.87.71.160 - - [22/Aug/2022:16:09:40 -0300] "GET /manager/html HTTP/1.1" 401 2474
186.67.172.234 - - [22/Aug/2022:16:09:45 -0300] "GET /cormun/servlet/solicitudot?40b40b0d6adfb9c313da557f4011fa4c2700bf8ce55ece9f80c8025034a16cc30c38b8c934102903d587720e5e61371bd76a2d115b9fc5f41b006df55b4fecf7d8ba079695437dcb0c10d16e0a77e5b3,gx-no-cache=1661194538252 HTTP/1.1" 200 29
186.67.172.234 - - [22/Aug/2022:16:09:45 -0300] "GET /cormun/static/menuarrow.gif HTTP/1.1" 404 1015
186.67.172.234 - - [22/Aug/2022:16:09:50 -0300] "GET /cormun/servlet/solicitudot?40b40b0d6adfb9c313da557f4011fa4cba853bbc3a88280f82bd0fa98c05428ff4ff2fb4adc361a0281fa0c79b1b613d,gx-no-cache=1661194542923 HTTP/1.1" 200 30
190.171.141.106 - - [22/Aug/2022:16:09:55 -0300] "GET /cormun/servlet/solicitudotadjuntos?aa88e70f324badd27e780e17ffc7a9a16c1c1902c8e4e7ef2523c68130bfd046,gx-no-cache=1661194547826 HTTP/1.1" 200 30
190.171.141.106 - - [22/Aug/2022:16:09:55 -0300] "GET /cormun/servlet/solicitudotadjuntos?aa88e70f324badd27e780e17ffc7a9a16c1c1902c8e4e7ef2523c68130bfd046,gx-no-cache=1661194547838 HTTP/1.1" 200 30
190.171.141.106 - - [22/Aug/2022:16:09:55 -0300] "POST /cormun/servlet/solicitudotadjuntos?13374e3939c9f33c4ebba99d9fe8a316,INS,2022,19101,,1, HTTP/1.1" 200 116
190.171.141.106 - - [22/Aug/2022:16:09:55 -0300] "GET /cormun/servlet/hpexe_return? HTTP/1.1" 200 1024
190.171.141.106 - - [22/Aug/2022:16:09:55 -0300] "GET /cormun/servlet/trsolicitudadjuntos?2022,19101, HTTP/1.1" 200 10182
190.171.141.106 - - [22/Aug/2022:16:09:56 -0300] "GET /cormun/servlet/trsolicitudadjuntos?2022,19101, HTTP/1.1" 200 10176
186.67.172.234 - - [22/Aug/2022:16:10:00 -0300] "POST /cormun/servlet/solicitudot?gx-no-cache=1661194553408 HTTP/1.1" 200 30
186.67.172.234 - - [22/Aug/2022:16:10:06 -0300] "POST /cormun/servlet/solicitudot?ab56c8c830747985687c62451a01f02f,INS,0,0,false,,gx-no-cache=1661194558853 HTTP/1.1" 200 13107
190.171.141.106 - - [22/Aug/2022:16:10:07 -0300] "GET /cormun/servlet/solicitudotadjuntos?INS,2022,19101,,2, HTTP/1.1" 200 6304
190.171.141.106 - - [22/Aug/2022:16:10:07 -0300] "GET /cormun/static/about:blank HTTP/1.1" 404 1011
190.171.141.106 - - [22/Aug/2022:16:10:07 -0300] "GET /cormun/servlet/solicitudotadjuntos?INS,2022,19101,,2, HTTP/1.1" 200 6297
190.171.141.106 - - [22/Aug/2022:16:10:07 -0300] "GET /cormun/servlet/solicitudotadjuntos?aa88e70f324badd27e780e17ffc7a9a156d81a98f73110876a36d9269273b9bea0b3a5cf40109093888407befc898262,gx-no-cache=1661194560391 HTTP/1.1" 200 30
190.171.141.106 - - [22/Aug/2022:16:10:07 -0300] "POST /cormun/servlet/solicitudotadjuntos?13374e3939c9f33c4ebba99d9fe8a316,INS,2022,19101,,2,,gx-no-cache=1661194560412 HTTP/1.1" 200 4369
190.171.141.106 - - [22/Aug/2022:16:10:12 -0300] "POST /cormun/servlet/solicitudotadjuntos?gx-no-cache=1661194564773 HTTP/1.1" 200 26
190.171.141.106 - - [22/Aug/2022:16:10:20 -0300] "GET /cormun/servlet/solicitudotadjuntos?aa88e70f324badd27e780e17ffc7a9a16c1c1902c8e4e7ef2523c68130bfd046,gx-no-cache=1661194572881 HTTP/1.1" 200 30
190.171.141.106 - - [22/Aug/2022:16:10:20 -0300] "GET /cormun/servlet/solicitudotadjuntos?aa88e70f324badd27e780e17ffc7a9a16c1c1902c8e4e7ef2523c68130bfd046,gx-no-cache=1661194572894 HTTP/1.1" 200 30
190.171.141.106 - - [22/Aug/2022:16:10:20 -0300] "POST /cormun/servlet/solicitudotadjuntos?13374e3939c9f33c4ebba99d9fe8a316,INS,2022,19101,,2, HTTP/1.1" 200 116
190.171.141.106 - - [22/Aug/2022:16:10:20 -0300] "GET /cormun/servlet/hpexe_return? HTTP/1.1" 200 1024
190.171.141.106 - - [22/Aug/2022:16:10:20 -0300] "GET /cormun/servlet/trsolicitudadjuntos?2022,19101, HTTP/1.1" 200 10344
190.171.141.106 - - [22/Aug/2022:16:10:21 -0300] "GET /cormun/servlet/trsolicitudadjuntos?2022,19101, HTTP/1.1" 200 10344
186.67.172.234 - - [22/Aug/2022:16:10:24 -0300] "POST /cormun/servlet/solicitudot?ab56c8c830747985687c62451a01f02f,INS,0,0,false,,gx-no-cache=1661194576718 HTTP/1.1" 200 93
186.67.172.234 - - [22/Aug/2022:16:10:24 -0300] "GET /cormun/servlet/hpexe_return? HTTP/1.1" 200 1009
186.67.172.234 - - [22/Aug/2022:16:10:24 -0300] "GET /cormun/static/gxcfg.js?201991422392976 HTTP/1.1" 200 953
186.67.172.234 - - [22/Aug/2022:16:10:24 -0300] "GET /cormun/static/hpexe_return.js?201991422392984 HTTP/1.1" 200 1633
186.67.172.234 - - [22/Aug/2022:16:10:24 -0300] "GET /cormun/servlet/trsolicitudot HTTP/1.1" 200 7415
186.67.172.234 - - [22/Aug/2022:16:10:24 -0300] "GET /cormun/servlet/trsolicitudot HTTP/1.1" 200 7411
186.67.172.234 - - [22/Aug/2022:16:10:30 -0300] "GET /cormun/servlet/trlicencias? HTTP/1.1" 200 15761
186.67.172.234 - - [22/Aug/2022:16:10:30 -0300] "GET /cormun/servlet/trlicencias? HTTP/1.1" 200 15762
190.171.141.106 - - [22/Aug/2022:16:10:37 -0300] "GET /cormun/servlet/solicitudotadjuntos?INS,2022,19101,,2, HTTP/1.1" 200 6304
190.171.141.106 - - [22/Aug/2022:16:10:38 -0300] "GET /cormun/static/about:blank HTTP/1.1" 404 1011
190.171.141.106 - - [22/Aug/2022:16:10:38 -0300] "GET /cormun/servlet/solicitudotadjuntos?INS,2022,19101,,2, HTTP/1.1" 200 6297
190.171.141.106 - - [22/Aug/2022:16:10:38 -0300] "GET /cormun/servlet/solicitudotadjuntos?aa88e70f324badd27e780e17ffc7a9a156d81a98f73110876a36d9269273b9bea0b3a5cf40109093888407befc898262,gx-no-cache=1661194591177 HTTP/1.1" 200 30
190.171.141.106 - - [22/Aug/2022:16:10:38 -0300] "POST /cormun/servlet/solicitudotadjuntos?13374e3939c9f33c4ebba99d9fe8a316,INS,2022,19101,,2,,gx-no-cache=1661194591208 HTTP/1.1" 200 4369
190.171.141.106 - - [22/Aug/2022:16:10:51 -0300] "POST /cormun/servlet/solicitudotadjuntos?gx-no-cache=1661194604516 HTTP/1.1" 200 26
190.171.141.106 - - [22/Aug/2022:16:10:57 -0300] "GET /cormun/servlet/solicitudotadjuntos?aa88e70f324badd27e780e17ffc7a9a16c1c1902c8e4e7ef2523c68130bfd046,gx-no-cache=1661194609833 HTTP/1.1" 200 30
190.171.141.106 - - [22/Aug/2022:16:10:57 -0300] "GET /cormun/servlet/solicitudotadjuntos?aa88e70f324badd27e780e17ffc7a9a16c1c1902c8e4e7ef2523c68130bfd046,gx-no-cache=1661194609846 HTTP/1.1" 200 30
190.171.141.106 - - [22/Aug/2022:16:10:57 -0300] "POST /cormun/servlet/solicitudotadjuntos?13374e3939c9f33c4ebba99d9fe8a316,INS,2022,19101,,2, HTTP/1.1" 200 116
190.171.141.106 - - [22/Aug/2022:16:10:57 -0300] "GET /cormun/servlet/hpexe_return? HTTP/1.1" 200 1024
190.171.141.106 - - [22/Aug/2022:16:10:57 -0300] "GET /cormun/servlet/trsolicitudadjuntos?2022,19101, HTTP/1.1" 200 10499
190.171.141.106 - - [22/Aug/2022:16:10:58 -0300] "GET /cormun/servlet/trsolicitudadjuntos?2022,19101, HTTP/1.1" 200 10495
190.171.141.106 - - [22/Aug/2022:16:11:04 -0300] "GET /cormun/servlet/solicitudotadjuntos?DLT,2022,19101,CERTIF2,0, HTTP/1.1" 200 6174
190.171.141.106 - - [22/Aug/2022:16:11:04 -0300] "GET /cormun/static/about:blank HTTP/1.1" 404 1011
190.171.141.106 - - [22/Aug/2022:16:11:04 -0300] "GET /cormun/static/Shared/jqueryui/images/ui-bg_highlight-soft_100_c6c2c8_1x100.png HTTP/1.1" 404 1117
190.171.141.106 - - [22/Aug/2022:16:11:04 -0300] "GET /cormun/static/Shared/jqueryui/images/ui-icons_82798d_256x240.png HTTP/1.1" 404 1089
190.171.141.106 - - [22/Aug/2022:16:11:04 -0300] "GET /cormun/static/Shared/jqueryui/images/ui-bg_flat_55_fafafa_40x100.png HTTP/1.1" 404 1097
190.171.141.106 - - [22/Aug/2022:16:11:04 -0300] "GET /cormun/static/Shared/jqueryui/images/ui-icons_8d78a5_256x240.png HTTP/1.1" 404 1089
190.171.141.106 - - [22/Aug/2022:16:11:04 -0300] "GET /cormun/servlet/solicitudotadjuntos?DLT,2022,19101,CERTIF2,0, HTTP/1.1" 200 6168
139.87.71.160 - - [22/Aug/2022:16:11:06 -0300] "GET /manager/html HTTP/1.1" 401 2474
190.171.141.106 - - [22/Aug/2022:16:11:08 -0300] "POST /cormun/servlet/solicitudotadjuntos?13374e3939c9f33c4ebba99d9fe8a316,DLT,2022,19101,CERTIF2,0,,gx-no-cache=1661194620893 HTTP/1.1" 200 93
190.171.141.106 - - [22/Aug/2022:16:11:08 -0300] "GET /cormun/servlet/hpexe_return? HTTP/1.1" 200 1031
190.171.141.106 - - [22/Aug/2022:16:11:08 -0300] "GET /cormun/servlet/trsolicitudadjuntos?2022,19101, HTTP/1.1" 200 10497
190.171.141.106 - - [22/Aug/2022:16:11:09 -0300] "GET /cormun/servlet/trsolicitudadjuntos?2022,19101, HTTP/1.1" 200 10498
190.171.141.106 - - [22/Aug/2022:16:12:00 -0300] "GET /cormun/servlet/solicitudotadjuntos?DLT,2022,19101,CERTIF2,0, HTTP/1.1" 200 6174
190.171.141.106 - - [22/Aug/2022:16:12:00 -0300] "GET /cormun/static/about:blank HTTP/1.1" 404 1011
190.171.141.106 - - [22/Aug/2022:16:12:00 -0300] "GET /cormun/static/Shared/jqueryui/images/ui-bg_highlight-soft_100_c6c2c8_1x100.png HTTP/1.1" 404 1117
190.171.141.106 - - [22/Aug/2022:16:12:00 -0300] "GET /cormun/static/Shared/jqueryui/images/ui-icons_82798d_256x240.png HTTP/1.1" 404 1089
190.171.141.106 - - [22/Aug/2022:16:12:00 -0300] "GET /cormun/static/Shared/jqueryui/images/ui-bg_flat_55_fafafa_40x100.png HTTP/1.1" 404 1097
190.171.141.106 - - [22/Aug/2022:16:12:00 -0300] "GET /cormun/static/Shared/jqueryui/images/ui-icons_8d78a5_256x240.png HTTP/1.1" 404 1089
190.171.141.106 - - [22/Aug/2022:16:12:00 -0300] "GET /cormun/servlet/solicitudotadjuntos?DLT,2022,19101,CERTIF2,0, HTTP/1.1" 200 6168
190.95.15.15 - - [22/Aug/2022:16:12:54 -0300] "GET /cormun/servlet/hlogin HTTP/1.1" 200 1723
190.95.15.15 - - [22/Aug/2022:16:12:55 -0300] "GET /cormun/static/gxtimezone.js?85251 HTTP/1.1" 200 5781
190.95.15.15 - - [22/Aug/2022:16:12:55 -0300] "GET /cormun/static/gxcfg.js?201910216285969 HTTP/1.1" 200 953
190.95.15.15 - - [22/Aug/2022:16:12:55 -0300] "GET /cormun/static/Resources/Spanish/PXTools.css?2294816 HTTP/1.1" 200 100853
190.95.15.15 - - [22/Aug/2022:16:12:55 -0300] "GET /cormun/static/messages.spa.js?85251 HTTP/1.1" 200 30736
190.95.15.15 - - [22/Aug/2022:16:12:55 -0300] "GET /cormun/static/hlogin.js?201910216285995 HTTP/1.1" 200 2136
190.95.15.15 - - [22/Aug/2022:16:12:55 -0300] "GET /cormun/static/Resources/Logo2019_Grande.png HTTP/1.1" 200 31733
190.95.15.15 - - [22/Aug/2022:16:12:55 -0300] "GET /cormun/static/gxgral.js?85251 HTTP/1.1" 200 384558
190.95.15.15 - - [22/Aug/2022:16:12:55 -0300] "GET /cormun/static/Resources/PXToolsLoginBackground.png HTTP/1.1" 200 1164
190.95.15.15 - - [22/Aug/2022:16:12:55 -0300] "GET /cormun/static/Resources/PXToolsButtonRight.png HTTP/1.1" 200 1294
190.95.15.15 - - [22/Aug/2022:16:12:55 -0300] "GET /cormun/static/Resources/PXToolsButtonLeft.png HTTP/1.1" 200 1310
190.95.15.15 - - [22/Aug/2022:16:12:55 -0300] "GET /cormun/static/Resources/PXToolsLoginTop.png HTTP/1.1" 200 1337
190.95.15.15 - - [22/Aug/2022:16:12:55 -0300] "GET /cormun/static/Resources/PXToolsButtonBackground.png HTTP/1.1" 200 1176
190.95.15.15 - - [22/Aug/2022:16:12:55 -0300] "GET /cormun/static/Resources/PXToolsLoginBottom.png HTTP/1.1" 200 1389
190.95.15.15 - - [22/Aug/2022:16:12:55 -0300] "GET /cormun/static/Resources/indicator.gif HTTP/1.1" 200 1553
190.95.15.15 - - [22/Aug/2022:16:12:55 -0300] "GET /cormun/servlet/hlogin HTTP/1.1" 200 1733
190.95.15.15 - - [22/Aug/2022:16:12:55 -0300] "GET /favicon.ico HTTP/1.1" 200 21630
139.87.71.160 - - [22/Aug/2022:16:13:17 -0300] "GET /manager/html HTTP/1.1" 401 2474
190.95.15.15 - - [22/Aug/2022:16:13:50 -0300] "POST /cormun/servlet/hlogin?1152424787b16f1bc7f9c30d14a485ce,gx-no-cache=1661197039221 HTTP/1.1" 200 439
139.87.71.160 - - [22/Aug/2022:16:14:01 -0300] "GET /manager/html HTTP/1.1" 401 2474
190.95.15.15 - - [22/Aug/2022:16:14:10 -0300] "POST /cormun/servlet/hlogin?1152424787b16f1bc7f9c30d14a485ce,gx-no-cache=1661197059516 HTTP/1.1" 200 439
139.87.71.160 - - [22/Aug/2022:16:14:43 -0300] "GET /manager/html HTTP/1.1" 401 2474
190.171.149.74 - - [22/Aug/2022:16:14:59 -0300] "POST /cormun/servlet/trlicencias?04f7cb533584415ee7285ab036ca97f9,gx-no-cache=1661194851708 HTTP/1.1" 440 972
190.208.14.8 - - [22/Aug/2022:16:15:00 -0300] "GET /cormun/servlet/hlogin HTTP/1.1" 200 1733
190.171.149.74 - - [22/Aug/2022:16:15:00 -0300] "GET /cormun/servlet/trlicencias HTTP/1.1" 200 7520
190.171.149.74 - - [22/Aug/2022:16:15:01 -0300] "GET /cormun/servlet/hlogin HTTP/1.1" 200 1747
190.208.14.8 - - [22/Aug/2022:16:15:01 -0300] "GET /cormun/static/gxtimezone.js?85251 HTTP/1.1" 200 5781
190.171.149.74 - - [22/Aug/2022:16:15:01 -0300] "GET /cormun/servlet/trlicencias HTTP/1.1" 200 7519
190.208.14.8 - - [22/Aug/2022:16:15:01 -0300] "GET /cormun/static/gxcfg.js?201910216285969 HTTP/1.1" 200 953
190.208.14.8 - - [22/Aug/2022:16:15:01 -0300] "GET /cormun/static/Resources/Spanish/PXTools.css?2294816 HTTP/1.1" 200 100853
190.208.14.8 - - [22/Aug/2022:16:15:01 -0300] "GET /cormun/static/gxgral.js?85251 HTTP/1.1" 200 384558
190.208.14.8 - - [22/Aug/2022:16:15:02 -0300] "GET /cormun/static/messages.spa.js?85251 HTTP/1.1" 200 30736
190.208.14.8 - - [22/Aug/2022:16:15:02 -0300] "GET /cormun/static/hlogin.js?201910216285995 HTTP/1.1" 200 2136
190.208.14.8 - - [22/Aug/2022:16:15:03 -0300] "GET /cormun/static/Resources/Logo2019_Grande.png HTTP/1.1" 200 31733
190.208.14.8 - - [22/Aug/2022:16:15:04 -0300] "GET /cormun/static/Resources/PXToolsButtonBackground.png HTTP/1.1" 200 1176
190.208.14.8 - - [22/Aug/2022:16:15:04 -0300] "GET /cormun/static/Resources/PXToolsLoginBottom.png HTTP/1.1" 200 1389
190.208.14.8 - - [22/Aug/2022:16:15:04 -0300] "GET /cormun/static/Resources/PXToolsButtonRight.png HTTP/1.1" 200 1294
190.208.14.8 - - [22/Aug/2022:16:15:04 -0300] "GET /cormun/static/Resources/PXToolsLoginBackground.png HTTP/1.1" 200 1164
190.208.14.8 - - [22/Aug/2022:16:15:04 -0300] "GET /cormun/static/Resources/PXToolsButtonLeft.png HTTP/1.1" 200 1310
190.208.14.8 - - [22/Aug/2022:16:15:04 -0300] "GET /cormun/static/Resources/PXToolsLoginTop.png HTTP/1.1" 200 1337
190.208.14.8 - - [22/Aug/2022:16:15:05 -0300] "GET /cormun/static/Resources/indicator.gif HTTP/1.1" 200 1553
190.208.14.8 - - [22/Aug/2022:16:15:05 -0300] "GET /cormun/servlet/hlogin HTTP/1.1" 200 1743
139.87.71.160 - - [22/Aug/2022:16:15:28 -0300] "GET /manager/html HTTP/1.1" 401 2474
190.171.149.74 - - [22/Aug/2022:16:15:33 -0300] "POST /cormun/servlet/hlogin?a01e6787ce5886bd22d342d5241fc6e7,gx-no-cache=1661194885841 HTTP/1.1" 200 90
190.171.149.74 - - [22/Aug/2022:16:15:33 -0300] "GET /cormun/servlet/hpexe_link HTTP/1.1" 200 961
190.171.149.74 - - [22/Aug/2022:16:15:33 -0300] "GET /cormun/servlet/trlicencias HTTP/1.1" 200 13453
190.171.149.74 - - [22/Aug/2022:16:15:34 -0300] "GET /cormun/servlet/trlicencias HTTP/1.1" 200 13444
139.87.71.160 - - [22/Aug/2022:16:16:11 -0300] "GET /manager/html HTTP/1.1" 401 2474
190.171.141.106 - - [22/Aug/2022:16:16:34 -0300] "POST /cormun/servlet/solicitudotadjuntos?13374e3939c9f33c4ebba99d9fe8a316,DLT,2022,19101,CERTIF2,0,,gx-no-cache=1661194947182 HTTP/1.1" 200 93
190.171.141.106 - - [22/Aug/2022:16:16:34 -0300] "GET /cormun/servlet/hpexe_return? HTTP/1.1" 200 1031
190.171.141.106 - - [22/Aug/2022:16:16:35 -0300] "GET /cormun/servlet/trsolicitudadjuntos?2022,19101, HTTP/1.1" 200 10500
190.171.141.106 - - [22/Aug/2022:16:16:35 -0300] "GET /cormun/servlet/trsolicitudadjuntos?2022,19101, HTTP/1.1" 200 10498
190.171.141.106 - - [22/Aug/2022:16:16:45 -0300] "GET /cormun/servlet/solicitudotadjuntos?DLT,2022,19101,CERTIF2,0, HTTP/1.1" 200 6174
190.171.141.106 - - [22/Aug/2022:16:16:45 -0300] "GET /cormun/static/about:blank HTTP/1.1" 404 1011
190.171.141.106 - - [22/Aug/2022:16:16:45 -0300] "GET /cormun/static/Shared/jqueryui/images/ui-bg_highlight-soft_100_c6c2c8_1x100.png HTTP/1.1" 404 1117
190.171.141.106 - - [22/Aug/2022:16:16:45 -0300] "GET /cormun/static/Shared/jqueryui/images/ui-icons_82798d_256x240.png HTTP/1.1" 404 1089
190.171.141.106 - - [22/Aug/2022:16:16:45 -0300] "GET /cormun/static/Shared/jqueryui/images/ui-bg_flat_55_fafafa_40x100.png HTTP/1.1" 404 1097
190.171.141.106 - - [22/Aug/2022:16:16:45 -0300] "GET /cormun/static/Shared/jqueryui/images/ui-icons_8d78a5_256x240.png HTTP/1.1" 404 1089
190.171.141.106 - - [22/Aug/2022:16:16:45 -0300] "GET /cormun/servlet/solicitudotadjuntos?DLT,2022,19101,CERTIF2,0, HTTP/1.1" 200 6168
190.171.141.106 - - [22/Aug/2022:16:16:54 -0300] "GET /cormun/servlet/trsolicitudadjuntos?2022,19101, HTTP/1.1" 200 10498
139.87.71.160 - - [22/Aug/2022:16:16:54 -0300] "GET /manager/html HTTP/1.1" 401 2474
190.171.141.106 - - [22/Aug/2022:16:16:55 -0300] "GET /cormun/servlet/trsolicitudadjuntos?2022,19101, HTTP/1.1" 200 10495
139.87.71.160 - - [22/Aug/2022:16:17:38 -0300] "GET /manager/html HTTP/1.1" 401 2474
139.87.71.160 - - [22/Aug/2022:16:19:04 -0300] "GET /manager/html HTTP/1.1" 401 2474
139.87.71.160 - - [22/Aug/2022:16:19:46 -0300] "GET /manager/html HTTP/1.1" 401 2474
139.87.71.160 - - [22/Aug/2022:16:20:30 -0300] "GET /manager/html HTTP/1.1" 401 2474
139.87.71.160 - - [22/Aug/2022:16:21:13 -0300] "GET /manager/html HTTP/1.1" 401 2474
139.87.71.160 - - [22/Aug/2022:16:22:06 -0300] "GET /manager/html HTTP/1.1" 401 2474
139.87.71.160 - - [22/Aug/2022:16:24:23 -0300] "GET /manager/html HTTP/1.1" 401 2474
139.87.71.160 - - [22/Aug/2022:16:25:07 -0300] "GET /manager/html HTTP/1.1" 401 2474
139.87.71.160 - - [22/Aug/2022:16:26:36 -0300] "GET /manager/html HTTP/1.1" 401 2474
190.95.15.15 - - [22/Aug/2022:16:26:58 -0300] "POST /cormun/servlet/hlogin?1152424787b16f1bc7f9c30d14a485ce,gx-no-cache=1661197828028 HTTP/1.1" 200 439
139.87.71.160 - - [22/Aug/2022:16:27:20 -0300] "GET /manager/html HTTP/1.1" 401 2474
139.87.71.160 - - [22/Aug/2022:16:28:03 -0300] "GET /manager/html HTTP/1.1" 401 2474
190.95.15.15 - - [22/Aug/2022:16:28:18 -0300] "POST /cormun/servlet/hlogin?1152424787b16f1bc7f9c30d14a485ce,gx-no-cache=1661197907951 HTTP/1.1" 200 439
190.95.15.15 - - [22/Aug/2022:16:28:28 -0300] "POST /cormun/servlet/hlogin?1152424787b16f1bc7f9c30d14a485ce,gx-no-cache=1661197917260 HTTP/1.1" 200 439
190.171.149.74 - - [22/Aug/2022:16:28:34 -0300] "POST /cormun/servlet/trlicencias?a01e6787ce5886bd22d342d5241fc6e7,gx-no-cache=1661195666873 HTTP/1.1" 200 11113
190.171.149.74 - - [22/Aug/2022:16:28:35 -0300] "POST /cormun/servlet/trlicencias?a01e6787ce5886bd22d342d5241fc6e7,gx-no-cache=1661195668158 HTTP/1.1" 200 11119
139.87.71.160 - - [22/Aug/2022:16:28:45 -0300] "GET /manager/html HTTP/1.1" 401 2474
190.171.149.74 - - [22/Aug/2022:16:28:46 -0300] "POST /cormun/servlet/trlicencias?a01e6787ce5886bd22d342d5241fc6e7,gx-no-cache=1661195679161 HTTP/1.1" 200 11115
190.95.15.15 - - [22/Aug/2022:16:28:51 -0300] "POST /cormun/servlet/hlogin?1152424787b16f1bc7f9c30d14a485ce,gx-no-cache=1661197940853 HTTP/1.1" 200 439
190.95.15.15 - - [22/Aug/2022:16:28:57 -0300] "POST /cormun/servlet/hlogin?1152424787b16f1bc7f9c30d14a485ce,gx-no-cache=1661197946796 HTTP/1.1" 200 439
190.95.15.15 - - [22/Aug/2022:16:29:10 -0300] "POST /cormun/servlet/hlogin?1152424787b16f1bc7f9c30d14a485ce,gx-no-cache=1661197959773 HTTP/1.1" 200 439
190.95.15.15 - - [22/Aug/2022:16:29:27 -0300] "POST /cormun/servlet/hlogin?1152424787b16f1bc7f9c30d14a485ce,gx-no-cache=1661197976341 HTTP/1.1" 200 439
139.87.71.160 - - [22/Aug/2022:16:29:31 -0300] "GET /manager/html HTTP/1.1" 401 2474
190.95.15.15 - - [22/Aug/2022:16:29:43 -0300] "POST /cormun/servlet/hlogin?1152424787b16f1bc7f9c30d14a485ce,gx-no-cache=1661197992860 HTTP/1.1" 200 437
190.95.15.15 - - [22/Aug/2022:16:29:58 -0300] "POST /cormun/servlet/hlogin?1152424787b16f1bc7f9c30d14a485ce,gx-no-cache=1661198007796 HTTP/1.1" 200 439
190.95.15.15 - - [22/Aug/2022:16:30:13 -0300] "POST /cormun/servlet/hlogin?1152424787b16f1bc7f9c30d14a485ce,gx-no-cache=1661198022604 HTTP/1.1" 200 439
139.87.71.160 - - [22/Aug/2022:16:30:55 -0300] "GET /manager/html HTTP/1.1" 401 2474
190.171.152.234 - - [22/Aug/2022:16:31:10 -0300] "GET /cormun/servlet/trsolicitudot? HTTP/1.1" 200 6337
190.171.152.234 - - [22/Aug/2022:16:31:10 -0300] "GET /cormun/static/gxui/gxui-all.css?110300 HTTP/1.1" 200 2179
190.171.152.234 - - [22/Aug/2022:16:31:10 -0300] "GET /cormun/static/calendar-system.css?75620 HTTP/1.1" 200 5572
190.171.152.234 - - [22/Aug/2022:16:31:10 -0300] "GET /cormun/static/gxcfg.js?201991910464971 HTTP/1.1" 200 953
190.171.152.234 - - [22/Aug/2022:16:31:10 -0300] "GET /cormun/static/trsolicitudot.js?201991910465845 HTTP/1.1" 200 54041
190.171.152.234 - - [22/Aug/2022:16:31:10 -0300] "GET /cormun/static/Shared/ext/resources/css/ext-all.css?205870 HTTP/1.1" 200 416045
190.95.15.15 - - [22/Aug/2022:16:31:10 -0300] "POST /cormun/servlet/hlogin?1152424787b16f1bc7f9c30d14a485ce,gx-no-cache=1661198079788 HTTP/1.1" 200 439
190.171.152.234 - - [22/Aug/2022:16:31:11 -0300] "GET /cormun/servlet/hlogin HTTP/1.1" 200 1749
190.171.152.234 - - [22/Aug/2022:16:31:11 -0300] "GET /cormun/servlet/trsolicitudot? HTTP/1.1" 200 6335
139.87.71.160 - - [22/Aug/2022:16:31:39 -0300] "GET /manager/html HTTP/1.1" 401 2474
190.171.152.234 - - [22/Aug/2022:16:31:44 -0300] "POST /cormun/servlet/hlogin?9de915beaaafce0761d091e6aa30e549,gx-no-cache=1661192317955 HTTP/1.1" 200 90
190.171.152.234 - - [22/Aug/2022:16:31:44 -0300] "GET /cormun/servlet/hpexe_link HTTP/1.1" 200 965
190.171.152.234 - - [22/Aug/2022:16:31:44 -0300] "GET /cormun/servlet/trsolicitudot HTTP/1.1" 200 7325
190.171.152.234 - - [22/Aug/2022:16:31:45 -0300] "GET /cormun/servlet/trsolicitudot HTTP/1.1" 200 7323
190.171.141.106 - - [22/Aug/2022:16:31:47 -0300] "GET /cormun/servlet/solicitudotadjuntos?DLT,2022,19101,CERTIF2,0, HTTP/1.1" 200 6177
190.171.141.106 - - [22/Aug/2022:16:31:47 -0300] "GET /cormun/static/about:blank HTTP/1.1" 404 1011
190.171.141.106 - - [22/Aug/2022:16:31:47 -0300] "GET /cormun/servlet/solicitudotadjuntos?DLT,2022,19101,CERTIF2,0, HTTP/1.1" 200 6170
190.171.152.234 - - [22/Aug/2022:16:31:49 -0300] "GET /cormun/servlet/trsolicitudot? HTTP/1.1" 200 7323
190.171.152.234 - - [22/Aug/2022:16:31:50 -0300] "GET /cormun/servlet/trsolicitudot? HTTP/1.1" 200 7323
190.171.152.234 - - [22/Aug/2022:16:31:53 -0300] "GET /cormun/servlet/solicitudot?INS,0,0,false, HTTP/1.1" 200 16048
190.171.152.234 - - [22/Aug/2022:16:31:53 -0300] "GET /cormun/static/gxcfg.js?20203414241232 HTTP/1.1" 200 953
190.171.152.234 - - [22/Aug/2022:16:31:53 -0300] "GET /cormun/static/solicitudot.js?20203414242792 HTTP/1.1" 200 74114
190.171.152.234 - - [22/Aug/2022:16:31:54 -0300] "GET /cormun/static/Resources/prompt.gif HTTP/1.1" 200 902
190.171.152.234 - - [22/Aug/2022:16:31:54 -0300] "GET /cormun/servlet/solicitudot?INS,0,0,false, HTTP/1.1" 200 16056
190.95.15.15 - - [22/Aug/2022:16:31:59 -0300] "POST /cormun/servlet/hlogin?1152424787b16f1bc7f9c30d14a485ce,gx-no-cache=1661198129124 HTTP/1.1" 200 439
190.171.141.106 - - [22/Aug/2022:16:32:04 -0300] "GET /cormun/servlet/hlogin HTTP/1.1" 200 1726
190.171.141.106 - - [22/Aug/2022:16:32:09 -0300] "POST /cormun/servlet/hlogin?aeaffed719cf499d29808fc86bf87d79,gx-no-cache=1661195882162 HTTP/1.1" 200 90
190.171.141.106 - - [22/Aug/2022:16:32:09 -0300] "GET /cormun/servlet/hpexe_link HTTP/1.1" 200 952
