192.168.10.96 - - [22/Aug/2022:13:00:57 -0300] "POST /cormun/servlet/trsolicitudgral?272657b2709e816e465c3db7209d22b4,,gx-no-cache=1661183032868 HTTP/1.1" 200 5259
192.168.10.96 - - [22/Aug/2022:13:01:00 -0300] "POST /cormun/servlet/trsolicitudgral?272657b2709e816e465c3db7209d22b4,,gx-no-cache=1661183036674 HTTP/1.1" 200 5260
192.168.10.96 - - [22/Aug/2022:13:01:06 -0300] "POST /cormun/servlet/trsolicitudgral?272657b2709e816e465c3db7209d22b4,,gx-no-cache=1661183042298 HTTP/1.1" 200 6679
157.55.39.27 - - [22/Aug/2022:13:01:34 -0300] "GET /cormun/servlet/hhome HTTP/1.1" 200 3327
139.87.71.160 - - [22/Aug/2022:13:01:39 -0300] "GET /manager/html HTTP/1.1" 401 2474
186.103.157.98 - - [22/Aug/2022:13:02:12 -0300] "POST /cormun/servlet/hlogin?0dabfee6d2a862508edeb1047564ba52,gx-no-cache=1661183284912 HTTP/1.1" 440 972
186.103.157.98 - - [22/Aug/2022:13:02:13 -0300] "GET /cormun/servlet/hlogin HTTP/1.1" 200 1739
186.103.157.98 - - [22/Aug/2022:13:02:20 -0300] "POST /cormun/servlet/hlogin?3016f768024daa92a861f18537499355,gx-no-cache=1661183293279 HTTP/1.1" 200 90
186.103.157.98 - - [22/Aug/2022:13:02:21 -0300] "GET /cormun/servlet/hpexe_link HTTP/1.1" 200 954
186.103.157.98 - - [22/Aug/2022:13:02:21 -0300] "GET /cormun/servlet/hhome HTTP/1.1" 200 4259
139.87.71.160 - - [22/Aug/2022:13:02:22 -0300] "GET /manager/html HTTP/1.1" 401 2474
186.103.157.98 - - [22/Aug/2022:13:02:22 -0300] "GET /cormun/servlet/hhome HTTP/1.1" 200 4256
139.87.71.160 - - [22/Aug/2022:13:03:02 -0300] "GET /manager/html HTTP/1.1" 401 2474
207.46.13.51 - - [22/Aug/2022:13:03:21 -0300] "GET /cormun/servlet/hhome?_escaped_fragment_= HTTP/1.1" 200 3142
139.87.71.160 - - [22/Aug/2022:13:03:52 -0300] "GET /manager/html HTTP/1.1" 401 2474
190.171.149.74 - - [22/Aug/2022:13:04:16 -0300] "POST /cormun/servlet/trlicencias?728fc634f4e25ba56cc44ef97856f3e8,gx-no-cache=1661183408486 HTTP/1.1" 440 972
190.171.149.74 - - [22/Aug/2022:13:04:17 -0300] "GET /cormun/servlet/trlicencias HTTP/1.1" 200 7517
190.171.149.74 - - [22/Aug/2022:13:04:17 -0300] "GET /cormun/servlet/hlogin HTTP/1.1" 200 1742
190.171.149.74 - - [22/Aug/2022:13:04:18 -0300] "GET /cormun/servlet/trlicencias HTTP/1.1" 200 7517
190.171.149.74 - - [22/Aug/2022:13:04:23 -0300] "POST /cormun/servlet/hlogin?bad3a1b906cd035582bb0c8bc5f62ac0,gx-no-cache=1661183416328 HTTP/1.1" 200 90
190.171.149.74 - - [22/Aug/2022:13:04:23 -0300] "GET /cormun/servlet/hpexe_link HTTP/1.1" 200 960
190.171.149.74 - - [22/Aug/2022:13:04:24 -0300] "GET /cormun/servlet/trlicencias HTTP/1.1" 200 13434
190.171.149.74 - - [22/Aug/2022:13:04:24 -0300] "GET /cormun/servlet/trlicencias HTTP/1.1" 200 13448
181.212.42.153 - - [22/Aug/2022:13:04:31 -0300] "GET /cormun/servlet/trlicencias? HTTP/1.1" 200 7520
190.171.149.74 - - [22/Aug/2022:13:04:31 -0300] "POST /cormun/servlet/trlicencias?bad3a1b906cd035582bb0c8bc5f62ac0,gx-no-cache=1661183424062 HTTP/1.1" 200 11121
181.212.42.153 - - [22/Aug/2022:13:04:31 -0300] "GET /cormun/servlet/hlogin HTTP/1.1" 200 1739
181.212.42.153 - - [22/Aug/2022:13:04:32 -0300] "GET /cormun/static/gxcfg.js?201910216285969 HTTP/1.1" 200 953
181.212.42.153 - - [22/Aug/2022:13:04:32 -0300] "GET /cormun/static/hlogin.js?201910216285995 HTTP/1.1" 200 2136
181.212.42.153 - - [22/Aug/2022:13:04:32 -0300] "GET /cormun/static/Resources/Logo2019_Grande.png HTTP/1.1" 200 31733
181.212.42.153 - - [22/Aug/2022:13:04:32 -0300] "GET /cormun/static/Resources/PXToolsLoginTop.png HTTP/1.1" 200 1337
181.212.42.153 - - [22/Aug/2022:13:04:32 -0300] "GET /cormun/static/Resources/PXToolsLoginBottom.png HTTP/1.1" 200 1389
181.212.42.153 - - [22/Aug/2022:13:04:32 -0300] "GET /cormun/static/Resources/PXToolsLoginBackground.png HTTP/1.1" 200 1164
181.212.42.153 - - [22/Aug/2022:13:04:32 -0300] "GET /cormun/static/Resources/PXToolsButtonLeft.png HTTP/1.1" 200 1310
181.212.42.153 - - [22/Aug/2022:13:04:32 -0300] "GET /cormun/static/Resources/PXToolsButtonBackground.png HTTP/1.1" 200 1176
181.212.42.153 - - [22/Aug/2022:13:04:32 -0300] "GET /cormun/static/Resources/PXToolsButtonRight.png HTTP/1.1" 200 1294
181.212.42.153 - - [22/Aug/2022:13:04:32 -0300] "GET /favicon.ico HTTP/1.1" 200 21630
181.212.42.153 - - [22/Aug/2022:13:04:32 -0300] "GET /cormun/servlet/trlicencias? HTTP/1.1" 200 7514
181.212.42.153 - - [22/Aug/2022:13:04:39 -0300] "POST /cormun/servlet/hlogin?f42948c071244520e04b7ce6b3dc85aa,gx-no-cache=1661183581875 HTTP/1.1" 200 90
181.212.42.153 - - [22/Aug/2022:13:04:39 -0300] "GET /cormun/servlet/hpexe_link HTTP/1.1" 200 956
181.212.42.153 - - [22/Aug/2022:13:04:39 -0300] "GET /cormun/static/gxcfg.js?201991422392958 HTTP/1.1" 200 953
181.212.42.153 - - [22/Aug/2022:13:04:39 -0300] "GET /cormun/static/hpexe_link.js?201991422392963 HTTP/1.1" 200 625
181.212.42.153 - - [22/Aug/2022:13:04:39 -0300] "GET /cormun/servlet/trlicencias HTTP/1.1" 200 14312
181.212.42.153 - - [22/Aug/2022:13:04:40 -0300] "GET /cormun/servlet/trlicencias HTTP/1.1" 200 14313
186.103.157.98 - - [22/Aug/2022:13:05:18 -0300] "GET /cormun/servlet/trlicencias? HTTP/1.1" 200 10363
186.103.157.98 - - [22/Aug/2022:13:05:18 -0300] "GET /cormun/servlet/trlicencias? HTTP/1.1" 200 10360
139.87.71.160 - - [22/Aug/2022:13:05:21 -0300] "GET /manager/html HTTP/1.1" 401 2474
186.103.157.98 - - [22/Aug/2022:13:05:33 -0300] "GET /cormun/servlet/hlogin HTTP/1.1" 200 1747
139.87.71.160 - - [22/Aug/2022:13:06:10 -0300] "GET /manager/html HTTP/1.1" 401 2474
139.87.71.160 - - [22/Aug/2022:13:08:23 -0300] "GET /manager/html HTTP/1.1" 401 2474
139.87.71.160 - - [22/Aug/2022:13:09:04 -0300] "GET /manager/html HTTP/1.1" 401 2474
139.87.71.160 - - [22/Aug/2022:13:09:51 -0300] "GET /manager/html HTTP/1.1" 401 2474
139.87.71.160 - - [22/Aug/2022:13:10:35 -0300] "GET /manager/html HTTP/1.1" 401 2474
139.87.71.160 - - [22/Aug/2022:13:11:20 -0300] "GET /manager/html HTTP/1.1" 401 2474
139.87.71.160 - - [22/Aug/2022:13:12:09 -0300] "GET /manager/html HTTP/1.1" 401 2474
139.87.71.160 - - [22/Aug/2022:13:12:56 -0300] "GET /manager/html HTTP/1.1" 401 2474
139.87.71.160 - - [22/Aug/2022:13:14:28 -0300] "GET /manager/html HTTP/1.1" 401 2474
192.168.10.96 - - [22/Aug/2022:13:14:46 -0300] "POST /cormun/servlet/trsolicitudgral?272657b2709e816e465c3db7209d22b4,,gx-no-cache=1661183862229 HTTP/1.1" 200 6646
139.87.71.160 - - [22/Aug/2022:13:15:09 -0300] "GET /manager/html HTTP/1.1" 401 2474
139.87.71.160 - - [22/Aug/2022:13:16:02 -0300] "GET /manager/html HTTP/1.1" 401 2474
192.168.10.96 - - [22/Aug/2022:13:16:19 -0300] "POST /cormun/servlet/trsolicitudgral?272657b2709e816e465c3db7209d22b4,,gx-no-cache=1661183954693 HTTP/1.1" 200 5469
192.168.10.96 - - [22/Aug/2022:13:16:19 -0300] "GET /cormun/static/Shared/jqueryui/images/ui-bg_highlight-soft_100_c6c2c8_1x100.png HTTP/1.1" 404 1117
192.168.10.96 - - [22/Aug/2022:13:16:19 -0300] "GET /cormun/static/Shared/jqueryui/images/ui-icons_82798d_256x240.png HTTP/1.1" 404 1089
192.168.10.96 - - [22/Aug/2022:13:16:19 -0300] "GET /cormun/static/Shared/jqueryui/images/ui-icons_8d78a5_256x240.png HTTP/1.1" 404 1089
192.168.10.96 - - [22/Aug/2022:13:16:19 -0300] "GET /cormun/static/Shared/jqueryui/images/ui-bg_flat_55_fafafa_40x100.png HTTP/1.1" 404 1097
192.168.10.96 - - [22/Aug/2022:13:16:20 -0300] "GET /cormun/servlet/trsolicitudgral? HTTP/1.1" 200 8283
192.168.10.96 - - [22/Aug/2022:13:16:20 -0300] "GET /cormun/servlet/trsolicitudgral? HTTP/1.1" 200 8283
192.168.10.96 - - [22/Aug/2022:13:16:26 -0300] "POST /cormun/servlet/trsolicitudgral?272657b2709e816e465c3db7209d22b4,,gx-no-cache=1661183962230 HTTP/1.1" 200 5251
192.168.10.96 - - [22/Aug/2022:13:16:29 -0300] "POST /cormun/servlet/trsolicitudgral?272657b2709e816e465c3db7209d22b4,,gx-no-cache=1661183965282 HTTP/1.1" 200 7178
190.171.152.234 - - [22/Aug/2022:13:16:43 -0300] "GET /cormun/servlet/hlogin HTTP/1.1" 200 1724
157.55.39.152 - - [22/Aug/2022:13:16:44 -0300] "GET /cormun/servlet/hpexe_link HTTP/1.1" 200 926
192.168.10.96 - - [22/Aug/2022:13:16:47 -0300] "POST /cormun/servlet/trsolicitudgral?272657b2709e816e465c3db7209d22b4,,gx-no-cache=1661183983132 HTTP/1.1" 200 6624
139.87.71.160 - - [22/Aug/2022:13:16:50 -0300] "GET /manager/html HTTP/1.1" 401 2474
190.171.152.234 - - [22/Aug/2022:13:16:51 -0300] "POST /cormun/servlet/hlogin?3d48b4043efeb700268f65f4be35a64f,gx-no-cache=1661180625039 HTTP/1.1" 200 90
190.171.152.234 - - [22/Aug/2022:13:16:51 -0300] "GET /cormun/servlet/hpexe_link HTTP/1.1" 200 952
190.171.152.234 - - [22/Aug/2022:13:16:51 -0300] "GET /cormun/servlet/hhome HTTP/1.1" 200 4270
190.171.152.234 - - [22/Aug/2022:13:16:52 -0300] "GET /cormun/servlet/hhome HTTP/1.1" 200 4265
190.171.152.234 - - [22/Aug/2022:13:16:55 -0300] "GET /cormun/servlet/trlicencias? HTTP/1.1" 200 12835
190.171.152.234 - - [22/Aug/2022:13:16:55 -0300] "GET /cormun/servlet/trlicencias? HTTP/1.1" 200 12841
139.87.71.160 - - [22/Aug/2022:13:17:40 -0300] "GET /manager/html HTTP/1.1" 401 2474
192.168.10.96 - - [22/Aug/2022:13:17:57 -0300] "POST /cormun/servlet/trsolicitudgral?272657b2709e816e465c3db7209d22b4,,gx-no-cache=1661184053631 HTTP/1.1" 200 5457
192.168.10.96 - - [22/Aug/2022:13:17:57 -0300] "GET /cormun/static/Shared/jqueryui/images/ui-bg_highlight-soft_100_c6c2c8_1x100.png HTTP/1.1" 404 1117
192.168.10.96 - - [22/Aug/2022:13:17:57 -0300] "GET /cormun/static/Shared/jqueryui/images/ui-icons_82798d_256x240.png HTTP/1.1" 404 1089
192.168.10.96 - - [22/Aug/2022:13:17:57 -0300] "GET /cormun/static/Shared/jqueryui/images/ui-bg_flat_55_fafafa_40x100.png HTTP/1.1" 404 1097
192.168.10.96 - - [22/Aug/2022:13:17:57 -0300] "GET /cormun/static/Shared/jqueryui/images/ui-icons_8d78a5_256x240.png HTTP/1.1" 404 1089
192.168.10.96 - - [22/Aug/2022:13:17:59 -0300] "GET /cormun/servlet/trautorizarot? HTTP/1.1" 200 12130
192.168.10.96 - - [22/Aug/2022:13:17:59 -0300] "GET /cormun/servlet/trautorizarot? HTTP/1.1" 200 12129
192.168.10.96 - - [22/Aug/2022:13:18:03 -0300] "POST /cormun/servlet/trautorizarot?272657b2709e816e465c3db7209d22b4,,gx-no-cache=1661184058846 HTTP/1.1" 200 5328
139.87.71.160 - - [22/Aug/2022:13:19:09 -0300] "GET /manager/html HTTP/1.1" 401 2474
139.87.71.160 - - [22/Aug/2022:13:19:54 -0300] "GET /manager/html HTTP/1.1" 401 2474
139.87.71.160 - - [22/Aug/2022:13:20:40 -0300] "GET /manager/html HTTP/1.1" 401 2474
190.171.149.74 - - [22/Aug/2022:13:20:43 -0300] "POST /cormun/servlet/trlicencias?bad3a1b906cd035582bb0c8bc5f62ac0,gx-no-cache=1661184395820 HTTP/1.1" 200 11100
190.171.149.74 - - [22/Aug/2022:13:20:44 -0300] "POST /cormun/servlet/trlicencias?bad3a1b906cd035582bb0c8bc5f62ac0,gx-no-cache=1661184397037 HTTP/1.1" 200 11109
139.87.71.160 - - [22/Aug/2022:13:22:12 -0300] "GET /manager/html HTTP/1.1" 401 2474
139.87.71.160 - - [22/Aug/2022:13:22:54 -0300] "GET /manager/html HTTP/1.1" 401 2474
139.87.71.160 - - [22/Aug/2022:13:23:36 -0300] "GET /manager/html HTTP/1.1" 401 2474
139.87.71.160 - - [22/Aug/2022:13:24:23 -0300] "GET /manager/html HTTP/1.1" 401 2474
139.87.71.160 - - [22/Aug/2022:13:25:11 -0300] "GET /manager/html HTTP/1.1" 401 2474
139.87.71.160 - - [22/Aug/2022:13:26:03 -0300] "GET /manager/html HTTP/1.1" 401 2474
139.87.71.160 - - [22/Aug/2022:13:26:48 -0300] "GET /manager/html HTTP/1.1" 401 2474
139.87.71.160 - - [22/Aug/2022:13:28:16 -0300] "GET /manager/html HTTP/1.1" 401 2474
139.87.71.160 - - [22/Aug/2022:13:28:58 -0300] "GET /manager/html HTTP/1.1" 401 2474
190.171.141.138 - - [22/Aug/2022:13:30:40 -0300] "GET /cormun/servlet/hlogin HTTP/1.1" 200 1727
190.171.141.138 - - [22/Aug/2022:13:30:42 -0300] "POST /cormun/servlet/hlogin?fa50098c8c59903b1b6e4069e8b98c5b,gx-no-cache=1661184995296 HTTP/1.1" 200 90
190.171.141.138 - - [22/Aug/2022:13:30:42 -0300] "GET /cormun/servlet/hpexe_link HTTP/1.1" 200 954
190.171.141.138 - - [22/Aug/2022:13:30:42 -0300] "GET /cormun/servlet/hhome HTTP/1.1" 200 4477
190.171.141.138 - - [22/Aug/2022:13:30:43 -0300] "GET /cormun/servlet/hhome HTTP/1.1" 200 4473
190.171.141.138 - - [22/Aug/2022:13:30:46 -0300] "GET /cormun/servlet/trpermisosgoce? HTTP/1.1" 200 12650
190.171.141.138 - - [22/Aug/2022:13:30:46 -0300] "GET /cormun/servlet/trpermisosgoce? HTTP/1.1" 200 12650
190.171.141.138 - - [22/Aug/2022:13:30:48 -0300] "GET /cormun/servlet/permisogoce?INS,0,,, HTTP/1.1" 200 7373
190.171.141.138 - - [22/Aug/2022:13:30:49 -0300] "GET /cormun/servlet/permisogoce?INS,0,,, HTTP/1.1" 200 7373
190.171.141.138 - - [22/Aug/2022:13:30:51 -0300] "GET /cormun/servlet/prfichaempleado?,MD,,gxPopupLevel%3D0%3B HTTP/1.1" 200 9523
190.171.141.138 - - [22/Aug/2022:13:30:55 -0300] "POST /cormun/servlet/prfichaempleado?fa50098c8c59903b1b6e4069e8b98c5b,,MD,,gxPopupLevel%3D0%3B,gx-no-cache=1661185007538 HTTP/1.1" 200 3414
190.171.141.138 - - [22/Aug/2022:13:30:58 -0300] "GET /cormun/servlet/permisogoce?5a062bf3710d4265518552d4610f597b850c23615ca4a67e6d78d809d0fd46a57835e6344226e889d207ccde3c4a9895d409dcc060867e8bfcb876af3323721c,gx-no-cache=1661185010866 HTTP/1.1" 200 83
139.87.71.160 - - [22/Aug/2022:13:31:08 -0300] "GET /manager/html HTTP/1.1" 401 2474
190.171.141.138 - - [22/Aug/2022:13:31:25 -0300] "GET /cormun/static/menuarrow.gif HTTP/1.1" 404 1015
190.171.141.138 - - [22/Aug/2022:13:31:30 -0300] "GET /cormun/servlet/permisogoce?5a062bf3710d4265518552d4610f597b3535b56d2caf42326377fba8a0916ca6a27792668f9657075af0a5d5d988ff9ddaed8b5d16fe834ac5789a8e192fd99e,gx-no-cache=1661185042559 HTTP/1.1" 200 47
190.171.141.138 - - [22/Aug/2022:13:31:32 -0300] "POST /cormun/servlet/permisogoce?fa50098c8c59903b1b6e4069e8b98c5b,INS,0,,,,gx-no-cache=1661185045049 HTTP/1.1" 200 93
190.171.141.138 - - [22/Aug/2022:13:31:32 -0300] "GET /cormun/servlet/hpexe_return? HTTP/1.1" 200 1012
190.171.141.138 - - [22/Aug/2022:13:31:33 -0300] "GET /cormun/servlet/trpermisosgoce HTTP/1.1" 200 12903
190.171.141.138 - - [22/Aug/2022:13:31:33 -0300] "GET /cormun/servlet/trpermisosgoce HTTP/1.1" 200 12899
190.171.141.138 - - [22/Aug/2022:13:31:35 -0300] "GET /cormun/servlet/apermisogoceprn?8721654,P,20220822121344,PU HTTP/1.1" 200 1659
190.171.152.234 - - [22/Aug/2022:13:31:46 -0300] "GET /cormun/servlet/trlicencias? HTTP/1.1" 200 12831
190.171.152.234 - - [22/Aug/2022:13:31:46 -0300] "GET /cormun/servlet/trlicencias? HTTP/1.1" 200 12844
139.87.71.160 - - [22/Aug/2022:13:31:53 -0300] "GET /manager/html HTTP/1.1" 401 2474
181.212.45.26 - - [22/Aug/2022:13:32:17 -0300] "GET /cormun/servlet/hlogin HTTP/1.1" 200 1725
181.212.45.18 - - [22/Aug/2022:13:32:17 -0300] "GET /cormun/static/gxtimezone.js?85251 HTTP/1.1" 200 5781
181.212.45.26 - - [22/Aug/2022:13:32:17 -0300] "GET /cormun/static/gxcfg.js?201910216285969 HTTP/1.1" 200 953
181.212.45.26 - - [22/Aug/2022:13:32:17 -0300] "GET /cormun/static/Resources/Spanish/PXTools.css?2294816 HTTP/1.1" 200 100853
181.212.45.26 - - [22/Aug/2022:13:32:17 -0300] "GET /cormun/static/messages.spa.js?85251 HTTP/1.1" 200 30736
181.212.45.26 - - [22/Aug/2022:13:32:17 -0300] "GET /cormun/static/hlogin.js?201910216285995 HTTP/1.1" 200 2136
181.212.45.26 - - [22/Aug/2022:13:32:17 -0300] "GET /cormun/static/Resources/Logo2019_Grande.png HTTP/1.1" 200 31733
181.212.45.18 - - [22/Aug/2022:13:32:17 -0300] "GET /cormun/static/gxgral.js?85251 HTTP/1.1" 200 384558
181.212.45.18 - - [22/Aug/2022:13:32:18 -0300] "GET /cormun/static/Resources/PXToolsLoginTop.png HTTP/1.1" 200 1337
181.212.45.26 - - [22/Aug/2022:13:32:18 -0300] "GET /cormun/static/Resources/PXToolsLoginBackground.png HTTP/1.1" 200 1164
181.212.45.26 - - [22/Aug/2022:13:32:18 -0300] "GET /cormun/static/Resources/PXToolsButtonLeft.png HTTP/1.1" 200 1310
181.212.45.18 - - [22/Aug/2022:13:32:18 -0300] "GET /cormun/static/Resources/PXToolsButtonRight.png HTTP/1.1" 200 1294
181.212.45.18 - - [22/Aug/2022:13:32:18 -0300] "GET /cormun/static/Resources/PXToolsButtonBackground.png HTTP/1.1" 200 1176
181.212.45.26 - - [22/Aug/2022:13:32:18 -0300] "GET /cormun/static/Resources/PXToolsLoginBottom.png HTTP/1.1" 200 1389
181.212.45.26 - - [22/Aug/2022:13:32:18 -0300] "GET /cormun/servlet/hlogin HTTP/1.1" 200 1736
181.212.45.18 - - [22/Aug/2022:13:32:18 -0300] "GET /cormun/static/Resources/indicator.gif HTTP/1.1" 200 1553
181.212.45.26 - - [22/Aug/2022:13:32:18 -0300] "GET /cormun/static/Resources/indicator.gif HTTP/1.1" 200 1553
181.212.45.26 - - [22/Aug/2022:13:32:18 -0300] "GET /favicon.ico HTTP/1.1" 200 21630
190.171.141.138 - - [22/Aug/2022:13:32:23 -0300] "GET /cormun/servlet/trlicencias? HTTP/1.1" 200 14379
190.171.141.138 - - [22/Aug/2022:13:32:23 -0300] "GET /cormun/servlet/trlicencias? HTTP/1.1" 200 14392
139.87.71.160 - - [22/Aug/2022:13:32:45 -0300] "GET /manager/html HTTP/1.1" 401 2474
139.87.71.160 - - [22/Aug/2022:13:34:26 -0300] "GET /manager/html HTTP/1.1" 401 2474
139.87.71.160 - - [22/Aug/2022:13:35:18 -0300] "GET /manager/html HTTP/1.1" 401 2474
190.171.141.138 - - [22/Aug/2022:13:36:37 -0300] "GET /cormun/servlet/hlogin HTTP/1.1" 200 1727
190.171.141.138 - - [22/Aug/2022:13:36:39 -0300] "POST /cormun/servlet/hlogin?fa50098c8c59903b1b6e4069e8b98c5b,gx-no-cache=1661185352401 HTTP/1.1" 200 90
190.171.141.138 - - [22/Aug/2022:13:36:39 -0300] "GET /cormun/servlet/hpexe_link HTTP/1.1" 200 958
190.171.141.138 - - [22/Aug/2022:13:36:40 -0300] "GET /cormun/servlet/trlicencias HTTP/1.1" 200 14385
190.171.141.138 - - [22/Aug/2022:13:36:40 -0300] "GET /cormun/servlet/trlicencias HTTP/1.1" 200 14395
190.171.141.138 - - [22/Aug/2022:13:36:46 -0300] "GET /cormun/servlet/trpermisosgoce? HTTP/1.1" 200 12899
190.171.141.138 - - [22/Aug/2022:13:36:46 -0300] "GET /cormun/servlet/trpermisosgoce? HTTP/1.1" 200 12901
139.87.71.160 - - [22/Aug/2022:13:36:51 -0300] "GET /manager/html HTTP/1.1" 401 2474
190.171.141.138 - - [22/Aug/2022:13:37:15 -0300] "GET /cormun/servlet/trpermisosadjuntos?16491258,20220811172602,P, HTTP/1.1" 200 6820
190.171.141.138 - - [22/Aug/2022:13:37:15 -0300] "GET /cormun/servlet/trpermisosadjuntos?16491258,20220811172602,P, HTTP/1.1" 200 6818
190.171.141.138 - - [22/Aug/2022:13:37:17 -0300] "GET /cormun/servlet/permisosadjuntos?INS,16491258,P,20220811172602,, HTTP/1.1" 200 6117
190.171.141.138 - - [22/Aug/2022:13:37:17 -0300] "GET /cormun/static/about:blank HTTP/1.1" 404 1011
190.171.141.138 - - [22/Aug/2022:13:37:17 -0300] "GET /cormun/servlet/permisosadjuntos?INS,16491258,P,20220811172602,, HTTP/1.1" 200 6107
190.171.141.138 - - [22/Aug/2022:13:37:31 -0300] "POST /cormun/servlet/permisosadjuntos?fa50098c8c59903b1b6e4069e8b98c5b,INS,16491258,P,20220811172602,, HTTP/1.1" 200 116
190.171.141.138 - - [22/Aug/2022:13:37:31 -0300] "GET /cormun/servlet/hpexe_return? HTTP/1.1" 200 1041
190.171.141.138 - - [22/Aug/2022:13:37:31 -0300] "GET /cormun/servlet/trpermisosadjuntos?16491258,20220811172602,P, HTTP/1.1" 200 7333
190.171.141.138 - - [22/Aug/2022:13:37:31 -0300] "GET /cormun/servlet/trpermisosadjuntos?16491258,20220811172602,P, HTTP/1.1" 200 7331
190.171.141.138 - - [22/Aug/2022:13:37:33 -0300] "POST /cormun/servlet/trpermisosadjuntos?fa50098c8c59903b1b6e4069e8b98c5b,16491258,20220811172602,P,,gx-no-cache=1661185405921 HTTP/1.1" 200 90
190.171.141.138 - - [22/Aug/2022:13:37:33 -0300] "GET /cormun/servlet/hpexe_link HTTP/1.1" 200 987
190.171.141.138 - - [22/Aug/2022:13:37:33 -0300] "GET /cormun/servlet/trpermisosgoce HTTP/1.1" 200 12901
190.171.141.138 - - [22/Aug/2022:13:37:33 -0300] "GET /cormun/servlet/trpermisosgoce HTTP/1.1" 200 12899
190.171.141.138 - - [22/Aug/2022:13:37:38 -0300] "GET /cormun/servlet/trpermisosadjuntos?16884603,20220819114746,P, HTTP/1.1" 200 6831
190.171.141.138 - - [22/Aug/2022:13:37:38 -0300] "GET /cormun/servlet/trpermisosadjuntos?16884603,20220819114746,P, HTTP/1.1" 200 6831
190.171.141.138 - - [22/Aug/2022:13:37:39 -0300] "GET /cormun/servlet/permisosadjuntos?INS,16884603,P,20220819114746,, HTTP/1.1" 200 6132
190.171.141.138 - - [22/Aug/2022:13:37:39 -0300] "GET /cormun/static/about:blank HTTP/1.1" 404 1011
190.171.141.138 - - [22/Aug/2022:13:37:39 -0300] "GET /cormun/servlet/permisosadjuntos?INS,16884603,P,20220819114746,, HTTP/1.1" 200 6122
190.171.141.138 - - [22/Aug/2022:13:37:44 -0300] "POST /cormun/servlet/permisosadjuntos?fa50098c8c59903b1b6e4069e8b98c5b,INS,16884603,P,20220819114746,, HTTP/1.1" 200 116
190.171.141.138 - - [22/Aug/2022:13:37:44 -0300] "GET /cormun/servlet/hpexe_return? HTTP/1.1" 200 1042
190.171.141.138 - - [22/Aug/2022:13:37:44 -0300] "GET /cormun/servlet/trpermisosadjuntos?16884603,20220819114746,P, HTTP/1.1" 200 7349
190.171.141.138 - - [22/Aug/2022:13:37:44 -0300] "GET /cormun/servlet/trpermisosadjuntos?16884603,20220819114746,P, HTTP/1.1" 200 7346
190.171.141.138 - - [22/Aug/2022:13:37:47 -0300] "POST /cormun/servlet/trpermisosadjuntos?fa50098c8c59903b1b6e4069e8b98c5b,16884603,20220819114746,P,,gx-no-cache=1661185419545 HTTP/1.1" 200 90
190.171.141.138 - - [22/Aug/2022:13:37:47 -0300] "GET /cormun/servlet/hpexe_link HTTP/1.1" 200 988
190.171.141.138 - - [22/Aug/2022:13:37:47 -0300] "GET /cormun/servlet/trpermisosgoce HTTP/1.1" 200 12902
190.171.141.138 - - [22/Aug/2022:13:37:47 -0300] "GET /cormun/servlet/trpermisosgoce HTTP/1.1" 200 12901
190.171.141.138 - - [22/Aug/2022:13:37:50 -0300] "POST /cormun/servlet/trpermisosgoce?fa50098c8c59903b1b6e4069e8b98c5b,gx-no-cache=1661185422787 HTTP/1.1" 200 9966
190.171.141.138 - - [22/Aug/2022:13:37:50 -0300] "GET /cormun/static/Shared/jqueryui/images/ui-bg_highlight-soft_100_c6c2c8_1x100.png HTTP/1.1" 404 1117
190.171.141.138 - - [22/Aug/2022:13:37:50 -0300] "GET /cormun/static/Shared/jqueryui/images/ui-bg_flat_55_fafafa_40x100.png HTTP/1.1" 404 1097
190.171.141.138 - - [22/Aug/2022:13:37:50 -0300] "GET /cormun/static/Shared/jqueryui/images/ui-icons_82798d_256x240.png HTTP/1.1" 404 1089
190.171.141.138 - - [22/Aug/2022:13:37:50 -0300] "GET /cormun/static/Shared/jqueryui/images/ui-icons_8d78a5_256x240.png HTTP/1.1" 404 1089
190.171.141.138 - - [22/Aug/2022:13:37:52 -0300] "POST /cormun/servlet/trpermisosgoce?fa50098c8c59903b1b6e4069e8b98c5b,gx-no-cache=1661185424369 HTTP/1.1" 200 9961
190.171.141.138 - - [22/Aug/2022:13:37:53 -0300] "GET /cormun/servlet/trpermisosadjuntos?14203755,20220819115041,P, HTTP/1.1" 200 6818
190.171.141.138 - - [22/Aug/2022:13:37:53 -0300] "GET /cormun/servlet/trpermisosadjuntos?14203755,20220819115041,P, HTTP/1.1" 200 6818
190.171.141.138 - - [22/Aug/2022:13:37:54 -0300] "GET /cormun/servlet/permisosadjuntos?INS,14203755,P,20220819115041,, HTTP/1.1" 200 6117
190.171.141.138 - - [22/Aug/2022:13:37:54 -0300] "GET /cormun/static/about:blank HTTP/1.1" 404 1011
190.171.141.138 - - [22/Aug/2022:13:37:54 -0300] "GET /cormun/servlet/permisosadjuntos?INS,14203755,P,20220819115041,, HTTP/1.1" 200 6106
190.171.141.138 - - [22/Aug/2022:13:37:58 -0300] "POST /cormun/servlet/permisosadjuntos?fa50098c8c59903b1b6e4069e8b98c5b,INS,14203755,P,20220819115041,, HTTP/1.1" 200 116
190.171.141.138 - - [22/Aug/2022:13:37:58 -0300] "GET /cormun/servlet/hpexe_return? HTTP/1.1" 200 1041
190.171.141.138 - - [22/Aug/2022:13:37:58 -0300] "GET /cormun/servlet/trpermisosadjuntos?14203755,20220819115041,P, HTTP/1.1" 200 7337
190.171.141.138 - - [22/Aug/2022:13:37:59 -0300] "GET /cormun/servlet/trpermisosadjuntos?14203755,20220819115041,P, HTTP/1.1" 200 7334
190.171.141.138 - - [22/Aug/2022:13:38:01 -0300] "POST /cormun/servlet/trpermisosadjuntos?fa50098c8c59903b1b6e4069e8b98c5b,14203755,20220819115041,P,,gx-no-cache=1661185433585 HTTP/1.1" 200 90
190.171.141.138 - - [22/Aug/2022:13:38:01 -0300] "GET /cormun/servlet/hpexe_link HTTP/1.1" 200 1009
190.171.141.138 - - [22/Aug/2022:13:38:01 -0300] "GET /cormun/servlet/trpermisosgoce?gx-no-cache=1661185424369 HTTP/1.1" 200 12908
190.171.141.138 - - [22/Aug/2022:13:38:01 -0300] "GET /cormun/servlet/trpermisosgoce?gx-no-cache=1661185424369 HTTP/1.1" 200 12929
190.171.141.138 - - [22/Aug/2022:13:38:04 -0300] "POST /cormun/servlet/trpermisosgoce?fa50098c8c59903b1b6e4069e8b98c5b,gx-no-cache=1661185424369,gx-no-cache=1661185436338 HTTP/1.1" 200 9956
190.171.141.138 - - [22/Aug/2022:13:38:04 -0300] "GET /cormun/static/Shared/jqueryui/images/ui-icons_82798d_256x240.png HTTP/1.1" 404 1089
190.171.141.138 - - [22/Aug/2022:13:38:04 -0300] "GET /cormun/static/Shared/jqueryui/images/ui-bg_highlight-soft_100_c6c2c8_1x100.png HTTP/1.1" 404 1117
190.171.141.138 - - [22/Aug/2022:13:38:04 -0300] "GET /cormun/static/Shared/jqueryui/images/ui-bg_flat_55_fafafa_40x100.png HTTP/1.1" 404 1097
190.171.141.138 - - [22/Aug/2022:13:38:04 -0300] "GET /cormun/static/Shared/jqueryui/images/ui-icons_8d78a5_256x240.png HTTP/1.1" 404 1089
190.171.141.138 - - [22/Aug/2022:13:38:05 -0300] "GET /cormun/servlet/trpermisosadjuntos?16077078,20220819115138,P, HTTP/1.1" 200 6846
190.171.141.138 - - [22/Aug/2022:13:38:05 -0300] "GET /cormun/servlet/trpermisosadjuntos?16077078,20220819115138,P, HTTP/1.1" 200 6824
190.171.141.138 - - [22/Aug/2022:13:38:07 -0300] "GET /cormun/servlet/permisosadjuntos?INS,16077078,P,20220819115138,, HTTP/1.1" 200 6122
190.171.141.138 - - [22/Aug/2022:13:38:07 -0300] "GET /cormun/static/about:blank HTTP/1.1" 404 1011
190.171.141.138 - - [22/Aug/2022:13:38:07 -0300] "GET /cormun/servlet/permisosadjuntos?INS,16077078,P,20220819115138,, HTTP/1.1" 200 6112
190.171.141.138 - - [22/Aug/2022:13:38:08 -0300] "POST /cormun/servlet/permisosadjuntos?fa50098c8c59903b1b6e4069e8b98c5b,INS,16077078,P,20220819115138,,,gx-no-cache=1661185441297 HTTP/1.1" 200 93
190.171.141.138 - - [22/Aug/2022:13:38:08 -0300] "GET /cormun/servlet/hpexe_return? HTTP/1.1" 200 1041
190.171.141.138 - - [22/Aug/2022:13:38:08 -0300] "GET /cormun/servlet/trpermisosadjuntos?16077078,20220819115138,P, HTTP/1.1" 200 7180
190.171.141.138 - - [22/Aug/2022:13:38:09 -0300] "GET /cormun/servlet/trpermisosadjuntos?16077078,20220819115138,P, HTTP/1.1" 200 7177
190.171.141.138 - - [22/Aug/2022:13:38:12 -0300] "GET /cormun/servlet/permisosadjuntos?DLT,16077078,P,20220819115138,20220822122102, HTTP/1.1" 200 6075
190.171.141.138 - - [22/Aug/2022:13:38:12 -0300] "GET /cormun/static/Shared/jqueryui/images/ui-bg_highlight-soft_100_c6c2c8_1x100.png HTTP/1.1" 404 1117
190.171.141.138 - - [22/Aug/2022:13:38:12 -0300] "GET /cormun/static/about:blank HTTP/1.1" 404 1011
190.171.141.138 - - [22/Aug/2022:13:38:12 -0300] "GET /cormun/static/Shared/jqueryui/images/ui-icons_82798d_256x240.png HTTP/1.1" 404 1089
190.171.141.138 - - [22/Aug/2022:13:38:12 -0300] "GET /cormun/static/Shared/jqueryui/images/ui-icons_8d78a5_256x240.png HTTP/1.1" 404 1089
190.171.141.138 - - [22/Aug/2022:13:38:12 -0300] "GET /cormun/static/Shared/jqueryui/images/ui-bg_flat_55_fafafa_40x100.png HTTP/1.1" 404 1097
190.171.141.138 - - [22/Aug/2022:13:38:12 -0300] "GET /cormun/servlet/permisosadjuntos?DLT,16077078,P,20220819115138,20220822122102, HTTP/1.1" 200 6063
190.171.141.138 - - [22/Aug/2022:13:38:13 -0300] "POST /cormun/servlet/permisosadjuntos?fa50098c8c59903b1b6e4069e8b98c5b,DLT,16077078,P,20220819115138,20220822122102,,gx-no-cache=1661185446377 HTTP/1.1" 200 93
190.171.141.138 - - [22/Aug/2022:13:38:13 -0300] "GET /cormun/servlet/hpexe_return? HTTP/1.1" 200 1048
190.171.141.138 - - [22/Aug/2022:13:38:14 -0300] "GET /cormun/servlet/trpermisosadjuntos?16077078,20220819115138,P, HTTP/1.1" 200 6830
190.171.141.138 - - [22/Aug/2022:13:38:14 -0300] "GET /cormun/servlet/trpermisosadjuntos?16077078,20220819115138,P, HTTP/1.1" 200 6824
190.171.141.138 - - [22/Aug/2022:13:38:15 -0300] "GET /cormun/servlet/permisosadjuntos?INS,16077078,P,20220819115138,, HTTP/1.1" 200 6121
190.171.141.138 - - [22/Aug/2022:13:38:15 -0300] "GET /cormun/static/about:blank HTTP/1.1" 404 1011
190.171.141.138 - - [22/Aug/2022:13:38:15 -0300] "GET /cormun/servlet/permisosadjuntos?INS,16077078,P,20220819115138,, HTTP/1.1" 200 6111
190.171.141.138 - - [22/Aug/2022:13:38:19 -0300] "POST /cormun/servlet/permisosadjuntos?fa50098c8c59903b1b6e4069e8b98c5b,INS,16077078,P,20220819115138,, HTTP/1.1" 200 116
190.171.141.138 - - [22/Aug/2022:13:38:19 -0300] "GET /cormun/servlet/hpexe_return? HTTP/1.1" 200 1041
190.171.141.138 - - [22/Aug/2022:13:38:19 -0300] "GET /cormun/servlet/trpermisosadjuntos?16077078,20220819115138,P, HTTP/1.1" 200 7341
190.171.141.138 - - [22/Aug/2022:13:38:19 -0300] "GET /cormun/servlet/trpermisosadjuntos?16077078,20220819115138,P, HTTP/1.1" 200 7338
190.171.141.138 - - [22/Aug/2022:13:38:21 -0300] "POST /cormun/servlet/trpermisosadjuntos?fa50098c8c59903b1b6e4069e8b98c5b,16077078,20220819115138,P,,gx-no-cache=1661185454089 HTTP/1.1" 200 90
190.171.141.138 - - [22/Aug/2022:13:38:21 -0300] "GET /cormun/servlet/hpexe_link HTTP/1.1" 200 1009
190.171.141.138 - - [22/Aug/2022:13:38:21 -0300] "GET /cormun/servlet/trpermisosgoce?gx-no-cache=1661185424369 HTTP/1.1" 200 12902
190.171.141.138 - - [22/Aug/2022:13:38:22 -0300] "GET /cormun/servlet/trpermisosgoce?gx-no-cache=1661185424369 HTTP/1.1" 200 12922
190.171.141.138 - - [22/Aug/2022:13:38:24 -0300] "POST /cormun/servlet/trpermisosgoce?fa50098c8c59903b1b6e4069e8b98c5b,gx-no-cache=1661185424369,gx-no-cache=1661185456818 HTTP/1.1" 200 9941
190.171.141.138 - - [22/Aug/2022:13:38:24 -0300] "GET /cormun/static/Shared/jqueryui/images/ui-icons_82798d_256x240.png HTTP/1.1" 404 1089
190.171.141.138 - - [22/Aug/2022:13:38:24 -0300] "GET /cormun/static/Shared/jqueryui/images/ui-bg_highlight-soft_100_c6c2c8_1x100.png HTTP/1.1" 404 1117
190.171.141.138 - - [22/Aug/2022:13:38:24 -0300] "GET /cormun/static/Shared/jqueryui/images/ui-bg_flat_55_fafafa_40x100.png HTTP/1.1" 404 1097
190.171.141.138 - - [22/Aug/2022:13:38:24 -0300] "GET /cormun/static/Shared/jqueryui/images/ui-icons_8d78a5_256x240.png HTTP/1.1" 404 1089
190.171.141.138 - - [22/Aug/2022:13:38:27 -0300] "GET /cormun/servlet/trautorizarpermisogoce? HTTP/1.1" 200 8934
190.171.141.138 - - [22/Aug/2022:13:38:28 -0300] "GET /cormun/servlet/trautorizarpermisogoce? HTTP/1.1" 200 8912
190.171.141.138 - - [22/Aug/2022:13:38:30 -0300] "POST /cormun/servlet/trautorizarpermisogoce?fa50098c8c59903b1b6e4069e8b98c5b,,gx-no-cache=1661185462321 HTTP/1.1" 200 5815
190.171.141.138 - - [22/Aug/2022:13:38:30 -0300] "GET /cormun/static/Shared/jqueryui/images/ui-icons_82798d_256x240.png HTTP/1.1" 404 1089
190.171.141.138 - - [22/Aug/2022:13:38:30 -0300] "GET /cormun/static/Shared/jqueryui/images/ui-bg_highlight-soft_100_c6c2c8_1x100.png HTTP/1.1" 404 1117
190.171.141.138 - - [22/Aug/2022:13:38:30 -0300] "GET /cormun/static/Shared/jqueryui/images/ui-bg_flat_55_fafafa_40x100.png HTTP/1.1" 404 1097
190.171.141.138 - - [22/Aug/2022:13:38:30 -0300] "GET /cormun/static/Shared/jqueryui/images/ui-icons_8d78a5_256x240.png HTTP/1.1" 404 1089
190.171.141.138 - - [22/Aug/2022:13:38:30 -0300] "POST /cormun/servlet/trautorizarpermisogoce?fa50098c8c59903b1b6e4069e8b98c5b,,gx-no-cache=1661185463199 HTTP/1.1" 200 5593
190.171.141.138 - - [22/Aug/2022:13:38:31 -0300] "POST /cormun/servlet/trautorizarpermisogoce?fa50098c8c59903b1b6e4069e8b98c5b,,gx-no-cache=1661185463928 HTTP/1.1" 200 5290
190.171.141.138 - - [22/Aug/2022:13:38:32 -0300] "POST /cormun/servlet/trautorizarpermisogoce?fa50098c8c59903b1b6e4069e8b98c5b,,gx-no-cache=1661185465072 HTTP/1.1" 200 4533
190.171.141.138 - - [22/Aug/2022:13:38:35 -0300] "GET /cormun/servlet/trpermisosgoce? HTTP/1.1" 200 12875
190.171.141.138 - - [22/Aug/2022:13:38:36 -0300] "GET /cormun/servlet/trpermisosgoce? HTTP/1.1" 200 12876
139.87.71.160 - - [22/Aug/2022:13:39:42 -0300] "GET /manager/html HTTP/1.1" 401 2474
139.87.71.160 - - [22/Aug/2022:13:40:32 -0300] "GET /manager/html HTTP/1.1" 401 2474
139.87.71.160 - - [22/Aug/2022:13:41:16 -0300] "GET /manager/html HTTP/1.1" 401 2474
139.87.71.160 - - [22/Aug/2022:13:41:58 -0300] "GET /manager/html HTTP/1.1" 401 2474
139.87.71.160 - - [22/Aug/2022:13:42:44 -0300] "GET /manager/html HTTP/1.1" 401 2474
139.87.71.160 - - [22/Aug/2022:13:43:33 -0300] "GET /manager/html HTTP/1.1" 401 2474
139.87.71.160 - - [22/Aug/2022:13:44:22 -0300] "GET /manager/html HTTP/1.1" 401 2474
139.87.71.160 - - [22/Aug/2022:13:45:45 -0300] "GET /manager/html HTTP/1.1" 401 2474
192.168.10.96 - - [22/Aug/2022:13:46:28 -0300] "GET /cormun/servlet/trsolicitudgral? HTTP/1.1" 200 8281
192.168.10.96 - - [22/Aug/2022:13:46:28 -0300] "GET /cormun/servlet/trsolicitudgral? HTTP/1.1" 200 8281
192.168.10.96 - - [22/Aug/2022:13:46:32 -0300] "POST /cormun/servlet/trsolicitudgral?272657b2709e816e465c3db7209d22b4,,gx-no-cache=1661185768239 HTTP/1.1" 200 7655
139.87.71.160 - - [22/Aug/2022:13:46:34 -0300] "GET /manager/html HTTP/1.1" 401 2474
139.87.71.160 - - [22/Aug/2022:13:47:20 -0300] "GET /manager/html HTTP/1.1" 401 2474
186.103.157.42 - - [22/Aug/2022:13:47:23 -0300] "GET /cormun/servlet/hlogin HTTP/1.1" 200 1729
186.103.157.42 - - [22/Aug/2022:13:47:42 -0300] "POST /cormun/servlet/hlogin?686676cfb31e94cf1f9cb7df8417ecf2,gx-no-cache=1661186606794 HTTP/1.1" 200 90
186.103.157.42 - - [22/Aug/2022:13:47:42 -0300] "GET /cormun/servlet/hpexe_link HTTP/1.1" 200 952
186.103.157.42 - - [22/Aug/2022:13:47:42 -0300] "GET /cormun/servlet/hhome HTTP/1.1" 200 4374
186.103.157.42 - - [22/Aug/2022:13:47:42 -0300] "GET /cormun/servlet/hhome HTTP/1.1" 200 4372
186.103.157.42 - - [22/Aug/2022:13:47:52 -0300] "GET /cormun/servlet/trlicencias? HTTP/1.1" 200 13166
186.103.157.42 - - [22/Aug/2022:13:47:52 -0300] "GET /cormun/servlet/trlicencias? HTTP/1.1" 200 13157
139.87.71.160 - - [22/Aug/2022:13:48:03 -0300] "GET /manager/html HTTP/1.1" 401 2474
139.87.71.160 - - [22/Aug/2022:13:48:47 -0300] "GET /manager/html HTTP/1.1" 401 2474
190.171.141.90 - - [22/Aug/2022:13:49:08 -0300] "POST /cormun/servlet/trlicencias?a75777d4fc537c0da0311d146881ebf7,gx-no-cache=1661186101154 HTTP/1.1" 440 972
139.87.71.160 - - [22/Aug/2022:13:49:29 -0300] "GET /manager/html HTTP/1.1" 401 2474
186.103.157.42 - - [22/Aug/2022:13:50:01 -0300] "GET /cormun/servlet/alicenciaprn?12690612,L,20220818000000,PU HTTP/1.1" 200 1543
139.87.71.160 - - [22/Aug/2022:13:50:15 -0300] "GET /manager/html HTTP/1.1" 401 2474
139.87.71.160 - - [22/Aug/2022:13:51:01 -0300] "GET /manager/html HTTP/1.1" 401 2474
139.87.71.160 - - [22/Aug/2022:13:53:15 -0300] "GET /manager/html HTTP/1.1" 401 2474
139.87.71.160 - - [22/Aug/2022:13:54:02 -0300] "GET /manager/html HTTP/1.1" 401 2474
139.87.71.160 - - [22/Aug/2022:13:54:51 -0300] "GET /manager/html HTTP/1.1" 401 2474
186.103.157.98 - - [22/Aug/2022:13:55:25 -0300] "GET /cormun/servlet/hlogin HTTP/1.1" 200 1728
186.103.157.98 - - [22/Aug/2022:13:55:28 -0300] "POST /cormun/servlet/hlogin?71d2e0bb087427146aeb74a157d4904e,gx-no-cache=1661186482479 HTTP/1.1" 200 90
186.103.157.98 - - [22/Aug/2022:13:55:28 -0300] "GET /cormun/servlet/hpexe_link HTTP/1.1" 200 958
186.103.157.98 - - [22/Aug/2022:13:55:28 -0300] "GET /cormun/servlet/hhome HTTP/1.1" 200 4262
186.103.157.98 - - [22/Aug/2022:13:55:29 -0300] "GET /cormun/servlet/hhome HTTP/1.1" 200 4258
186.103.157.98 - - [22/Aug/2022:13:55:31 -0300] "GET /cormun/servlet/trlicencias? HTTP/1.1" 200 10374
186.103.157.98 - - [22/Aug/2022:13:55:32 -0300] "GET /cormun/servlet/trlicencias? HTTP/1.1" 200 10371
139.87.71.160 - - [22/Aug/2022:13:55:38 -0300] "GET /manager/html HTTP/1.1" 401 2474
190.171.149.74 - - [22/Aug/2022:13:55:39 -0300] "GET /cormun/servlet/trpermisosgoce? HTTP/1.1" 200 6035
190.171.149.74 - - [22/Aug/2022:13:55:39 -0300] "GET /cormun/static/gxcfg.js?2020121631564 HTTP/1.1" 304 -
190.171.149.74 - - [22/Aug/2022:13:55:40 -0300] "GET /cormun/servlet/hlogin HTTP/1.1" 200 1750
190.171.149.74 - - [22/Aug/2022:13:55:40 -0300] "GET /cormun/servlet/trpermisosgoce? HTTP/1.1" 200 6033
190.171.149.74 - - [22/Aug/2022:13:55:45 -0300] "POST /cormun/servlet/hlogin?2d2021dc3b8228c2cfe731e86a999814,gx-no-cache=1661186497732 HTTP/1.1" 200 90
190.171.149.74 - - [22/Aug/2022:13:55:45 -0300] "GET /cormun/servlet/hpexe_link HTTP/1.1" 200 962
190.171.149.74 - - [22/Aug/2022:13:55:45 -0300] "GET /cormun/servlet/trpermisosgoce HTTP/1.1" 200 15021
190.171.149.74 - - [22/Aug/2022:13:55:46 -0300] "GET /cormun/servlet/trpermisosgoce HTTP/1.1" 200 15021
190.171.149.74 - - [22/Aug/2022:13:56:03 -0300] "GET /cormun/servlet/permisogoce?INS,0,,, HTTP/1.1" 200 6846
190.171.149.74 - - [22/Aug/2022:13:56:03 -0300] "GET /cormun/static/gxcfg.js?20201215124560 HTTP/1.1" 304 -
190.171.149.74 - - [22/Aug/2022:13:56:03 -0300] "GET /cormun/servlet/permisogoce?INS,0,,, HTTP/1.1" 200 6847
190.171.149.74 - - [22/Aug/2022:13:56:18 -0300] "GET /cormun/servlet/permisogoce?caa79e5f29c75a32ca9b281af80c9c43c89130b10eb9f0bc406b7630f8bc4470222eb02a87e214928f43301cba8f229dbe67108f760aab302ef48a478ad30a98,gx-no-cache=1661186530800 HTTP/1.1" 200 77
190.171.149.74 - - [22/Aug/2022:13:56:20 -0300] "GET /cormun/static/menuarrow.gif HTTP/1.1" 404 1015
190.171.149.74 - - [22/Aug/2022:13:56:25 -0300] "GET /cormun/servlet/permisogoce?caa79e5f29c75a32ca9b281af80c9c43e26079c591868bf1f57ade037b3d4b0aa1c55d1992b16a5a0deeef556453e8b5ee0d5a39ae580f329c69ccf76a2f9fb3,gx-no-cache=1661186538409 HTTP/1.1" 200 47
190.171.149.74 - - [22/Aug/2022:13:56:33 -0300] "POST /cormun/servlet/permisogoce?2d2021dc3b8228c2cfe731e86a999814,INS,0,,,,gx-no-cache=1661186545809 HTTP/1.1" 200 93
190.171.149.74 - - [22/Aug/2022:13:56:33 -0300] "GET /cormun/servlet/hpexe_return? HTTP/1.1" 200 1015
190.171.149.74 - - [22/Aug/2022:13:56:33 -0300] "GET /cormun/static/gxcfg.js?201991422392976 HTTP/1.1" 304 -
190.171.149.74 - - [22/Aug/2022:13:56:34 -0300] "GET /cormun/servlet/trpermisosgoce HTTP/1.1" 200 15214
190.171.149.74 - - [22/Aug/2022:13:56:34 -0300] "GET /cormun/servlet/trpermisosgoce HTTP/1.1" 200 15182
190.171.149.74 - - [22/Aug/2022:13:56:36 -0300] "GET /cormun/servlet/apermisogoceprn?13944631,P,20220822123858,PU HTTP/1.1" 200 1646
139.87.71.160 - - [22/Aug/2022:13:57:12 -0300] "GET /manager/html HTTP/1.1" 401 2474
139.87.71.160 - - [22/Aug/2022:13:57:59 -0300] "GET /manager/html HTTP/1.1" 401 2474
139.87.71.160 - - [22/Aug/2022:13:58:51 -0300] "GET /manager/html HTTP/1.1" 401 2474
186.103.157.42 - - [22/Aug/2022:13:58:57 -0300] "GET /cormun/servlet/trsolicitudot? HTTP/1.1" 200 7592
186.103.157.42 - - [22/Aug/2022:13:58:58 -0300] "GET /cormun/servlet/trsolicitudot? HTTP/1.1" 200 7592
186.103.157.42 - - [22/Aug/2022:13:59:01 -0300] "GET /cormun/servlet/solicitudot?INS,0,0,false, HTTP/1.1" 200 16137
186.103.157.42 - - [22/Aug/2022:13:59:01 -0300] "GET /cormun/servlet/solicitudot?INS,0,0,false, HTTP/1.1" 200 16145
192.168.10.96 - - [22/Aug/2022:13:59:17 -0300] "GET /cormun/servlet/trsolicitudgral? HTTP/1.1" 200 10680
191.125.4.135 - - [22/Aug/2022:13:59:17 -0300] "GET /cormun/servlet/trlicencias? HTTP/1.1" 200 7514
192.168.10.96 - - [22/Aug/2022:13:59:17 -0300] "GET /cormun/servlet/trsolicitudgral? HTTP/1.1" 200 10680
139.87.71.160 - - [22/Aug/2022:13:59:35 -0300] "GET /manager/html HTTP/1.1" 401 2474
191.125.4.135 - - [22/Aug/2022:14:00:01 -0300] "GET /cormun/servlet/trlicencias? HTTP/1.1" 200 7515
191.125.4.135 - - [22/Aug/2022:14:00:02 -0300] "GET /cormun/servlet/hlogin HTTP/1.1" 200 1738
191.125.4.135 - - [22/Aug/2022:14:00:03 -0300] "GET /cormun/servlet/trlicencias? HTTP/1.1" 200 7515
186.103.157.42 - - [22/Aug/2022:14:00:24 -0300] "POST /cormun/servlet/solicitudot?gx-no-cache=1661187369107 HTTP/1.1" 200 3878
186.103.157.42 - - [22/Aug/2022:14:00:24 -0300] "POST /cormun/servlet/solicitudot?686676cfb31e94cf1f9cb7df8417ecf2,INS,0,0,false,,gx-no-cache=1661187369328 HTTP/1.1" 200 12713
186.103.157.42 - - [22/Aug/2022:14:01:08 -0300] "GET /cormun/servlet/solicitudot?676c412d65ad9df3dfe41c2c95087f7ee4bb479eb864441b780b63ae3f2ecf2e4fd5949e757ece7bdc2861ac92904343,gx-no-cache=1661187413065 HTTP/1.1" 200 30
179.57.78.9 - - [22/Aug/2022:14:01:08 -0300] "GET /cormun/servlet/hlogin HTTP/1.1" 200 1750
190.171.142.10 - - [22/Aug/2022:14:01:10 -0300] "GET /cormun/servlet/hlogin HTTP/1.1" 200 1733
190.171.142.10 - - [22/Aug/2022:14:01:10 -0300] "GET /cormun/servlet/hlogin HTTP/1.1" 200 1744
139.87.71.160 - - [22/Aug/2022:14:01:11 -0300] "GET /manager/html HTTP/1.1" 401 2474
190.171.142.10 - - [22/Aug/2022:14:01:19 -0300] "POST /cormun/servlet/hlogin?c2afa1756a1a642c811e221816317cbd,gx-no-cache=1661186830625 HTTP/1.1" 200 90
190.171.142.10 - - [22/Aug/2022:14:01:19 -0300] "GET /cormun/servlet/hpexe_link HTTP/1.1" 200 958
190.171.142.10 - - [22/Aug/2022:14:01:20 -0300] "GET /cormun/servlet/hhome HTTP/1.1" 200 3996
190.171.142.10 - - [22/Aug/2022:14:01:20 -0300] "GET /cormun/servlet/hhome HTTP/1.1" 200 3993
190.171.142.10 - - [22/Aug/2022:14:01:25 -0300] "GET /cormun/servlet/trlicencias? HTTP/1.1" 200 14757
190.171.142.10 - - [22/Aug/2022:14:01:26 -0300] "GET /cormun/servlet/trlicencias? HTTP/1.1" 200 14754
139.87.71.160 - - [22/Aug/2022:14:01:56 -0300] "GET /manager/html HTTP/1.1" 401 2474
139.87.71.160 - - [22/Aug/2022:14:02:40 -0300] "GET /manager/html HTTP/1.1" 401 2474
139.87.71.160 - - [22/Aug/2022:14:03:25 -0300] "GET /manager/html HTTP/1.1" 401 2474
139.87.71.160 - - [22/Aug/2022:14:04:54 -0300] "GET /manager/html HTTP/1.1" 401 2474
139.87.71.160 - - [22/Aug/2022:14:05:36 -0300] "GET /manager/html HTTP/1.1" 401 2474
186.11.62.139 - - [22/Aug/2022:14:05:41 -0300] "GET /cormun/servlet/hlogin HTTP/1.1" 200 1736
186.103.157.42 - - [22/Aug/2022:14:05:42 -0300] "GET /cormun/servlet/prbanco?,MD,,gxPopupLevel%3D0%3B HTTP/1.1" 200 6675
186.103.157.42 - - [22/Aug/2022:14:05:52 -0300] "GET /cormun/servlet/solicitudot?676c412d65ad9df3dfe41c2c95087f7ef12d252ad5e9a5e8aeaf721c948fa9e234fe8ef227e210ea530b47576c477b8402b00c9193475c48b4eaf288484a2460,gx-no-cache=1661187696837 HTTP/1.1" 200 30
186.11.62.139 - - [22/Aug/2022:14:05:52 -0300] "POST /cormun/servlet/hlogin?5f447e255e760f958aadd216020d0664,gx-no-cache=1661187104589 HTTP/1.1" 200 90
186.11.62.139 - - [22/Aug/2022:14:05:52 -0300] "GET /cormun/servlet/hpexe_link HTTP/1.1" 200 959
186.11.62.139 - - [22/Aug/2022:14:05:52 -0300] "GET /cormun/servlet/hhome HTTP/1.1" 200 3887
186.11.62.139 - - [22/Aug/2022:14:05:52 -0300] "GET /cormun/servlet/hhome HTTP/1.1" 200 3884
186.103.157.42 - - [22/Aug/2022:14:05:55 -0300] "GET /cormun/servlet/solicitudot?676c412d65ad9df3dfe41c2c95087f7e6fbfc28533f0d32f65a2c03399be1630,gx-no-cache=1661187700086 HTTP/1.1" 200 45
186.11.62.139 - - [22/Aug/2022:14:06:03 -0300] "GET /cormun/servlet/trpermisosgoce? HTTP/1.1" 200 10541
186.11.62.139 - - [22/Aug/2022:14:06:04 -0300] "GET /cormun/servlet/trpermisosgoce? HTTP/1.1" 200 10539
186.11.62.139 - - [22/Aug/2022:14:06:14 -0300] "GET /cormun/static/menuarrow.gif HTTP/1.1" 404 1015
186.67.172.234 - - [22/Aug/2022:14:06:48 -0300] "GET /cormun/servlet/trlicencias? HTTP/1.1" 200 7509
186.67.172.234 - - [22/Aug/2022:14:06:48 -0300] "GET /cormun/servlet/hlogin HTTP/1.1" 200 1748
186.67.172.234 - - [22/Aug/2022:14:06:48 -0300] "GET /cormun/servlet/trlicencias? HTTP/1.1" 200 7523
186.67.172.234 - - [22/Aug/2022:14:06:54 -0300] "POST /cormun/servlet/hlogin?ead8e77e8d499dfdb0668ecbc7bb0f40,gx-no-cache=1661187166508 HTTP/1.1" 200 90
186.67.172.234 - - [22/Aug/2022:14:06:54 -0300] "GET /cormun/servlet/hpexe_link HTTP/1.1" 200 962
186.67.172.234 - - [22/Aug/2022:14:06:54 -0300] "GET /cormun/servlet/trlicencias HTTP/1.1" 200 15599
186.67.172.234 - - [22/Aug/2022:14:06:54 -0300] "GET /cormun/servlet/trlicencias HTTP/1.1" 200 15604
139.87.71.160 - - [22/Aug/2022:14:07:03 -0300] "GET /manager/html HTTP/1.1" 401 2474
186.11.62.139 - - [22/Aug/2022:14:07:29 -0300] "GET /cormun/servlet/permisogoce?INS,0,,, HTTP/1.1" 200 6747
186.11.62.139 - - [22/Aug/2022:14:07:29 -0300] "GET /cormun/servlet/permisogoce?INS,0,,, HTTP/1.1" 200 6747
139.87.71.160 - - [22/Aug/2022:14:07:46 -0300] "GET /manager/html HTTP/1.1" 401 2474
186.67.172.234 - - [22/Aug/2022:14:08:04 -0300] "GET /cormun/servlet/trsolicitudot? HTTP/1.1" 200 7594
186.67.172.234 - - [22/Aug/2022:14:08:04 -0300] "GET /cormun/servlet/trsolicitudot? HTTP/1.1" 200 7594
186.67.172.234 - - [22/Aug/2022:14:08:07 -0300] "GET /cormun/servlet/solicitudot?INS,0,0,false, HTTP/1.1" 200 16128
186.67.172.234 - - [22/Aug/2022:14:08:07 -0300] "GET /cormun/static/gxcfg.js?20203414241232 HTTP/1.1" 200 953
186.67.172.234 - - [22/Aug/2022:14:08:07 -0300] "GET /cormun/static/Resources/prompt.gif HTTP/1.1" 200 902
186.67.172.234 - - [22/Aug/2022:14:08:07 -0300] "GET /cormun/static/solicitudot.js?20203414242792 HTTP/1.1" 200 74114
186.67.172.234 - - [22/Aug/2022:14:08:07 -0300] "GET /cormun/servlet/solicitudot?INS,0,0,false, HTTP/1.1" 200 16136
190.171.149.74 - - [22/Aug/2022:14:08:32 -0300] "GET /cormun/servlet/trlicencias? HTTP/1.1" 200 13574
190.171.149.74 - - [22/Aug/2022:14:08:32 -0300] "GET /cormun/servlet/trlicencias? HTTP/1.1" 200 13594
139.87.71.160 - - [22/Aug/2022:14:08:37 -0300] "GET /manager/html HTTP/1.1" 401 2474
186.67.172.234 - - [22/Aug/2022:14:09:03 -0300] "POST /cormun/servlet/solicitudot?gx-no-cache=1661187295934 HTTP/1.1" 200 3962
186.67.172.234 - - [22/Aug/2022:14:09:03 -0300] "GET /cormun/static/Shared/jqueryui/images/ui-bg_highlight-soft_100_c6c2c8_1x100.png HTTP/1.1" 404 1117
186.67.172.234 - - [22/Aug/2022:14:09:03 -0300] "GET /cormun/static/Shared/jqueryui/images/ui-icons_82798d_256x240.png HTTP/1.1" 404 1089
186.67.172.234 - - [22/Aug/2022:14:09:03 -0300] "GET /cormun/static/Shared/jqueryui/images/ui-icons_ebccce_256x240.png HTTP/1.1" 404 1089
186.67.172.234 - - [22/Aug/2022:14:09:03 -0300] "GET /cormun/static/Shared/jqueryui/images/ui-bg_flat_55_994d53_40x100.png HTTP/1.1" 404 1097
186.67.172.234 - - [22/Aug/2022:14:09:10 -0300] "GET /cormun/servlet/trlicencias? HTTP/1.1" 200 15632
186.67.172.234 - - [22/Aug/2022:14:09:10 -0300] "GET /cormun/servlet/trlicencias? HTTP/1.1" 200 15612
45.143.200.118 - - [22/Aug/2022:14:09:16 -0300] "/*àCookie: mstshash=Administr " 400 -
139.87.71.160 - - [22/Aug/2022:14:09:22 -0300] "GET /manager/html HTTP/1.1" 401 2474
139.87.71.160 - - [22/Aug/2022:14:10:05 -0300] "GET /manager/html HTTP/1.1" 401 2474
186.103.157.42 - - [22/Aug/2022:14:10:35 -0300] "POST /cormun/servlet/solicitudot?gx-no-cache=1661187979969 HTTP/1.1" 200 297
186.103.157.42 - - [22/Aug/2022:14:10:35 -0300] "GET /cormun/servlet/solicitudot?676c412d65ad9df3dfe41c2c95087f7e3ffeae5e1026ca5d5f57d96253ee8c00a033e6f21e5ff53f17342996fa46d8a46c8f779a69af0b206b5b2cebcb5b2586a394550f84186ee0358502a6787b223de1bac333e3b0388e042974d9e96b0cc374fd3f3b3ce60ee7d3c2f6e72508b14ad272acc780c8425bbe3d24b735d6028da6ef056a14e84675485edcc022491082de7ec715fd0146b0842e64e777cc8cb9c7896558f3d4357d0205b363f89fa31bcbb37328c2ae76e798ef68849a7b68e28a19b5564d0d4d27f0c2aae7e8754ef09db18584a8417259482f2fbb4562407bb42f6ff145c8984d7907d8c5d32496347202874cdb811712b214dfa6e0dce952a9aad3ee916071bffb934f4fd1e9decd7c04341d065dcbae375f7e234b2fdc45734196a7bac103959a3e5477df3da00eeee0f88723e9bb407707acb52f068ccd76e4cd5dee939ded5b109174dfe38d832b82d99d6c8452931c606a2e2fdaa3f236578142b11b4359c8534c41551a71db0e566520398ced0ba6703fdbd0649ab3a3090362509e962c148ef9f72a8d988b,gx-no-cache=1661187980012 HTTP/1.1" 200 30
186.103.157.42 - - [22/Aug/2022:14:10:36 -0300] "POST /cormun/servlet/solicitudot?gx-no-cache=1661187981459 HTTP/1.1" 200 30
186.103.157.42 - - [22/Aug/2022:14:10:39 -0300] "POST /cormun/servlet/solicitudot?gx-no-cache=1661187983728 HTTP/1.1" 200 1466
186.103.157.42 - - [22/Aug/2022:14:10:39 -0300] "POST /cormun/servlet/solicitudot?gx-no-cache=1661187983763 HTTP/1.1" 200 38
186.11.62.139 - - [22/Aug/2022:14:11:05 -0300] "GET /cormun/servlet/permisogoce?e7845c7c3180666d77d09f76db55bd171f572e1d639a9cd25c88a21c4ff01a386f11e1cdde9ccb32e64463da1bc9c6f87ef7809b2629b12658fe838ea05499d6,gx-no-cache=1661187417543 HTTP/1.1" 200 82
186.11.62.139 - - [22/Aug/2022:14:11:05 -0300] "GET /cormun/static/menuarrow.gif HTTP/1.1" 404 1015
186.103.157.42 - - [22/Aug/2022:14:11:11 -0300] "GET /cormun/servlet/solicitudot?676c412d65ad9df3dfe41c2c95087f7eefc65e13474abf38c1d083370b778ef4f67241e9c7cd913dfb754990e01d462b3d58a5bfcf2a6d7d42ff9e9a0a0a7a64fe94b0a6ce154cc35d16eb23d4305fb7fb473336289ad54d110b3c5665419f101455119e29d9ff1c5f14491318f12cd9,gx-no-cache=1661188016211 HTTP/1.1" 200 110
186.11.62.139 - - [22/Aug/2022:14:11:14 -0300] "GET /cormun/servlet/permisogoce?e7845c7c3180666d77d09f76db55bd17f4b8728b5f055b132015aab9557ff5037012f63f8e1e41efa6568c6b01b4d3dfa1492903da793b2a72b9ca76be2b7ef3,gx-no-cache=1661187426429 HTTP/1.1" 200 48
186.11.62.139 - - [22/Aug/2022:14:11:18 -0300] "POST /cormun/servlet/permisogoce?5f447e255e760f958aadd216020d0664,INS,0,,,,gx-no-cache=1661187430937 HTTP/1.1" 200 93
186.11.62.139 - - [22/Aug/2022:14:11:19 -0300] "GET /cormun/servlet/hpexe_return? HTTP/1.1" 200 1017
186.11.62.139 - - [22/Aug/2022:14:11:19 -0300] "GET /cormun/servlet/trpermisosgoce HTTP/1.1" 200 10773
186.11.62.139 - - [22/Aug/2022:14:11:20 -0300] "GET /cormun/servlet/trpermisosgoce HTTP/1.1" 200 10768
186.11.62.139 - - [22/Aug/2022:14:11:23 -0300] "GET /cormun/servlet/apermisogoceprn?16737009,P,20220822125025,PU HTTP/1.1" 200 1652
186.103.157.42 - - [22/Aug/2022:14:11:32 -0300] "POST /cormun/servlet/solicitudot?gx-no-cache=1661188037435 HTTP/1.1" 200 83
190.171.141.106 - - [22/Aug/2022:14:11:37 -0300] "GET /cormun/servlet/hlogin HTTP/1.1" 200 1728
139.87.71.160 - - [22/Aug/2022:14:11:39 -0300] "GET /manager/html HTTP/1.1" 401 2474
190.171.141.106 - - [22/Aug/2022:14:11:42 -0300] "POST /cormun/servlet/hlogin?71f915ea7ec4593282566824a1825501,gx-no-cache=1661187454073 HTTP/1.1" 200 90
190.171.141.106 - - [22/Aug/2022:14:11:42 -0300] "GET /cormun/servlet/hpexe_link HTTP/1.1" 200 952
190.171.141.106 - - [22/Aug/2022:14:11:42 -0300] "GET /cormun/servlet/hhome HTTP/1.1" 200 4258
186.103.157.42 - - [22/Aug/2022:14:11:42 -0300] "GET /cormun/servlet/solicitudot?676c412d65ad9df3dfe41c2c95087f7ebe06977362204ce64fcca68c709c3e6c04dcdb7b23f9f9015d8a08dc6a1680933140e892f8ed519e2a4fe86db9ae8bb0f994e194596ac7a18d71c4f3104c3ec3b788ac4cbe97eb98a99a54744b4e3207d531bd0f8be409e49c63cc312e1482da,gx-no-cache=1661188047254 HTTP/1.1" 200 29
190.171.141.106 - - [22/Aug/2022:14:11:42 -0300] "GET /cormun/servlet/hhome HTTP/1.1" 200 4256
186.103.157.42 - - [22/Aug/2022:14:11:44 -0300] "GET /cormun/static/menuarrow.gif HTTP/1.1" 404 1015
190.171.141.106 - - [22/Aug/2022:14:11:47 -0300] "GET /cormun/servlet/trlicencias? HTTP/1.1" 200 15087
190.171.141.106 - - [22/Aug/2022:14:11:48 -0300] "GET /cormun/servlet/trlicencias? HTTP/1.1" 200 15059
186.103.157.42 - - [22/Aug/2022:14:11:49 -0300] "GET /cormun/servlet/solicitudot?676c412d65ad9df3dfe41c2c95087f7e047b12c7ad5a7577ffac18783e00f0c84ddb75277bc1dd9cbff11a6e389cf684,gx-no-cache=1661188053809 HTTP/1.1" 200 30
