192.168.10.17 - - [22/Aug/2022:11:12:36 -0300] "GET /cormun/static/SmoothNavMenu/resources/ddsmoothmenu.css?1112540 HTTP/1.1" 200 2223
192.168.10.17 - - [22/Aug/2022:11:12:36 -0300] "GET /cormun/static/scaMessage/css/jquery.pnotify.default.css?1816380 HTTP/1.1" 200 1707
192.168.10.17 - - [22/Aug/2022:11:12:36 -0300] "GET /cormun/static/PXToolsJavascripts/pexe_cookies.js HTTP/1.1" 200 792
192.168.10.17 - - [22/Aug/2022:11:12:36 -0300] "GET /cormun/static/PXToolsJavascripts/pexe_windows.js HTTP/1.1" 200 15207
192.168.10.17 - - [22/Aug/2022:11:12:36 -0300] "GET /cormun/static/PXToolsJavascripts/pexe_autoreload.js HTTP/1.1" 200 1762
192.168.10.17 - - [22/Aug/2022:11:12:36 -0300] "GET /cormun/static/PXToolsJavascripts/pexe_grid.js HTTP/1.1" 200 7559
192.168.10.17 - - [22/Aug/2022:11:12:36 -0300] "GET /cormun/static/PXToolsJavascripts/pexe_griddivfix.js HTTP/1.1" 200 6644
192.168.10.17 - - [22/Aug/2022:11:12:36 -0300] "GET /cormun/static/PXToolsJavascripts/pexe_link.js HTTP/1.1" 200 5671
192.168.10.17 - - [22/Aug/2022:11:12:36 -0300] "GET /cormun/static/PXToolsJavascripts/pexe_menudivfix.js HTTP/1.1" 200 333
192.168.10.17 - - [22/Aug/2022:11:12:36 -0300] "GET /cormun/static/PXToolsJavascripts/pexe_menus.js HTTP/1.1" 200 1286
192.168.10.17 - - [22/Aug/2022:11:12:36 -0300] "GET /cormun/static/PXToolsJavascripts/pexe_layers.js HTTP/1.1" 200 4114
192.168.10.17 - - [22/Aug/2022:11:12:36 -0300] "GET /cormun/static/PXToolsJavascripts/pexe_oav.js HTTP/1.1" 200 645
192.168.10.17 - - [22/Aug/2022:11:12:36 -0300] "GET /cormun/static/PXToolsJavascripts/pexe_picture.js HTTP/1.1" 200 689
192.168.10.17 - - [22/Aug/2022:11:12:36 -0300] "GET /cormun/static/PXToolsJavascripts/pexe_oavdivfix.js HTTP/1.1" 200 639
192.168.10.17 - - [22/Aug/2022:11:12:36 -0300] "GET /cormun/static/PXToolsJavascripts/pexe_scrolldiv.js HTTP/1.1" 200 4138
192.168.10.17 - - [22/Aug/2022:11:12:36 -0300] "GET /cormun/static/PXToolsJavascripts/pexe_popup.js HTTP/1.1" 200 13458
192.168.10.17 - - [22/Aug/2022:11:12:36 -0300] "GET /cormun/static/PXToolsJavascripts/pexe_tabdivfix.js HTTP/1.1" 200 876
192.168.10.17 - - [22/Aug/2022:11:12:36 -0300] "GET /cormun/static/PXToolsJavascripts/pexe_tabs.js HTTP/1.1" 200 3748
192.168.10.17 - - [22/Aug/2022:11:12:36 -0300] "GET /cormun/static/PXToolsJavascripts/pexe_upload.js HTTP/1.1" 200 1423
192.168.10.17 - - [22/Aug/2022:11:12:36 -0300] "GET /cormun/static/PXToolsJavascripts/PXToolsJavascriptsRender.js HTTP/1.1" 200 367
192.168.10.17 - - [22/Aug/2022:11:12:36 -0300] "GET /cormun/static/gxgral.js?85251 HTTP/1.1" 200 384558
192.168.10.17 - - [22/Aug/2022:11:12:36 -0300] "GET /cormun/static/RunJS/RunJS.js HTTP/1.1" 200 288
192.168.10.17 - - [22/Aug/2022:11:12:36 -0300] "GET /cormun/static/hhome.js?20201215495544 HTTP/1.1" 200 777
192.168.10.17 - - [22/Aug/2022:11:12:36 -0300] "GET /cormun/static/hwchdr01.js?20201214473739 HTTP/1.1" 200 996
192.168.10.17 - - [22/Aug/2022:11:12:36 -0300] "GET /cormun/static/Shared/ext/locale/ext-lang-en.js HTTP/1.1" 200 10940
192.168.10.17 - - [22/Aug/2022:11:12:36 -0300] "GET /cormun/static/hpexe_recentlink.js?20201214471090 HTTP/1.1" 200 2144
192.168.10.17 - - [22/Aug/2022:11:12:36 -0300] "GET /cormun/static/messages.spa.js?85251 HTTP/1.1" 200 30736
192.168.10.17 - - [22/Aug/2022:11:12:36 -0300] "GET /cormun/static/hpexe_scripts.js?20201214471411 HTTP/1.1" 200 1544
192.168.10.17 - - [22/Aug/2022:11:12:36 -0300] "GET /cormun/static/hpexe_messagecontroller.js?201991422154126 HTTP/1.1" 200 870
192.168.10.17 - - [22/Aug/2022:11:12:36 -0300] "GET /cormun/static/Resources/PXToolsDataTitle.png HTTP/1.1" 200 1173
192.168.10.17 - - [22/Aug/2022:11:12:36 -0300] "GET /cormun/static/Resources/ImgLogin.png HTTP/1.1" 200 1432
192.168.10.17 - - [22/Aug/2022:11:12:36 -0300] "GET /cormun/static/Resources/Logo2019_Small.png HTTP/1.1" 200 10855
192.168.10.17 - - [22/Aug/2022:11:12:36 -0300] "GET /cormun/static/Resources/ImgHome.png HTTP/1.1" 200 1364
192.168.10.17 - - [22/Aug/2022:11:12:36 -0300] "GET /cormun/static/Resources/Llave.png HTTP/1.1" 200 1395
192.168.10.17 - - [22/Aug/2022:11:12:36 -0300] "GET /cormun/static/hpexe_messagepopupcomponent.js?2020121447232 HTTP/1.1" 200 605
192.168.10.17 - - [22/Aug/2022:11:12:36 -0300] "GET /cormun/static/gxui/gxui-all.js HTTP/1.1" 200 107772
192.168.10.17 - - [22/Aug/2022:11:12:36 -0300] "GET /cormun/static/hpexe_messagegenexuscomponent.js?2020121447173 HTTP/1.1" 200 587
192.168.10.17 - - [22/Aug/2022:11:12:36 -0300] "GET /cormun/static/cmcontrolpreferences.js?20199141926336 HTTP/1.1" 200 1375
192.168.10.17 - - [22/Aug/2022:11:12:36 -0300] "GET /cormun/static/SmoothNavMenu/resources/ddsmoothmenu.js HTTP/1.1" 200 12712
192.168.10.17 - - [22/Aug/2022:11:12:37 -0300] "GET /cormun/static/SmoothNavMenu/resources/SmoothNavMenuRender.js HTTP/1.1" 200 5951
192.168.10.17 - - [22/Aug/2022:11:12:37 -0300] "GET /cormun/static/Shared/jquery/jquery-1.4.2.min.js HTTP/1.1" 200 72174
192.168.10.17 - - [22/Aug/2022:11:12:37 -0300] "GET /cormun/static/scaMessage/js/jquery.pnotify.min.js HTTP/1.1" 200 13038
192.168.10.17 - - [22/Aug/2022:11:12:37 -0300] "GET /cormun/static/scaMessage/scaMessageRender.js HTTP/1.1" 200 11977
192.168.10.17 - - [22/Aug/2022:11:12:37 -0300] "GET /cormun/static/hmpwkw03.js?20201215501896 HTTP/1.1" 200 3973
192.168.10.17 - - [22/Aug/2022:11:12:37 -0300] "GET /cormun/static/Shared/ext/ext-all.js HTTP/1.1" 200 1289687
192.168.10.17 - - [22/Aug/2022:11:12:37 -0300] "GET /cormun/static/Shared/jquery/jquery-1.10.2.min.js HTTP/1.1" 200 273199
192.168.10.17 - - [22/Aug/2022:11:12:37 -0300] "GET /cormun/static/Shared/jqueryui/jquery-ui.min.js HTTP/1.1" 200 240427
192.168.10.17 - - [22/Aug/2022:11:12:37 -0300] "GET /cormun/static/Resources/indicator.gif HTTP/1.1" 200 1553
192.168.10.17 - - [22/Aug/2022:11:12:37 -0300] "GET /cormun/servlet/hlogin HTTP/1.1" 200 1741
192.168.10.17 - - [22/Aug/2022:11:12:37 -0300] "GET /cormun/servlet/hhome HTTP/1.1" 200 3331
192.168.10.17 - - [22/Aug/2022:11:12:37 -0300] "GET /cormun/static/gxcfg.js?201910216285969 HTTP/1.1" 200 953
192.168.10.17 - - [22/Aug/2022:11:12:37 -0300] "GET /cormun/static/hlogin.js?201910216285995 HTTP/1.1" 200 2136
192.168.10.17 - - [22/Aug/2022:11:12:37 -0300] "GET /cormun/static/Resources/Spanish/PXTools.css?2294816 HTTP/1.1" 200 100853
192.168.10.17 - - [22/Aug/2022:11:12:37 -0300] "GET /cormun/static/Resources/Logo2019_Grande.png HTTP/1.1" 200 31733
192.168.10.17 - - [22/Aug/2022:11:12:37 -0300] "GET /cormun/servlet/hhome HTTP/1.1" 200 3331
192.168.10.17 - - [22/Aug/2022:11:12:37 -0300] "GET /cormun/static/Resources/PXToolsLoginTop.png HTTP/1.1" 200 1337
192.168.10.17 - - [22/Aug/2022:11:12:37 -0300] "GET /cormun/static/Resources/PXToolsLoginBackground.png HTTP/1.1" 200 1164
192.168.10.17 - - [22/Aug/2022:11:12:37 -0300] "GET /cormun/static/Resources/PXToolsButtonRight.png HTTP/1.1" 200 1294
192.168.10.17 - - [22/Aug/2022:11:12:37 -0300] "GET /cormun/static/Resources/PXToolsButtonLeft.png HTTP/1.1" 200 1310
192.168.10.17 - - [22/Aug/2022:11:12:37 -0300] "GET /cormun/static/Resources/PXToolsLoginBottom.png HTTP/1.1" 200 1389
192.168.10.17 - - [22/Aug/2022:11:12:37 -0300] "GET /cormun/static/Resources/PXToolsButtonBackground.png HTTP/1.1" 200 1176
192.168.10.17 - - [22/Aug/2022:11:12:37 -0300] "GET /favicon.ico HTTP/1.1" 200 21630
190.171.152.138 - - [22/Aug/2022:11:13:07 -0300] "POST /cormun/servlet/permisosadjuntos?0233d08c79f78df1be4c6259089d07d6,INS,17139473,P,20220822094702,, HTTP/1.1" 200 116
190.171.152.138 - - [22/Aug/2022:11:13:07 -0300] "GET /cormun/servlet/hpexe_return? HTTP/1.1" 200 1047
190.171.152.138 - - [22/Aug/2022:11:13:08 -0300] "GET /cormun/servlet/trpermisosadjuntos?17139473,20220822094702,P, HTTP/1.1" 200 6666
190.171.152.138 - - [22/Aug/2022:11:13:08 -0300] "GET /cormun/servlet/trpermisosadjuntos?17139473,20220822094702,P, HTTP/1.1" 200 6661
190.171.152.138 - - [22/Aug/2022:11:13:12 -0300] "POST /cormun/servlet/trpermisosadjuntos?0233d08c79f78df1be4c6259089d07d6,17139473,20220822094702,P,,gx-no-cache=1661173139952 HTTP/1.1" 200 90
190.171.152.138 - - [22/Aug/2022:11:13:12 -0300] "GET /cormun/servlet/hpexe_link HTTP/1.1" 200 992
190.171.152.138 - - [22/Aug/2022:11:13:12 -0300] "GET /cormun/servlet/trpermisosgoce HTTP/1.1" 200 9836
190.171.152.138 - - [22/Aug/2022:11:13:13 -0300] "GET /cormun/servlet/trpermisosgoce HTTP/1.1" 200 9834
139.87.71.160 - - [22/Aug/2022:11:13:19 -0300] "GET /manager/html HTTP/1.1" 401 2474
190.171.152.138 - - [22/Aug/2022:11:13:26 -0300] "POST /cormun/servlet/trpermisosgoce?0233d08c79f78df1be4c6259089d07d6,gx-no-cache=1661173153650 HTTP/1.1" 200 7243
190.171.152.138 - - [22/Aug/2022:11:13:26 -0300] "GET /cormun/static/Shared/jqueryui/images/ui-bg_highlight-soft_100_c6c2c8_1x100.png HTTP/1.1" 404 1117
190.171.152.138 - - [22/Aug/2022:11:13:26 -0300] "GET /cormun/static/Shared/jqueryui/images/ui-icons_82798d_256x240.png HTTP/1.1" 404 1089
190.171.152.138 - - [22/Aug/2022:11:13:27 -0300] "GET /cormun/static/Shared/jqueryui/images/ui-bg_flat_55_fafafa_40x100.png HTTP/1.1" 404 1097
190.171.152.138 - - [22/Aug/2022:11:13:27 -0300] "GET /cormun/static/Shared/jqueryui/images/ui-icons_8d78a5_256x240.png HTTP/1.1" 404 1089
190.171.152.138 - - [22/Aug/2022:11:13:53 -0300] "GET /cormun/servlet/hlogin HTTP/1.1" 200 1753
139.87.71.160 - - [22/Aug/2022:11:14:07 -0300] "GET /manager/html HTTP/1.1" 401 2474
190.171.152.138 - - [22/Aug/2022:11:14:11 -0300] "POST /cormun/servlet/hlogin?0233d08c79f78df1be4c6259089d07d6,gx-no-cache=1661173199039 HTTP/1.1" 200 90
190.171.152.138 - - [22/Aug/2022:11:14:11 -0300] "GET /cormun/servlet/hpexe_link HTTP/1.1" 200 960
190.171.152.138 - - [22/Aug/2022:11:14:12 -0300] "GET /cormun/servlet/hhome HTTP/1.1" 200 4327
190.171.152.138 - - [22/Aug/2022:11:14:12 -0300] "GET /cormun/servlet/hhome HTTP/1.1" 200 4323
190.171.152.138 - - [22/Aug/2022:11:14:19 -0300] "GET /cormun/servlet/trautorizarpermisogoce? HTTP/1.1" 200 8018
190.171.152.138 - - [22/Aug/2022:11:14:19 -0300] "GET /cormun/servlet/trautorizarpermisogoce? HTTP/1.1" 200 8018
186.11.19.50 - - [22/Aug/2022:11:14:31 -0300] "GET /cormun/servlet/hlogin HTTP/1.1" 200 1720
186.11.19.50 - - [22/Aug/2022:11:14:31 -0300] "GET /cormun/servlet/hlogin HTTP/1.1" 200 1729
190.171.152.138 - - [22/Aug/2022:11:14:35 -0300] "POST /cormun/servlet/trautorizarpermisogoce?0233d08c79f78df1be4c6259089d07d6,,gx-no-cache=1661173222786 HTTP/1.1" 200 4532
190.171.152.138 - - [22/Aug/2022:11:14:35 -0300] "GET /cormun/static/Shared/jqueryui/images/ui-bg_highlight-soft_100_c6c2c8_1x100.png HTTP/1.1" 404 1117
190.171.152.138 - - [22/Aug/2022:11:14:35 -0300] "GET /cormun/static/Shared/jqueryui/images/ui-icons_82798d_256x240.png HTTP/1.1" 404 1089
190.171.152.138 - - [22/Aug/2022:11:14:35 -0300] "GET /cormun/static/Shared/jqueryui/images/ui-bg_flat_55_fafafa_40x100.png HTTP/1.1" 404 1097
190.171.152.138 - - [22/Aug/2022:11:14:35 -0300] "GET /cormun/static/Shared/jqueryui/images/ui-icons_8d78a5_256x240.png HTTP/1.1" 404 1089
139.87.71.160 - - [22/Aug/2022:11:14:49 -0300] "GET /manager/html HTTP/1.1" 401 2474
190.171.152.138 - - [22/Aug/2022:11:14:53 -0300] "GET /cormun/servlet/hlogin HTTP/1.1" 200 1760
186.11.19.50 - - [22/Aug/2022:11:15:04 -0300] "POST /cormun/servlet/hlogin?dab720028b20851ad340fd9003b6c226,gx-no-cache=1661176856410 HTTP/1.1" 200 90
186.11.19.50 - - [22/Aug/2022:11:15:04 -0300] "GET /cormun/servlet/hpexe_link HTTP/1.1" 200 946
186.11.19.50 - - [22/Aug/2022:11:15:04 -0300] "GET /cormun/servlet/hhome HTTP/1.1" 200 3872
186.11.19.50 - - [22/Aug/2022:11:15:04 -0300] "GET /cormun/servlet/hhome HTTP/1.1" 200 3868
139.87.71.160 - - [22/Aug/2022:11:15:33 -0300] "GET /manager/html HTTP/1.1" 401 2474
200.54.100.179 - - [22/Aug/2022:11:15:54 -0300] "GET /cormun/servlet/hlogin HTTP/1.1" 200 1720
200.54.100.179 - - [22/Aug/2022:11:15:54 -0300] "GET /cormun/static/gxcfg.js?201910216285969 HTTP/1.1" 304 -
200.54.100.179 - - [22/Aug/2022:11:15:54 -0300] "GET /cormun/static/messages.spa.js?85251 HTTP/1.1" 304 -
200.54.100.179 - - [22/Aug/2022:11:15:54 -0300] "GET /cormun/servlet/hlogin HTTP/1.1" 200 1731
200.54.100.179 - - [22/Aug/2022:11:15:58 -0300] "POST /cormun/servlet/hlogin?94e0e5bc67d60059153e781893ab884c,gx-no-cache=1661176910396 HTTP/1.1" 200 90
200.54.100.179 - - [22/Aug/2022:11:15:58 -0300] "GET /cormun/servlet/hpexe_link HTTP/1.1" 200 944
200.54.100.179 - - [22/Aug/2022:11:15:58 -0300] "GET /cormun/static/gxcfg.js?201991422392958 HTTP/1.1" 304 -
200.54.100.179 - - [22/Aug/2022:11:15:58 -0300] "GET /cormun/servlet/hhome HTTP/1.1" 200 4309
200.54.100.179 - - [22/Aug/2022:11:15:58 -0300] "GET /cormun/static/gxcfg.js?20201215495537 HTTP/1.1" 304 -
200.54.100.179 - - [22/Aug/2022:11:15:58 -0300] "GET /cormun/servlet/hhome HTTP/1.1" 200 4306
200.54.100.179 - - [22/Aug/2022:11:16:01 -0300] "GET /cormun/servlet/trlicencias? HTTP/1.1" 200 11841
200.54.100.179 - - [22/Aug/2022:11:16:01 -0300] "GET /cormun/static/gxcfg.js?2020121613995 HTTP/1.1" 304 -
200.54.100.179 - - [22/Aug/2022:11:16:01 -0300] "GET /cormun/servlet/trlicencias? HTTP/1.1" 200 11838
139.87.71.160 - - [22/Aug/2022:11:16:22 -0300] "GET /manager/html HTTP/1.1" 401 2474
186.11.19.50 - - [22/Aug/2022:11:16:30 -0300] "GET /cormun/servlet/trlicencias? HTTP/1.1" 200 10146
186.11.19.50 - - [22/Aug/2022:11:16:30 -0300] "GET /cormun/static/gxcfg.js?2020121613995 HTTP/1.1" 200 953
186.11.19.50 - - [22/Aug/2022:11:16:30 -0300] "GET /cormun/static/trlicencias.js?202012162481 HTTP/1.1" 200 41883
186.11.19.50 - - [22/Aug/2022:11:16:31 -0300] "GET /cormun/servlet/trlicencias? HTTP/1.1" 200 10139
139.87.71.160 - - [22/Aug/2022:11:17:05 -0300] "GET /manager/html HTTP/1.1" 401 2474
139.87.71.160 - - [22/Aug/2022:11:17:50 -0300] "GET /manager/html HTTP/1.1" 401 2474
207.46.13.51 - - [22/Aug/2022:11:18:11 -0300] "GET /cormun/servlet/solicitudot?INS,0,0,false, HTTP/1.1" 200 14879
157.55.39.27 - - [22/Aug/2022:11:18:28 -0300] "GET /cormun/static/calendar-system.css?85620 HTTP/1.1" 200 5572
207.46.13.109 - - [22/Aug/2022:11:18:29 -0300] "GET /cormun/static/solicitudot.js?20203414242792 HTTP/1.1" 200 74114
157.55.39.31 - - [22/Aug/2022:11:18:30 -0300] "GET /cormun/static/gxcfg.js?20203414241232 HTTP/1.1" 200 953
139.87.71.160 - - [22/Aug/2022:11:18:33 -0300] "GET /manager/html HTTP/1.1" 401 2474
139.87.71.160 - - [22/Aug/2022:11:19:13 -0300] "GET /manager/html HTTP/1.1" 401 2474
186.11.19.50 - - [22/Aug/2022:11:19:18 -0300] "GET /cormun/servlet/hhome HTTP/1.1" 200 3872
186.11.19.50 - - [22/Aug/2022:11:19:18 -0300] "GET /cormun/servlet/hhome HTTP/1.1" 200 3868
186.11.19.50 - - [22/Aug/2022:11:19:23 -0300] "GET /cormun/servlet/trlicencias? HTTP/1.1" 200 10148
186.11.19.50 - - [22/Aug/2022:11:19:24 -0300] "GET /cormun/servlet/trlicencias? HTTP/1.1" 200 10145
139.87.71.160 - - [22/Aug/2022:11:20:02 -0300] "GET /manager/html HTTP/1.1" 401 2474
139.87.71.160 - - [22/Aug/2022:11:20:49 -0300] "GET /manager/html HTTP/1.1" 401 2474
146.70.123.188 - - [22/Aug/2022:11:20:51 -0300] "GET /test6956.php HTTP/1.1" 404 985
139.87.71.160 - - [22/Aug/2022:11:21:33 -0300] "GET /manager/html HTTP/1.1" 401 2474
139.87.71.160 - - [22/Aug/2022:11:23:14 -0300] "GET /manager/html HTTP/1.1" 401 2474
186.11.19.50 - - [22/Aug/2022:11:23:34 -0300] "GET /cormun/servlet/trsolicitudot? HTTP/1.1" 200 7080
186.11.19.50 - - [22/Aug/2022:11:23:34 -0300] "GET /cormun/static/gxui/gxui-all.css?110300 HTTP/1.1" 200 2179
186.11.19.50 - - [22/Aug/2022:11:23:34 -0300] "GET /cormun/static/calendar-system.css?75620 HTTP/1.1" 200 5572
186.11.19.50 - - [22/Aug/2022:11:23:35 -0300] "GET /cormun/static/gxcfg.js?201991910464971 HTTP/1.1" 200 953
186.11.19.50 - - [22/Aug/2022:11:23:35 -0300] "GET /cormun/static/trsolicitudot.js?201991910465845 HTTP/1.1" 200 54041
186.11.19.50 - - [22/Aug/2022:11:23:35 -0300] "GET /cormun/static/Shared/ext/resources/css/ext-all.css?205870 HTTP/1.1" 200 416045
186.11.19.50 - - [22/Aug/2022:11:23:35 -0300] "GET /cormun/servlet/trsolicitudot? HTTP/1.1" 200 7080
186.11.19.50 - - [22/Aug/2022:11:23:40 -0300] "GET /cormun/servlet/trpermisosgoce? HTTP/1.1" 200 10532
186.11.19.50 - - [22/Aug/2022:11:23:41 -0300] "GET /cormun/servlet/trpermisosgoce? HTTP/1.1" 200 10532
139.87.71.160 - - [22/Aug/2022:11:24:53 -0300] "GET /manager/html HTTP/1.1" 401 2474
186.103.157.42 - - [22/Aug/2022:11:25:35 -0300] "GET /cormun/servlet/hlogin HTTP/1.1" 200 1726
139.87.71.160 - - [22/Aug/2022:11:25:44 -0300] "GET /manager/html HTTP/1.1" 401 2474
186.103.157.42 - - [22/Aug/2022:11:25:56 -0300] "POST /cormun/servlet/hlogin?714eb9a9c2a2f644c6c7cb51abe3b4ca,gx-no-cache=1661178101312 HTTP/1.1" 200 90
186.103.157.42 - - [22/Aug/2022:11:25:56 -0300] "GET /cormun/servlet/hpexe_link HTTP/1.1" 200 952
186.103.157.42 - - [22/Aug/2022:11:25:56 -0300] "GET /cormun/servlet/hhome HTTP/1.1" 200 4371
186.103.157.42 - - [22/Aug/2022:11:25:57 -0300] "GET /cormun/servlet/hhome HTTP/1.1" 200 4370
186.103.157.42 - - [22/Aug/2022:11:26:02 -0300] "GET /cormun/servlet/trsolicitudot? HTTP/1.1" 200 7597
186.103.157.42 - - [22/Aug/2022:11:26:02 -0300] "GET /cormun/servlet/trsolicitudot? HTTP/1.1" 200 7595
186.103.157.42 - - [22/Aug/2022:11:26:05 -0300] "GET /cormun/servlet/solicitudot?INS,0,0,false, HTTP/1.1" 200 16136
186.103.157.42 - - [22/Aug/2022:11:26:05 -0300] "GET /cormun/servlet/solicitudot?INS,0,0,false, HTTP/1.1" 200 16144
139.87.71.160 - - [22/Aug/2022:11:26:29 -0300] "GET /manager/html HTTP/1.1" 401 2474
192.168.10.96 - - [22/Aug/2022:11:26:49 -0300] "GET /cormun/servlet/hlogin HTTP/1.1" 200 1723
192.168.10.96 - - [22/Aug/2022:11:26:49 -0300] "GET /cormun/servlet/hlogin HTTP/1.1" 200 1734
192.168.10.96 - - [22/Aug/2022:11:26:52 -0300] "POST /cormun/servlet/hlogin?7ff7e9859554377b56648567c0fdc25c,gx-no-cache=1661177388114 HTTP/1.1" 200 90
192.168.10.96 - - [22/Aug/2022:11:26:52 -0300] "GET /cormun/servlet/hpexe_link HTTP/1.1" 200 951
192.168.10.96 - - [22/Aug/2022:11:26:52 -0300] "GET /cormun/servlet/hhome HTTP/1.1" 200 3788
192.168.10.96 - - [22/Aug/2022:11:26:52 -0300] "GET /cormun/servlet/hhome HTTP/1.1" 200 3784
192.168.10.96 - - [22/Aug/2022:11:26:54 -0300] "GET /cormun/servlet/trsolicitudgral? HTTP/1.1" 200 29320
192.168.10.96 - - [22/Aug/2022:11:26:55 -0300] "GET /cormun/servlet/trsolicitudgral? HTTP/1.1" 200 29318
192.168.10.96 - - [22/Aug/2022:11:27:04 -0300] "POST /cormun/servlet/trsolicitudgral?7ff7e9859554377b56648567c0fdc25c,,gx-no-cache=1661177400606 HTTP/1.1" 200 8272
190.171.149.74 - - [22/Aug/2022:11:28:40 -0300] "POST /cormun/servlet/trlicencias?77dcf7ffa64059d380b549f7c3378e60,,gx-no-cache=1661177673313 HTTP/1.1" 440 972
190.171.149.74 - - [22/Aug/2022:11:28:42 -0300] "GET /cormun/servlet/trlicencias? HTTP/1.1" 200 7522
190.171.149.74 - - [22/Aug/2022:11:28:42 -0300] "GET /cormun/servlet/hlogin HTTP/1.1" 200 1748
190.171.149.74 - - [22/Aug/2022:11:28:42 -0300] "GET /cormun/servlet/trlicencias? HTTP/1.1" 200 7522
190.171.149.74 - - [22/Aug/2022:11:28:49 -0300] "POST /cormun/servlet/hlogin?728fc634f4e25ba56cc44ef97856f3e8,gx-no-cache=1661177681961 HTTP/1.1" 200 90
190.171.149.74 - - [22/Aug/2022:11:28:49 -0300] "GET /cormun/servlet/hpexe_link HTTP/1.1" 200 961
190.171.149.74 - - [22/Aug/2022:11:28:49 -0300] "GET /cormun/servlet/trlicencias HTTP/1.1" 200 13457
190.171.149.74 - - [22/Aug/2022:11:28:50 -0300] "GET /cormun/servlet/trlicencias HTTP/1.1" 200 13449
190.171.149.74 - - [22/Aug/2022:11:29:03 -0300] "POST /cormun/servlet/trlicencias?728fc634f4e25ba56cc44ef97856f3e8,gx-no-cache=1661177695333 HTTP/1.1" 200 11110
139.87.71.160 - - [22/Aug/2022:11:29:31 -0300] "GET /manager/html HTTP/1.1" 401 2474
139.87.71.160 - - [22/Aug/2022:11:30:15 -0300] "GET /manager/html HTTP/1.1" 401 2474
190.171.141.82 - - [22/Aug/2022:11:30:26 -0300] "GET /cormun/servlet/hlogin HTTP/1.1" 200 1723
190.171.141.82 - - [22/Aug/2022:11:30:27 -0300] "GET /cormun/servlet/hlogin HTTP/1.1" 200 1734
190.171.141.82 - - [22/Aug/2022:11:30:37 -0300] "POST /cormun/servlet/hlogin?41dde7de5e13bd71ead83a4c32010c79,gx-no-cache=1661177790093 HTTP/1.1" 200 90
190.171.141.82 - - [22/Aug/2022:11:30:37 -0300] "GET /cormun/servlet/hpexe_link HTTP/1.1" 200 951
190.171.141.82 - - [22/Aug/2022:11:30:37 -0300] "GET /cormun/servlet/hhome HTTP/1.1" 200 3961
190.171.141.82 - - [22/Aug/2022:11:30:38 -0300] "GET /cormun/servlet/hhome HTTP/1.1" 200 3958
190.171.141.82 - - [22/Aug/2022:11:30:40 -0300] "GET /cormun/servlet/trsolicitudot? HTTP/1.1" 200 7182
190.171.141.82 - - [22/Aug/2022:11:30:40 -0300] "GET /cormun/static/gxui/gxui-all.css?110300 HTTP/1.1" 200 2179
190.171.141.82 - - [22/Aug/2022:11:30:40 -0300] "GET /cormun/static/calendar-system.css?75620 HTTP/1.1" 200 5572
190.171.141.82 - - [22/Aug/2022:11:30:40 -0300] "GET /cormun/static/gxcfg.js?201991910464971 HTTP/1.1" 200 953
190.171.141.82 - - [22/Aug/2022:11:30:40 -0300] "GET /cormun/static/trsolicitudot.js?201991910465845 HTTP/1.1" 200 54041
190.171.141.82 - - [22/Aug/2022:11:30:40 -0300] "GET /cormun/static/Shared/ext/resources/css/ext-all.css?205870 HTTP/1.1" 200 416045
190.171.141.82 - - [22/Aug/2022:11:30:40 -0300] "GET /cormun/servlet/trsolicitudot? HTTP/1.1" 200 7181
190.171.141.82 - - [22/Aug/2022:11:30:49 -0300] "POST /cormun/servlet/trsolicitudot?41dde7de5e13bd71ead83a4c32010c79,,gx-no-cache=1661177802214 HTTP/1.1" 200 7443
190.171.141.82 - - [22/Aug/2022:11:30:49 -0300] "GET /cormun//static/Resources/PXToolsActionView.png HTTP/1.1" 200 398
190.171.141.82 - - [22/Aug/2022:11:30:49 -0300] "GET /cormun//static/Resources/PXToolsRemoveAllAction.png HTTP/1.1" 200 487
190.171.142.10 - - [22/Aug/2022:11:31:04 -0300] "GET /cormun/servlet/hlogin HTTP/1.1" 200 1732
139.87.71.160 - - [22/Aug/2022:11:31:08 -0300] "GET /manager/html HTTP/1.1" 401 2474
190.171.141.82 - - [22/Aug/2022:11:31:13 -0300] "POST /cormun/servlet/trsolicitudot?41dde7de5e13bd71ead83a4c32010c79,,gx-no-cache=1661177825391 HTTP/1.1" 200 7422
190.171.142.10 - - [22/Aug/2022:11:31:15 -0300] "POST /cormun/servlet/hlogin?ecee3b61095c5cc86e80fa0d76d4e5bd,gx-no-cache=1661177826438 HTTP/1.1" 200 90
190.171.142.10 - - [22/Aug/2022:11:31:15 -0300] "GET /cormun/servlet/hpexe_link HTTP/1.1" 200 956
190.171.141.82 - - [22/Aug/2022:11:31:15 -0300] "POST /cormun/servlet/trsolicitudot?41dde7de5e13bd71ead83a4c32010c79,,gx-no-cache=1661177828179 HTTP/1.1" 200 7422
190.171.142.10 - - [22/Aug/2022:11:31:16 -0300] "GET /cormun/servlet/hhome HTTP/1.1" 200 3997
190.171.142.10 - - [22/Aug/2022:11:31:16 -0300] "GET /cormun/servlet/hhome HTTP/1.1" 200 3993
190.171.141.82 - - [22/Aug/2022:11:31:18 -0300] "POST /cormun/servlet/trsolicitudot?41dde7de5e13bd71ead83a4c32010c79,,gx-no-cache=1661177830588 HTTP/1.1" 200 7422
190.171.142.10 - - [22/Aug/2022:11:31:22 -0300] "GET /cormun/servlet/trlicencias? HTTP/1.1" 200 14352
190.171.141.82 - - [22/Aug/2022:11:31:22 -0300] "POST /cormun/servlet/trsolicitudot?41dde7de5e13bd71ead83a4c32010c79,,gx-no-cache=1661177835125 HTTP/1.1" 200 7422
190.171.142.10 - - [22/Aug/2022:11:31:22 -0300] "GET /cormun/servlet/trlicencias? HTTP/1.1" 200 14347
190.171.141.82 - - [22/Aug/2022:11:31:24 -0300] "POST /cormun/servlet/trsolicitudot?41dde7de5e13bd71ead83a4c32010c79,,gx-no-cache=1661177836579 HTTP/1.1" 200 7421
190.171.141.82 - - [22/Aug/2022:11:31:50 -0300] "POST /cormun/servlet/trsolicitudot?41dde7de5e13bd71ead83a4c32010c79,,gx-no-cache=1661177862460 HTTP/1.1" 200 7422
190.171.141.82 - - [22/Aug/2022:11:31:51 -0300] "POST /cormun/servlet/trsolicitudot?41dde7de5e13bd71ead83a4c32010c79,,gx-no-cache=1661177863595 HTTP/1.1" 200 7422
139.87.71.160 - - [22/Aug/2022:11:31:56 -0300] "GET /manager/html HTTP/1.1" 401 2474
139.87.71.160 - - [22/Aug/2022:11:32:38 -0300] "GET /manager/html HTTP/1.1" 401 2474
186.103.157.98 - - [22/Aug/2022:11:32:42 -0300] "GET /cormun/servlet/hlogin HTTP/1.1" 200 1721
186.103.157.98 - - [22/Aug/2022:11:32:42 -0300] "GET /cormun/servlet/hlogin HTTP/1.1" 200 1732
186.103.157.98 - - [22/Aug/2022:11:32:55 -0300] "POST /cormun/servlet/hlogin?0dabfee6d2a862508edeb1047564ba52,gx-no-cache=1661177928560 HTTP/1.1" 200 90
186.103.157.98 - - [22/Aug/2022:11:32:56 -0300] "GET /cormun/servlet/hpexe_link HTTP/1.1" 200 949
186.103.157.98 - - [22/Aug/2022:11:32:56 -0300] "GET /cormun/servlet/hhome HTTP/1.1" 200 4253
186.103.157.98 - - [22/Aug/2022:11:32:56 -0300] "GET /cormun/servlet/hhome HTTP/1.1" 200 4250
186.103.157.98 - - [22/Aug/2022:11:32:58 -0300] "GET /cormun/servlet/trlicencias? HTTP/1.1" 200 10375
186.103.157.98 - - [22/Aug/2022:11:32:59 -0300] "GET /cormun/servlet/trlicencias? HTTP/1.1" 200 10357
157.55.39.27 - - [22/Aug/2022:11:33:11 -0300] "GET /cormun/servlet/hhome HTTP/1.1" 200 3309
186.103.157.98 - - [22/Aug/2022:11:33:14 -0300] "GET /cormun/servlet/hlogin HTTP/1.1" 200 1738
139.87.71.160 - - [22/Aug/2022:11:33:27 -0300] "GET /manager/html HTTP/1.1" 401 2474
139.87.71.160 - - [22/Aug/2022:11:35:00 -0300] "GET /manager/html HTTP/1.1" 401 2474
157.55.39.152 - - [22/Aug/2022:11:35:34 -0300] "GET /cormun/servlet/hpexe_link HTTP/1.1" 200 923
139.87.71.160 - - [22/Aug/2022:11:36:42 -0300] "GET /manager/html HTTP/1.1" 401 2474
186.67.172.234 - - [22/Aug/2022:11:37:50 -0300] "POST /cormun/servlet/trlicencias?3940106b2750455361effbd912f8484e,,gx-no-cache=1661178223012 HTTP/1.1" 440 972
139.87.71.160 - - [22/Aug/2022:11:38:14 -0300] "GET /manager/html HTTP/1.1" 401 2474
186.103.157.42 - - [22/Aug/2022:11:38:21 -0300] "POST /cormun/servlet/solicitudot?gx-no-cache=1661178845561 HTTP/1.1" 200 3995
186.103.157.42 - - [22/Aug/2022:11:38:21 -0300] "POST /cormun/servlet/solicitudot?714eb9a9c2a2f644c6c7cb51abe3b4ca,INS,0,0,false,,gx-no-cache=1661178845788 HTTP/1.1" 200 12820
186.103.157.42 - - [22/Aug/2022:11:38:26 -0300] "GET /cormun/servlet/prbanco?,MD,,gxPopupLevel%3D0%3B HTTP/1.1" 200 6672
186.103.157.42 - - [22/Aug/2022:11:38:28 -0300] "GET /cormun/servlet/solicitudot?2ea77db9a9cecbe99451e87ec36112ce82a9d3e3ae3f59ea61447c5d6a1e8b9cea9fc00c53d61727245434dcd072cd99,gx-no-cache=1661178853491 HTTP/1.1" 200 30
186.103.157.42 - - [22/Aug/2022:11:38:28 -0300] "GET /cormun/servlet/solicitudot?2ea77db9a9cecbe99451e87ec36112cef36c8ebde2dbf470bc1bc4a212ae12649701c5f8e97f528408c44354ae2704a0407335c85c15a9f6760fbca2d000e7fe,gx-no-cache=1661178853516 HTTP/1.1" 200 30
186.103.157.42 - - [22/Aug/2022:11:38:30 -0300] "GET /cormun/servlet/solicitudot?2ea77db9a9cecbe99451e87ec36112cebb48a3e0ecd4a06510c3687340adbb8c,gx-no-cache=1661178855019 HTTP/1.1" 200 53
139.87.71.160 - - [22/Aug/2022:11:38:56 -0300] "GET /manager/html HTTP/1.1" 401 2474
186.103.157.42 - - [22/Aug/2022:11:39:03 -0300] "POST /cormun/servlet/solicitudot?gx-no-cache=1661178888348 HTTP/1.1" 200 240
186.103.157.42 - - [22/Aug/2022:11:39:03 -0300] "GET /cormun/servlet/solicitudot?2ea77db9a9cecbe99451e87ec36112ce2d0f53fc9d00e6f9737c02d0ef6e23da3e7f88ed292ded7e1eabb610a10a8d65e19661676246b6aa2b5990052daaf212867155ac3ef2165dc64e1093e8fd66139fe296a55cf8d6bc56fcb0cfe6dded40d5891a3f6e5a432645b1f9b68c155733dbfe9baf6f7da809ae61cea8a5ff2f3e6eeb134b4400105dc5821fbf76c0997620417e0fe010dd3fbce5db8e48c68a7240ee249d7db617e78758d37c8a9bae44007230b6ee56c6d2071a913a8ea6d29683d9abe497fd66903d309ddc43646929a85fde0208fca92eea62f83801d9f9159fd737ea562f7840e753f45c3531ad91a55a2351cb59a5383d1209e7eea139ef37bb159c7bccc61c94f624b30a5f09f558ad135c49b855341fbcd7c4b2e56d120321a52396fed51966bdc5bb1937a3f3673b0214dd397b3990636176b1bd50db1278e4b174e08e455be4d7d6df85ade70234ff8c17c018cf4c71f530feab45a180640ea129aea79651e817dda14cb5b3a6bc5176cfa6b2311a5b3d7b2245f045,gx-no-cache=1661178888405 HTTP/1.1" 200 30
186.103.157.42 - - [22/Aug/2022:11:39:03 -0300] "POST /cormun/servlet/solicitudot?gx-no-cache=1661178888429 HTTP/1.1" 200 30
186.103.157.42 - - [22/Aug/2022:11:39:03 -0300] "POST /cormun/servlet/solicitudot?gx-no-cache=1661178888462 HTTP/1.1" 200 1468
186.103.157.42 - - [22/Aug/2022:11:39:03 -0300] "POST /cormun/servlet/solicitudot?gx-no-cache=1661178888507 HTTP/1.1" 200 38
186.103.157.42 - - [22/Aug/2022:11:39:03 -0300] "GET /cormun/servlet/solicitudot?2ea77db9a9cecbe99451e87ec36112ce4f7760f64ee92ba39fc25ee6f88d931bf63edcac15329e6ce0d65082d4eb80166c1658d3e22c6d5b632eb52e9755c8cde0ff005c1e575cc5aba767dc4f6a9f7c4b6a811c09beb0bb520588de65772ec1e86a980b26a8b9087c1cd568ff0190d5,gx-no-cache=1661178888534 HTTP/1.1" 200 110
186.103.157.42 - - [22/Aug/2022:11:39:38 -0300] "POST /cormun/servlet/solicitudot?gx-no-cache=1661178923023 HTTP/1.1" 200 30
139.87.71.160 - - [22/Aug/2022:11:39:39 -0300] "GET /manager/html HTTP/1.1" 401 2474
186.103.157.42 - - [22/Aug/2022:11:39:50 -0300] "POST /cormun/servlet/solicitudot?gx-no-cache=1661178935231 HTTP/1.1" 200 30
186.103.157.42 - - [22/Aug/2022:11:40:18 -0300] "POST /cormun/servlet/solicitudot?gx-no-cache=1661178963423 HTTP/1.1" 200 30
139.87.71.160 - - [22/Aug/2022:11:40:23 -0300] "GET /manager/html HTTP/1.1" 401 2474
186.103.157.42 - - [22/Aug/2022:11:40:27 -0300] "POST /cormun/servlet/solicitudot?gx-no-cache=1661178971855 HTTP/1.1" 200 30
186.103.157.42 - - [22/Aug/2022:11:40:54 -0300] "POST /cormun/servlet/solicitudot?gx-no-cache=1661178998894 HTTP/1.1" 200 1468
186.103.157.42 - - [22/Aug/2022:11:40:58 -0300] "GET /cormun/static/menuarrow.gif HTTP/1.1" 404 1015
139.87.71.160 - - [22/Aug/2022:11:41:04 -0300] "GET /manager/html HTTP/1.1" 401 2474
186.103.157.42 - - [22/Aug/2022:11:41:05 -0300] "POST /cormun/servlet/solicitudot?gx-no-cache=1661179009712 HTTP/1.1" 200 41
186.103.157.42 - - [22/Aug/2022:11:41:05 -0300] "GET /cormun/servlet/solicitudot?2ea77db9a9cecbe99451e87ec36112ce4f7760f64ee92ba39fc25ee6f88d931bf63edcac15329e6ce0d65082d4eb80166c1658d3e22c6d5b632eb52e9755c8cde0ff005c1e575cc5aba767dc4f6a9f7c4b6a811c09beb0bb520588de65772ec1e86a980b26a8b9087c1cd568ff0190d5,gx-no-cache=1661179009738 HTTP/1.1" 200 110
186.103.157.42 - - [22/Aug/2022:11:41:05 -0300] "POST /cormun/servlet/solicitudot?gx-no-cache=1661179009765 HTTP/1.1" 200 97
186.103.157.42 - - [22/Aug/2022:11:41:05 -0300] "GET /cormun/servlet/solicitudot?2ea77db9a9cecbe99451e87ec36112cef065d8cd4257ea17aed13807f76511c441e995a2eb43a35eadfb674afc6b00f0c97d035604088b34606345774cfcf346d0a849ef486163e05c6da8cff9d168da6ad6c976b0f9eb8bf91255b1af126a2b86c873307d392ed57e9e817397a9e2b49a1cbae5e99041592b445a886c10ee6091c1cccbdccb25f99f360cf6ece38a91c055ad2792e6413d6740e54b971b851b,gx-no-cache=1661179009791 HTTP/1.1" 200 29
186.103.157.42 - - [22/Aug/2022:11:41:20 -0300] "GET /cormun/servlet/solicitudot?2ea77db9a9cecbe99451e87ec36112ce4f7760f64ee92ba39fc25ee6f88d931bf63edcac15329e6ce0d65082d4eb80166c1658d3e22c6d5b632eb52e9755c8cde0ff005c1e575cc5aba767dc4f6a9f7c4b6a811c09beb0bb520588de65772ec1e86a980b26a8b9087c1cd568ff0190d5,gx-no-cache=1661179025126 HTTP/1.1" 200 110
186.103.157.42 - - [22/Aug/2022:11:41:42 -0300] "GET /cormun/servlet/solicitudot?2ea77db9a9cecbe99451e87ec36112ce3801f1ed9e1f20e06ea1ed7b868de171149c03886862283c35695033e91dd294,gx-no-cache=1661179047291 HTTP/1.1" 200 30
186.103.157.42 - - [22/Aug/2022:11:41:42 -0300] "POST /cormun/servlet/solicitudot?gx-no-cache=1661179047325 HTTP/1.1" 200 34
139.87.71.160 - - [22/Aug/2022:11:41:50 -0300] "GET /manager/html HTTP/1.1" 401 2474
181.162.172.31 - - [22/Aug/2022:11:42:24 -0300] "GET /cormun/servlet/hlogin HTTP/1.1" 200 1729
139.87.71.160 - - [22/Aug/2022:11:42:35 -0300] "GET /manager/html HTTP/1.1" 401 2474
181.162.172.31 - - [22/Aug/2022:11:42:48 -0300] "POST /cormun/servlet/hlogin?71c4942670e6bf610dc535878594c4c2,gx-no-cache=1661178520877 HTTP/1.1" 200 90
181.162.172.31 - - [22/Aug/2022:11:42:48 -0300] "GET /cormun/servlet/hpexe_link HTTP/1.1" 200 956
181.162.172.31 - - [22/Aug/2022:11:42:48 -0300] "GET /cormun/servlet/hhome HTTP/1.1" 200 3947
181.162.172.31 - - [22/Aug/2022:11:42:49 -0300] "GET /cormun/servlet/hhome HTTP/1.1" 200 3943
186.11.47.229 - - [22/Aug/2022:11:42:53 -0300] "GET /cormun/servlet/hlogin HTTP/1.1" 200 1728
186.11.47.229 - - [22/Aug/2022:11:42:53 -0300] "GET /cormun/static/gxtimezone.js?85251 HTTP/1.1" 200 5781
186.11.47.229 - - [22/Aug/2022:11:42:54 -0300] "GET /cormun/static/gxcfg.js?201910216285969 HTTP/1.1" 200 953
186.11.47.229 - - [22/Aug/2022:11:42:54 -0300] "GET /cormun/static/Resources/Spanish/PXTools.css?2294816 HTTP/1.1" 200 100853
186.11.47.229 - - [22/Aug/2022:11:42:54 -0300] "GET /cormun/static/messages.spa.js?85251 HTTP/1.1" 200 30736
181.162.172.31 - - [22/Aug/2022:11:42:57 -0300] "GET /cormun/servlet/trlicencias? HTTP/1.1" 200 13007
181.162.172.31 - - [22/Aug/2022:11:42:58 -0300] "GET /cormun/servlet/trlicencias? HTTP/1.1" 200 13022
186.11.47.229 - - [22/Aug/2022:11:42:58 -0300] "GET /cormun/static/hlogin.js?201910216285995 HTTP/1.1" 200 2136
186.11.47.229 - - [22/Aug/2022:11:43:01 -0300] "GET /cormun/static/Resources/Logo2019_Grande.png HTTP/1.1" 200 31733
186.11.47.229 - - [22/Aug/2022:11:43:01 -0300] "GET /cormun/static/gxgral.js?85251 HTTP/1.1" 200 384558
186.11.47.229 - - [22/Aug/2022:11:43:02 -0300] "GET /cormun/static/Resources/PXToolsLoginTop.png HTTP/1.1" 200 1337
186.11.47.229 - - [22/Aug/2022:11:43:02 -0300] "GET /cormun/static/Resources/PXToolsLoginBackground.png HTTP/1.1" 200 1164
186.11.47.229 - - [22/Aug/2022:11:43:02 -0300] "GET /cormun/static/Resources/PXToolsButtonLeft.png HTTP/1.1" 200 1310
186.11.47.229 - - [22/Aug/2022:11:43:02 -0300] "GET /cormun/static/Resources/PXToolsButtonRight.png HTTP/1.1" 200 1294
186.11.47.229 - - [22/Aug/2022:11:43:02 -0300] "GET /cormun/servlet/hlogin HTTP/1.1" 200 1738
186.11.47.229 - - [22/Aug/2022:11:43:02 -0300] "GET /cormun/static/Resources/PXToolsButtonBackground.png HTTP/1.1" 200 1176
186.11.47.229 - - [22/Aug/2022:11:43:02 -0300] "GET /cormun/static/Resources/PXToolsLoginBottom.png HTTP/1.1" 200 1389
186.11.47.229 - - [22/Aug/2022:11:43:02 -0300] "GET /cormun/static/Resources/indicator.gif HTTP/1.1" 200 1553
186.11.47.229 - - [22/Aug/2022:11:43:02 -0300] "GET /cormun/static/Resources/PXToolsButtonBackground.png HTTP/1.1" 200 1176
186.11.47.229 - - [22/Aug/2022:11:43:02 -0300] "GET /cormun/static/Resources/PXToolsLoginBottom.png HTTP/1.1" 200 1389
186.11.47.229 - - [22/Aug/2022:11:43:02 -0300] "GET /cormun/static/Resources/indicator.gif HTTP/1.1" 200 1553
186.11.47.229 - - [22/Aug/2022:11:43:03 -0300] "GET /favicon.ico HTTP/1.1" 200 21630
139.87.71.160 - - [22/Aug/2022:11:43:21 -0300] "GET /manager/html HTTP/1.1" 401 2474
186.11.47.229 - - [22/Aug/2022:11:43:32 -0300] "POST /cormun/servlet/hlogin?32d37f56fab59e50cf414958d69b7e8c,gx-no-cache=1661178563707 HTTP/1.1" 200 446
186.11.47.229 - - [22/Aug/2022:11:44:00 -0300] "POST /cormun/servlet/hlogin?32d37f56fab59e50cf414958d69b7e8c,gx-no-cache=1661178591903 HTTP/1.1" 200 449
139.87.71.160 - - [22/Aug/2022:11:44:10 -0300] "GET /manager/html HTTP/1.1" 401 2474
139.87.71.160 - - [22/Aug/2022:11:44:56 -0300] "GET /manager/html HTTP/1.1" 401 2474
186.11.47.229 - - [22/Aug/2022:11:45:33 -0300] "POST /cormun/servlet/hlogin?32d37f56fab59e50cf414958d69b7e8c,gx-no-cache=1661178685571 HTTP/1.1" 200 447
186.11.47.229 - - [22/Aug/2022:11:45:47 -0300] "GET /cormun/servlet/hlogin HTTP/1.1" 200 1728
139.87.71.160 - - [22/Aug/2022:11:45:48 -0300] "GET /manager/html HTTP/1.1" 401 2474
186.103.157.42 - - [22/Aug/2022:11:46:16 -0300] "GET /cormun/servlet/solicitudot?2ea77db9a9cecbe99451e87ec36112ce3801f1ed9e1f20e06ea1ed7b868de17160f5245dc767a1f0dbcd1c40f94a18a9,gx-no-cache=1661179321378 HTTP/1.1" 200 30
186.103.157.42 - - [22/Aug/2022:11:46:16 -0300] "POST /cormun/servlet/solicitudot?gx-no-cache=1661179321421 HTTP/1.1" 200 34
186.103.157.42 - - [22/Aug/2022:11:46:17 -0300] "POST /cormun/servlet/solicitudot?714eb9a9c2a2f644c6c7cb51abe3b4ca,INS,0,0,false,,gx-no-cache=1661179321449 HTTP/1.1" 200 93
186.103.157.42 - - [22/Aug/2022:11:46:17 -0300] "GET /cormun/servlet/hpexe_return? HTTP/1.1" 200 1008
186.103.157.42 - - [22/Aug/2022:11:46:17 -0300] "GET /cormun/servlet/trsolicitudot HTTP/1.1" 200 9036
186.103.157.42 - - [22/Aug/2022:11:46:17 -0300] "GET /cormun/servlet/trsolicitudot HTTP/1.1" 200 9031
186.103.157.42 - - [22/Aug/2022:11:46:22 -0300] "POST /cormun/servlet/trsolicitudot?714eb9a9c2a2f644c6c7cb51abe3b4ca,gx-no-cache=1661179326877 HTTP/1.1" 200 4867
186.103.157.42 - - [22/Aug/2022:11:46:22 -0300] "GET /cormun/static/Shared/jqueryui/images/ui-icons_82798d_256x240.png HTTP/1.1" 404 1089
186.103.157.42 - - [22/Aug/2022:11:46:22 -0300] "GET /cormun/static/Shared/jqueryui/images/ui-bg_flat_55_fafafa_40x100.png HTTP/1.1" 404 1097
186.103.157.42 - - [22/Aug/2022:11:46:22 -0300] "GET /cormun/static/Shared/jqueryui/images/ui-bg_highlight-soft_100_c6c2c8_1x100.png HTTP/1.1" 404 1117
186.103.157.42 - - [22/Aug/2022:11:46:22 -0300] "GET /cormun/static/Shared/jqueryui/images/ui-icons_8d78a5_256x240.png HTTP/1.1" 404 1089
186.103.157.42 - - [22/Aug/2022:11:46:22 -0300] "POST /cormun/servlet/trsolicitudot?714eb9a9c2a2f644c6c7cb51abe3b4ca,gx-no-cache=1661179327040 HTTP/1.1" 200 4615
186.103.157.42 - - [22/Aug/2022:11:46:27 -0300] "GET /cormun/servlet/trautorizarsolicitud? HTTP/1.1" 200 8914
186.103.157.42 - - [22/Aug/2022:11:46:27 -0300] "GET /cormun/servlet/trautorizarsolicitud? HTTP/1.1" 200 8914
186.103.157.42 - - [22/Aug/2022:11:46:31 -0300] "POST /cormun/servlet/trautorizarsolicitud?714eb9a9c2a2f644c6c7cb51abe3b4ca,,gx-no-cache=1661179336466 HTTP/1.1" 200 4794
186.103.157.42 - - [22/Aug/2022:11:46:31 -0300] "GET /cormun/static/Shared/jqueryui/images/ui-icons_82798d_256x240.png HTTP/1.1" 404 1089
186.103.157.42 - - [22/Aug/2022:11:46:31 -0300] "GET /cormun/static/Shared/jqueryui/images/ui-bg_highlight-soft_100_c6c2c8_1x100.png HTTP/1.1" 404 1117
186.103.157.42 - - [22/Aug/2022:11:46:31 -0300] "GET /cormun/static/Shared/jqueryui/images/ui-bg_flat_55_fafafa_40x100.png HTTP/1.1" 404 1097
186.103.157.42 - - [22/Aug/2022:11:46:31 -0300] "GET /cormun/static/Shared/jqueryui/images/ui-icons_8d78a5_256x240.png HTTP/1.1" 404 1089
186.103.157.42 - - [22/Aug/2022:11:46:32 -0300] "POST /cormun/servlet/trautorizarsolicitud?714eb9a9c2a2f644c6c7cb51abe3b4ca,,gx-no-cache=1661179336642 HTTP/1.1" 200 4544
139.87.71.160 - - [22/Aug/2022:11:46:33 -0300] "GET /manager/html HTTP/1.1" 401 2474
186.103.157.42 - - [22/Aug/2022:11:46:35 -0300] "GET /cormun/servlet/trautorizarsolicitud? HTTP/1.1" 200 7491
186.103.157.42 - - [22/Aug/2022:11:46:36 -0300] "GET /cormun/servlet/trautorizarsolicitud? HTTP/1.1" 200 7491
186.11.47.229 - - [22/Aug/2022:11:46:37 -0300] "GET /cormun/servlet/hlogin HTTP/1.1" 200 1728
186.103.157.42 - - [22/Aug/2022:11:46:40 -0300] "GET /cormun/static/menuarrow.gif HTTP/1.1" 404 1015
186.103.157.42 - - [22/Aug/2022:11:46:52 -0300] "POST /cormun/servlet/trautorizarsolicitud?714eb9a9c2a2f644c6c7cb51abe3b4ca,,gx-no-cache=1661179356888 HTTP/1.1" 200 17614
139.87.71.160 - - [22/Aug/2022:11:48:03 -0300] "GET /manager/html HTTP/1.1" 401 2474
139.87.71.160 - - [22/Aug/2022:11:48:54 -0300] "GET /manager/html HTTP/1.1" 401 2474
139.87.71.160 - - [22/Aug/2022:11:49:41 -0300] "GET /manager/html HTTP/1.1" 401 2474
139.87.71.160 - - [22/Aug/2022:11:50:27 -0300] "GET /manager/html HTTP/1.1" 401 2474
139.87.71.160 - - [22/Aug/2022:11:51:09 -0300] "GET /manager/html HTTP/1.1" 401 2474
139.87.71.160 - - [22/Aug/2022:11:52:44 -0300] "GET /manager/html HTTP/1.1" 401 2474
139.87.71.160 - - [22/Aug/2022:11:55:02 -0300] "GET /manager/html HTTP/1.1" 401 2474
139.87.71.160 - - [22/Aug/2022:11:55:59 -0300] "GET /manager/html HTTP/1.1" 401 2474
139.87.71.160 - - [22/Aug/2022:11:57:26 -0300] "GET /manager/html HTTP/1.1" 401 2474
139.87.71.160 - - [22/Aug/2022:11:58:14 -0300] "GET /manager/html HTTP/1.1" 401 2474
139.87.71.160 - - [22/Aug/2022:11:58:59 -0300] "GET /manager/html HTTP/1.1" 401 2474
139.87.71.160 - - [22/Aug/2022:11:59:40 -0300] "GET /manager/html HTTP/1.1" 401 2474
200.54.107.2 - - [22/Aug/2022:11:59:53 -0300] "GET /cormun/servlet/trlicencias? HTTP/1.1" 200 7520
200.54.107.2 - - [22/Aug/2022:11:59:55 -0300] "GET /cormun/servlet/hlogin HTTP/1.1" 200 1744
200.54.107.2 - - [22/Aug/2022:11:59:55 -0300] "GET /cormun/servlet/trlicencias? HTTP/1.1" 200 7517
200.54.107.2 - - [22/Aug/2022:12:00:05 -0300] "POST /cormun/servlet/hlogin?409bdb551a45b2822a300a15238aa9e0,gx-no-cache=1661179557978 HTTP/1.1" 200 90
200.54.107.2 - - [22/Aug/2022:12:00:05 -0300] "GET /cormun/servlet/hpexe_link HTTP/1.1" 200 957
200.54.107.2 - - [22/Aug/2022:12:00:05 -0300] "GET /cormun/servlet/trlicencias HTTP/1.1" 200 11625
200.54.107.2 - - [22/Aug/2022:12:00:06 -0300] "GET /cormun/servlet/trlicencias HTTP/1.1" 200 11618
139.87.71.160 - - [22/Aug/2022:12:00:33 -0300] "GET /manager/html HTTP/1.1" 401 2474
139.87.71.160 - - [22/Aug/2022:12:01:27 -0300] "GET /manager/html HTTP/1.1" 401 2474
139.87.71.160 - - [22/Aug/2022:12:02:13 -0300] "GET /manager/html HTTP/1.1" 401 2474
139.87.71.160 - - [22/Aug/2022:12:02:59 -0300] "GET /manager/html HTTP/1.1" 401 2474
139.87.71.160 - - [22/Aug/2022:12:03:49 -0300] "GET /manager/html HTTP/1.1" 401 2474
200.54.107.2 - - [22/Aug/2022:12:03:50 -0300] "POST /cormun/servlet/trlicencias?409bdb551a45b2822a300a15238aa9e0,gx-no-cache=1661179782445 HTTP/1.1" 200 18405
200.54.107.2 - - [22/Aug/2022:12:03:50 -0300] "GET /cormun/static/Resources/PXToolsGridNext.gif HTTP/1.1" 200 369
200.54.107.2 - - [22/Aug/2022:12:03:50 -0300] "GET /cormun/static/Resources/PXToolsGridLast.gif HTTP/1.1" 200 370
200.54.107.2 - - [22/Aug/2022:12:04:19 -0300] "GET /cormun/servlet/trpermisosgoce? HTTP/1.1" 200 10293
200.54.107.2 - - [22/Aug/2022:12:04:19 -0300] "GET /cormun/static/gxcfg.js?2020121631564 HTTP/1.1" 200 953
200.54.107.2 - - [22/Aug/2022:12:04:19 -0300] "GET /cormun/static/trpermisosgoce.js?2020121633681 HTTP/1.1" 200 35904
200.54.107.2 - - [22/Aug/2022:12:04:19 -0300] "GET /cormun//static/Resources/PXToolsGridUpdate.png HTTP/1.1" 200 470
200.54.107.2 - - [22/Aug/2022:12:04:20 -0300] "GET /cormun//static/Resources/PXToolsGridDelete.png HTTP/1.1" 200 538
200.54.107.2 - - [22/Aug/2022:12:04:20 -0300] "GET /cormun/servlet/trpermisosgoce? HTTP/1.1" 200 10293
200.54.107.2 - - [22/Aug/2022:12:04:30 -0300] "POST /cormun/servlet/trpermisosgoce?409bdb551a45b2822a300a15238aa9e0,,gx-no-cache=1661179822946 HTTP/1.1" 200 16283
139.87.71.160 - - [22/Aug/2022:12:05:22 -0300] "GET /manager/html HTTP/1.1" 401 2474
139.87.71.160 - - [22/Aug/2022:12:06:14 -0300] "GET /manager/html HTTP/1.1" 401 2474
139.87.71.160 - - [22/Aug/2022:12:07:04 -0300] "GET /manager/html HTTP/1.1" 401 2474
139.87.71.160 - - [22/Aug/2022:12:07:45 -0300] "GET /manager/html HTTP/1.1" 401 2474
139.87.71.160 - - [22/Aug/2022:12:08:36 -0300] "GET /manager/html HTTP/1.1" 401 2474
190.171.142.42 - - [22/Aug/2022:12:10:11 -0300] "GET /cormun/servlet/hlogin HTTP/1.1" 200 1728
190.171.142.42 - - [22/Aug/2022:12:10:11 -0300] "GET /cormun/static/gxtimezone.js?85251 HTTP/1.1" 200 5781
190.171.142.42 - - [22/Aug/2022:12:10:11 -0300] "GET /cormun/static/Resources/Spanish/PXTools.css?2294816 HTTP/1.1" 200 100853
190.171.142.42 - - [22/Aug/2022:12:10:11 -0300] "GET /cormun/static/gxcfg.js?201910216285969 HTTP/1.1" 200 953
190.171.142.42 - - [22/Aug/2022:12:10:11 -0300] "GET /cormun/static/messages.spa.js?85251 HTTP/1.1" 200 30736
190.171.142.42 - - [22/Aug/2022:12:10:11 -0300] "GET /cormun/static/hlogin.js?201910216285995 HTTP/1.1" 200 2136
190.171.142.42 - - [22/Aug/2022:12:10:11 -0300] "GET /cormun/static/Resources/Logo2019_Grande.png HTTP/1.1" 200 31733
190.171.142.42 - - [22/Aug/2022:12:10:12 -0300] "GET /cormun/static/gxgral.js?85251 HTTP/1.1" 200 384558
190.171.142.42 - - [22/Aug/2022:12:10:12 -0300] "GET /cormun/static/Resources/PXToolsLoginTop.png HTTP/1.1" 200 1337
190.171.142.42 - - [22/Aug/2022:12:10:12 -0300] "GET /cormun/static/Resources/PXToolsLoginBackground.png HTTP/1.1" 200 1164
190.171.142.42 - - [22/Aug/2022:12:10:12 -0300] "GET /cormun/static/Resources/PXToolsButtonLeft.png HTTP/1.1" 200 1310
190.171.142.42 - - [22/Aug/2022:12:10:12 -0300] "GET /cormun/static/Resources/PXToolsButtonRight.png HTTP/1.1" 200 1294
190.171.142.42 - - [22/Aug/2022:12:10:12 -0300] "GET /cormun/static/Resources/PXToolsButtonBackground.png HTTP/1.1" 200 1176
190.171.142.42 - - [22/Aug/2022:12:10:12 -0300] "GET /cormun/static/Resources/PXToolsLoginBottom.png HTTP/1.1" 200 1389
190.171.142.42 - - [22/Aug/2022:12:10:12 -0300] "GET /cormun/servlet/hlogin HTTP/1.1" 200 1738
190.171.142.42 - - [22/Aug/2022:12:10:12 -0300] "GET /cormun/static/Resources/indicator.gif HTTP/1.1" 200 1553
190.171.142.42 - - [22/Aug/2022:12:10:12 -0300] "GET /favicon.ico HTTP/1.1" 200 21630
190.171.142.42 - - [22/Aug/2022:12:10:16 -0300] "POST /cormun/servlet/hlogin?e812fb06ddf63a02d580241a4b13e92b,gx-no-cache=1661180170026 HTTP/1.1" 200 90
190.171.142.42 - - [22/Aug/2022:12:10:16 -0300] "GET /cormun/servlet/hpexe_link HTTP/1.1" 200 955
190.171.142.42 - - [22/Aug/2022:12:10:16 -0300] "GET /cormun/static/gxcfg.js?201991422392958 HTTP/1.1" 200 953
190.171.142.42 - - [22/Aug/2022:12:10:16 -0300] "GET /cormun/static/hpexe_link.js?201991422392963 HTTP/1.1" 200 625
190.171.142.42 - - [22/Aug/2022:12:10:16 -0300] "GET /cormun/servlet/hhome HTTP/1.1" 200 4274
190.171.142.42 - - [22/Aug/2022:12:10:16 -0300] "GET /cormun/static/scaMessage/css/jquery.pnotify.default.css?1816380 HTTP/1.1" 200 1707
190.171.142.42 - - [22/Aug/2022:12:10:16 -0300] "GET /cormun/static/Shared/jqueryui/jquery-ui.min.css?1345370 HTTP/1.1" 200 30288
190.171.142.42 - - [22/Aug/2022:12:10:16 -0300] "GET /cormun/static/SmoothNavMenu/resources/ddsmoothmenu-v.css?1112540 HTTP/1.1" 200 1188
190.171.142.42 - - [22/Aug/2022:12:10:16 -0300] "GET /cormun/static/gxcfg.js?20201215495537 HTTP/1.1" 200 953
190.171.142.42 - - [22/Aug/2022:12:10:16 -0300] "GET /cormun/static/SmoothNavMenu/resources/ddsmoothmenu.css?1112540 HTTP/1.1" 200 2223
190.171.142.42 - - [22/Aug/2022:12:10:16 -0300] "GET /cormun/static/PXToolsJavascripts/pexe_autoreload.js HTTP/1.1" 200 1762
190.171.142.42 - - [22/Aug/2022:12:10:16 -0300] "GET /cormun/static/PXToolsJavascripts/pexe_cookies.js HTTP/1.1" 200 792
190.171.142.42 - - [22/Aug/2022:12:10:16 -0300] "GET /cormun/static/PXToolsJavascripts/pexe_grid.js HTTP/1.1" 200 7559
190.171.142.42 - - [22/Aug/2022:12:10:16 -0300] "GET /cormun/static/PXToolsJavascripts/pexe_windows.js HTTP/1.1" 200 15207
190.171.142.42 - - [22/Aug/2022:12:10:17 -0300] "GET /cormun/static/PXToolsJavascripts/pexe_menudivfix.js HTTP/1.1" 200 333
190.171.142.42 - - [22/Aug/2022:12:10:17 -0300] "GET /cormun/static/PXToolsJavascripts/pexe_link.js HTTP/1.1" 200 5671
190.171.142.42 - - [22/Aug/2022:12:10:17 -0300] "GET /cormun/static/PXToolsJavascripts/pexe_griddivfix.js HTTP/1.1" 200 6644
190.171.142.42 - - [22/Aug/2022:12:10:17 -0300] "GET /cormun/static/Resources/Spanish/PXTools.css?14345360 HTTP/1.1" 200 100853
190.171.142.42 - - [22/Aug/2022:12:10:17 -0300] "GET /cormun/static/PXToolsJavascripts/pexe_layers.js HTTP/1.1" 200 4114
190.171.142.42 - - [22/Aug/2022:12:10:17 -0300] "GET /cormun/static/PXToolsJavascripts/pexe_menus.js HTTP/1.1" 200 1286
190.171.142.42 - - [22/Aug/2022:12:10:17 -0300] "GET /cormun/static/PXToolsJavascripts/pexe_oavdivfix.js HTTP/1.1" 200 639
190.171.142.42 - - [22/Aug/2022:12:10:17 -0300] "GET /cormun/static/PXToolsJavascripts/pexe_picture.js HTTP/1.1" 200 689
190.171.142.42 - - [22/Aug/2022:12:10:17 -0300] "GET /cormun/static/PXToolsJavascripts/pexe_oav.js HTTP/1.1" 200 645
190.171.142.42 - - [22/Aug/2022:12:10:17 -0300] "GET /cormun/static/PXToolsJavascripts/pexe_scrolldiv.js HTTP/1.1" 200 4138
190.171.142.42 - - [22/Aug/2022:12:10:17 -0300] "GET /cormun/static/PXToolsJavascripts/pexe_popup.js HTTP/1.1" 200 13458
190.171.142.42 - - [22/Aug/2022:12:10:17 -0300] "GET /cormun/static/PXToolsJavascripts/pexe_tabs.js HTTP/1.1" 200 3748
190.171.142.42 - - [22/Aug/2022:12:10:17 -0300] "GET /cormun/static/PXToolsJavascripts/pexe_upload.js HTTP/1.1" 200 1423
190.171.142.42 - - [22/Aug/2022:12:10:17 -0300] "GET /cormun/static/PXToolsJavascripts/PXToolsJavascriptsRender.js HTTP/1.1" 200 367
190.171.142.42 - - [22/Aug/2022:12:10:17 -0300] "GET /cormun/static/PXToolsJavascripts/pexe_tabdivfix.js HTTP/1.1" 200 876
190.171.142.42 - - [22/Aug/2022:12:10:17 -0300] "GET /cormun/static/hwchdr01.js?20201214473739 HTTP/1.1" 200 996
190.171.142.42 - - [22/Aug/2022:12:10:17 -0300] "GET /cormun/static/hhome.js?20201215495544 HTTP/1.1" 200 777
190.171.142.42 - - [22/Aug/2022:12:10:17 -0300] "GET /cormun/static/Shared/ext/locale/ext-lang-en.js HTTP/1.1" 200 10940
190.171.142.42 - - [22/Aug/2022:12:10:17 -0300] "GET /cormun/static/RunJS/RunJS.js HTTP/1.1" 200 288
190.171.142.42 - - [22/Aug/2022:12:10:17 -0300] "GET /cormun/static/Resources/PXToolsDataTitle.png HTTP/1.1" 200 1173
190.171.142.42 - - [22/Aug/2022:12:10:17 -0300] "GET /cormun/static/Resources/ImgLogin.png HTTP/1.1" 200 1432
190.171.142.42 - - [22/Aug/2022:12:10:17 -0300] "GET /cormun/static/Resources/Logo2019_Small.png HTTP/1.1" 200 10855
190.171.142.42 - - [22/Aug/2022:12:10:17 -0300] "GET /cormun/static/Resources/Llave.png HTTP/1.1" 200 1395
190.171.142.42 - - [22/Aug/2022:12:10:17 -0300] "GET /cormun/static/Resources/ImgHome.png HTTP/1.1" 200 1364
190.171.142.42 - - [22/Aug/2022:12:10:17 -0300] "GET /cormun/static/hpexe_recentlink.js?20201214471090 HTTP/1.1" 200 2144
190.171.142.42 - - [22/Aug/2022:12:10:17 -0300] "GET /cormun/static/hpexe_scripts.js?20201214471411 HTTP/1.1" 200 1544
190.171.142.42 - - [22/Aug/2022:12:10:17 -0300] "GET /cormun/static/hpexe_messagecontroller.js?201991422154126 HTTP/1.1" 200 870
190.171.142.42 - - [22/Aug/2022:12:10:17 -0300] "GET /cormun/static/hpexe_messagepopupcomponent.js?2020121447232 HTTP/1.1" 200 605
190.171.142.42 - - [22/Aug/2022:12:10:18 -0300] "GET /cormun/static/cmcontrolpreferences.js?20199141926336 HTTP/1.1" 200 1375
190.171.142.42 - - [22/Aug/2022:12:10:18 -0300] "GET /cormun/static/hpexe_messagegenexuscomponent.js?2020121447173 HTTP/1.1" 200 587
190.171.142.42 - - [22/Aug/2022:12:10:18 -0300] "GET /cormun/static/Shared/jquery/jquery-1.4.2.min.js HTTP/1.1" 200 72174
191.125.14.183 - - [22/Aug/2022:12:10:18 -0300] "GET /cormun/static/SmoothNavMenu/resources/ddsmoothmenu.js HTTP/1.1" 200 12712
191.125.14.183 - - [22/Aug/2022:12:10:18 -0300] "GET /cormun/static/scaMessage/js/jquery.pnotify.min.js HTTP/1.1" 200 13038
191.125.14.183 - - [22/Aug/2022:12:10:18 -0300] "GET /cormun/static/SmoothNavMenu/resources/SmoothNavMenuRender.js HTTP/1.1" 200 5951
191.125.14.183 - - [22/Aug/2022:12:10:19 -0300] "GET /cormun/static/hmpwkw03.js?20201215501896 HTTP/1.1" 200 3973
