200.54.107.2 - - [22/Aug/2022:14:57:56 -0300] "GET /cormun/servlet/permisogoce?39be3b24ba321d2f4f52f1bc20d0412c1f457281562b965c961461118596535a505139cf783eaae0774ef4a1ec68429e64f045664ebacb9856827b1e59b1e819,gx-no-cache=1661190229545 HTTP/1.1" 200 47
200.54.107.2 - - [22/Aug/2022:14:58:00 -0300] "POST /cormun/servlet/permisogoce?7a270dc76108e8938dce824a75a21ee4,INS,0,,,,gx-no-cache=1661190232884 HTTP/1.1" 200 93
200.54.107.2 - - [22/Aug/2022:14:58:00 -0300] "GET /cormun/servlet/hpexe_return? HTTP/1.1" 200 1015
200.54.107.2 - - [22/Aug/2022:14:58:00 -0300] "GET /cormun/servlet/trpermisosgoce HTTP/1.1" 200 10676
200.54.107.2 - - [22/Aug/2022:14:58:00 -0300] "GET /cormun/servlet/trpermisosgoce HTTP/1.1" 200 10671
200.54.107.2 - - [22/Aug/2022:14:58:04 -0300] "GET /cormun/servlet/apermisogoceprn?13817662,P,20220822134005,PU HTTP/1.1" 200 1658
181.212.43.89 - - [22/Aug/2022:14:58:19 -0300] "GET /cormun/servlet/trlicencias HTTP/1.1" 200 13409
181.212.43.89 - - [22/Aug/2022:14:58:20 -0300] "GET /cormun/servlet/trlicencias HTTP/1.1" 200 13407
190.171.143.98 - - [22/Aug/2022:14:58:30 -0300] "GET /cormun/servlet/hlogin HTTP/1.1" 200 1728
190.171.143.98 - - [22/Aug/2022:14:58:31 -0300] "GET /cormun/servlet/hlogin HTTP/1.1" 200 1738
190.171.143.98 - - [22/Aug/2022:14:58:39 -0300] "POST /cormun/servlet/hlogin?3ba4241434c4f2ceed6fac2b700c00b1,gx-no-cache=1661190271924 HTTP/1.1" 200 90
190.171.143.98 - - [22/Aug/2022:14:58:39 -0300] "GET /cormun/servlet/hpexe_link HTTP/1.1" 200 955
190.171.143.98 - - [22/Aug/2022:14:58:39 -0300] "GET /cormun/servlet/hhome HTTP/1.1" 200 4300
190.171.143.98 - - [22/Aug/2022:14:58:40 -0300] "GET /cormun/servlet/hhome HTTP/1.1" 200 4297
190.171.143.98 - - [22/Aug/2022:14:58:45 -0300] "GET /cormun/servlet/trpermisosgoce? HTTP/1.1" 200 9941
190.171.143.98 - - [22/Aug/2022:14:58:46 -0300] "GET /cormun/servlet/trpermisosgoce? HTTP/1.1" 200 9939
92.119.177.24 - - [22/Aug/2022:14:58:47 -0300] "GET /test6956.php HTTP/1.1" 404 985
190.171.143.98 - - [22/Aug/2022:14:58:49 -0300] "GET /cormun/servlet/permisogoce?INS,0,,, HTTP/1.1" 200 7187
190.171.143.98 - - [22/Aug/2022:14:58:50 -0300] "GET /cormun/servlet/permisogoce?INS,0,,, HTTP/1.1" 200 7187
139.87.71.160 - - [22/Aug/2022:14:58:59 -0300] "GET /manager/html HTTP/1.1" 401 2474
190.171.143.98 - - [22/Aug/2022:14:59:00 -0300] "GET /cormun/servlet/prfichaempleado?,MD,,gxPopupLevel%3D0%3B HTTP/1.1" 200 9330
190.171.143.98 - - [22/Aug/2022:14:59:13 -0300] "POST /cormun/servlet/prfichaempleado?3ba4241434c4f2ceed6fac2b700c00b1,,MD,,gxPopupLevel%3D0%3B,gx-no-cache=1661190305589 HTTP/1.1" 200 3468
190.171.143.98 - - [22/Aug/2022:14:59:18 -0300] "GET /cormun/servlet/permisogoce?41bb575cfa797c9ad32642ae8d0ee5c752c348cf3b1f057d63f436c5b5d0fd9b0d26ff7a9a0df03a90af8dca6d90b3cf360cb0b1b35eac6333179c5b7311f294,gx-no-cache=1661190310910 HTTP/1.1" 200 81
190.171.143.98 - - [22/Aug/2022:14:59:18 -0300] "GET /cormun/static/menuarrow.gif HTTP/1.1" 404 1015
190.171.143.98 - - [22/Aug/2022:14:59:36 -0300] "GET /cormun/servlet/permisogoce?41bb575cfa797c9ad32642ae8d0ee5c77798e7b91519c476de819f2b54ab0538e1769beb9b4f94faa0c565f2934d55303d8ee8b60a89ba5e35537b8c7bc223dd,gx-no-cache=1661190328467 HTTP/1.1" 200 47
190.171.143.98 - - [22/Aug/2022:14:59:40 -0300] "POST /cormun/servlet/permisogoce?3ba4241434c4f2ceed6fac2b700c00b1,INS,0,,,,gx-no-cache=1661190331983 HTTP/1.1" 200 93
190.171.143.98 - - [22/Aug/2022:14:59:40 -0300] "GET /cormun/servlet/hpexe_return? HTTP/1.1" 200 1013
190.171.143.98 - - [22/Aug/2022:14:59:40 -0300] "GET /cormun/servlet/trpermisosgoce HTTP/1.1" 200 10233
190.171.143.98 - - [22/Aug/2022:14:59:41 -0300] "GET /cormun/servlet/trpermisosgoce HTTP/1.1" 200 10229
190.171.143.98 - - [22/Aug/2022:14:59:48 -0300] "GET /cormun/servlet/trpermisosadjuntos?8534216,20220822134145,P, HTTP/1.1" 200 6613
190.171.143.98 - - [22/Aug/2022:14:59:48 -0300] "GET /cormun/servlet/trpermisosadjuntos?8534216,20220822134145,P, HTTP/1.1" 200 6613
190.171.143.98 - - [22/Aug/2022:14:59:50 -0300] "GET /cormun/servlet/permisosadjuntos?INS,8534216,P,20220822134145,, HTTP/1.1" 200 5937
190.171.143.98 - - [22/Aug/2022:14:59:50 -0300] "GET /cormun/static/about:blank HTTP/1.1" 404 1011
190.171.143.98 - - [22/Aug/2022:14:59:50 -0300] "GET /cormun/servlet/permisosadjuntos?INS,8534216,P,20220822134145,, HTTP/1.1" 200 5927
190.171.143.98 - - [22/Aug/2022:14:59:56 -0300] "POST /cormun/servlet/permisosadjuntos?3ba4241434c4f2ceed6fac2b700c00b1,INS,8534216,P,20220822134145,, HTTP/1.1" 200 116
190.171.143.98 - - [22/Aug/2022:14:59:56 -0300] "GET /cormun/servlet/hpexe_return? HTTP/1.1" 200 1039
190.171.143.98 - - [22/Aug/2022:14:59:57 -0300] "GET /cormun/servlet/trpermisosadjuntos?8534216,20220822134145,P, HTTP/1.1" 200 7104
190.171.143.98 - - [22/Aug/2022:14:59:57 -0300] "GET /cormun/servlet/trpermisosadjuntos?8534216,20220822134145,P, HTTP/1.1" 200 7100
190.171.143.98 - - [22/Aug/2022:15:00:00 -0300] "POST /cormun/servlet/trpermisosadjuntos?3ba4241434c4f2ceed6fac2b700c00b1,8534216,20220822134145,P,,gx-no-cache=1661190352822 HTTP/1.1" 200 90
190.171.143.98 - - [22/Aug/2022:15:00:00 -0300] "GET /cormun/servlet/hpexe_link HTTP/1.1" 200 986
190.171.143.98 - - [22/Aug/2022:15:00:00 -0300] "GET /cormun/servlet/trpermisosgoce HTTP/1.1" 200 10230
190.171.143.98 - - [22/Aug/2022:15:00:01 -0300] "GET /cormun/servlet/trpermisosgoce HTTP/1.1" 200 10229
190.171.143.98 - - [22/Aug/2022:15:00:08 -0300] "POST /cormun/servlet/trpermisosgoce?3ba4241434c4f2ceed6fac2b700c00b1,gx-no-cache=1661190360911 HTTP/1.1" 200 7515
190.171.143.98 - - [22/Aug/2022:15:00:09 -0300] "GET /cormun/static/Shared/jqueryui/images/ui-bg_flat_55_fafafa_40x100.png HTTP/1.1" 404 1097
190.171.143.98 - - [22/Aug/2022:15:00:09 -0300] "GET /cormun/static/Shared/jqueryui/images/ui-icons_8d78a5_256x240.png HTTP/1.1" 404 1089
190.171.143.98 - - [22/Aug/2022:15:00:09 -0300] "GET /cormun/static/Shared/jqueryui/images/ui-bg_highlight-soft_100_c6c2c8_1x100.png HTTP/1.1" 404 1117
190.171.143.98 - - [22/Aug/2022:15:00:09 -0300] "GET /cormun/static/Shared/jqueryui/images/ui-icons_82798d_256x240.png HTTP/1.1" 404 1089
190.171.143.98 - - [22/Aug/2022:15:00:10 -0300] "GET /cormun/servlet/apermisogoceprn?8534216,P,20220822134145,PU HTTP/1.1" 200 1653
139.87.71.160 - - [22/Aug/2022:15:00:29 -0300] "GET /manager/html HTTP/1.1" 401 2474
139.87.71.160 - - [22/Aug/2022:15:01:15 -0300] "GET /manager/html HTTP/1.1" 401 2474
190.171.143.98 - - [22/Aug/2022:15:01:25 -0300] "GET /cormun/servlet/apermisogoceprn?10736218,P,20220816135443,PU HTTP/1.1" 200 1669
181.212.43.89 - - [22/Aug/2022:15:01:32 -0300] "GET /cormun/servlet/hlogin HTTP/1.1" 200 1726
181.212.43.89 - - [22/Aug/2022:15:01:38 -0300] "POST /cormun/servlet/hlogin?29d3689c15e6a5fbf7194873e315db50,gx-no-cache=1661190450459 HTTP/1.1" 200 90
181.212.43.89 - - [22/Aug/2022:15:01:38 -0300] "GET /cormun/servlet/hpexe_link HTTP/1.1" 200 953
181.212.43.89 - - [22/Aug/2022:15:01:38 -0300] "GET /cormun/servlet/hhome HTTP/1.1" 200 4007
181.212.43.89 - - [22/Aug/2022:15:01:38 -0300] "GET /cormun/servlet/hhome HTTP/1.1" 200 4003
181.212.43.89 - - [22/Aug/2022:15:01:44 -0300] "GET /cormun/servlet/trsolicitudot? HTTP/1.1" 200 7228
181.212.43.89 - - [22/Aug/2022:15:01:45 -0300] "GET /cormun/servlet/trsolicitudot? HTTP/1.1" 200 7227
181.212.43.89 - - [22/Aug/2022:15:01:47 -0300] "GET /cormun/servlet/solicitudot?INS,0,0,false, HTTP/1.1" 200 15777
181.212.43.89 - - [22/Aug/2022:15:01:48 -0300] "GET /cormun/servlet/solicitudot?INS,0,0,false, HTTP/1.1" 200 15785
181.212.43.89 - - [22/Aug/2022:15:01:57 -0300] "POST /cormun/servlet/solicitudot?gx-no-cache=1661190469515 HTTP/1.1" 200 3878
139.87.71.160 - - [22/Aug/2022:15:01:57 -0300] "GET /manager/html HTTP/1.1" 401 2474
181.212.43.89 - - [22/Aug/2022:15:01:57 -0300] "POST /cormun/servlet/solicitudot?29d3689c15e6a5fbf7194873e315db50,INS,0,0,false,,gx-no-cache=1661190469643 HTTP/1.1" 200 12431
181.212.43.89 - - [22/Aug/2022:15:01:58 -0300] "GET /cormun/servlet/solicitudot?832d6faa8f352161be611852651707609f243194a6a591818f6cd7228c36d5e23697fff498d4893bb2b0c7642ca58717,gx-no-cache=1661190470990 HTTP/1.1" 200 30
139.87.71.160 - - [22/Aug/2022:15:02:40 -0300] "GET /manager/html HTTP/1.1" 401 2474
190.171.143.98 - - [22/Aug/2022:15:03:07 -0300] "GET /cormun/servlet/trautorizarpermisogoce? HTTP/1.1" 200 7978
190.171.143.98 - - [22/Aug/2022:15:03:07 -0300] "GET /cormun/servlet/trautorizarpermisogoce? HTTP/1.1" 200 7978
190.171.143.98 - - [22/Aug/2022:15:03:11 -0300] "POST /cormun/servlet/trautorizarpermisogoce?3ba4241434c4f2ceed6fac2b700c00b1,,gx-no-cache=1661190543167 HTTP/1.1" 200 4525
190.171.143.98 - - [22/Aug/2022:15:03:11 -0300] "GET /cormun/static/Shared/jqueryui/images/ui-bg_highlight-soft_100_c6c2c8_1x100.png HTTP/1.1" 404 1117
190.171.143.98 - - [22/Aug/2022:15:03:11 -0300] "GET /cormun/static/Shared/jqueryui/images/ui-icons_82798d_256x240.png HTTP/1.1" 404 1089
190.171.143.98 - - [22/Aug/2022:15:03:11 -0300] "GET /cormun/static/Shared/jqueryui/images/ui-bg_flat_55_fafafa_40x100.png HTTP/1.1" 404 1097
190.171.143.98 - - [22/Aug/2022:15:03:11 -0300] "GET /cormun/static/Shared/jqueryui/images/ui-icons_8d78a5_256x240.png HTTP/1.1" 404 1089
181.212.43.89 - - [22/Aug/2022:15:03:21 -0300] "GET /cormun/servlet/prbanco?,MD,,gxPopupLevel%3D0%3B HTTP/1.1" 200 6565
181.212.43.89 - - [22/Aug/2022:15:03:24 -0300] "GET /cormun/servlet/solicitudot?832d6faa8f352161be61185265170760519b7a02e622e3666fe15ee49c5d552425a5e038adeba6926c1caf3dd3e8d46f69254fee28eb2e999c5ac6cec5d2fca3aa70f14f00d27b5883b1ee353ae3c542,gx-no-cache=1661190556358 HTTP/1.1" 200 30
139.87.71.160 - - [22/Aug/2022:15:03:24 -0300] "GET /manager/html HTTP/1.1" 401 2474
181.212.43.89 - - [22/Aug/2022:15:03:25 -0300] "GET /cormun/servlet/solicitudot?832d6faa8f352161be6118526517076003f9164b4d57e48541ba21239ab66730,gx-no-cache=1661190558030 HTTP/1.1" 200 53
181.212.43.89 - - [22/Aug/2022:15:03:44 -0300] "POST /cormun/servlet/solicitudot?gx-no-cache=1661190576987 HTTP/1.1" 200 297
181.212.43.89 - - [22/Aug/2022:15:03:44 -0300] "GET /cormun/servlet/solicitudot?832d6faa8f352161be61185265170760a71c9ec72476cb1a00f1d1e8c952282a2b7420c554166554dbb737999e1a0ec416e075353cce01779e6d097eda698b287206020a01a72e6a9701b510fa9ebea4ccc1b936a206a004bdf53abb08966ee6b4830aaff93424964b1f6a05945de11c58368ce3838904f2e0f0cc2cfa0b30b304092ac6e2b9e9522b36d90dd2e5efcfb5609ee232191c3c0c84bd461bef3e4f9304df5f7457df0d873fe014fe08e2f47d495bb644ad66f21ff03306bd045a594a8b73dc26dfda5006dd1ba4d47e978c0dafe9730be48a2c9c43457bd1a64a582e46489d33eb5c225bae8fc4b1ec87fdbbf71d552dec10e2cb59def7e8a84ad817bd28037772f895b68a143081cba59199e91ca6e733e68a3e311828ffa47e01dc1cb36a71dd98ef451f53d634460ea49f590e7be3d9017d35494c5edfbd72482a847cc044421cd55babcb3da5756a3d56aad3806f899117b6e6e1cb98e20cdbc71511fa475facd109e29b59eab7f213d29272030ccc4b23459ff3e6922c057e77d74c62c14df271c58139153d7caafe,gx-no-cache=1661190577016 HTTP/1.1" 200 30
181.212.43.89 - - [22/Aug/2022:15:03:47 -0300] "POST /cormun/servlet/solicitudot?gx-no-cache=1661190579702 HTTP/1.1" 200 30
181.212.43.89 - - [22/Aug/2022:15:03:51 -0300] "GET /cormun/servlet/prfichaempleado?,MD,,gxPopupLevel%3D0%3B HTTP/1.1" 200 9306
181.212.43.89 - - [22/Aug/2022:15:03:51 -0300] "GET /cormun/static/gxcfg.js?20201215571085 HTTP/1.1" 200 953
181.212.43.89 - - [22/Aug/2022:15:03:51 -0300] "GET /cormun/static/prfichaempleado.js?20201215572193 HTTP/1.1" 200 16006
181.212.42.153 - - [22/Aug/2022:15:03:57 -0300] "GET /cormun/servlet/trlicencias HTTP/1.1" 200 7515
181.212.42.153 - - [22/Aug/2022:15:03:58 -0300] "GET /cormun/servlet/hlogin HTTP/1.1" 200 1739
181.212.42.153 - - [22/Aug/2022:15:03:58 -0300] "GET /favicon.ico HTTP/1.1" 200 21630
181.212.42.153 - - [22/Aug/2022:15:03:58 -0300] "GET /cormun/servlet/trlicencias HTTP/1.1" 200 7511
181.212.42.153 - - [22/Aug/2022:15:04:04 -0300] "POST /cormun/servlet/hlogin?478a3d9ed47b43d98b750d460cc68790,gx-no-cache=1661190746696 HTTP/1.1" 200 90
181.212.42.153 - - [22/Aug/2022:15:04:04 -0300] "GET /cormun/servlet/hpexe_link HTTP/1.1" 200 953
181.212.42.153 - - [22/Aug/2022:15:04:04 -0300] "GET /cormun/static/gxcfg.js?201991422392958 HTTP/1.1" 200 953
181.212.42.153 - - [22/Aug/2022:15:04:04 -0300] "GET /cormun/static/hpexe_link.js?201991422392963 HTTP/1.1" 200 625
181.212.42.153 - - [22/Aug/2022:15:04:04 -0300] "GET /cormun/servlet/trlicencias HTTP/1.1" 200 14265
181.212.42.153 - - [22/Aug/2022:15:04:04 -0300] "GET /cormun/servlet/trlicencias HTTP/1.1" 200 14290
181.212.43.89 - - [22/Aug/2022:15:04:09 -0300] "POST /cormun/servlet/solicitudot?gx-no-cache=1661190601689 HTTP/1.1" 200 1470
139.87.71.160 - - [22/Aug/2022:15:04:12 -0300] "GET /manager/html HTTP/1.1" 401 2474
181.212.43.89 - - [22/Aug/2022:15:04:12 -0300] "GET /cormun/servlet/prlicenciaspermisos?6521489,L,,MD,,gxPopupLevel%3D0%3B HTTP/1.1" 200 6078
181.212.43.89 - - [22/Aug/2022:15:04:39 -0300] "POST /cormun/servlet/solicitudot?gx-no-cache=1661190631329 HTTP/1.1" 200 41
181.212.43.89 - - [22/Aug/2022:15:04:48 -0300] "GET /cormun/servlet/solicitudot?832d6faa8f352161be61185265170760905dc1b354a8622cd82040eef49d0d7cc23db28f26a1383d1a7645ea293d1e2018922e0ca09f8cdf42c9c5b1fae8ba197f691044e58d0e1ccad17103fd65e5c0162a8f13b7bb08cff5e76bc0e3de319df69bbd1e6c011b60ec8411271bd99d52,gx-no-cache=1661190640508 HTTP/1.1" 200 110
181.212.43.89 - - [22/Aug/2022:15:04:48 -0300] "POST /cormun/servlet/solicitudot?gx-no-cache=1661190640533 HTTP/1.1" 200 79
181.212.43.89 - - [22/Aug/2022:15:04:52 -0300] "GET /cormun/servlet/solicitudot?832d6faa8f352161be61185265170760be2689ccdfadd1af893aad19fb8180e2b7195e30599c95a91ba03290be2d413481f88dccf2c272eb2df8f712112ef9a50b2adce5dc575c6445e8805bef9f86d35c7e795fa594a99a6271e7a116469cef8742141f1e75e8185da30a6645d827b8,gx-no-cache=1661190644938 HTTP/1.1" 200 29
181.212.43.89 - - [22/Aug/2022:15:04:52 -0300] "GET /cormun/static/menuarrow.gif HTTP/1.1" 404 1015
139.87.71.160 - - [22/Aug/2022:15:04:58 -0300] "GET /manager/html HTTP/1.1" 401 2474
181.212.43.89 - - [22/Aug/2022:15:05:03 -0300] "GET /cormun/servlet/solicitudot?832d6faa8f352161be61185265170760bf6a4d38060e9320ac9e142b07f5b5e2fbeb0ba576e646a38a6aced260c38b5e,gx-no-cache=1661190655324 HTTP/1.1" 200 30
181.212.43.89 - - [22/Aug/2022:15:05:03 -0300] "POST /cormun/servlet/solicitudot?gx-no-cache=1661190655361 HTTP/1.1" 200 34
139.87.71.160 - - [22/Aug/2022:15:05:44 -0300] "GET /manager/html HTTP/1.1" 401 2474
139.87.71.160 - - [22/Aug/2022:15:07:56 -0300] "GET /manager/html HTTP/1.1" 401 2474
181.212.43.89 - - [22/Aug/2022:15:08:05 -0300] "POST /cormun/servlet/solicitudot?29d3689c15e6a5fbf7194873e315db50,INS,0,0,false,,gx-no-cache=1661190837806 HTTP/1.1" 200 93
181.212.43.89 - - [22/Aug/2022:15:08:05 -0300] "GET /cormun/servlet/hpexe_return? HTTP/1.1" 200 1010
181.212.43.89 - - [22/Aug/2022:15:08:06 -0300] "GET /cormun/servlet/trsolicitudot HTTP/1.1" 200 8653
181.212.43.89 - - [22/Aug/2022:15:08:06 -0300] "GET /cormun/servlet/trsolicitudot HTTP/1.1" 200 8648
181.212.43.89 - - [22/Aug/2022:15:08:38 -0300] "POST /cormun/servlet/trsolicitudot?29d3689c15e6a5fbf7194873e315db50,gx-no-cache=1661190870593 HTTP/1.1" 200 106
181.212.43.89 - - [22/Aug/2022:15:08:38 -0300] "GET /cormun/servlet/trsolicitudadjuntos?2022,19102, HTTP/1.1" 200 6113
181.212.43.89 - - [22/Aug/2022:15:08:38 -0300] "GET /cormun/servlet/trsolicitudadjuntos?2022,19102, HTTP/1.1" 200 6113
181.212.43.89 - - [22/Aug/2022:15:08:40 -0300] "GET /cormun/servlet/solicitudotadjuntos?INS,2022,19102,,1, HTTP/1.1" 200 6056
181.212.43.89 - - [22/Aug/2022:15:08:40 -0300] "GET /cormun/static/about:blank HTTP/1.1" 404 1011
181.212.43.89 - - [22/Aug/2022:15:08:40 -0300] "GET /cormun/servlet/solicitudotadjuntos?INS,2022,19102,,1, HTTP/1.1" 200 6049
181.212.43.89 - - [22/Aug/2022:15:08:41 -0300] "GET /cormun/servlet/solicitudotadjuntos?832d6faa8f352161be6118526517076045148afd59abd43ded9192546273b77d66d198edbda01f18250da5dbe35d835e,gx-no-cache=1661190873356 HTTP/1.1" 200 30
181.212.43.89 - - [22/Aug/2022:15:08:41 -0300] "POST /cormun/servlet/solicitudotadjuntos?29d3689c15e6a5fbf7194873e315db50,INS,2022,19102,,1,,gx-no-cache=1661190873373 HTTP/1.1" 200 3887
181.212.43.89 - - [22/Aug/2022:15:08:43 -0300] "POST /cormun/servlet/solicitudotadjuntos?gx-no-cache=1661190875372 HTTP/1.1" 200 26
181.212.43.89 - - [22/Aug/2022:15:09:07 -0300] "GET /cormun/servlet/solicitudotadjuntos?832d6faa8f352161be6118526517076051684cae2f4acd7bc39071e095015918,gx-no-cache=1661190899268 HTTP/1.1" 200 30
181.212.43.89 - - [22/Aug/2022:15:09:07 -0300] "GET /cormun/servlet/solicitudotadjuntos?832d6faa8f352161be6118526517076051684cae2f4acd7bc39071e095015918,gx-no-cache=1661190899287 HTTP/1.1" 200 30
181.212.43.89 - - [22/Aug/2022:15:09:07 -0300] "POST /cormun/servlet/solicitudotadjuntos?29d3689c15e6a5fbf7194873e315db50,INS,2022,19102,,1, HTTP/1.1" 200 116
181.212.43.89 - - [22/Aug/2022:15:09:07 -0300] "GET /cormun/servlet/hpexe_return? HTTP/1.1" 200 1028
181.212.43.89 - - [22/Aug/2022:15:09:07 -0300] "GET /cormun/servlet/trsolicitudadjuntos?2022,19102, HTTP/1.1" 200 8929
181.212.43.89 - - [22/Aug/2022:15:09:07 -0300] "GET /cormun/servlet/trsolicitudadjuntos?2022,19102, HTTP/1.1" 200 8923
181.212.43.89 - - [22/Aug/2022:15:09:09 -0300] "GET /cormun/servlet/solicitudotadjuntos?INS,2022,19102,,1, HTTP/1.1" 200 6055
181.212.43.89 - - [22/Aug/2022:15:09:09 -0300] "GET /cormun/static/about:blank HTTP/1.1" 404 1011
181.212.43.89 - - [22/Aug/2022:15:09:09 -0300] "GET /cormun/servlet/solicitudotadjuntos?INS,2022,19102,,1, HTTP/1.1" 200 6048
181.212.43.89 - - [22/Aug/2022:15:09:10 -0300] "GET /cormun/servlet/solicitudotadjuntos?832d6faa8f352161be6118526517076045148afd59abd43ded9192546273b77d66d198edbda01f18250da5dbe35d835e,gx-no-cache=1661190902435 HTTP/1.1" 200 30
181.212.43.89 - - [22/Aug/2022:15:09:10 -0300] "POST /cormun/servlet/solicitudotadjuntos?29d3689c15e6a5fbf7194873e315db50,INS,2022,19102,,1,,gx-no-cache=1661190902456 HTTP/1.1" 200 3886
181.212.43.89 - - [22/Aug/2022:15:09:11 -0300] "POST /cormun/servlet/solicitudotadjuntos?gx-no-cache=1661190904018 HTTP/1.1" 200 26
181.212.43.89 - - [22/Aug/2022:15:09:17 -0300] "GET /cormun/servlet/solicitudotadjuntos?832d6faa8f352161be6118526517076051684cae2f4acd7bc39071e095015918,gx-no-cache=1661190909307 HTTP/1.1" 200 30
181.212.43.89 - - [22/Aug/2022:15:09:17 -0300] "GET /cormun/servlet/solicitudotadjuntos?832d6faa8f352161be6118526517076051684cae2f4acd7bc39071e095015918,gx-no-cache=1661190909323 HTTP/1.1" 200 30
181.212.43.89 - - [22/Aug/2022:15:09:17 -0300] "POST /cormun/servlet/solicitudotadjuntos?29d3689c15e6a5fbf7194873e315db50,INS,2022,19102,,1, HTTP/1.1" 200 116
181.212.43.89 - - [22/Aug/2022:15:09:17 -0300] "GET /cormun/servlet/hpexe_return? HTTP/1.1" 200 1028
181.212.43.89 - - [22/Aug/2022:15:09:17 -0300] "GET /cormun/servlet/trsolicitudadjuntos?2022,19102, HTTP/1.1" 200 9164
181.212.43.89 - - [22/Aug/2022:15:09:18 -0300] "GET /cormun/servlet/trsolicitudadjuntos?2022,19102, HTTP/1.1" 200 9162
181.212.43.89 - - [22/Aug/2022:15:09:20 -0300] "GET /cormun/servlet/solicitudotadjuntos?INS,2022,19102,,1, HTTP/1.1" 200 6055
181.212.43.89 - - [22/Aug/2022:15:09:20 -0300] "GET /cormun/static/about:blank HTTP/1.1" 404 1011
181.212.43.89 - - [22/Aug/2022:15:09:20 -0300] "GET /cormun/servlet/solicitudotadjuntos?INS,2022,19102,,1, HTTP/1.1" 200 6048
181.212.43.89 - - [22/Aug/2022:15:09:20 -0300] "GET /cormun/servlet/solicitudotadjuntos?832d6faa8f352161be6118526517076045148afd59abd43ded9192546273b77d66d198edbda01f18250da5dbe35d835e,gx-no-cache=1661190913038 HTTP/1.1" 200 30
181.212.43.89 - - [22/Aug/2022:15:09:20 -0300] "POST /cormun/servlet/solicitudotadjuntos?29d3689c15e6a5fbf7194873e315db50,INS,2022,19102,,1,,gx-no-cache=1661190913055 HTTP/1.1" 200 3886
181.212.43.89 - - [22/Aug/2022:15:09:22 -0300] "POST /cormun/servlet/solicitudotadjuntos?gx-no-cache=1661190915090 HTTP/1.1" 200 26
139.87.71.160 - - [22/Aug/2022:15:09:24 -0300] "GET /manager/html HTTP/1.1" 401 2474
181.212.43.89 - - [22/Aug/2022:15:09:28 -0300] "GET /cormun/servlet/solicitudotadjuntos?832d6faa8f352161be6118526517076051684cae2f4acd7bc39071e095015918,gx-no-cache=1661190920688 HTTP/1.1" 200 30
181.212.43.89 - - [22/Aug/2022:15:09:28 -0300] "GET /cormun/servlet/solicitudotadjuntos?832d6faa8f352161be6118526517076051684cae2f4acd7bc39071e095015918,gx-no-cache=1661190920701 HTTP/1.1" 200 30
181.212.43.89 - - [22/Aug/2022:15:09:28 -0300] "POST /cormun/servlet/solicitudotadjuntos?29d3689c15e6a5fbf7194873e315db50,INS,2022,19102,,1, HTTP/1.1" 200 116
181.212.43.89 - - [22/Aug/2022:15:09:28 -0300] "GET /cormun/servlet/hpexe_return? HTTP/1.1" 200 1028
181.212.43.89 - - [22/Aug/2022:15:09:29 -0300] "GET /cormun/servlet/trsolicitudadjuntos?2022,19102, HTTP/1.1" 200 9343
181.212.43.89 - - [22/Aug/2022:15:09:29 -0300] "GET /cormun/servlet/trsolicitudadjuntos?2022,19102, HTTP/1.1" 200 9340
181.212.43.89 - - [22/Aug/2022:15:09:31 -0300] "GET /cormun/servlet/solicitudotadjuntos?INS,2022,19102,,1, HTTP/1.1" 200 6055
181.212.43.89 - - [22/Aug/2022:15:09:31 -0300] "GET /cormun/static/about:blank HTTP/1.1" 404 1011
181.212.43.89 - - [22/Aug/2022:15:09:31 -0300] "GET /cormun/servlet/solicitudotadjuntos?INS,2022,19102,,1, HTTP/1.1" 200 6048
181.212.43.89 - - [22/Aug/2022:15:09:32 -0300] "GET /cormun/servlet/solicitudotadjuntos?832d6faa8f352161be6118526517076045148afd59abd43ded9192546273b77d66d198edbda01f18250da5dbe35d835e,gx-no-cache=1661190924247 HTTP/1.1" 200 30
181.212.43.89 - - [22/Aug/2022:15:09:32 -0300] "POST /cormun/servlet/solicitudotadjuntos?29d3689c15e6a5fbf7194873e315db50,INS,2022,19102,,1,,gx-no-cache=1661190924265 HTTP/1.1" 200 3886
181.212.43.89 - - [22/Aug/2022:15:09:34 -0300] "POST /cormun/servlet/solicitudotadjuntos?gx-no-cache=1661190927033 HTTP/1.1" 200 26
181.212.43.89 - - [22/Aug/2022:15:09:40 -0300] "GET /cormun/servlet/solicitudotadjuntos?832d6faa8f352161be6118526517076051684cae2f4acd7bc39071e095015918,gx-no-cache=1661190932440 HTTP/1.1" 200 30
181.212.43.89 - - [22/Aug/2022:15:09:40 -0300] "GET /cormun/servlet/solicitudotadjuntos?832d6faa8f352161be6118526517076051684cae2f4acd7bc39071e095015918,gx-no-cache=1661190932454 HTTP/1.1" 200 30
181.212.43.89 - - [22/Aug/2022:15:09:40 -0300] "POST /cormun/servlet/solicitudotadjuntos?29d3689c15e6a5fbf7194873e315db50,INS,2022,19102,,1, HTTP/1.1" 200 116
181.212.43.89 - - [22/Aug/2022:15:09:40 -0300] "GET /cormun/servlet/hpexe_return? HTTP/1.1" 200 1028
181.212.43.89 - - [22/Aug/2022:15:09:40 -0300] "GET /cormun/servlet/trsolicitudadjuntos?2022,19102, HTTP/1.1" 200 9613
181.212.43.89 - - [22/Aug/2022:15:09:41 -0300] "GET /cormun/servlet/trsolicitudadjuntos?2022,19102, HTTP/1.1" 200 9610
181.212.43.89 - - [22/Aug/2022:15:09:43 -0300] "GET /cormun/servlet/solicitudotadjuntos?INS,2022,19102,,1, HTTP/1.1" 200 6055
181.212.43.89 - - [22/Aug/2022:15:09:43 -0300] "GET /cormun/static/about:blank HTTP/1.1" 404 1011
181.212.43.89 - - [22/Aug/2022:15:09:43 -0300] "GET /cormun/servlet/solicitudotadjuntos?INS,2022,19102,,1, HTTP/1.1" 200 6048
181.212.43.89 - - [22/Aug/2022:15:09:44 -0300] "GET /cormun/servlet/solicitudotadjuntos?832d6faa8f352161be6118526517076045148afd59abd43ded9192546273b77d66d198edbda01f18250da5dbe35d835e,gx-no-cache=1661190936165 HTTP/1.1" 200 30
181.212.43.89 - - [22/Aug/2022:15:09:44 -0300] "POST /cormun/servlet/solicitudotadjuntos?29d3689c15e6a5fbf7194873e315db50,INS,2022,19102,,1,,gx-no-cache=1661190936183 HTTP/1.1" 200 3886
181.212.43.89 - - [22/Aug/2022:15:09:46 -0300] "POST /cormun/servlet/solicitudotadjuntos?gx-no-cache=1661190938384 HTTP/1.1" 200 26
181.212.43.89 - - [22/Aug/2022:15:09:52 -0300] "GET /cormun/servlet/solicitudotadjuntos?832d6faa8f352161be6118526517076051684cae2f4acd7bc39071e095015918,gx-no-cache=1661190944655 HTTP/1.1" 200 30
181.212.43.89 - - [22/Aug/2022:15:09:52 -0300] "GET /cormun/servlet/solicitudotadjuntos?832d6faa8f352161be6118526517076051684cae2f4acd7bc39071e095015918,gx-no-cache=1661190944668 HTTP/1.1" 200 30
181.212.43.89 - - [22/Aug/2022:15:09:52 -0300] "POST /cormun/servlet/solicitudotadjuntos?29d3689c15e6a5fbf7194873e315db50,INS,2022,19102,,1, HTTP/1.1" 200 116
181.212.43.89 - - [22/Aug/2022:15:09:52 -0300] "GET /cormun/servlet/hpexe_return? HTTP/1.1" 200 1028
181.212.43.89 - - [22/Aug/2022:15:09:53 -0300] "GET /cormun/servlet/trsolicitudadjuntos?2022,19102, HTTP/1.1" 200 9862
181.212.43.89 - - [22/Aug/2022:15:09:53 -0300] "GET /cormun/servlet/trsolicitudadjuntos?2022,19102, HTTP/1.1" 200 9860
181.212.43.89 - - [22/Aug/2022:15:09:55 -0300] "GET /cormun/servlet/solicitudotadjuntos?INS,2022,19102,,1, HTTP/1.1" 200 6055
181.212.43.89 - - [22/Aug/2022:15:09:56 -0300] "GET /cormun/static/about:blank HTTP/1.1" 404 1011
181.212.43.89 - - [22/Aug/2022:15:09:56 -0300] "GET /cormun/servlet/solicitudotadjuntos?INS,2022,19102,,1, HTTP/1.1" 200 6048
181.212.43.89 - - [22/Aug/2022:15:09:56 -0300] "GET /cormun/servlet/solicitudotadjuntos?832d6faa8f352161be6118526517076045148afd59abd43ded9192546273b77d66d198edbda01f18250da5dbe35d835e,gx-no-cache=1661190948700 HTTP/1.1" 200 30
181.212.43.89 - - [22/Aug/2022:15:09:56 -0300] "POST /cormun/servlet/solicitudotadjuntos?29d3689c15e6a5fbf7194873e315db50,INS,2022,19102,,1,,gx-no-cache=1661190948717 HTTP/1.1" 200 3886
181.212.43.89 - - [22/Aug/2022:15:10:01 -0300] "POST /cormun/servlet/solicitudotadjuntos?gx-no-cache=1661190953679 HTTP/1.1" 200 26
181.212.43.89 - - [22/Aug/2022:15:10:07 -0300] "GET /cormun/servlet/solicitudotadjuntos?832d6faa8f352161be6118526517076051684cae2f4acd7bc39071e095015918,gx-no-cache=1661190959395 HTTP/1.1" 200 30
181.212.43.89 - - [22/Aug/2022:15:10:07 -0300] "GET /cormun/servlet/solicitudotadjuntos?832d6faa8f352161be6118526517076051684cae2f4acd7bc39071e095015918,gx-no-cache=1661190959409 HTTP/1.1" 200 30
181.212.43.89 - - [22/Aug/2022:15:10:07 -0300] "POST /cormun/servlet/solicitudotadjuntos?29d3689c15e6a5fbf7194873e315db50,INS,2022,19102,,1, HTTP/1.1" 200 116
181.212.43.89 - - [22/Aug/2022:15:10:07 -0300] "GET /cormun/servlet/hpexe_return? HTTP/1.1" 200 1028
181.212.43.89 - - [22/Aug/2022:15:10:08 -0300] "GET /cormun/servlet/trsolicitudadjuntos?2022,19102, HTTP/1.1" 200 10052
181.212.43.89 - - [22/Aug/2022:15:10:08 -0300] "GET /cormun/servlet/trsolicitudadjuntos?2022,19102, HTTP/1.1" 200 10054
139.87.71.160 - - [22/Aug/2022:15:10:09 -0300] "GET /manager/html HTTP/1.1" 401 2474
181.212.43.89 - - [22/Aug/2022:15:10:14 -0300] "POST /cormun/servlet/trsolicitudadjuntos?29d3689c15e6a5fbf7194873e315db50,2022,19102,,gx-no-cache=1661190966498 HTTP/1.1" 200 90
181.212.43.89 - - [22/Aug/2022:15:10:14 -0300] "GET /cormun/servlet/hpexe_link HTTP/1.1" 200 971
181.212.43.89 - - [22/Aug/2022:15:10:14 -0300] "GET /cormun/servlet/trsolicitudot HTTP/1.1" 200 8649
181.212.43.89 - - [22/Aug/2022:15:10:14 -0300] "GET /cormun/servlet/trsolicitudot HTTP/1.1" 200 8648
181.212.43.89 - - [22/Aug/2022:15:10:38 -0300] "POST /cormun/servlet/trsolicitudot?29d3689c15e6a5fbf7194873e315db50,gx-no-cache=1661190990900 HTTP/1.1" 200 4605
181.212.43.89 - - [22/Aug/2022:15:10:38 -0300] "GET /cormun/static/Shared/jqueryui/images/ui-bg_highlight-soft_100_c6c2c8_1x100.png HTTP/1.1" 404 1117
181.212.43.89 - - [22/Aug/2022:15:10:38 -0300] "GET /cormun/static/Shared/jqueryui/images/ui-icons_82798d_256x240.png HTTP/1.1" 404 1089
181.212.43.89 - - [22/Aug/2022:15:10:38 -0300] "GET /cormun/static/Shared/jqueryui/images/ui-bg_flat_55_fafafa_40x100.png HTTP/1.1" 404 1097
181.212.43.89 - - [22/Aug/2022:15:10:38 -0300] "GET /cormun/static/Shared/jqueryui/images/ui-icons_8d78a5_256x240.png HTTP/1.1" 404 1089
181.212.43.89 - - [22/Aug/2022:15:10:39 -0300] "POST /cormun/servlet/trsolicitudot?29d3689c15e6a5fbf7194873e315db50,gx-no-cache=1661190991085 HTTP/1.1" 200 4349
181.212.43.89 - - [22/Aug/2022:15:11:26 -0300] "GET /cormun/servlet/trlicencias? HTTP/1.1" 200 13322
181.212.43.89 - - [22/Aug/2022:15:11:26 -0300] "GET /cormun/servlet/trlicencias? HTTP/1.1" 200 13313
139.87.71.160 - - [22/Aug/2022:15:11:35 -0300] "GET /manager/html HTTP/1.1" 401 2474
139.87.71.160 - - [22/Aug/2022:15:13:59 -0300] "GET /manager/html HTTP/1.1" 401 2474
139.87.71.160 - - [22/Aug/2022:15:15:34 -0300] "GET /manager/html HTTP/1.1" 401 2474
190.171.141.138 - - [22/Aug/2022:15:15:56 -0300] "GET /cormun/servlet/hlogin HTTP/1.1" 200 1724
190.171.141.138 - - [22/Aug/2022:15:15:59 -0300] "POST /cormun/servlet/hlogin?f4d3c611b1f9326200d3904a3e5ea046,gx-no-cache=1661191311741 HTTP/1.1" 200 90
190.171.141.138 - - [22/Aug/2022:15:15:59 -0300] "GET /cormun/servlet/hpexe_link HTTP/1.1" 200 953
190.171.141.138 - - [22/Aug/2022:15:15:59 -0300] "GET /cormun/servlet/hhome HTTP/1.1" 200 4474
190.171.141.138 - - [22/Aug/2022:15:15:59 -0300] "GET /cormun/servlet/hhome HTTP/1.1" 200 4471
190.171.141.138 - - [22/Aug/2022:15:16:02 -0300] "GET /cormun/servlet/trlicencias? HTTP/1.1" 200 14380
190.171.141.138 - - [22/Aug/2022:15:16:02 -0300] "GET /cormun/servlet/trlicencias? HTTP/1.1" 200 14389
190.171.141.138 - - [22/Aug/2022:15:16:06 -0300] "POST /cormun/servlet/trlicencias?f4d3c611b1f9326200d3904a3e5ea046,,gx-no-cache=1661191319344 HTTP/1.1" 200 5687
190.171.141.138 - - [22/Aug/2022:15:16:08 -0300] "GET /cormun/static/menuarrow.gif HTTP/1.1" 404 1015
190.171.141.138 - - [22/Aug/2022:15:16:13 -0300] "POST /cormun/servlet/trlicencias?f4d3c611b1f9326200d3904a3e5ea046,,gx-no-cache=1661191326030 HTTP/1.1" 200 8288
190.171.141.138 - - [22/Aug/2022:15:16:41 -0300] "POST /cormun/servlet/trlicencias?f4d3c611b1f9326200d3904a3e5ea046,,gx-no-cache=1661191353511 HTTP/1.1" 200 9010
157.55.39.27 - - [22/Aug/2022:15:16:52 -0300] "GET /cormun/servlet/hhome HTTP/1.1" 200 3311
139.87.71.160 - - [22/Aug/2022:15:17:05 -0300] "GET /manager/html HTTP/1.1" 401 2474
190.171.152.234 - - [22/Aug/2022:15:17:56 -0300] "POST /cormun/servlet/trlicencias?3d48b4043efeb700268f65f4be35a64f,,gx-no-cache=1661187890057 HTTP/1.1" 440 972
190.171.152.234 - - [22/Aug/2022:15:17:58 -0300] "GET /cormun/servlet/trlicencias? HTTP/1.1" 200 7522
190.171.152.234 - - [22/Aug/2022:15:17:58 -0300] "GET /cormun/servlet/hlogin HTTP/1.1" 200 1749
190.171.152.234 - - [22/Aug/2022:15:17:59 -0300] "GET /cormun/servlet/trlicencias? HTTP/1.1" 200 7522
190.171.152.234 - - [22/Aug/2022:15:18:06 -0300] "POST /cormun/servlet/hlogin?9c92fa4ba19960da5b7d608530c01eac,gx-no-cache=1661187899813 HTTP/1.1" 200 90
190.171.152.234 - - [22/Aug/2022:15:18:06 -0300] "GET /cormun/servlet/hpexe_link HTTP/1.1" 200 962
190.171.152.234 - - [22/Aug/2022:15:18:06 -0300] "GET /cormun/servlet/trlicencias HTTP/1.1" 200 12707
190.171.152.234 - - [22/Aug/2022:15:18:06 -0300] "GET /cormun/servlet/trlicencias HTTP/1.1" 200 12701
190.171.152.234 - - [22/Aug/2022:15:18:10 -0300] "GET /cormun/servlet/trlicencias? HTTP/1.1" 200 12707
190.171.152.234 - - [22/Aug/2022:15:18:10 -0300] "GET /cormun/servlet/trlicencias? HTTP/1.1" 200 12707
139.87.71.160 - - [22/Aug/2022:15:18:44 -0300] "GET /manager/html HTTP/1.1" 401 2474
190.171.141.82 - - [22/Aug/2022:15:19:25 -0300] "POST /cormun/servlet/trlicencias?f5039419cc098b0198674da2cc877699,gx-no-cache=1661191517365 HTTP/1.1" 200 6928
190.171.142.42 - - [22/Aug/2022:15:19:27 -0300] "POST /cormun/servlet/hlogin?8307f197a89c94f278750b66645233ca,gx-no-cache=1661191518850 HTTP/1.1" 440 972
190.171.142.42 - - [22/Aug/2022:15:19:29 -0300] "GET /cormun/servlet/hlogin HTTP/1.1" 200 1740
139.87.71.160 - - [22/Aug/2022:15:19:30 -0300] "GET /manager/html HTTP/1.1" 401 2474
190.171.142.42 - - [22/Aug/2022:15:19:43 -0300] "POST /cormun/servlet/hlogin?c4e0f563d1fef199767f302fbaf50697,gx-no-cache=1661191534977 HTTP/1.1" 200 90
190.171.142.42 - - [22/Aug/2022:15:19:43 -0300] "GET /cormun/servlet/hpexe_link HTTP/1.1" 200 954
190.171.142.42 - - [22/Aug/2022:15:19:43 -0300] "GET /cormun/servlet/hhome HTTP/1.1" 200 4252
190.171.142.42 - - [22/Aug/2022:15:19:43 -0300] "GET /cormun/servlet/hhome HTTP/1.1" 200 4250
190.171.142.42 - - [22/Aug/2022:15:19:48 -0300] "GET /cormun/servlet/trlicencias? HTTP/1.1" 200 14629
190.171.142.42 - - [22/Aug/2022:15:19:49 -0300] "GET /cormun/servlet/trlicencias? HTTP/1.1" 200 14632
139.87.71.160 - - [22/Aug/2022:15:20:13 -0300] "GET /manager/html HTTP/1.1" 401 2474
139.87.71.160 - - [22/Aug/2022:15:20:57 -0300] "GET /manager/html HTTP/1.1" 401 2474
139.87.71.160 - - [22/Aug/2022:15:21:52 -0300] "GET /manager/html HTTP/1.1" 401 2474
139.87.71.160 - - [22/Aug/2022:15:22:39 -0300] "GET /manager/html HTTP/1.1" 401 2474
139.87.71.160 - - [22/Aug/2022:15:23:24 -0300] "GET /manager/html HTTP/1.1" 401 2474
139.87.71.160 - - [22/Aug/2022:15:24:11 -0300] "GET /manager/html HTTP/1.1" 401 2474
139.87.71.160 - - [22/Aug/2022:15:24:56 -0300] "GET /manager/html HTTP/1.1" 401 2474
139.87.71.160 - - [22/Aug/2022:15:25:38 -0300] "GET /manager/html HTTP/1.1" 401 2474
139.87.71.160 - - [22/Aug/2022:15:26:22 -0300] "GET /manager/html HTTP/1.1" 401 2474
139.87.71.160 - - [22/Aug/2022:15:27:50 -0300] "GET /manager/html HTTP/1.1" 401 2474
139.87.71.160 - - [22/Aug/2022:15:28:36 -0300] "GET /manager/html HTTP/1.1" 401 2474
139.87.71.160 - - [22/Aug/2022:15:29:18 -0300] "GET /manager/html HTTP/1.1" 401 2474
190.171.141.138 - - [22/Aug/2022:15:29:41 -0300] "GET /cormun/servlet/hlogin HTTP/1.1" 200 1724
190.171.141.138 - - [22/Aug/2022:15:29:45 -0300] "POST /cormun/servlet/hlogin?f4d3c611b1f9326200d3904a3e5ea046,gx-no-cache=1661192138158 HTTP/1.1" 200 90
190.171.141.138 - - [22/Aug/2022:15:29:45 -0300] "GET /cormun/servlet/hpexe_link HTTP/1.1" 200 958
190.171.141.138 - - [22/Aug/2022:15:29:45 -0300] "GET /cormun/servlet/trlicencias? HTTP/1.1" 200 11703
190.171.141.138 - - [22/Aug/2022:15:29:46 -0300] "GET /cormun/servlet/trlicencias? HTTP/1.1" 200 11701
190.171.141.138 - - [22/Aug/2022:15:29:49 -0300] "GET /cormun/servlet/trpermisosgoce? HTTP/1.1" 200 13119
190.171.141.138 - - [22/Aug/2022:15:29:49 -0300] "GET /cormun/servlet/trpermisosgoce? HTTP/1.1" 200 13119
190.171.141.138 - - [22/Aug/2022:15:30:00 -0300] "GET /cormun/servlet/permisogoce?INS,0,,, HTTP/1.1" 200 7373
190.171.141.138 - - [22/Aug/2022:15:30:00 -0300] "GET /cormun/servlet/permisogoce?INS,0,,, HTTP/1.1" 200 7373
190.171.141.138 - - [22/Aug/2022:15:30:04 -0300] "GET /cormun/servlet/permisogoce?32de3d06de1058d20c2083bf80e6e9f12f28d4db270ebf2d287fee4580a7047b80fb06563e477d8b00991e1b3e1cbcb72df6880f581b2ad9ded9bd331bd1159e,gx-no-cache=1661192157313 HTTP/1.1" 200 79
190.171.141.138 - - [22/Aug/2022:15:30:07 -0300] "GET /cormun/static/menuarrow.gif HTTP/1.1" 404 1015
190.171.141.138 - - [22/Aug/2022:15:30:11 -0300] "GET /cormun/servlet/permisogoce?32de3d06de1058d20c2083bf80e6e9f1472a99e287ba2b8a787eafabd4cb8b98e47bbe7fdc1e3710dfb5faad76df74cf09fd6c092fb0e95b3336d9b09aebd3ab,gx-no-cache=1661192164446 HTTP/1.1" 200 47
190.171.141.138 - - [22/Aug/2022:15:30:17 -0300] "GET /cormun/servlet/puconsultapgoce?14203755,MD,gxPopupLevel%3D0%3B HTTP/1.1" 200 4300
190.171.141.138 - - [22/Aug/2022:15:30:17 -0300] "GET /cormun/static/gxcfg.js?2020121674770 HTTP/1.1" 200 953
190.171.141.138 - - [22/Aug/2022:15:30:17 -0300] "GET /cormun/pexe_menus.js HTTP/1.1" 404 1001
190.171.141.138 - - [22/Aug/2022:15:30:17 -0300] "GET /cormun/pexe_link.js HTTP/1.1" 404 999
190.171.141.138 - - [22/Aug/2022:15:30:17 -0300] "GET /cormun/pexe_cookies.js HTTP/1.1" 404 1005
190.171.141.138 - - [22/Aug/2022:15:30:17 -0300] "GET /cormun/pexe_griddivfix.js HTTP/1.1" 404 1011
190.171.141.138 - - [22/Aug/2022:15:30:17 -0300] "GET /cormun/pexe_layers.js HTTP/1.1" 404 1003
190.171.141.138 - - [22/Aug/2022:15:30:17 -0300] "GET /cormun/pexe_grid.js HTTP/1.1" 404 999
190.171.141.138 - - [22/Aug/2022:15:30:17 -0300] "GET /cormun/pexe_picture.js HTTP/1.1" 404 1005
190.171.141.138 - - [22/Aug/2022:15:30:17 -0300] "GET /cormun/pexe_windows.js HTTP/1.1" 404 1005
190.171.141.138 - - [22/Aug/2022:15:30:17 -0300] "GET /cormun/pexe_treedivfix.js HTTP/1.1" 404 1011
190.171.141.138 - - [22/Aug/2022:15:30:17 -0300] "GET /cormun/pexe_autoreload.js HTTP/1.1" 404 1011
190.171.141.138 - - [22/Aug/2022:15:30:17 -0300] "GET /cormun/static/mpprompt.js?20201215583973 HTTP/1.1" 200 940
190.171.141.138 - - [22/Aug/2022:15:30:17 -0300] "GET /cormun/pexe_menudivfix.js HTTP/1.1" 404 1011
190.171.141.138 - - [22/Aug/2022:15:30:17 -0300] "GET /cormun/pexe_tabdivfix.js HTTP/1.1" 404 1009
190.171.141.138 - - [22/Aug/2022:15:30:17 -0300] "GET /cormun/static/puconsultapgoce.js?2020121675052 HTTP/1.1" 200 22470
190.171.141.138 - - [22/Aug/2022:15:30:17 -0300] "GET /cormun/static/Resources/PXToolsMenuTopBackground.png HTTP/1.1" 200 1153
190.171.141.138 - - [22/Aug/2022:15:30:20 -0300] "POST /cormun/servlet/permisogoce?f4d3c611b1f9326200d3904a3e5ea046,INS,0,,,,gx-no-cache=1661192172855 HTTP/1.1" 200 93
190.171.141.138 - - [22/Aug/2022:15:30:20 -0300] "GET /cormun/servlet/hpexe_return? HTTP/1.1" 200 1010
190.171.141.138 - - [22/Aug/2022:15:30:20 -0300] "GET /cormun/servlet/trpermisosgoce HTTP/1.1" 200 13339
190.171.141.138 - - [22/Aug/2022:15:30:21 -0300] "GET /cormun/servlet/trpermisosgoce HTTP/1.1" 200 13334
190.171.141.138 - - [22/Aug/2022:15:30:24 -0300] "GET /cormun/servlet/apermisogoceprn?14203755,P,20220822141256,PU HTTP/1.1" 200 1655
139.87.71.160 - - [22/Aug/2022:15:30:53 -0300] "GET /manager/html HTTP/1.1" 401 2474
190.171.143.82 - - [22/Aug/2022:15:31:08 -0300] "GET /cormun/servlet/trlicencias? HTTP/1.1" 200 7522
190.171.143.82 - - [22/Aug/2022:15:31:10 -0300] "GET /cormun//static/Resources/PXToolsGridDisplay.png HTTP/1.1" 200 525
190.171.143.82 - - [22/Aug/2022:15:31:10 -0300] "GET /cormun//static/Resources/PXToolsActionPrint.png HTTP/1.1" 200 404
190.171.143.82 - - [22/Aug/2022:15:31:10 -0300] "GET /cormun//static/Resources/PXToolsHeaderHelp.png HTTP/1.1" 200 1333
190.171.143.82 - - [22/Aug/2022:15:31:10 -0300] "GET /cormun//static/Resources/PXToolsActionDisabled.gif HTTP/1.1" 200 53
190.171.143.82 - - [22/Aug/2022:15:31:10 -0300] "GET /cormun/servlet/hlogin HTTP/1.1" 200 1743
190.171.143.82 - - [22/Aug/2022:15:31:10 -0300] "GET /cormun//static/Resources/PXToolsHeaderFavorites.png HTTP/1.1" 200 1414
190.171.143.82 - - [22/Aug/2022:15:31:10 -0300] "GET /cormun/servlet/trlicencias? HTTP/1.1" 200 7518
190.171.143.82 - - [22/Aug/2022:15:31:10 -0300] "GET /cormun/servlet/trlicencias? HTTP/1.1" 200 7516
190.171.143.82 - - [22/Aug/2022:15:31:12 -0300] "POST /cormun/servlet/hlogin?1fb193cef2e17a15ec53bc20b5cc892a,gx-no-cache=1661192225337 HTTP/1.1" 200 90
190.171.143.82 - - [22/Aug/2022:15:31:12 -0300] "GET /cormun/servlet/hpexe_link HTTP/1.1" 200 957
190.171.143.82 - - [22/Aug/2022:15:31:13 -0300] "GET /cormun/servlet/trlicencias HTTP/1.1" 200 11840
190.171.143.82 - - [22/Aug/2022:15:31:13 -0300] "GET /cormun/servlet/trlicencias HTTP/1.1" 200 11834
139.87.71.160 - - [22/Aug/2022:15:31:42 -0300] "GET /manager/html HTTP/1.1" 401 2474
139.87.71.160 - - [22/Aug/2022:15:32:24 -0300] "GET /manager/html HTTP/1.1" 401 2474
139.87.71.160 - - [22/Aug/2022:15:35:17 -0300] "GET /manager/html HTTP/1.1" 401 2474
139.87.71.160 - - [22/Aug/2022:15:36:01 -0300] "GET /manager/html HTTP/1.1" 401 2474
139.87.71.160 - - [22/Aug/2022:15:36:43 -0300] "GET /manager/html HTTP/1.1" 401 2474
139.87.71.160 - - [22/Aug/2022:15:37:31 -0300] "GET /manager/html HTTP/1.1" 401 2474
139.87.71.160 - - [22/Aug/2022:15:39:03 -0300] "GET /manager/html HTTP/1.1" 401 2474
139.87.71.160 - - [22/Aug/2022:15:39:50 -0300] "GET /manager/html HTTP/1.1" 401 2474
139.87.71.160 - - [22/Aug/2022:15:40:46 -0300] "GET /manager/html HTTP/1.1" 401 2474
139.87.71.160 - - [22/Aug/2022:15:41:36 -0300] "GET /manager/html HTTP/1.1" 401 2474
139.87.71.160 - - [22/Aug/2022:15:42:18 -0300] "GET /manager/html HTTP/1.1" 401 2474
190.171.143.82 - - [22/Aug/2022:15:42:38 -0300] "GET /cormun/servlet/trpermisosgoce? HTTP/1.1" 200 6034
190.171.143.82 - - [22/Aug/2022:15:42:40 -0300] "GET /cormun/servlet/hlogin HTTP/1.1" 200 1750
190.171.143.82 - - [22/Aug/2022:15:42:40 -0300] "GET /cormun/servlet/trpermisosgoce? HTTP/1.1" 200 6034
190.171.143.82 - - [22/Aug/2022:15:42:43 -0300] "POST /cormun/servlet/hlogin?961073eec42ec306f7a4ae48db8c45dc,gx-no-cache=1661192915424 HTTP/1.1" 200 90
190.171.143.82 - - [22/Aug/2022:15:42:43 -0300] "GET /cormun/servlet/hpexe_link HTTP/1.1" 200 962
190.171.143.82 - - [22/Aug/2022:15:42:43 -0300] "GET /cormun/servlet/trpermisosgoce HTTP/1.1" 200 13411
190.171.143.82 - - [22/Aug/2022:15:42:45 -0300] "GET /cormun/servlet/trpermisosgoce HTTP/1.1" 200 13410
185.7.214.117 - - [22/Aug/2022:15:42:50 -0300] "GET /securityRealm/user/admin/search/index?q=a HTTP/1.1" 404 1035
190.171.141.82 - - [22/Aug/2022:15:43:39 -0300] "GET /cormun/servlet/trsolicitudot? HTTP/1.1" 200 7179
190.171.141.82 - - [22/Aug/2022:15:43:39 -0300] "GET /cormun/servlet/trsolicitudot? HTTP/1.1" 200 7179
190.171.141.82 - - [22/Aug/2022:15:43:46 -0300] "POST /cormun/servlet/trsolicitudot?f5039419cc098b0198674da2cc877699,,gx-no-cache=1661192979332 HTTP/1.1" 200 7443
139.87.71.160 - - [22/Aug/2022:15:44:33 -0300] "GET /manager/html HTTP/1.1" 401 2474
190.171.143.82 - - [22/Aug/2022:15:45:05 -0300] "GET /cormun/servlet/trpermisosadjuntos?13718866,20220818140116,P, HTTP/1.1" 200 6683
190.171.143.82 - - [22/Aug/2022:15:45:06 -0300] "GET /cormun/servlet/trpermisosadjuntos?13718866,20220818140116,P, HTTP/1.1" 200 6684
139.87.71.160 - - [22/Aug/2022:15:45:15 -0300] "GET /manager/html HTTP/1.1" 401 2474
190.171.143.82 - - [22/Aug/2022:15:45:19 -0300] "GET /cormun/servlet/permisosadjuntos?INS,13718866,P,20220818140116,, HTTP/1.1" 200 6012
190.171.143.82 - - [22/Aug/2022:15:45:20 -0300] "GET /cormun/static/about:blank HTTP/1.1" 404 1011
190.171.143.82 - - [22/Aug/2022:15:45:21 -0300] "GET /cormun/servlet/permisosadjuntos?INS,13718866,P,20220818140116,, HTTP/1.1" 200 6002
190.171.143.82 - - [22/Aug/2022:15:45:37 -0300] "POST /cormun/servlet/permisosadjuntos?961073eec42ec306f7a4ae48db8c45dc,INS,13718866,P,20220818140116,, HTTP/1.1" 200 116
190.171.143.82 - - [22/Aug/2022:15:45:37 -0300] "GET /cormun/servlet/hpexe_return? HTTP/1.1" 200 1042
190.171.143.82 - - [22/Aug/2022:15:45:38 -0300] "GET /cormun/servlet/trpermisosadjuntos?13718866,20220818140116,P, HTTP/1.1" 200 7200
190.171.143.82 - - [22/Aug/2022:15:45:39 -0300] "GET /cormun/servlet/trpermisosadjuntos?13718866,20220818140116,P, HTTP/1.1" 200 7196
190.171.143.82 - - [22/Aug/2022:15:45:43 -0300] "GET /cormun/servlet/trpermisosgoce? HTTP/1.1" 200 13417
190.171.143.82 - - [22/Aug/2022:15:45:44 -0300] "GET /cormun/servlet/trpermisosgoce? HTTP/1.1" 200 13409
190.171.143.82 - - [22/Aug/2022:15:45:57 -0300] "POST /cormun/servlet/trpermisosgoce?961073eec42ec306f7a4ae48db8c45dc,,gx-no-cache=1661193109631 HTTP/1.1" 200 10394
139.87.71.160 - - [22/Aug/2022:15:45:58 -0300] "GET /manager/html HTTP/1.1" 401 2474
190.171.143.82 - - [22/Aug/2022:15:46:02 -0300] "POST /cormun/servlet/trpermisosgoce?961073eec42ec306f7a4ae48db8c45dc,,gx-no-cache=1661193114749 HTTP/1.1" 200 10435
190.171.143.82 - - [22/Aug/2022:15:46:03 -0300] "GET /cormun/static/Shared/jqueryui/images/ui-bg_highlight-soft_100_c6c2c8_1x100.png HTTP/1.1" 404 1117
190.171.143.82 - - [22/Aug/2022:15:46:03 -0300] "GET /cormun/static/Shared/jqueryui/images/ui-icons_82798d_256x240.png HTTP/1.1" 404 1089
190.171.143.82 - - [22/Aug/2022:15:46:03 -0300] "GET /cormun/static/Shared/jqueryui/images/ui-bg_flat_55_fafafa_40x100.png HTTP/1.1" 404 1097
190.171.143.82 - - [22/Aug/2022:15:46:03 -0300] "GET /cormun/static/Shared/jqueryui/images/ui-icons_8d78a5_256x240.png HTTP/1.1" 404 1089
190.171.143.82 - - [22/Aug/2022:15:46:09 -0300] "GET /cormun/servlet/trpermisosadjuntos?15344156,20220818112805,P, HTTP/1.1" 200 6691
190.171.143.82 - - [22/Aug/2022:15:46:10 -0300] "GET /cormun/servlet/trpermisosadjuntos?15344156,20220818112805,P, HTTP/1.1" 200 6691
190.171.143.82 - - [22/Aug/2022:15:46:13 -0300] "GET /cormun/servlet/permisosadjuntos?INS,15344156,P,20220818112805,, HTTP/1.1" 200 6017
190.171.143.82 - - [22/Aug/2022:15:46:14 -0300] "GET /cormun/static/about:blank HTTP/1.1" 404 1011
190.171.143.82 - - [22/Aug/2022:15:46:14 -0300] "GET /cormun/servlet/permisosadjuntos?INS,15344156,P,20220818112805,, HTTP/1.1" 200 6006
139.87.71.160 - - [22/Aug/2022:15:46:44 -0300] "GET /manager/html HTTP/1.1" 401 2474
190.171.143.82 - - [22/Aug/2022:15:46:54 -0300] "POST /cormun/servlet/permisosadjuntos?961073eec42ec306f7a4ae48db8c45dc,INS,15344156,P,20220818112805,, HTTP/1.1" 200 116
190.171.143.82 - - [22/Aug/2022:15:46:54 -0300] "GET /cormun/servlet/hpexe_return? HTTP/1.1" 200 1041
190.171.143.82 - - [22/Aug/2022:15:46:55 -0300] "GET /cormun/servlet/trpermisosadjuntos?15344156,20220818112805,P, HTTP/1.1" 200 7225
190.171.143.82 - - [22/Aug/2022:15:46:56 -0300] "GET /cormun/servlet/trpermisosadjuntos?15344156,20220818112805,P, HTTP/1.1" 200 7222
139.87.71.160 - - [22/Aug/2022:15:47:31 -0300] "GET /manager/html HTTP/1.1" 401 2474
190.171.143.82 - - [22/Aug/2022:15:47:56 -0300] "GET /cormun/servlet/trpermisosgoce? HTTP/1.1" 200 13419
190.171.143.82 - - [22/Aug/2022:15:47:57 -0300] "GET /cormun/servlet/trpermisosgoce? HTTP/1.1" 200 13410
190.171.143.82 - - [22/Aug/2022:15:48:02 -0300] "POST /cormun/servlet/trpermisosgoce?961073eec42ec306f7a4ae48db8c45dc,,gx-no-cache=1661193234072 HTTP/1.1" 200 10408
190.171.143.82 - - [22/Aug/2022:15:48:08 -0300] "POST /cormun/servlet/trpermisosgoce?961073eec42ec306f7a4ae48db8c45dc,,gx-no-cache=1661193240559 HTTP/1.1" 200 10414
190.171.143.82 - - [22/Aug/2022:15:48:12 -0300] "GET /cormun/servlet/trautorizarpermisogoce? HTTP/1.1" 200 8323
190.171.143.82 - - [22/Aug/2022:15:48:13 -0300] "GET /cormun/servlet/trautorizarpermisogoce? HTTP/1.1" 200 8322
190.171.143.82 - - [22/Aug/2022:15:48:15 -0300] "POST /cormun/servlet/trautorizarpermisogoce?961073eec42ec306f7a4ae48db8c45dc,,gx-no-cache=1661193247690 HTTP/1.1" 200 5287
190.171.143.82 - - [22/Aug/2022:15:48:16 -0300] "POST /cormun/servlet/trautorizarpermisogoce?961073eec42ec306f7a4ae48db8c45dc,,gx-no-cache=1661193248511 HTTP/1.1" 200 4534
190.171.143.82 - - [22/Aug/2022:15:48:53 -0300] "GET /cormun/servlet/trsolicitudot? HTTP/1.1" 200 8984
190.171.143.82 - - [22/Aug/2022:15:48:53 -0300] "GET /cormun/servlet/trsolicitudot? HTTP/1.1" 200 8984
190.171.143.82 - - [22/Aug/2022:15:49:01 -0300] "POST /cormun/servlet/trsolicitudot?1fb193cef2e17a15ec53bc20b5cc892a,,gx-no-cache=1661193293753 HTTP/1.1" 200 4857
190.171.143.82 - - [22/Aug/2022:15:49:01 -0300] "GET /cormun/static/Shared/jqueryui/images/ui-bg_highlight-soft_100_c6c2c8_1x100.png HTTP/1.1" 404 1117
190.171.143.82 - - [22/Aug/2022:15:49:01 -0300] "GET /cormun/static/Shared/jqueryui/images/ui-icons_82798d_256x240.png HTTP/1.1" 404 1089
190.171.143.82 - - [22/Aug/2022:15:49:01 -0300] "GET /cormun/static/Shared/jqueryui/images/ui-icons_8d78a5_256x240.png HTTP/1.1" 404 1089
190.171.143.82 - - [22/Aug/2022:15:49:01 -0300] "GET /cormun/static/Shared/jqueryui/images/ui-bg_flat_55_fafafa_40x100.png HTTP/1.1" 404 1097
139.87.71.160 - - [22/Aug/2022:15:49:01 -0300] "GET /manager/html HTTP/1.1" 401 2474
190.171.143.82 - - [22/Aug/2022:15:49:01 -0300] "POST /cormun/servlet/trsolicitudot?1fb193cef2e17a15ec53bc20b5cc892a,,gx-no-cache=1661193293922 HTTP/1.1" 200 4609
190.171.143.82 - - [22/Aug/2022:15:49:05 -0300] "GET /cormun/servlet/trautorizarsolicitud? HTTP/1.1" 200 8881
190.171.143.82 - - [22/Aug/2022:15:49:06 -0300] "GET /cormun/servlet/trautorizarsolicitud? HTTP/1.1" 200 8881
190.171.143.82 - - [22/Aug/2022:15:49:13 -0300] "POST /cormun/servlet/trautorizarsolicitud?1fb193cef2e17a15ec53bc20b5cc892a,,gx-no-cache=1661193306549 HTTP/1.1" 200 4790
190.171.143.82 - - [22/Aug/2022:15:49:14 -0300] "GET /cormun/static/Shared/jqueryui/images/ui-bg_highlight-soft_100_c6c2c8_1x100.png HTTP/1.1" 404 1117
190.171.143.82 - - [22/Aug/2022:15:49:14 -0300] "GET /cormun/static/Shared/jqueryui/images/ui-icons_82798d_256x240.png HTTP/1.1" 404 1089
190.171.143.82 - - [22/Aug/2022:15:49:14 -0300] "GET /cormun/static/Shared/jqueryui/images/ui-icons_8d78a5_256x240.png HTTP/1.1" 404 1089
190.171.143.82 - - [22/Aug/2022:15:49:14 -0300] "GET /cormun/static/Shared/jqueryui/images/ui-bg_flat_55_fafafa_40x100.png HTTP/1.1" 404 1097
190.171.143.82 - - [22/Aug/2022:15:49:14 -0300] "POST /cormun/servlet/trautorizarsolicitud?1fb193cef2e17a15ec53bc20b5cc892a,,gx-no-cache=1661193306702 HTTP/1.1" 200 4543
139.87.71.160 - - [22/Aug/2022:15:49:45 -0300] "GET /manager/html HTTP/1.1" 401 2474
139.87.71.160 - - [22/Aug/2022:15:50:36 -0300] "GET /manager/html HTTP/1.1" 401 2474
198.235.24.58 - - [22/Aug/2022:15:50:42 -0300] "GET / HTTP/1.1" 200 11217
124.126.103.63 - - [22/Aug/2022:15:51:13 -0300] "GET /phpMyAdmin/scripts/setup.php HTTP/1.0" 404 1017
124.126.103.63 - - [22/Aug/2022:15:51:13 -0300] "GET /mysql/scripts/setup.php HTTP/1.0" 404 1007
124.126.103.63 - - [22/Aug/2022:15:51:13 -0300] "GET /pma/scripts/setup.php HTTP/1.0" 404 1003
139.87.71.160 - - [22/Aug/2022:15:51:29 -0300] "GET /manager/html HTTP/1.1" 401 2474
139.87.71.160 - - [22/Aug/2022:15:52:13 -0300] "GET /manager/html HTTP/1.1" 401 2474
185.7.214.117 - - [22/Aug/2022:15:53:11 -0300] "GET / HTTP/1.1" 200 11217
139.87.71.160 - - [22/Aug/2022:15:53:40 -0300] "GET /manager/html HTTP/1.1" 401 2474
139.87.71.160 - - [22/Aug/2022:15:54:23 -0300] "GET /manager/html HTTP/1.1" 401 2474
139.87.71.160 - - [22/Aug/2022:15:55:11 -0300] "GET /manager/html HTTP/1.1" 401 2474
200.54.103.162 - - [22/Aug/2022:15:56:19 -0300] "GET /cormun/servlet/hlogin HTTP/1.1" 200 1722
200.54.103.162 - - [22/Aug/2022:15:56:25 -0300] "POST /cormun/servlet/hlogin?7449abc9210debce594b1240ba51594e,gx-no-cache=1661193737513 HTTP/1.1" 200 90
200.54.103.162 - - [22/Aug/2022:15:56:25 -0300] "GET /cormun/servlet/hpexe_link HTTP/1.1" 200 949
200.54.103.162 - - [22/Aug/2022:15:56:25 -0300] "GET /cormun/servlet/hhome HTTP/1.1" 200 4335
200.54.103.162 - - [22/Aug/2022:15:56:26 -0300] "GET /cormun/servlet/hhome HTTP/1.1" 200 4332
200.54.103.162 - - [22/Aug/2022:15:56:28 -0300] "GET /cormun/servlet/trlicencias? HTTP/1.1" 200 12586
200.54.103.162 - - [22/Aug/2022:15:56:28 -0300] "GET /cormun/servlet/trlicencias? HTTP/1.1" 200 12588
139.87.71.160 - - [22/Aug/2022:15:58:07 -0300] "GET /manager/html HTTP/1.1" 401 2474
190.171.141.106 - - [22/Aug/2022:15:58:56 -0300] "GET /cormun/servlet/hlogin HTTP/1.1" 200 1725
139.87.71.160 - - [22/Aug/2022:15:58:56 -0300] "GET /manager/html HTTP/1.1" 401 2474
