190.171.143.106 - - [18/Aug/2022:17:55:08 -0300] "GET /cormun/servlet/hhome HTTP/1.1" 200 3327
190.171.143.106 - - [18/Aug/2022:17:55:23 -0300] "POST /cormun/servlet/hlogin?9e8f9727c527f6a672d5574633c5901e,gx-no-cache=1660855276581 HTTP/1.1" 200 90
190.171.143.106 - - [18/Aug/2022:17:55:23 -0300] "GET /cormun/servlet/hpexe_link HTTP/1.1" 200 948
190.171.143.106 - - [18/Aug/2022:17:55:23 -0300] "GET /cormun/servlet/hhome HTTP/1.1" 200 3968
190.171.143.106 - - [18/Aug/2022:17:55:23 -0300] "GET /cormun/servlet/hhome HTTP/1.1" 200 3964
163.47.12.99 - - [18/Aug/2022:17:55:24 -0300] "GET / HTTP/1.1" 200 11217
190.171.143.106 - - [18/Aug/2022:17:55:29 -0300] "GET /cormun/servlet/trpermisosgoce? HTTP/1.1" 200 6917
190.171.143.106 - - [18/Aug/2022:17:55:29 -0300] "GET /cormun/servlet/trpermisosgoce? HTTP/1.1" 200 6916
190.171.143.106 - - [18/Aug/2022:17:55:43 -0300] "POST /cormun/servlet/trpermisosgoce?9e8f9727c527f6a672d5574633c5901e,,gx-no-cache=1660855296583 HTTP/1.1" 200 6304
139.87.71.160 - - [18/Aug/2022:17:55:56 -0300] "GET /manager/html HTTP/1.1" 401 2474
190.171.143.106 - - [18/Aug/2022:17:55:58 -0300] "POST /cormun/servlet/trpermisosgoce?9e8f9727c527f6a672d5574633c5901e,,gx-no-cache=1660855311756 HTTP/1.1" 200 4196
190.171.143.106 - - [18/Aug/2022:17:56:00 -0300] "POST /cormun/servlet/trpermisosgoce?9e8f9727c527f6a672d5574633c5901e,,gx-no-cache=1660855314011 HTTP/1.1" 200 4196
190.171.143.106 - - [18/Aug/2022:17:56:02 -0300] "POST /cormun/servlet/trpermisosgoce?9e8f9727c527f6a672d5574633c5901e,,gx-no-cache=1660855315587 HTTP/1.1" 200 4196
190.171.143.106 - - [18/Aug/2022:17:56:02 -0300] "POST /cormun/servlet/trpermisosgoce?9e8f9727c527f6a672d5574633c5901e,,gx-no-cache=1660855316299 HTTP/1.1" 200 4196
190.171.143.106 - - [18/Aug/2022:17:56:03 -0300] "POST /cormun/servlet/trpermisosgoce?9e8f9727c527f6a672d5574633c5901e,,gx-no-cache=1660855317011 HTTP/1.1" 200 4196
190.171.143.106 - - [18/Aug/2022:17:56:04 -0300] "POST /cormun/servlet/trpermisosgoce?9e8f9727c527f6a672d5574633c5901e,,gx-no-cache=1660855317763 HTTP/1.1" 200 4196
190.171.143.106 - - [18/Aug/2022:17:56:06 -0300] "GET /cormun/servlet/hlogin HTTP/1.1" 200 1741
139.87.71.160 - - [18/Aug/2022:17:56:30 -0300] "GET /manager/html HTTP/1.1" 401 2474
190.171.143.106 - - [18/Aug/2022:17:57:03 -0300] "GET /cormun/servlet/trpermisosgoce? HTTP/1.1" 200 6905
190.171.143.106 - - [18/Aug/2022:17:57:04 -0300] "GET /cormun/servlet/trpermisosgoce? HTTP/1.1" 200 6905
190.171.143.106 - - [18/Aug/2022:17:57:27 -0300] "GET /cormun/servlet/trpermisosgoce? HTTP/1.1" 200 6905
190.171.143.106 - - [18/Aug/2022:17:57:28 -0300] "GET /cormun/servlet/trpermisosgoce? HTTP/1.1" 200 6905
190.171.143.106 - - [18/Aug/2022:17:57:48 -0300] "GET /cormun/servlet/hlogin HTTP/1.1" 200 1730
139.87.71.160 - - [18/Aug/2022:17:57:49 -0300] "GET /manager/html HTTP/1.1" 401 2474
190.171.143.106 - - [18/Aug/2022:17:58:03 -0300] "POST /cormun/servlet/hlogin?406cadc27db48eda86647ff29615248b,gx-no-cache=1660855436776 HTTP/1.1" 200 90
190.171.143.106 - - [18/Aug/2022:17:58:03 -0300] "GET /cormun/servlet/hpexe_link HTTP/1.1" 200 963
190.171.143.106 - - [18/Aug/2022:17:58:04 -0300] "GET /cormun/servlet/trpermisosgoce HTTP/1.1" 200 6907
190.171.143.106 - - [18/Aug/2022:17:58:04 -0300] "GET /cormun/servlet/trpermisosgoce HTTP/1.1" 200 6905
190.171.143.106 - - [18/Aug/2022:17:58:10 -0300] "GET /cormun/servlet/trpermisosgoce? HTTP/1.1" 200 6905
190.171.143.106 - - [18/Aug/2022:17:58:10 -0300] "GET /cormun/servlet/trpermisosgoce? HTTP/1.1" 200 6905
190.171.143.106 - - [18/Aug/2022:17:58:19 -0300] "GET /cormun/servlet/hlogin HTTP/1.1" 200 1730
139.87.71.160 - - [18/Aug/2022:17:58:22 -0300] "GET /manager/html HTTP/1.1" 401 2474
190.171.143.106 - - [18/Aug/2022:17:58:28 -0300] "POST /cormun/servlet/hlogin?406cadc27db48eda86647ff29615248b,gx-no-cache=1660855461337 HTTP/1.1" 200 90
190.171.143.106 - - [18/Aug/2022:17:58:28 -0300] "GET /cormun/servlet/hpexe_link HTTP/1.1" 200 963
190.171.143.106 - - [18/Aug/2022:17:58:28 -0300] "GET /cormun/servlet/trpermisosgoce HTTP/1.1" 200 6907
190.171.143.106 - - [18/Aug/2022:17:58:28 -0300] "GET /cormun/servlet/trpermisosgoce HTTP/1.1" 200 6905
190.171.143.106 - - [18/Aug/2022:17:58:37 -0300] "GET /cormun/servlet/trpermisosgoce? HTTP/1.1" 200 6905
190.171.143.106 - - [18/Aug/2022:17:58:38 -0300] "GET /cormun/servlet/trpermisosgoce? HTTP/1.1" 200 6905
139.87.71.160 - - [18/Aug/2022:17:58:58 -0300] "GET /manager/html HTTP/1.1" 401 2474
139.87.71.160 - - [18/Aug/2022:17:59:35 -0300] "GET /manager/html HTTP/1.1" 401 2474
190.171.143.106 - - [18/Aug/2022:17:59:59 -0300] "GET /cormun/servlet/hlogin HTTP/1.1" 200 1728
139.87.71.160 - - [18/Aug/2022:18:00:11 -0300] "GET /manager/html HTTP/1.1" 401 2474
190.171.143.106 - - [18/Aug/2022:18:01:17 -0300] "POST /cormun/servlet/hlogin?f92f39cf71dec4f404b49fc9dcf6fe7e,gx-no-cache=1660855631351 HTTP/1.1" 200 90
190.171.143.106 - - [18/Aug/2022:18:01:17 -0300] "GET /cormun/servlet/hpexe_link HTTP/1.1" 200 953
190.171.143.106 - - [18/Aug/2022:18:01:17 -0300] "GET /cormun/servlet/hhome HTTP/1.1" 200 3973
190.171.143.106 - - [18/Aug/2022:18:01:18 -0300] "GET /cormun/servlet/hhome HTTP/1.1" 200 3969
190.171.143.106 - - [18/Aug/2022:18:01:27 -0300] "GET /cormun/servlet/trpermisosgoce? HTTP/1.1" 200 9047
190.171.143.106 - - [18/Aug/2022:18:01:28 -0300] "GET /cormun/servlet/trpermisosgoce? HTTP/1.1" 200 9045
190.171.143.106 - - [18/Aug/2022:18:01:45 -0300] "POST /cormun/servlet/trpermisosgoce?f92f39cf71dec4f404b49fc9dcf6fe7e,,gx-no-cache=1660855659552 HTTP/1.1" 200 4201
190.208.14.7 - - [18/Aug/2022:18:02:33 -0300] "GET /cormun/servlet/trpermisosgoce HTTP/1.1" 200 6015
190.208.14.7 - - [18/Aug/2022:18:02:34 -0300] "GET /cormun/static/SmoothNavMenu/resources/ddsmoothmenu.css?1112540 HTTP/1.1" 200 2223
190.208.14.7 - - [18/Aug/2022:18:02:34 -0300] "GET /cormun/static/calendar-system.css?85620 HTTP/1.1" 200 5572
190.208.14.7 - - [18/Aug/2022:18:02:34 -0300] "GET /cormun/static/Shared/jqueryui/jquery-ui.min.css?1345370 HTTP/1.1" 200 30288
190.208.14.7 - - [18/Aug/2022:18:02:34 -0300] "GET /cormun/static/gxui/gxui-all.css?120300 HTTP/1.1" 200 2179
190.208.14.7 - - [18/Aug/2022:18:02:34 -0300] "GET /cormun/static/Resources/Spanish/PXTools.css?14345360 HTTP/1.1" 200 100853
190.208.14.7 - - [18/Aug/2022:18:02:35 -0300] "GET /cormun/static/Shared/ext/resources/css/ext-all.css?215870 HTTP/1.1" 200 416045
190.208.14.7 - - [18/Aug/2022:18:02:35 -0300] "GET /cormun/static/SmoothNavMenu/resources/ddsmoothmenu-v.css?1112540 HTTP/1.1" 200 1188
190.208.14.7 - - [18/Aug/2022:18:02:35 -0300] "GET /cormun/static/gxtimezone.js?85251 HTTP/1.1" 200 5781
190.208.14.7 - - [18/Aug/2022:18:02:35 -0300] "GET /cormun/static/gxcfg.js?2020121631564 HTTP/1.1" 200 953
190.208.14.7 - - [18/Aug/2022:18:02:35 -0300] "GET /cormun/static/scaMessage/css/jquery.pnotify.default.css?1816380 HTTP/1.1" 200 1707
190.208.14.7 - - [18/Aug/2022:18:02:35 -0300] "GET /cormun/static/gxgral.js?85251 HTTP/1.1" 200 384558
190.208.14.7 - - [18/Aug/2022:18:02:35 -0300] "GET /cormun/static/calendar-setup.js?85251 HTTP/1.1" 200 2588
190.208.14.7 - - [18/Aug/2022:18:02:35 -0300] "GET /cormun/static/calendar.js?85251 HTTP/1.1" 200 26246
190.208.14.7 - - [18/Aug/2022:18:02:36 -0300] "GET /cormun/static/calendar-es.js?85251 HTTP/1.1" 200 1901
190.208.14.7 - - [18/Aug/2022:18:02:36 -0300] "GET /cormun/static/RunJS/RunJS.js HTTP/1.1" 200 288
190.208.14.7 - - [18/Aug/2022:18:02:36 -0300] "GET /cormun/static/gxui/gxui-all.js HTTP/1.1" 200 107772
190.208.14.7 - - [18/Aug/2022:18:02:36 -0300] "GET /cormun/static/PXToolsJavascripts/pexe_autoreload.js HTTP/1.1" 200 1762
190.208.14.7 - - [18/Aug/2022:18:02:36 -0300] "GET /cormun/static/PXToolsJavascripts/pexe_cookies.js HTTP/1.1" 200 792
190.208.14.7 - - [18/Aug/2022:18:02:37 -0300] "GET /cormun/static/PXToolsJavascripts/pexe_windows.js HTTP/1.1" 200 15207
190.208.14.7 - - [18/Aug/2022:18:02:37 -0300] "GET /cormun/static/PXToolsJavascripts/pexe_grid.js HTTP/1.1" 200 7559
190.208.14.7 - - [18/Aug/2022:18:02:37 -0300] "GET /cormun/static/Shared/ext/ext-all.js HTTP/1.1" 200 1289687
190.208.14.7 - - [18/Aug/2022:18:02:37 -0300] "GET /cormun/static/PXToolsJavascripts/pexe_menudivfix.js HTTP/1.1" 200 333
190.208.14.7 - - [18/Aug/2022:18:02:37 -0300] "GET /cormun/static/PXToolsJavascripts/pexe_link.js HTTP/1.1" 200 5671
190.208.14.7 - - [18/Aug/2022:18:02:37 -0300] "GET /cormun/static/PXToolsJavascripts/pexe_layers.js HTTP/1.1" 200 4114
190.208.14.7 - - [18/Aug/2022:18:02:37 -0300] "GET /cormun/static/PXToolsJavascripts/pexe_menus.js HTTP/1.1" 200 1286
190.208.14.7 - - [18/Aug/2022:18:02:37 -0300] "GET /cormun/static/PXToolsJavascripts/pexe_oav.js HTTP/1.1" 200 645
190.208.14.7 - - [18/Aug/2022:18:02:38 -0300] "GET /cormun/static/PXToolsJavascripts/pexe_picture.js HTTP/1.1" 200 689
190.208.14.7 - - [18/Aug/2022:18:02:38 -0300] "GET /cormun/static/PXToolsJavascripts/pexe_tabdivfix.js HTTP/1.1" 200 876
190.208.14.7 - - [18/Aug/2022:18:02:38 -0300] "GET /cormun/static/PXToolsJavascripts/pexe_tabs.js HTTP/1.1" 200 3748
190.208.14.7 - - [18/Aug/2022:18:02:38 -0300] "GET /cormun/static/PXToolsJavascripts/PXToolsJavascriptsRender.js HTTP/1.1" 200 367
190.208.14.7 - - [18/Aug/2022:18:02:39 -0300] "GET /cormun/static/PXToolsJavascripts/pexe_scrolldiv.js HTTP/1.1" 200 4138
190.208.14.7 - - [18/Aug/2022:18:02:39 -0300] "GET /cormun/static/Shared/ext/locale/ext-lang-en.js HTTP/1.1" 200 10940
190.208.14.7 - - [18/Aug/2022:18:02:40 -0300] "GET /cormun/static/gxdec.js?85251 HTTP/1.1" 200 19579
190.208.14.7 - - [18/Aug/2022:18:02:41 -0300] "GET /cormun/static/trpermisosgoce.js?2020121633681 HTTP/1.1" 200 35904
139.87.71.160 - - [18/Aug/2022:18:02:41 -0300] "GET /manager/html HTTP/1.1" 401 2474
190.208.14.7 - - [18/Aug/2022:18:02:42 -0300] "GET /cormun/static/hwchdr01.js?20201214473739 HTTP/1.1" 200 996
190.208.14.7 - - [18/Aug/2022:18:02:43 -0300] "GET /cormun/static/hpexe_recentlink.js?20201214471090 HTTP/1.1" 200 2144
190.208.14.7 - - [18/Aug/2022:18:02:44 -0300] "GET /cormun/static/hpexe_scripts.js?20201214471411 HTTP/1.1" 200 1544
190.208.14.7 - - [18/Aug/2022:18:02:45 -0300] "GET /cormun/static/hpexe_messagecontroller.js?201991422154126 HTTP/1.1" 200 870
190.208.14.7 - - [18/Aug/2022:18:02:45 -0300] "GET /cormun/static/hpexe_messagepopupcomponent.js?2020121447232 HTTP/1.1" 200 605
190.208.14.7 - - [18/Aug/2022:18:02:46 -0300] "GET /cormun/static/hpexe_messagegenexuscomponent.js?2020121447173 HTTP/1.1" 200 587
190.208.14.7 - - [18/Aug/2022:18:02:47 -0300] "GET /cormun/static/cmcontrolpreferences.js?20199141926336 HTTP/1.1" 200 1375
190.208.14.7 - - [18/Aug/2022:18:02:48 -0300] "GET /cormun/static/Shared/jquery/jquery-1.4.2.min.js HTTP/1.1" 200 72174
190.208.14.7 - - [18/Aug/2022:18:02:49 -0300] "GET /cormun/static/Shared/jquery/jquery-1.10.2.min.js HTTP/1.1" 200 273199
190.208.14.7 - - [18/Aug/2022:18:02:50 -0300] "GET /cormun/static/SmoothNavMenu/resources/ddsmoothmenu.js HTTP/1.1" 200 12712
190.208.14.7 - - [18/Aug/2022:18:02:51 -0300] "GET /cormun/static/SmoothNavMenu/resources/SmoothNavMenuRender.js HTTP/1.1" 200 5951
190.208.14.7 - - [18/Aug/2022:18:02:52 -0300] "GET /cormun/static/scaMessage/js/jquery.pnotify.min.js HTTP/1.1" 200 13038
190.208.14.7 - - [18/Aug/2022:18:02:53 -0300] "GET /cormun/static/hmpwkw03.js?20201215501896 HTTP/1.1" 200 3973
190.208.14.7 - - [18/Aug/2022:18:02:54 -0300] "GET /cormun/static/Resources/Logo2019_Small.png HTTP/1.1" 200 10855
190.208.14.7 - - [18/Aug/2022:18:02:54 -0300] "GET /cormun/static/Resources/ImgHome.png HTTP/1.1" 200 1364
190.208.14.7 - - [18/Aug/2022:18:02:55 -0300] "GET /cormun/static/Resources/Llave.png HTTP/1.1" 200 1395
190.208.14.7 - - [18/Aug/2022:18:02:56 -0300] "GET /cormun/static/Resources/PXTools/calendar.png HTTP/1.1" 200 1306
190.208.14.7 - - [18/Aug/2022:18:02:57 -0300] "GET /cormun/static/Resources/PXToolsDataSearch.png HTTP/1.1" 200 435
190.208.14.7 - - [18/Aug/2022:18:02:58 -0300] "GET /cormun/static/Resources/PXToolsGridFirstDisabled.gif HTTP/1.1" 200 100
190.208.14.7 - - [18/Aug/2022:18:02:58 -0300] "GET /cormun/static/Resources/PXToolsGridPreviousDisabled.gif HTTP/1.1" 200 90
190.208.14.7 - - [18/Aug/2022:18:02:59 -0300] "GET /cormun/static/Resources/PXToolsGridLastDisabled.gif HTTP/1.1" 200 98
190.208.14.7 - - [18/Aug/2022:18:03:00 -0300] "GET /cormun/static/Resources/PXToolsGridPage.gif HTTP/1.1" 200 725
190.208.14.7 - - [18/Aug/2022:18:03:01 -0300] "GET /cormun/static/Resources/PXToolsActionExcel.png HTTP/1.1" 200 727
139.87.71.160 - - [18/Aug/2022:18:03:51 -0300] "GET /manager/html HTTP/1.1" 401 2474
190.208.14.7 - - [18/Aug/2022:18:04:02 -0300] "GET /cormun/static/PXToolsJavascripts/pexe_upload.js HTTP/1.1" 200 1423
190.208.14.7 - - [18/Aug/2022:18:04:03 -0300] "GET /cormun/static/Resources/PXToolsDataTitle.png HTTP/1.1" 200 1173
190.208.14.7 - - [18/Aug/2022:18:04:03 -0300] "GET /cormun/static/Resources/PXToolsGridFirstDisabled.gif HTTP/1.1" 304 -
190.208.14.7 - - [18/Aug/2022:18:04:03 -0300] "GET /cormun/static/Resources/PXToolsGridPreviousDisabled.gif HTTP/1.1" 304 -
190.208.14.7 - - [18/Aug/2022:18:04:03 -0300] "GET /cormun/static/Resources/PXToolsGridLastDisabled.gif HTTP/1.1" 304 -
190.208.14.7 - - [18/Aug/2022:18:04:03 -0300] "GET /cormun/static/Resources/PXToolsActionExcel.png HTTP/1.1" 304 -
190.208.14.7 - - [18/Aug/2022:18:04:03 -0300] "GET /cormun/static/Resources/PXToolsGridPage.gif HTTP/1.1" 304 -
190.208.14.7 - - [18/Aug/2022:18:04:03 -0300] "GET /cormun/static/Resources/desc.gif HTTP/1.1" 200 65
190.208.14.7 - - [18/Aug/2022:18:04:03 -0300] "GET /cormun/static/Resources/indicator.gif HTTP/1.1" 200 1553
190.208.14.7 - - [18/Aug/2022:18:04:03 -0300] "GET /cormun/static/Resources/asc.gif HTTP/1.1" 200 67
190.208.14.7 - - [18/Aug/2022:18:04:04 -0300] "GET /cormun/servlet/hlogin HTTP/1.1" 200 1741
190.208.14.7 - - [18/Aug/2022:18:04:04 -0300] "GET /cormun/static/gxcfg.js?201910216285969 HTTP/1.1" 200 953
190.208.14.7 - - [18/Aug/2022:18:04:05 -0300] "GET /cormun/static/Resources/Spanish/PXTools.css?2294816 HTTP/1.1" 200 100853
190.208.14.7 - - [18/Aug/2022:18:04:05 -0300] "GET /cormun/static/messages.spa.js?85251 HTTP/1.1" 200 30736
190.208.14.7 - - [18/Aug/2022:18:04:06 -0300] "GET /cormun/static/hlogin.js?201910216285995 HTTP/1.1" 200 2136
190.208.14.7 - - [18/Aug/2022:18:04:06 -0300] "GET /cormun/static/Resources/Logo2019_Grande.png HTTP/1.1" 200 31733
190.208.14.7 - - [18/Aug/2022:18:04:07 -0300] "GET /cormun/static/Resources/PXToolsButtonLeft.png HTTP/1.1" 200 1310
190.208.14.7 - - [18/Aug/2022:18:04:07 -0300] "GET /cormun/static/Resources/PXToolsLoginBottom.png HTTP/1.1" 200 1389
190.208.14.7 - - [18/Aug/2022:18:04:07 -0300] "GET /cormun/static/Resources/PXToolsLoginBackground.png HTTP/1.1" 200 1164
190.208.14.7 - - [18/Aug/2022:18:04:07 -0300] "GET /cormun/static/Resources/PXToolsButtonRight.png HTTP/1.1" 200 1294
139.87.71.160 - - [18/Aug/2022:18:04:28 -0300] "GET /manager/html HTTP/1.1" 401 2474
139.87.71.160 - - [18/Aug/2022:18:05:40 -0300] "GET /manager/html HTTP/1.1" 401 2474
139.87.71.160 - - [18/Aug/2022:18:06:19 -0300] "GET /manager/html HTTP/1.1" 401 2474
181.161.3.185 - - [18/Aug/2022:18:06:54 -0300] "GET /favicon.ico HTTP/1.1" 200 21630
181.161.3.185 - - [18/Aug/2022:18:07:02 -0300] "GET /cormun/servlet/trpermisosgoce? HTTP/1.1" 200 6030
181.161.3.185 - - [18/Aug/2022:18:07:02 -0300] "GET /cormun/static/Shared/ext/resources/css/ext-all.css?215870 HTTP/1.1" 200 416045
181.161.3.185 - - [18/Aug/2022:18:07:02 -0300] "GET /cormun/servlet/hlogin HTTP/1.1" 200 1747
181.161.3.185 - - [18/Aug/2022:18:07:03 -0300] "GET /cormun/servlet/trpermisosgoce? HTTP/1.1" 200 6029
181.161.3.185 - - [18/Aug/2022:18:07:06 -0300] "POST /cormun/servlet/hlogin?e1b4e3925c956cf7745772a8264b9a7f,gx-no-cache=1660855978604 HTTP/1.1" 200 90
181.161.3.185 - - [18/Aug/2022:18:07:06 -0300] "GET /cormun/servlet/hpexe_link HTTP/1.1" 200 959
181.161.3.185 - - [18/Aug/2022:18:07:06 -0300] "GET /cormun/servlet/trpermisosgoce HTTP/1.1" 200 8918
181.161.3.185 - - [18/Aug/2022:18:07:07 -0300] "GET /cormun/servlet/trpermisosgoce HTTP/1.1" 200 8917
190.171.143.106 - - [18/Aug/2022:18:07:22 -0300] "GET /cormun/servlet/hlogin HTTP/1.1" 200 1728
181.212.43.89 - - [18/Aug/2022:18:07:22 -0300] "GET /cormun/servlet/permisogoce?4465a9c958a59ffe7d68bdb5eeba6e0bcec08e14ebfa087369b7fdf434b838d7537c152371f44f40acd382a47b7aef50c759ac3e32612784245853535eeb88407c2c772ba7b39959de4bd092298b1cf0b89e2ed9669fc30141eba6eb9fb1a403d68dd286527c8c0de051beed8a9eb8a2c759ac3e32612784245853535eeb88407c2c772ba7b39959de4bd092298b1cf0b89e2ed9669fc30141eba6eb9fb1a403dc9ff6884dd66f8e7f6af17f02c9a45672720ecc461e1c0d8fde82e34911a57c,gx-no-cache=1660855995176 HTTP/1.1" 200 84
190.171.143.106 - - [18/Aug/2022:18:07:24 -0300] "POST /cormun/servlet/hlogin?f92f39cf71dec4f404b49fc9dcf6fe7e,gx-no-cache=1660855998430 HTTP/1.1" 200 90
190.171.143.106 - - [18/Aug/2022:18:07:24 -0300] "GET /cormun/servlet/hpexe_link HTTP/1.1" 200 960
190.171.143.106 - - [18/Aug/2022:18:07:24 -0300] "GET /cormun/servlet/trpermisosgoce? HTTP/1.1" 200 6901
190.171.143.106 - - [18/Aug/2022:18:07:25 -0300] "GET /cormun/servlet/trpermisosgoce? HTTP/1.1" 200 6900
190.171.143.106 - - [18/Aug/2022:18:07:35 -0300] "GET /cormun/servlet/trpermisosgoce? HTTP/1.1" 200 6900
190.171.143.106 - - [18/Aug/2022:18:07:35 -0300] "GET /cormun/servlet/trpermisosgoce? HTTP/1.1" 200 6900
139.87.71.160 - - [18/Aug/2022:18:07:39 -0300] "GET /manager/html HTTP/1.1" 401 2474
181.212.43.89 - - [18/Aug/2022:18:07:42 -0300] "GET /cormun/static/menuarrow.gif HTTP/1.1" 404 1015
181.212.43.89 - - [18/Aug/2022:18:07:46 -0300] "GET /cormun/servlet/permisogoce?4465a9c958a59ffe7d68bdb5eeba6e0b3b80db9458d5abbb1ab3229d32e53d6f7251c149400914a047fe655ed80e73a18f441420e2c155df00eb671ecde7be7e,gx-no-cache=1660856019182 HTTP/1.1" 200 47
181.212.43.89 - - [18/Aug/2022:18:07:50 -0300] "POST /cormun/servlet/permisogoce?4d6fbabfd092c74098315641fc89c7af,INS,0,,,,gx-no-cache=1660856022422 HTTP/1.1" 200 93
181.212.43.89 - - [18/Aug/2022:18:07:50 -0300] "GET /cormun/servlet/hpexe_return? HTTP/1.1" 200 1040
181.212.43.89 - - [18/Aug/2022:18:07:50 -0300] "GET /cormun/servlet/trpermisosgoce?gx-no-cache=1660853703254 HTTP/1.1" 200 11209
181.212.43.89 - - [18/Aug/2022:18:07:50 -0300] "GET /cormun/servlet/trpermisosgoce?gx-no-cache=1660853703254 HTTP/1.1" 200 11225
181.212.43.89 - - [18/Aug/2022:18:07:52 -0300] "GET /cormun/servlet/apermisogoceprn?17107771,P,20220818161232,PU HTTP/1.1" 200 1672
181.212.43.89 - - [18/Aug/2022:18:07:58 -0300] "GET /cormun/servlet/trpermisosadjuntos?17107771,20220818161232,P, HTTP/1.1" 200 6359
181.212.43.89 - - [18/Aug/2022:18:07:58 -0300] "GET /cormun/servlet/trpermisosadjuntos?17107771,20220818161232,P, HTTP/1.1" 200 6338
181.212.43.89 - - [18/Aug/2022:18:08:00 -0300] "GET /cormun/servlet/permisosadjuntos?INS,17107771,P,20220818161232,, HTTP/1.1" 200 5657
181.212.43.89 - - [18/Aug/2022:18:08:00 -0300] "GET /cormun/static/about:blank HTTP/1.1" 404 1011
181.212.43.89 - - [18/Aug/2022:18:08:00 -0300] "GET /cormun/servlet/permisosadjuntos?INS,17107771,P,20220818161232,, HTTP/1.1" 200 5647
139.87.71.160 - - [18/Aug/2022:18:08:15 -0300] "GET /manager/html HTTP/1.1" 401 2474
181.212.43.89 - - [18/Aug/2022:18:08:37 -0300] "POST /cormun/servlet/permisosadjuntos?4d6fbabfd092c74098315641fc89c7af,INS,17107771,P,20220818161232,, HTTP/1.1" 200 116
181.212.43.89 - - [18/Aug/2022:18:08:37 -0300] "GET /cormun/servlet/hpexe_return? HTTP/1.1" 200 1047
181.212.43.89 - - [18/Aug/2022:18:08:37 -0300] "GET /cormun/servlet/trpermisosadjuntos?17107771,20220818161232,P, HTTP/1.1" 200 6813
181.212.43.89 - - [18/Aug/2022:18:08:37 -0300] "GET /cormun/servlet/trpermisosadjuntos?17107771,20220818161232,P, HTTP/1.1" 200 6811
181.212.43.89 - - [18/Aug/2022:18:08:39 -0300] "POST /cormun/servlet/trpermisosadjuntos?4d6fbabfd092c74098315641fc89c7af,17107771,20220818161232,P,,gx-no-cache=1660856071861 HTTP/1.1" 200 90
181.212.43.89 - - [18/Aug/2022:18:08:39 -0300] "GET /cormun/servlet/hpexe_link HTTP/1.1" 200 1014
181.212.43.89 - - [18/Aug/2022:18:08:39 -0300] "GET /cormun/servlet/trpermisosgoce?gx-no-cache=1660853703254 HTTP/1.1" 200 11206
181.212.43.89 - - [18/Aug/2022:18:08:39 -0300] "GET /cormun/servlet/trpermisosgoce?gx-no-cache=1660853703254 HTTP/1.1" 200 11212
181.212.43.89 - - [18/Aug/2022:18:08:42 -0300] "POST /cormun/servlet/trpermisosgoce?4d6fbabfd092c74098315641fc89c7af,gx-no-cache=1660853703254,gx-no-cache=1660856074962 HTTP/1.1" 200 8450
181.212.43.89 - - [18/Aug/2022:18:08:42 -0300] "GET /cormun/static/Shared/jqueryui/images/ui-icons_82798d_256x240.png HTTP/1.1" 404 1089
181.212.43.89 - - [18/Aug/2022:18:08:42 -0300] "GET /cormun/static/Shared/jqueryui/images/ui-bg_highlight-soft_100_c6c2c8_1x100.png HTTP/1.1" 404 1117
181.212.43.89 - - [18/Aug/2022:18:08:42 -0300] "GET /cormun/static/Shared/jqueryui/images/ui-bg_flat_55_fafafa_40x100.png HTTP/1.1" 404 1097
181.212.43.89 - - [18/Aug/2022:18:08:42 -0300] "GET /cormun/static/Shared/jqueryui/images/ui-icons_8d78a5_256x240.png HTTP/1.1" 404 1089
139.87.71.160 - - [18/Aug/2022:18:08:51 -0300] "GET /manager/html HTTP/1.1" 401 2474
181.212.43.89 - - [18/Aug/2022:18:09:04 -0300] "GET /cormun/servlet/permisogoce?INS,0,,, HTTP/1.1" 200 6898
181.212.43.89 - - [18/Aug/2022:18:09:05 -0300] "GET /cormun/servlet/permisogoce?INS,0,,, HTTP/1.1" 200 6876
181.212.43.89 - - [18/Aug/2022:18:09:12 -0300] "GET /cormun/servlet/permisogoce?4465a9c958a59ffe7d68bdb5eeba6e0b9d11ed7aad0b2a76b076fd6f85d1f6c069de16ffb5ef702210f71dccbfa7d4d69aa07d4d6e69ce1d785d010378665a81,gx-no-cache=1660856104988 HTTP/1.1" 200 226
181.212.43.89 - - [18/Aug/2022:18:09:12 -0300] "GET /cormun/static/Shared/jqueryui/images/ui-icons_82798d_256x240.png HTTP/1.1" 404 1089
181.212.43.89 - - [18/Aug/2022:18:09:12 -0300] "GET /cormun/static/Shared/jqueryui/images/ui-bg_highlight-soft_100_c6c2c8_1x100.png HTTP/1.1" 404 1117
181.212.43.89 - - [18/Aug/2022:18:09:12 -0300] "GET /cormun/static/Shared/jqueryui/images/ui-bg_flat_55_994d53_40x100.png HTTP/1.1" 404 1097
181.212.43.89 - - [18/Aug/2022:18:09:12 -0300] "GET /cormun/static/Shared/jqueryui/images/ui-icons_ebccce_256x240.png HTTP/1.1" 404 1089
181.212.43.89 - - [18/Aug/2022:18:09:19 -0300] "GET /cormun/servlet/permisogoce?4465a9c958a59ffe7d68bdb5eeba6e0bcec08e14ebfa087369b7fdf434b838d769de16ffb5ef702210f71dccbfa7d4d69aa07d4d6e69ce1d785d010378665a81,gx-no-cache=1660856112211 HTTP/1.1" 200 84
181.212.43.89 - - [18/Aug/2022:18:09:24 -0300] "GET /cormun/static/menuarrow.gif HTTP/1.1" 404 1015
181.212.43.89 - - [18/Aug/2022:18:09:30 -0300] "GET /cormun/servlet/permisogoce?4465a9c958a59ffe7d68bdb5eeba6e0b3b80db9458d5abbb1ab3229d32e53d6f0db6c12a556ea200f270b12ac4fe56dc8f441420e2c155df00eb671ecde7be7e,gx-no-cache=1660856122957 HTTP/1.1" 200 48
181.212.43.89 - - [18/Aug/2022:18:09:33 -0300] "POST /cormun/servlet/permisogoce?4d6fbabfd092c74098315641fc89c7af,INS,0,,,,gx-no-cache=1660856125529 HTTP/1.1" 200 93
181.212.43.89 - - [18/Aug/2022:18:09:33 -0300] "GET /cormun/servlet/hpexe_return? HTTP/1.1" 200 1040
181.212.43.89 - - [18/Aug/2022:18:09:33 -0300] "GET /cormun/servlet/trpermisosgoce?gx-no-cache=1660853703254 HTTP/1.1" 200 11364
181.212.43.89 - - [18/Aug/2022:18:09:33 -0300] "GET /cormun/servlet/trpermisosgoce?gx-no-cache=1660853703254 HTTP/1.1" 200 11380
181.212.43.89 - - [18/Aug/2022:18:09:36 -0300] "GET /cormun/servlet/apermisogoceprn?17107771,P,20220818165201,PU HTTP/1.1" 200 1669
181.212.43.89 - - [18/Aug/2022:18:09:43 -0300] "GET /cormun/servlet/trpermisosadjuntos?17107771,20220818165201,P, HTTP/1.1" 200 6358
181.212.43.89 - - [18/Aug/2022:18:09:43 -0300] "GET /cormun/servlet/trpermisosadjuntos?17107771,20220818165201,P, HTTP/1.1" 200 6338
181.212.43.89 - - [18/Aug/2022:18:09:45 -0300] "GET /cormun/servlet/permisosadjuntos?INS,17107771,P,20220818165201,, HTTP/1.1" 200 5654
181.212.43.89 - - [18/Aug/2022:18:09:45 -0300] "GET /cormun/static/about:blank HTTP/1.1" 404 1011
181.212.43.89 - - [18/Aug/2022:18:09:45 -0300] "GET /cormun/servlet/permisosadjuntos?INS,17107771,P,20220818165201,, HTTP/1.1" 200 5644
181.212.43.89 - - [18/Aug/2022:18:10:02 -0300] "POST /cormun/servlet/permisosadjuntos?4d6fbabfd092c74098315641fc89c7af,INS,17107771,P,20220818165201,, HTTP/1.1" 200 116
181.212.43.89 - - [18/Aug/2022:18:10:03 -0300] "GET /cormun/servlet/hpexe_return? HTTP/1.1" 200 1046
181.212.43.89 - - [18/Aug/2022:18:10:03 -0300] "GET /cormun/servlet/trpermisosadjuntos?17107771,20220818165201,P, HTTP/1.1" 200 6819
181.212.43.89 - - [18/Aug/2022:18:10:03 -0300] "GET /cormun/servlet/trpermisosadjuntos?17107771,20220818165201,P, HTTP/1.1" 200 6814
139.87.71.160 - - [18/Aug/2022:18:10:05 -0300] "GET /manager/html HTTP/1.1" 401 2474
181.212.43.89 - - [18/Aug/2022:18:10:05 -0300] "POST /cormun/servlet/trpermisosadjuntos?4d6fbabfd092c74098315641fc89c7af,17107771,20220818165201,P,,gx-no-cache=1660856157683 HTTP/1.1" 200 90
181.212.43.89 - - [18/Aug/2022:18:10:05 -0300] "GET /cormun/servlet/hpexe_link HTTP/1.1" 200 1014
181.212.43.89 - - [18/Aug/2022:18:10:05 -0300] "GET /cormun/servlet/trpermisosgoce?gx-no-cache=1660853703254 HTTP/1.1" 200 11361
181.212.43.89 - - [18/Aug/2022:18:10:05 -0300] "GET /cormun/servlet/trpermisosgoce?gx-no-cache=1660853703254 HTTP/1.1" 200 11380
181.212.43.89 - - [18/Aug/2022:18:10:08 -0300] "POST /cormun/servlet/trpermisosgoce?4d6fbabfd092c74098315641fc89c7af,gx-no-cache=1660853703254,gx-no-cache=1660856160831 HTTP/1.1" 200 8606
181.212.43.89 - - [18/Aug/2022:18:10:08 -0300] "GET /cormun/static/Shared/jqueryui/images/ui-bg_highlight-soft_100_c6c2c8_1x100.png HTTP/1.1" 404 1117
181.212.43.89 - - [18/Aug/2022:18:10:08 -0300] "GET /cormun/static/Shared/jqueryui/images/ui-bg_flat_55_fafafa_40x100.png HTTP/1.1" 404 1097
181.212.43.89 - - [18/Aug/2022:18:10:08 -0300] "GET /cormun/static/Shared/jqueryui/images/ui-icons_8d78a5_256x240.png HTTP/1.1" 404 1089
181.212.43.89 - - [18/Aug/2022:18:10:08 -0300] "GET /cormun/static/Shared/jqueryui/images/ui-icons_82798d_256x240.png HTTP/1.1" 404 1089
190.171.143.106 - - [18/Aug/2022:18:10:13 -0300] "GET /cormun/servlet/hlogin HTTP/1.1" 200 1729
190.171.143.106 - - [18/Aug/2022:18:10:16 -0300] "POST /cormun/servlet/hlogin?a98656e13cfa7aba381be347066e2f5a,gx-no-cache=1660856170569 HTTP/1.1" 200 90
190.171.143.106 - - [18/Aug/2022:18:10:16 -0300] "GET /cormun/servlet/hpexe_link HTTP/1.1" 200 958
190.171.143.106 - - [18/Aug/2022:18:10:17 -0300] "GET /cormun/servlet/hhome HTTP/1.1" 200 3978
190.171.143.106 - - [18/Aug/2022:18:10:17 -0300] "GET /cormun/servlet/hhome HTTP/1.1" 200 3974
181.212.43.89 - - [18/Aug/2022:18:10:21 -0300] "GET /cormun/servlet/permisogoce?INS,0,,, HTTP/1.1" 200 6898
181.212.43.89 - - [18/Aug/2022:18:10:21 -0300] "GET /cormun/servlet/permisogoce?INS,0,,, HTTP/1.1" 200 6877
181.212.43.89 - - [18/Aug/2022:18:10:25 -0300] "GET /cormun/servlet/permisogoce?4465a9c958a59ffe7d68bdb5eeba6e0bed156311dee10e52a03933abfc7005d85731ad4bb5610926a459bc7ab7c5b6839864e043570ce34599532e66031f5bd3,gx-no-cache=1660856177871 HTTP/1.1" 200 84
181.212.43.89 - - [18/Aug/2022:18:10:29 -0300] "GET /cormun/static/menuarrow.gif HTTP/1.1" 404 1015
190.171.143.106 - - [18/Aug/2022:18:10:30 -0300] "GET /cormun/servlet/trpermisosgoce? HTTP/1.1" 200 9049
190.171.143.106 - - [18/Aug/2022:18:10:30 -0300] "GET /cormun/servlet/trpermisosgoce? HTTP/1.1" 200 9047
190.171.143.106 - - [18/Aug/2022:18:10:32 -0300] "GET /cormun/servlet/permisogoce?INS,0,,, HTTP/1.1" 200 6845
190.171.143.106 - - [18/Aug/2022:18:10:32 -0300] "GET /cormun/servlet/permisogoce?INS,0,,, HTTP/1.1" 200 6845
181.212.43.89 - - [18/Aug/2022:18:10:39 -0300] "GET /cormun/servlet/permisogoce?4465a9c958a59ffe7d68bdb5eeba6e0bd2fa97a253b707a27463a6c6f36256d6da3740be220d5664176599e6d15c2e3857edc1bcd4c0c6124a4b2c59d8178c4f,gx-no-cache=1660856191849 HTTP/1.1" 200 47
181.212.43.89 - - [18/Aug/2022:18:10:42 -0300] "POST /cormun/servlet/permisogoce?4d6fbabfd092c74098315641fc89c7af,INS,0,,,,gx-no-cache=1660856194750 HTTP/1.1" 200 93
181.212.43.89 - - [18/Aug/2022:18:10:42 -0300] "GET /cormun/servlet/hpexe_return? HTTP/1.1" 200 1040
181.212.43.89 - - [18/Aug/2022:18:10:42 -0300] "GET /cormun/servlet/trpermisosgoce?gx-no-cache=1660853703254 HTTP/1.1" 200 11658
181.212.43.89 - - [18/Aug/2022:18:10:43 -0300] "GET /cormun/servlet/trpermisosgoce?gx-no-cache=1660853703254 HTTP/1.1" 200 11674
181.212.43.89 - - [18/Aug/2022:18:10:47 -0300] "GET /cormun/servlet/apermisogoceprn?7727562,P,20220818165317,PU HTTP/1.1" 200 1676
190.171.143.106 - - [18/Aug/2022:18:10:47 -0300] "GET /cormun/servlet/prfichaempleado?,MD,,gxPopupLevel%3D0%3B HTTP/1.1" 200 9277
139.87.71.160 - - [18/Aug/2022:18:10:49 -0300] "GET /manager/html HTTP/1.1" 401 2474
181.212.43.89 - - [18/Aug/2022:18:10:55 -0300] "GET /cormun/servlet/trpermisosadjuntos?7727562,20220818165317,P, HTTP/1.1" 200 6359
181.212.43.89 - - [18/Aug/2022:18:10:55 -0300] "GET /cormun/servlet/trpermisosadjuntos?7727562,20220818165317,P, HTTP/1.1" 200 6339
181.212.43.89 - - [18/Aug/2022:18:10:58 -0300] "GET /cormun/servlet/permisosadjuntos?INS,7727562,P,20220818165317,, HTTP/1.1" 200 5655
181.212.43.89 - - [18/Aug/2022:18:10:58 -0300] "GET /cormun/static/about:blank HTTP/1.1" 404 1011
181.212.43.89 - - [18/Aug/2022:18:10:58 -0300] "GET /cormun/servlet/permisosadjuntos?INS,7727562,P,20220818165317,, HTTP/1.1" 200 5645
190.171.143.106 - - [18/Aug/2022:18:10:59 -0300] "POST /cormun/servlet/prfichaempleado?a98656e13cfa7aba381be347066e2f5a,,MD,,gxPopupLevel%3D0%3B,gx-no-cache=1660856213499 HTTP/1.1" 200 3178
186.172.246.201 - - [18/Aug/2022:18:11:24 -0300] "GET /cormun/servlet/trpermisosgoce HTTP/1.1" 200 6043
186.172.246.201 - - [18/Aug/2022:18:11:26 -0300] "GET /cormun/servlet/hlogin HTTP/1.1" 200 1746
186.172.246.201 - - [18/Aug/2022:18:11:26 -0300] "GET /cormun/servlet/trpermisosgoce HTTP/1.1" 200 6031
181.212.43.89 - - [18/Aug/2022:18:11:29 -0300] "POST /cormun/servlet/permisosadjuntos?4d6fbabfd092c74098315641fc89c7af,INS,7727562,P,20220818165317,, HTTP/1.1" 200 116
181.212.43.89 - - [18/Aug/2022:18:11:29 -0300] "GET /cormun/servlet/hpexe_return? HTTP/1.1" 200 1046
181.212.43.89 - - [18/Aug/2022:18:11:30 -0300] "GET /cormun/servlet/trpermisosadjuntos?7727562,20220818165317,P, HTTP/1.1" 200 6811
181.212.43.89 - - [18/Aug/2022:18:11:30 -0300] "GET /cormun/servlet/trpermisosadjuntos?7727562,20220818165317,P, HTTP/1.1" 200 6808
181.212.43.89 - - [18/Aug/2022:18:11:31 -0300] "POST /cormun/servlet/trpermisosadjuntos?4d6fbabfd092c74098315641fc89c7af,7727562,20220818165317,P,,gx-no-cache=1660856244356 HTTP/1.1" 200 90
181.212.43.89 - - [18/Aug/2022:18:11:31 -0300] "GET /cormun/servlet/hpexe_link HTTP/1.1" 200 1014
181.212.43.89 - - [18/Aug/2022:18:11:32 -0300] "GET /cormun/servlet/trpermisosgoce?gx-no-cache=1660853703254 HTTP/1.1" 200 11655
181.212.43.89 - - [18/Aug/2022:18:11:32 -0300] "GET /cormun/servlet/trpermisosgoce?gx-no-cache=1660853703254 HTTP/1.1" 200 11664
181.212.43.89 - - [18/Aug/2022:18:11:36 -0300] "POST /cormun/servlet/trpermisosgoce?4d6fbabfd092c74098315641fc89c7af,gx-no-cache=1660853703254,gx-no-cache=1660856249171 HTTP/1.1" 200 8833
181.212.43.89 - - [18/Aug/2022:18:11:36 -0300] "GET /cormun/static/Shared/jqueryui/images/ui-bg_highlight-soft_100_c6c2c8_1x100.png HTTP/1.1" 404 1117
181.212.43.89 - - [18/Aug/2022:18:11:36 -0300] "GET /cormun/static/Shared/jqueryui/images/ui-icons_82798d_256x240.png HTTP/1.1" 404 1089
181.212.43.89 - - [18/Aug/2022:18:11:36 -0300] "GET /cormun/static/Shared/jqueryui/images/ui-bg_flat_55_fafafa_40x100.png HTTP/1.1" 404 1097
181.212.43.89 - - [18/Aug/2022:18:11:36 -0300] "GET /cormun/static/Shared/jqueryui/images/ui-icons_8d78a5_256x240.png HTTP/1.1" 404 1089
186.172.246.201 - - [18/Aug/2022:18:11:40 -0300] "POST /cormun/servlet/hlogin?14e7d470a1654777fd4f292fd0af5c70,gx-no-cache=1660856252779 HTTP/1.1" 200 90
186.172.246.201 - - [18/Aug/2022:18:11:40 -0300] "GET /cormun/servlet/hpexe_link HTTP/1.1" 200 959
186.172.246.201 - - [18/Aug/2022:18:11:40 -0300] "GET /cormun/servlet/trpermisosgoce HTTP/1.1" 200 8919
186.172.246.201 - - [18/Aug/2022:18:11:42 -0300] "GET /cormun/servlet/trpermisosgoce HTTP/1.1" 200 8918
139.87.71.160 - - [18/Aug/2022:18:11:47 -0300] "GET /manager/html HTTP/1.1" 401 2474
181.212.43.89 - - [18/Aug/2022:18:11:49 -0300] "GET /cormun/servlet/permisogoce?INS,0,,, HTTP/1.1" 200 6898
181.212.43.89 - - [18/Aug/2022:18:11:49 -0300] "GET /cormun/servlet/permisogoce?INS,0,,, HTTP/1.1" 200 6877
186.172.246.201 - - [18/Aug/2022:18:11:51 -0300] "GET /cormun/servlet/trpermisosgoce? HTTP/1.1" 200 8918
186.172.246.201 - - [18/Aug/2022:18:11:52 -0300] "GET /cormun/servlet/trpermisosgoce? HTTP/1.1" 200 8918
186.172.246.201 - - [18/Aug/2022:18:11:53 -0300] "GET /cormun/servlet/permisogoce?INS,0,,, HTTP/1.1" 200 6843
186.172.246.201 - - [18/Aug/2022:18:11:54 -0300] "GET /cormun/servlet/permisogoce?INS,0,,, HTTP/1.1" 200 6844
186.172.246.201 - - [18/Aug/2022:18:12:00 -0300] "GET /cormun/servlet/prfichaempleado?,MD,,gxPopupLevel%3D0%3B HTTP/1.1" 200 9277
181.212.43.89 - - [18/Aug/2022:18:12:01 -0300] "GET /cormun/servlet/permisogoce?4465a9c958a59ffe7d68bdb5eeba6e0bed156311dee10e52a03933abfc7005d85731ad4bb5610926a459bc7ab7c5b6839864e043570ce34599532e66031f5bd3,gx-no-cache=1660856274414 HTTP/1.1" 200 86
181.212.43.89 - - [18/Aug/2022:18:12:03 -0300] "GET /cormun/static/menuarrow.gif HTTP/1.1" 404 1015
181.212.43.89 - - [18/Aug/2022:18:12:12 -0300] "GET /cormun/servlet/permisogoce?4465a9c958a59ffe7d68bdb5eeba6e0bd2fa97a253b707a27463a6c6f36256d6816a902aa29c06b0b8e09fd1e23b38ba66a09fca81d58a628cc5ca1336612295,gx-no-cache=1660856284895 HTTP/1.1" 200 48
181.212.43.89 - - [18/Aug/2022:18:12:15 -0300] "POST /cormun/servlet/permisogoce?4d6fbabfd092c74098315641fc89c7af,INS,0,,,,gx-no-cache=1660856287514 HTTP/1.1" 200 93
181.212.43.89 - - [18/Aug/2022:18:12:15 -0300] "GET /cormun/servlet/hpexe_return? HTTP/1.1" 200 1040
181.212.43.89 - - [18/Aug/2022:18:12:15 -0300] "GET /cormun/servlet/trpermisosgoce?gx-no-cache=1660853703254 HTTP/1.1" 200 11874
186.172.246.201 - - [18/Aug/2022:18:12:15 -0300] "POST /cormun/servlet/prfichaempleado?14e7d470a1654777fd4f292fd0af5c70,,MD,,gxPopupLevel%3D0%3B,gx-no-cache=1660856288484 HTTP/1.1" 200 3174
181.212.43.89 - - [18/Aug/2022:18:12:15 -0300] "GET /cormun/servlet/trpermisosgoce?gx-no-cache=1660853703254 HTTP/1.1" 200 11876
181.212.43.89 - - [18/Aug/2022:18:12:18 -0300] "GET /cormun/servlet/apermisogoceprn?7727562,P,20220818165445,PU HTTP/1.1" 200 1671
181.212.43.89 - - [18/Aug/2022:18:12:26 -0300] "GET /cormun/servlet/trpermisosadjuntos?7727562,20220818165445,P, HTTP/1.1" 200 6359
181.212.43.89 - - [18/Aug/2022:18:12:27 -0300] "GET /cormun/servlet/trpermisosadjuntos?7727562,20220818165445,P, HTTP/1.1" 200 6339
181.212.43.89 - - [18/Aug/2022:18:12:29 -0300] "GET /cormun/servlet/permisosadjuntos?INS,7727562,P,20220818165445,, HTTP/1.1" 200 5658
181.212.43.89 - - [18/Aug/2022:18:12:29 -0300] "GET /cormun/static/about:blank HTTP/1.1" 404 1011
181.212.43.89 - - [18/Aug/2022:18:12:29 -0300] "GET /cormun/servlet/permisosadjuntos?INS,7727562,P,20220818165445,, HTTP/1.1" 200 5647
139.87.71.160 - - [18/Aug/2022:18:12:44 -0300] "GET /manager/html HTTP/1.1" 401 2474
190.171.143.106 - - [18/Aug/2022:18:12:47 -0300] "POST /cormun/servlet/prfichaempleado?a98656e13cfa7aba381be347066e2f5a,,MD,,gxPopupLevel%3D0%3B,gx-no-cache=1660856320697 HTTP/1.1" 200 3178
181.212.43.89 - - [18/Aug/2022:18:12:47 -0300] "POST /cormun/servlet/permisosadjuntos?4d6fbabfd092c74098315641fc89c7af,INS,7727562,P,20220818165445,, HTTP/1.1" 200 116
181.212.43.89 - - [18/Aug/2022:18:12:47 -0300] "GET /cormun/servlet/hpexe_return? HTTP/1.1" 200 1045
181.212.43.89 - - [18/Aug/2022:18:12:48 -0300] "GET /cormun/servlet/trpermisosadjuntos?7727562,20220818165445,P, HTTP/1.1" 200 6818
181.212.43.89 - - [18/Aug/2022:18:12:48 -0300] "GET /cormun/servlet/trpermisosadjuntos?7727562,20220818165445,P, HTTP/1.1" 200 6816
181.212.43.89 - - [18/Aug/2022:18:12:50 -0300] "POST /cormun/servlet/trpermisosadjuntos?4d6fbabfd092c74098315641fc89c7af,7727562,20220818165445,P,,gx-no-cache=1660856323316 HTTP/1.1" 200 90
181.212.43.89 - - [18/Aug/2022:18:12:50 -0300] "GET /cormun/servlet/hpexe_link HTTP/1.1" 200 1013
181.212.43.89 - - [18/Aug/2022:18:12:50 -0300] "GET /cormun/servlet/trpermisosgoce?gx-no-cache=1660853703254 HTTP/1.1" 200 11857
181.212.43.89 - - [18/Aug/2022:18:12:51 -0300] "GET /cormun/servlet/trpermisosgoce?gx-no-cache=1660853703254 HTTP/1.1" 200 11876
190.171.143.106 - - [18/Aug/2022:18:12:53 -0300] "POST /cormun/servlet/prfichaempleado?a98656e13cfa7aba381be347066e2f5a,,MD,,gxPopupLevel%3D0%3B,gx-no-cache=1660856326793 HTTP/1.1" 200 3183
181.212.43.89 - - [18/Aug/2022:18:12:53 -0300] "POST /cormun/servlet/trpermisosgoce?4d6fbabfd092c74098315641fc89c7af,gx-no-cache=1660853703254,gx-no-cache=1660856326081 HTTP/1.1" 200 9043
181.212.43.89 - - [18/Aug/2022:18:12:53 -0300] "GET /cormun/static/Shared/jqueryui/images/ui-icons_82798d_256x240.png HTTP/1.1" 404 1089
181.212.43.89 - - [18/Aug/2022:18:12:53 -0300] "GET /cormun/static/Shared/jqueryui/images/ui-bg_highlight-soft_100_c6c2c8_1x100.png HTTP/1.1" 404 1117
181.212.43.89 - - [18/Aug/2022:18:12:53 -0300] "GET /cormun/static/Shared/jqueryui/images/ui-icons_8d78a5_256x240.png HTTP/1.1" 404 1089
181.212.43.89 - - [18/Aug/2022:18:12:53 -0300] "GET /cormun/static/Shared/jqueryui/images/ui-bg_flat_55_fafafa_40x100.png HTTP/1.1" 404 1097
190.171.143.106 - - [18/Aug/2022:18:12:54 -0300] "POST /cormun/servlet/prfichaempleado?a98656e13cfa7aba381be347066e2f5a,,MD,,gxPopupLevel%3D0%3B,gx-no-cache=1660856328136 HTTP/1.1" 200 3183
190.171.143.106 - - [18/Aug/2022:18:12:55 -0300] "POST /cormun/servlet/prfichaempleado?a98656e13cfa7aba381be347066e2f5a,,MD,,gxPopupLevel%3D0%3B,gx-no-cache=1660856329168 HTTP/1.1" 200 3183
190.171.143.106 - - [18/Aug/2022:18:12:59 -0300] "GET /cormun/servlet/trpermisosgoce? HTTP/1.1" 200 9048
190.171.143.106 - - [18/Aug/2022:18:12:59 -0300] "GET /cormun/servlet/trpermisosgoce? HTTP/1.1" 200 9047
181.212.43.89 - - [18/Aug/2022:18:13:05 -0300] "GET /cormun/servlet/permisogoce?INS,0,,, HTTP/1.1" 200 6901
181.212.43.89 - - [18/Aug/2022:18:13:05 -0300] "GET /cormun/servlet/permisogoce?INS,0,,, HTTP/1.1" 200 6877
181.212.43.89 - - [18/Aug/2022:18:13:09 -0300] "GET /cormun/servlet/permisogoce?4465a9c958a59ffe7d68bdb5eeba6e0bed156311dee10e52a03933abfc7005d85731ad4bb5610926a459bc7ab7c5b6839864e043570ce34599532e66031f5bd3,gx-no-cache=1660856342566 HTTP/1.1" 200 88
181.212.43.89 - - [18/Aug/2022:18:13:13 -0300] "GET /cormun/static/menuarrow.gif HTTP/1.1" 404 1015
181.212.43.89 - - [18/Aug/2022:18:13:22 -0300] "GET /cormun/servlet/permisogoce?4465a9c958a59ffe7d68bdb5eeba6e0bd2fa97a253b707a27463a6c6f36256d68ce12e93144a2140d4ea251133f5be7a57edc1bcd4c0c6124a4b2c59d8178c4f,gx-no-cache=1660856354892 HTTP/1.1" 200 49
181.212.43.89 - - [18/Aug/2022:18:13:25 -0300] "POST /cormun/servlet/permisogoce?4d6fbabfd092c74098315641fc89c7af,INS,0,,,,gx-no-cache=1660856358299 HTTP/1.1" 200 93
181.212.43.89 - - [18/Aug/2022:18:13:26 -0300] "GET /cormun/servlet/hpexe_return? HTTP/1.1" 200 1040
181.212.43.89 - - [18/Aug/2022:18:13:26 -0300] "GET /cormun/servlet/trpermisosgoce?gx-no-cache=1660853703254 HTTP/1.1" 200 12090
181.212.43.89 - - [18/Aug/2022:18:13:26 -0300] "GET /cormun/servlet/trpermisosgoce?gx-no-cache=1660853703254 HTTP/1.1" 200 12091
181.212.43.89 - - [18/Aug/2022:18:13:28 -0300] "GET /cormun/servlet/apermisogoceprn?7727562,P,20220818165602,PU HTTP/1.1" 200 1671
181.212.43.89 - - [18/Aug/2022:18:13:35 -0300] "GET /cormun/servlet/trpermisosadjuntos?7727562,20220818165602,P, HTTP/1.1" 200 6359
181.212.43.89 - - [18/Aug/2022:18:13:35 -0300] "GET /cormun/servlet/trpermisosadjuntos?7727562,20220818165602,P, HTTP/1.1" 200 6339
181.212.43.89 - - [18/Aug/2022:18:13:36 -0300] "GET /cormun/servlet/permisosadjuntos?INS,7727562,P,20220818165602,, HTTP/1.1" 200 5655
181.212.43.89 - - [18/Aug/2022:18:13:37 -0300] "GET /cormun/static/about:blank HTTP/1.1" 404 1011
181.212.43.89 - - [18/Aug/2022:18:13:37 -0300] "GET /cormun/servlet/permisosadjuntos?INS,7727562,P,20220818165602,, HTTP/1.1" 200 5645
181.212.43.89 - - [18/Aug/2022:18:13:52 -0300] "POST /cormun/servlet/permisosadjuntos?4d6fbabfd092c74098315641fc89c7af,INS,7727562,P,20220818165602,, HTTP/1.1" 200 116
181.212.43.89 - - [18/Aug/2022:18:13:52 -0300] "GET /cormun/servlet/hpexe_return? HTTP/1.1" 200 1046
181.212.43.89 - - [18/Aug/2022:18:13:52 -0300] "GET /cormun/servlet/trpermisosadjuntos?7727562,20220818165602,P, HTTP/1.1" 200 6814
181.212.43.89 - - [18/Aug/2022:18:13:52 -0300] "GET /cormun/servlet/trpermisosadjuntos?7727562,20220818165602,P, HTTP/1.1" 200 6810
181.212.43.89 - - [18/Aug/2022:18:13:54 -0300] "POST /cormun/servlet/trpermisosadjuntos?4d6fbabfd092c74098315641fc89c7af,7727562,20220818165602,P,,gx-no-cache=1660856387018 HTTP/1.1" 200 90
181.212.43.89 - - [18/Aug/2022:18:13:54 -0300] "GET /cormun/servlet/hpexe_link HTTP/1.1" 200 1014
181.212.43.89 - - [18/Aug/2022:18:13:54 -0300] "GET /cormun/servlet/trpermisosgoce?gx-no-cache=1660853703254 HTTP/1.1" 200 12072
181.212.43.89 - - [18/Aug/2022:18:13:55 -0300] "GET /cormun/servlet/trpermisosgoce?gx-no-cache=1660853703254 HTTP/1.1" 200 12107
181.212.43.89 - - [18/Aug/2022:18:13:57 -0300] "POST /cormun/servlet/trpermisosgoce?4d6fbabfd092c74098315641fc89c7af,gx-no-cache=1660853703254,gx-no-cache=1660856390279 HTTP/1.1" 200 9248
181.212.43.89 - - [18/Aug/2022:18:13:57 -0300] "GET /cormun/static/Shared/jqueryui/images/ui-bg_highlight-soft_100_c6c2c8_1x100.png HTTP/1.1" 404 1117
181.212.43.89 - - [18/Aug/2022:18:13:57 -0300] "GET /cormun/static/Shared/jqueryui/images/ui-icons_82798d_256x240.png HTTP/1.1" 404 1089
181.212.43.89 - - [18/Aug/2022:18:13:57 -0300] "GET /cormun/static/Shared/jqueryui/images/ui-bg_flat_55_fafafa_40x100.png HTTP/1.1" 404 1097
181.212.43.89 - - [18/Aug/2022:18:13:57 -0300] "GET /cormun/static/Shared/jqueryui/images/ui-icons_8d78a5_256x240.png HTTP/1.1" 404 1089
139.87.71.160 - - [18/Aug/2022:18:14:29 -0300] "GET /manager/html HTTP/1.1" 401 2474
181.212.43.89 - - [18/Aug/2022:18:14:42 -0300] "GET /cormun/servlet/trlicencias? HTTP/1.1" 200 12881
181.212.43.89 - - [18/Aug/2022:18:14:42 -0300] "GET /cormun/servlet/trlicencias? HTTP/1.1" 200 12864
181.212.43.89 - - [18/Aug/2022:18:14:49 -0300] "GET /cormun/servlet/hhome HTTP/1.1" 200 4011
181.212.43.89 - - [18/Aug/2022:18:14:50 -0300] "GET /cormun/servlet/hhome HTTP/1.1" 200 4009
31.40.137.33 - - [18/Aug/2022:18:14:57 -0300] "GET / HTTP/1.1" 200 11217
139.87.71.160 - - [18/Aug/2022:18:15:15 -0300] "GET /manager/html HTTP/1.1" 401 2474
139.87.71.160 - - [18/Aug/2022:18:16:02 -0300] "GET /manager/html HTTP/1.1" 401 2474
190.171.143.106 - - [18/Aug/2022:18:16:02 -0300] "GET /cormun/servlet/permisogoce?INS,0,,, HTTP/1.1" 200 6845
190.171.143.106 - - [18/Aug/2022:18:16:03 -0300] "GET /cormun/servlet/permisogoce?INS,0,,, HTTP/1.1" 200 6845
191.114.239.53 - - [18/Aug/2022:18:16:05 -0300] "GET /cormun/servlet/hlogin HTTP/1.1" 200 1773
191.114.239.53 - - [18/Aug/2022:18:16:11 -0300] "POST /cormun/servlet/hlogin?948397564677cfed592785d08fe7c6a3,gx-no-cache=1660856524033 HTTP/1.1" 200 90
191.114.239.53 - - [18/Aug/2022:18:16:11 -0300] "GET /cormun/servlet/hpexe_link HTTP/1.1" 200 1004
191.114.239.53 - - [18/Aug/2022:18:16:11 -0300] "GET /cormun/static/hpexe_link.js?201991422392963 HTTP/1.1" 200 625
191.114.239.53 - - [18/Aug/2022:18:16:11 -0300] "GET /cormun/servlet/hhome HTTP/1.1" 200 4370
191.114.239.53 - - [18/Aug/2022:18:16:15 -0300] "GET /cormun/servlet/trlicencias? HTTP/1.1" 200 14130
190.171.143.106 - - [18/Aug/2022:18:16:30 -0300] "GET /cormun/servlet/permisogoce?53c93871008b9d6d9767608fa6e86dbb68fb220eb9e73c449ccf689a9fb6ec0463c96f2ba24b05c186e8ebb81e577c3b56436a274c24beef565dc28c2e69a4f9,gx-no-cache=1660856543953 HTTP/1.1" 200 226
190.171.143.106 - - [18/Aug/2022:18:16:30 -0300] "GET /cormun/static/Shared/jqueryui/images/ui-icons_82798d_256x240.png HTTP/1.1" 404 1089
190.171.143.106 - - [18/Aug/2022:18:16:30 -0300] "GET /cormun/static/Shared/jqueryui/images/ui-bg_flat_55_994d53_40x100.png HTTP/1.1" 404 1097
190.171.143.106 - - [18/Aug/2022:18:16:30 -0300] "GET /cormun/static/Shared/jqueryui/images/ui-icons_ebccce_256x240.png HTTP/1.1" 404 1089
190.171.143.106 - - [18/Aug/2022:18:16:30 -0300] "GET /cormun/static/Shared/jqueryui/images/ui-bg_highlight-soft_100_c6c2c8_1x100.png HTTP/1.1" 404 1117
190.171.143.106 - - [18/Aug/2022:18:16:34 -0300] "GET /cormun/servlet/prfichaempleado?,MD,,gxPopupLevel%3D0%3B HTTP/1.1" 200 9277
139.87.71.160 - - [18/Aug/2022:18:16:43 -0300] "GET /manager/html HTTP/1.1" 401 2474
190.171.143.106 - - [18/Aug/2022:18:16:44 -0300] "POST /cormun/servlet/prfichaempleado?a98656e13cfa7aba381be347066e2f5a,,MD,,gxPopupLevel%3D0%3B,gx-no-cache=1660856558226 HTTP/1.1" 200 3178
139.87.71.160 - - [18/Aug/2022:18:17:32 -0300] "GET /manager/html HTTP/1.1" 401 2474
139.87.71.160 - - [18/Aug/2022:18:18:20 -0300] "GET /manager/html HTTP/1.1" 401 2474
190.95.122.166 - - [18/Aug/2022:18:20:04 -0300] "GET /cormun/servlet/hlogin HTTP/1.1" 200 1729
190.95.122.166 - - [18/Aug/2022:18:20:04 -0300] "GET /cormun/static/gxtimezone.js?85251 HTTP/1.1" 200 5781
190.95.122.166 - - [18/Aug/2022:18:20:04 -0300] "GET /cormun/static/gxcfg.js?201910216285969 HTTP/1.1" 200 953
190.95.122.166 - - [18/Aug/2022:18:20:04 -0300] "GET /cormun/static/Resources/Spanish/PXTools.css?2294816 HTTP/1.1" 200 100853
190.95.122.166 - - [18/Aug/2022:18:20:04 -0300] "GET /cormun/static/messages.spa.js?85251 HTTP/1.1" 200 30736
190.95.122.166 - - [18/Aug/2022:18:20:05 -0300] "GET /cormun/static/hlogin.js?201910216285995 HTTP/1.1" 200 2136
190.95.122.166 - - [18/Aug/2022:18:20:05 -0300] "GET /cormun/static/Resources/Logo2019_Grande.png HTTP/1.1" 200 31733
190.95.122.166 - - [18/Aug/2022:18:20:05 -0300] "GET /cormun/static/gxgral.js?85251 HTTP/1.1" 200 384558
190.95.122.166 - - [18/Aug/2022:18:20:05 -0300] "GET /cormun/static/Resources/PXToolsButtonRight.png HTTP/1.1" 200 1294
190.95.122.166 - - [18/Aug/2022:18:20:05 -0300] "GET /cormun/static/Resources/PXToolsLoginBackground.png HTTP/1.1" 200 1164
190.95.122.166 - - [18/Aug/2022:18:20:05 -0300] "GET /cormun/static/Resources/PXToolsButtonLeft.png HTTP/1.1" 200 1310
190.95.122.166 - - [18/Aug/2022:18:20:05 -0300] "GET /cormun/static/Resources/PXToolsLoginTop.png HTTP/1.1" 200 1337
190.95.122.166 - - [18/Aug/2022:18:20:05 -0300] "GET /cormun/static/Resources/PXToolsButtonBackground.png HTTP/1.1" 200 1176
190.95.122.166 - - [18/Aug/2022:18:20:05 -0300] "GET /cormun/static/Resources/indicator.gif HTTP/1.1" 200 1553
190.95.122.166 - - [18/Aug/2022:18:20:05 -0300] "GET /cormun/static/Resources/PXToolsLoginBottom.png HTTP/1.1" 200 1389
190.95.122.166 - - [18/Aug/2022:18:20:05 -0300] "GET /cormun/servlet/hlogin HTTP/1.1" 200 1740
190.95.122.166 - - [18/Aug/2022:18:20:05 -0300] "GET /favicon.ico HTTP/1.1" 200 21630
190.171.143.106 - - [18/Aug/2022:18:20:57 -0300] "GET /cormun/servlet/permisogoce?53c93871008b9d6d9767608fa6e86dbb68fb220eb9e73c449ccf689a9fb6ec045129ca8b666eb0d865a052e76d9081346966eee7d3756a4ce7a7c03c7e995609,gx-no-cache=1660856811243 HTTP/1.1" 200 82
190.171.143.106 - - [18/Aug/2022:18:20:57 -0300] "GET /cormun/servlet/permisogoce?53c93871008b9d6d9767608fa6e86dbbea2e80d31940c29b7aca3662b8176751f27457af43349899cebd6f2428d61099,gx-no-cache=1660856811337 HTTP/1.1" 200 129
139.87.71.160 - - [18/Aug/2022:18:21:05 -0300] "GET /manager/html HTTP/1.1" 401 2474
190.171.143.106 - - [18/Aug/2022:18:21:38 -0300] "GET /cormun/static/menuarrow.gif HTTP/1.1" 404 1015
190.171.143.106 - - [18/Aug/2022:18:21:43 -0300] "GET /cormun/servlet/permisogoce?53c93871008b9d6d9767608fa6e86dbbea2e80d31940c29b7aca3662b8176751cb40660175b06826a093432b2673b8200f1efa327dec8d45c4db9ab2960aa6eb,gx-no-cache=1660856857463 HTTP/1.1" 200 48
139.87.71.160 - - [18/Aug/2022:18:21:58 -0300] "GET /manager/html HTTP/1.1" 401 2474
190.171.143.106 - - [18/Aug/2022:18:22:10 -0300] "GET /cormun/servlet/puconsultapgoce?16208209,MD,gxPopupLevel%3D0%3B HTTP/1.1" 200 4191
190.171.143.106 - - [18/Aug/2022:18:22:10 -0300] "GET /cormun/pexe_menus.js HTTP/1.1" 404 1001
190.171.143.106 - - [18/Aug/2022:18:22:10 -0300] "GET /cormun/pexe_windows.js HTTP/1.1" 404 1005
190.171.143.106 - - [18/Aug/2022:18:22:10 -0300] "GET /cormun/pexe_cookies.js HTTP/1.1" 404 1005
190.171.143.106 - - [18/Aug/2022:18:22:10 -0300] "GET /cormun/pexe_link.js HTTP/1.1" 404 999
190.171.143.106 - - [18/Aug/2022:18:22:10 -0300] "GET /cormun/pexe_layers.js HTTP/1.1" 404 1003
190.171.143.106 - - [18/Aug/2022:18:22:10 -0300] "GET /cormun/pexe_grid.js HTTP/1.1" 404 999
190.171.143.106 - - [18/Aug/2022:18:22:10 -0300] "GET /cormun/pexe_griddivfix.js HTTP/1.1" 404 1011
190.171.143.106 - - [18/Aug/2022:18:22:10 -0300] "GET /cormun/pexe_picture.js HTTP/1.1" 404 1005
190.171.143.106 - - [18/Aug/2022:18:22:10 -0300] "GET /cormun/pexe_treedivfix.js HTTP/1.1" 404 1011
190.171.143.106 - - [18/Aug/2022:18:22:10 -0300] "GET /cormun/pexe_tabdivfix.js HTTP/1.1" 404 1009
190.171.143.106 - - [18/Aug/2022:18:22:10 -0300] "GET /cormun/pexe_menudivfix.js HTTP/1.1" 404 1011
190.171.143.106 - - [18/Aug/2022:18:22:10 -0300] "GET /cormun/pexe_autoreload.js HTTP/1.1" 404 1011
190.171.143.106 - - [18/Aug/2022:18:22:17 -0300] "POST /cormun/servlet/puconsultapgoce?a98656e13cfa7aba381be347066e2f5a,16208209,MD,gxPopupLevel%3D0%3B,gx-no-cache=1660856891116 HTTP/1.1" 200 60
139.87.71.160 - - [18/Aug/2022:18:22:38 -0300] "GET /manager/html HTTP/1.1" 401 2474
190.171.143.106 - - [18/Aug/2022:18:22:39 -0300] "POST /cormun/servlet/permisogoce?a98656e13cfa7aba381be347066e2f5a,INS,0,,,,gx-no-cache=1660856912667 HTTP/1.1" 200 93
190.171.143.106 - - [18/Aug/2022:18:22:39 -0300] "GET /cormun/servlet/hpexe_return? HTTP/1.1" 200 1016
190.171.143.106 - - [18/Aug/2022:18:22:39 -0300] "GET /cormun/servlet/trpermisosgoce HTTP/1.1" 200 9290
190.171.143.106 - - [18/Aug/2022:18:22:40 -0300] "GET /cormun/servlet/trpermisosgoce HTTP/1.1" 200 9285
190.171.143.106 - - [18/Aug/2022:18:22:45 -0300] "GET /cormun/servlet/apermisogoceprn?16208209,P,20220818165859,PU HTTP/1.1" 200 1661
139.87.71.160 - - [18/Aug/2022:18:23:55 -0300] "GET /manager/html HTTP/1.1" 401 2474
