190.171.149.82 - - [18/Aug/2022:11:44:42 -0300] "GET /cormun/static/Shared/jqueryui/images/ui-bg_flat_55_994d53_40x100.png HTTP/1.1" 404 1097
190.171.149.82 - - [18/Aug/2022:11:44:42 -0300] "GET /cormun/static/Shared/jqueryui/images/ui-icons_ebccce_256x240.png HTTP/1.1" 404 1089
190.171.149.82 - - [18/Aug/2022:11:44:44 -0300] "GET /cormun/servlet/permisogoce?4d83df976f0eb23eb0e0ce41f7ee5fa3b4ad3c9b9d677f5be26032deab9faf6264255409e757a5b5cf0962e3452f2e1617aafa862c5fb5b9c0d5e7d6dd73d316b2f7fe5f6021d0dc08bc36c243b1db53072b3770a1826a17b8c6af91ebcd0442c297d29e4d72d394a6f30decc2ed03d8072b3770a1826a17b8c6af91ebcd044217aafa862c5fb5b9c0d5e7d6dd73d316b2f7fe5f6021d0dc08bc36c243b1db538cd56e192a61c941930200fae0998e6eba3db3c9323b7f26d6cd441121a1df1e7af5e907bdffa6c563c5243d4518b6bebc46a5742ec62e2d08c5a3cafb02a75e,gx-no-cache=1660833038236 HTTP/1.1" 200 79
190.171.149.82 - - [18/Aug/2022:11:44:44 -0300] "GET /cormun/static/menuarrow.gif HTTP/1.1" 404 1015
139.87.71.160 - - [18/Aug/2022:11:44:55 -0300] "GET /manager/html HTTP/1.1" 401 2474
190.171.149.82 - - [18/Aug/2022:11:44:59 -0300] "GET /cormun/servlet/permisogoce?4d83df976f0eb23eb0e0ce41f7ee5fa3e84a2f77760924a04263673b4be3d2ca1ca33f53052105b7f0101e0482508d20c5916295f314ff7dada8a33f9b7647ec,gx-no-cache=1660833052937 HTTP/1.1" 200 47
190.171.149.82 - - [18/Aug/2022:11:45:02 -0300] "GET /cormun/static/Resources/resize.gif HTTP/1.1" 200 77
190.171.149.82 - - [18/Aug/2022:11:45:02 -0300] "GET /cormun/static/Resources/PXTools/ClosePrompt.png HTTP/1.1" 200 1036
190.171.149.82 - - [18/Aug/2022:11:45:02 -0300] "GET /cormun/servlet/puconsultapgoce?20372747,MD,gxPopupLevel%3D0%3B HTTP/1.1" 200 3766
190.171.149.82 - - [18/Aug/2022:11:45:02 -0300] "GET /cormun/static/gxcfg.js?2020121674770 HTTP/1.1" 200 953
190.171.149.82 - - [18/Aug/2022:11:45:02 -0300] "GET /cormun/pexe_menus.js HTTP/1.1" 404 1001
190.171.149.82 - - [18/Aug/2022:11:45:02 -0300] "GET /cormun/pexe_windows.js HTTP/1.1" 404 1005
190.171.149.82 - - [18/Aug/2022:11:45:02 -0300] "GET /cormun/pexe_layers.js HTTP/1.1" 404 1003
190.171.149.82 - - [18/Aug/2022:11:45:02 -0300] "GET /cormun/pexe_cookies.js HTTP/1.1" 404 1005
190.171.149.82 - - [18/Aug/2022:11:45:02 -0300] "GET /cormun/pexe_grid.js HTTP/1.1" 404 999
190.171.149.82 - - [18/Aug/2022:11:45:02 -0300] "GET /cormun/pexe_link.js HTTP/1.1" 404 999
190.171.149.82 - - [18/Aug/2022:11:45:02 -0300] "GET /cormun/pexe_griddivfix.js HTTP/1.1" 404 1011
190.171.149.82 - - [18/Aug/2022:11:45:02 -0300] "GET /cormun/pexe_picture.js HTTP/1.1" 404 1005
190.171.149.82 - - [18/Aug/2022:11:45:02 -0300] "GET /cormun/pexe_treedivfix.js HTTP/1.1" 404 1011
190.171.149.82 - - [18/Aug/2022:11:45:03 -0300] "GET /cormun/pexe_autoreload.js HTTP/1.1" 404 1011
190.171.149.82 - - [18/Aug/2022:11:45:03 -0300] "GET /cormun/pexe_tabdivfix.js HTTP/1.1" 404 1009
190.171.149.82 - - [18/Aug/2022:11:45:03 -0300] "GET /cormun/static/mpprompt.js?20201215583973 HTTP/1.1" 200 940
190.171.149.82 - - [18/Aug/2022:11:45:03 -0300] "GET /cormun/pexe_menudivfix.js HTTP/1.1" 404 1011
190.171.149.82 - - [18/Aug/2022:11:45:03 -0300] "GET /cormun/static/Resources/PXToolsMenuTopBackground.png HTTP/1.1" 200 1153
190.171.149.82 - - [18/Aug/2022:11:45:03 -0300] "GET /cormun/static/puconsultapgoce.js?2020121675052 HTTP/1.1" 200 22470
190.171.149.82 - - [18/Aug/2022:11:45:05 -0300] "POST /cormun/servlet/puconsultapgoce?5bf8943b66f07c0f47ea2ffa53cc99d4,20372747,MD,gxPopupLevel%3D0%3B,gx-no-cache=1660833059372 HTTP/1.1" 200 60
185.7.214.117 - - [18/Aug/2022:11:45:06 -0300] "GET /?XDEBUG_SESSION_START=phpstorm HTTP/1.1" 200 11217
190.171.149.82 - - [18/Aug/2022:11:45:06 -0300] "POST /cormun/servlet/permisogoce?5bf8943b66f07c0f47ea2ffa53cc99d4,INS,0,,,,gx-no-cache=1660833060195 HTTP/1.1" 200 93
190.171.149.82 - - [18/Aug/2022:11:45:06 -0300] "GET /cormun/servlet/hpexe_return? HTTP/1.1" 200 1004
190.171.149.82 - - [18/Aug/2022:11:45:07 -0300] "GET /cormun/static/gxcfg.js?201991422392976 HTTP/1.1" 200 953
190.171.149.82 - - [18/Aug/2022:11:45:07 -0300] "GET /cormun/static/hpexe_return.js?201991422392984 HTTP/1.1" 200 1633
190.171.149.82 - - [18/Aug/2022:11:45:07 -0300] "GET /cormun/servlet/trpermisosgoce? HTTP/1.1" 200 8277
190.171.149.82 - - [18/Aug/2022:11:45:07 -0300] "GET /cormun/servlet/trpermisosgoce? HTTP/1.1" 200 8272
190.171.149.82 - - [18/Aug/2022:11:45:11 -0300] "GET /cormun/servlet/apermisogoceprn?20372747,P,20220818102719,PU HTTP/1.1" 200 1650
190.171.149.82 - - [18/Aug/2022:11:45:12 -0300] "GET /cormun/servlet/apermisogoceprn?20372747,P,20220818102719,PU HTTP/1.1" 200 1649
139.87.71.160 - - [18/Aug/2022:11:45:38 -0300] "GET /manager/html HTTP/1.1" 401 2474
190.171.149.82 - - [18/Aug/2022:11:45:45 -0300] "GET /cormun/servlet/permisogoce?INS,0,,, HTTP/1.1" 200 6753
190.171.149.82 - - [18/Aug/2022:11:45:45 -0300] "GET /cormun/servlet/permisogoce?INS,0,,, HTTP/1.1" 200 6753
190.171.149.82 - - [18/Aug/2022:11:45:59 -0300] "POST /cormun/servlet/permisogoce?5bf8943b66f07c0f47ea2ffa53cc99d4,INS,0,,,,gx-no-cache=1660833113020 HTTP/1.1" 200 4480
190.171.149.82 - - [18/Aug/2022:11:45:59 -0300] "GET /cormun/static/Shared/jqueryui/images/ui-bg_highlight-soft_100_c6c2c8_1x100.png HTTP/1.1" 404 1117
190.171.149.82 - - [18/Aug/2022:11:45:59 -0300] "GET /cormun/static/Shared/jqueryui/images/ui-bg_flat_55_994d53_40x100.png HTTP/1.1" 404 1097
190.171.149.82 - - [18/Aug/2022:11:45:59 -0300] "GET /cormun/static/Shared/jqueryui/images/ui-icons_82798d_256x240.png HTTP/1.1" 404 1089
190.171.149.82 - - [18/Aug/2022:11:45:59 -0300] "GET /cormun/static/Shared/jqueryui/images/ui-icons_ebccce_256x240.png HTTP/1.1" 404 1089
190.171.149.82 - - [18/Aug/2022:11:46:00 -0300] "GET /cormun/servlet/permisogoce?4d83df976f0eb23eb0e0ce41f7ee5fa3a55681157d217e36f1dfddc4f195c7a143aa8bbdb56173e1f2548790f3d1504eb2f7fe5f6021d0dc08bc36c243b1db53072b3770a1826a17b8c6af91ebcd044217aafa862c5fb5b9c0d5e7d6dd73d3165351bb73db7dc5eac299e24418d23fd517aafa862c5fb5b9c0d5e7d6dd73d316b2f7fe5f6021d0dc08bc36c243b1db53072b3770a1826a17b8c6af91ebcd0442e38117e1e27177d132515777f2cf6cd88f73bf53ccac379986dfc767cb092599eea806f09451b61a1918bde8221d5703fcbbd49d5f185d64bef51b1e8df3056e,gx-no-cache=1660833114678 HTTP/1.1" 200 82
190.171.149.82 - - [18/Aug/2022:11:46:01 -0300] "GET /cormun/static/menuarrow.gif HTTP/1.1" 404 1015
190.171.149.82 - - [18/Aug/2022:11:46:09 -0300] "GET /cormun/servlet/permisogoce?4d83df976f0eb23eb0e0ce41f7ee5fa3d7d3f444fe1b8303ca86eeff9cce5849361d60fe8c073fbeed7d39da315d0e2cb29c958fa0cf6519599bc0e35d4f9dad,gx-no-cache=1660833122873 HTTP/1.1" 200 48
190.171.149.82 - - [18/Aug/2022:11:46:12 -0300] "GET /cormun/servlet/puconsultapgoce?14272425,MD,gxPopupLevel%3D0%3B HTTP/1.1" 200 4291
190.171.149.82 - - [18/Aug/2022:11:46:12 -0300] "GET /cormun/pexe_layers.js HTTP/1.1" 404 1003
190.171.149.82 - - [18/Aug/2022:11:46:12 -0300] "GET /cormun/pexe_windows.js HTTP/1.1" 404 1005
190.171.149.82 - - [18/Aug/2022:11:46:12 -0300] "GET /cormun/pexe_menus.js HTTP/1.1" 404 1001
190.171.149.82 - - [18/Aug/2022:11:46:12 -0300] "GET /cormun/pexe_link.js HTTP/1.1" 404 999
190.171.149.82 - - [18/Aug/2022:11:46:12 -0300] "GET /cormun/pexe_grid.js HTTP/1.1" 404 999
190.171.149.82 - - [18/Aug/2022:11:46:12 -0300] "GET /cormun/pexe_cookies.js HTTP/1.1" 404 1005
190.171.149.82 - - [18/Aug/2022:11:46:12 -0300] "GET /cormun/pexe_picture.js HTTP/1.1" 404 1005
190.171.149.82 - - [18/Aug/2022:11:46:12 -0300] "GET /cormun/pexe_griddivfix.js HTTP/1.1" 404 1011
190.171.149.82 - - [18/Aug/2022:11:46:12 -0300] "GET /cormun/pexe_treedivfix.js HTTP/1.1" 404 1011
190.171.149.82 - - [18/Aug/2022:11:46:13 -0300] "GET /cormun/pexe_autoreload.js HTTP/1.1" 404 1011
190.171.149.82 - - [18/Aug/2022:11:46:13 -0300] "GET /cormun/pexe_tabdivfix.js HTTP/1.1" 404 1009
190.171.149.82 - - [18/Aug/2022:11:46:13 -0300] "GET /cormun/pexe_menudivfix.js HTTP/1.1" 404 1011
190.171.149.82 - - [18/Aug/2022:11:46:17 -0300] "POST /cormun/servlet/permisogoce?5bf8943b66f07c0f47ea2ffa53cc99d4,INS,0,,,,gx-no-cache=1660833131131 HTTP/1.1" 200 93
190.171.149.82 - - [18/Aug/2022:11:46:17 -0300] "GET /cormun/servlet/hpexe_return? HTTP/1.1" 200 1004
190.171.149.82 - - [18/Aug/2022:11:46:18 -0300] "GET /cormun/servlet/trpermisosgoce HTTP/1.1" 200 8505
190.171.149.82 - - [18/Aug/2022:11:46:18 -0300] "GET /cormun/servlet/trpermisosgoce HTTP/1.1" 200 8503
139.87.71.160 - - [18/Aug/2022:11:46:21 -0300] "GET /manager/html HTTP/1.1" 401 2474
190.171.149.82 - - [18/Aug/2022:11:46:24 -0300] "GET /cormun/servlet/apermisogoceprn?14272425,P,20220818102841,PU HTTP/1.1" 200 1657
190.171.149.82 - - [18/Aug/2022:11:46:24 -0300] "GET /cormun/servlet/apermisogoceprn?14272425,P,20220818102841,PU HTTP/1.1" 200 1656
190.171.149.82 - - [18/Aug/2022:11:47:39 -0300] "GET /cormun/servlet/permisogoce?INS,0,,, HTTP/1.1" 200 6752
190.171.149.82 - - [18/Aug/2022:11:47:39 -0300] "GET /cormun/servlet/permisogoce?INS,0,,, HTTP/1.1" 200 6751
139.87.71.160 - - [18/Aug/2022:11:48:05 -0300] "GET /manager/html HTTP/1.1" 401 2474
190.171.149.82 - - [18/Aug/2022:11:48:22 -0300] "POST /cormun/servlet/permisogoce?5bf8943b66f07c0f47ea2ffa53cc99d4,INS,0,,,,gx-no-cache=1660833256573 HTTP/1.1" 200 4486
190.171.149.82 - - [18/Aug/2022:11:48:23 -0300] "GET /cormun/static/Shared/jqueryui/images/ui-bg_highlight-soft_100_c6c2c8_1x100.png HTTP/1.1" 404 1117
190.171.149.82 - - [18/Aug/2022:11:48:23 -0300] "GET /cormun/static/Shared/jqueryui/images/ui-bg_flat_55_994d53_40x100.png HTTP/1.1" 404 1097
190.171.149.82 - - [18/Aug/2022:11:48:23 -0300] "GET /cormun/static/Shared/jqueryui/images/ui-icons_ebccce_256x240.png HTTP/1.1" 404 1089
190.171.149.82 - - [18/Aug/2022:11:48:23 -0300] "GET /cormun/static/Shared/jqueryui/images/ui-icons_82798d_256x240.png HTTP/1.1" 404 1089
190.171.149.82 - - [18/Aug/2022:11:48:25 -0300] "GET /cormun/servlet/permisogoce?4d83df976f0eb23eb0e0ce41f7ee5fa3f742db615121489134e6de3731f693214bad236ab96471d45fe180b87dee9bf8b2f7fe5f6021d0dc08bc36c243b1db53072b3770a1826a17b8c6af91ebcd044217aafa862c5fb5b9c0d5e7d6dd73d316d6870735208e1d7193ca7a4051b27b48b2f7fe5f6021d0dc08bc36c243b1db53072b3770a1826a17b8c6af91ebcd044217aafa862c5fb5b9c0d5e7d6dd73d316aafd28565a4322e9ee59bf82504ff52de5a0c85f6c4b150dc9f48ebf92df23c236206f4969101349dc1460f7059c5019f7ec6e9ef485603ca2d051ddf392510e48347c69e894c56eb4a5a45966db92c3,gx-no-cache=1660833259164 HTTP/1.1" 200 83
190.171.149.82 - - [18/Aug/2022:11:48:25 -0300] "GET /cormun/static/menuarrow.gif HTTP/1.1" 404 1015
190.171.149.82 - - [18/Aug/2022:11:48:33 -0300] "GET /cormun/servlet/permisogoce?4d83df976f0eb23eb0e0ce41f7ee5fa3cf9b04a1fcd4599da77091a9eeaefb4227e206de7a998d220b6aae8242bb4215b29c958fa0cf6519599bc0e35d4f9dad,gx-no-cache=1660833266890 HTTP/1.1" 200 48
190.171.149.82 - - [18/Aug/2022:11:48:36 -0300] "GET /cormun/servlet/puconsultapgoce?19860909,MD,gxPopupLevel%3D0%3B HTTP/1.1" 200 4288
190.171.149.82 - - [18/Aug/2022:11:48:36 -0300] "GET /cormun/pexe_layers.js HTTP/1.1" 404 1003
190.171.149.82 - - [18/Aug/2022:11:48:36 -0300] "GET /cormun/pexe_windows.js HTTP/1.1" 404 1005
190.171.149.82 - - [18/Aug/2022:11:48:36 -0300] "GET /cormun/pexe_menus.js HTTP/1.1" 404 1001
190.171.149.82 - - [18/Aug/2022:11:48:36 -0300] "GET /cormun/pexe_link.js HTTP/1.1" 404 999
190.171.149.82 - - [18/Aug/2022:11:48:36 -0300] "GET /cormun/pexe_cookies.js HTTP/1.1" 404 1005
190.171.149.82 - - [18/Aug/2022:11:48:36 -0300] "GET /cormun/pexe_grid.js HTTP/1.1" 404 999
190.171.149.82 - - [18/Aug/2022:11:48:36 -0300] "GET /cormun/pexe_griddivfix.js HTTP/1.1" 404 1011
190.171.149.82 - - [18/Aug/2022:11:48:36 -0300] "GET /cormun/pexe_picture.js HTTP/1.1" 404 1005
190.171.149.82 - - [18/Aug/2022:11:48:36 -0300] "GET /cormun/pexe_treedivfix.js HTTP/1.1" 404 1011
190.171.149.82 - - [18/Aug/2022:11:48:36 -0300] "GET /cormun/pexe_tabdivfix.js HTTP/1.1" 404 1009
190.171.149.82 - - [18/Aug/2022:11:48:36 -0300] "GET /cormun/pexe_menudivfix.js HTTP/1.1" 404 1011
190.171.149.82 - - [18/Aug/2022:11:48:36 -0300] "GET /cormun/pexe_autoreload.js HTTP/1.1" 404 1011
190.171.149.82 - - [18/Aug/2022:11:48:40 -0300] "POST /cormun/servlet/permisogoce?5bf8943b66f07c0f47ea2ffa53cc99d4,INS,0,,,,gx-no-cache=1660833273491 HTTP/1.1" 200 93
190.171.149.82 - - [18/Aug/2022:11:48:40 -0300] "GET /cormun/servlet/hpexe_return? HTTP/1.1" 200 1004
190.171.149.82 - - [18/Aug/2022:11:48:40 -0300] "GET /cormun/servlet/trpermisosgoce HTTP/1.1" 200 8733
190.171.149.82 - - [18/Aug/2022:11:48:40 -0300] "GET /cormun/servlet/trpermisosgoce HTTP/1.1" 200 8729
190.171.149.82 - - [18/Aug/2022:11:48:44 -0300] "GET /cormun/servlet/apermisogoceprn?19860909,P,20220818103035,PU HTTP/1.1" 200 1656
190.171.149.82 - - [18/Aug/2022:11:48:44 -0300] "GET /cormun/servlet/apermisogoceprn?19860909,P,20220818103035,PU HTTP/1.1" 200 1653
139.87.71.160 - - [18/Aug/2022:11:49:00 -0300] "GET /manager/html HTTP/1.1" 401 2474
186.67.172.234 - - [18/Aug/2022:11:49:01 -0300] "GET /cormun/servlet/hlogin HTTP/1.1" 200 1726
186.67.172.234 - - [18/Aug/2022:11:49:11 -0300] "POST /cormun/servlet/hlogin?c2079eade4ff9c8533c8183a78b56164,gx-no-cache=1660829550720 HTTP/1.1" 200 90
186.67.172.234 - - [18/Aug/2022:11:49:11 -0300] "GET /cormun/servlet/hpexe_link HTTP/1.1" 200 953
186.67.172.234 - - [18/Aug/2022:11:49:11 -0300] "GET /cormun/servlet/hhome HTTP/1.1" 200 4370
186.67.172.234 - - [18/Aug/2022:11:49:12 -0300] "GET /cormun/servlet/hhome HTTP/1.1" 200 4367
186.67.172.234 - - [18/Aug/2022:11:49:15 -0300] "GET /cormun/servlet/trlicencias? HTTP/1.1" 200 14591
186.67.172.234 - - [18/Aug/2022:11:49:15 -0300] "GET /cormun/servlet/trlicencias? HTTP/1.1" 200 14583
190.171.154.42 - - [18/Aug/2022:11:50:05 -0300] "GET /cormun/servlet/hlogin HTTP/1.1" 200 1726
190.171.154.42 - - [18/Aug/2022:11:50:07 -0300] "GET /cormun/servlet/hlogin HTTP/1.1" 200 1736
186.67.172.234 - - [18/Aug/2022:11:50:16 -0300] "GET /cormun/servlet/hhome HTTP/1.1" 200 4370
186.67.172.234 - - [18/Aug/2022:11:50:17 -0300] "GET /cormun/servlet/hhome HTTP/1.1" 200 4367
190.171.154.42 - - [18/Aug/2022:11:50:19 -0300] "POST /cormun/servlet/hlogin?b8821c04e73b30452efeb3fedf351874,gx-no-cache=1660833372307 HTTP/1.1" 200 90
190.171.154.42 - - [18/Aug/2022:11:50:20 -0300] "GET /cormun/servlet/hpexe_link HTTP/1.1" 200 952
190.171.154.42 - - [18/Aug/2022:11:50:20 -0300] "GET /cormun/servlet/hhome HTTP/1.1" 200 4200
190.171.154.42 - - [18/Aug/2022:11:50:22 -0300] "GET /cormun/servlet/hhome HTTP/1.1" 200 4196
190.171.154.42 - - [18/Aug/2022:11:50:25 -0300] "GET /cormun/servlet/trlicencias? HTTP/1.1" 200 12310
190.171.154.42 - - [18/Aug/2022:11:50:27 -0300] "GET /cormun/servlet/trlicencias? HTTP/1.1" 200 12322
190.171.154.42 - - [18/Aug/2022:11:50:35 -0300] "POST /cormun/servlet/trlicencias?b8821c04e73b30452efeb3fedf351874,,gx-no-cache=1660833388033 HTTP/1.1" 200 10008
139.87.71.160 - - [18/Aug/2022:11:50:58 -0300] "GET /manager/html HTTP/1.1" 401 2474
139.87.71.160 - - [18/Aug/2022:11:52:51 -0300] "GET /manager/html HTTP/1.1" 401 2474
139.87.71.160 - - [18/Aug/2022:11:53:45 -0300] "GET /manager/html HTTP/1.1" 401 2474
184.105.247.254 - - [18/Aug/2022:11:54:49 -0300] "-" 400 -
139.87.71.160 - - [18/Aug/2022:11:55:51 -0300] "GET /manager/html HTTP/1.1" 401 2474
139.87.71.160 - - [18/Aug/2022:11:57:25 -0300] "GET /manager/html HTTP/1.1" 401 2474
139.87.71.160 - - [18/Aug/2022:11:58:38 -0300] "GET /manager/html HTTP/1.1" 401 2474
139.87.71.160 - - [18/Aug/2022:11:59:50 -0300] "GET /manager/html HTTP/1.1" 401 2474
139.87.71.160 - - [18/Aug/2022:12:01:05 -0300] "GET /manager/html HTTP/1.1" 401 2474
139.87.71.160 - - [18/Aug/2022:12:01:44 -0300] "GET /manager/html HTTP/1.1" 401 2474
139.87.71.160 - - [18/Aug/2022:12:03:34 -0300] "GET /manager/html HTTP/1.1" 401 2474
190.171.141.114 - - [18/Aug/2022:12:03:44 -0300] "GET /cormun/servlet/trpermisosgoce? HTTP/1.1" 200 6033
190.171.141.114 - - [18/Aug/2022:12:03:44 -0300] "GET /cormun/servlet/hlogin HTTP/1.1" 200 1747
190.171.141.114 - - [18/Aug/2022:12:03:44 -0300] "GET /cormun/servlet/trpermisosgoce? HTTP/1.1" 200 6029
190.171.141.114 - - [18/Aug/2022:12:03:51 -0300] "POST /cormun/servlet/hlogin?b6ef30ed962cbd4ccadd57a55ae48983,gx-no-cache=1660834184671 HTTP/1.1" 200 90
190.171.141.114 - - [18/Aug/2022:12:03:51 -0300] "GET /cormun/servlet/hpexe_link HTTP/1.1" 200 958
190.171.141.114 - - [18/Aug/2022:12:03:52 -0300] "GET /cormun/servlet/trpermisosgoce HTTP/1.1" 200 11938
190.171.141.114 - - [18/Aug/2022:12:03:52 -0300] "GET /cormun/servlet/trpermisosgoce HTTP/1.1" 200 11937
190.171.141.114 - - [18/Aug/2022:12:03:59 -0300] "GET /cormun/servlet/apermisogoceprn?17520660,P,20220817143538,PU HTTP/1.1" 200 1654
139.87.71.160 - - [18/Aug/2022:12:04:50 -0300] "GET /manager/html HTTP/1.1" 401 2474
139.87.71.160 - - [18/Aug/2022:12:05:27 -0300] "GET /manager/html HTTP/1.1" 401 2474
139.87.71.160 - - [18/Aug/2022:12:06:00 -0300] "GET /manager/html HTTP/1.1" 401 2474
139.87.71.160 - - [18/Aug/2022:12:06:37 -0300] "GET /manager/html HTTP/1.1" 401 2474
139.87.71.160 - - [18/Aug/2022:12:07:12 -0300] "GET /manager/html HTTP/1.1" 401 2474
190.171.149.82 - - [18/Aug/2022:12:07:36 -0300] "GET /cormun/servlet/apermisogoceprn?19860909,P,20220818103035,PU HTTP/1.1" 200 1656
190.171.149.82 - - [18/Aug/2022:12:07:36 -0300] "GET /cormun/servlet/apermisogoceprn?19860909,P,20220818103035,PU HTTP/1.1" 200 1655
139.87.71.160 - - [18/Aug/2022:12:07:50 -0300] "GET /manager/html HTTP/1.1" 401 2474
139.87.71.160 - - [18/Aug/2022:12:08:27 -0300] "GET /manager/html HTTP/1.1" 401 2474
139.87.71.160 - - [18/Aug/2022:12:09:44 -0300] "GET /manager/html HTTP/1.1" 401 2474
139.87.71.160 - - [18/Aug/2022:12:10:54 -0300] "GET /manager/html HTTP/1.1" 401 2474
185.7.214.117 - - [18/Aug/2022:12:11:29 -0300] "GET /console/ HTTP/1.1" 404 977
139.87.71.160 - - [18/Aug/2022:12:13:21 -0300] "GET /manager/html HTTP/1.1" 401 2474
139.87.71.160 - - [18/Aug/2022:12:13:56 -0300] "GET /manager/html HTTP/1.1" 401 2474
139.87.71.160 - - [18/Aug/2022:12:15:09 -0300] "GET /manager/html HTTP/1.1" 401 2474
139.87.71.160 - - [18/Aug/2022:12:15:47 -0300] "GET /manager/html HTTP/1.1" 401 2474
139.87.71.160 - - [18/Aug/2022:12:16:25 -0300] "GET /manager/html HTTP/1.1" 401 2474
139.87.71.160 - - [18/Aug/2022:12:16:59 -0300] "GET /manager/html HTTP/1.1" 401 2474
139.87.71.160 - - [18/Aug/2022:12:19:17 -0300] "GET /manager/html HTTP/1.1" 401 2474
139.87.71.160 - - [18/Aug/2022:12:20:14 -0300] "GET /manager/html HTTP/1.1" 401 2474
190.171.141.106 - - [18/Aug/2022:12:20:33 -0300] "GET /cormun/servlet/hhome HTTP/1.1" 200 3326
190.171.141.106 - - [18/Aug/2022:12:20:34 -0300] "GET /cormun/servlet/hhome HTTP/1.1" 200 3336
190.171.141.106 - - [18/Aug/2022:12:20:34 -0300] "GET /cormun/servlet/hhome HTTP/1.1" 200 3336
190.171.141.106 - - [18/Aug/2022:12:20:34 -0300] "GET /cormun/servlet/hlogin HTTP/1.1" 200 1742
190.171.141.106 - - [18/Aug/2022:12:20:37 -0300] "POST /cormun/servlet/hlogin?8a67194965cdec96484dc57d0764e88f,gx-no-cache=1660835191370 HTTP/1.1" 200 90
190.171.141.106 - - [18/Aug/2022:12:20:37 -0300] "GET /cormun/servlet/hpexe_link HTTP/1.1" 200 957
190.171.141.106 - - [18/Aug/2022:12:20:37 -0300] "GET /cormun/servlet/hhome HTTP/1.1" 200 4266
190.171.141.106 - - [18/Aug/2022:12:20:37 -0300] "GET /cormun/servlet/hhome HTTP/1.1" 200 4264
190.171.141.106 - - [18/Aug/2022:12:20:39 -0300] "GET /cormun/servlet/trlicencias? HTTP/1.1" 200 13876
190.171.141.106 - - [18/Aug/2022:12:20:39 -0300] "GET /cormun/servlet/trlicencias? HTTP/1.1" 200 13866
139.87.71.160 - - [18/Aug/2022:12:21:17 -0300] "GET /manager/html HTTP/1.1" 401 2474
190.171.141.106 - - [18/Aug/2022:12:21:46 -0300] "GET /cormun/static/menuarrow.gif HTTP/1.1" 404 1015
190.171.141.106 - - [18/Aug/2022:12:21:52 -0300] "POST /cormun/servlet/trlicencias?8a67194965cdec96484dc57d0764e88f,,gx-no-cache=1660835267012 HTTP/1.1" 200 12520
190.171.149.74 - - [18/Aug/2022:12:21:54 -0300] "GET /cormun/servlet/hlogin HTTP/1.1" 200 1731
190.171.149.74 - - [18/Aug/2022:12:21:54 -0300] "GET /cormun/servlet/hlogin HTTP/1.1" 200 1741
190.171.149.74 - - [18/Aug/2022:12:22:00 -0300] "POST /cormun/servlet/hlogin?51cfd31762fd7bda4937b1440eeaddc1,gx-no-cache=1660835273567 HTTP/1.1" 200 90
190.171.149.74 - - [18/Aug/2022:12:22:00 -0300] "GET /cormun/servlet/hpexe_link HTTP/1.1" 200 957
190.171.149.74 - - [18/Aug/2022:12:22:00 -0300] "GET /cormun/servlet/hhome HTTP/1.1" 200 3986
190.171.149.74 - - [18/Aug/2022:12:22:00 -0300] "GET /cormun/servlet/hhome HTTP/1.1" 200 3982
190.171.149.74 - - [18/Aug/2022:12:22:04 -0300] "GET /cormun/servlet/trlicencias? HTTP/1.1" 200 12849
190.171.149.74 - - [18/Aug/2022:12:22:04 -0300] "GET /cormun/servlet/trlicencias? HTTP/1.1" 200 12837
190.171.141.106 - - [18/Aug/2022:12:22:14 -0300] "POST /cormun/servlet/trlicencias?8a67194965cdec96484dc57d0764e88f,,gx-no-cache=1660835287404 HTTP/1.1" 200 19131
190.171.141.106 - - [18/Aug/2022:12:22:14 -0300] "GET /cormun/static/Resources/PXToolsGridNext.gif HTTP/1.1" 200 369
190.171.141.106 - - [18/Aug/2022:12:22:14 -0300] "GET /cormun/static/Resources/PXToolsGridLast.gif HTTP/1.1" 200 370
139.87.71.160 - - [18/Aug/2022:12:23:09 -0300] "GET /manager/html HTTP/1.1" 401 2474
139.87.71.160 - - [18/Aug/2022:12:23:52 -0300] "GET /manager/html HTTP/1.1" 401 2474
139.87.71.160 - - [18/Aug/2022:12:25:15 -0300] "GET /manager/html HTTP/1.1" 401 2474
139.87.71.160 - - [18/Aug/2022:12:26:31 -0300] "GET /manager/html HTTP/1.1" 401 2474
139.87.71.160 - - [18/Aug/2022:12:27:09 -0300] "GET /manager/html HTTP/1.1" 401 2474
139.87.71.160 - - [18/Aug/2022:12:27:44 -0300] "GET /manager/html HTTP/1.1" 401 2474
139.87.71.160 - - [18/Aug/2022:12:28:19 -0300] "GET /manager/html HTTP/1.1" 401 2474
209.216.85.166 - - [18/Aug/2022:12:28:50 -0300] "GET /test6956.php HTTP/1.1" 404 985
139.87.71.160 - - [18/Aug/2022:12:28:57 -0300] "GET /manager/html HTTP/1.1" 401 2474
139.87.71.160 - - [18/Aug/2022:12:30:12 -0300] "GET /manager/html HTTP/1.1" 401 2474
139.87.71.160 - - [18/Aug/2022:12:30:48 -0300] "GET /manager/html HTTP/1.1" 401 2474
139.87.71.160 - - [18/Aug/2022:12:31:27 -0300] "GET /manager/html HTTP/1.1" 401 2474
139.87.71.160 - - [18/Aug/2022:12:32:41 -0300] "GET /manager/html HTTP/1.1" 401 2474
139.87.71.160 - - [18/Aug/2022:12:33:16 -0300] "GET /manager/html HTTP/1.1" 401 2474
139.87.71.160 - - [18/Aug/2022:12:33:54 -0300] "GET /manager/html HTTP/1.1" 401 2474
190.171.149.74 - - [18/Aug/2022:12:34:13 -0300] "POST /cormun/servlet/trlicencias?51cfd31762fd7bda4937b1440eeaddc1,,gx-no-cache=1660836006841 HTTP/1.1" 200 10602
139.87.71.160 - - [18/Aug/2022:12:34:36 -0300] "GET /manager/html HTTP/1.1" 401 2474
139.87.71.160 - - [18/Aug/2022:12:35:14 -0300] "GET /manager/html HTTP/1.1" 401 2474
139.87.71.160 - - [18/Aug/2022:12:35:50 -0300] "GET /manager/html HTTP/1.1" 401 2474
139.87.71.160 - - [18/Aug/2022:12:36:29 -0300] "GET /manager/html HTTP/1.1" 401 2474
139.87.71.160 - - [18/Aug/2022:12:37:44 -0300] "GET /manager/html HTTP/1.1" 401 2474
139.87.71.160 - - [18/Aug/2022:12:38:58 -0300] "GET /manager/html HTTP/1.1" 401 2474
139.87.71.160 - - [18/Aug/2022:12:39:38 -0300] "GET /manager/html HTTP/1.1" 401 2474
139.87.71.160 - - [18/Aug/2022:12:40:10 -0300] "GET /manager/html HTTP/1.1" 401 2474
190.171.143.82 - - [18/Aug/2022:12:40:26 -0300] "GET /cormun/servlet/trpermisosgoce? HTTP/1.1" 200 6026
190.171.143.82 - - [18/Aug/2022:12:40:28 -0300] "GET /cormun/servlet/hlogin HTTP/1.1" 200 1741
190.171.143.82 - - [18/Aug/2022:12:40:28 -0300] "GET /cormun/servlet/trpermisosgoce? HTTP/1.1" 200 6026
190.171.143.82 - - [18/Aug/2022:12:40:31 -0300] "POST /cormun/servlet/hlogin?0973c5cda88f55a501b6593f6e022dbf,gx-no-cache=1660836385629 HTTP/1.1" 200 90
190.171.143.82 - - [18/Aug/2022:12:40:31 -0300] "GET /cormun/servlet/hpexe_link HTTP/1.1" 200 956
190.171.143.82 - - [18/Aug/2022:12:40:32 -0300] "GET /cormun/servlet/trpermisosgoce HTTP/1.1" 200 12778
190.171.143.82 - - [18/Aug/2022:12:40:34 -0300] "GET /cormun/servlet/trpermisosgoce HTTP/1.1" 200 12773
190.171.143.82 - - [18/Aug/2022:12:40:39 -0300] "POST /cormun/servlet/trpermisosgoce?0973c5cda88f55a501b6593f6e022dbf,gx-no-cache=1660836392936 HTTP/1.1" 200 9721
139.87.71.160 - - [18/Aug/2022:12:40:48 -0300] "GET /manager/html HTTP/1.1" 401 2474
139.87.71.160 - - [18/Aug/2022:12:42:33 -0300] "GET /manager/html HTTP/1.1" 401 2474
190.171.141.106 - - [18/Aug/2022:12:42:36 -0300] "GET /cormun/servlet/hlogin HTTP/1.1" 200 1725
190.171.141.106 - - [18/Aug/2022:12:42:37 -0300] "GET /cormun/servlet/hlogin HTTP/1.1" 200 1736
190.171.141.106 - - [18/Aug/2022:12:42:40 -0300] "POST /cormun/servlet/hlogin?31f75d97349bd280f83ff619539bed42,gx-no-cache=1660836514009 HTTP/1.1" 200 90
190.171.141.106 - - [18/Aug/2022:12:42:41 -0300] "GET /cormun/servlet/hpexe_link HTTP/1.1" 200 950
190.171.141.106 - - [18/Aug/2022:12:42:41 -0300] "GET /cormun/servlet/hhome HTTP/1.1" 200 4258
190.171.141.106 - - [18/Aug/2022:12:42:41 -0300] "GET /cormun/servlet/hhome HTTP/1.1" 200 4254
190.171.141.106 - - [18/Aug/2022:12:42:45 -0300] "GET /cormun/servlet/trlicencias? HTTP/1.1" 200 13869
190.171.141.106 - - [18/Aug/2022:12:42:46 -0300] "GET /cormun/servlet/trlicencias? HTTP/1.1" 200 13871
139.87.71.160 - - [18/Aug/2022:12:43:14 -0300] "GET /manager/html HTTP/1.1" 401 2474
139.87.71.160 - - [18/Aug/2022:12:43:55 -0300] "GET /manager/html HTTP/1.1" 401 2474
200.54.103.162 - - [18/Aug/2022:12:44:05 -0300] "GET /cormun/servlet/trlicencias? HTTP/1.1" 200 7516
200.54.103.162 - - [18/Aug/2022:12:44:05 -0300] "GET /cormun/servlet/hlogin HTTP/1.1" 200 1743
200.54.103.162 - - [18/Aug/2022:12:44:05 -0300] "GET /cormun/servlet/trlicencias? HTTP/1.1" 200 7518
200.54.103.162 - - [18/Aug/2022:12:44:13 -0300] "POST /cormun/servlet/hlogin?51611eae6f59162babcbfed24400ac0e,gx-no-cache=1660836607202 HTTP/1.1" 200 451
200.54.103.162 - - [18/Aug/2022:12:44:17 -0300] "POST /cormun/servlet/hlogin?51611eae6f59162babcbfed24400ac0e,gx-no-cache=1660836610728 HTTP/1.1" 200 90
200.54.103.162 - - [18/Aug/2022:12:44:17 -0300] "GET /cormun/servlet/hpexe_link HTTP/1.1" 200 957
200.54.103.162 - - [18/Aug/2022:12:44:17 -0300] "GET /cormun/servlet/trlicencias HTTP/1.1" 200 11627
200.54.103.162 - - [18/Aug/2022:12:44:18 -0300] "GET /cormun/servlet/trlicencias HTTP/1.1" 200 11625
139.87.71.160 - - [18/Aug/2022:12:44:44 -0300] "GET /manager/html HTTP/1.1" 401 2474
190.171.143.82 - - [18/Aug/2022:12:45:08 -0300] "GET /cormun/servlet/permisogoce?INS,0,,, HTTP/1.1" 200 7247
190.171.143.82 - - [18/Aug/2022:12:45:09 -0300] "GET /cormun/servlet/permisogoce?INS,0,,, HTTP/1.1" 200 7245
190.171.143.82 - - [18/Aug/2022:12:45:30 -0300] "GET /cormun/servlet/permisogoce?493ccac181da1bd6f6f8cd69099787aa23e0245daa1f0ee003d6a1b5faa1066bcd7a136877db37a9215facf2b09fb178d53fe78877fb469553705a7e1630d321,gx-no-cache=1660836683819 HTTP/1.1" 200 85
190.171.143.82 - - [18/Aug/2022:12:45:30 -0300] "GET /cormun/static/menuarrow.gif HTTP/1.1" 404 1015
139.87.71.160 - - [18/Aug/2022:12:45:45 -0300] "GET /manager/html HTTP/1.1" 401 2474
190.171.143.82 - - [18/Aug/2022:12:45:46 -0300] "GET /cormun/servlet/permisogoce?493ccac181da1bd6f6f8cd69099787aa7760e93e63c927169e55b289534f508abbfae101827e54303549d31973a4e2df635047553e9c68ba2404405465423f40,gx-no-cache=1660836700116 HTTP/1.1" 200 49
190.171.143.82 - - [18/Aug/2022:12:45:51 -0300] "POST /cormun/servlet/permisogoce?0973c5cda88f55a501b6593f6e022dbf,INS,0,,,,gx-no-cache=1660836705285 HTTP/1.1" 200 93
190.171.143.82 - - [18/Aug/2022:12:45:51 -0300] "GET /cormun/servlet/hpexe_return? HTTP/1.1" 200 1029
190.171.143.82 - - [18/Aug/2022:12:45:52 -0300] "GET /cormun/servlet/trpermisosgoce?gx-no-cache=1660836392936 HTTP/1.1" 200 13024
190.171.143.82 - - [18/Aug/2022:12:45:54 -0300] "GET /cormun/servlet/trpermisosgoce?gx-no-cache=1660836392936 HTTP/1.1" 200 13033
175.107.13.110 - - [18/Aug/2022:12:46:24 -0300] "GET /boaform/admin/formLogin?username=ec8&psd=ec8 HTTP/1.0" 404 1007
190.171.143.82 - - [18/Aug/2022:12:46:34 -0300] "POST /cormun/servlet/trpermisosgoce?0973c5cda88f55a501b6593f6e022dbf,gx-no-cache=1660836392936,gx-no-cache=1660836748604 HTTP/1.1" 200 9930
190.171.143.82 - - [18/Aug/2022:12:46:35 -0300] "POST /cormun/servlet/trpermisosgoce?0973c5cda88f55a501b6593f6e022dbf,gx-no-cache=1660836392936,gx-no-cache=1660836749390 HTTP/1.1" 200 9938
190.171.143.82 - - [18/Aug/2022:12:46:40 -0300] "GET /cormun/servlet/apermisogoceprn?15344156,P,20220818112805,PU HTTP/1.1" 200 1654
139.87.71.160 - - [18/Aug/2022:12:47:46 -0300] "GET /manager/html HTTP/1.1" 401 2474
190.171.141.82 - - [18/Aug/2022:12:47:47 -0300] "GET /cormun/servlet/hlogin HTTP/1.1" 200 1732
190.171.141.82 - - [18/Aug/2022:12:47:47 -0300] "GET /cormun/servlet/hlogin HTTP/1.1" 200 1742
190.171.141.82 - - [18/Aug/2022:12:47:55 -0300] "POST /cormun/servlet/hlogin?d168ab1f2e4690317d99527f57db4847,gx-no-cache=1660836830642 HTTP/1.1" 200 90
190.171.141.82 - - [18/Aug/2022:12:47:56 -0300] "GET /cormun/servlet/hpexe_link HTTP/1.1" 200 959
190.171.141.82 - - [18/Aug/2022:12:47:56 -0300] "GET /cormun/static/gxcfg.js?201991422392958 HTTP/1.1" 200 953
190.171.141.82 - - [18/Aug/2022:12:47:56 -0300] "GET /cormun/static/hpexe_link.js?201991422392963 HTTP/1.1" 200 625
190.171.141.82 - - [18/Aug/2022:12:47:56 -0300] "GET /cormun/servlet/hhome HTTP/1.1" 200 3971
190.171.141.82 - - [18/Aug/2022:12:47:56 -0300] "GET /cormun/static/gxcfg.js?20201215495537 HTTP/1.1" 200 953
190.171.141.82 - - [18/Aug/2022:12:47:56 -0300] "GET /cormun/static/hhome.js?20201215495544 HTTP/1.1" 200 777
190.171.141.82 - - [18/Aug/2022:12:47:56 -0300] "GET /cormun/static/SmoothNavMenu/resources/images/down.gif HTTP/1.1" 200 854
190.171.141.82 - - [18/Aug/2022:12:47:56 -0300] "GET /cormun/servlet/hhome HTTP/1.1" 200 3968
190.171.141.82 - - [18/Aug/2022:12:48:00 -0300] "GET /cormun/servlet/trlicencias? HTTP/1.1" 200 16361
190.171.141.82 - - [18/Aug/2022:12:48:00 -0300] "GET /cormun/static/Resources/desc.gif HTTP/1.1" 200 65
190.171.141.82 - - [18/Aug/2022:12:48:00 -0300] "GET /cormun//static/Resources/PXTools/ActionInsert.png HTTP/1.1" 200 1482
190.171.141.82 - - [18/Aug/2022:12:48:00 -0300] "GET /cormun//static/Resources/PXToolsGridDisplay.png HTTP/1.1" 200 525
190.171.141.82 - - [18/Aug/2022:12:48:00 -0300] "GET /cormun//static/Resources/PXToolsActionPrint.png HTTP/1.1" 200 404
190.171.141.82 - - [18/Aug/2022:12:48:00 -0300] "GET /cormun//static/Resources/PXToolsHeaderHelp.png HTTP/1.1" 200 1333
190.171.141.82 - - [18/Aug/2022:12:48:00 -0300] "GET /cormun//static/Resources/PXToolsHeaderFavorites.png HTTP/1.1" 200 1414
190.171.141.82 - - [18/Aug/2022:12:48:00 -0300] "GET /cormun/static/Shared/ext/resources/themes/images/default/tools/tool-sprites.gif HTTP/1.1" 200 5434
190.171.141.82 - - [18/Aug/2022:12:48:00 -0300] "GET /cormun/static/Shared/ext/resources/themes/images/default/panel/bg-headersPanel.png HTTP/1.1" 200 255
190.171.141.82 - - [18/Aug/2022:12:48:00 -0300] "GET /cormun/servlet/trlicencias? HTTP/1.1" 200 16362
185.7.214.117 - - [18/Aug/2022:12:48:01 -0300] "POST /Autodiscover/Autodiscover.xml HTTP/1.1" 404 1019
190.171.141.82 - - [18/Aug/2022:12:48:15 -0300] "POST /cormun/servlet/trlicencias?d168ab1f2e4690317d99527f57db4847,,gx-no-cache=1660836849949 HTTP/1.1" 200 6665
190.101.54.62 - - [18/Aug/2022:12:48:37 -0300] "GET /cormun/servlet/hlogin HTTP/1.1" 200 1725
190.101.54.62 - - [18/Aug/2022:12:48:37 -0300] "GET /cormun/static/gxtimezone.js?85251 HTTP/1.1" 200 5781
190.101.54.62 - - [18/Aug/2022:12:48:37 -0300] "GET /cormun/static/gxcfg.js?201910216285969 HTTP/1.1" 200 953
190.101.54.62 - - [18/Aug/2022:12:48:37 -0300] "GET /cormun/static/Resources/Spanish/PXTools.css?2294816 HTTP/1.1" 200 100853
190.101.54.62 - - [18/Aug/2022:12:48:37 -0300] "GET /cormun/static/messages.spa.js?85251 HTTP/1.1" 200 30736
190.101.54.62 - - [18/Aug/2022:12:48:37 -0300] "GET /cormun/static/hlogin.js?201910216285995 HTTP/1.1" 200 2136
190.101.54.62 - - [18/Aug/2022:12:48:37 -0300] "GET /cormun/static/Resources/Logo2019_Grande.png HTTP/1.1" 200 31733
190.101.54.62 - - [18/Aug/2022:12:48:37 -0300] "GET /cormun/static/gxgral.js?85251 HTTP/1.1" 200 384558
190.101.54.62 - - [18/Aug/2022:12:48:37 -0300] "GET /cormun/static/Resources/PXToolsLoginTop.png HTTP/1.1" 200 1337
190.101.54.62 - - [18/Aug/2022:12:48:37 -0300] "GET /cormun/static/Resources/PXToolsLoginBackground.png HTTP/1.1" 200 1164
190.101.54.62 - - [18/Aug/2022:12:48:37 -0300] "GET /cormun/static/Resources/PXToolsButtonLeft.png HTTP/1.1" 200 1310
190.101.54.62 - - [18/Aug/2022:12:48:37 -0300] "GET /cormun/static/Resources/PXToolsButtonRight.png HTTP/1.1" 200 1294
190.101.54.62 - - [18/Aug/2022:12:48:37 -0300] "GET /cormun/static/Resources/PXToolsButtonBackground.png HTTP/1.1" 200 1176
190.101.54.62 - - [18/Aug/2022:12:48:37 -0300] "GET /cormun/static/Resources/PXToolsLoginBottom.png HTTP/1.1" 200 1389
190.101.54.62 - - [18/Aug/2022:12:48:37 -0300] "GET /cormun/servlet/hlogin HTTP/1.1" 200 1735
139.87.71.160 - - [18/Aug/2022:12:48:41 -0300] "GET /manager/html HTTP/1.1" 401 2474
139.87.71.160 - - [18/Aug/2022:12:49:21 -0300] "GET /manager/html HTTP/1.1" 401 2474
139.87.71.160 - - [18/Aug/2022:12:50:45 -0300] "GET /manager/html HTTP/1.1" 401 2474
162.142.125.211 - - [18/Aug/2022:12:50:46 -0300] "GET / HTTP/1.1" 200 11217
162.142.125.211 - - [18/Aug/2022:12:50:46 -0300] "GET / HTTP/1.1" 200 11217
162.142.125.211 - - [18/Aug/2022:12:50:47 -0300] "PRI * HTTP/2.0" 505 -
190.171.143.82 - - [18/Aug/2022:12:51:49 -0300] "GET /cormun/servlet/trpermisosadjuntos?8062613,20220817083510,P, HTTP/1.1" 200 6701
190.171.143.82 - - [18/Aug/2022:12:51:51 -0300] "GET /cormun/servlet/trpermisosadjuntos?8062613,20220817083510,P, HTTP/1.1" 200 6680
139.87.71.160 - - [18/Aug/2022:12:52:14 -0300] "GET /manager/html HTTP/1.1" 401 2474
157.55.39.152 - - [18/Aug/2022:12:52:28 -0300] "GET /cormun/servlet/hpexe_link HTTP/1.1" 200 930
139.87.71.160 - - [18/Aug/2022:12:52:59 -0300] "GET /manager/html HTTP/1.1" 401 2474
139.87.71.160 - - [18/Aug/2022:12:53:54 -0300] "GET /manager/html HTTP/1.1" 401 2474
139.87.71.160 - - [18/Aug/2022:12:54:41 -0300] "GET /manager/html HTTP/1.1" 401 2474
139.87.71.160 - - [18/Aug/2022:12:55:43 -0300] "GET /manager/html HTTP/1.1" 401 2474
139.87.71.160 - - [18/Aug/2022:12:56:30 -0300] "GET /manager/html HTTP/1.1" 401 2474
139.87.71.160 - - [18/Aug/2022:12:57:14 -0300] "GET /manager/html HTTP/1.1" 401 2474
139.87.71.160 - - [18/Aug/2022:12:57:49 -0300] "GET /manager/html HTTP/1.1" 401 2474
200.54.107.2 - - [18/Aug/2022:12:58:15 -0300] "GET /cormun/servlet/trcontratosolicitud HTTP/1.1" 200 5674
200.54.107.2 - - [18/Aug/2022:12:58:20 -0300] "GET /cormun/servlet/hlogin HTTP/1.1" 200 1746
200.54.107.2 - - [18/Aug/2022:12:58:20 -0300] "GET /cormun/servlet/trcontratosolicitud HTTP/1.1" 200 5673
200.54.107.2 - - [18/Aug/2022:12:58:23 -0300] "POST /cormun/servlet/hlogin?8ea24dccb218ef7fd9b58948968bacc3,gx-no-cache=1660837456995 HTTP/1.1" 200 90
200.54.107.2 - - [18/Aug/2022:12:58:24 -0300] "GET /cormun/servlet/hpexe_link HTTP/1.1" 200 960
200.54.107.2 - - [18/Aug/2022:12:58:24 -0300] "GET /cormun/servlet/trcontratosolicitud HTTP/1.1" 200 14454
200.54.107.2 - - [18/Aug/2022:12:58:24 -0300] "GET /cormun/static/Shared/ext/resources/themes/images/default/tools/tool-sprites.gif HTTP/1.1" 200 5434
200.54.107.2 - - [18/Aug/2022:12:58:24 -0300] "GET /cormun/servlet/trcontratosolicitud HTTP/1.1" 200 14445
200.54.107.2 - - [18/Aug/2022:12:58:28 -0300] "GET /cormun/servlet/trsolicitudot? HTTP/1.1" 200 7569
200.54.107.2 - - [18/Aug/2022:12:58:28 -0300] "GET /cormun/static/gxcfg.js?201991910464971 HTTP/1.1" 200 953
200.54.107.2 - - [18/Aug/2022:12:58:28 -0300] "GET /cormun/static/trsolicitudot.js?201991910465845 HTTP/1.1" 200 54041
200.54.107.2 - - [18/Aug/2022:12:58:29 -0300] "GET /cormun/servlet/trsolicitudot? HTTP/1.1" 200 7568
200.54.107.2 - - [18/Aug/2022:12:58:31 -0300] "GET /cormun/servlet/solicitudot?INS,0,0,false, HTTP/1.1" 200 16123
200.54.107.2 - - [18/Aug/2022:12:58:31 -0300] "GET /cormun/static/gxcfg.js?20203414241232 HTTP/1.1" 200 953
200.54.107.2 - - [18/Aug/2022:12:58:31 -0300] "GET /cormun/static/Resources/prompt.gif HTTP/1.1" 200 902
200.54.107.2 - - [18/Aug/2022:12:58:31 -0300] "GET /cormun/static/solicitudot.js?20203414242792 HTTP/1.1" 200 74114
200.54.107.2 - - [18/Aug/2022:12:58:32 -0300] "GET /cormun/servlet/solicitudot?INS,0,0,false, HTTP/1.1" 200 16131
139.87.71.160 - - [18/Aug/2022:12:58:35 -0300] "GET /manager/html HTTP/1.1" 401 2474
200.54.107.2 - - [18/Aug/2022:12:58:47 -0300] "POST /cormun/servlet/solicitudot?gx-no-cache=1660837480903 HTTP/1.1" 200 3878
200.54.107.2 - - [18/Aug/2022:12:58:48 -0300] "POST /cormun/servlet/solicitudot?8ea24dccb218ef7fd9b58948968bacc3,INS,0,0,false,,gx-no-cache=1660837481057 HTTP/1.1" 200 12714
200.54.107.2 - - [18/Aug/2022:12:58:55 -0300] "GET /cormun/servlet/solicitudot?7fb5cc576820a9677974f0cfac7e7c6da6f82cb15785b1d13bccf635ed69ad41000ac60b19b68b36c51f645d86581111,gx-no-cache=1660837488838 HTTP/1.1" 200 30
139.87.71.160 - - [18/Aug/2022:12:59:28 -0300] "GET /manager/html HTTP/1.1" 401 2474
190.171.141.90 - - [18/Aug/2022:12:59:50 -0300] "POST /cormun/servlet/trlicencias?b30bb047073ea80c821aad58b1f590b0,,gx-no-cache=1660837540727 HTTP/1.1" 440 972
190.171.141.90 - - [18/Aug/2022:12:59:52 -0300] "GET /cormun/servlet/trlicencias? HTTP/1.1" 200 7516
190.171.141.90 - - [18/Aug/2022:12:59:52 -0300] "GET /cormun/servlet/hlogin HTTP/1.1" 200 1743
190.171.141.90 - - [18/Aug/2022:12:59:53 -0300] "GET /cormun/servlet/trlicencias? HTTP/1.1" 200 7518
190.171.141.90 - - [18/Aug/2022:12:59:56 -0300] "POST /cormun/servlet/hlogin?5f23fe8dfdbf20b1306b3f75e6df9ff5,gx-no-cache=1660837546496 HTTP/1.1" 200 90
190.171.141.90 - - [18/Aug/2022:12:59:56 -0300] "GET /cormun/servlet/hpexe_link HTTP/1.1" 200 955
190.171.141.90 - - [18/Aug/2022:12:59:56 -0300] "GET /cormun/servlet/trlicencias HTTP/1.1" 200 17089
190.171.141.90 - - [18/Aug/2022:12:59:57 -0300] "GET /cormun/servlet/trlicencias HTTP/1.1" 200 17102
139.87.71.160 - - [18/Aug/2022:13:00:27 -0300] "GET /manager/html HTTP/1.1" 401 2474
139.87.71.160 - - [18/Aug/2022:13:01:12 -0300] "GET /manager/html HTTP/1.1" 401 2474
139.87.71.160 - - [18/Aug/2022:13:01:53 -0300] "GET /manager/html HTTP/1.1" 401 2474
200.54.107.2 - - [18/Aug/2022:13:01:58 -0300] "GET /cormun/servlet/solicitudot?7fb5cc576820a9677974f0cfac7e7c6d5de9ef072f1581185d24bdc300ca71ad65ffd8285cbfffc364a190a51d2273ce,gx-no-cache=1660837671534 HTTP/1.1" 200 30
200.54.107.2 - - [18/Aug/2022:13:01:58 -0300] "GET /cormun/servlet/solicitudot?7fb5cc576820a9677974f0cfac7e7c6dbca8fe6e29bdfaf90ab038903fe9326c,gx-no-cache=1660837671681 HTTP/1.1" 200 29
200.54.107.2 - - [18/Aug/2022:13:01:58 -0300] "POST /cormun/servlet/solicitudot?gx-no-cache=1660837671712 HTTP/1.1" 200 297
200.54.107.2 - - [18/Aug/2022:13:01:58 -0300] "GET /cormun/servlet/solicitudot?7fb5cc576820a9677974f0cfac7e7c6da32e86c008f2728064fd00e3690482d859685449b0f07aab13f1f474f6731836a374df86ce3693006bc9cb3c2ff910ed80d4b79304390a65944622720b59dd789791fa804fed70eceba1ce4191fcdc4b7a27f11b6a4a9a2b9acb166cb615dd55b605cc2e3498ef172162d6ed0e7987f64a6a7419882cb69e34ed4f017b43b371cfad1a11fd34c6b12f0e2e697cd0f46f46232d9c9e77a1d307413223a11796dae366418f221db773b882799288aaba1c812edceaa014f5019cc3d049a36596a2cf2d6d94f3895759330bf77022ec9c5b2b711b8b2569ed57a1a7ce42c2ace523facd30a850c051ab253fb13255f13fa765e37082bc328c7c5c45295f9f50d00337d4ef1fd967438ced35803c8478d4207d14785ee2107d1bcbb846dce991d9f4f181811cc672734f34c8d287d8da7ed849d85aafcd1937140e97299fc343054a218e557a716e9f039f19daea20bd29e5047cbc83ffb02ed9c3f7b49750faabe1581038144aeacd7dd60e4afed37c019b8b40f21188a6ac4a3cc5f09af7a59352,gx-no-cache=1660837671743 HTTP/1.1" 200 30
200.54.107.2 - - [18/Aug/2022:13:02:04 -0300] "POST /cormun/servlet/solicitudot?gx-no-cache=1660837677741 HTTP/1.1" 200 30
200.54.107.2 - - [18/Aug/2022:13:02:17 -0300] "GET /cormun/static/Resources/PXTools/ClosePrompt.png HTTP/1.1" 200 1036
200.54.107.2 - - [18/Aug/2022:13:02:17 -0300] "GET /cormun/static/Resources/resize.gif HTTP/1.1" 200 77
200.54.107.2 - - [18/Aug/2022:13:02:17 -0300] "GET /cormun/servlet/prlicenciaspermisos?9281012,L,,MD,,gxPopupLevel%3D0%3B HTTP/1.1" 200 6270
200.54.107.2 - - [18/Aug/2022:13:02:17 -0300] "GET /cormun/static/gxcfg.js?2020121559567 HTTP/1.1" 200 953
200.54.107.2 - - [18/Aug/2022:13:02:17 -0300] "GET /cormun/static/prlicenciaspermisos.js?2020121559821 HTTP/1.1" 200 13379
200.54.107.2 - - [18/Aug/2022:13:02:17 -0300] "GET /cormun/static/menusearch.js?20201214473581 HTTP/1.1" 200 1424
200.54.107.2 - - [18/Aug/2022:13:02:17 -0300] "GET /cormun/static/hmpwkw011.js?20201215495555 HTTP/1.1" 200 1968
200.54.107.2 - - [18/Aug/2022:13:02:17 -0300] "GET /cormun/static/Resources/PXToolsMenuSearch.png HTTP/1.1" 200 336
200.54.107.2 - - [18/Aug/2022:13:02:17 -0300] "GET /cormun/static/Resources/PXToolsMenuSearchCancel.png HTTP/1.1" 200 306
200.54.107.2 - - [18/Aug/2022:13:02:21 -0300] "POST /cormun/servlet/solicitudot?gx-no-cache=1660837694308 HTTP/1.1" 200 1468
200.54.107.2 - - [18/Aug/2022:13:02:24 -0300] "POST /cormun/servlet/solicitudot?gx-no-cache=1660837697251 HTTP/1.1" 200 41
139.87.71.160 - - [18/Aug/2022:13:02:29 -0300] "GET /manager/html HTTP/1.1" 401 2474
200.54.107.2 - - [18/Aug/2022:13:02:46 -0300] "GET /cormun/servlet/solicitudot?7fb5cc576820a9677974f0cfac7e7c6d9a669e7057c442724428be1b6fcbe8808e7f31addcf5e12873aa7fb2990fd8a216aa1f602b4d2d2fe82e17bbeffb3bbe5deb5c704d0f0d3b83960ae5b45892598188036bc6a4d8e96578a7acac8a48deda3857e5b7cae15215727b3f5f2983e6,gx-no-cache=1660837719340 HTTP/1.1" 200 110
200.54.107.2 - - [18/Aug/2022:13:02:46 -0300] "POST /cormun/servlet/solicitudot?gx-no-cache=1660837719397 HTTP/1.1" 200 97
200.54.107.2 - - [18/Aug/2022:13:02:51 -0300] "GET /cormun/servlet/solicitudot?7fb5cc576820a9677974f0cfac7e7c6dd9de1f15f5b793a536fbda2057f466d009f7fc62e32a116f999e51b918123db44fd24ab3621a3b37c52e191c7b2c1ff6da7feff56eecb960cc8106c8be8082cee30ae083467d2d8e6e5712481b210a22358c61b5d24545aa0a18b01a11cab33f,gx-no-cache=1660837724148 HTTP/1.1" 200 29
200.54.107.2 - - [18/Aug/2022:13:02:51 -0300] "GET /cormun/static/menuarrow.gif HTTP/1.1" 404 1015
200.54.107.2 - - [18/Aug/2022:13:02:55 -0300] "GET /cormun/servlet/solicitudot?7fb5cc576820a9677974f0cfac7e7c6d51e8fbb7ec742af26a9de8d92d6493e0f28810dfec62c192e13397d711ae7127,gx-no-cache=1660837729000 HTTP/1.1" 200 30
200.54.107.2 - - [18/Aug/2022:13:02:56 -0300] "POST /cormun/servlet/solicitudot?gx-no-cache=1660837729102 HTTP/1.1" 200 34
139.87.71.160 - - [18/Aug/2022:13:03:07 -0300] "GET /manager/html HTTP/1.1" 401 2474
139.87.71.160 - - [18/Aug/2022:13:04:23 -0300] "GET /manager/html HTTP/1.1" 401 2474
139.87.71.160 - - [18/Aug/2022:13:05:04 -0300] "GET /manager/html HTTP/1.1" 401 2474
139.87.71.160 - - [18/Aug/2022:13:05:58 -0300] "GET /manager/html HTTP/1.1" 401 2474
190.171.143.106 - - [18/Aug/2022:13:06:37 -0300] "GET /cormun/servlet/hlogin HTTP/1.1" 200 1731
190.171.143.106 - - [18/Aug/2022:13:06:37 -0300] "GET /cormun/servlet/hlogin HTTP/1.1" 200 1742
190.171.143.106 - - [18/Aug/2022:13:06:50 -0300] "POST /cormun/servlet/hlogin?d73c2b849912a84ae5e587c26b991653,gx-no-cache=1660837963722 HTTP/1.1" 200 90
190.171.143.106 - - [18/Aug/2022:13:06:50 -0300] "GET /cormun/servlet/hpexe_link HTTP/1.1" 200 955
190.171.143.106 - - [18/Aug/2022:13:06:50 -0300] "GET /cormun/servlet/hhome HTTP/1.1" 200 3974
190.171.143.106 - - [18/Aug/2022:13:06:50 -0300] "GET /cormun/servlet/hhome HTTP/1.1" 200 3970
139.87.71.160 - - [18/Aug/2022:13:07:00 -0300] "GET /manager/html HTTP/1.1" 401 2474
190.171.143.106 - - [18/Aug/2022:13:07:25 -0300] "GET /cormun/servlet/trpermisosgoce? HTTP/1.1" 200 9047
190.171.143.106 - - [18/Aug/2022:13:07:25 -0300] "GET /cormun/servlet/trpermisosgoce? HTTP/1.1" 200 9045
190.171.143.106 - - [18/Aug/2022:13:07:37 -0300] "GET /cormun/servlet/permisogoce?INS,0,,, HTTP/1.1" 200 6845
190.171.143.106 - - [18/Aug/2022:13:07:37 -0300] "GET /cormun/servlet/permisogoce?INS,0,,, HTTP/1.1" 200 6845
139.87.71.160 - - [18/Aug/2022:13:07:40 -0300] "GET /manager/html HTTP/1.1" 401 2474
190.171.143.106 - - [18/Aug/2022:13:07:48 -0300] "GET /cormun/servlet/permisogoce?10799b0cd4a00174b546be07209b35ee2c4b5e41ba626bec6b00793637ea093296fb9480b8f0eb2fb1d0990f1a3ec79dd1690acbb9f10337095dae77fc10ff0d,gx-no-cache=1660838021749 HTTP/1.1" 200 226
190.171.143.106 - - [18/Aug/2022:13:07:48 -0300] "GET /cormun/static/Shared/jqueryui/images/ui-bg_highlight-soft_100_c6c2c8_1x100.png HTTP/1.1" 404 1117
190.171.143.106 - - [18/Aug/2022:13:07:48 -0300] "GET /cormun/static/Shared/jqueryui/images/ui-icons_82798d_256x240.png HTTP/1.1" 404 1089
190.171.143.106 - - [18/Aug/2022:13:07:48 -0300] "GET /cormun/static/Shared/jqueryui/images/ui-bg_flat_55_994d53_40x100.png HTTP/1.1" 404 1097
190.171.143.106 - - [18/Aug/2022:13:07:48 -0300] "GET /cormun/static/Shared/jqueryui/images/ui-icons_ebccce_256x240.png HTTP/1.1" 404 1089
190.171.143.106 - - [18/Aug/2022:13:08:06 -0300] "GET /cormun/servlet/puconsultapgoce?162082094,MD,gxPopupLevel%3D0%3B HTTP/1.1" 200 3751
190.171.143.106 - - [18/Aug/2022:13:08:06 -0300] "GET /cormun/pexe_menus.js HTTP/1.1" 404 1001
190.171.143.106 - - [18/Aug/2022:13:08:06 -0300] "GET /cormun/pexe_link.js HTTP/1.1" 404 999
190.171.143.106 - - [18/Aug/2022:13:08:06 -0300] "GET /cormun/pexe_layers.js HTTP/1.1" 404 1003
190.171.143.106 - - [18/Aug/2022:13:08:06 -0300] "GET /cormun/pexe_grid.js HTTP/1.1" 404 999
190.171.143.106 - - [18/Aug/2022:13:08:06 -0300] "GET /cormun/pexe_cookies.js HTTP/1.1" 404 1005
190.171.143.106 - - [18/Aug/2022:13:08:06 -0300] "GET /cormun/pexe_picture.js HTTP/1.1" 404 1005
190.171.143.106 - - [18/Aug/2022:13:08:06 -0300] "GET /cormun/pexe_windows.js HTTP/1.1" 404 1005
190.171.143.106 - - [18/Aug/2022:13:08:06 -0300] "GET /cormun/pexe_treedivfix.js HTTP/1.1" 404 1011
190.171.143.106 - - [18/Aug/2022:13:08:06 -0300] "GET /cormun/pexe_griddivfix.js HTTP/1.1" 404 1011
190.171.143.106 - - [18/Aug/2022:13:08:06 -0300] "GET /cormun/pexe_tabdivfix.js HTTP/1.1" 404 1009
190.171.143.106 - - [18/Aug/2022:13:08:06 -0300] "GET /cormun/pexe_menudivfix.js HTTP/1.1" 404 1011
190.171.143.106 - - [18/Aug/2022:13:08:06 -0300] "GET /cormun/pexe_autoreload.js HTTP/1.1" 404 1011
190.171.143.106 - - [18/Aug/2022:13:08:14 -0300] "GET /cormun/servlet/trpermisosgoce? HTTP/1.1" 200 9046
190.171.143.106 - - [18/Aug/2022:13:08:14 -0300] "GET /cormun/servlet/trpermisosgoce? HTTP/1.1" 200 9045
190.171.142.10 - - [18/Aug/2022:13:08:45 -0300] "GET /cormun/servlet/hlogin HTTP/1.1" 200 1723
190.171.142.10 - - [18/Aug/2022:13:08:46 -0300] "GET /cormun/servlet/hlogin HTTP/1.1" 200 1733
139.87.71.160 - - [18/Aug/2022:13:08:53 -0300] "GET /manager/html HTTP/1.1" 401 2474
190.171.143.106 - - [18/Aug/2022:13:09:18 -0300] "POST /cormun/servlet/trpermisosgoce?d73c2b849912a84ae5e587c26b991653,,gx-no-cache=1660838111100 HTTP/1.1" 200 4215
139.87.71.160 - - [18/Aug/2022:13:10:03 -0300] "GET /manager/html HTTP/1.1" 401 2474
139.87.71.160 - - [18/Aug/2022:13:11:17 -0300] "GET /manager/html HTTP/1.1" 401 2474
186.172.246.201 - - [18/Aug/2022:13:11:20 -0300] "GET /cormun/servlet/trpermisosgoce HTTP/1.1" 200 6046
186.172.246.201 - - [18/Aug/2022:13:11:21 -0300] "GET /cormun/servlet/hlogin HTTP/1.1" 200 1750
186.172.246.201 - - [18/Aug/2022:13:11:21 -0300] "GET /cormun/servlet/trpermisosgoce HTTP/1.1" 200 6033
186.172.246.201 - - [18/Aug/2022:13:11:22 -0300] "GET /cormun/servlet/trpermisosgoce HTTP/1.1" 200 6033
186.172.246.201 - - [18/Aug/2022:13:11:46 -0300] "POST /cormun/servlet/hlogin?5a9d585e480a389bd623ec51bc584c18,gx-no-cache=1660838259025 HTTP/1.1" 200 90
186.172.246.201 - - [18/Aug/2022:13:11:46 -0300] "GET /cormun/servlet/hpexe_link HTTP/1.1" 200 962
186.172.246.201 - - [18/Aug/2022:13:11:47 -0300] "GET /cormun/servlet/trpermisosgoce HTTP/1.1" 200 8920
186.172.246.201 - - [18/Aug/2022:13:11:47 -0300] "GET /cormun//static/Resources/PXToolsActionDisabled.gif HTTP/1.1" 200 53
186.172.246.201 - - [18/Aug/2022:13:11:48 -0300] "GET /cormun/servlet/trpermisosgoce HTTP/1.1" 200 8919
139.87.71.160 - - [18/Aug/2022:13:11:53 -0300] "GET /manager/html HTTP/1.1" 401 2474
139.87.71.160 - - [18/Aug/2022:13:12:35 -0300] "GET /manager/html HTTP/1.1" 401 2474
186.172.246.201 - - [18/Aug/2022:13:12:46 -0300] "POST /cormun/servlet/trpermisosgoce?5a9d585e480a389bd623ec51bc584c18,gx-no-cache=1660838319385 HTTP/1.1" 200 3951
207.46.13.51 - - [18/Aug/2022:13:12:49 -0300] "GET /cormun/servlet/hhome?_escaped_fragment_= HTTP/1.1" 200 3137
139.87.71.160 - - [18/Aug/2022:13:13:11 -0300] "GET /manager/html HTTP/1.1" 401 2474
139.87.71.160 - - [18/Aug/2022:13:14:20 -0300] "GET /manager/html HTTP/1.1" 401 2474
139.87.71.160 - - [18/Aug/2022:13:15:44 -0300] "GET /manager/html HTTP/1.1" 401 2474
139.87.71.160 - - [18/Aug/2022:13:16:43 -0300] "GET /manager/html HTTP/1.1" 401 2474
139.87.71.160 - - [18/Aug/2022:13:17:43 -0300] "GET /manager/html HTTP/1.1" 401 2474
139.87.71.160 - - [18/Aug/2022:13:18:24 -0300] "GET /manager/html HTTP/1.1" 401 2474
139.87.71.160 - - [18/Aug/2022:13:19:03 -0300] "GET /manager/html HTTP/1.1" 401 2474
190.171.143.106 - - [18/Aug/2022:13:19:12 -0300] "GET /cormun/servlet/permisogoce?INS,0,,, HTTP/1.1" 200 6845
190.171.143.106 - - [18/Aug/2022:13:19:13 -0300] "GET /cormun/servlet/permisogoce?INS,0,,, HTTP/1.1" 200 6844
190.171.143.106 - - [18/Aug/2022:13:19:28 -0300] "GET /cormun/servlet/prfichaempleado?,MD,,gxPopupLevel%3D0%3B HTTP/1.1" 200 9281
190.171.143.106 - - [18/Aug/2022:13:19:28 -0300] "GET /cormun/static/gxcfg.js?20201215571085 HTTP/1.1" 200 953
190.171.143.106 - - [18/Aug/2022:13:19:28 -0300] "GET /cormun/static/menusearch.js?20201214473581 HTTP/1.1" 200 1424
190.171.143.106 - - [18/Aug/2022:13:19:28 -0300] "GET /cormun/static/prfichaempleado.js?20201215572193 HTTP/1.1" 200 16006
190.171.143.106 - - [18/Aug/2022:13:19:28 -0300] "GET /cormun/static/hmpwkw011.js?20201215495555 HTTP/1.1" 200 1968
190.171.143.106 - - [18/Aug/2022:13:19:28 -0300] "GET /cormun/static/Resources/PXToolsMenuSearch.png HTTP/1.1" 200 336
190.171.143.106 - - [18/Aug/2022:13:19:28 -0300] "GET /cormun/static/Resources/PXToolsMenuSearchCancel.png HTTP/1.1" 200 306
23.251.102.74 - - [18/Aug/2022:13:19:35 -0300] "GET / HTTP/1.1" 200 11217
