200.54.107.2 - - [18/Aug/2022:16:48:46 -0300] "GET /cormun/servlet/trsolicitudadjuntos?2022,19092, HTTP/1.1" 200 6460
200.54.107.2 - - [18/Aug/2022:16:48:49 -0300] "GET /cormun/servlet/solicitudotadjuntos?INS,2022,19092,,1, HTTP/1.1" 200 6407
200.54.107.2 - - [18/Aug/2022:16:48:49 -0300] "GET /cormun/static/about:blank HTTP/1.1" 404 1011
200.54.107.2 - - [18/Aug/2022:16:48:49 -0300] "GET /cormun/servlet/solicitudotadjuntos?INS,2022,19092,,1, HTTP/1.1" 200 6400
200.54.107.2 - - [18/Aug/2022:16:48:50 -0300] "GET /cormun/servlet/solicitudotadjuntos?2611376208fe366f1232eca8aa000bd670d15642bb4bb55990319be9e18aa8810b99577b77d2a224cd135f6d7fa043fb,gx-no-cache=1660851283702 HTTP/1.1" 200 30
200.54.107.2 - - [18/Aug/2022:16:48:50 -0300] "POST /cormun/servlet/solicitudotadjuntos?1fb0fd1fe162507c84c3aa75bbef6923,INS,2022,19092,,1,,gx-no-cache=1660851283739 HTTP/1.1" 200 4163
200.54.107.2 - - [18/Aug/2022:16:48:52 -0300] "POST /cormun/servlet/solicitudotadjuntos?gx-no-cache=1660851285756 HTTP/1.1" 200 26
200.54.107.2 - - [18/Aug/2022:16:49:04 -0300] "GET /cormun/servlet/solicitudotadjuntos?2611376208fe366f1232eca8aa000bd644efaeaa259fa529c606104a2d714c24,gx-no-cache=1660851298352 HTTP/1.1" 200 30
200.54.107.2 - - [18/Aug/2022:16:49:05 -0300] "GET /cormun/servlet/solicitudotadjuntos?2611376208fe366f1232eca8aa000bd644efaeaa259fa529c606104a2d714c24,gx-no-cache=1660851298374 HTTP/1.1" 200 30
200.54.107.2 - - [18/Aug/2022:16:49:05 -0300] "POST /cormun/servlet/solicitudotadjuntos?1fb0fd1fe162507c84c3aa75bbef6923,INS,2022,19092,,1, HTTP/1.1" 200 116
200.54.107.2 - - [18/Aug/2022:16:49:05 -0300] "GET /cormun/servlet/hpexe_return? HTTP/1.1" 200 1033
200.54.107.2 - - [18/Aug/2022:16:49:05 -0300] "GET /cormun/servlet/trsolicitudadjuntos?2022,19092, HTTP/1.1" 200 9240
200.54.107.2 - - [18/Aug/2022:16:49:05 -0300] "GET /cormun/servlet/trsolicitudadjuntos?2022,19092, HTTP/1.1" 200 9238
200.54.107.2 - - [18/Aug/2022:16:49:08 -0300] "GET /cormun/servlet/solicitudotadjuntos?INS,2022,19092,,1, HTTP/1.1" 200 6406
200.54.107.2 - - [18/Aug/2022:16:49:09 -0300] "GET /cormun/static/about:blank HTTP/1.1" 404 1011
200.54.107.2 - - [18/Aug/2022:16:49:09 -0300] "GET /cormun/servlet/solicitudotadjuntos?INS,2022,19092,,1, HTTP/1.1" 200 6399
200.54.107.2 - - [18/Aug/2022:16:49:09 -0300] "GET /cormun/servlet/solicitudotadjuntos?2611376208fe366f1232eca8aa000bd670d15642bb4bb55990319be9e18aa8810b99577b77d2a224cd135f6d7fa043fb,gx-no-cache=1660851302911 HTTP/1.1" 200 30
200.54.107.2 - - [18/Aug/2022:16:49:09 -0300] "POST /cormun/servlet/solicitudotadjuntos?1fb0fd1fe162507c84c3aa75bbef6923,INS,2022,19092,,1,,gx-no-cache=1660851302940 HTTP/1.1" 200 4161
139.87.71.160 - - [18/Aug/2022:16:49:12 -0300] "GET /manager/html HTTP/1.1" 401 2474
200.54.107.2 - - [18/Aug/2022:16:49:15 -0300] "POST /cormun/servlet/solicitudotadjuntos?gx-no-cache=1660851308840 HTTP/1.1" 200 26
200.54.107.2 - - [18/Aug/2022:16:49:22 -0300] "GET /cormun/servlet/solicitudotadjuntos?2611376208fe366f1232eca8aa000bd644efaeaa259fa529c606104a2d714c24,gx-no-cache=1660851315631 HTTP/1.1" 200 30
200.54.107.2 - - [18/Aug/2022:16:49:22 -0300] "GET /cormun/servlet/solicitudotadjuntos?2611376208fe366f1232eca8aa000bd644efaeaa259fa529c606104a2d714c24,gx-no-cache=1660851315660 HTTP/1.1" 200 30
200.54.107.2 - - [18/Aug/2022:16:49:22 -0300] "POST /cormun/servlet/solicitudotadjuntos?1fb0fd1fe162507c84c3aa75bbef6923,INS,2022,19092,,1, HTTP/1.1" 200 116
200.54.107.2 - - [18/Aug/2022:16:49:22 -0300] "GET /cormun/servlet/hpexe_return? HTTP/1.1" 200 1033
200.54.107.2 - - [18/Aug/2022:16:49:22 -0300] "GET /cormun/servlet/trsolicitudadjuntos?2022,19092, HTTP/1.1" 200 9501
200.54.107.2 - - [18/Aug/2022:16:49:23 -0300] "GET /cormun/servlet/trsolicitudadjuntos?2022,19092, HTTP/1.1" 200 9501
200.54.107.2 - - [18/Aug/2022:16:49:25 -0300] "GET /cormun/servlet/solicitudotadjuntos?INS,2022,19092,,1, HTTP/1.1" 200 6406
200.54.107.2 - - [18/Aug/2022:16:49:25 -0300] "GET /cormun/static/about:blank HTTP/1.1" 404 1011
200.54.107.2 - - [18/Aug/2022:16:49:25 -0300] "GET /cormun/servlet/solicitudotadjuntos?INS,2022,19092,,1, HTTP/1.1" 200 6399
200.54.107.2 - - [18/Aug/2022:16:49:26 -0300] "GET /cormun/servlet/solicitudotadjuntos?2611376208fe366f1232eca8aa000bd670d15642bb4bb55990319be9e18aa8810b99577b77d2a224cd135f6d7fa043fb,gx-no-cache=1660851319549 HTTP/1.1" 200 30
200.54.107.2 - - [18/Aug/2022:16:49:26 -0300] "POST /cormun/servlet/solicitudotadjuntos?1fb0fd1fe162507c84c3aa75bbef6923,INS,2022,19092,,1,,gx-no-cache=1660851319587 HTTP/1.1" 200 4161
139.87.71.160 - - [18/Aug/2022:16:49:51 -0300] "GET /manager/html HTTP/1.1" 401 2474
139.87.71.160 - - [18/Aug/2022:16:50:44 -0300] "GET /manager/html HTTP/1.1" 401 2474
139.87.71.160 - - [18/Aug/2022:16:51:27 -0300] "GET /manager/html HTTP/1.1" 401 2474
139.87.71.160 - - [18/Aug/2022:16:52:00 -0300] "GET /manager/html HTTP/1.1" 401 2474
139.87.71.160 - - [18/Aug/2022:16:52:37 -0300] "GET /manager/html HTTP/1.1" 401 2474
139.87.71.160 - - [18/Aug/2022:16:53:51 -0300] "GET /manager/html HTTP/1.1" 401 2474
139.87.71.160 - - [18/Aug/2022:16:54:34 -0300] "GET /manager/html HTTP/1.1" 401 2474
200.54.107.2 - - [18/Aug/2022:16:55:21 -0300] "POST /cormun/servlet/solicitudotadjuntos?gx-no-cache=1660851675227 HTTP/1.1" 200 26
139.87.71.160 - - [18/Aug/2022:16:55:23 -0300] "GET /manager/html HTTP/1.1" 401 2474
200.54.107.2 - - [18/Aug/2022:16:55:33 -0300] "GET /cormun/servlet/solicitudotadjuntos?2611376208fe366f1232eca8aa000bd644efaeaa259fa529c606104a2d714c24,gx-no-cache=1660851687296 HTTP/1.1" 200 30
200.54.107.2 - - [18/Aug/2022:16:55:33 -0300] "GET /cormun/servlet/solicitudotadjuntos?2611376208fe366f1232eca8aa000bd644efaeaa259fa529c606104a2d714c24,gx-no-cache=1660851687311 HTTP/1.1" 200 30
200.54.107.2 - - [18/Aug/2022:16:55:34 -0300] "POST /cormun/servlet/solicitudotadjuntos?1fb0fd1fe162507c84c3aa75bbef6923,INS,2022,19092,,1, HTTP/1.1" 200 116
200.54.107.2 - - [18/Aug/2022:16:55:34 -0300] "GET /cormun/servlet/hpexe_return? HTTP/1.1" 200 1033
200.54.107.2 - - [18/Aug/2022:16:55:34 -0300] "GET /cormun/servlet/trsolicitudadjuntos?2022,19092, HTTP/1.1" 200 9763
200.54.107.2 - - [18/Aug/2022:16:55:34 -0300] "GET /cormun/servlet/trsolicitudadjuntos?2022,19092, HTTP/1.1" 200 9763
200.54.107.2 - - [18/Aug/2022:16:55:41 -0300] "GET /cormun/servlet/solicitudotadjuntos?INS,2022,19092,,1, HTTP/1.1" 200 6407
200.54.107.2 - - [18/Aug/2022:16:55:42 -0300] "GET /cormun/static/about:blank HTTP/1.1" 404 1011
200.54.107.2 - - [18/Aug/2022:16:55:42 -0300] "GET /cormun/servlet/solicitudotadjuntos?INS,2022,19092,,1, HTTP/1.1" 200 6400
200.54.107.2 - - [18/Aug/2022:16:55:42 -0300] "GET /cormun/servlet/solicitudotadjuntos?2611376208fe366f1232eca8aa000bd670d15642bb4bb55990319be9e18aa8810b99577b77d2a224cd135f6d7fa043fb,gx-no-cache=1660851696075 HTTP/1.1" 200 30
200.54.107.2 - - [18/Aug/2022:16:55:42 -0300] "POST /cormun/servlet/solicitudotadjuntos?1fb0fd1fe162507c84c3aa75bbef6923,INS,2022,19092,,1,,gx-no-cache=1660851696113 HTTP/1.1" 200 4161
200.54.107.2 - - [18/Aug/2022:16:55:49 -0300] "POST /cormun/servlet/solicitudotadjuntos?gx-no-cache=1660851702891 HTTP/1.1" 200 26
200.54.107.2 - - [18/Aug/2022:16:55:56 -0300] "GET /cormun/servlet/solicitudotadjuntos?2611376208fe366f1232eca8aa000bd644efaeaa259fa529c606104a2d714c24,gx-no-cache=1660851709897 HTTP/1.1" 200 30
200.54.107.2 - - [18/Aug/2022:16:55:56 -0300] "GET /cormun/servlet/solicitudotadjuntos?2611376208fe366f1232eca8aa000bd644efaeaa259fa529c606104a2d714c24,gx-no-cache=1660851709920 HTTP/1.1" 200 30
200.54.107.2 - - [18/Aug/2022:16:55:56 -0300] "POST /cormun/servlet/solicitudotadjuntos?1fb0fd1fe162507c84c3aa75bbef6923,INS,2022,19092,,1, HTTP/1.1" 200 116
200.54.107.2 - - [18/Aug/2022:16:55:56 -0300] "GET /cormun/servlet/hpexe_return? HTTP/1.1" 200 1033
200.54.107.2 - - [18/Aug/2022:16:55:57 -0300] "GET /cormun/servlet/trsolicitudadjuntos?2022,19092, HTTP/1.1" 200 9998
200.54.107.2 - - [18/Aug/2022:16:55:57 -0300] "GET /cormun/servlet/trsolicitudadjuntos?2022,19092, HTTP/1.1" 200 9995
139.87.71.160 - - [18/Aug/2022:16:56:31 -0300] "GET /manager/html HTTP/1.1" 401 2474
139.87.71.160 - - [18/Aug/2022:16:57:11 -0300] "GET /manager/html HTTP/1.1" 401 2474
190.171.141.106 - - [18/Aug/2022:16:57:22 -0300] "GET /cormun/servlet/trlicencias? HTTP/1.1" 200 7501
190.171.141.106 - - [18/Aug/2022:16:57:22 -0300] "GET /cormun/servlet/hlogin HTTP/1.1" 200 1739
190.171.141.106 - - [18/Aug/2022:16:57:23 -0300] "GET /cormun/servlet/trlicencias? HTTP/1.1" 200 7514
190.171.141.106 - - [18/Aug/2022:16:57:34 -0300] "POST /cormun/servlet/hlogin?bea1a0e765e4988f39e52b34249b8200,gx-no-cache=1660848266741 HTTP/1.1" 200 90
190.171.141.106 - - [18/Aug/2022:16:57:34 -0300] "GET /cormun/servlet/hpexe_link HTTP/1.1" 200 955
190.171.141.106 - - [18/Aug/2022:16:57:34 -0300] "GET /cormun/servlet/trlicencias HTTP/1.1" 200 13938
190.171.141.106 - - [18/Aug/2022:16:57:35 -0300] "GET /cormun/servlet/trlicencias HTTP/1.1" 200 13927
139.87.71.160 - - [18/Aug/2022:16:57:49 -0300] "GET /manager/html HTTP/1.1" 401 2474
201.186.225.183 - - [18/Aug/2022:16:58:18 -0300] "-" 400 -
139.87.71.160 - - [18/Aug/2022:16:58:32 -0300] "GET /manager/html HTTP/1.1" 401 2474
139.87.71.160 - - [18/Aug/2022:16:59:04 -0300] "GET /manager/html HTTP/1.1" 401 2474
190.171.143.106 - - [18/Aug/2022:16:59:17 -0300] "POST /cormun/servlet/trpermisosgoce?e6d884d6857796b8820a4e4ef8b73f2d,gx-no-cache=1660851910548 HTTP/1.1" 440 972
190.171.143.106 - - [18/Aug/2022:16:59:19 -0300] "GET /cormun/servlet/trpermisosgoce HTTP/1.1" 200 6026
190.171.143.106 - - [18/Aug/2022:16:59:19 -0300] "GET /cormun/servlet/hlogin HTTP/1.1" 200 1742
190.171.143.106 - - [18/Aug/2022:16:59:19 -0300] "GET /cormun/servlet/trpermisosgoce HTTP/1.1" 200 6026
190.171.143.106 - - [18/Aug/2022:16:59:22 -0300] "POST /cormun/servlet/hlogin?ad5cdd118064ee493e6baee69f567042,gx-no-cache=1660851915611 HTTP/1.1" 200 90
190.171.143.106 - - [18/Aug/2022:16:59:22 -0300] "GET /cormun/servlet/hpexe_link HTTP/1.1" 200 956
190.171.143.106 - - [18/Aug/2022:16:59:23 -0300] "GET /cormun/servlet/trpermisosgoce HTTP/1.1" 200 8914
190.171.143.106 - - [18/Aug/2022:16:59:23 -0300] "GET /cormun/servlet/trpermisosgoce HTTP/1.1" 200 8912
139.87.71.160 - - [18/Aug/2022:16:59:41 -0300] "GET /manager/html HTTP/1.1" 401 2474
190.171.143.106 - - [18/Aug/2022:16:59:54 -0300] "POST /cormun/servlet/trpermisosgoce?ad5cdd118064ee493e6baee69f567042,gx-no-cache=1660851946917 HTTP/1.1" 200 3930
190.171.142.10 - - [18/Aug/2022:17:00:22 -0300] "GET /cormun/servlet/hlogin HTTP/1.1" 200 1728
190.171.142.10 - - [18/Aug/2022:17:00:25 -0300] "GET /cormun/servlet/hlogin HTTP/1.1" 200 1738
190.171.142.10 - - [18/Aug/2022:17:00:25 -0300] "GET /cormun/static/Resources/PXToolsButtonLeft.png HTTP/1.1" 200 1310
190.171.142.10 - - [18/Aug/2022:17:00:25 -0300] "GET /cormun/static/Resources/PXToolsButtonRight.png HTTP/1.1" 200 1294
190.171.142.10 - - [18/Aug/2022:17:00:25 -0300] "GET /cormun/static/Resources/PXToolsLoginBottom.png HTTP/1.1" 200 1389
190.171.142.10 - - [18/Aug/2022:17:00:41 -0300] "POST /cormun/servlet/hlogin?a1ff63aa309a0094a4eedca24a750710,gx-no-cache=1660851993254 HTTP/1.1" 200 90
190.171.142.10 - - [18/Aug/2022:17:00:42 -0300] "GET /cormun/servlet/hpexe_link HTTP/1.1" 200 956
190.171.142.10 - - [18/Aug/2022:17:00:42 -0300] "GET /cormun/servlet/hhome HTTP/1.1" 200 3993
190.171.142.10 - - [18/Aug/2022:17:00:46 -0300] "GET /cormun/servlet/hhome HTTP/1.1" 200 3989
139.87.71.160 - - [18/Aug/2022:17:01:01 -0300] "GET /manager/html HTTP/1.1" 401 2474
190.171.142.10 - - [18/Aug/2022:17:01:01 -0300] "GET /cormun/servlet/trlicencias? HTTP/1.1" 200 14309
190.171.142.10 - - [18/Aug/2022:17:01:02 -0300] "GET /cormun/servlet/trlicencias? HTTP/1.1" 200 14278
139.87.71.160 - - [18/Aug/2022:17:02:52 -0300] "GET /manager/html HTTP/1.1" 401 2474
139.87.71.160 - - [18/Aug/2022:17:04:48 -0300] "GET /manager/html HTTP/1.1" 401 2474
128.199.236.104 - - [18/Aug/2022:17:05:35 -0300] "-" 400 -
128.199.236.104 - - [18/Aug/2022:17:05:36 -0300] "-" 400 -
128.199.236.104 - - [18/Aug/2022:17:05:36 -0300] "GET / HTTP/1.1" 200 11217
139.87.71.160 - - [18/Aug/2022:17:06:36 -0300] "GET /manager/html HTTP/1.1" 401 2474
139.87.71.160 - - [18/Aug/2022:17:07:11 -0300] "GET /manager/html HTTP/1.1" 401 2474
139.87.71.160 - - [18/Aug/2022:17:09:06 -0300] "GET /manager/html HTTP/1.1" 401 2474
139.87.71.160 - - [18/Aug/2022:17:10:04 -0300] "GET /manager/html HTTP/1.1" 401 2474
139.87.71.160 - - [18/Aug/2022:17:11:23 -0300] "GET /manager/html HTTP/1.1" 401 2474
139.87.71.160 - - [18/Aug/2022:17:11:58 -0300] "GET /manager/html HTTP/1.1" 401 2474
139.87.71.160 - - [18/Aug/2022:17:12:33 -0300] "GET /manager/html HTTP/1.1" 401 2474
139.87.71.160 - - [18/Aug/2022:17:15:00 -0300] "GET /manager/html HTTP/1.1" 401 2474
139.87.71.160 - - [18/Aug/2022:17:16:52 -0300] "GET /manager/html HTTP/1.1" 401 2474
139.87.71.160 - - [18/Aug/2022:17:17:29 -0300] "GET /manager/html HTTP/1.1" 401 2474
139.87.71.160 - - [18/Aug/2022:17:18:42 -0300] "GET /manager/html HTTP/1.1" 401 2474
139.87.71.160 - - [18/Aug/2022:17:19:55 -0300] "GET /manager/html HTTP/1.1" 401 2474
139.87.71.160 - - [18/Aug/2022:17:20:34 -0300] "GET /manager/html HTTP/1.1" 401 2474
168.196.203.202 - - [18/Aug/2022:17:20:52 -0300] "GET /cormun/servlet/hlogin HTTP/1.1" 200 1728
168.196.203.202 - - [18/Aug/2022:17:20:52 -0300] "GET /cormun/static/gxtimezone.js?85251 HTTP/1.1" 200 5781
168.196.203.202 - - [18/Aug/2022:17:20:52 -0300] "GET /cormun/static/gxcfg.js?201910216285969 HTTP/1.1" 200 953
168.196.203.202 - - [18/Aug/2022:17:20:52 -0300] "GET /cormun/static/Resources/Spanish/PXTools.css?2294816 HTTP/1.1" 200 100853
168.196.203.202 - - [18/Aug/2022:17:20:52 -0300] "GET /cormun/static/messages.spa.js?85251 HTTP/1.1" 200 30736
168.196.203.202 - - [18/Aug/2022:17:20:52 -0300] "GET /cormun/static/hlogin.js?201910216285995 HTTP/1.1" 200 2136
168.196.203.202 - - [18/Aug/2022:17:20:52 -0300] "GET /cormun/static/Resources/Logo2019_Grande.png HTTP/1.1" 200 31733
168.196.203.202 - - [18/Aug/2022:17:20:52 -0300] "GET /cormun/static/gxgral.js?85251 HTTP/1.1" 200 384558
168.196.203.202 - - [18/Aug/2022:17:20:52 -0300] "GET /cormun/static/Resources/PXToolsLoginTop.png HTTP/1.1" 200 1337
168.196.203.202 - - [18/Aug/2022:17:20:52 -0300] "GET /cormun/static/Resources/PXToolsLoginBackground.png HTTP/1.1" 200 1164
168.196.203.202 - - [18/Aug/2022:17:20:52 -0300] "GET /cormun/static/Resources/PXToolsButtonLeft.png HTTP/1.1" 200 1310
168.196.203.202 - - [18/Aug/2022:17:20:52 -0300] "GET /cormun/static/Resources/PXToolsButtonRight.png HTTP/1.1" 200 1294
168.196.203.202 - - [18/Aug/2022:17:20:52 -0300] "GET /cormun/static/Resources/PXToolsButtonBackground.png HTTP/1.1" 200 1176
168.196.203.202 - - [18/Aug/2022:17:20:52 -0300] "GET /cormun/static/Resources/PXToolsLoginBottom.png HTTP/1.1" 200 1389
168.196.203.202 - - [18/Aug/2022:17:20:52 -0300] "GET /cormun/static/Resources/indicator.gif HTTP/1.1" 200 1553
168.196.203.202 - - [18/Aug/2022:17:20:52 -0300] "GET /cormun/servlet/hlogin HTTP/1.1" 200 1738
168.196.203.202 - - [18/Aug/2022:17:20:52 -0300] "GET /favicon.ico HTTP/1.1" 200 21630
139.87.71.160 - - [18/Aug/2022:17:22:16 -0300] "GET /manager/html HTTP/1.1" 401 2474
139.87.71.160 - - [18/Aug/2022:17:23:16 -0300] "GET /manager/html HTTP/1.1" 401 2474
157.55.39.31 - - [18/Aug/2022:17:24:26 -0300] "GET /cormun/servlet/trautorizarsolicitud HTTP/1.1" 200 6195
139.87.71.160 - - [18/Aug/2022:17:24:38 -0300] "GET /manager/html HTTP/1.1" 401 2474
40.77.167.20 - - [18/Aug/2022:17:24:40 -0300] "GET /cormun/static/gxui/gxui-all.css?110300 HTTP/1.1" 200 2179
157.55.39.27 - - [18/Aug/2022:17:24:41 -0300] "GET /cormun/static/PXToolsJavascripts/pexe_upload.js HTTP/1.1" 200 1423
157.55.39.152 - - [18/Aug/2022:17:24:42 -0300] "GET /cormun/static/hpexe_scripts.js?20201214471411 HTTP/1.1" 200 1544
207.46.13.109 - - [18/Aug/2022:17:24:42 -0300] "GET /cormun/static/PXToolsJavascripts/pexe_scrolldiv.js HTTP/1.1" 200 4138
157.55.39.27 - - [18/Aug/2022:17:24:43 -0300] "GET /cormun/static/Shared/jquery/jquery-1.10.2.min.js HTTP/1.1" 200 273199
207.46.13.109 - - [18/Aug/2022:17:24:45 -0300] "GET /cormun/static/PXToolsJavascripts/pexe_tabs.js HTTP/1.1" 200 3748
157.55.39.152 - - [18/Aug/2022:17:24:45 -0300] "GET /cormun/static/trautorizarsolicitud.js?201991422415463 HTTP/1.1" 200 53910
207.46.13.51 - - [18/Aug/2022:17:24:46 -0300] "GET /cormun/static/Shared/ext/resources/css/ext-all.css?205870 HTTP/1.1" 200 416045
207.46.13.109 - - [18/Aug/2022:17:24:48 -0300] "GET /cormun/static/calendar-system.css?75620 HTTP/1.1" 200 5572
207.46.13.51 - - [18/Aug/2022:17:24:48 -0300] "GET /cormun/static/SmoothNavMenu/resources/ddsmoothmenu.css?1112540 HTTP/1.1" 200 2223
207.46.13.109 - - [18/Aug/2022:17:24:51 -0300] "GET /cormun/static/calendar.js?85251 HTTP/1.1" 200 26246
139.87.71.160 - - [18/Aug/2022:17:25:49 -0300] "GET /manager/html HTTP/1.1" 401 2474
139.87.71.160 - - [18/Aug/2022:17:27:08 -0300] "GET /manager/html HTTP/1.1" 401 2474
181.212.43.89 - - [18/Aug/2022:17:27:16 -0300] "GET /cormun/servlet/hlogin HTTP/1.1" 200 1735
181.212.43.89 - - [18/Aug/2022:17:27:22 -0300] "POST /cormun/servlet/hlogin?4d6fbabfd092c74098315641fc89c7af,gx-no-cache=1660853594741 HTTP/1.1" 200 90
181.212.43.89 - - [18/Aug/2022:17:27:22 -0300] "GET /cormun/servlet/hpexe_link HTTP/1.1" 200 960
181.212.43.89 - - [18/Aug/2022:17:27:22 -0300] "GET /cormun/servlet/hhome HTTP/1.1" 200 4012
181.212.43.89 - - [18/Aug/2022:17:27:22 -0300] "GET /cormun/servlet/hhome HTTP/1.1" 200 4009
181.212.43.89 - - [18/Aug/2022:17:27:26 -0300] "GET /cormun/servlet/trlicencias? HTTP/1.1" 200 12867
181.212.43.89 - - [18/Aug/2022:17:27:26 -0300] "GET /cormun/servlet/trlicencias? HTTP/1.1" 200 12862
139.87.71.160 - - [18/Aug/2022:17:27:43 -0300] "GET /manager/html HTTP/1.1" 401 2474
181.212.43.89 - - [18/Aug/2022:17:27:45 -0300] "GET /cormun/servlet/trpermisosgoce? HTTP/1.1" 200 10678
181.212.43.89 - - [18/Aug/2022:17:27:45 -0300] "GET /cormun/servlet/trpermisosgoce? HTTP/1.1" 200 10678
181.212.43.89 - - [18/Aug/2022:17:27:55 -0300] "GET /cormun/servlet/permisogoce?INS,0,,, HTTP/1.1" 200 6876
181.212.43.89 - - [18/Aug/2022:17:27:56 -0300] "GET /cormun/servlet/permisogoce?INS,0,,, HTTP/1.1" 200 6876
181.212.43.89 - - [18/Aug/2022:17:28:06 -0300] "GET /cormun/servlet/permisogoce?4465a9c958a59ffe7d68bdb5eeba6e0b70b608ca5a6cc67c1a989eb5b26950bd5731ad4bb5610926a459bc7ab7c5b6839864e043570ce34599532e66031f5bd3,gx-no-cache=1660853639003 HTTP/1.1" 200 226
181.212.43.89 - - [18/Aug/2022:17:28:06 -0300] "GET /cormun/static/Shared/jqueryui/images/ui-bg_highlight-soft_100_c6c2c8_1x100.png HTTP/1.1" 404 1117
181.212.43.89 - - [18/Aug/2022:17:28:06 -0300] "GET /cormun/static/Shared/jqueryui/images/ui-icons_ebccce_256x240.png HTTP/1.1" 404 1089
181.212.43.89 - - [18/Aug/2022:17:28:06 -0300] "GET /cormun/static/Shared/jqueryui/images/ui-icons_82798d_256x240.png HTTP/1.1" 404 1089
181.212.43.89 - - [18/Aug/2022:17:28:06 -0300] "GET /cormun/static/Shared/jqueryui/images/ui-bg_flat_55_994d53_40x100.png HTTP/1.1" 404 1097
181.212.43.89 - - [18/Aug/2022:17:28:18 -0300] "GET /cormun/servlet/permisogoce?4465a9c958a59ffe7d68bdb5eeba6e0bb42d482c5949fb9fb537e513832a83df69de16ffb5ef702210f71dccbfa7d4d69aa07d4d6e69ce1d785d010378665a81,gx-no-cache=1660853651500 HTTP/1.1" 200 83
181.212.43.89 - - [18/Aug/2022:17:28:22 -0300] "GET /cormun/static/menuarrow.gif HTTP/1.1" 404 1015
181.212.43.89 - - [18/Aug/2022:17:28:25 -0300] "GET /cormun/servlet/permisogoce?4465a9c958a59ffe7d68bdb5eeba6e0b10510f11ef108a753e8fb1744e54d64e6b5df7d59a1ada8d8c0821636bfc87be8f441420e2c155df00eb671ecde7be7e,gx-no-cache=1660853657751 HTTP/1.1" 200 48
181.212.43.89 - - [18/Aug/2022:17:28:28 -0300] "POST /cormun/servlet/permisogoce?4d6fbabfd092c74098315641fc89c7af,INS,0,,,,gx-no-cache=1660853660506 HTTP/1.1" 200 93
181.212.43.89 - - [18/Aug/2022:17:28:28 -0300] "GET /cormun/servlet/hpexe_return? HTTP/1.1" 200 1018
181.212.43.89 - - [18/Aug/2022:17:28:28 -0300] "GET /cormun/servlet/trpermisosgoce HTTP/1.1" 200 11003
181.212.43.89 - - [18/Aug/2022:17:28:29 -0300] "GET /cormun/servlet/trpermisosgoce HTTP/1.1" 200 10998
139.87.71.160 - - [18/Aug/2022:17:28:31 -0300] "GET /manager/html HTTP/1.1" 401 2474
181.212.43.89 - - [18/Aug/2022:17:28:32 -0300] "GET /cormun/servlet/apermisogoceprn?18446707,P,20220818161052,PU HTTP/1.1" 200 1674
181.212.43.89 - - [18/Aug/2022:17:28:38 -0300] "GET /cormun/servlet/trpermisosadjuntos?18446707,20220818161052,P, HTTP/1.1" 200 6335
181.212.43.89 - - [18/Aug/2022:17:28:38 -0300] "GET /cormun/servlet/trpermisosadjuntos?18446707,20220818161052,P, HTTP/1.1" 200 6336
181.212.43.89 - - [18/Aug/2022:17:28:40 -0300] "GET /cormun/servlet/permisosadjuntos?INS,18446707,P,20220818161052,, HTTP/1.1" 200 5655
181.212.43.89 - - [18/Aug/2022:17:28:40 -0300] "GET /cormun/static/about:blank HTTP/1.1" 404 1011
181.212.43.89 - - [18/Aug/2022:17:28:40 -0300] "GET /cormun/servlet/permisosadjuntos?INS,18446707,P,20220818161052,, HTTP/1.1" 200 5645
181.212.43.89 - - [18/Aug/2022:17:29:05 -0300] "POST /cormun/servlet/permisosadjuntos?4d6fbabfd092c74098315641fc89c7af,INS,18446707,P,20220818161052,, HTTP/1.1" 200 116
181.212.43.89 - - [18/Aug/2022:17:29:05 -0300] "GET /cormun/servlet/hpexe_return? HTTP/1.1" 200 1044
181.212.43.89 - - [18/Aug/2022:17:29:05 -0300] "GET /cormun/servlet/trpermisosadjuntos?18446707,20220818161052,P, HTTP/1.1" 200 6810
181.212.43.89 - - [18/Aug/2022:17:29:06 -0300] "GET /cormun/servlet/trpermisosadjuntos?18446707,20220818161052,P, HTTP/1.1" 200 6806
139.87.71.160 - - [18/Aug/2022:17:29:07 -0300] "GET /manager/html HTTP/1.1" 401 2474
181.212.43.89 - - [18/Aug/2022:17:29:07 -0300] "POST /cormun/servlet/trpermisosadjuntos?4d6fbabfd092c74098315641fc89c7af,18446707,20220818161052,P,,gx-no-cache=1660853700609 HTTP/1.1" 200 90
181.212.43.89 - - [18/Aug/2022:17:29:07 -0300] "GET /cormun/servlet/hpexe_link HTTP/1.1" 200 992
181.212.43.89 - - [18/Aug/2022:17:29:08 -0300] "GET /cormun/servlet/trpermisosgoce HTTP/1.1" 200 11000
181.212.43.89 - - [18/Aug/2022:17:29:08 -0300] "GET /cormun/servlet/trpermisosgoce HTTP/1.1" 200 10998
181.212.43.89 - - [18/Aug/2022:17:29:10 -0300] "POST /cormun/servlet/trpermisosgoce?4d6fbabfd092c74098315641fc89c7af,gx-no-cache=1660853703254 HTTP/1.1" 200 8240
181.212.43.89 - - [18/Aug/2022:17:29:10 -0300] "GET /cormun/static/Shared/jqueryui/images/ui-bg_highlight-soft_100_c6c2c8_1x100.png HTTP/1.1" 404 1117
181.212.43.89 - - [18/Aug/2022:17:29:10 -0300] "GET /cormun/static/Shared/jqueryui/images/ui-bg_flat_55_fafafa_40x100.png HTTP/1.1" 404 1097
181.212.43.89 - - [18/Aug/2022:17:29:10 -0300] "GET /cormun/static/Shared/jqueryui/images/ui-icons_8d78a5_256x240.png HTTP/1.1" 404 1089
181.212.43.89 - - [18/Aug/2022:17:29:10 -0300] "GET /cormun/static/Shared/jqueryui/images/ui-icons_82798d_256x240.png HTTP/1.1" 404 1089
181.212.43.89 - - [18/Aug/2022:17:29:36 -0300] "GET /cormun/servlet/permisogoce?INS,0,,, HTTP/1.1" 200 6876
181.212.43.89 - - [18/Aug/2022:17:29:36 -0300] "GET /cormun/servlet/permisogoce?INS,0,,, HTTP/1.1" 200 6876
139.87.71.160 - - [18/Aug/2022:17:29:44 -0300] "GET /manager/html HTTP/1.1" 401 2474
139.87.71.160 - - [18/Aug/2022:17:30:21 -0300] "GET /manager/html HTTP/1.1" 401 2474
139.87.71.160 - - [18/Aug/2022:17:30:59 -0300] "GET /manager/html HTTP/1.1" 401 2474
139.87.71.160 - - [18/Aug/2022:17:32:12 -0300] "GET /manager/html HTTP/1.1" 401 2474
139.87.71.160 - - [18/Aug/2022:17:33:25 -0300] "GET /manager/html HTTP/1.1" 401 2474
139.87.71.160 - - [18/Aug/2022:17:34:01 -0300] "GET /manager/html HTTP/1.1" 401 2474
139.87.71.160 - - [18/Aug/2022:17:34:36 -0300] "GET /manager/html HTTP/1.1" 401 2474
201.186.225.227 - - [18/Aug/2022:17:35:04 -0300] "GET /cormun/servlet/hhome HTTP/1.1" 200 3322
201.186.225.227 - - [18/Aug/2022:17:35:04 -0300] "GET /cormun/static/SmoothNavMenu/resources/ddsmoothmenu.css?1112540 HTTP/1.1" 200 2223
201.186.225.227 - - [18/Aug/2022:17:35:04 -0300] "GET /cormun/static/Shared/jqueryui/jquery-ui.min.css?1345370 HTTP/1.1" 200 30288
201.186.225.227 - - [18/Aug/2022:17:35:04 -0300] "GET /cormun/static/gxtimezone.js?85251 HTTP/1.1" 200 5781
201.186.225.227 - - [18/Aug/2022:17:35:04 -0300] "GET /cormun/static/SmoothNavMenu/resources/ddsmoothmenu-v.css?1112540 HTTP/1.1" 200 1188
201.186.225.227 - - [18/Aug/2022:17:35:04 -0300] "GET /cormun/static/gxcfg.js?20201215495537 HTTP/1.1" 200 953
201.186.225.227 - - [18/Aug/2022:17:35:04 -0300] "GET /cormun/static/PXToolsJavascripts/pexe_autoreload.js HTTP/1.1" 200 1762
201.186.225.227 - - [18/Aug/2022:17:35:04 -0300] "GET /cormun/static/scaMessage/css/jquery.pnotify.default.css?1816380 HTTP/1.1" 200 1707
201.186.225.227 - - [18/Aug/2022:17:35:04 -0300] "GET /cormun/static/PXToolsJavascripts/pexe_cookies.js HTTP/1.1" 200 792
201.186.225.227 - - [18/Aug/2022:17:35:04 -0300] "GET /cormun/static/PXToolsJavascripts/pexe_windows.js HTTP/1.1" 200 15207
201.186.225.227 - - [18/Aug/2022:17:35:04 -0300] "GET /cormun/static/Resources/Spanish/PXTools.css?14345360 HTTP/1.1" 200 100853
201.186.225.227 - - [18/Aug/2022:17:35:04 -0300] "GET /cormun/static/PXToolsJavascripts/pexe_grid.js HTTP/1.1" 200 7559
201.186.225.227 - - [18/Aug/2022:17:35:04 -0300] "GET /cormun/static/PXToolsJavascripts/pexe_griddivfix.js HTTP/1.1" 200 6644
201.186.225.227 - - [18/Aug/2022:17:35:04 -0300] "GET /cormun/static/PXToolsJavascripts/pexe_link.js HTTP/1.1" 200 5671
201.186.225.227 - - [18/Aug/2022:17:35:04 -0300] "GET /cormun/static/PXToolsJavascripts/pexe_menudivfix.js HTTP/1.1" 200 333
201.186.225.227 - - [18/Aug/2022:17:35:04 -0300] "GET /cormun/static/PXToolsJavascripts/pexe_menus.js HTTP/1.1" 200 1286
201.186.225.227 - - [18/Aug/2022:17:35:04 -0300] "GET /cormun/static/PXToolsJavascripts/pexe_layers.js HTTP/1.1" 200 4114
201.186.225.227 - - [18/Aug/2022:17:35:04 -0300] "GET /cormun/static/PXToolsJavascripts/pexe_oav.js HTTP/1.1" 200 645
201.186.225.227 - - [18/Aug/2022:17:35:04 -0300] "GET /cormun/static/PXToolsJavascripts/pexe_oavdivfix.js HTTP/1.1" 200 639
201.186.225.227 - - [18/Aug/2022:17:35:04 -0300] "GET /cormun/static/PXToolsJavascripts/pexe_popup.js HTTP/1.1" 200 13458
201.186.225.227 - - [18/Aug/2022:17:35:04 -0300] "GET /cormun/static/PXToolsJavascripts/pexe_scrolldiv.js HTTP/1.1" 200 4138
201.186.225.227 - - [18/Aug/2022:17:35:04 -0300] "GET /cormun/static/PXToolsJavascripts/pexe_picture.js HTTP/1.1" 200 689
201.186.225.227 - - [18/Aug/2022:17:35:04 -0300] "GET /cormun/static/PXToolsJavascripts/pexe_tabdivfix.js HTTP/1.1" 200 876
201.186.225.227 - - [18/Aug/2022:17:35:04 -0300] "GET /cormun/static/PXToolsJavascripts/pexe_tabs.js HTTP/1.1" 200 3748
201.186.225.227 - - [18/Aug/2022:17:35:04 -0300] "GET /cormun/static/PXToolsJavascripts/PXToolsJavascriptsRender.js HTTP/1.1" 200 367
201.186.225.227 - - [18/Aug/2022:17:35:04 -0300] "GET /cormun/static/PXToolsJavascripts/pexe_upload.js HTTP/1.1" 200 1423
201.186.225.227 - - [18/Aug/2022:17:35:04 -0300] "GET /cormun/static/gxgral.js?85251 HTTP/1.1" 200 384558
201.186.225.227 - - [18/Aug/2022:17:35:04 -0300] "GET /cormun/static/RunJS/RunJS.js HTTP/1.1" 200 288
201.186.225.227 - - [18/Aug/2022:17:35:04 -0300] "GET /cormun/static/gxui/gxui-all.js HTTP/1.1" 200 107772
201.186.225.227 - - [18/Aug/2022:17:35:04 -0300] "GET /cormun/static/messages.spa.js?85251 HTTP/1.1" 200 30736
201.186.225.227 - - [18/Aug/2022:17:35:04 -0300] "GET /cormun/static/hhome.js?20201215495544 HTTP/1.1" 200 777
201.186.225.227 - - [18/Aug/2022:17:35:04 -0300] "GET /cormun/static/Shared/ext/locale/ext-lang-en.js HTTP/1.1" 200 10940
201.186.225.227 - - [18/Aug/2022:17:35:04 -0300] "GET /cormun/static/hwchdr01.js?20201214473739 HTTP/1.1" 200 996
201.186.225.227 - - [18/Aug/2022:17:35:04 -0300] "GET /cormun/static/hpexe_scripts.js?20201214471411 HTTP/1.1" 200 1544
201.186.225.227 - - [18/Aug/2022:17:35:04 -0300] "GET /cormun/static/hpexe_recentlink.js?20201214471090 HTTP/1.1" 200 2144
201.186.225.227 - - [18/Aug/2022:17:35:04 -0300] "GET /cormun/static/hpexe_messagepopupcomponent.js?2020121447232 HTTP/1.1" 200 605
201.186.225.227 - - [18/Aug/2022:17:35:04 -0300] "GET /cormun/static/hpexe_messagecontroller.js?201991422154126 HTTP/1.1" 200 870
201.186.225.227 - - [18/Aug/2022:17:35:04 -0300] "GET /cormun/static/hpexe_messagegenexuscomponent.js?2020121447173 HTTP/1.1" 200 587
201.186.225.227 - - [18/Aug/2022:17:35:04 -0300] "GET /cormun/static/Resources/Llave.png HTTP/1.1" 200 1395
201.186.225.227 - - [18/Aug/2022:17:35:04 -0300] "GET /cormun/static/Resources/ImgHome.png HTTP/1.1" 200 1364
201.186.225.227 - - [18/Aug/2022:17:35:04 -0300] "GET /cormun/static/Resources/PXToolsDataTitle.png HTTP/1.1" 200 1173
201.186.225.227 - - [18/Aug/2022:17:35:04 -0300] "GET /cormun/static/Resources/ImgLogin.png HTTP/1.1" 200 1432
201.186.225.227 - - [18/Aug/2022:17:35:04 -0300] "GET /cormun/static/Resources/Logo2019_Small.png HTTP/1.1" 200 10855
201.186.225.227 - - [18/Aug/2022:17:35:04 -0300] "GET /cormun/static/cmcontrolpreferences.js?20199141926336 HTTP/1.1" 200 1375
201.186.225.227 - - [18/Aug/2022:17:35:04 -0300] "GET /cormun/static/SmoothNavMenu/resources/ddsmoothmenu.js HTTP/1.1" 200 12712
201.186.225.227 - - [18/Aug/2022:17:35:04 -0300] "GET /cormun/static/Shared/jquery/jquery-1.10.2.min.js HTTP/1.1" 200 273199
201.186.225.227 - - [18/Aug/2022:17:35:04 -0300] "GET /cormun/static/SmoothNavMenu/resources/SmoothNavMenuRender.js HTTP/1.1" 200 5951
201.186.225.227 - - [18/Aug/2022:17:35:04 -0300] "GET /cormun/static/scaMessage/js/jquery.pnotify.min.js HTTP/1.1" 200 13038
201.186.225.227 - - [18/Aug/2022:17:35:04 -0300] "GET /cormun/static/Shared/jquery/jquery-1.4.2.min.js HTTP/1.1" 200 72174
201.186.225.227 - - [18/Aug/2022:17:35:04 -0300] "GET /cormun/static/scaMessage/scaMessageRender.js HTTP/1.1" 200 11977
201.186.225.227 - - [18/Aug/2022:17:35:04 -0300] "GET /cormun/static/hmpwkw03.js?20201215501896 HTTP/1.1" 200 3973
201.186.225.227 - - [18/Aug/2022:17:35:04 -0300] "GET /cormun/static/Shared/jqueryui/jquery-ui.min.js HTTP/1.1" 200 240427
201.186.225.227 - - [18/Aug/2022:17:35:04 -0300] "GET /cormun/static/Shared/ext/ext-all.js HTTP/1.1" 200 1289687
201.186.225.227 - - [18/Aug/2022:17:35:04 -0300] "GET /cormun/static/Resources/indicator.gif HTTP/1.1" 200 1553
201.186.225.227 - - [18/Aug/2022:17:35:05 -0300] "GET /cormun/servlet/hlogin HTTP/1.1" 200 1738
201.186.225.227 - - [18/Aug/2022:17:35:05 -0300] "GET /cormun/static/gxcfg.js?201910216285969 HTTP/1.1" 200 953
201.186.225.227 - - [18/Aug/2022:17:35:05 -0300] "GET /cormun/static/hlogin.js?201910216285995 HTTP/1.1" 200 2136
201.186.225.227 - - [18/Aug/2022:17:35:05 -0300] "GET /cormun/servlet/hhome HTTP/1.1" 200 3332
201.186.225.227 - - [18/Aug/2022:17:35:05 -0300] "GET /cormun/static/Resources/Logo2019_Grande.png HTTP/1.1" 200 31733
201.186.225.227 - - [18/Aug/2022:17:35:05 -0300] "GET /cormun/servlet/hhome HTTP/1.1" 200 3332
201.186.225.227 - - [18/Aug/2022:17:35:05 -0300] "GET /cormun/static/Resources/Spanish/PXTools.css?2294816 HTTP/1.1" 200 100853
201.186.225.227 - - [18/Aug/2022:17:35:05 -0300] "GET /cormun/static/Resources/PXToolsLoginTop.png HTTP/1.1" 200 1337
201.186.225.227 - - [18/Aug/2022:17:35:05 -0300] "GET /cormun/static/Resources/PXToolsLoginBackground.png HTTP/1.1" 200 1164
201.186.225.227 - - [18/Aug/2022:17:35:05 -0300] "GET /cormun/static/Resources/PXToolsButtonRight.png HTTP/1.1" 200 1294
201.186.225.227 - - [18/Aug/2022:17:35:05 -0300] "GET /cormun/static/Resources/PXToolsButtonLeft.png HTTP/1.1" 200 1310
201.186.225.227 - - [18/Aug/2022:17:35:05 -0300] "GET /cormun/static/Resources/PXToolsButtonBackground.png HTTP/1.1" 200 1176
201.186.225.227 - - [18/Aug/2022:17:35:05 -0300] "GET /cormun/static/Resources/PXToolsLoginBottom.png HTTP/1.1" 200 1389
201.186.225.227 - - [18/Aug/2022:17:35:05 -0300] "GET /favicon.ico HTTP/1.1" 200 21630
201.186.225.227 - - [18/Aug/2022:17:35:24 -0300] "POST /cormun/servlet/hlogin?a34041a1d594a7cf91c0c07ef94a0f8b,gx-no-cache=1660854077948 HTTP/1.1" 200 446
201.186.225.227 - - [18/Aug/2022:17:35:32 -0300] "POST /cormun/servlet/hlogin?a34041a1d594a7cf91c0c07ef94a0f8b,gx-no-cache=1660854086569 HTTP/1.1" 200 446
139.87.71.160 - - [18/Aug/2022:17:35:52 -0300] "GET /manager/html HTTP/1.1" 401 2474
201.186.225.227 - - [18/Aug/2022:17:36:19 -0300] "POST /cormun/servlet/hlogin?a34041a1d594a7cf91c0c07ef94a0f8b,gx-no-cache=1660854132848 HTTP/1.1" 200 444
201.186.225.227 - - [18/Aug/2022:17:36:36 -0300] "POST /cormun/servlet/hlogin?a34041a1d594a7cf91c0c07ef94a0f8b,gx-no-cache=1660854149981 HTTP/1.1" 200 443
139.87.71.160 - - [18/Aug/2022:17:37:02 -0300] "GET /manager/html HTTP/1.1" 401 2474
190.171.152.138 - - [18/Aug/2022:17:37:28 -0300] "GET /cormun/servlet/hlogin HTTP/1.1" 200 1730
139.87.71.160 - - [18/Aug/2022:17:37:39 -0300] "GET /manager/html HTTP/1.1" 401 2474
190.171.152.138 - - [18/Aug/2022:17:38:10 -0300] "POST /cormun/servlet/hlogin?5f0b1ce1a8788af8038c9ab9ef1d025d,gx-no-cache=1660850640686 HTTP/1.1" 200 90
190.171.152.138 - - [18/Aug/2022:17:38:10 -0300] "GET /cormun/servlet/hpexe_link HTTP/1.1" 200 956
190.171.152.138 - - [18/Aug/2022:17:38:10 -0300] "GET /cormun/servlet/hhome HTTP/1.1" 200 3859
190.171.152.138 - - [18/Aug/2022:17:38:11 -0300] "GET /cormun/servlet/hhome HTTP/1.1" 200 3855
139.87.71.160 - - [18/Aug/2022:17:38:14 -0300] "GET /manager/html HTTP/1.1" 401 2474
190.171.152.138 - - [18/Aug/2022:17:38:17 -0300] "GET /cormun/servlet/trlicencias? HTTP/1.1" 200 13388
190.171.152.138 - - [18/Aug/2022:17:38:23 -0300] "GET /cormun/servlet/trlicencias? HTTP/1.1" 200 13390
139.87.71.160 - - [18/Aug/2022:17:39:28 -0300] "GET /manager/html HTTP/1.1" 401 2474
139.87.71.160 - - [18/Aug/2022:17:40:04 -0300] "GET /manager/html HTTP/1.1" 401 2474
200.54.237.82 - - [18/Aug/2022:17:40:06 -0300] "POST /cormun/servlet/trlicencias?ccdcf5696f1e2c16a8642285b455a31c,gx-no-cache=1660854360041 HTTP/1.1" 440 972
200.54.237.82 - - [18/Aug/2022:17:40:09 -0300] "GET /cormun/servlet/trlicencias HTTP/1.1" 200 7512
200.54.237.82 - - [18/Aug/2022:17:40:10 -0300] "GET /cormun/servlet/trlicencias HTTP/1.1" 200 7514
200.54.237.82 - - [18/Aug/2022:17:40:10 -0300] "GET /cormun/servlet/hlogin HTTP/1.1" 200 1738
200.54.237.82 - - [18/Aug/2022:17:40:13 -0300] "POST /cormun/servlet/hlogin?d2c5873c80f6a54d1542d84bf150f0f2,gx-no-cache=1660854366510 HTTP/1.1" 200 90
200.54.237.82 - - [18/Aug/2022:17:40:13 -0300] "GET /cormun/servlet/hpexe_link HTTP/1.1" 200 954
200.54.237.82 - - [18/Aug/2022:17:40:13 -0300] "GET /cormun/servlet/trlicencias HTTP/1.1" 200 9852
200.54.237.82 - - [18/Aug/2022:17:40:14 -0300] "GET /cormun/servlet/trlicencias HTTP/1.1" 200 9842
93.95.226.212 - - [18/Aug/2022:17:40:20 -0300] "GET / HTTP/1.1" 200 11217
40.77.189.97 - - [18/Aug/2022:17:40:36 -0300] "GET /cormun/static/gxtimezone.js?85251 HTTP/1.1" 200 5781
40.77.189.91 - - [18/Aug/2022:17:40:36 -0300] "GET /cormun/static/gxcfg.js?201991422414522 HTTP/1.1" 200 953
40.77.189.82 - - [18/Aug/2022:17:40:37 -0300] "GET /cormun/static/PXToolsJavascripts/pexe_windows.js HTTP/1.1" 200 15207
40.77.190.171 - - [18/Aug/2022:17:40:39 -0300] "GET /cormun/static/hpexe_messagegenexuscomponent.js?2020121447173 HTTP/1.1" 200 587
40.77.189.101 - - [18/Aug/2022:17:40:39 -0300] "GET /cormun/static/hpexe_messagepopupcomponent.js?2020121447232 HTTP/1.1" 200 605
40.77.190.237 - - [18/Aug/2022:17:40:40 -0300] "GET /cormun/servlet/hlogin HTTP/1.1" 200 5106
40.77.188.212 - - [18/Aug/2022:17:40:41 -0300] "GET /cormun/static/gxcfg.js?201910216285969 HTTP/1.1" 200 953
139.87.71.160 - - [18/Aug/2022:17:40:44 -0300] "GET /manager/html HTTP/1.1" 401 2474
185.220.101.171 - - [18/Aug/2022:17:41:04 -0300] "GET /favicon.ico HTTP/1.1" 200 21630
139.87.71.160 - - [18/Aug/2022:17:41:18 -0300] "GET /manager/html HTTP/1.1" 401 2474
181.212.43.89 - - [18/Aug/2022:17:41:25 -0300] "POST /cormun/servlet/permisogoce?4d6fbabfd092c74098315641fc89c7af,INS,0,,,,gx-no-cache=1660854438203 HTTP/1.1" 200 4533
181.212.43.89 - - [18/Aug/2022:17:41:25 -0300] "GET /cormun/static/Shared/jqueryui/images/ui-bg_highlight-soft_100_c6c2c8_1x100.png HTTP/1.1" 404 1117
181.212.43.89 - - [18/Aug/2022:17:41:25 -0300] "GET /cormun/static/Shared/jqueryui/images/ui-icons_82798d_256x240.png HTTP/1.1" 404 1089
181.212.43.89 - - [18/Aug/2022:17:41:25 -0300] "GET /cormun/static/Shared/jqueryui/images/ui-bg_flat_55_994d53_40x100.png HTTP/1.1" 404 1097
181.212.43.89 - - [18/Aug/2022:17:41:25 -0300] "GET /cormun/static/Shared/jqueryui/images/ui-icons_ebccce_256x240.png HTTP/1.1" 404 1089
139.87.71.160 - - [18/Aug/2022:17:42:31 -0300] "GET /manager/html HTTP/1.1" 401 2474
139.87.71.160 - - [18/Aug/2022:17:43:09 -0300] "GET /manager/html HTTP/1.1" 401 2474
139.87.71.160 - - [18/Aug/2022:17:44:23 -0300] "GET /manager/html HTTP/1.1" 401 2474
192.168.10.17 - - [18/Aug/2022:17:44:51 -0300] "GET /cormun/servlet/hlogin HTTP/1.1" 200 1726
139.87.71.160 - - [18/Aug/2022:17:44:58 -0300] "GET /manager/html HTTP/1.1" 401 2474
185.255.89.134 - - [18/Aug/2022:17:45:24 -0300] "GET /manager/html HTTP/1.1" 401 2474
139.87.71.160 - - [18/Aug/2022:17:45:34 -0300] "GET /manager/html HTTP/1.1" 401 2474
190.171.143.106 - - [18/Aug/2022:17:45:45 -0300] "GET /cormun/servlet/hlogin HTTP/1.1" 200 1730
190.171.143.106 - - [18/Aug/2022:17:45:48 -0300] "POST /cormun/servlet/hlogin?406cadc27db48eda86647ff29615248b,gx-no-cache=1660854701496 HTTP/1.1" 200 90
190.171.143.106 - - [18/Aug/2022:17:45:48 -0300] "GET /cormun/servlet/hpexe_link HTTP/1.1" 200 958
190.171.143.106 - - [18/Aug/2022:17:45:48 -0300] "GET /cormun/servlet/hhome HTTP/1.1" 200 3979
190.171.143.106 - - [18/Aug/2022:17:45:48 -0300] "GET /cormun/servlet/hhome HTTP/1.1" 200 3975
190.171.143.106 - - [18/Aug/2022:17:45:58 -0300] "GET /cormun/servlet/trpermisosgoce? HTTP/1.1" 200 9049
190.171.143.106 - - [18/Aug/2022:17:45:58 -0300] "GET /cormun/servlet/trpermisosgoce? HTTP/1.1" 200 9047
192.168.10.17 - - [18/Aug/2022:17:46:54 -0300] "POST /cormun/servlet/hlogin?f6817d98b58970bc648dae71c629a519,gx-no-cache=1660854590925 HTTP/1.1" 200 90
192.168.10.17 - - [18/Aug/2022:17:46:54 -0300] "GET /cormun/servlet/hpexe_link HTTP/1.1" 200 954
192.168.10.17 - - [18/Aug/2022:17:46:54 -0300] "GET /cormun/servlet/hhome HTTP/1.1" 200 3790
192.168.10.17 - - [18/Aug/2022:17:46:54 -0300] "GET /cormun/servlet/hhome HTTP/1.1" 200 3787
192.168.10.17 - - [18/Aug/2022:17:46:58 -0300] "GET /cormun/servlet/trsolicitudgral? HTTP/1.1" 200 29368
192.168.10.17 - - [18/Aug/2022:17:46:59 -0300] "GET /cormun/servlet/trsolicitudgral? HTTP/1.1" 200 29366
190.171.152.138 - - [18/Aug/2022:17:47:06 -0300] "GET /cormun/servlet/hlogin HTTP/1.1" 200 1747
192.168.10.17 - - [18/Aug/2022:17:47:16 -0300] "POST /cormun/servlet/trsolicitudgral?f6817d98b58970bc648dae71c629a519,,gx-no-cache=1660854612477 HTTP/1.1" 200 9510
190.171.143.106 - - [18/Aug/2022:17:47:43 -0300] "POST /cormun/servlet/trpermisosgoce?406cadc27db48eda86647ff29615248b,,gx-no-cache=1660854816266 HTTP/1.1" 200 4203
139.87.71.160 - - [18/Aug/2022:17:48:03 -0300] "GET /manager/html HTTP/1.1" 401 2474
192.168.10.17 - - [18/Aug/2022:17:48:21 -0300] "GET /cormun/servlet/vesolicitudgral?2022,19031,, HTTP/1.1" 200 8358
192.168.10.17 - - [18/Aug/2022:17:48:21 -0300] "GET /cormun/pexe_scrolldiv.js HTTP/1.1" 404 1009
192.168.10.17 - - [18/Aug/2022:17:48:21 -0300] "GET /cormun/servlet/vesolicitudgral?2022,19031,, HTTP/1.1" 200 8358
139.87.71.160 - - [18/Aug/2022:17:48:35 -0300] "GET /manager/html HTTP/1.1" 401 2474
192.168.10.17 - - [18/Aug/2022:17:48:55 -0300] "GET /cormun/servlet/vesolicitudgral?2022,19031,,SolicitudOTAdjuntos HTTP/1.1" 200 7048
192.168.10.17 - - [18/Aug/2022:17:48:55 -0300] "GET /cormun/pexe_scrolldiv.js HTTP/1.1" 404 1009
192.168.10.17 - - [18/Aug/2022:17:48:56 -0300] "GET /cormun/servlet/vesolicitudgral?2022,19031,,SolicitudOTAdjuntos HTTP/1.1" 200 7048
192.168.10.17 - - [18/Aug/2022:17:48:57 -0300] "POST /cormun/servlet/acontrolpreferencessavestate?None,RRHH+DANIELA,true HTTP/1.1" 200 35
192.168.10.17 - - [18/Aug/2022:17:48:57 -0300] "GET /cormun/servlet/vesolicitudgral?2022,19031,,General HTTP/1.1" 200 8360
192.168.10.17 - - [18/Aug/2022:17:48:57 -0300] "GET /cormun/pexe_scrolldiv.js HTTP/1.1" 404 1009
192.168.10.17 - - [18/Aug/2022:17:48:58 -0300] "GET /cormun/servlet/vesolicitudgral?2022,19031,,General HTTP/1.1" 200 8360
139.87.71.160 - - [18/Aug/2022:17:49:16 -0300] "GET /manager/html HTTP/1.1" 401 2474
190.171.143.106 - - [18/Aug/2022:17:49:46 -0300] "GET /cormun/servlet/hlogin HTTP/1.1" 200 1720
190.171.143.106 - - [18/Aug/2022:17:49:46 -0300] "GET /cormun/servlet/hlogin HTTP/1.1" 200 1731
139.87.71.160 - - [18/Aug/2022:17:49:49 -0300] "GET /manager/html HTTP/1.1" 401 2474
190.171.143.106 - - [18/Aug/2022:17:49:52 -0300] "POST /cormun/servlet/hlogin?9e8f9727c527f6a672d5574633c5901e,gx-no-cache=1660854946044 HTTP/1.1" 200 90
190.171.143.106 - - [18/Aug/2022:17:49:52 -0300] "GET /cormun/servlet/hpexe_link HTTP/1.1" 200 948
190.171.143.106 - - [18/Aug/2022:17:49:52 -0300] "GET /cormun/servlet/hhome HTTP/1.1" 200 4092
190.171.143.106 - - [18/Aug/2022:17:49:52 -0300] "GET /cormun/static/gxcfg.js?20201215495537 HTTP/1.1" 200 953
190.171.143.106 - - [18/Aug/2022:17:49:52 -0300] "GET /cormun/static/hhome.js?20201215495544 HTTP/1.1" 200 777
190.171.143.106 - - [18/Aug/2022:17:49:53 -0300] "GET /cormun/servlet/hhome HTTP/1.1" 200 4088
190.171.143.106 - - [18/Aug/2022:17:50:16 -0300] "GET /cormun/servlet/trpermisosingoceautorizar? HTTP/1.1" 200 6869
190.171.143.106 - - [18/Aug/2022:17:50:16 -0300] "GET /cormun/static/gxui/gxui-all.css?110300 HTTP/1.1" 200 2179
190.171.143.106 - - [18/Aug/2022:17:50:16 -0300] "GET /cormun/static/calendar-system.css?75620 HTTP/1.1" 200 5572
190.171.143.106 - - [18/Aug/2022:17:50:16 -0300] "GET /cormun/static/gxcfg.js?20199142052090 HTTP/1.1" 200 953
190.171.143.106 - - [18/Aug/2022:17:50:16 -0300] "GET /cormun/static/calendar.js?85251 HTTP/1.1" 200 26246
190.171.143.106 - - [18/Aug/2022:17:50:16 -0300] "GET /cormun/static/calendar-setup.js?85251 HTTP/1.1" 200 2588
190.171.143.106 - - [18/Aug/2022:17:50:16 -0300] "GET /cormun/static/calendar-es.js?85251 HTTP/1.1" 200 1901
190.171.143.106 - - [18/Aug/2022:17:50:16 -0300] "GET /cormun/static/Resources/Spanish/PXTools.css?19172979 HTTP/1.1" 200 100853
190.171.143.106 - - [18/Aug/2022:17:50:16 -0300] "GET /cormun/static/gxdec.js?85251 HTTP/1.1" 200 19579
190.171.143.106 - - [18/Aug/2022:17:50:16 -0300] "GET /cormun/static/trpermisosingoceautorizar.js?20199142052670 HTTP/1.1" 200 32551
190.171.143.106 - - [18/Aug/2022:17:50:17 -0300] "GET /cormun/static/Shared/ext/resources/css/ext-all.css?205870 HTTP/1.1" 200 416045
190.171.143.106 - - [18/Aug/2022:17:50:17 -0300] "GET /cormun/static/Resources/PXTools/calendar.png HTTP/1.1" 200 1306
190.171.143.106 - - [18/Aug/2022:17:50:17 -0300] "GET /cormun/servlet/trpermisosingoceautorizar? HTTP/1.1" 200 6868
190.171.143.106 - - [18/Aug/2022:17:50:18 -0300] "POST /cormun/servlet/acontrolpreferencessavestate?None,TMIRANDA,true HTTP/1.1" 200 35
190.171.143.106 - - [18/Aug/2022:17:50:21 -0300] "GET /cormun/servlet/hhome HTTP/1.1" 200 4104
190.171.143.106 - - [18/Aug/2022:17:50:22 -0300] "GET /cormun/servlet/hhome HTTP/1.1" 200 4100
190.171.143.106 - - [18/Aug/2022:17:50:29 -0300] "GET /cormun/servlet/trautorizarpermisogoce? HTTP/1.1" 200 8305
190.171.143.106 - - [18/Aug/2022:17:50:29 -0300] "GET /cormun/static/calendar-system.css?85620 HTTP/1.1" 200 5572
190.171.143.106 - - [18/Aug/2022:17:50:29 -0300] "GET /cormun/static/gxcfg.js?2020121645532 HTTP/1.1" 200 953
190.171.143.106 - - [18/Aug/2022:17:50:29 -0300] "GET /cormun/static/trautorizarpermisogoce.js?2020121651492 HTTP/1.1" 200 34948
190.171.143.106 - - [18/Aug/2022:17:50:29 -0300] "GET /cormun//static/Resources/PXTools/ActionInsert.png HTTP/1.1" 200 1482
190.171.143.106 - - [18/Aug/2022:17:50:29 -0300] "GET /cormun//static/Resources/PXToolsActionPrint.png HTTP/1.1" 200 404
190.171.143.106 - - [18/Aug/2022:17:50:29 -0300] "GET /cormun//static/Resources/PXToolsHeaderFavorites.png HTTP/1.1" 200 1414
190.171.143.106 - - [18/Aug/2022:17:50:29 -0300] "GET /cormun//static/Resources/PXToolsHeaderHelp.png HTTP/1.1" 200 1333
190.171.143.106 - - [18/Aug/2022:17:50:29 -0300] "GET /cormun//static/Resources/PXToolsGridDelete.png HTTP/1.1" 200 538
190.171.143.106 - - [18/Aug/2022:17:50:29 -0300] "GET /cormun/servlet/trautorizarpermisogoce? HTTP/1.1" 200 8303
190.171.143.106 - - [18/Aug/2022:17:50:30 -0300] "POST /cormun/servlet/acontrolpreferencessavestate?None,TMIRANDA,true HTTP/1.1" 200 35
190.171.143.106 - - [18/Aug/2022:17:50:47 -0300] "POST /cormun/servlet/trautorizarpermisogoce?9e8f9727c527f6a672d5574633c5901e,,gx-no-cache=1660855000440 HTTP/1.1" 200 5545
190.171.143.106 - - [18/Aug/2022:17:50:47 -0300] "GET /cormun/static/Shared/jqueryui/images/ui-icons_82798d_256x240.png HTTP/1.1" 404 1089
190.171.143.106 - - [18/Aug/2022:17:50:47 -0300] "GET /cormun/static/Shared/jqueryui/images/ui-bg_highlight-soft_100_c6c2c8_1x100.png HTTP/1.1" 404 1117
190.171.143.106 - - [18/Aug/2022:17:50:47 -0300] "GET /cormun/static/Shared/jqueryui/images/ui-bg_flat_55_fafafa_40x100.png HTTP/1.1" 404 1097
190.171.143.106 - - [18/Aug/2022:17:50:47 -0300] "GET /cormun/static/Shared/jqueryui/images/ui-icons_8d78a5_256x240.png HTTP/1.1" 404 1089
190.171.143.106 - - [18/Aug/2022:17:50:51 -0300] "POST /cormun/servlet/trautorizarpermisogoce?9e8f9727c527f6a672d5574633c5901e,,gx-no-cache=1660855004789 HTTP/1.1" 200 5284
190.171.143.106 - - [18/Aug/2022:17:50:53 -0300] "POST /cormun/servlet/trautorizarpermisogoce?9e8f9727c527f6a672d5574633c5901e,,gx-no-cache=1660855007260 HTTP/1.1" 200 4529
139.87.71.160 - - [18/Aug/2022:17:51:02 -0300] "GET /manager/html HTTP/1.1" 401 2474
190.171.153.26 - - [18/Aug/2022:17:51:16 -0300] "GET /cormun/servlet/hlogin HTTP/1.1" 200 1736
190.171.143.106 - - [18/Aug/2022:17:52:13 -0300] "GET /cormun/servlet/hlogin HTTP/1.1" 200 1744
139.87.71.160 - - [18/Aug/2022:17:52:56 -0300] "GET /manager/html HTTP/1.1" 401 2474
190.171.143.106 - - [18/Aug/2022:17:53:04 -0300] "POST /cormun/servlet/hlogin?9e8f9727c527f6a672d5574633c5901e,gx-no-cache=1660855137772 HTTP/1.1" 200 90
190.171.143.106 - - [18/Aug/2022:17:53:04 -0300] "GET /cormun/servlet/hpexe_link HTTP/1.1" 200 948
190.171.143.106 - - [18/Aug/2022:17:53:04 -0300] "GET /cormun/servlet/hhome HTTP/1.1" 200 3968
190.171.143.106 - - [18/Aug/2022:17:53:04 -0300] "GET /cormun/servlet/hhome HTTP/1.1" 200 3964
190.171.143.106 - - [18/Aug/2022:17:53:09 -0300] "GET /cormun/servlet/trpermisosgoce? HTTP/1.1" 200 9043
190.171.143.106 - - [18/Aug/2022:17:53:09 -0300] "GET /cormun/static/gxcfg.js?2020121631564 HTTP/1.1" 200 953
190.171.143.106 - - [18/Aug/2022:17:53:09 -0300] "GET /cormun/static/trpermisosgoce.js?2020121633681 HTTP/1.1" 200 35904
190.171.143.106 - - [18/Aug/2022:17:53:09 -0300] "GET /cormun/static/Resources/PXToolsAddAllAction.png HTTP/1.1" 200 495
190.171.143.106 - - [18/Aug/2022:17:53:09 -0300] "GET /cormun//static/Resources/PXToolsActionDisabled.gif HTTP/1.1" 200 53
190.171.143.106 - - [18/Aug/2022:17:53:09 -0300] "GET /cormun//static/Resources/PXToolsGridUpdate.png HTTP/1.1" 200 470
190.171.143.106 - - [18/Aug/2022:17:53:10 -0300] "GET /cormun/servlet/trpermisosgoce? HTTP/1.1" 200 9041
190.171.143.106 - - [18/Aug/2022:17:53:20 -0300] "POST /cormun/servlet/trpermisosgoce?9e8f9727c527f6a672d5574633c5901e,,gx-no-cache=1660855153710 HTTP/1.1" 200 4196
190.171.143.106 - - [18/Aug/2022:17:53:36 -0300] "GET /cormun/servlet/trpermisosgoce? HTTP/1.1" 200 6896
190.171.143.106 - - [18/Aug/2022:17:53:37 -0300] "GET /cormun/servlet/trpermisosgoce? HTTP/1.1" 200 6896
190.171.143.106 - - [18/Aug/2022:17:53:56 -0300] "POST /cormun/servlet/trpermisosgoce?9e8f9727c527f6a672d5574633c5901e,,gx-no-cache=1660855190230 HTTP/1.1" 200 4210
190.171.143.106 - - [18/Aug/2022:17:53:58 -0300] "POST /cormun/servlet/trpermisosgoce?9e8f9727c527f6a672d5574633c5901e,,gx-no-cache=1660855191556 HTTP/1.1" 200 4210
190.171.143.106 - - [18/Aug/2022:17:53:59 -0300] "POST /cormun/servlet/trpermisosgoce?9e8f9727c527f6a672d5574633c5901e,,gx-no-cache=1660855192908 HTTP/1.1" 200 4210
190.171.143.106 - - [18/Aug/2022:17:54:00 -0300] "POST /cormun/servlet/trpermisosgoce?9e8f9727c527f6a672d5574633c5901e,,gx-no-cache=1660855193747 HTTP/1.1" 200 4210
190.171.143.106 - - [18/Aug/2022:17:54:01 -0300] "POST /cormun/servlet/trpermisosgoce?9e8f9727c527f6a672d5574633c5901e,,gx-no-cache=1660855194548 HTTP/1.1" 200 4210
190.171.143.106 - - [18/Aug/2022:17:54:01 -0300] "POST /cormun/servlet/trpermisosgoce?9e8f9727c527f6a672d5574633c5901e,,gx-no-cache=1660855195091 HTTP/1.1" 200 4210
190.171.143.106 - - [18/Aug/2022:17:54:13 -0300] "POST /cormun/servlet/trpermisosgoce?9e8f9727c527f6a672d5574633c5901e,,gx-no-cache=1660855206532 HTTP/1.1" 200 4210
190.171.143.106 - - [18/Aug/2022:17:54:13 -0300] "POST /cormun/servlet/trpermisosgoce?9e8f9727c527f6a672d5574633c5901e,,gx-no-cache=1660855207315 HTTP/1.1" 200 4210
190.171.143.106 - - [18/Aug/2022:17:54:14 -0300] "POST /cormun/servlet/trpermisosgoce?9e8f9727c527f6a672d5574633c5901e,,gx-no-cache=1660855207964 HTTP/1.1" 200 4209
190.171.143.106 - - [18/Aug/2022:17:54:26 -0300] "GET /cormun/servlet/hlogin HTTP/1.1" 200 1741
190.171.143.106 - - [18/Aug/2022:17:54:29 -0300] "POST /cormun/servlet/hlogin?9e8f9727c527f6a672d5574633c5901e,gx-no-cache=1660855222987 HTTP/1.1" 200 90
190.171.143.106 - - [18/Aug/2022:17:54:29 -0300] "GET /cormun/servlet/hpexe_link HTTP/1.1" 200 948
190.171.143.106 - - [18/Aug/2022:17:54:29 -0300] "GET /cormun/servlet/hhome HTTP/1.1" 200 4111
190.171.143.106 - - [18/Aug/2022:17:54:29 -0300] "GET /cormun/servlet/hhome HTTP/1.1" 200 4107
190.171.152.114 - - [18/Aug/2022:17:54:54 -0300] "GET /cormun/servlet/trlicencias? HTTP/1.1" 200 7527
190.171.152.114 - - [18/Aug/2022:17:54:55 -0300] "GET /cormun/servlet/hlogin HTTP/1.1" 200 1744
190.171.152.114 - - [18/Aug/2022:17:54:55 -0300] "GET /cormun/servlet/trlicencias? HTTP/1.1" 200 7521
190.171.143.106 - - [18/Aug/2022:17:55:00 -0300] "GET /cormun/servlet/hlogin HTTP/1.1" 200 1733
190.171.143.106 - - [18/Aug/2022:17:55:07 -0300] "GET /cormun/servlet/hhome HTTP/1.1" 200 3317
190.171.143.106 - - [18/Aug/2022:17:55:08 -0300] "GET /cormun/servlet/hlogin HTTP/1.1" 200 1733
