190.171.143.106 - - [18/Aug/2022:13:19:56 -0300] "POST /cormun/servlet/prfichaempleado?d73c2b849912a84ae5e587c26b991653,,MD,,gxPopupLevel%3D0%3B,gx-no-cache=1660838749676 HTTP/1.1" 200 3179
186.172.246.201 - - [18/Aug/2022:13:20:16 -0300] "GET /cormun/servlet/trpermisosgoce? HTTP/1.1" 200 6722
186.172.246.201 - - [18/Aug/2022:13:20:17 -0300] "GET /cormun/servlet/trpermisosgoce? HTTP/1.1" 200 6722
139.87.71.160 - - [18/Aug/2022:13:20:20 -0300] "GET /manager/html HTTP/1.1" 401 2474
186.172.246.201 - - [18/Aug/2022:13:20:22 -0300] "GET /cormun/servlet/trpermisosgoce HTTP/1.1" 200 6735
186.172.246.201 - - [18/Aug/2022:13:20:23 -0300] "GET /cormun/servlet/trpermisosgoce HTTP/1.1" 200 6722
186.172.246.201 - - [18/Aug/2022:13:20:30 -0300] "GET /cormun/servlet/trpermisosgoce? HTTP/1.1" 200 6722
186.172.246.201 - - [18/Aug/2022:13:20:30 -0300] "GET /cormun/servlet/trpermisosgoce? HTTP/1.1" 200 6722
78.108.177.54 - - [18/Aug/2022:13:20:33 -0300] "GET / HTTP/1.0" 200 11197
186.172.246.201 - - [18/Aug/2022:13:20:44 -0300] "POST /cormun/servlet/trpermisosgoce?5a9d585e480a389bd623ec51bc584c18,,gx-no-cache=1660838796371 HTTP/1.1" 200 6092
186.172.246.201 - - [18/Aug/2022:13:20:59 -0300] "GET /cormun/servlet/permisogoce?INS,0,,, HTTP/1.1" 200 6845
186.172.246.201 - - [18/Aug/2022:13:20:59 -0300] "GET /cormun/static/gxcfg.js?20201215124560 HTTP/1.1" 200 953
186.172.246.201 - - [18/Aug/2022:13:20:59 -0300] "GET /cormun/static/Resources/prompt.gif HTTP/1.1" 200 902
186.172.246.201 - - [18/Aug/2022:13:20:59 -0300] "GET /cormun/static/permisogoce.js?20201215124939 HTTP/1.1" 200 27919
186.172.246.201 - - [18/Aug/2022:13:21:00 -0300] "GET /cormun/servlet/permisogoce?INS,0,,, HTTP/1.1" 200 6844
186.172.246.201 - - [18/Aug/2022:13:21:02 -0300] "GET /cormun/static/Resources/resize.gif HTTP/1.1" 200 77
186.172.246.201 - - [18/Aug/2022:13:21:02 -0300] "GET /cormun/static/Resources/PXTools/ClosePrompt.png HTTP/1.1" 200 1036
186.172.246.201 - - [18/Aug/2022:13:21:03 -0300] "GET /cormun/servlet/prfichaempleado?,MD,,gxPopupLevel%3D0%3B HTTP/1.1" 200 9280
186.172.246.201 - - [18/Aug/2022:13:21:03 -0300] "GET /cormun/static/gxcfg.js?20201215571085 HTTP/1.1" 200 953
186.172.246.201 - - [18/Aug/2022:13:21:03 -0300] "GET /cormun/static/menusearch.js?20201214473581 HTTP/1.1" 200 1424
186.172.246.201 - - [18/Aug/2022:13:21:03 -0300] "GET /cormun/static/prfichaempleado.js?20201215572193 HTTP/1.1" 200 16006
186.172.246.201 - - [18/Aug/2022:13:21:03 -0300] "GET /cormun/static/Resources/PXToolsMenuSearch.png HTTP/1.1" 200 336
186.172.246.201 - - [18/Aug/2022:13:21:03 -0300] "GET /cormun/static/Resources/PXToolsMenuSearchCancel.png HTTP/1.1" 200 306
186.172.246.201 - - [18/Aug/2022:13:21:03 -0300] "GET /cormun/static/hmpwkw011.js?20201215495555 HTTP/1.1" 200 1968
186.172.246.201 - - [18/Aug/2022:13:21:15 -0300] "POST /cormun/servlet/prfichaempleado?5a9d585e480a389bd623ec51bc584c18,,MD,,gxPopupLevel%3D0%3B,gx-no-cache=1660838828191 HTTP/1.1" 200 3176
139.87.71.160 - - [18/Aug/2022:13:21:38 -0300] "GET /manager/html HTTP/1.1" 401 2474
191.114.231.178 - - [18/Aug/2022:13:21:46 -0300] "GET /cormun/servlet/hlogin HTTP/1.1" 200 1724
191.114.231.178 - - [18/Aug/2022:13:21:48 -0300] "GET /cormun/static/gxtimezone.js?85251 HTTP/1.1" 200 5781
191.114.231.178 - - [18/Aug/2022:13:21:48 -0300] "GET /cormun/static/gxcfg.js?201910216285969 HTTP/1.1" 200 953
191.114.231.178 - - [18/Aug/2022:13:21:48 -0300] "GET /cormun/static/Resources/Spanish/PXTools.css?2294816 HTTP/1.1" 200 100853
191.114.231.178 - - [18/Aug/2022:13:21:48 -0300] "GET /cormun/static/gxgral.js?85251 HTTP/1.1" 200 384558
191.114.231.178 - - [18/Aug/2022:13:21:48 -0300] "GET /cormun/static/messages.spa.js?85251 HTTP/1.1" 200 30736
191.114.231.178 - - [18/Aug/2022:13:21:49 -0300] "GET /cormun/static/hlogin.js?201910216285995 HTTP/1.1" 200 2136
191.114.231.178 - - [18/Aug/2022:13:21:49 -0300] "GET /cormun/static/Resources/Logo2019_Grande.png HTTP/1.1" 200 31733
191.114.231.178 - - [18/Aug/2022:13:21:49 -0300] "GET /cormun/static/Resources/PXToolsLoginTop.png HTTP/1.1" 200 1337
191.114.231.178 - - [18/Aug/2022:13:21:49 -0300] "GET /cormun/static/Resources/PXToolsLoginBackground.png HTTP/1.1" 200 1164
191.114.231.178 - - [18/Aug/2022:13:21:49 -0300] "GET /cormun/static/Resources/PXToolsButtonLeft.png HTTP/1.1" 200 1310
191.114.231.178 - - [18/Aug/2022:13:21:49 -0300] "GET /cormun/static/Resources/PXToolsButtonRight.png HTTP/1.1" 200 1294
191.114.231.178 - - [18/Aug/2022:13:21:49 -0300] "GET /cormun/static/Resources/PXToolsButtonBackground.png HTTP/1.1" 200 1176
191.114.231.178 - - [18/Aug/2022:13:21:49 -0300] "GET /cormun/static/Resources/PXToolsLoginBottom.png HTTP/1.1" 200 1389
191.114.231.178 - - [18/Aug/2022:13:21:49 -0300] "GET /cormun/servlet/hlogin HTTP/1.1" 200 1735
191.114.231.178 - - [18/Aug/2022:13:21:49 -0300] "GET /cormun/static/Resources/indicator.gif HTTP/1.1" 200 1553
191.114.231.178 - - [18/Aug/2022:13:21:51 -0300] "GET /favicon.ico HTTP/1.1" 200 21630
139.87.71.160 - - [18/Aug/2022:13:22:20 -0300] "GET /manager/html HTTP/1.1" 401 2474
139.87.71.160 - - [18/Aug/2022:13:23:42 -0300] "GET /manager/html HTTP/1.1" 401 2474
139.87.71.160 - - [18/Aug/2022:13:24:17 -0300] "GET /manager/html HTTP/1.1" 401 2474
139.87.71.160 - - [18/Aug/2022:13:24:53 -0300] "GET /manager/html HTTP/1.1" 401 2474
139.87.71.160 - - [18/Aug/2022:13:25:37 -0300] "GET /manager/html HTTP/1.1" 401 2474
139.87.71.160 - - [18/Aug/2022:13:26:22 -0300] "GET /manager/html HTTP/1.1" 401 2474
139.87.71.160 - - [18/Aug/2022:13:27:06 -0300] "GET /manager/html HTTP/1.1" 401 2474
190.171.141.106 - - [18/Aug/2022:13:27:06 -0300] "GET /cormun/servlet/trlicencias? HTTP/1.1" 200 7507
190.171.141.106 - - [18/Aug/2022:13:27:07 -0300] "GET /cormun/servlet/hlogin HTTP/1.1" 200 1746
190.171.141.106 - - [18/Aug/2022:13:27:07 -0300] "GET /cormun/servlet/trlicencias? HTTP/1.1" 200 7518
190.171.141.106 - - [18/Aug/2022:13:27:07 -0300] "GET /cormun/servlet/trlicencias? HTTP/1.1" 200 7520
190.171.141.106 - - [18/Aug/2022:13:27:16 -0300] "POST /cormun/servlet/hlogin?311777ac2e9fca22e494b1d57692732b,gx-no-cache=1660835648380 HTTP/1.1" 200 454
190.171.141.106 - - [18/Aug/2022:13:27:22 -0300] "POST /cormun/servlet/hlogin?311777ac2e9fca22e494b1d57692732b,gx-no-cache=1660835655027 HTTP/1.1" 200 90
190.171.141.106 - - [18/Aug/2022:13:27:22 -0300] "GET /cormun/servlet/hpexe_link HTTP/1.1" 200 959
190.171.141.106 - - [18/Aug/2022:13:27:23 -0300] "GET /cormun/servlet/trlicencias HTTP/1.1" 200 13725
190.171.141.106 - - [18/Aug/2022:13:27:23 -0300] "GET /cormun/servlet/trlicencias HTTP/1.1" 200 13909
139.87.71.160 - - [18/Aug/2022:13:27:44 -0300] "GET /manager/html HTTP/1.1" 401 2474
139.87.71.160 - - [18/Aug/2022:13:28:19 -0300] "GET /manager/html HTTP/1.1" 401 2474
139.87.71.160 - - [18/Aug/2022:13:29:34 -0300] "GET /manager/html HTTP/1.1" 401 2474
139.87.71.160 - - [18/Aug/2022:13:30:46 -0300] "GET /manager/html HTTP/1.1" 401 2474
186.11.56.57 - - [18/Aug/2022:13:30:56 -0300] "GET /cormun/servlet/hlogin HTTP/1.1" 200 1730
186.11.56.57 - - [18/Aug/2022:13:30:56 -0300] "GET /cormun/static/gxtimezone.js?85251 HTTP/1.1" 200 5781
186.11.56.57 - - [18/Aug/2022:13:30:56 -0300] "GET /cormun/static/Resources/Spanish/PXTools.css?2294816 HTTP/1.1" 200 100853
186.11.56.57 - - [18/Aug/2022:13:30:56 -0300] "GET /cormun/static/gxcfg.js?201910216285969 HTTP/1.1" 200 953
186.11.56.57 - - [18/Aug/2022:13:30:56 -0300] "GET /cormun/static/messages.spa.js?85251 HTTP/1.1" 200 30736
186.11.56.57 - - [18/Aug/2022:13:30:56 -0300] "GET /cormun/static/hlogin.js?201910216285995 HTTP/1.1" 200 2136
186.11.56.57 - - [18/Aug/2022:13:30:56 -0300] "GET /cormun/static/Resources/Logo2019_Grande.png HTTP/1.1" 200 31733
186.11.56.57 - - [18/Aug/2022:13:30:56 -0300] "GET /cormun/static/gxgral.js?85251 HTTP/1.1" 200 384558
186.11.56.57 - - [18/Aug/2022:13:30:56 -0300] "GET /cormun/static/Resources/PXToolsLoginBackground.png HTTP/1.1" 200 1164
186.11.56.57 - - [18/Aug/2022:13:30:56 -0300] "GET /cormun/static/Resources/PXToolsLoginTop.png HTTP/1.1" 200 1337
186.11.56.57 - - [18/Aug/2022:13:30:56 -0300] "GET /cormun/static/Resources/PXToolsButtonLeft.png HTTP/1.1" 200 1310
186.11.56.57 - - [18/Aug/2022:13:30:56 -0300] "GET /cormun/static/Resources/PXToolsButtonRight.png HTTP/1.1" 200 1294
186.11.56.57 - - [18/Aug/2022:13:30:56 -0300] "GET /cormun/static/Resources/PXToolsButtonBackground.png HTTP/1.1" 200 1176
186.11.56.57 - - [18/Aug/2022:13:30:56 -0300] "GET /cormun/static/Resources/PXToolsLoginBottom.png HTTP/1.1" 200 1389
186.11.56.57 - - [18/Aug/2022:13:30:56 -0300] "GET /cormun/static/Resources/indicator.gif HTTP/1.1" 200 1553
186.11.56.57 - - [18/Aug/2022:13:30:56 -0300] "GET /cormun/servlet/hlogin HTTP/1.1" 200 1741
186.11.56.57 - - [18/Aug/2022:13:30:57 -0300] "GET /favicon.ico HTTP/1.1" 200 21630
139.87.71.160 - - [18/Aug/2022:13:31:21 -0300] "GET /manager/html HTTP/1.1" 401 2474
185.7.214.117 - - [18/Aug/2022:13:31:44 -0300] "GET /_ignition/execute-solution HTTP/1.1" 404 1013
139.87.71.160 - - [18/Aug/2022:13:32:00 -0300] "GET /manager/html HTTP/1.1" 401 2474
139.87.71.160 - - [18/Aug/2022:13:32:35 -0300] "GET /manager/html HTTP/1.1" 401 2474
139.87.71.160 - - [18/Aug/2022:13:33:14 -0300] "GET /manager/html HTTP/1.1" 401 2474
139.87.71.160 - - [18/Aug/2022:13:33:51 -0300] "GET /manager/html HTTP/1.1" 401 2474
190.171.153.26 - - [18/Aug/2022:13:34:20 -0300] "GET /cormun/servlet/trpermisosgoce? HTTP/1.1" 200 6035
190.171.153.26 - - [18/Aug/2022:13:34:24 -0300] "GET /cormun/servlet/trpermisosgoce? HTTP/1.1" 200 6032
190.171.153.26 - - [18/Aug/2022:13:34:24 -0300] "GET /cormun/servlet/hlogin HTTP/1.1" 200 1748
139.87.71.160 - - [18/Aug/2022:13:34:27 -0300] "GET /manager/html HTTP/1.1" 401 2474
190.171.153.26 - - [18/Aug/2022:13:34:33 -0300] "POST /cormun/servlet/hlogin?e4e4b4fd7062268608baba7aa12c63a8,gx-no-cache=1660839629771 HTTP/1.1" 200 90
190.171.153.26 - - [18/Aug/2022:13:34:33 -0300] "GET /cormun/servlet/hpexe_link HTTP/1.1" 200 961
190.171.153.26 - - [18/Aug/2022:13:34:33 -0300] "GET /cormun/servlet/trpermisosgoce HTTP/1.1" 200 8825
190.171.153.26 - - [18/Aug/2022:13:34:34 -0300] "GET /cormun/servlet/trpermisosgoce HTTP/1.1" 200 8823
190.171.153.26 - - [18/Aug/2022:13:34:37 -0300] "GET /cormun/servlet/permisogoce?INS,0,,, HTTP/1.1" 200 6816
190.171.153.26 - - [18/Aug/2022:13:34:37 -0300] "GET /cormun/servlet/permisogoce?INS,0,,, HTTP/1.1" 200 6817
190.171.153.26 - - [18/Aug/2022:13:34:59 -0300] "GET /cormun/servlet/permisogoce?22ca0a30f0c72b702511f3a87a5a21e91434cf3805120bcd9d0fa1950a7f6c86d6b71d9cd15561daef03f852948b647878cbd85ff4bc8bc34e77dd2ec145f7a4,gx-no-cache=1660839656046 HTTP/1.1" 200 87
139.87.71.160 - - [18/Aug/2022:13:35:02 -0300] "GET /manager/html HTTP/1.1" 401 2474
190.171.153.26 - - [18/Aug/2022:13:35:02 -0300] "GET /cormun/static/menuarrow.gif HTTP/1.1" 404 1015
190.171.153.26 - - [18/Aug/2022:13:35:09 -0300] "GET /cormun/servlet/permisogoce?22ca0a30f0c72b702511f3a87a5a21e9818fa6cfd04915ce81d2cb6b7f1a073ac553f2bf9cf1050285e6dc2d9e0a7b56f0d4f434884016348550616b362e2b5a,gx-no-cache=1660839665885 HTTP/1.1" 200 48
190.171.153.26 - - [18/Aug/2022:13:35:13 -0300] "POST /cormun/servlet/permisogoce?e4e4b4fd7062268608baba7aa12c63a8,INS,0,,,,gx-no-cache=1660839669093 HTTP/1.1" 200 93
190.171.153.26 - - [18/Aug/2022:13:35:13 -0300] "GET /cormun/servlet/hpexe_return? HTTP/1.1" 200 1014
190.171.153.26 - - [18/Aug/2022:13:35:13 -0300] "GET /cormun/servlet/trpermisosgoce HTTP/1.1" 200 9100
190.171.153.26 - - [18/Aug/2022:13:35:14 -0300] "GET /cormun/servlet/trpermisosgoce HTTP/1.1" 200 9096
190.171.153.26 - - [18/Aug/2022:13:35:18 -0300] "GET /cormun/servlet/apermisogoceprn?8890041,P,20220818121733,PU HTTP/1.1" 200 1653
139.87.71.160 - - [18/Aug/2022:13:35:41 -0300] "GET /manager/html HTTP/1.1" 401 2474
139.87.71.160 - - [18/Aug/2022:13:36:16 -0300] "GET /manager/html HTTP/1.1" 401 2474
186.11.56.57 - - [18/Aug/2022:13:37:06 -0300] "GET /cormun/servlet/hlogin HTTP/1.1" 200 1730
139.87.71.160 - - [18/Aug/2022:13:37:32 -0300] "GET /manager/html HTTP/1.1" 401 2474
190.171.149.82 - - [18/Aug/2022:13:38:37 -0300] "GET /cormun/servlet/trpermisosadjuntos?19860909,20220818103035,P, HTTP/1.1" 200 5460
190.171.149.82 - - [18/Aug/2022:13:38:37 -0300] "GET /cormun/static/gxcfg.js?2020121641683 HTTP/1.1" 200 953
190.171.149.82 - - [18/Aug/2022:13:38:38 -0300] "GET /cormun/static/trpermisosadjuntos.js?2020121642996 HTTP/1.1" 200 20158
190.171.149.82 - - [18/Aug/2022:13:38:38 -0300] "GET /cormun/servlet/hlogin HTTP/1.1" 200 1774
190.171.149.82 - - [18/Aug/2022:13:38:38 -0300] "GET /cormun/servlet/trpermisosadjuntos?19860909,20220818103035,P, HTTP/1.1" 200 5456
139.87.71.160 - - [18/Aug/2022:13:38:43 -0300] "GET /manager/html HTTP/1.1" 401 2474
190.171.149.82 - - [18/Aug/2022:13:38:45 -0300] "POST /cormun/servlet/hlogin?8886c67ad9f039f326c9d0909c7a920a,gx-no-cache=1660839879088 HTTP/1.1" 200 475
190.171.149.82 - - [18/Aug/2022:13:38:50 -0300] "POST /cormun/servlet/hlogin?8886c67ad9f039f326c9d0909c7a920a,gx-no-cache=1660839884031 HTTP/1.1" 200 90
190.171.149.82 - - [18/Aug/2022:13:38:50 -0300] "GET /cormun/servlet/hpexe_link HTTP/1.1" 200 988
190.171.149.82 - - [18/Aug/2022:13:38:50 -0300] "GET /cormun/servlet/trpermisosadjuntos?19860909,20220818103035,P, HTTP/1.1" 200 6047
190.171.149.82 - - [18/Aug/2022:13:38:51 -0300] "GET /cormun/servlet/trpermisosadjuntos?19860909,20220818103035,P, HTTP/1.1" 200 6045
190.171.149.82 - - [18/Aug/2022:13:38:54 -0300] "GET /cormun/servlet/trpermisosgoce? HTTP/1.1" 200 8734
190.171.149.82 - - [18/Aug/2022:13:38:55 -0300] "GET /cormun/servlet/trpermisosgoce? HTTP/1.1" 200 8733
190.171.149.82 - - [18/Aug/2022:13:38:57 -0300] "GET /cormun/servlet/trpermisosadjuntos?19860909,20220818103035,P, HTTP/1.1" 200 6045
190.171.149.82 - - [18/Aug/2022:13:38:57 -0300] "GET /cormun/servlet/trpermisosadjuntos?19860909,20220818103035,P, HTTP/1.1" 200 6045
190.171.149.82 - - [18/Aug/2022:13:38:59 -0300] "GET /cormun/servlet/permisosadjuntos?INS,19860909,P,20220818103035,, HTTP/1.1" 200 5546
190.171.149.82 - - [18/Aug/2022:13:38:59 -0300] "GET /cormun/static/gxcfg.js?20201215134212 HTTP/1.1" 200 953
190.171.149.82 - - [18/Aug/2022:13:38:59 -0300] "GET /cormun/static/permisosadjuntos.js?20201215134285 HTTP/1.1" 200 8724
190.171.149.82 - - [18/Aug/2022:13:38:59 -0300] "GET /cormun/static/about:blank HTTP/1.1" 404 1011
190.171.149.82 - - [18/Aug/2022:13:38:59 -0300] "GET /cormun/servlet/permisosadjuntos?INS,19860909,P,20220818103035,, HTTP/1.1" 200 5536
200.54.103.162 - - [18/Aug/2022:13:39:44 -0300] "GET /cormun/servlet/trlicencias HTTP/1.1" 200 7519
200.54.103.162 - - [18/Aug/2022:13:39:44 -0300] "GET /cormun/servlet/hlogin HTTP/1.1" 200 1746
200.54.103.162 - - [18/Aug/2022:13:39:44 -0300] "GET /cormun/servlet/trlicencias HTTP/1.1" 200 7515
200.54.103.162 - - [18/Aug/2022:13:39:50 -0300] "POST /cormun/servlet/hlogin?367abe181c536acc41d6e0646c012d85,gx-no-cache=1660839944166 HTTP/1.1" 200 90
200.54.103.162 - - [18/Aug/2022:13:39:50 -0300] "GET /cormun/servlet/hpexe_link HTTP/1.1" 200 961
200.54.103.162 - - [18/Aug/2022:13:39:50 -0300] "GET /cormun/servlet/trlicencias HTTP/1.1" 200 11627
200.54.103.162 - - [18/Aug/2022:13:39:51 -0300] "GET /cormun/servlet/trlicencias HTTP/1.1" 200 11625
200.54.107.2 - - [18/Aug/2022:13:40:26 -0300] "GET /cormun/servlet/solicitudot?7fb5cc576820a9677974f0cfac7e7c6dc816e61df628e6d67468514f81dfce42,gx-no-cache=1660839980020 HTTP/1.1" 440 972
139.87.71.160 - - [18/Aug/2022:13:40:33 -0300] "GET /manager/html HTTP/1.1" 401 2474
200.54.107.2 - - [18/Aug/2022:13:40:53 -0300] "GET /cormun/servlet/solicitudot?INS,0,0,false, HTTP/1.1" 200 14915
200.54.107.2 - - [18/Aug/2022:13:40:53 -0300] "GET /cormun/servlet/hlogin HTTP/1.1" 200 1752
200.54.107.2 - - [18/Aug/2022:13:40:54 -0300] "GET /cormun/servlet/solicitudot?INS,0,0,false, HTTP/1.1" 200 14915
200.54.107.2 - - [18/Aug/2022:13:40:57 -0300] "POST /cormun/servlet/hlogin?2b87d876b9802199a8450674e2abb500,gx-no-cache=1660840010372 HTTP/1.1" 200 90
200.54.107.2 - - [18/Aug/2022:13:40:57 -0300] "GET /cormun/servlet/hpexe_link HTTP/1.1" 200 970
200.54.107.2 - - [18/Aug/2022:13:40:57 -0300] "GET /cormun/servlet/solicitudot?INS,0,0,false, HTTP/1.1" 200 15957
200.54.107.2 - - [18/Aug/2022:13:40:58 -0300] "GET /cormun/servlet/solicitudot?INS,0,0,false, HTTP/1.1" 200 15964
200.54.107.2 - - [18/Aug/2022:13:41:07 -0300] "POST /cormun/servlet/solicitudot?gx-no-cache=1660840020384 HTTP/1.1" 200 3878
200.54.107.2 - - [18/Aug/2022:13:41:07 -0300] "POST /cormun/servlet/solicitudot?2b87d876b9802199a8450674e2abb500,INS,0,0,false,,gx-no-cache=1660840020607 HTTP/1.1" 200 12451
200.54.107.2 - - [18/Aug/2022:13:41:10 -0300] "GET /cormun/servlet/solicitudot?2ab1a167a1336e22aa2020b8cadc85165acae42dfdb98a5c16123e472c5e90f7193f0fdc64b77bf89d69f568db5214fe,gx-no-cache=1660840023087 HTTP/1.1" 200 30
190.171.149.82 - - [18/Aug/2022:13:41:12 -0300] "POST /cormun/servlet/permisosadjuntos?8886c67ad9f039f326c9d0909c7a920a,INS,19860909,P,20220818103035,, HTTP/1.1" 200 116
190.171.149.82 - - [18/Aug/2022:13:41:12 -0300] "GET /cormun/servlet/hpexe_return? HTTP/1.1" 200 1042
190.171.149.82 - - [18/Aug/2022:13:41:13 -0300] "GET /cormun/servlet/trpermisosadjuntos?19860909,20220818103035,P, HTTP/1.1" 200 6567
190.171.149.82 - - [18/Aug/2022:13:41:13 -0300] "GET /cormun/servlet/trpermisosadjuntos?19860909,20220818103035,P, HTTP/1.1" 200 6563
190.171.149.82 - - [18/Aug/2022:13:41:19 -0300] "GET /cormun/PublicTempStorage/carolaine479828.pdf HTTP/1.1" 200 57344
190.171.149.82 - - [18/Aug/2022:13:41:19 -0300] "GET /cormun/PublicTempStorage/carolaine479828.pdf HTTP/1.1" 206 1025
190.171.149.82 - - [18/Aug/2022:13:41:19 -0300] "GET /cormun/PublicTempStorage/carolaine479828.pdf HTTP/1.1" 200 408628
190.171.149.82 - - [18/Aug/2022:13:41:34 -0300] "GET /cormun/servlet/hlogin HTTP/1.1" 200 1723
190.171.149.82 - - [18/Aug/2022:13:41:41 -0300] "POST /cormun/servlet/hlogin?0819bf6fe7ad5fc2c89763bab31c7ec4,gx-no-cache=1660840054679 HTTP/1.1" 200 90
190.171.149.82 - - [18/Aug/2022:13:41:41 -0300] "GET /cormun/servlet/hpexe_link HTTP/1.1" 200 951
190.171.149.82 - - [18/Aug/2022:13:41:41 -0300] "GET /cormun/servlet/hhome HTTP/1.1" 200 3895
190.171.149.82 - - [18/Aug/2022:13:41:41 -0300] "GET /cormun/servlet/hhome HTTP/1.1" 200 3892
190.171.149.82 - - [18/Aug/2022:13:41:43 -0300] "GET /cormun/servlet/trpermisosgoce? HTTP/1.1" 200 8736
190.171.149.82 - - [18/Aug/2022:13:41:44 -0300] "GET /cormun/servlet/trpermisosgoce? HTTP/1.1" 200 8734
200.54.107.2 - - [18/Aug/2022:13:41:45 -0300] "GET /cormun/servlet/solicitudot?2ab1a167a1336e22aa2020b8cadc85164d7e96c73f1257ab532df175a8cec60543b5c0508cfc59611d0b60914273e009,gx-no-cache=1660840058083 HTTP/1.1" 200 30
190.171.149.82 - - [18/Aug/2022:13:41:46 -0300] "GET /cormun/servlet/trpermisosadjuntos?19860909,20220818103035,P, HTTP/1.1" 200 6681
200.54.107.2 - - [18/Aug/2022:13:41:47 -0300] "GET /cormun/servlet/solicitudot?2ab1a167a1336e22aa2020b8cadc8516fdda73234ce67fe401fcd308d0266231,gx-no-cache=1660840060188 HTTP/1.1" 200 53
190.171.149.82 - - [18/Aug/2022:13:41:47 -0300] "GET /cormun/servlet/trpermisosadjuntos?19860909,20220818103035,P, HTTP/1.1" 200 6680
139.87.71.160 - - [18/Aug/2022:13:41:47 -0300] "GET /manager/html HTTP/1.1" 401 2474
190.171.149.82 - - [18/Aug/2022:13:41:49 -0300] "POST /cormun/servlet/trpermisosadjuntos?0819bf6fe7ad5fc2c89763bab31c7ec4,19860909,20220818103035,P,,gx-no-cache=1660840063186 HTTP/1.1" 200 90
190.171.149.82 - - [18/Aug/2022:13:41:49 -0300] "GET /cormun/servlet/hpexe_link HTTP/1.1" 200 984
190.171.149.82 - - [18/Aug/2022:13:41:49 -0300] "GET /cormun/servlet/trpermisosgoce HTTP/1.1" 200 8736
190.171.149.82 - - [18/Aug/2022:13:41:50 -0300] "GET /cormun/servlet/trpermisosgoce HTTP/1.1" 200 8734
190.171.149.82 - - [18/Aug/2022:13:41:52 -0300] "POST /cormun/servlet/trpermisosgoce?0819bf6fe7ad5fc2c89763bab31c7ec4,gx-no-cache=1660840066187 HTTP/1.1" 200 6098
190.171.149.82 - - [18/Aug/2022:13:41:52 -0300] "GET /cormun/static/Shared/jqueryui/images/ui-bg_highlight-soft_100_c6c2c8_1x100.png HTTP/1.1" 404 1117
190.171.149.82 - - [18/Aug/2022:13:41:52 -0300] "GET /cormun/static/Shared/jqueryui/images/ui-icons_82798d_256x240.png HTTP/1.1" 404 1089
190.171.149.82 - - [18/Aug/2022:13:41:52 -0300] "GET /cormun/static/Shared/jqueryui/images/ui-bg_flat_55_fafafa_40x100.png HTTP/1.1" 404 1097
190.171.149.82 - - [18/Aug/2022:13:41:52 -0300] "GET /cormun/static/Shared/jqueryui/images/ui-icons_8d78a5_256x240.png HTTP/1.1" 404 1089
190.171.149.82 - - [18/Aug/2022:13:41:57 -0300] "GET /cormun/servlet/trpermisosadjuntos?14272425,20220818102841,P, HTTP/1.1" 200 6221
190.171.149.82 - - [18/Aug/2022:13:41:57 -0300] "GET /cormun/servlet/trpermisosadjuntos?14272425,20220818102841,P, HTTP/1.1" 200 6221
200.54.107.2 - - [18/Aug/2022:13:41:59 -0300] "POST /cormun/servlet/solicitudot?2b87d876b9802199a8450674e2abb500,INS,0,0,false,,gx-no-cache=1660840071893 HTTP/1.1" 200 12653
200.54.107.2 - - [18/Aug/2022:13:41:59 -0300] "GET /cormun/static/Shared/jqueryui/images/ui-bg_highlight-soft_100_c6c2c8_1x100.png HTTP/1.1" 404 1117
200.54.107.2 - - [18/Aug/2022:13:41:59 -0300] "GET /cormun/static/Shared/jqueryui/images/ui-icons_82798d_256x240.png HTTP/1.1" 404 1089
200.54.107.2 - - [18/Aug/2022:13:41:59 -0300] "GET /cormun/static/Shared/jqueryui/images/ui-bg_flat_55_fafafa_40x100.png HTTP/1.1" 404 1097
200.54.107.2 - - [18/Aug/2022:13:41:59 -0300] "GET /cormun/static/Shared/jqueryui/images/ui-icons_8d78a5_256x240.png HTTP/1.1" 404 1089
190.171.149.82 - - [18/Aug/2022:13:41:59 -0300] "GET /cormun/servlet/permisosadjuntos?INS,14272425,P,20220818102841,, HTTP/1.1" 200 5538
190.171.149.82 - - [18/Aug/2022:13:42:00 -0300] "GET /cormun/static/about:blank HTTP/1.1" 404 1011
190.171.149.82 - - [18/Aug/2022:13:42:00 -0300] "GET /cormun/servlet/permisosadjuntos?INS,14272425,P,20220818102841,, HTTP/1.1" 200 5528
200.54.107.2 - - [18/Aug/2022:13:42:02 -0300] "POST /cormun/servlet/solicitudot?gx-no-cache=1660840075229 HTTP/1.1" 200 297
200.54.107.2 - - [18/Aug/2022:13:42:02 -0300] "GET /cormun/servlet/solicitudot?2ab1a167a1336e22aa2020b8cadc85163fb3e17e0febbcdc012cbfa409c047be2df151895d85b2ca4100452f69802a5d983bf6248677afed16bf0ebdec14bf5c53fd73e5f3db0e2f131cfe76e81ae2c6f992272d61b146cb6043b2e9ecd82b7bec62ff5439daab502019e291fc1b42622980e0fb393104d79dc9b29a30d91b4bab1257aa7ea4008ccb04d264f2f9d270e43f594483b665b7cab283396afe74bbc211d96be2ba900276a71a4e3e6a3e327184e27879dcb1b8a6134c05821f58e79f63fcda0ed5e6f259ba78059d47eb237a996f56b4479ee6e0e4a8b6d85a5a79f619f6386cc1cafbf16949309048b3d0a41dc8b95d4cf026c566e4c7fe8be2374971854d7b0e88f42f3d0b800c797134882ce0d49601ae26d0e0c91e9c3a4bd92b60f0475d2a2d79fd613155fd80b5cb53e39652b6fb416f317767fbee4c5c4c429c532c1d20f169ede77e13bc9e88235e704836466c4b78dbb9357c54c4b6c8d99b3235b67e9068d47b8b2367f5796d5c2c57b69cadc5b2c2e4fdc776b534face8d603c5e4e068cb5e9aee17ab5fc92,gx-no-cache=1660840075303 HTTP/1.1" 200 30
200.54.107.2 - - [18/Aug/2022:13:42:04 -0300] "POST /cormun/servlet/solicitudot?gx-no-cache=1660840077084 HTTP/1.1" 200 30
190.171.149.82 - - [18/Aug/2022:13:42:06 -0300] "POST /cormun/servlet/permisosadjuntos?0819bf6fe7ad5fc2c89763bab31c7ec4,INS,14272425,P,20220818102841,, HTTP/1.1" 200 116
190.171.149.82 - - [18/Aug/2022:13:42:06 -0300] "GET /cormun/servlet/hpexe_return? HTTP/1.1" 200 1037
190.171.149.82 - - [18/Aug/2022:13:42:06 -0300] "GET /cormun/servlet/trpermisosadjuntos?14272425,20220818102841,P, HTTP/1.1" 200 6682
190.171.149.82 - - [18/Aug/2022:13:42:07 -0300] "GET /cormun/servlet/trpermisosadjuntos?14272425,20220818102841,P, HTTP/1.1" 200 6681
190.171.149.82 - - [18/Aug/2022:13:42:08 -0300] "POST /cormun/servlet/trpermisosadjuntos?0819bf6fe7ad5fc2c89763bab31c7ec4,14272425,20220818102841,P,,gx-no-cache=1660840082378 HTTP/1.1" 200 90
190.171.149.82 - - [18/Aug/2022:13:42:08 -0300] "GET /cormun/servlet/hpexe_link HTTP/1.1" 200 1005
190.171.149.82 - - [18/Aug/2022:13:42:09 -0300] "GET /cormun/servlet/trpermisosgoce?gx-no-cache=1660840066187 HTTP/1.1" 200 8739
190.171.149.82 - - [18/Aug/2022:13:42:09 -0300] "GET /cormun/servlet/trpermisosgoce?gx-no-cache=1660840066187 HTTP/1.1" 200 8759
190.171.149.82 - - [18/Aug/2022:13:42:13 -0300] "POST /cormun/servlet/trpermisosgoce?0819bf6fe7ad5fc2c89763bab31c7ec4,gx-no-cache=1660840066187,gx-no-cache=1660840086471 HTTP/1.1" 200 6092
190.171.149.82 - - [18/Aug/2022:13:42:13 -0300] "GET /cormun/static/Shared/jqueryui/images/ui-bg_highlight-soft_100_c6c2c8_1x100.png HTTP/1.1" 404 1117
190.171.149.82 - - [18/Aug/2022:13:42:13 -0300] "GET /cormun/static/Shared/jqueryui/images/ui-icons_82798d_256x240.png HTTP/1.1" 404 1089
190.171.149.82 - - [18/Aug/2022:13:42:13 -0300] "GET /cormun/static/Shared/jqueryui/images/ui-bg_flat_55_fafafa_40x100.png HTTP/1.1" 404 1097
190.171.149.82 - - [18/Aug/2022:13:42:13 -0300] "GET /cormun/static/Shared/jqueryui/images/ui-icons_8d78a5_256x240.png HTTP/1.1" 404 1089
190.171.149.82 - - [18/Aug/2022:13:42:14 -0300] "GET /cormun/servlet/trpermisosadjuntos?20372747,20220818102719,P, HTTP/1.1" 200 6240
190.171.149.82 - - [18/Aug/2022:13:42:14 -0300] "GET /cormun/servlet/trpermisosadjuntos?20372747,20220818102719,P, HTTP/1.1" 200 6219
190.171.149.82 - - [18/Aug/2022:13:42:16 -0300] "GET /cormun/servlet/permisosadjuntos?INS,20372747,P,20220818102719,, HTTP/1.1" 200 5541
190.171.149.82 - - [18/Aug/2022:13:42:16 -0300] "GET /cormun/static/about:blank HTTP/1.1" 404 1011
190.171.149.82 - - [18/Aug/2022:13:42:16 -0300] "GET /cormun/servlet/permisosadjuntos?INS,20372747,P,20220818102719,, HTTP/1.1" 200 5531
181.162.175.137 - - [18/Aug/2022:13:42:16 -0300] "GET /cormun/servlet/hlogin HTTP/1.1" 200 1726
190.171.149.82 - - [18/Aug/2022:13:42:21 -0300] "POST /cormun/servlet/permisosadjuntos?0819bf6fe7ad5fc2c89763bab31c7ec4,INS,20372747,P,20220818102719,, HTTP/1.1" 200 116
190.171.149.82 - - [18/Aug/2022:13:42:21 -0300] "GET /cormun/servlet/hpexe_return? HTTP/1.1" 200 1036
190.171.149.82 - - [18/Aug/2022:13:42:22 -0300] "GET /cormun/servlet/trpermisosadjuntos?20372747,20220818102719,P, HTTP/1.1" 200 6677
190.171.149.82 - - [18/Aug/2022:13:42:22 -0300] "GET /cormun/servlet/trpermisosadjuntos?20372747,20220818102719,P, HTTP/1.1" 200 6674
190.171.149.82 - - [18/Aug/2022:13:42:25 -0300] "POST /cormun/servlet/trpermisosadjuntos?0819bf6fe7ad5fc2c89763bab31c7ec4,20372747,20220818102719,P,,gx-no-cache=1660840099019 HTTP/1.1" 200 90
190.171.149.82 - - [18/Aug/2022:13:42:25 -0300] "GET /cormun/servlet/hpexe_link HTTP/1.1" 200 1004
190.171.149.82 - - [18/Aug/2022:13:42:25 -0300] "GET /cormun/servlet/trpermisosgoce?gx-no-cache=1660840066187 HTTP/1.1" 200 8737
190.171.149.82 - - [18/Aug/2022:13:42:26 -0300] "GET /cormun/servlet/trpermisosgoce?gx-no-cache=1660840066187 HTTP/1.1" 200 8756
139.87.71.160 - - [18/Aug/2022:13:42:27 -0300] "GET /manager/html HTTP/1.1" 401 2474
190.171.149.82 - - [18/Aug/2022:13:42:27 -0300] "POST /cormun/servlet/trpermisosgoce?0819bf6fe7ad5fc2c89763bab31c7ec4,gx-no-cache=1660840066187,gx-no-cache=1660840101299 HTTP/1.1" 200 6048
190.171.149.82 - - [18/Aug/2022:13:42:27 -0300] "GET /cormun/static/Shared/jqueryui/images/ui-bg_highlight-soft_100_c6c2c8_1x100.png HTTP/1.1" 404 1117
190.171.149.82 - - [18/Aug/2022:13:42:27 -0300] "GET /cormun/static/Shared/jqueryui/images/ui-icons_82798d_256x240.png HTTP/1.1" 404 1089
190.171.149.82 - - [18/Aug/2022:13:42:27 -0300] "GET /cormun/static/Shared/jqueryui/images/ui-bg_flat_55_fafafa_40x100.png HTTP/1.1" 404 1097
190.171.149.82 - - [18/Aug/2022:13:42:27 -0300] "GET /cormun/static/Shared/jqueryui/images/ui-icons_8d78a5_256x240.png HTTP/1.1" 404 1089
181.162.175.137 - - [18/Aug/2022:13:42:32 -0300] "POST /cormun/servlet/hlogin?5dc24f0c4a0b2570a5f0c2ab226e9a73,gx-no-cache=1660840104708 HTTP/1.1" 200 90
181.162.175.137 - - [18/Aug/2022:13:42:32 -0300] "GET /cormun/servlet/hpexe_link HTTP/1.1" 200 953
181.162.175.137 - - [18/Aug/2022:13:42:32 -0300] "GET /cormun/servlet/hhome HTTP/1.1" 200 3946
181.162.175.137 - - [18/Aug/2022:13:42:33 -0300] "GET /cormun/servlet/hhome HTTP/1.1" 200 3942
181.162.175.137 - - [18/Aug/2022:13:42:38 -0300] "GET /cormun/servlet/trlicencias? HTTP/1.1" 200 13499
181.162.175.137 - - [18/Aug/2022:13:42:39 -0300] "GET /cormun/servlet/trlicencias? HTTP/1.1" 200 13493
181.162.175.137 - - [18/Aug/2022:13:42:42 -0300] "GET /cormun/servlet/trlicencias? HTTP/1.1" 200 13496
181.162.175.137 - - [18/Aug/2022:13:42:43 -0300] "GET /cormun/servlet/trlicencias? HTTP/1.1" 200 13498
139.87.71.160 - - [18/Aug/2022:13:42:58 -0300] "GET /manager/html HTTP/1.1" 401 2474
190.171.149.82 - - [18/Aug/2022:13:43:00 -0300] "POST /cormun/servlet/trpermisosgoce?0819bf6fe7ad5fc2c89763bab31c7ec4,gx-no-cache=1660840066187,gx-no-cache=1660840133998 HTTP/1.1" 200 90
190.171.149.82 - - [18/Aug/2022:13:43:00 -0300] "GET /cormun/servlet/hpexe_link HTTP/1.1" 200 976
190.171.149.82 - - [18/Aug/2022:13:43:00 -0300] "GET /cormun/servlet/hhome HTTP/1.1" 200 3895
190.171.149.82 - - [18/Aug/2022:13:43:00 -0300] "GET /cormun/servlet/hhome HTTP/1.1" 200 3892
190.171.149.82 - - [18/Aug/2022:13:43:01 -0300] "GET /cormun/servlet/hlogin HTTP/1.1" 200 1735
190.171.149.82 - - [18/Aug/2022:13:43:12 -0300] "POST /cormun/servlet/hlogin?0819bf6fe7ad5fc2c89763bab31c7ec4,gx-no-cache=1660840146318 HTTP/1.1" 200 90
190.171.149.82 - - [18/Aug/2022:13:43:12 -0300] "GET /cormun/servlet/hpexe_link HTTP/1.1" 200 951
190.171.149.82 - - [18/Aug/2022:13:43:12 -0300] "GET /cormun/servlet/hhome HTTP/1.1" 200 4194
190.171.149.82 - - [18/Aug/2022:13:43:13 -0300] "GET /cormun/static/SmoothNavMenu/resources/images/right.gif HTTP/1.1" 200 860
190.171.149.82 - - [18/Aug/2022:13:43:13 -0300] "GET /cormun/servlet/hhome HTTP/1.1" 200 4192
200.54.107.2 - - [18/Aug/2022:13:43:13 -0300] "POST /cormun/servlet/solicitudot?gx-no-cache=1660840146324 HTTP/1.1" 200 1468
200.54.107.2 - - [18/Aug/2022:13:43:13 -0300] "GET /cormun/static/menuarrow.gif HTTP/1.1" 404 1015
190.171.149.82 - - [18/Aug/2022:13:43:17 -0300] "GET /cormun/servlet/trautorizarpermisogoce? HTTP/1.1" 200 8375
190.171.149.82 - - [18/Aug/2022:13:43:17 -0300] "GET /cormun/static/gxcfg.js?2020121645532 HTTP/1.1" 200 953
190.171.149.82 - - [18/Aug/2022:13:43:17 -0300] "GET /cormun/static/trautorizarpermisogoce.js?2020121651492 HTTP/1.1" 200 34948
200.54.107.2 - - [18/Aug/2022:13:43:17 -0300] "GET /cormun/servlet/prlicenciaspermisos?9281012,L,,MD,,gxPopupLevel%3D0%3B HTTP/1.1" 200 6272
190.171.149.82 - - [18/Aug/2022:13:43:18 -0300] "GET /cormun/servlet/trautorizarpermisogoce? HTTP/1.1" 200 8373
200.54.107.2 - - [18/Aug/2022:13:43:23 -0300] "POST /cormun/servlet/solicitudot?gx-no-cache=1660840156163 HTTP/1.1" 200 41
190.171.149.82 - - [18/Aug/2022:13:43:24 -0300] "POST /cormun/servlet/trautorizarpermisogoce?0819bf6fe7ad5fc2c89763bab31c7ec4,,gx-no-cache=1660840157957 HTTP/1.1" 200 5533
190.171.149.82 - - [18/Aug/2022:13:43:24 -0300] "GET /cormun/static/Shared/jqueryui/images/ui-bg_highlight-soft_100_c6c2c8_1x100.png HTTP/1.1" 404 1117
190.171.149.82 - - [18/Aug/2022:13:43:24 -0300] "GET /cormun/static/Shared/jqueryui/images/ui-icons_82798d_256x240.png HTTP/1.1" 404 1089
190.171.149.82 - - [18/Aug/2022:13:43:24 -0300] "GET /cormun/static/Shared/jqueryui/images/ui-bg_flat_55_fafafa_40x100.png HTTP/1.1" 404 1097
190.171.149.82 - - [18/Aug/2022:13:43:24 -0300] "GET /cormun/static/Shared/jqueryui/images/ui-icons_8d78a5_256x240.png HTTP/1.1" 404 1089
190.171.149.82 - - [18/Aug/2022:13:43:25 -0300] "POST /cormun/servlet/trautorizarpermisogoce?0819bf6fe7ad5fc2c89763bab31c7ec4,,gx-no-cache=1660840158886 HTTP/1.1" 200 5269
190.171.149.82 - - [18/Aug/2022:13:43:26 -0300] "POST /cormun/servlet/trautorizarpermisogoce?0819bf6fe7ad5fc2c89763bab31c7ec4,,gx-no-cache=1660840159797 HTTP/1.1" 200 4520
190.171.149.82 - - [18/Aug/2022:13:43:28 -0300] "POST /cormun/servlet/trautorizarpermisogoce?0819bf6fe7ad5fc2c89763bab31c7ec4,,gx-no-cache=1660840162390 HTTP/1.1" 200 90
190.171.149.82 - - [18/Aug/2022:13:43:28 -0300] "GET /cormun/servlet/hpexe_link HTTP/1.1" 200 963
190.171.149.82 - - [18/Aug/2022:13:43:28 -0300] "GET /cormun/servlet/hhome HTTP/1.1" 200 4194
190.171.149.82 - - [18/Aug/2022:13:43:29 -0300] "GET /cormun/servlet/hhome HTTP/1.1" 200 4192
190.171.149.82 - - [18/Aug/2022:13:43:30 -0300] "GET /cormun/servlet/hlogin HTTP/1.1" 200 1735
139.87.71.160 - - [18/Aug/2022:13:44:14 -0300] "GET /manager/html HTTP/1.1" 401 2474
190.171.142.42 - - [18/Aug/2022:13:44:29 -0300] "GET /cormun/servlet/hlogin HTTP/1.1" 200 1727
190.171.142.42 - - [18/Aug/2022:13:44:29 -0300] "GET /cormun/servlet/hlogin HTTP/1.1" 200 1738
190.171.142.42 - - [18/Aug/2022:13:44:29 -0300] "GET /favicon.ico HTTP/1.1" 200 21630
190.171.142.42 - - [18/Aug/2022:13:44:38 -0300] "POST /cormun/servlet/hlogin?861f4e18a8e72923f0af369bd8498475,gx-no-cache=1660840229273 HTTP/1.1" 200 90
190.171.142.42 - - [18/Aug/2022:13:44:38 -0300] "GET /cormun/servlet/hpexe_link HTTP/1.1" 200 952
190.171.142.42 - - [18/Aug/2022:13:44:38 -0300] "GET /cormun/servlet/hhome HTTP/1.1" 200 4253
190.171.142.42 - - [18/Aug/2022:13:44:39 -0300] "GET /cormun/servlet/hhome HTTP/1.1" 200 4250
190.171.142.42 - - [18/Aug/2022:13:44:45 -0300] "GET /cormun/servlet/trlicencias? HTTP/1.1" 200 14161
190.171.142.42 - - [18/Aug/2022:13:44:46 -0300] "GET /cormun/servlet/trlicencias? HTTP/1.1" 200 14179
139.87.71.160 - - [18/Aug/2022:13:44:48 -0300] "GET /manager/html HTTP/1.1" 401 2474
200.54.107.2 - - [18/Aug/2022:13:45:00 -0300] "GET /cormun/servlet/solicitudot?2ab1a167a1336e22aa2020b8cadc85165516ea9f6f091e9954646df77248b9fc44ee23d5466fb65e45ee16b5cb6337d47df390d8f90f0b13bdf05f245098962f58611162092f686b216068fa4fa08541fd073e4209fdc6e5d1b124e8958562608d0f620bcef1a6145b45dc7e9642c8ca,gx-no-cache=1660840253661 HTTP/1.1" 200 110
200.54.107.2 - - [18/Aug/2022:13:45:00 -0300] "POST /cormun/servlet/solicitudot?gx-no-cache=1660840253695 HTTP/1.1" 200 97
200.54.107.2 - - [18/Aug/2022:13:45:00 -0300] "GET /cormun/servlet/solicitudot?2ab1a167a1336e22aa2020b8cadc851657c6dd4575d9dc476b4c550e5706c33ce4eb61aa73844cf0030b33a975045557516c109e249578b87aadcbef90e57db7a520d9ecad724de546e4e396425e51f76978f95f05cd82030c50eeeec7c69840ed378897b5c5305939165a06f8df94d9,gx-no-cache=1660840253724 HTTP/1.1" 200 29
200.54.107.2 - - [18/Aug/2022:13:45:11 -0300] "GET /cormun/servlet/solicitudot?2ab1a167a1336e22aa2020b8cadc85165516ea9f6f091e9954646df77248b9fc44ee23d5466fb65e45ee16b5cb6337d47df390d8f90f0b13bdf05f245098962f58611162092f686b216068fa4fa08541fd073e4209fdc6e5d1b124e8958562608d0f620bcef1a6145b45dc7e9642c8ca,gx-no-cache=1660840264418 HTTP/1.1" 200 110
200.54.107.2 - - [18/Aug/2022:13:45:12 -0300] "GET /cormun/servlet/solicitudot?2ab1a167a1336e22aa2020b8cadc8516b71b885cb3282f46cac1f25ed2464b0926f593eaac895dbd23f887b95ea06ee6,gx-no-cache=1660840265701 HTTP/1.1" 200 30
200.54.107.2 - - [18/Aug/2022:13:45:12 -0300] "POST /cormun/servlet/solicitudot?gx-no-cache=1660840265733 HTTP/1.1" 200 34
190.171.142.42 - - [18/Aug/2022:13:45:24 -0300] "POST /cormun/servlet/trlicencias?861f4e18a8e72923f0af369bd8498475,,gx-no-cache=1660840274690 HTTP/1.1" 200 5677
139.87.71.160 - - [18/Aug/2022:13:45:25 -0300] "GET /manager/html HTTP/1.1" 401 2474
190.171.143.82 - - [18/Aug/2022:13:45:25 -0300] "GET /cormun/servlet/trpermisosgoce? HTTP/1.1" 200 6054
190.171.143.82 - - [18/Aug/2022:13:45:27 -0300] "GET /cormun/servlet/trpermisosgoce? HTTP/1.1" 200 6029
190.171.143.82 - - [18/Aug/2022:13:45:27 -0300] "GET /cormun/servlet/hlogin HTTP/1.1" 200 1747
190.171.143.82 - - [18/Aug/2022:13:45:27 -0300] "GET /cormun/servlet/trpermisosgoce? HTTP/1.1" 200 6029
190.171.143.82 - - [18/Aug/2022:13:45:31 -0300] "POST /cormun/servlet/hlogin?1954a5faf1a15fae0be9e6d20e0b2795,gx-no-cache=1660840284939 HTTP/1.1" 200 90
190.171.143.82 - - [18/Aug/2022:13:45:31 -0300] "GET /cormun/servlet/hpexe_link HTTP/1.1" 200 959
190.171.143.82 - - [18/Aug/2022:13:45:31 -0300] "GET /cormun/servlet/trpermisosgoce HTTP/1.1" 200 13015
190.171.143.82 - - [18/Aug/2022:13:45:34 -0300] "GET /cormun/servlet/trpermisosgoce HTTP/1.1" 200 13013
190.171.142.42 - - [18/Aug/2022:13:45:36 -0300] "GET /cormun/static/menuarrow.gif HTTP/1.1" 404 1015
190.171.142.42 - - [18/Aug/2022:13:45:47 -0300] "POST /cormun/servlet/trlicencias?861f4e18a8e72923f0af369bd8498475,,gx-no-cache=1660840298357 HTTP/1.1" 200 6229
200.54.107.2 - - [18/Aug/2022:13:45:52 -0300] "POST /cormun/servlet/solicitudot?gx-no-cache=1660840305564 HTTP/1.1" 200 255
200.54.107.2 - - [18/Aug/2022:13:45:57 -0300] "GET /cormun/servlet/solicitudot?2ab1a167a1336e22aa2020b8cadc85163fb3e17e0febbcdc012cbfa409c047beaeed6d1af0cb51adac2cf45363861145983bf6248677afed16bf0ebdec14bf5c53fd73e5f3db0e2f131cfe76e81ae2c6f992272d61b146cb6043b2e9ecd82b7bec62ff5439daab502019e291fc1b42622980e0fb393104d79dc9b29a30d91b4bab1257aa7ea4008ccb04d264f2f9d270e43f594483b665b7cab283396afe74bbc211d96be2ba900276a71a4e3e6a3e327184e27879dcb1b8a6134c05821f58e79f63fcda0ed5e6f259ba78059d47eb237a996f56b4479ee6e0e4a8b6d85a5a79f619f6386cc1cafbf16949309048b3d093c889579e50205b0b09f0d2b64940274971854d7b0e88f42f3d0b800c79713454d532237b70413a9e049888e23b2ae06fa0a3ec906c72c50a32987868344fe1e42d7772abffc3a5fe42e858597e69b2c0ddead0f68cd52fc8b7ff93ff1eed78d9455a6fb8819e253fa5ad35e1370806d46e945b6f63f82ec4d8c52141b4f33a234690e3e9c30429884da029a927b83a,gx-no-cache=1660840310340 HTTP/1.1" 200 30
139.87.71.160 - - [18/Aug/2022:13:46:03 -0300] "GET /manager/html HTTP/1.1" 401 2474
200.54.107.2 - - [18/Aug/2022:13:46:03 -0300] "POST /cormun/servlet/solicitudot?gx-no-cache=1660840316876 HTTP/1.1" 200 30
200.54.107.2 - - [18/Aug/2022:13:46:03 -0300] "POST /cormun/servlet/solicitudot?gx-no-cache=1660840316905 HTTP/1.1" 200 1468
200.54.107.2 - - [18/Aug/2022:13:46:03 -0300] "POST /cormun/servlet/solicitudot?gx-no-cache=1660840316978 HTTP/1.1" 200 41
200.54.107.2 - - [18/Aug/2022:13:46:03 -0300] "GET /cormun/servlet/solicitudot?2ab1a167a1336e22aa2020b8cadc85165516ea9f6f091e9954646df77248b9fc44ee23d5466fb65e45ee16b5cb6337d47df390d8f90f0b13bdf05f245098962f58611162092f686b216068fa4fa08541fd073e4209fdc6e5d1b124e8958562608d0f620bcef1a6145b45dc7e9642c8ca,gx-no-cache=1660840317001 HTTP/1.1" 200 110
200.54.107.2 - - [18/Aug/2022:13:46:03 -0300] "POST /cormun/servlet/solicitudot?gx-no-cache=1660840317025 HTTP/1.1" 200 97
200.54.107.2 - - [18/Aug/2022:13:46:04 -0300] "GET /cormun/servlet/solicitudot?2ab1a167a1336e22aa2020b8cadc8516b71b885cb3282f46cac1f25ed2464b0926f593eaac895dbd23f887b95ea06ee6,gx-no-cache=1660840317057 HTTP/1.1" 200 30
200.54.107.2 - - [18/Aug/2022:13:46:04 -0300] "POST /cormun/servlet/solicitudot?gx-no-cache=1660840317088 HTTP/1.1" 200 34
200.54.107.2 - - [18/Aug/2022:13:46:04 -0300] "POST /cormun/servlet/solicitudot?2b87d876b9802199a8450674e2abb500,INS,0,0,false,,gx-no-cache=1660840317131 HTTP/1.1" 200 12956
200.54.107.2 - - [18/Aug/2022:13:46:04 -0300] "GET /cormun/static/Shared/jqueryui/images/ui-bg_flat_55_994d53_40x100.png HTTP/1.1" 404 1097
200.54.107.2 - - [18/Aug/2022:13:46:04 -0300] "GET /cormun/static/Shared/jqueryui/images/ui-icons_ebccce_256x240.png HTTP/1.1" 404 1089
190.171.143.82 - - [18/Aug/2022:13:46:16 -0300] "POST /cormun/servlet/trpermisosgoce?1954a5faf1a15fae0be9e6d20e0b2795,gx-no-cache=1660840330225 HTTP/1.1" 200 9941
190.171.143.82 - - [18/Aug/2022:13:46:17 -0300] "POST /cormun/servlet/trpermisosgoce?1954a5faf1a15fae0be9e6d20e0b2795,gx-no-cache=1660840330994 HTTP/1.1" 200 9940
200.54.107.2 - - [18/Aug/2022:13:46:23 -0300] "POST /cormun/servlet/solicitudot?gx-no-cache=1660840336196 HTTP/1.1" 200 257
200.54.107.2 - - [18/Aug/2022:13:46:32 -0300] "GET /cormun/servlet/solicitudot?2ab1a167a1336e22aa2020b8cadc85163fb3e17e0febbcdc012cbfa409c047be036868f43ed785ae4d3d5794d3c5e614983bf6248677afed16bf0ebdec14bf5c53fd73e5f3db0e2f131cfe76e81ae2c6f992272d61b146cb6043b2e9ecd82b7bec62ff5439daab502019e291fc1b42622980e0fb393104d79dc9b29a30d91b4bab1257aa7ea4008ccb04d264f2f9d270e43f594483b665b7cab283396afe74bbc211d96be2ba900276a71a4e3e6a3e327184e27879dcb1b8a6134c05821f58e79f63fcda0ed5e6f259ba78059d47eb237a996f56b4479ee6e0e4a8b6d85a5a79f619f6386cc1cafbf16949309048b3d0a41dc8b95d4cf026c566e4c7fe8be2374971854d7b0e88f42f3d0b800c797134882ce0d49601ae26d0e0c91e9c3a4bd92b60f0475d2a2d79fd613155fd80b5cb53e39652b6fb416f317767fbee4c5c4c52f2ac635c0edb166c895d45c66c8554,gx-no-cache=1660840345866 HTTP/1.1" 200 30
200.54.107.2 - - [18/Aug/2022:13:46:39 -0300] "POST /cormun/servlet/solicitudot?gx-no-cache=1660840352211 HTTP/1.1" 200 255
139.87.71.160 - - [18/Aug/2022:13:46:40 -0300] "GET /manager/html HTTP/1.1" 401 2474
200.54.107.2 - - [18/Aug/2022:13:46:45 -0300] "GET /cormun/servlet/solicitudot?2ab1a167a1336e22aa2020b8cadc85163fb3e17e0febbcdc012cbfa409c047beaeed6d1af0cb51adac2cf45363861145983bf6248677afed16bf0ebdec14bf5c53fd73e5f3db0e2f131cfe76e81ae2c6f992272d61b146cb6043b2e9ecd82b7bec62ff5439daab502019e291fc1b42622980e0fb393104d79dc9b29a30d91b4bab1257aa7ea4008ccb04d264f2f9d270e43f594483b665b7cab283396afe74bbc211d96be2ba900276a71a4e3e6a3e327184e27879dcb1b8a6134c05821f58e79f63fcda0ed5e6f259ba78059d47eb237a996f56b4479ee6e0e4a8b6d85a5a79f619f6386cc1cafbf16949309048b3d06663376181f4a9749643dea56162d6e24971854d7b0e88f42f3d0b800c79713454d532237b70413a9e049888e23b2ae06fa0a3ec906c72c50a32987868344fe1e42d7772abffc3a5fe42e858597e69b2c0ddead0f68cd52fc8b7ff93ff1eed78d9455a6fb8819e253fa5ad35e1370806d46e945b6f63f82ec4d8c52141b4f33a234690e3e9c30429884da029a927b83a,gx-no-cache=1660840358467 HTTP/1.1" 200 30
200.54.107.2 - - [18/Aug/2022:13:47:19 -0300] "GET /cormun/servlet/hlogin HTTP/1.1" 200 1731
200.54.107.2 - - [18/Aug/2022:13:47:22 -0300] "POST /cormun/servlet/hlogin?2b87d876b9802199a8450674e2abb500,gx-no-cache=1660840395724 HTTP/1.1" 200 90
200.54.107.2 - - [18/Aug/2022:13:47:22 -0300] "GET /cormun/servlet/hpexe_link HTTP/1.1" 200 970
200.54.107.2 - - [18/Aug/2022:13:47:23 -0300] "GET /cormun/servlet/solicitudot?INS,0,0,false, HTTP/1.1" 200 15957
200.54.107.2 - - [18/Aug/2022:13:47:23 -0300] "GET /cormun/servlet/solicitudot?INS,0,0,false, HTTP/1.1" 200 15964
200.54.107.2 - - [18/Aug/2022:13:47:36 -0300] "POST /cormun/servlet/solicitudot?gx-no-cache=1660840409374 HTTP/1.1" 200 3878
200.54.107.2 - - [18/Aug/2022:13:47:36 -0300] "POST /cormun/servlet/solicitudot?2b87d876b9802199a8450674e2abb500,INS,0,0,false,,gx-no-cache=1660840409578 HTTP/1.1" 200 12451
200.54.107.2 - - [18/Aug/2022:13:47:38 -0300] "GET /cormun/servlet/solicitudot?2ab1a167a1336e22aa2020b8cadc85165acae42dfdb98a5c16123e472c5e90f7193f0fdc64b77bf89d69f568db5214fe,gx-no-cache=1660840411911 HTTP/1.1" 200 30
186.172.246.201 - - [18/Aug/2022:13:47:43 -0300] "POST /cormun/servlet/prfichaempleado?5a9d585e480a389bd623ec51bc584c18,,MD,,gxPopupLevel%3D0%3B,gx-no-cache=1660840416104 HTTP/1.1" 200 3176
190.171.143.106 - - [18/Aug/2022:13:47:58 -0300] "POST /cormun/servlet/prfichaempleado?d73c2b849912a84ae5e587c26b991653,,MD,,gxPopupLevel%3D0%3B,gx-no-cache=1660840431892 HTTP/1.1" 200 3179
190.171.143.106 - - [18/Aug/2022:13:48:07 -0300] "GET /cormun/servlet/puconsultapgoce?162082094,MD,gxPopupLevel%3D0%3B HTTP/1.1" 200 3751
190.171.143.106 - - [18/Aug/2022:13:48:07 -0300] "GET /cormun/pexe_menus.js HTTP/1.1" 404 1001
190.171.143.106 - - [18/Aug/2022:13:48:07 -0300] "GET /cormun/pexe_link.js HTTP/1.1" 404 999
190.171.143.106 - - [18/Aug/2022:13:48:07 -0300] "GET /cormun/pexe_windows.js HTTP/1.1" 404 1005
190.171.143.106 - - [18/Aug/2022:13:48:07 -0300] "GET /cormun/pexe_layers.js HTTP/1.1" 404 1003
190.171.143.106 - - [18/Aug/2022:13:48:07 -0300] "GET /cormun/pexe_grid.js HTTP/1.1" 404 999
190.171.143.106 - - [18/Aug/2022:13:48:07 -0300] "GET /cormun/pexe_cookies.js HTTP/1.1" 404 1005
190.171.143.106 - - [18/Aug/2022:13:48:07 -0300] "GET /cormun/pexe_picture.js HTTP/1.1" 404 1005
190.171.143.106 - - [18/Aug/2022:13:48:07 -0300] "GET /cormun/pexe_griddivfix.js HTTP/1.1" 404 1011
190.171.143.106 - - [18/Aug/2022:13:48:07 -0300] "GET /cormun/pexe_treedivfix.js HTTP/1.1" 404 1011
190.171.143.106 - - [18/Aug/2022:13:48:07 -0300] "GET /cormun/pexe_autoreload.js HTTP/1.1" 404 1011
190.171.143.106 - - [18/Aug/2022:13:48:07 -0300] "GET /cormun/pexe_menudivfix.js HTTP/1.1" 404 1011
190.171.143.106 - - [18/Aug/2022:13:48:07 -0300] "GET /cormun/pexe_tabdivfix.js HTTP/1.1" 404 1009
190.171.143.106 - - [18/Aug/2022:13:48:17 -0300] "POST /cormun/servlet/puconsultapgoce?d73c2b849912a84ae5e587c26b991653,162082094,MD,gxPopupLevel%3D0%3B,gx-no-cache=1660840450758 HTTP/1.1" 200 61
190.171.143.106 - - [18/Aug/2022:13:48:20 -0300] "GET /cormun/servlet/prfichaempleado?,MD,,gxPopupLevel%3D0%3B HTTP/1.1" 200 9281
139.87.71.160 - - [18/Aug/2022:13:48:28 -0300] "GET /manager/html HTTP/1.1" 401 2474
200.54.107.2 - - [18/Aug/2022:13:48:43 -0300] "GET /cormun/servlet/solicitudot?2ab1a167a1336e22aa2020b8cadc85164d7e96c73f1257ab532df175a8cec60543b5c0508cfc59611d0b60914273e009,gx-no-cache=1660840476212 HTTP/1.1" 200 30
190.171.143.106 - - [18/Aug/2022:13:48:43 -0300] "POST /cormun/servlet/prfichaempleado?d73c2b849912a84ae5e587c26b991653,,MD,,gxPopupLevel%3D0%3B,gx-no-cache=1660840476010 HTTP/1.1" 200 6360
190.171.143.106 - - [18/Aug/2022:13:48:43 -0300] "GET /cormun/static/Resources/PXToolsGridNext.gif HTTP/1.1" 200 369
190.171.143.106 - - [18/Aug/2022:13:48:43 -0300] "GET /cormun/static/Resources/PXToolsGridLast.gif HTTP/1.1" 200 370
200.54.107.2 - - [18/Aug/2022:13:48:45 -0300] "GET /cormun/servlet/solicitudot?2ab1a167a1336e22aa2020b8cadc8516fdda73234ce67fe401fcd308d0266231,gx-no-cache=1660840478412 HTTP/1.1" 200 53
190.171.143.106 - - [18/Aug/2022:13:48:56 -0300] "POST /cormun/servlet/prfichaempleado?d73c2b849912a84ae5e587c26b991653,,MD,,gxPopupLevel%3D0%3B,gx-no-cache=1660840489083 HTTP/1.1" 200 6360
200.54.107.2 - - [18/Aug/2022:13:48:57 -0300] "POST /cormun/servlet/solicitudot?gx-no-cache=1660840491007 HTTP/1.1" 200 297
200.54.107.2 - - [18/Aug/2022:13:48:58 -0300] "GET /cormun/servlet/solicitudot?2ab1a167a1336e22aa2020b8cadc85163fb3e17e0febbcdc012cbfa409c047be2df151895d85b2ca4100452f69802a5d983bf6248677afed16bf0ebdec14bf5c53fd73e5f3db0e2f131cfe76e81ae2c6f992272d61b146cb6043b2e9ecd82b7bec62ff5439daab502019e291fc1b42622980e0fb393104d79dc9b29a30d91b4bab1257aa7ea4008ccb04d264f2f9d270e43f594483b665b7cab283396afe74bbc211d96be2ba900276a71a4e3e6a3e327184e27879dcb1b8a6134c05821f58e79f63fcda0ed5e6f259ba78059d47eb237a996f56b4479ee6e0e4a8b6d85a5a79f619f6386cc1cafbf16949309048b3d0a41dc8b95d4cf026c566e4c7fe8be2374971854d7b0e88f42f3d0b800c797134882ce0d49601ae26d0e0c91e9c3a4bd92b60f0475d2a2d79fd613155fd80b5cb53e39652b6fb416f317767fbee4c5c4c429c532c1d20f169ede77e13bc9e88235e704836466c4b78dbb9357c54c4b6c8d99b3235b67e9068d47b8b2367f5796d5c2c57b69cadc5b2c2e4fdc776b534face8d603c5e4e068cb5e9aee17ab5fc92,gx-no-cache=1660840491073 HTTP/1.1" 200 30
190.171.143.106 - - [18/Aug/2022:13:48:59 -0300] "POST /cormun/servlet/prfichaempleado?d73c2b849912a84ae5e587c26b991653,,MD,,gxPopupLevel%3D0%3B,gx-no-cache=1660840491818 HTTP/1.1" 200 6360
200.54.107.2 - - [18/Aug/2022:13:49:00 -0300] "POST /cormun/servlet/solicitudot?gx-no-cache=1660840493884 HTTP/1.1" 200 30
139.87.71.160 - - [18/Aug/2022:13:49:01 -0300] "GET /manager/html HTTP/1.1" 401 2474
190.171.143.106 - - [18/Aug/2022:13:49:17 -0300] "POST /cormun/servlet/prfichaempleado?d73c2b849912a84ae5e587c26b991653,,MD,,gxPopupLevel%3D0%3B,gx-no-cache=1660840510385 HTTP/1.1" 200 4201
200.54.107.2 - - [18/Aug/2022:13:49:23 -0300] "POST /cormun/servlet/solicitudot?gx-no-cache=1660840516944 HTTP/1.1" 200 1468
200.54.107.2 - - [18/Aug/2022:13:49:24 -0300] "GET /cormun/static/menuarrow.gif HTTP/1.1" 404 1015
200.54.107.2 - - [18/Aug/2022:13:49:27 -0300] "POST /cormun/servlet/solicitudot?gx-no-cache=1660840520557 HTTP/1.1" 200 41
190.171.143.106 - - [18/Aug/2022:13:49:34 -0300] "POST /cormun/servlet/prfichaempleado?d73c2b849912a84ae5e587c26b991653,,MD,,gxPopupLevel%3D0%3B,gx-no-cache=1660840527601 HTTP/1.1" 200 4200
190.171.143.106 - - [18/Aug/2022:13:49:43 -0300] "POST /cormun/servlet/prfichaempleado?d73c2b849912a84ae5e587c26b991653,,MD,,gxPopupLevel%3D0%3B,gx-no-cache=1660840536729 HTTP/1.1" 200 5253
190.171.143.106 - - [18/Aug/2022:13:50:00 -0300] "POST /cormun/servlet/prfichaempleado?d73c2b849912a84ae5e587c26b991653,,MD,,gxPopupLevel%3D0%3B,gx-no-cache=1660840554065 HTTP/1.1" 200 3998
190.171.143.106 - - [18/Aug/2022:13:50:08 -0300] "POST /cormun/servlet/prfichaempleado?d73c2b849912a84ae5e587c26b991653,,MD,,gxPopupLevel%3D0%3B,gx-no-cache=1660840561458 HTTP/1.1" 200 6360
190.171.143.106 - - [18/Aug/2022:13:50:14 -0300] "POST /cormun/servlet/prfichaempleado?d73c2b849912a84ae5e587c26b991653,,MD,,gxPopupLevel%3D0%3B,gx-no-cache=1660840567907 HTTP/1.1" 200 4523
139.87.71.160 - - [18/Aug/2022:13:50:17 -0300] "GET /manager/html HTTP/1.1" 401 2474
200.54.107.2 - - [18/Aug/2022:13:50:33 -0300] "GET /cormun/servlet/solicitudot?2ab1a167a1336e22aa2020b8cadc85165516ea9f6f091e9954646df77248b9fc44ee23d5466fb65e45ee16b5cb6337d47df390d8f90f0b13bdf05f245098962f58611162092f686b216068fa4fa08541fd073e4209fdc6e5d1b124e8958562608d0f620bcef1a6145b45dc7e9642c8ca,gx-no-cache=1660840586403 HTTP/1.1" 200 110
200.54.107.2 - - [18/Aug/2022:13:50:33 -0300] "POST /cormun/servlet/solicitudot?gx-no-cache=1660840586498 HTTP/1.1" 200 97
190.171.149.74 - - [18/Aug/2022:13:50:37 -0300] "POST /cormun/servlet/trlicencias?51cfd31762fd7bda4937b1440eeaddc1,,gx-no-cache=1660840591178 HTTP/1.1" 440 972
190.171.143.106 - - [18/Aug/2022:13:50:38 -0300] "POST /cormun/servlet/prfichaempleado?d73c2b849912a84ae5e587c26b991653,,MD,,gxPopupLevel%3D0%3B,gx-no-cache=1660840591147 HTTP/1.1" 200 3179
190.171.149.74 - - [18/Aug/2022:13:50:39 -0300] "GET /cormun/servlet/trlicencias? HTTP/1.1" 200 7520
190.171.149.74 - - [18/Aug/2022:13:50:39 -0300] "GET /cormun/servlet/hlogin HTTP/1.1" 200 1744
190.171.149.74 - - [18/Aug/2022:13:50:39 -0300] "GET /cormun/servlet/trlicencias? HTTP/1.1" 200 7519
200.54.107.2 - - [18/Aug/2022:13:50:42 -0300] "GET /cormun/servlet/solicitudot?2ab1a167a1336e22aa2020b8cadc851657c6dd4575d9dc476b4c550e5706c33ce4eb61aa73844cf0030b33a975045557516c109e249578b87aadcbef90e57db7a520d9ecad724de546e4e396425e51f76978f95f05cd82030c50eeeec7c69840ed378897b5c5305939165a06f8df94d9,gx-no-cache=1660840595979 HTTP/1.1" 200 29
