186.11.57.252 - - [18/Aug/2022:15:52:35 -0300] "POST /cormun/servlet/trlicencias?7ac2eaa5597067f2f8bc049b822a1a49,,gx-no-cache=1660847908374 HTTP/1.1" 200 11894
185.255.89.134 - - [18/Aug/2022:15:52:39 -0300] "GET /manager/html HTTP/1.1" 401 2474
185.255.89.134 - tomcat [18/Aug/2022:15:53:00 -0300] "GET /manager/html HTTP/1.1" 403 3196
185.255.89.134 - - [18/Aug/2022:15:53:24 -0300] "GET /manager/html HTTP/1.1" 401 2474
139.87.71.160 - - [18/Aug/2022:15:53:36 -0300] "GET /manager/html HTTP/1.1" 401 2474
185.255.89.134 - - [18/Aug/2022:15:53:46 -0300] "GET /manager/html HTTP/1.1" 401 2474
185.255.89.134 - - [18/Aug/2022:15:54:09 -0300] "GET /manager/html HTTP/1.1" 401 2474
139.87.71.160 - - [18/Aug/2022:15:54:19 -0300] "GET /manager/html HTTP/1.1" 401 2474
185.255.89.134 - - [18/Aug/2022:15:54:31 -0300] "GET /manager/html HTTP/1.1" 401 2474
185.255.89.134 - - [18/Aug/2022:15:54:53 -0300] "GET /manager/html HTTP/1.1" 401 2474
139.87.71.160 - - [18/Aug/2022:15:55:02 -0300] "GET /manager/html HTTP/1.1" 401 2474
185.255.89.134 - both [18/Aug/2022:15:55:16 -0300] "GET /manager/html HTTP/1.1" 403 3196
139.87.71.160 - - [18/Aug/2022:15:55:39 -0300] "GET /manager/html HTTP/1.1" 401 2474
185.255.89.134 - - [18/Aug/2022:15:55:39 -0300] "GET /manager/html HTTP/1.1" 401 2474
190.171.152.114 - - [18/Aug/2022:15:55:39 -0300] "GET /cormun/servlet/hlogin HTTP/1.1" 200 1726
190.171.152.114 - - [18/Aug/2022:15:55:52 -0300] "POST /cormun/servlet/hlogin?48a4c6228abab64e2179c328904e8409,gx-no-cache=1660848105290 HTTP/1.1" 200 90
190.171.152.114 - - [18/Aug/2022:15:55:52 -0300] "GET /cormun/servlet/hpexe_link HTTP/1.1" 200 953
190.171.152.114 - - [18/Aug/2022:15:55:52 -0300] "GET /cormun/servlet/hhome HTTP/1.1" 200 4328
190.171.152.114 - - [18/Aug/2022:15:55:52 -0300] "GET /cormun/servlet/hhome HTTP/1.1" 200 4324
190.171.152.114 - - [18/Aug/2022:15:55:55 -0300] "GET /cormun/servlet/trpermisosgoce? HTTP/1.1" 200 10613
190.171.152.114 - - [18/Aug/2022:15:55:55 -0300] "GET /cormun/servlet/trpermisosgoce? HTTP/1.1" 200 10611
185.255.89.134 - - [18/Aug/2022:15:56:01 -0300] "GET /manager/html HTTP/1.1" 401 2474
139.87.71.160 - - [18/Aug/2022:15:56:13 -0300] "GET /manager/html HTTP/1.1" 401 2474
185.255.89.134 - - [18/Aug/2022:15:56:24 -0300] "GET /manager/html HTTP/1.1" 401 2474
185.255.89.134 - - [18/Aug/2022:15:56:47 -0300] "GET /manager/html HTTP/1.1" 401 2474
185.255.89.134 - - [18/Aug/2022:15:57:09 -0300] "GET /manager/html HTTP/1.1" 401 2474
139.87.71.160 - - [18/Aug/2022:15:57:30 -0300] "GET /manager/html HTTP/1.1" 401 2474
185.255.89.134 - - [18/Aug/2022:15:57:32 -0300] "GET /manager/html HTTP/1.1" 401 2474
185.255.89.134 - - [18/Aug/2022:15:57:55 -0300] "GET /manager/html HTTP/1.1" 401 2474
139.87.71.160 - - [18/Aug/2022:15:58:06 -0300] "GET /manager/html HTTP/1.1" 401 2474
185.255.89.134 - - [18/Aug/2022:15:58:16 -0300] "GET /manager/html HTTP/1.1" 401 2474
190.171.141.82 - - [18/Aug/2022:15:58:28 -0300] "GET /cormun/servlet/trpermisosgoce? HTTP/1.1" 200 6027
190.171.141.82 - - [18/Aug/2022:15:58:28 -0300] "GET /cormun/static/gxcfg.js?2020121631564 HTTP/1.1" 200 953
190.171.141.82 - - [18/Aug/2022:15:58:28 -0300] "GET /cormun/static/trpermisosgoce.js?2020121633681 HTTP/1.1" 200 35904
190.171.141.82 - - [18/Aug/2022:15:58:28 -0300] "GET /cormun/servlet/hlogin HTTP/1.1" 200 1741
190.171.141.82 - - [18/Aug/2022:15:58:28 -0300] "GET /cormun/servlet/trpermisosgoce? HTTP/1.1" 200 6023
190.171.141.82 - - [18/Aug/2022:15:58:35 -0300] "POST /cormun/servlet/hlogin?46265ee1765b148d84110036f037a352,gx-no-cache=1660848270180 HTTP/1.1" 200 90
190.171.141.82 - - [18/Aug/2022:15:58:35 -0300] "GET /cormun/servlet/hpexe_link HTTP/1.1" 200 955
190.171.141.82 - - [18/Aug/2022:15:58:35 -0300] "GET /cormun/servlet/trpermisosgoce HTTP/1.1" 200 10340
190.171.141.82 - - [18/Aug/2022:15:58:36 -0300] "GET /cormun//static/Resources/PXToolsGridDelete.png HTTP/1.1" 200 538
190.171.141.82 - - [18/Aug/2022:15:58:36 -0300] "GET /cormun/servlet/trpermisosgoce HTTP/1.1" 200 10347
185.255.89.134 - - [18/Aug/2022:15:58:38 -0300] "GET /manager/html HTTP/1.1" 401 2474
190.171.141.82 - - [18/Aug/2022:15:58:58 -0300] "POST /cormun/servlet/trpermisosgoce?46265ee1765b148d84110036f037a352,gx-no-cache=1660848293405 HTTP/1.1" 200 4817
185.255.89.134 - - [18/Aug/2022:15:59:01 -0300] "GET /manager/html HTTP/1.1" 401 2474
190.171.141.82 - - [18/Aug/2022:15:59:17 -0300] "POST /cormun/servlet/trpermisosgoce?46265ee1765b148d84110036f037a352,gx-no-cache=1660848312035 HTTP/1.1" 200 4818
185.255.89.134 - - [18/Aug/2022:15:59:24 -0300] "GET /manager/html HTTP/1.1" 401 2474
139.87.71.160 - - [18/Aug/2022:15:59:39 -0300] "GET /manager/html HTTP/1.1" 401 2474
185.255.89.134 - - [18/Aug/2022:15:59:48 -0300] "GET /manager/html HTTP/1.1" 401 2474
185.7.214.117 - - [18/Aug/2022:15:59:54 -0300] "GET /actuator/gateway/routes HTTP/1.1" 404 1007
185.255.89.134 - - [18/Aug/2022:16:00:11 -0300] "GET /manager/html HTTP/1.1" 401 2474
139.87.71.160 - - [18/Aug/2022:16:00:27 -0300] "GET /manager/html HTTP/1.1" 401 2474
185.255.89.134 - - [18/Aug/2022:16:00:34 -0300] "GET /manager/html HTTP/1.1" 401 2474
185.255.89.134 - - [18/Aug/2022:16:00:58 -0300] "GET /manager/html HTTP/1.1" 401 2474
185.255.89.134 - - [18/Aug/2022:16:01:23 -0300] "GET /manager/html HTTP/1.1" 401 2474
139.87.71.160 - - [18/Aug/2022:16:01:25 -0300] "GET /manager/html HTTP/1.1" 401 2474
139.87.71.160 - - [18/Aug/2022:16:02:09 -0300] "GET /manager/html HTTP/1.1" 401 2474
190.171.141.82 - - [18/Aug/2022:16:02:51 -0300] "GET /cormun/servlet/trpermisosgoce? HTTP/1.1" 200 7627
190.171.141.82 - - [18/Aug/2022:16:02:51 -0300] "GET /cormun/servlet/trpermisosgoce? HTTP/1.1" 200 7627
190.171.141.82 - - [18/Aug/2022:16:02:53 -0300] "GET /cormun/servlet/permisogoce?INS,0,,, HTTP/1.1" 200 6823
190.171.141.82 - - [18/Aug/2022:16:02:53 -0300] "GET /cormun/static/gxcfg.js?20201215124560 HTTP/1.1" 200 953
190.171.141.82 - - [18/Aug/2022:16:02:53 -0300] "GET /cormun/static/Resources/prompt.gif HTTP/1.1" 200 902
190.171.141.82 - - [18/Aug/2022:16:02:54 -0300] "GET /cormun/static/permisogoce.js?20201215124939 HTTP/1.1" 200 27919
190.171.141.82 - - [18/Aug/2022:16:02:54 -0300] "GET /cormun/servlet/permisogoce?INS,0,,, HTTP/1.1" 200 6822
190.171.141.82 - - [18/Aug/2022:16:03:01 -0300] "GET /cormun/servlet/permisogoce?c1b5ad27b1013308302ff55919a0787da42b19720cc6d6e8464b9109155d7ce55244b32affc0a1f36c73f8631c81182b49d43539be4a83f9b398698d687798cf,gx-no-cache=1660848536067 HTTP/1.1" 200 80
190.171.141.82 - - [18/Aug/2022:16:03:11 -0300] "GET /cormun/servlet/permisogoce?c1b5ad27b1013308302ff55919a0787da027a2b3d7e3e4fedb93a7ef76b58d45d2564057cc1a89a13eb2516df4b06645fc2c7a98585d8e9687abb3eae4c9faab,gx-no-cache=1660848546057 HTTP/1.1" 200 47
139.87.71.160 - - [18/Aug/2022:16:03:21 -0300] "GET /manager/html HTTP/1.1" 401 2474
190.171.141.82 - - [18/Aug/2022:16:03:23 -0300] "POST /cormun/servlet/permisogoce?46265ee1765b148d84110036f037a352,INS,0,,,,gx-no-cache=1660848558109 HTTP/1.1" 200 93
190.171.141.82 - - [18/Aug/2022:16:03:24 -0300] "GET /cormun/servlet/hpexe_return? HTTP/1.1" 200 1007
190.171.141.82 - - [18/Aug/2022:16:03:24 -0300] "GET /cormun/static/gxcfg.js?201991422392976 HTTP/1.1" 200 953
190.171.141.82 - - [18/Aug/2022:16:03:24 -0300] "GET /cormun/static/hpexe_return.js?201991422392984 HTTP/1.1" 200 1633
190.171.141.82 - - [18/Aug/2022:16:03:24 -0300] "GET /cormun/servlet/trpermisosgoce HTTP/1.1" 200 7899
190.171.141.82 - - [18/Aug/2022:16:03:24 -0300] "GET /cormun//static/Resources/PXToolsGridUpdate.png HTTP/1.1" 200 470
190.171.141.82 - - [18/Aug/2022:16:03:24 -0300] "GET /cormun/servlet/trpermisosgoce HTTP/1.1" 200 7895
190.171.141.82 - - [18/Aug/2022:16:03:28 -0300] "GET /cormun/servlet/apermisogoceprn?7590017,P,20220818144550,PU HTTP/1.1" 200 1659
190.171.141.82 - - [18/Aug/2022:16:03:28 -0300] "GET /cormun/servlet/apermisogoceprn?7590017,P,20220818144550,PU HTTP/1.1" 200 1658
185.255.89.134 - - [18/Aug/2022:16:03:40 -0300] "GET /manager/html HTTP/1.1" 401 2474
185.255.89.134 - tomcat [18/Aug/2022:16:03:51 -0300] "GET /manager/html HTTP/1.1" 403 3196
185.255.89.134 - - [18/Aug/2022:16:04:02 -0300] "GET /manager/html HTTP/1.1" 401 2474
185.255.89.134 - - [18/Aug/2022:16:04:13 -0300] "GET /manager/html HTTP/1.1" 401 2474
185.255.89.134 - - [18/Aug/2022:16:04:25 -0300] "GET /manager/html HTTP/1.1" 401 2474
185.255.89.134 - - [18/Aug/2022:16:04:36 -0300] "GET /manager/html HTTP/1.1" 401 2474
139.87.71.160 - - [18/Aug/2022:16:04:37 -0300] "GET /manager/html HTTP/1.1" 401 2474
190.171.141.82 - - [18/Aug/2022:16:04:40 -0300] "GET /cormun/servlet/apermisogoceprn?7590017,P,20220818144550,PU HTTP/1.1" 200 1656
190.171.141.82 - - [18/Aug/2022:16:04:41 -0300] "GET /cormun/servlet/apermisogoceprn?7590017,P,20220818144550,PU HTTP/1.1" 200 1659
185.255.89.134 - - [18/Aug/2022:16:04:48 -0300] "GET /manager/html HTTP/1.1" 401 2474
40.77.167.9 - - [18/Aug/2022:16:04:53 -0300] "GET /cormun/servlet/hpexe_return HTTP/1.1" 200 972
185.255.89.134 - both [18/Aug/2022:16:05:00 -0300] "GET /manager/html HTTP/1.1" 403 3196
185.255.89.134 - - [18/Aug/2022:16:05:11 -0300] "GET /manager/html HTTP/1.1" 401 2474
139.87.71.160 - - [18/Aug/2022:16:05:16 -0300] "GET /manager/html HTTP/1.1" 401 2474
185.255.89.134 - - [18/Aug/2022:16:05:22 -0300] "GET /manager/html HTTP/1.1" 401 2474
185.255.89.134 - - [18/Aug/2022:16:05:33 -0300] "GET /manager/html HTTP/1.1" 401 2474
185.255.89.134 - - [18/Aug/2022:16:05:45 -0300] "GET /manager/html HTTP/1.1" 401 2474
139.87.71.160 - - [18/Aug/2022:16:05:51 -0300] "GET /manager/html HTTP/1.1" 401 2474
185.255.89.134 - - [18/Aug/2022:16:05:56 -0300] "GET /manager/html HTTP/1.1" 401 2474
185.255.89.134 - - [18/Aug/2022:16:06:07 -0300] "GET /manager/html HTTP/1.1" 401 2474
185.255.89.134 - - [18/Aug/2022:16:06:18 -0300] "GET /manager/html HTTP/1.1" 401 2474
139.87.71.160 - - [18/Aug/2022:16:06:24 -0300] "GET /manager/html HTTP/1.1" 401 2474
185.255.89.134 - - [18/Aug/2022:16:06:29 -0300] "GET /manager/html HTTP/1.1" 401 2474
185.255.89.134 - - [18/Aug/2022:16:06:41 -0300] "GET /manager/html HTTP/1.1" 401 2474
185.255.89.134 - - [18/Aug/2022:16:06:52 -0300] "GET /manager/html HTTP/1.1" 401 2474
185.255.89.134 - - [18/Aug/2022:16:07:04 -0300] "GET /manager/html HTTP/1.1" 401 2474
190.171.141.82 - - [18/Aug/2022:16:07:15 -0300] "GET /cormun/servlet/permisogoce?INS,0,,, HTTP/1.1" 200 6822
190.171.141.82 - - [18/Aug/2022:16:07:15 -0300] "GET /cormun/servlet/permisogoce?INS,0,,, HTTP/1.1" 200 6822
185.255.89.134 - - [18/Aug/2022:16:07:16 -0300] "GET /manager/html HTTP/1.1" 401 2474
190.171.141.82 - - [18/Aug/2022:16:07:26 -0300] "GET /cormun/servlet/permisogoce?c1b5ad27b1013308302ff55919a0787d31eeb91078764f538f89a8ab155a3fe15244b32affc0a1f36c73f8631c81182b49d43539be4a83f9b398698d687798cf,gx-no-cache=1660848801193 HTTP/1.1" 200 81
185.255.89.134 - - [18/Aug/2022:16:07:28 -0300] "GET /manager/html HTTP/1.1" 401 2474
190.171.141.106 - - [18/Aug/2022:16:07:32 -0300] "GET /cormun/servlet/hlogin HTTP/1.1" 200 1726
190.171.141.106 - - [18/Aug/2022:16:07:33 -0300] "GET /cormun/servlet/hlogin HTTP/1.1" 200 1726
190.171.141.82 - - [18/Aug/2022:16:07:33 -0300] "GET /cormun/static/menuarrow.gif HTTP/1.1" 404 1015
190.171.141.106 - - [18/Aug/2022:16:07:38 -0300] "POST /cormun/servlet/hlogin?98403c31459d39534c032784131a6c3f,gx-no-cache=1660848811159 HTTP/1.1" 200 90
190.171.141.106 - - [18/Aug/2022:16:07:38 -0300] "GET /cormun/servlet/hpexe_link HTTP/1.1" 200 952
190.171.141.106 - - [18/Aug/2022:16:07:38 -0300] "GET /cormun/servlet/hhome HTTP/1.1" 200 4260
190.171.141.106 - - [18/Aug/2022:16:07:38 -0300] "GET /cormun/servlet/hhome HTTP/1.1" 200 4257
185.255.89.134 - - [18/Aug/2022:16:07:40 -0300] "GET /manager/html HTTP/1.1" 401 2474
190.171.141.106 - - [18/Aug/2022:16:07:41 -0300] "GET /cormun/servlet/trlicencias? HTTP/1.1" 200 14073
139.87.71.160 - - [18/Aug/2022:16:07:41 -0300] "GET /manager/html HTTP/1.1" 401 2474
190.171.141.82 - - [18/Aug/2022:16:07:41 -0300] "GET /cormun/servlet/permisogoce?c1b5ad27b1013308302ff55919a0787de935f0364ff41f6a383abd206876f3697e86ef453cb5a014a45cb9f5180ac9a1fc2c7a98585d8e9687abb3eae4c9faab,gx-no-cache=1660848816641 HTTP/1.1" 200 48
190.171.141.106 - - [18/Aug/2022:16:07:42 -0300] "GET /cormun/servlet/trlicencias? HTTP/1.1" 200 14055
190.171.141.82 - - [18/Aug/2022:16:07:46 -0300] "POST /cormun/servlet/permisogoce?46265ee1765b148d84110036f037a352,INS,0,,,,gx-no-cache=1660848821286 HTTP/1.1" 200 93
190.171.141.82 - - [18/Aug/2022:16:07:46 -0300] "GET /cormun/servlet/hpexe_return? HTTP/1.1" 200 1007
190.171.141.82 - - [18/Aug/2022:16:07:47 -0300] "GET /cormun/servlet/trpermisosgoce HTTP/1.1" 200 7899
190.171.141.82 - - [18/Aug/2022:16:07:47 -0300] "GET /cormun/servlet/trpermisosgoce HTTP/1.1" 200 7895
185.255.89.134 - - [18/Aug/2022:16:07:52 -0300] "GET /manager/html HTTP/1.1" 401 2474
190.171.141.82 - - [18/Aug/2022:16:08:03 -0300] "POST /cormun/servlet/trpermisosgoce?46265ee1765b148d84110036f037a352,gx-no-cache=1660848837429 HTTP/1.1" 200 15906
190.171.141.82 - - [18/Aug/2022:16:08:03 -0300] "GET /cormun/static/Resources/PXToolsGridNext.gif HTTP/1.1" 200 369
190.171.141.82 - - [18/Aug/2022:16:08:03 -0300] "GET /cormun/static/Resources/PXToolsGridLast.gif HTTP/1.1" 200 370
185.255.89.134 - - [18/Aug/2022:16:08:05 -0300] "GET /manager/html HTTP/1.1" 401 2474
190.171.141.82 - - [18/Aug/2022:16:08:06 -0300] "GET /cormun/servlet/apermisogoceprn?9564888,P,20220818145011,PU HTTP/1.1" 200 1630
190.171.141.82 - - [18/Aug/2022:16:08:06 -0300] "GET /cormun/servlet/apermisogoceprn?9564888,P,20220818145011,PU HTTP/1.1" 200 1633
139.87.71.160 - - [18/Aug/2022:16:08:19 -0300] "GET /manager/html HTTP/1.1" 401 2474
185.255.89.134 - - [18/Aug/2022:16:08:19 -0300] "GET /manager/html HTTP/1.1" 401 2474
190.171.141.82 - - [18/Aug/2022:16:08:24 -0300] "GET /cormun/servlet/permisogoce?INS,0,,, HTTP/1.1" 200 6822
190.171.141.82 - - [18/Aug/2022:16:08:24 -0300] "GET /cormun/servlet/permisogoce?INS,0,,, HTTP/1.1" 200 6822
190.171.141.82 - - [18/Aug/2022:16:08:33 -0300] "GET /cormun/servlet/permisogoce?c1b5ad27b1013308302ff55919a0787d53f52e0124c76c18b9d5dde856c83efda9d7ccf13be05b6447fc468a07a9896b2f6cdf0022c0519593f29c161641873a,gx-no-cache=1660848867981 HTTP/1.1" 200 84
185.255.89.134 - - [18/Aug/2022:16:08:39 -0300] "GET /manager/html HTTP/1.1" 401 2474
190.171.141.82 - - [18/Aug/2022:16:08:48 -0300] "GET /cormun/servlet/permisogoce?c1b5ad27b1013308302ff55919a0787dd160c02bda64c8fc99bd4863e5e599dfbc3eab44f8e88c57a8d12dc2b87ac75e843e220377029234f2045b9a994bac74,gx-no-cache=1660848883264 HTTP/1.1" 200 47
139.87.71.160 - - [18/Aug/2022:16:08:53 -0300] "GET /manager/html HTTP/1.1" 401 2474
185.255.89.134 - - [18/Aug/2022:16:09:00 -0300] "GET /manager/html HTTP/1.1" 401 2474
190.171.141.82 - - [18/Aug/2022:16:09:12 -0300] "POST /cormun/servlet/permisogoce?46265ee1765b148d84110036f037a352,INS,0,,,,gx-no-cache=1660848906469 HTTP/1.1" 200 93
190.171.141.82 - - [18/Aug/2022:16:09:12 -0300] "GET /cormun/servlet/hpexe_return? HTTP/1.1" 200 1029
190.171.141.82 - - [18/Aug/2022:16:09:12 -0300] "GET /cormun/servlet/trpermisosgoce?gx-no-cache=1660848837429 HTTP/1.1" 200 18646
190.171.141.82 - - [18/Aug/2022:16:09:13 -0300] "GET /cormun/servlet/trpermisosgoce?gx-no-cache=1660848837429 HTTP/1.1" 200 18671
190.171.141.82 - - [18/Aug/2022:16:09:18 -0300] "GET /cormun/servlet/apermisogoceprn?13568424,P,20220818145120,PU HTTP/1.1" 200 1670
190.171.141.82 - - [18/Aug/2022:16:09:18 -0300] "GET /cormun/servlet/apermisogoceprn?13568424,P,20220818145120,PU HTTP/1.1" 200 1670
185.255.89.134 - - [18/Aug/2022:16:09:21 -0300] "GET /manager/html HTTP/1.1" 401 2474
139.87.71.160 - - [18/Aug/2022:16:09:30 -0300] "GET /manager/html HTTP/1.1" 401 2474
185.255.89.134 - - [18/Aug/2022:16:09:43 -0300] "GET /manager/html HTTP/1.1" 401 2474
185.255.89.134 - - [18/Aug/2022:16:10:04 -0300] "GET /manager/html HTTP/1.1" 401 2474
139.87.71.160 - - [18/Aug/2022:16:10:07 -0300] "GET /manager/html HTTP/1.1" 401 2474
190.171.141.106 - - [18/Aug/2022:16:10:44 -0300] "GET /cormun/servlet/licenciaspermisos?DSP,16494536,L,20220818000000, HTTP/1.1" 200 6333
139.87.71.160 - - [18/Aug/2022:16:10:45 -0300] "GET /manager/html HTTP/1.1" 401 2474
190.171.141.106 - - [18/Aug/2022:16:10:45 -0300] "GET /cormun/servlet/hlogin HTTP/1.1" 200 1776
190.171.141.106 - - [18/Aug/2022:16:10:45 -0300] "GET /cormun/servlet/licenciaspermisos?DSP,16494536,L,20220818000000, HTTP/1.1" 200 6331
190.171.141.106 - - [18/Aug/2022:16:10:58 -0300] "POST /cormun/servlet/hlogin?03c5cbbaa56ca015e256728bea9a15ea,gx-no-cache=1660845467414 HTTP/1.1" 200 90
190.171.141.106 - - [18/Aug/2022:16:10:58 -0300] "GET /cormun/servlet/hpexe_link HTTP/1.1" 200 992
190.171.141.106 - - [18/Aug/2022:16:10:58 -0300] "GET /cormun/servlet/licenciaspermisos?DSP,16494536,L,20220818000000, HTTP/1.1" 200 7270
190.171.141.106 - - [18/Aug/2022:16:10:59 -0300] "GET /cormun/servlet/licenciaspermisos?DSP,16494536,L,20220818000000, HTTP/1.1" 200 7268
45.134.144.140 - - [18/Aug/2022:16:11:14 -0300] "GET ///.env HTTP/1.1" 404 973
139.87.71.160 - - [18/Aug/2022:16:11:20 -0300] "GET /manager/html HTTP/1.1" 401 2474
139.87.71.160 - - [18/Aug/2022:16:12:00 -0300] "GET /manager/html HTTP/1.1" 401 2474
139.87.71.160 - - [18/Aug/2022:16:13:16 -0300] "GET /manager/html HTTP/1.1" 401 2474
139.87.71.160 - - [18/Aug/2022:16:15:42 -0300] "GET /manager/html HTTP/1.1" 401 2474
139.87.71.160 - - [18/Aug/2022:16:16:16 -0300] "GET /manager/html HTTP/1.1" 401 2474
139.87.71.160 - - [18/Aug/2022:16:17:28 -0300] "GET /manager/html HTTP/1.1" 401 2474
200.54.107.2 - - [18/Aug/2022:16:18:00 -0300] "GET /cormun/servlet/trsolicitudot? HTTP/1.1" 200 6338
200.54.107.2 - - [18/Aug/2022:16:18:01 -0300] "GET /cormun/servlet/hlogin HTTP/1.1" 200 1749
200.54.107.2 - - [18/Aug/2022:16:18:01 -0300] "GET /cormun/servlet/trsolicitudot? HTTP/1.1" 200 6330
200.54.107.2 - - [18/Aug/2022:16:18:05 -0300] "POST /cormun/servlet/hlogin?1fb0fd1fe162507c84c3aa75bbef6923,gx-no-cache=1660849438504 HTTP/1.1" 200 90
200.54.107.2 - - [18/Aug/2022:16:18:05 -0300] "GET /cormun/servlet/hpexe_link HTTP/1.1" 200 964
200.54.107.2 - - [18/Aug/2022:16:18:05 -0300] "GET /cormun/servlet/trsolicitudot HTTP/1.1" 200 7401
200.54.107.2 - - [18/Aug/2022:16:18:05 -0300] "GET /cormun/servlet/trsolicitudot HTTP/1.1" 200 7400
200.54.107.2 - - [18/Aug/2022:16:18:12 -0300] "GET /cormun/servlet/trlicencias? HTTP/1.1" 200 10886
200.54.107.2 - - [18/Aug/2022:16:18:13 -0300] "GET /cormun/servlet/trlicencias? HTTP/1.1" 200 10882
139.87.71.160 - - [18/Aug/2022:16:18:42 -0300] "GET /manager/html HTTP/1.1" 401 2474
139.87.71.160 - - [18/Aug/2022:16:19:19 -0300] "GET /manager/html HTTP/1.1" 401 2474
190.171.149.74 - - [18/Aug/2022:16:19:54 -0300] "GET /cormun/servlet/hlogin HTTP/1.1" 200 1728
190.171.149.74 - - [18/Aug/2022:16:20:01 -0300] "POST /cormun/servlet/hlogin?57df949923cf102ff78e630f433f655d,gx-no-cache=1660849554437 HTTP/1.1" 200 90
190.171.149.74 - - [18/Aug/2022:16:20:01 -0300] "GET /cormun/servlet/hpexe_link HTTP/1.1" 200 953
190.171.149.74 - - [18/Aug/2022:16:20:01 -0300] "GET /cormun/servlet/hhome HTTP/1.1" 200 3980
190.171.149.74 - - [18/Aug/2022:16:20:01 -0300] "GET /cormun/servlet/hhome HTTP/1.1" 200 3976
190.171.149.74 - - [18/Aug/2022:16:20:03 -0300] "GET /cormun/servlet/trpermisosgoce? HTTP/1.1" 200 14653
190.171.149.74 - - [18/Aug/2022:16:20:03 -0300] "GET /cormun/servlet/trpermisosgoce? HTTP/1.1" 200 14676
190.171.149.74 - - [18/Aug/2022:16:20:06 -0300] "GET /cormun/servlet/permisogoce?INS,0,,, HTTP/1.1" 200 6846
190.171.149.74 - - [18/Aug/2022:16:20:06 -0300] "GET /cormun/servlet/permisogoce?INS,0,,, HTTP/1.1" 200 6844
190.171.149.74 - - [18/Aug/2022:16:20:12 -0300] "GET /cormun/servlet/permisogoce?444934048d99ea5e7c9f198c1076343a6548667ff2af4758a4321bb928f5b85f5b3f2deac23f08ebdb90bb8f69c0473894b8830444ec0310a6b5a12ceaebdd3f,gx-no-cache=1660849566241 HTTP/1.1" 200 81
190.171.149.74 - - [18/Aug/2022:16:20:14 -0300] "GET /cormun/static/menuarrow.gif HTTP/1.1" 404 1015
190.171.149.74 - - [18/Aug/2022:16:20:19 -0300] "GET /cormun/servlet/permisogoce?444934048d99ea5e7c9f198c1076343a9d5325af947d5b0da8740f8297ed9cdd34ba0ab1ad1d5d8ee35d290bb8c5b63c9999733a6c6cf010e226aa80c97fbf0f,gx-no-cache=1660849573262 HTTP/1.1" 200 47
190.171.149.74 - - [18/Aug/2022:16:20:34 -0300] "POST /cormun/servlet/permisogoce?57df949923cf102ff78e630f433f655d,INS,0,,,,gx-no-cache=1660849587432 HTTP/1.1" 200 93
190.171.149.74 - - [18/Aug/2022:16:20:34 -0300] "GET /cormun/servlet/hpexe_return? HTTP/1.1" 200 1012
190.171.149.74 - - [18/Aug/2022:16:20:35 -0300] "GET /cormun/servlet/trpermisosgoce HTTP/1.1" 200 14916
190.171.149.74 - - [18/Aug/2022:16:20:35 -0300] "GET /cormun/servlet/trpermisosgoce HTTP/1.1" 200 14906
139.87.71.160 - - [18/Aug/2022:16:20:36 -0300] "GET /manager/html HTTP/1.1" 401 2474
190.171.149.74 - - [18/Aug/2022:16:20:38 -0300] "GET /cormun/servlet/apermisogoceprn?21248478,P,20220818150302,PU HTTP/1.1" 200 1652
139.87.71.160 - - [18/Aug/2022:16:22:23 -0300] "GET /manager/html HTTP/1.1" 401 2474
139.87.71.160 - - [18/Aug/2022:16:22:59 -0300] "GET /manager/html HTTP/1.1" 401 2474
190.171.141.98 - - [18/Aug/2022:16:23:12 -0300] "GET /cormun/servlet/trsolicitudadjuntos?2021,17422, HTTP/1.1" 200 9128
190.171.141.98 - - [18/Aug/2022:16:23:13 -0300] "GET /cormun/servlet/hlogin HTTP/1.1" 200 1753
190.171.141.98 - - [18/Aug/2022:16:23:14 -0300] "GET /cormun/servlet/trsolicitudadjuntos?2021,17422, HTTP/1.1" 200 9147
190.171.141.98 - - [18/Aug/2022:16:23:14 -0300] "GET /cormun/servlet/trsolicitudadjuntos?2021,17422, HTTP/1.1" 200 9148
190.171.141.98 - - [18/Aug/2022:16:23:16 -0300] "POST /cormun/servlet/hlogin?14503b41307a561326ef25e1d298e7fb,gx-no-cache=1660849749486 HTTP/1.1" 200 90
190.171.141.98 - - [18/Aug/2022:16:23:16 -0300] "GET /cormun/servlet/hpexe_link HTTP/1.1" 200 968
190.171.141.98 - - [18/Aug/2022:16:23:17 -0300] "GET /cormun/servlet/trsolicitudadjuntos?2021,17422, HTTP/1.1" 200 9713
190.171.141.98 - - [18/Aug/2022:16:23:18 -0300] "GET /cormun/servlet/trsolicitudadjuntos?2021,17422, HTTP/1.1" 200 9723
190.171.141.98 - - [18/Aug/2022:16:23:21 -0300] "GET /cormun/servlet/trlicencias? HTTP/1.1" 200 12197
190.171.141.98 - - [18/Aug/2022:16:23:21 -0300] "GET /cormun/servlet/trlicencias? HTTP/1.1" 200 12163
139.87.71.160 - - [18/Aug/2022:16:23:36 -0300] "GET /manager/html HTTP/1.1" 401 2474
139.87.71.160 - - [18/Aug/2022:16:24:16 -0300] "GET /manager/html HTTP/1.1" 401 2474
190.171.141.98 - - [18/Aug/2022:16:25:16 -0300] "GET /cormun/servlet/licenciaspermisos?DSP,13720827,L,20220817000000, HTTP/1.1" 200 6948
190.171.141.98 - - [18/Aug/2022:16:25:16 -0300] "GET /cormun/static/gxcfg.js?202012153173 HTTP/1.1" 200 953
190.171.141.98 - - [18/Aug/2022:16:25:16 -0300] "GET /cormun/static/Resources/prompt.gif HTTP/1.1" 304 -
190.171.141.98 - - [18/Aug/2022:16:25:16 -0300] "GET /cormun/static/licenciaspermisos.js?2020121532136 HTTP/1.1" 200 38824
190.171.141.98 - - [18/Aug/2022:16:25:16 -0300] "GET /cormun/servlet/licenciaspermisos?DSP,13720827,L,20220817000000, HTTP/1.1" 200 6948
190.171.153.26 - - [18/Aug/2022:16:25:23 -0300] "GET /cormun/servlet/trpermisosadjuntos?8890041,20220818121733,P, HTTP/1.1" 200 5452
139.87.71.160 - - [18/Aug/2022:16:25:27 -0300] "GET /manager/html HTTP/1.1" 401 2474
190.171.153.26 - - [18/Aug/2022:16:25:27 -0300] "GET /cormun/servlet/trpermisosadjuntos?8890041,20220818121733,P, HTTP/1.1" 200 5449
190.171.153.26 - - [18/Aug/2022:16:25:27 -0300] "GET /cormun/servlet/hlogin HTTP/1.1" 200 1769
190.171.153.26 - - [18/Aug/2022:16:25:27 -0300] "GET /cormun/servlet/trpermisosadjuntos?8890041,20220818121733,P, HTTP/1.1" 200 5449
200.54.107.2 - - [18/Aug/2022:16:25:30 -0300] "GET /cormun/servlet/trsolicitudot? HTTP/1.1" 200 7400
200.54.107.2 - - [18/Aug/2022:16:25:31 -0300] "GET /cormun/servlet/trsolicitudot? HTTP/1.1" 200 7400
190.171.153.26 - - [18/Aug/2022:16:25:36 -0300] "POST /cormun/servlet/hlogin?0cfcaa4b31bf3900d4c7bb0f878f8865,gx-no-cache=1660849893109 HTTP/1.1" 200 90
190.171.153.26 - - [18/Aug/2022:16:25:36 -0300] "GET /cormun/servlet/hpexe_link HTTP/1.1" 200 983
190.171.153.26 - - [18/Aug/2022:16:25:36 -0300] "GET /cormun/servlet/trpermisosadjuntos?8890041,20220818121733,P, HTTP/1.1" 200 6096
190.171.153.26 - - [18/Aug/2022:16:25:37 -0300] "GET /cormun/servlet/trpermisosadjuntos?8890041,20220818121733,P, HTTP/1.1" 200 6093
190.171.153.26 - - [18/Aug/2022:16:25:40 -0300] "GET /cormun/servlet/permisosadjuntos?INS,8890041,P,20220818121733,, HTTP/1.1" 200 5594
190.171.153.26 - - [18/Aug/2022:16:25:40 -0300] "GET /cormun/static/about:blank HTTP/1.1" 404 1011
190.171.153.26 - - [18/Aug/2022:16:25:40 -0300] "GET /cormun/servlet/permisosadjuntos?INS,8890041,P,20220818121733,, HTTP/1.1" 200 5584
190.171.141.98 - - [18/Aug/2022:16:25:41 -0300] "POST /cormun/servlet/licenciaspermisos?14503b41307a561326ef25e1d298e7fb,DSP,13720827,L,20220817000000,,gx-no-cache=1660849894261 HTTP/1.1" 200 93
190.171.141.98 - - [18/Aug/2022:16:25:41 -0300] "GET /cormun/servlet/hpexe_return? HTTP/1.1" 200 1026
190.171.141.98 - - [18/Aug/2022:16:25:41 -0300] "GET /cormun/static/hpexe_return.js?201991422392984 HTTP/1.1" 304 -
190.171.141.98 - - [18/Aug/2022:16:25:41 -0300] "GET /cormun/servlet/trlicencias HTTP/1.1" 200 12176
190.171.141.98 - - [18/Aug/2022:16:25:42 -0300] "GET /cormun/servlet/trlicencias HTTP/1.1" 200 12195
200.54.107.2 - - [18/Aug/2022:16:25:53 -0300] "GET /cormun/servlet/solicitudot?INS,0,0,false, HTTP/1.1" 200 16126
200.54.107.2 - - [18/Aug/2022:16:25:54 -0300] "GET /cormun/servlet/solicitudot?INS,0,0,false, HTTP/1.1" 200 16133
139.87.71.160 - - [18/Aug/2022:16:26:06 -0300] "GET /manager/html HTTP/1.1" 401 2474
190.171.153.26 - - [18/Aug/2022:16:26:08 -0300] "POST /cormun/servlet/permisosadjuntos?0cfcaa4b31bf3900d4c7bb0f878f8865,INS,8890041,P,20220818121733,, HTTP/1.1" 200 116
190.171.153.26 - - [18/Aug/2022:16:26:08 -0300] "GET /cormun/servlet/hpexe_return? HTTP/1.1" 200 1036
190.171.153.26 - - [18/Aug/2022:16:26:09 -0300] "GET /cormun/servlet/trpermisosadjuntos?8890041,20220818121733,P, HTTP/1.1" 200 6625
190.171.153.26 - - [18/Aug/2022:16:26:09 -0300] "GET /cormun/servlet/trpermisosadjuntos?8890041,20220818121733,P, HTTP/1.1" 200 6622
190.171.153.26 - - [18/Aug/2022:16:26:15 -0300] "GET /cormun/PublicTempStorage/nelly_acevedo_22760016.pdf HTTP/1.1" 200 146369
190.171.153.26 - - [18/Aug/2022:16:26:27 -0300] "GET /cormun/servlet/trpermisosadjuntos?8890041,20220818121733,P, HTTP/1.1" 200 6626
190.171.153.26 - - [18/Aug/2022:16:26:27 -0300] "GET /cormun/servlet/trpermisosadjuntos?8890041,20220818121733,P, HTTP/1.1" 200 6623
190.171.153.26 - - [18/Aug/2022:16:26:33 -0300] "GET /cormun/servlet/trpermisosgoce? HTTP/1.1" 200 9213
190.171.153.26 - - [18/Aug/2022:16:26:33 -0300] "GET /cormun/servlet/trpermisosgoce? HTTP/1.1" 200 9214
190.171.153.26 - - [18/Aug/2022:16:26:44 -0300] "POST /cormun/servlet/trpermisosgoce?0cfcaa4b31bf3900d4c7bb0f878f8865,,gx-no-cache=1660849960356 HTTP/1.1" 200 6485
190.171.153.26 - - [18/Aug/2022:16:26:44 -0300] "GET /cormun/static/Shared/jqueryui/images/ui-bg_highlight-soft_100_c6c2c8_1x100.png HTTP/1.1" 404 1117
190.171.153.26 - - [18/Aug/2022:16:26:44 -0300] "GET /cormun/static/Shared/jqueryui/images/ui-icons_82798d_256x240.png HTTP/1.1" 404 1089
190.171.153.26 - - [18/Aug/2022:16:26:44 -0300] "GET /cormun/static/Shared/jqueryui/images/ui-bg_flat_55_fafafa_40x100.png HTTP/1.1" 404 1097
190.171.153.26 - - [18/Aug/2022:16:26:44 -0300] "GET /cormun/static/Shared/jqueryui/images/ui-icons_8d78a5_256x240.png HTTP/1.1" 404 1089
190.171.153.26 - - [18/Aug/2022:16:26:55 -0300] "GET /cormun/servlet/trlicencias? HTTP/1.1" 200 11025
190.171.153.26 - - [18/Aug/2022:16:26:55 -0300] "GET /cormun/servlet/trlicencias? HTTP/1.1" 200 11023
139.87.71.160 - - [18/Aug/2022:16:27:16 -0300] "GET /manager/html HTTP/1.1" 401 2474
200.54.107.2 - - [18/Aug/2022:16:27:39 -0300] "POST /cormun/servlet/solicitudot?gx-no-cache=1660850012474 HTTP/1.1" 200 3878
200.54.107.2 - - [18/Aug/2022:16:27:39 -0300] "POST /cormun/servlet/solicitudot?1fb0fd1fe162507c84c3aa75bbef6923,INS,0,0,false,,gx-no-cache=1660850012642 HTTP/1.1" 200 12717
200.54.107.2 - - [18/Aug/2022:16:27:43 -0300] "GET /cormun/servlet/solicitudot?2611376208fe366f1232eca8aa000bd6f71e192c7bfa22a2630b506a4a6e92bdacf12f89d34e5990f2bb164f3a999010,gx-no-cache=1660850017032 HTTP/1.1" 200 30
190.171.143.106 - - [18/Aug/2022:16:28:16 -0300] "POST /cormun/servlet/trpermisosgoce?36a9e0238524614054b47d7aec4a0134,,gx-no-cache=1660850049726 HTTP/1.1" 440 972
190.171.143.106 - - [18/Aug/2022:16:28:21 -0300] "GET /cormun/servlet/trpermisosgoce? HTTP/1.1" 200 6025
190.171.143.106 - - [18/Aug/2022:16:28:21 -0300] "GET /cormun/servlet/hlogin HTTP/1.1" 200 1743
190.171.143.106 - - [18/Aug/2022:16:28:21 -0300] "GET /cormun/servlet/trpermisosgoce? HTTP/1.1" 200 6025
190.171.143.106 - - [18/Aug/2022:16:28:26 -0300] "POST /cormun/servlet/hlogin?e6d884d6857796b8820a4e4ef8b73f2d,gx-no-cache=1660850059571 HTTP/1.1" 200 90
190.171.143.106 - - [18/Aug/2022:16:28:26 -0300] "GET /cormun/servlet/hpexe_link HTTP/1.1" 200 954
190.171.143.106 - - [18/Aug/2022:16:28:26 -0300] "GET /cormun/servlet/trpermisosgoce HTTP/1.1" 200 8911
190.171.143.106 - - [18/Aug/2022:16:28:27 -0300] "GET /cormun/servlet/trpermisosgoce HTTP/1.1" 200 8910
139.87.71.160 - - [18/Aug/2022:16:28:31 -0300] "GET /manager/html HTTP/1.1" 401 2474
190.171.143.106 - - [18/Aug/2022:16:28:50 -0300] "POST /cormun/servlet/trpermisosgoce?e6d884d6857796b8820a4e4ef8b73f2d,gx-no-cache=1660850083020 HTTP/1.1" 200 3929
139.87.71.160 - - [18/Aug/2022:16:29:07 -0300] "GET /manager/html HTTP/1.1" 401 2474
139.87.71.160 - - [18/Aug/2022:16:29:43 -0300] "GET /manager/html HTTP/1.1" 401 2474
190.171.153.26 - - [18/Aug/2022:16:30:17 -0300] "GET /cormun/servlet/trsolicitudot? HTTP/1.1" 200 8579
190.171.153.26 - - [18/Aug/2022:16:30:18 -0300] "GET /cormun/servlet/trsolicitudot? HTTP/1.1" 200 8579
190.171.153.26 - - [18/Aug/2022:16:30:34 -0300] "POST /cormun/servlet/trsolicitudot?0cfcaa4b31bf3900d4c7bb0f878f8865,,gx-no-cache=1660850191541 HTTP/1.1" 200 111
190.171.153.26 - - [18/Aug/2022:16:30:35 -0300] "GET /cormun/servlet/solicitudot?UPD,2022,19080,false, HTTP/1.1" 200 16284
190.171.153.26 - - [18/Aug/2022:16:30:35 -0300] "GET /cormun/static/gxcfg.js?20203414241232 HTTP/1.1" 200 953
190.171.153.26 - - [18/Aug/2022:16:30:35 -0300] "GET /cormun/static/solicitudot.js?20203414242792 HTTP/1.1" 200 74114
190.171.153.26 - - [18/Aug/2022:16:30:35 -0300] "GET /cormun/servlet/solicitudot?UPD,2022,19080,false, HTTP/1.1" 200 16295
190.171.153.26 - - [18/Aug/2022:16:30:36 -0300] "POST /cormun/servlet/solicitudot?gx-no-cache=1660850192818 HTTP/1.1" 200 3959
190.171.153.26 - - [18/Aug/2022:16:30:37 -0300] "POST /cormun/servlet/solicitudot?0cfcaa4b31bf3900d4c7bb0f878f8865,UPD,2022,19080,false,,gx-no-cache=1660850192998 HTTP/1.1" 200 12601
190.171.153.26 - - [18/Aug/2022:16:30:37 -0300] "GET /cormun/servlet/solicitudot?abdac305e79e15093a4ae1bbb36bd9511fad2e51eeef235c39c440d6ee335a287dad508f24cb247c0a967d29009810ef,gx-no-cache=1660850193770 HTTP/1.1" 200 30
190.171.153.26 - - [18/Aug/2022:16:30:37 -0300] "GET /cormun/servlet/solicitudot?abdac305e79e15093a4ae1bbb36bd95172d0e168d61048ebca0403ee95250a5839529f90036da29feaa0246ab84ae4e0eb99fe836cfd1387a59814aa9de503c5,gx-no-cache=1660850193801 HTTP/1.1" 200 30
190.171.153.26 - - [18/Aug/2022:16:30:37 -0300] "GET /cormun/servlet/solicitudot?abdac305e79e15093a4ae1bbb36bd951a8406dc3383533b70e7ffc38af3ddb57ee326484398ad19aede431ba81e1ca965e16465de88adc1f78d772aa625a4ab5,gx-no-cache=1660850193824 HTTP/1.1" 200 53
190.171.153.26 - - [18/Aug/2022:16:30:37 -0300] "POST /cormun/servlet/solicitudot?gx-no-cache=1660850193869 HTTP/1.1" 200 254
190.171.153.26 - - [18/Aug/2022:16:30:37 -0300] "GET /cormun/servlet/solicitudot?abdac305e79e15093a4ae1bbb36bd951bb14fb21bfeff1cd12d8bb4808db707d0da22970345d798a64b59f6cef6d8a90c500b252cc1cc053e9e4c38680df3aa6ee1280531fbca93b002e2eb153f25858875b3afc37a1de00be8d40c99105b27763c6bc63718511d65626e741a244bdb15d45a2342d4d364ea43b7aa8ad930baeefe60677110b03806366e2d6bd39e37c1037c1a75740088066b1ebe41b09b95de7936f353e2e7c1c1d803bb33ccbf67cf7190acd329345f196a68a7bf8269bcd2da105d7da277ec4dd14c584a7ffc248d931188bc9341dd3df46f785893ac2ca802c3b73c4c90422fa872e2576c632b9086cd6700566f53cde371d4f2b67a593d6147177545afcf0f2667910c6aaf9610e7470238989ae01f339d9a0cc5599702fbaa872b950eede77461934c73b458419cc09bf7aac791af3ab3e425cbb58e82e0ace5d02dde90d444e2a092895ac7ef88515ef3d6888b268ef87710fa99e897be840841593adcc10a30f2249ad5f0299e417a25864293fde8ed1b8997b0bfc,gx-no-cache=1660850193920 HTTP/1.1" 200 30
190.171.153.26 - - [18/Aug/2022:16:30:37 -0300] "POST /cormun/servlet/solicitudot?gx-no-cache=1660850193951 HTTP/1.1" 200 30
190.171.153.26 - - [18/Aug/2022:16:30:37 -0300] "POST /cormun/servlet/solicitudot?gx-no-cache=1660850193990 HTTP/1.1" 200 1469
190.171.153.26 - - [18/Aug/2022:16:30:37 -0300] "POST /cormun/servlet/solicitudot?gx-no-cache=1660850194035 HTTP/1.1" 200 41
139.87.71.160 - - [18/Aug/2022:16:30:59 -0300] "GET /manager/html HTTP/1.1" 401 2474
139.87.71.160 - - [18/Aug/2022:16:31:36 -0300] "GET /manager/html HTTP/1.1" 401 2474
139.87.71.160 - - [18/Aug/2022:16:32:14 -0300] "GET /manager/html HTTP/1.1" 401 2474
190.171.143.98 - - [18/Aug/2022:16:32:15 -0300] "GET /cormun/servlet/hlogin HTTP/1.1" 200 1723
190.171.143.98 - - [18/Aug/2022:16:32:16 -0300] "GET /cormun/servlet/hlogin HTTP/1.1" 200 1733
200.54.107.2 - - [18/Aug/2022:16:32:18 -0300] "GET /cormun/servlet/solicitudot?2611376208fe366f1232eca8aa000bd6079955e9fd31e7787571c3a5c78955c0,gx-no-cache=1660850291582 HTTP/1.1" 200 94
200.54.107.2 - - [18/Aug/2022:16:32:18 -0300] "GET /cormun/static/Shared/jqueryui/images/ui-bg_highlight-soft_100_c6c2c8_1x100.png HTTP/1.1" 404 1117
200.54.107.2 - - [18/Aug/2022:16:32:18 -0300] "GET /cormun/static/Shared/jqueryui/images/ui-icons_82798d_256x240.png HTTP/1.1" 404 1089
200.54.107.2 - - [18/Aug/2022:16:32:18 -0300] "GET /cormun/static/Shared/jqueryui/images/ui-bg_flat_55_994d53_40x100.png HTTP/1.1" 404 1097
200.54.107.2 - - [18/Aug/2022:16:32:18 -0300] "GET /cormun/static/Shared/jqueryui/images/ui-icons_ebccce_256x240.png HTTP/1.1" 404 1089
200.54.107.2 - - [18/Aug/2022:16:32:20 -0300] "GET /cormun/servlet/prbanco?,MD,,gxPopupLevel%3D0%3B HTTP/1.1" 200 6653
200.54.107.2 - - [18/Aug/2022:16:32:20 -0300] "GET /cormun/static/gxcfg.js?20201216131581 HTTP/1.1" 200 953
200.54.107.2 - - [18/Aug/2022:16:32:20 -0300] "GET /cormun/static/prbanco.js?20201216132311 HTTP/1.1" 200 10693
190.171.143.98 - - [18/Aug/2022:16:32:24 -0300] "POST /cormun/servlet/hlogin?e53e9cd11b7fbffaf07fbe0d3246e522,gx-no-cache=1660850297728 HTTP/1.1" 200 90
190.171.143.98 - - [18/Aug/2022:16:32:25 -0300] "GET /cormun/servlet/hpexe_link HTTP/1.1" 200 949
190.171.143.98 - - [18/Aug/2022:16:32:25 -0300] "GET /cormun/servlet/hhome HTTP/1.1" 200 4292
190.171.143.98 - - [18/Aug/2022:16:32:25 -0300] "GET /cormun/servlet/hhome HTTP/1.1" 200 4289
190.171.143.98 - - [18/Aug/2022:16:32:28 -0300] "GET /cormun/servlet/trlicencias? HTTP/1.1" 200 9729
190.171.143.98 - - [18/Aug/2022:16:32:29 -0300] "GET /cormun/servlet/trlicencias? HTTP/1.1" 200 9725
139.87.71.160 - - [18/Aug/2022:16:32:51 -0300] "GET /manager/html HTTP/1.1" 401 2474
200.54.107.2 - - [18/Aug/2022:16:33:24 -0300] "GET /cormun/servlet/solicitudot?2611376208fe366f1232eca8aa000bd6884b58a246b7f3465a7b318235f6993a,gx-no-cache=1660850358266 HTTP/1.1" 200 59
139.87.71.160 - - [18/Aug/2022:16:33:28 -0300] "GET /manager/html HTTP/1.1" 401 2474
200.54.107.2 - - [18/Aug/2022:16:33:49 -0300] "POST /cormun/servlet/solicitudot?1fb0fd1fe162507c84c3aa75bbef6923,INS,0,0,false,,gx-no-cache=1660850382936 HTTP/1.1" 200 12925
200.54.107.2 - - [18/Aug/2022:16:33:49 -0300] "GET /cormun/static/Shared/jqueryui/images/ui-bg_flat_55_fafafa_40x100.png HTTP/1.1" 404 1097
200.54.107.2 - - [18/Aug/2022:16:33:49 -0300] "GET /cormun/static/Shared/jqueryui/images/ui-icons_8d78a5_256x240.png HTTP/1.1" 404 1089
200.54.107.2 - - [18/Aug/2022:16:34:04 -0300] "GET /cormun/servlet/solicitudot?2611376208fe366f1232eca8aa000bd6079955e9fd31e7787571c3a5c78955c0,gx-no-cache=1660850397995 HTTP/1.1" 200 94
200.54.107.2 - - [18/Aug/2022:16:34:04 -0300] "GET /cormun/servlet/solicitudot?2611376208fe366f1232eca8aa000bd638a838838ccc89678b610f3e33765c26a69b711f02612cf1b7b186f2420270a4860346e78d549f0533ffcf47becdbab9af60167026628cf94beb4806c5470d01,gx-no-cache=1660850398082 HTTP/1.1" 200 59
200.54.107.2 - - [18/Aug/2022:16:34:04 -0300] "POST /cormun/servlet/solicitudot?gx-no-cache=1660850398142 HTTP/1.1" 200 297
200.54.107.2 - - [18/Aug/2022:16:34:04 -0300] "GET /cormun/servlet/solicitudot?2611376208fe366f1232eca8aa000bd6a55d5a3f365dc0b74cc36f68d188426518e551a70fe6f73aa3fe8fd1a02534dfcbb212150bcae8f2230f596241abff624bf4d7e4206ed4be5d247752720e8548878d4bceaafb35a639f6879c454ca972ddfcfa1a1aa33bd11eaaf043593a33654c4c06398d7e2e96629ae488a20199d00ca5180d1927880f3aa72d41845d44f0f1f3e186992b387c93e84772572c6b41ccf8866cef93c89101f770d6b44bb23fe6f33e2cb791fb74bd8feb76933a029116b20e4f59a6d33c78094732c25f1571bed38eb02e4e395673444cfa05c3c355a68cf93c415a40e2bbe49a387c47c77614fd7d49baf4b62f802b1e2a4d96899dfb6f6127f1b894b48409a4d2f2e4dd47c25bf18268d4a730fa7888fe841ad8bf4ea689d339b753c0083eb234f728eb20f1938d37b24538babf04b3f2dcba4c1abe7888e969affbbd945ebc79459b516bb1e92fb8e2a31a60871734c418d6de01c0b6a64a98fce4a2358204a69f34b11702f1517f2c7bb73f7bb2fb34cf6a34d6b4850aa1998a21e50f24d7283b7d3095,gx-no-cache=1660850398185 HTTP/1.1" 200 30
139.87.71.160 - - [18/Aug/2022:16:34:07 -0300] "GET /manager/html HTTP/1.1" 401 2474
200.54.107.2 - - [18/Aug/2022:16:34:08 -0300] "POST /cormun/servlet/solicitudot?gx-no-cache=1660850401688 HTTP/1.1" 200 30
200.54.107.2 - - [18/Aug/2022:16:34:22 -0300] "GET /cormun/servlet/prlicenciaspermisos?13663861,L,,MD,,gxPopupLevel%3D0%3B HTTP/1.1" 200 5507
200.54.107.2 - - [18/Aug/2022:16:34:33 -0300] "POST /cormun/servlet/solicitudot?gx-no-cache=1660850427216 HTTP/1.1" 200 1468
190.171.153.26 - - [18/Aug/2022:16:34:41 -0300] "GET /cormun/servlet/solicitudot?abdac305e79e15093a4ae1bbb36bd951b7eb84cdb33f435c8ff9c9f346aa74d0042b58f0e3c1e7c4ad26f687137027fd2c32233880dc43b6f774a74e9d757d90cf21c0187b0d3feb0965272e018dcdae316c71be634524215c798ab20386340a36046175eb1c2c4c6799f19a7544aed1,gx-no-cache=1660850438520 HTTP/1.1" 200 110
190.171.153.26 - - [18/Aug/2022:16:34:42 -0300] "POST /cormun/servlet/solicitudot?gx-no-cache=1660850438578 HTTP/1.1" 200 97
190.171.153.26 - - [18/Aug/2022:16:34:42 -0300] "GET /cormun/servlet/solicitudot?abdac305e79e15093a4ae1bbb36bd9516a35f5489627a6ac26acd03cb917f4e6c52cab75d236d017c1524f01a9101fe41b06ca250ef91cf9f9ab434804756885edee9f64786919146efae6641c948a6cf20aef0d7e27a6d8b43e3e58daaae4e099a1a1aceac0ce88c5e6188dd5de138343635045f45c5422b9c482c032245920512cd391e8ef20648092b62dbd353be6cad6149462567d67c5d30d70d3a7a32d,gx-no-cache=1660850438647 HTTP/1.1" 200 29
190.171.153.26 - - [18/Aug/2022:16:34:42 -0300] "GET /cormun/servlet/solicitudot?abdac305e79e15093a4ae1bbb36bd951f8ef0d3337d0793b5073c59bfaea0cd54cbc8073c07ea3a75e3d954a77bd8d44,gx-no-cache=1660850438696 HTTP/1.1" 200 30
190.171.153.26 - - [18/Aug/2022:16:34:42 -0300] "POST /cormun/servlet/solicitudot?gx-no-cache=1660850438752 HTTP/1.1" 200 30
190.171.153.26 - - [18/Aug/2022:16:34:42 -0300] "POST /cormun/servlet/solicitudot?0cfcaa4b31bf3900d4c7bb0f878f8865,UPD,2022,19080,false,,gx-no-cache=1660850438800 HTTP/1.1" 200 93
190.171.153.26 - - [18/Aug/2022:16:34:42 -0300] "GET /cormun/servlet/hpexe_return? HTTP/1.1" 200 1014
190.171.153.26 - - [18/Aug/2022:16:34:42 -0300] "GET /cormun/servlet/trsolicitudot HTTP/1.1" 200 8583
190.171.153.26 - - [18/Aug/2022:16:34:43 -0300] "GET /cormun/servlet/trsolicitudot HTTP/1.1" 200 8579
190.171.153.26 - - [18/Aug/2022:16:35:17 -0300] "POST /cormun/servlet/trsolicitudot?0cfcaa4b31bf3900d4c7bb0f878f8865,gx-no-cache=1660850473592 HTTP/1.1" 200 5792
190.171.153.26 - - [18/Aug/2022:16:35:17 -0300] "GET /cormun/static/Shared/jqueryui/images/ui-bg_highlight-soft_100_c6c2c8_1x100.png HTTP/1.1" 404 1117
190.171.153.26 - - [18/Aug/2022:16:35:17 -0300] "GET /cormun/static/Shared/jqueryui/images/ui-bg_flat_55_fafafa_40x100.png HTTP/1.1" 404 1097
190.171.153.26 - - [18/Aug/2022:16:35:17 -0300] "GET /cormun/static/Shared/jqueryui/images/ui-icons_8d78a5_256x240.png HTTP/1.1" 404 1089
190.171.153.26 - - [18/Aug/2022:16:35:17 -0300] "GET /cormun/static/Shared/jqueryui/images/ui-icons_82798d_256x240.png HTTP/1.1" 404 1089
190.171.153.26 - - [18/Aug/2022:16:35:17 -0300] "POST /cormun/servlet/trsolicitudot?0cfcaa4b31bf3900d4c7bb0f878f8865,gx-no-cache=1660850474218 HTTP/1.1" 200 5736
139.87.71.160 - - [18/Aug/2022:16:35:56 -0300] "GET /manager/html HTTP/1.1" 401 2474
139.87.71.160 - - [18/Aug/2022:16:36:29 -0300] "GET /manager/html HTTP/1.1" 401 2474
139.87.71.160 - - [18/Aug/2022:16:37:05 -0300] "GET /manager/html HTTP/1.1" 401 2474
139.87.71.160 - - [18/Aug/2022:16:37:42 -0300] "GET /manager/html HTTP/1.1" 401 2474
139.87.71.160 - - [18/Aug/2022:16:38:19 -0300] "GET /manager/html HTTP/1.1" 401 2474
200.54.107.2 - - [18/Aug/2022:16:38:26 -0300] "POST /cormun/servlet/solicitudot?gx-no-cache=1660850660073 HTTP/1.1" 200 117
146.70.120.30 - - [18/Aug/2022:16:38:46 -0300] "GET /test6956.php HTTP/1.1" 404 985
139.87.71.160 - - [18/Aug/2022:16:38:54 -0300] "GET /manager/html HTTP/1.1" 401 2474
139.87.71.160 - - [18/Aug/2022:16:39:34 -0300] "GET /manager/html HTTP/1.1" 401 2474
200.54.107.2 - - [18/Aug/2022:16:40:25 -0300] "GET /cormun/static/menuarrow.gif HTTP/1.1" 404 1015
200.54.107.2 - - [18/Aug/2022:16:40:47 -0300] "POST /cormun/servlet/solicitudot?gx-no-cache=1660850800605 HTTP/1.1" 200 118
139.87.71.160 - - [18/Aug/2022:16:41:57 -0300] "GET /manager/html HTTP/1.1" 401 2474
200.54.107.2 - - [18/Aug/2022:16:42:49 -0300] "GET /cormun/servlet/solicitudot?2611376208fe366f1232eca8aa000bd688a40a4484c4a790d340de51d8c2dddaae058725ad090a6468fe7c36db8ced0f256836d4528f78a15a221e6ea5e88fefadc34d68ffadbd6db58bba501b30ac5f673dcebb035579ae1cad3b86e93d6ea06c4e586de568cb3772430df0e64e64e4,gx-no-cache=1660850922907 HTTP/1.1" 200 110
200.54.107.2 - - [18/Aug/2022:16:42:49 -0300] "POST /cormun/servlet/solicitudot?gx-no-cache=1660850922986 HTTP/1.1" 200 97
139.87.71.160 - - [18/Aug/2022:16:42:56 -0300] "GET /manager/html HTTP/1.1" 401 2474
200.54.107.2 - - [18/Aug/2022:16:43:02 -0300] "GET /cormun/servlet/solicitudot?2611376208fe366f1232eca8aa000bd6880d61662abf7639f82125c58fc79e98e02613c95db19ecf3d481599f8d0e9b0561819b003d644fd47a0df611e86714debbc63ad0b0cbacad7aa53fffda9eb8c7d7c33454e154afada53005601925093dfa67a92a7cfeba394991af3d6f158d9,gx-no-cache=1660850936311 HTTP/1.1" 200 29
200.54.107.2 - - [18/Aug/2022:16:43:13 -0300] "GET /cormun/servlet/trcargahoraria? HTTP/1.1" 200 7385
200.54.107.2 - - [18/Aug/2022:16:43:13 -0300] "GET /cormun/static/gxcfg.js?202012113392337 HTTP/1.1" 200 953
200.54.107.2 - - [18/Aug/2022:16:43:13 -0300] "GET /cormun/static/trcargahoraria.js?202012113392783 HTTP/1.1" 200 28768
200.54.107.2 - - [18/Aug/2022:16:43:13 -0300] "GET /cormun//static/Resources/PXToolsActionExcel.png HTTP/1.1" 200 727
200.54.107.2 - - [18/Aug/2022:16:43:13 -0300] "GET /cormun/servlet/trcargahoraria? HTTP/1.1" 200 7376
200.54.107.2 - - [18/Aug/2022:16:43:18 -0300] "GET /cormun/servlet/trsolicitudot? HTTP/1.1" 200 7400
200.54.107.2 - - [18/Aug/2022:16:43:18 -0300] "GET /cormun/servlet/trsolicitudot? HTTP/1.1" 200 7400
200.54.107.2 - - [18/Aug/2022:16:43:21 -0300] "GET /cormun/servlet/solicitudot?INS,0,0,false, HTTP/1.1" 200 16126
200.54.107.2 - - [18/Aug/2022:16:43:21 -0300] "GET /cormun/servlet/solicitudot?INS,0,0,false, HTTP/1.1" 200 16133
200.54.107.2 - - [18/Aug/2022:16:43:35 -0300] "POST /cormun/servlet/solicitudot?gx-no-cache=1660850968773 HTTP/1.1" 200 3878
200.54.107.2 - - [18/Aug/2022:16:43:35 -0300] "POST /cormun/servlet/solicitudot?1fb0fd1fe162507c84c3aa75bbef6923,INS,0,0,false,,gx-no-cache=1660850968930 HTTP/1.1" 200 12717
200.54.107.2 - - [18/Aug/2022:16:43:42 -0300] "GET /cormun/servlet/solicitudot?2611376208fe366f1232eca8aa000bd6f71e192c7bfa22a2630b506a4a6e92bdacf12f89d34e5990f2bb164f3a999010,gx-no-cache=1660850975449 HTTP/1.1" 200 30
139.87.71.160 - - [18/Aug/2022:16:43:47 -0300] "GET /manager/html HTTP/1.1" 401 2474
200.54.107.2 - - [18/Aug/2022:16:43:55 -0300] "GET /cormun/servlet/solicitudot?2611376208fe366f1232eca8aa000bd6079955e9fd31e7787571c3a5c78955c0,gx-no-cache=1660850989016 HTTP/1.1" 200 94
200.54.107.2 - - [18/Aug/2022:16:43:55 -0300] "GET /cormun/static/Shared/jqueryui/images/ui-bg_highlight-soft_100_c6c2c8_1x100.png HTTP/1.1" 404 1117
200.54.107.2 - - [18/Aug/2022:16:43:55 -0300] "GET /cormun/static/Shared/jqueryui/images/ui-icons_82798d_256x240.png HTTP/1.1" 404 1089
200.54.107.2 - - [18/Aug/2022:16:43:55 -0300] "GET /cormun/static/Shared/jqueryui/images/ui-icons_ebccce_256x240.png HTTP/1.1" 404 1089
200.54.107.2 - - [18/Aug/2022:16:43:55 -0300] "GET /cormun/static/Shared/jqueryui/images/ui-bg_flat_55_994d53_40x100.png HTTP/1.1" 404 1097
200.54.107.2 - - [18/Aug/2022:16:43:55 -0300] "GET /cormun/servlet/solicitudot?2611376208fe366f1232eca8aa000bd62759c40bfb091aeee71e47c83c576845,gx-no-cache=1660850989072 HTTP/1.1" 200 29
200.54.107.2 - - [18/Aug/2022:16:43:55 -0300] "POST /cormun/servlet/solicitudot?gx-no-cache=1660850989101 HTTP/1.1" 200 297
200.54.107.2 - - [18/Aug/2022:16:43:55 -0300] "GET /cormun/servlet/solicitudot?2611376208fe366f1232eca8aa000bd6a55d5a3f365dc0b74cc36f68d188426518e551a70fe6f73aa3fe8fd1a02534dfcbb212150bcae8f2230f596241abff624bf4d7e4206ed4be5d247752720e8548878d4bceaafb35a639f6879c454ca972ddfcfa1a1aa33bd11eaaf043593a33654c4c06398d7e2e96629ae488a20199d00ca5180d1927880f3aa72d41845d44f0f1f3e186992b387c93e84772572c6b41ccf8866cef93c89101f770d6b44bb23fe6f33e2cb791fb74bd8feb76933a029116b20e4f59a6d33c78094732c25f1571bed38eb02e4e395673444cfa05c3c355a68cf93c415a40e2bbe49a387c47c77614fd7d49baf4b62f802b1e2a4d96899dfb6f6127f1b894b48409a4d2f2e4dd47c25bf18268d4a730fa7888fe841ad8bf4ea689d339b753c0083eb234f728eb20f1938d37b24538babf04b3f2dcba4c1abe7888e969affbbd945ebc79459b516bb1e92fb8e2a31a60871734c418d6de01c0b6a64a98fce4a2358204a69f34b11702f1517f2c7bb73f7bb2fb34cf6a34d6b4850aa1998a21e50f24d7283b7d3095,gx-no-cache=1660850989131 HTTP/1.1" 200 30
200.54.107.2 - - [18/Aug/2022:16:43:57 -0300] "POST /cormun/servlet/solicitudot?gx-no-cache=1660850991264 HTTP/1.1" 200 30
200.54.107.2 - - [18/Aug/2022:16:44:08 -0300] "GET /cormun/servlet/prlicenciaspermisos?13663861,L,,MD,,gxPopupLevel%3D0%3B HTTP/1.1" 200 5566
200.54.107.2 - - [18/Aug/2022:16:44:12 -0300] "POST /cormun/servlet/solicitudot?gx-no-cache=1660851005442 HTTP/1.1" 200 1468
200.54.107.2 - - [18/Aug/2022:16:44:59 -0300] "GET /cormun/servlet/prbanco?,MD,,gxPopupLevel%3D0%3B HTTP/1.1" 200 6653
200.54.107.2 - - [18/Aug/2022:16:45:04 -0300] "GET /cormun/servlet/solicitudot?2611376208fe366f1232eca8aa000bd6079955e9fd31e7787571c3a5c78955c0,gx-no-cache=1660851057806 HTTP/1.1" 200 94
200.54.107.2 - - [18/Aug/2022:16:45:06 -0300] "GET /cormun/servlet/solicitudot?2611376208fe366f1232eca8aa000bd6884b58a246b7f3465a7b318235f6993a,gx-no-cache=1660851059537 HTTP/1.1" 200 59
139.87.71.160 - - [18/Aug/2022:16:45:13 -0300] "GET /manager/html HTTP/1.1" 401 2474
200.54.107.2 - - [18/Aug/2022:16:45:47 -0300] "GET /cormun/servlet/solicitudot?2611376208fe366f1232eca8aa000bd66c877ca8eb72d0a82d4f80ba3b2bb3ef202dde90def54f87e62e97ab5e406ba3,gx-no-cache=1660851101240 HTTP/1.1" 200 30
200.54.107.2 - - [18/Aug/2022:16:45:47 -0300] "POST /cormun/servlet/solicitudot?gx-no-cache=1660851101288 HTTP/1.1" 200 30
200.54.107.2 - - [18/Aug/2022:16:45:48 -0300] "POST /cormun/servlet/solicitudot?gx-no-cache=1660851101333 HTTP/1.1" 200 1468
200.54.107.2 - - [18/Aug/2022:16:45:48 -0300] "POST /cormun/servlet/solicitudot?gx-no-cache=1660851101421 HTTP/1.1" 200 41
139.87.71.160 - - [18/Aug/2022:16:45:56 -0300] "GET /manager/html HTTP/1.1" 401 2474
200.54.107.2 - - [18/Aug/2022:16:46:02 -0300] "GET /cormun/servlet/solicitudot?2611376208fe366f1232eca8aa000bd688a40a4484c4a790d340de51d8c2dddaae058725ad090a6468fe7c36db8ced0f256836d4528f78a15a221e6ea5e88fefadc34d68ffadbd6db58bba501b30ac5f673dcebb035579ae1cad3b86e93d6ea06c4e586de568cb3772430df0e64e64e4,gx-no-cache=1660851115454 HTTP/1.1" 200 110
200.54.107.2 - - [18/Aug/2022:16:46:02 -0300] "POST /cormun/servlet/solicitudot?gx-no-cache=1660851115504 HTTP/1.1" 200 97
200.54.107.2 - - [18/Aug/2022:16:46:30 -0300] "POST /cormun/servlet/solicitudot?gx-no-cache=1660851144233 HTTP/1.1" 200 97
200.54.107.2 - - [18/Aug/2022:16:46:36 -0300] "GET /cormun/servlet/solicitudot?2611376208fe366f1232eca8aa000bd6880d61662abf7639f82125c58fc79e98e02613c95db19ecf3d481599f8d0e9b0561819b003d644fd47a0df611e86714debbc63ad0b0cbacad7aa53fffda9eb8c7d7c33454e154afada53005601925093dfa67a92a7cfeba394991af3d6f158d9,gx-no-cache=1660851149505 HTTP/1.1" 200 29
200.54.107.2 - - [18/Aug/2022:16:46:36 -0300] "GET /cormun/static/menuarrow.gif HTTP/1.1" 404 1015
200.54.107.2 - - [18/Aug/2022:16:46:39 -0300] "GET /cormun/servlet/solicitudot?2611376208fe366f1232eca8aa000bd6bb7866ad8ac74f158c10fb0d2fd8e1d17f1da679ff1f9bb4c0b6ec278796d228,gx-no-cache=1660851152523 HTTP/1.1" 200 30
200.54.107.2 - - [18/Aug/2022:16:46:39 -0300] "POST /cormun/servlet/solicitudot?gx-no-cache=1660851152569 HTTP/1.1" 200 34
200.54.107.2 - - [18/Aug/2022:16:47:03 -0300] "POST /cormun/servlet/solicitudot?1fb0fd1fe162507c84c3aa75bbef6923,INS,0,0,false,,gx-no-cache=1660851176539 HTTP/1.1" 200 93
200.54.107.2 - - [18/Aug/2022:16:47:03 -0300] "GET /cormun/servlet/hpexe_return? HTTP/1.1" 200 1015
200.54.107.2 - - [18/Aug/2022:16:47:03 -0300] "GET /cormun/servlet/trsolicitudot HTTP/1.1" 200 8855
200.54.107.2 - - [18/Aug/2022:16:47:04 -0300] "GET /cormun/servlet/trsolicitudot HTTP/1.1" 200 8853
139.87.71.160 - - [18/Aug/2022:16:47:53 -0300] "GET /manager/html HTTP/1.1" 401 2474
200.54.107.2 - - [18/Aug/2022:16:48:45 -0300] "POST /cormun/servlet/trsolicitudot?1fb0fd1fe162507c84c3aa75bbef6923,gx-no-cache=1660851278804 HTTP/1.1" 200 106
200.54.107.2 - - [18/Aug/2022:16:48:45 -0300] "GET /cormun/servlet/trsolicitudadjuntos?2022,19092, HTTP/1.1" 200 6460
