190.171.153.26 - - [18/Aug/2022:10:08:15 -0300] "GET /cormun/servlet/trpermisosgoce? HTTP/1.1" 200 8997
190.171.153.26 - - [18/Aug/2022:10:08:16 -0300] "GET /cormun/servlet/trpermisosgoce? HTTP/1.1" 200 8996
190.171.153.26 - - [18/Aug/2022:10:08:22 -0300] "POST /cormun/servlet/trpermisosgoce?6a5a000a53d29b991c315bd00da276f4,,gx-no-cache=1660827258903 HTTP/1.1" 200 6298
190.171.153.26 - - [18/Aug/2022:10:08:22 -0300] "GET /cormun/static/Shared/jqueryui/images/ui-bg_highlight-soft_100_c6c2c8_1x100.png HTTP/1.1" 404 1117
190.171.153.26 - - [18/Aug/2022:10:08:22 -0300] "GET /cormun/static/Shared/jqueryui/images/ui-icons_82798d_256x240.png HTTP/1.1" 404 1089
190.171.153.26 - - [18/Aug/2022:10:08:22 -0300] "GET /cormun/static/Shared/jqueryui/images/ui-bg_flat_55_fafafa_40x100.png HTTP/1.1" 404 1097
190.171.153.26 - - [18/Aug/2022:10:08:22 -0300] "GET /cormun/static/Shared/jqueryui/images/ui-icons_8d78a5_256x240.png HTTP/1.1" 404 1089
190.171.143.82 - - [18/Aug/2022:10:08:26 -0300] "GET /cormun/static/Resources/resize.gif HTTP/1.1" 200 77
190.171.143.82 - - [18/Aug/2022:10:08:26 -0300] "GET /cormun/static/Resources/PXTools/ClosePrompt.png HTTP/1.1" 200 1036
190.171.143.82 - - [18/Aug/2022:10:08:27 -0300] "GET /cormun/servlet/prbanco?,MD,,gxPopupLevel%3D0%3B HTTP/1.1" 200 6660
190.171.143.82 - - [18/Aug/2022:10:08:27 -0300] "GET /cormun/static/gxcfg.js?20201216131581 HTTP/1.1" 200 953
190.171.143.82 - - [18/Aug/2022:10:08:27 -0300] "GET /cormun/static/prbanco.js?20201216132311 HTTP/1.1" 200 10693
190.171.143.82 - - [18/Aug/2022:10:08:27 -0300] "GET /cormun/static/menusearch.js?20201214473581 HTTP/1.1" 200 1424
190.171.143.82 - - [18/Aug/2022:10:08:27 -0300] "GET /cormun/static/Resources/PXToolsMenuSearch.png HTTP/1.1" 200 336
190.171.143.82 - - [18/Aug/2022:10:08:27 -0300] "GET /cormun/static/Resources/PXToolsMenuSearchCancel.png HTTP/1.1" 200 306
190.171.143.82 - - [18/Aug/2022:10:08:27 -0300] "GET /cormun/static/hmpwkw011.js?20201215495555 HTTP/1.1" 200 1968
190.171.153.26 - - [18/Aug/2022:10:08:27 -0300] "GET /cormun/servlet/trpermisosadjuntos?19358822,20220812091016,P, HTTP/1.1" 200 6267
190.171.153.26 - - [18/Aug/2022:10:08:28 -0300] "GET /cormun/servlet/trpermisosadjuntos?19358822,20220812091016,P, HTTP/1.1" 200 6267
190.171.153.26 - - [18/Aug/2022:10:08:30 -0300] "GET /cormun/servlet/permisosadjuntos?INS,19358822,P,20220812091016,, HTTP/1.1" 200 5589
190.171.153.26 - - [18/Aug/2022:10:08:31 -0300] "GET /cormun/static/about:blank HTTP/1.1" 404 1011
190.171.153.26 - - [18/Aug/2022:10:08:31 -0300] "GET /cormun/servlet/permisosadjuntos?INS,19358822,P,20220812091016,, HTTP/1.1" 200 5579
190.171.143.82 - - [18/Aug/2022:10:08:31 -0300] "GET /cormun/servlet/solicitudot?8dfb47f997386b70332b21ecc46cdf65b5ef1687806ced66a525b51b830fe2f5841b4273d57000ad99cf3b96bf7e2468314dd62a9430a99c6ad50368980c0b3f,gx-no-cache=1660827264412 HTTP/1.1" 200 30
190.171.143.82 - - [18/Aug/2022:10:08:33 -0300] "GET /cormun/servlet/solicitudot?8dfb47f997386b70332b21ecc46cdf655b4072577af2a09d0f39315c17fff7c4,gx-no-cache=1660827266170 HTTP/1.1" 200 53
190.171.143.82 - - [18/Aug/2022:10:08:56 -0300] "POST /cormun/servlet/solicitudot?gx-no-cache=1660827289016 HTTP/1.1" 200 297
190.171.143.82 - - [18/Aug/2022:10:09:00 -0300] "GET /cormun/servlet/solicitudot?8dfb47f997386b70332b21ecc46cdf6542da4349e47fdaea359c5cd3fb930f02ded4bf794dde9f6962000c20a1f224c230ff3e55e994307c0df85389e97245b3d600db97d0d9dcdca38000ec787b0c9bd5c90ffce603d2e394f4ad67d3f515cee815a33edd5cfb058bad17e7cf5101f5902de894e0ca8e37de98aae1d7a911b10054fa3592b125ebe138677875bb68ca9688afeb556d536b13df6efcd9060ec223c0e9327507728223db03602f68f5b9782c4f390becc4f8d80e6c48fe4f6f6bfde5189d9219f87455d54792ee879132eafbd7a7f282c444ddb5eb979dcc11db9e20bd3f4a66dbfde4b775b71b83a59f1a8fc083d24a8c1c3566eae4aa8aeabed059778eb17703536b72a2331e71ef574ba24a2621b3cf1fdb1b972e762140ef5ece0d50a7293951f776df0a501709461ffe8c9b7c6af8a4857d5f6a3dfcfa2a3d6b8a33fed797784a50213d5a9e4abb8cd75e4487d1d88d46709df550e1c3bb5f287c5217fdbb134f1dfb133a8adf5841ec9a9208c763318b4bc2a5f77ae748f1a18d4819bbee4c5921471fe68c081c,gx-no-cache=1660827293030 HTTP/1.1" 200 30
190.171.143.82 - - [18/Aug/2022:10:09:05 -0300] "POST /cormun/servlet/solicitudot?gx-no-cache=1660827298523 HTTP/1.1" 200 30
139.87.71.160 - - [18/Aug/2022:10:09:37 -0300] "GET /manager/html HTTP/1.1" 401 2474
190.171.143.82 - - [18/Aug/2022:10:09:56 -0300] "GET /cormun/servlet/prfichaempleado?,MD,,gxPopupLevel%3D0%3B HTTP/1.1" 200 9404
190.171.143.82 - - [18/Aug/2022:10:09:56 -0300] "GET /cormun/static/gxcfg.js?20201215571085 HTTP/1.1" 200 953
190.171.143.82 - - [18/Aug/2022:10:09:56 -0300] "GET /cormun/static/prfichaempleado.js?20201215572193 HTTP/1.1" 200 16006
190.171.143.82 - - [18/Aug/2022:10:10:05 -0300] "POST /cormun/servlet/prfichaempleado?e8dd41548a51f1b0ebeac27e972b83b1,,MD,,gxPopupLevel%3D0%3B,gx-no-cache=1660827358565 HTTP/1.1" 200 6208
139.87.71.160 - - [18/Aug/2022:10:10:10 -0300] "GET /manager/html HTTP/1.1" 401 2474
190.171.143.82 - - [18/Aug/2022:10:10:30 -0300] "POST /cormun/servlet/solicitudot?gx-no-cache=1660827382670 HTTP/1.1" 200 1470
190.171.143.82 - - [18/Aug/2022:10:10:30 -0300] "GET /cormun/static/menuarrow.gif HTTP/1.1" 404 1015
139.87.71.160 - - [18/Aug/2022:10:10:41 -0300] "GET /manager/html HTTP/1.1" 401 2474
190.171.143.82 - - [18/Aug/2022:10:10:45 -0300] "POST /cormun/servlet/solicitudot?gx-no-cache=1660827397966 HTTP/1.1" 200 41
200.54.237.82 - - [18/Aug/2022:10:10:55 -0300] "GET /cormun/servlet/trcontratounov2? HTTP/1.1" 200 5901
200.54.237.82 - - [18/Aug/2022:10:10:55 -0300] "GET /cormun/static/gxui/gxui-all.css?120300 HTTP/1.1" 200 2179
200.54.237.82 - - [18/Aug/2022:10:10:55 -0300] "GET /cormun/static/calendar-system.css?85620 HTTP/1.1" 200 5572
200.54.237.82 - - [18/Aug/2022:10:10:55 -0300] "GET /cormun/static/SmoothNavMenu/resources/ddsmoothmenu.css?1112540 HTTP/1.1" 200 2223
200.54.237.82 - - [18/Aug/2022:10:10:55 -0300] "GET /cormun/static/Shared/jqueryui/jquery-ui.min.css?1345370 HTTP/1.1" 200 30288
200.54.237.82 - - [18/Aug/2022:10:10:55 -0300] "GET /cormun/static/gxtimezone.js?85251 HTTP/1.1" 200 5781
200.54.237.82 - - [18/Aug/2022:10:10:55 -0300] "GET /cormun/static/SmoothNavMenu/resources/ddsmoothmenu-v.css?1112540 HTTP/1.1" 200 1188
200.54.237.82 - - [18/Aug/2022:10:10:55 -0300] "GET /cormun/static/scaMessage/css/jquery.pnotify.default.css?1816380 HTTP/1.1" 200 1707
200.54.237.82 - - [18/Aug/2022:10:10:55 -0300] "GET /cormun/static/Shared/ext/resources/css/ext-all.css?215870 HTTP/1.1" 200 416045
200.54.237.82 - - [18/Aug/2022:10:10:55 -0300] "GET /cormun/static/gxcfg.js?2020121614367 HTTP/1.1" 200 953
200.54.237.82 - - [18/Aug/2022:10:10:55 -0300] "GET /cormun/static/Resources/Spanish/PXTools.css?14345360 HTTP/1.1" 200 100853
200.54.237.82 - - [18/Aug/2022:10:10:55 -0300] "GET /cormun/static/calendar.js?85251 HTTP/1.1" 200 26246
200.54.237.82 - - [18/Aug/2022:10:10:55 -0300] "GET /cormun/static/calendar-setup.js?85251 HTTP/1.1" 200 2588
200.54.237.82 - - [18/Aug/2022:10:10:55 -0300] "GET /cormun/static/calendar-es.js?85251 HTTP/1.1" 200 1901
200.54.237.82 - - [18/Aug/2022:10:10:55 -0300] "GET /cormun/static/gxgral.js?85251 HTTP/1.1" 200 384558
200.54.237.82 - - [18/Aug/2022:10:10:56 -0300] "GET /cormun/static/PXToolsJavascripts/pexe_autoreload.js HTTP/1.1" 200 1762
200.54.237.82 - - [18/Aug/2022:10:10:56 -0300] "GET /cormun/static/gxui/gxui-all.js HTTP/1.1" 200 107772
200.54.237.82 - - [18/Aug/2022:10:10:56 -0300] "GET /cormun/static/PXToolsJavascripts/pexe_cookies.js HTTP/1.1" 200 792
200.54.237.82 - - [18/Aug/2022:10:10:56 -0300] "GET /cormun/static/RunJS/RunJS.js HTTP/1.1" 200 288
200.54.237.82 - - [18/Aug/2022:10:10:56 -0300] "GET /cormun/static/PXToolsJavascripts/pexe_windows.js HTTP/1.1" 200 15207
200.54.237.82 - - [18/Aug/2022:10:10:56 -0300] "GET /cormun/static/PXToolsJavascripts/pexe_grid.js HTTP/1.1" 200 7559
200.54.237.82 - - [18/Aug/2022:10:10:56 -0300] "GET /cormun/static/PXToolsJavascripts/pexe_link.js HTTP/1.1" 200 5671
200.54.237.82 - - [18/Aug/2022:10:10:56 -0300] "GET /cormun/static/PXToolsJavascripts/pexe_menudivfix.js HTTP/1.1" 200 333
200.54.237.82 - - [18/Aug/2022:10:10:56 -0300] "GET /cormun/static/PXToolsJavascripts/pexe_griddivfix.js HTTP/1.1" 200 6644
200.54.237.82 - - [18/Aug/2022:10:10:56 -0300] "GET /cormun/static/PXToolsJavascripts/pexe_menus.js HTTP/1.1" 200 1286
200.54.237.82 - - [18/Aug/2022:10:10:56 -0300] "GET /cormun/static/PXToolsJavascripts/pexe_oav.js HTTP/1.1" 200 645
200.54.237.82 - - [18/Aug/2022:10:10:56 -0300] "GET /cormun/static/PXToolsJavascripts/pexe_layers.js HTTP/1.1" 200 4114
200.54.237.82 - - [18/Aug/2022:10:10:56 -0300] "GET /cormun/static/PXToolsJavascripts/pexe_oavdivfix.js HTTP/1.1" 200 639
200.54.237.82 - - [18/Aug/2022:10:10:56 -0300] "GET /cormun/static/PXToolsJavascripts/pexe_popup.js HTTP/1.1" 200 13458
200.54.237.82 - - [18/Aug/2022:10:10:56 -0300] "GET /cormun/static/PXToolsJavascripts/pexe_picture.js HTTP/1.1" 200 689
200.54.237.82 - - [18/Aug/2022:10:10:56 -0300] "GET /cormun/static/PXToolsJavascripts/pexe_scrolldiv.js HTTP/1.1" 200 4138
200.54.237.82 - - [18/Aug/2022:10:10:56 -0300] "GET /cormun/static/PXToolsJavascripts/pexe_tabdivfix.js HTTP/1.1" 200 876
200.54.237.82 - - [18/Aug/2022:10:10:56 -0300] "GET /cormun/static/PXToolsJavascripts/pexe_tabs.js HTTP/1.1" 200 3748
200.54.237.82 - - [18/Aug/2022:10:10:56 -0300] "GET /cormun/static/PXToolsJavascripts/pexe_upload.js HTTP/1.1" 200 1423
200.54.237.82 - - [18/Aug/2022:10:10:56 -0300] "GET /cormun/static/PXToolsJavascripts/PXToolsJavascriptsRender.js HTTP/1.1" 200 367
200.54.237.82 - - [18/Aug/2022:10:10:56 -0300] "GET /cormun/static/Shared/ext/locale/ext-lang-en.js HTTP/1.1" 200 10940
200.54.237.82 - - [18/Aug/2022:10:10:56 -0300] "GET /cormun/static/Shared/ext/ext-all.js HTTP/1.1" 200 1289687
200.54.237.82 - - [18/Aug/2022:10:10:56 -0300] "GET /cormun/static/messages.spa.js?85251 HTTP/1.1" 200 30736
200.54.237.82 - - [18/Aug/2022:10:10:56 -0300] "GET /cormun/static/gxdec.js?85251 HTTP/1.1" 200 19579
200.54.237.82 - - [18/Aug/2022:10:10:56 -0300] "GET /cormun/static/trcontratounov2.js?20201216143065 HTTP/1.1" 200 38486
200.54.237.82 - - [18/Aug/2022:10:10:56 -0300] "GET /cormun/static/hwchdr01.js?20201214473739 HTTP/1.1" 200 996
200.54.237.82 - - [18/Aug/2022:10:10:56 -0300] "GET /cormun/static/hpexe_recentlink.js?20201214471090 HTTP/1.1" 200 2144
200.54.237.82 - - [18/Aug/2022:10:10:56 -0300] "GET /cormun/static/hpexe_scripts.js?20201214471411 HTTP/1.1" 200 1544
200.54.237.82 - - [18/Aug/2022:10:10:56 -0300] "GET /cormun/static/hpexe_messagecontroller.js?201991422154126 HTTP/1.1" 200 870
200.54.237.82 - - [18/Aug/2022:10:10:56 -0300] "GET /cormun/static/cmcontrolpreferences.js?20199141926336 HTTP/1.1" 200 1375
200.54.237.82 - - [18/Aug/2022:10:10:56 -0300] "GET /cormun/static/hpexe_messagegenexuscomponent.js?2020121447173 HTTP/1.1" 200 587
200.54.237.82 - - [18/Aug/2022:10:10:56 -0300] "GET /cormun/static/hpexe_messagepopupcomponent.js?2020121447232 HTTP/1.1" 200 605
200.54.237.82 - - [18/Aug/2022:10:10:56 -0300] "GET /cormun/static/Shared/jquery/jquery-1.4.2.min.js HTTP/1.1" 200 72174
200.54.237.82 - - [18/Aug/2022:10:10:56 -0300] "GET /cormun/static/SmoothNavMenu/resources/ddsmoothmenu.js HTTP/1.1" 200 12712
200.54.237.82 - - [18/Aug/2022:10:10:56 -0300] "GET /cormun/static/SmoothNavMenu/resources/SmoothNavMenuRender.js HTTP/1.1" 200 5951
200.54.237.82 - - [18/Aug/2022:10:10:56 -0300] "GET /cormun/static/Shared/jqueryui/jquery-ui.min.js HTTP/1.1" 200 240427
200.54.237.82 - - [18/Aug/2022:10:10:56 -0300] "GET /cormun/static/scaMessage/js/jquery.pnotify.min.js HTTP/1.1" 200 13038
200.54.237.82 - - [18/Aug/2022:10:10:56 -0300] "GET /cormun/static/scaMessage/scaMessageRender.js HTTP/1.1" 200 11977
200.54.237.82 - - [18/Aug/2022:10:10:56 -0300] "GET /cormun/static/Shared/jquery/jquery-1.10.2.min.js HTTP/1.1" 200 273199
200.54.237.82 - - [18/Aug/2022:10:10:56 -0300] "GET /cormun/static/hmpwkw03.js?20201215501896 HTTP/1.1" 200 3973
200.54.237.82 - - [18/Aug/2022:10:10:56 -0300] "GET /cormun/static/Resources/Logo2019_Small.png HTTP/1.1" 200 10855
200.54.237.82 - - [18/Aug/2022:10:10:57 -0300] "GET /cormun/static/Resources/ImgHome.png HTTP/1.1" 200 1364
200.54.237.82 - - [18/Aug/2022:10:10:57 -0300] "GET /cormun/static/Resources/ImgLogin.png HTTP/1.1" 200 1432
200.54.237.82 - - [18/Aug/2022:10:10:57 -0300] "GET /cormun/static/Resources/Llave.png HTTP/1.1" 200 1395
200.54.237.82 - - [18/Aug/2022:10:10:57 -0300] "GET /cormun/static/Resources/PXToolsGridFirstDisabled.gif HTTP/1.1" 200 100
200.54.237.82 - - [18/Aug/2022:10:10:57 -0300] "GET /cormun/static/Resources/PXToolsDataSearch.png HTTP/1.1" 200 435
200.54.237.82 - - [18/Aug/2022:10:10:57 -0300] "GET /cormun/static/Resources/PXToolsGridPreviousDisabled.gif HTTP/1.1" 200 90
200.54.237.82 - - [18/Aug/2022:10:10:57 -0300] "GET /cormun/static/Resources/PXToolsGridNextDisabled.gif HTTP/1.1" 200 90
200.54.237.82 - - [18/Aug/2022:10:10:57 -0300] "GET /cormun/static/Resources/PXToolsGridLastDisabled.gif HTTP/1.1" 200 98
200.54.237.82 - - [18/Aug/2022:10:10:57 -0300] "GET /cormun/static/Resources/PXToolsGridPage.gif HTTP/1.1" 200 725
200.54.237.82 - - [18/Aug/2022:10:10:57 -0300] "GET /cormun/static/Resources/PXToolsAddAllAction.png HTTP/1.1" 200 495
200.54.237.82 - - [18/Aug/2022:10:10:57 -0300] "GET /cormun/static/Resources/PXToolsAddSelectedAction.png HTTP/1.1" 200 523
200.54.237.82 - - [18/Aug/2022:10:10:57 -0300] "GET /cormun/static/Resources/PXToolsDataTitle.png HTTP/1.1" 200 1173
200.54.237.82 - - [18/Aug/2022:10:10:57 -0300] "GET /cormun/static/Resources/PXToolsActionExcel.png HTTP/1.1" 200 727
200.54.237.82 - - [18/Aug/2022:10:10:57 -0300] "GET /cormun/static/Resources/PXToolsButtonLeft.png HTTP/1.1" 200 1310
200.54.237.82 - - [18/Aug/2022:10:10:57 -0300] "GET /cormun/static/Resources/PXToolsButtonRight.png HTTP/1.1" 200 1294
200.54.237.82 - - [18/Aug/2022:10:10:57 -0300] "GET /cormun/static/Resources/PXToolsButtonBackground.png HTTP/1.1" 200 1176
200.54.237.82 - - [18/Aug/2022:10:10:57 -0300] "GET /cormun/static/Resources/indicator.gif HTTP/1.1" 200 1553
200.54.237.82 - - [18/Aug/2022:10:10:57 -0300] "GET /cormun/static/Resources/desc.gif HTTP/1.1" 200 65
200.54.237.82 - - [18/Aug/2022:10:10:57 -0300] "GET /cormun/static/Resources/asc.gif HTTP/1.1" 200 67
200.54.237.82 - - [18/Aug/2022:10:10:57 -0300] "GET /cormun/static/Shared/ext/resources/themes/images/default/panel/bg-headersPanel.png HTTP/1.1" 200 255
200.54.237.82 - - [18/Aug/2022:10:10:57 -0300] "GET /cormun/static/Shared/ext/resources/themes/images/default/tools/tool-sprites.gif HTTP/1.1" 200 5434
200.54.237.82 - - [18/Aug/2022:10:10:57 -0300] "GET /cormun/servlet/trcontratounov2? HTTP/1.1" 200 5915
200.54.237.82 - - [18/Aug/2022:10:10:57 -0300] "GET /cormun/servlet/trcontratounov2? HTTP/1.1" 200 5915
200.54.237.82 - - [18/Aug/2022:10:10:57 -0300] "GET /cormun/servlet/hlogin HTTP/1.1" 200 1736
200.54.237.82 - - [18/Aug/2022:10:10:57 -0300] "GET /cormun/static/Resources/Spanish/PXTools.css?2294816 HTTP/1.1" 200 100853
200.54.237.82 - - [18/Aug/2022:10:10:57 -0300] "GET /cormun/static/gxcfg.js?201910216285969 HTTP/1.1" 200 953
200.54.237.82 - - [18/Aug/2022:10:10:57 -0300] "GET /cormun/static/hlogin.js?201910216285995 HTTP/1.1" 200 2136
200.54.237.82 - - [18/Aug/2022:10:10:57 -0300] "GET /cormun/static/Resources/Logo2019_Grande.png HTTP/1.1" 200 31733
200.54.237.82 - - [18/Aug/2022:10:10:57 -0300] "GET /cormun/static/Resources/PXToolsLoginTop.png HTTP/1.1" 200 1337
200.54.237.82 - - [18/Aug/2022:10:10:57 -0300] "GET /cormun/static/Resources/PXToolsLoginBackground.png HTTP/1.1" 200 1164
200.54.237.82 - - [18/Aug/2022:10:10:57 -0300] "GET /cormun/static/Resources/PXToolsLoginBottom.png HTTP/1.1" 200 1389
200.54.237.82 - - [18/Aug/2022:10:10:58 -0300] "GET /favicon.ico HTTP/1.1" 200 21630
200.54.237.82 - - [18/Aug/2022:10:11:02 -0300] "POST /cormun/servlet/hlogin?4895d7ce2f116706965a1c0c8396a2cc,gx-no-cache=1660827413401 HTTP/1.1" 200 90
200.54.237.82 - - [18/Aug/2022:10:11:02 -0300] "GET /cormun/servlet/hpexe_link HTTP/1.1" 200 952
200.54.237.82 - - [18/Aug/2022:10:11:03 -0300] "GET /cormun/static/gxcfg.js?201991422392958 HTTP/1.1" 200 953
200.54.237.82 - - [18/Aug/2022:10:11:03 -0300] "GET /cormun/static/hpexe_link.js?201991422392963 HTTP/1.1" 200 625
200.54.237.82 - - [18/Aug/2022:10:11:03 -0300] "GET /cormun/servlet/trcontratounov2 HTTP/1.1" 200 17749
200.54.237.82 - - [18/Aug/2022:10:11:04 -0300] "GET /cormun//static/Resources/PXToolsActionDisabled.gif HTTP/1.1" 200 53
200.54.237.82 - - [18/Aug/2022:10:11:04 -0300] "GET /cormun/static/SmoothNavMenu/resources/images/right.gif HTTP/1.1" 200 860
200.54.237.82 - - [18/Aug/2022:10:11:04 -0300] "GET /cormun/static/SmoothNavMenu/resources/images/down.gif HTTP/1.1" 200 854
200.54.237.82 - - [18/Aug/2022:10:11:04 -0300] "GET /cormun/servlet/trcontratounov2 HTTP/1.1" 200 17743
186.67.172.234 - - [18/Aug/2022:10:11:05 -0300] "GET /cormun/servlet/trlicencias? HTTP/1.1" 200 7508
186.67.172.234 - - [18/Aug/2022:10:11:05 -0300] "GET /cormun/static/gxtimezone.js?85251 HTTP/1.1" 200 5781
186.67.172.234 - - [18/Aug/2022:10:11:05 -0300] "GET /cormun/static/messages.spa.js?85251 HTTP/1.1" 200 30736
186.67.172.234 - - [18/Aug/2022:10:11:05 -0300] "GET /cormun/static/gxgral.js?85251 HTTP/1.1" 200 384558
186.67.172.234 - - [18/Aug/2022:10:11:05 -0300] "GET /cormun/servlet/hlogin HTTP/1.1" 200 1745
186.67.172.234 - - [18/Aug/2022:10:11:05 -0300] "GET /cormun/static/Shared/ext/resources/themes/images/default/panel/bg-headersPanel.png HTTP/1.1" 200 255
186.67.172.234 - - [18/Aug/2022:10:11:05 -0300] "GET /cormun/static/Shared/ext/resources/themes/images/default/tools/tool-sprites.gif HTTP/1.1" 200 5434
186.67.172.234 - - [18/Aug/2022:10:11:05 -0300] "GET /favicon.ico HTTP/1.1" 200 21630
186.67.172.234 - - [18/Aug/2022:10:11:05 -0300] "GET /cormun/servlet/trlicencias? HTTP/1.1" 200 7520
186.67.172.234 - - [18/Aug/2022:10:11:05 -0300] "GET /cormun/servlet/trlicencias? HTTP/1.1" 200 7520
200.54.237.82 - - [18/Aug/2022:10:11:08 -0300] "GET /cormun/servlet/trlicencias? HTTP/1.1" 200 9983
200.54.237.82 - - [18/Aug/2022:10:11:08 -0300] "GET /cormun/static/gxcfg.js?2020121613995 HTTP/1.1" 200 953
200.54.237.82 - - [18/Aug/2022:10:11:08 -0300] "GET /cormun/static/trlicencias.js?202012162481 HTTP/1.1" 200 41883
200.54.237.82 - - [18/Aug/2022:10:11:08 -0300] "GET /cormun/static/Resources/PXTools/calendar.png HTTP/1.1" 200 1306
200.54.237.82 - - [18/Aug/2022:10:11:08 -0300] "GET /cormun//static/Resources/PXToolsGridDisplay.png HTTP/1.1" 200 525
200.54.237.82 - - [18/Aug/2022:10:11:08 -0300] "GET /cormun//static/Resources/PXTools/ActionInsert.png HTTP/1.1" 200 1482
200.54.237.82 - - [18/Aug/2022:10:11:08 -0300] "GET /cormun//static/Resources/PXToolsActionPrint.png HTTP/1.1" 200 404
200.54.237.82 - - [18/Aug/2022:10:11:08 -0300] "GET /cormun//static/Resources/PXToolsHeaderHelp.png HTTP/1.1" 200 1333
200.54.237.82 - - [18/Aug/2022:10:11:08 -0300] "GET /cormun//static/Resources/PXToolsHeaderFavorites.png HTTP/1.1" 200 1414
200.54.237.82 - - [18/Aug/2022:10:11:09 -0300] "GET /cormun/servlet/trlicencias? HTTP/1.1" 200 9984
190.171.153.26 - - [18/Aug/2022:10:11:22 -0300] "POST /cormun/servlet/permisosadjuntos?6a5a000a53d29b991c315bd00da276f4,INS,19358822,P,20220812091016,, HTTP/1.1" 200 116
190.171.153.26 - - [18/Aug/2022:10:11:22 -0300] "GET /cormun/servlet/hpexe_return? HTTP/1.1" 200 1038
190.171.153.26 - - [18/Aug/2022:10:11:22 -0300] "GET /cormun/servlet/trpermisosadjuntos?19358822,20220812091016,P, HTTP/1.1" 200 6742
190.171.153.26 - - [18/Aug/2022:10:11:23 -0300] "GET /cormun/servlet/trpermisosadjuntos?19358822,20220812091016,P, HTTP/1.1" 200 6740
190.171.153.26 - - [18/Aug/2022:10:11:25 -0300] "GET /cormun/servlet/trpermisosgoce? HTTP/1.1" 200 8990
186.67.172.234 - - [18/Aug/2022:10:11:26 -0300] "POST /cormun/servlet/hlogin?08b72ade828212ffaad8dd570f19ec51,gx-no-cache=1660827439131 HTTP/1.1" 200 90
186.67.172.234 - - [18/Aug/2022:10:11:26 -0300] "GET /cormun/servlet/hpexe_link HTTP/1.1" 200 960
186.67.172.234 - - [18/Aug/2022:10:11:26 -0300] "GET /cormun/servlet/trlicencias HTTP/1.1" 200 14437
190.171.153.26 - - [18/Aug/2022:10:11:26 -0300] "GET /cormun/servlet/trpermisosgoce? HTTP/1.1" 200 8989
186.67.172.234 - - [18/Aug/2022:10:11:26 -0300] "GET /cormun/static/SmoothNavMenu/resources/images/down.gif HTTP/1.1" 200 854
186.67.172.234 - - [18/Aug/2022:10:11:26 -0300] "GET /cormun/static/SmoothNavMenu/resources/images/right.gif HTTP/1.1" 200 860
186.67.172.234 - - [18/Aug/2022:10:11:27 -0300] "GET /cormun/servlet/trlicencias HTTP/1.1" 200 14428
139.87.71.160 - - [18/Aug/2022:10:11:27 -0300] "GET /manager/html HTTP/1.1" 401 2474
190.171.153.26 - - [18/Aug/2022:10:11:29 -0300] "POST /cormun/servlet/trpermisosgoce?6a5a000a53d29b991c315bd00da276f4,,gx-no-cache=1660827445948 HTTP/1.1" 200 6265
190.171.153.26 - - [18/Aug/2022:10:11:29 -0300] "GET /cormun/static/Shared/jqueryui/images/ui-bg_highlight-soft_100_c6c2c8_1x100.png HTTP/1.1" 404 1117
190.171.153.26 - - [18/Aug/2022:10:11:29 -0300] "GET /cormun/static/Shared/jqueryui/images/ui-icons_82798d_256x240.png HTTP/1.1" 404 1089
190.171.153.26 - - [18/Aug/2022:10:11:29 -0300] "GET /cormun/static/Shared/jqueryui/images/ui-bg_flat_55_fafafa_40x100.png HTTP/1.1" 404 1097
190.171.153.26 - - [18/Aug/2022:10:11:29 -0300] "GET /cormun/static/Shared/jqueryui/images/ui-icons_8d78a5_256x240.png HTTP/1.1" 404 1089
186.67.172.234 - - [18/Aug/2022:10:11:33 -0300] "POST /cormun/servlet/trlicencias?08b72ade828212ffaad8dd570f19ec51,gx-no-cache=1660827446289 HTTP/1.1" 200 12089
190.171.143.82 - - [18/Aug/2022:10:11:40 -0300] "GET /cormun/servlet/solicitudot?8dfb47f997386b70332b21ecc46cdf6585299d5b064fb2e24502965e6878935404189c28ffef8be5b18bb6349e596896786391ba97c67530af74c6da92dc857e437c64c57f69c553821173126f1ffd1f7d84d8d6d3c3d4c840641ada37681032767a4be25a6e2b6e7d2dd2e717cd1d64,gx-no-cache=1660827452981 HTTP/1.1" 200 110
186.67.172.234 - - [18/Aug/2022:10:11:42 -0300] "GET /cormun/servlet/trlicencias? HTTP/1.1" 200 14442
186.67.172.234 - - [18/Aug/2022:10:11:43 -0300] "GET /cormun/servlet/trlicencias? HTTP/1.1" 200 14446
190.171.143.82 - - [18/Aug/2022:10:12:02 -0300] "POST /cormun/servlet/solicitudot?gx-no-cache=1660827475698 HTTP/1.1" 200 83
139.87.71.160 - - [18/Aug/2022:10:12:03 -0300] "GET /manager/html HTTP/1.1" 401 2474
200.54.103.162 - - [18/Aug/2022:10:12:07 -0300] "GET /cormun/servlet/trlicencias? HTTP/1.1" 200 11751
200.54.103.162 - - [18/Aug/2022:10:12:08 -0300] "GET /cormun/servlet/trlicencias? HTTP/1.1" 200 11767
200.54.103.162 - - [18/Aug/2022:10:12:08 -0300] "GET /cormun/servlet/trlicencias? HTTP/1.1" 200 11755
200.54.103.162 - - [18/Aug/2022:10:12:08 -0300] "GET /cormun/servlet/trlicencias? HTTP/1.1" 200 11749
185.7.214.117 - - [18/Aug/2022:10:12:12 -0300] "GET /index.php?s=/Index/\think\app/invokefunction&function=call_user_func_array&vars[0]=md5&vars[1][]=HelloThinkPHP21 HTTP/1.1" 404 979
190.171.143.82 - - [18/Aug/2022:10:12:19 -0300] "GET /cormun/servlet/solicitudot?8dfb47f997386b70332b21ecc46cdf653bdbaaf1b25ed42bd823500c1cff172ae2c2d6b84845dc22253851f6a3b0ae84318610a61401121a2be0e693eb95bfe6da7e453fa90c4050dd2f3e121d3e0ce09a95d385b857c1fa545c36f3467bb68c5c5347efac4dcd8a97ea5a5548b218fe,gx-no-cache=1660827491918 HTTP/1.1" 200 29
190.171.143.82 - - [18/Aug/2022:10:12:23 -0300] "GET /cormun/servlet/solicitudot?8dfb47f997386b70332b21ecc46cdf65b351f353881e6443afe4011238e4e2af85c9c7f71c0b639c8e0175e64dec48f1,gx-no-cache=1660827496373 HTTP/1.1" 200 30
190.171.143.82 - - [18/Aug/2022:10:12:23 -0300] "POST /cormun/servlet/solicitudot?gx-no-cache=1660827496459 HTTP/1.1" 200 34
190.171.143.82 - - [18/Aug/2022:10:12:26 -0300] "POST /cormun/servlet/solicitudot?e8dd41548a51f1b0ebeac27e972b83b1,INS,0,0,false,,gx-no-cache=1660827498586 HTTP/1.1" 200 93
190.171.143.82 - - [18/Aug/2022:10:12:26 -0300] "GET /cormun/servlet/hpexe_return? HTTP/1.1" 200 1012
190.171.143.82 - - [18/Aug/2022:10:12:27 -0300] "GET /cormun/static/gxcfg.js?201991422392976 HTTP/1.1" 200 953
190.171.143.82 - - [18/Aug/2022:10:12:27 -0300] "GET /cormun/static/hpexe_return.js?201991422392984 HTTP/1.1" 200 1633
190.171.143.82 - - [18/Aug/2022:10:12:27 -0300] "GET /cormun/servlet/trsolicitudot HTTP/1.1" 200 8967
190.171.143.82 - - [18/Aug/2022:10:12:27 -0300] "GET /cormun//static/Resources/PXToolsActionView.png HTTP/1.1" 200 398
190.171.143.82 - - [18/Aug/2022:10:12:27 -0300] "GET /cormun//static/Resources/PXTools/ActionInsert.png HTTP/1.1" 200 1482
190.171.143.82 - - [18/Aug/2022:10:12:27 -0300] "GET /cormun//static/Resources/PXToolsGridUpdate.png HTTP/1.1" 200 470
190.171.143.82 - - [18/Aug/2022:10:12:27 -0300] "GET /cormun//static/Resources/PXToolsGridDelete.png HTTP/1.1" 200 538
190.171.143.82 - - [18/Aug/2022:10:12:27 -0300] "GET /cormun//static/Resources/PXToolsRemoveAllAction.png HTTP/1.1" 200 487
190.171.143.82 - - [18/Aug/2022:10:12:27 -0300] "GET /cormun/servlet/trsolicitudot HTTP/1.1" 200 8961
190.171.153.26 - - [18/Aug/2022:10:12:30 -0300] "GET /cormun/servlet/hlogin HTTP/1.1" 200 1728
190.171.153.26 - - [18/Aug/2022:10:13:09 -0300] "GET /cormun/servlet/hlogin HTTP/1.1" 200 1728
190.171.153.26 - - [18/Aug/2022:10:13:17 -0300] "POST /cormun/servlet/hlogin?6a5a000a53d29b991c315bd00da276f4,gx-no-cache=1660827553724 HTTP/1.1" 200 90
190.171.153.26 - - [18/Aug/2022:10:13:17 -0300] "GET /cormun/servlet/hpexe_link HTTP/1.1" 200 959
190.171.153.26 - - [18/Aug/2022:10:13:17 -0300] "GET /cormun/servlet/trpermisosgoce? HTTP/1.1" 200 8950
190.171.153.26 - - [18/Aug/2022:10:13:18 -0300] "GET /cormun/servlet/trpermisosgoce? HTTP/1.1" 200 8949
190.171.153.26 - - [18/Aug/2022:10:13:20 -0300] "GET /cormun/servlet/trlicencias? HTTP/1.1" 200 11027
190.171.153.26 - - [18/Aug/2022:10:13:21 -0300] "GET /cormun/servlet/trlicencias? HTTP/1.1" 200 11032
139.87.71.160 - - [18/Aug/2022:10:13:23 -0300] "GET /manager/html HTTP/1.1" 401 2474
139.87.71.160 - - [18/Aug/2022:10:14:47 -0300] "GET /manager/html HTTP/1.1" 401 2474
139.87.71.160 - - [18/Aug/2022:10:16:07 -0300] "GET /manager/html HTTP/1.1" 401 2474
139.87.71.160 - - [18/Aug/2022:10:17:04 -0300] "GET /manager/html HTTP/1.1" 401 2474
190.171.152.138 - - [18/Aug/2022:10:17:40 -0300] "GET /cormun/servlet/hlogin HTTP/1.1" 200 1727
190.171.152.138 - - [18/Aug/2022:10:17:51 -0300] "POST /cormun/servlet/hlogin?6bf8d507daa955bdc2ad59c46079474b,gx-no-cache=1660824223638 HTTP/1.1" 200 90
190.171.152.138 - - [18/Aug/2022:10:17:51 -0300] "GET /cormun/servlet/hpexe_link HTTP/1.1" 200 952
190.171.152.138 - - [18/Aug/2022:10:17:51 -0300] "GET /cormun/servlet/hhome HTTP/1.1" 200 3852
190.171.152.138 - - [18/Aug/2022:10:17:52 -0300] "GET /cormun/servlet/hhome HTTP/1.1" 200 3849
190.171.152.138 - - [18/Aug/2022:10:18:00 -0300] "GET /cormun/servlet/trlicencias? HTTP/1.1" 200 13387
190.171.152.138 - - [18/Aug/2022:10:18:01 -0300] "GET /cormun/servlet/trlicencias? HTTP/1.1" 200 13365
139.87.71.160 - - [18/Aug/2022:10:19:01 -0300] "GET /manager/html HTTP/1.1" 401 2474
190.171.153.26 - - [18/Aug/2022:10:19:14 -0300] "POST /cormun/servlet/trlicencias?6a5a000a53d29b991c315bd00da276f4,,gx-no-cache=1660827911283 HTTP/1.1" 200 8589
139.87.71.160 - - [18/Aug/2022:10:19:37 -0300] "GET /manager/html HTTP/1.1" 401 2474
139.87.71.160 - - [18/Aug/2022:10:20:23 -0300] "GET /manager/html HTTP/1.1" 401 2474
190.171.141.114 - - [18/Aug/2022:10:20:58 -0300] "GET /cormun/servlet/hlogin HTTP/1.1" 200 1725
190.171.141.114 - - [18/Aug/2022:10:20:59 -0300] "GET /cormun/servlet/hlogin HTTP/1.1" 200 1735
139.87.71.160 - - [18/Aug/2022:10:21:01 -0300] "GET /manager/html HTTP/1.1" 401 2474
190.171.141.114 - - [18/Aug/2022:10:21:12 -0300] "POST /cormun/servlet/hlogin?d5882cc13077f8e6ece29878e5005d8d,gx-no-cache=1660828024862 HTTP/1.1" 200 90
190.171.141.114 - - [18/Aug/2022:10:21:12 -0300] "GET /cormun/servlet/hpexe_link HTTP/1.1" 200 952
190.171.141.114 - - [18/Aug/2022:10:21:12 -0300] "GET /cormun/servlet/hhome HTTP/1.1" 200 4003
190.171.141.114 - - [18/Aug/2022:10:21:12 -0300] "GET /cormun/servlet/hhome HTTP/1.1" 200 3999
190.171.141.114 - - [18/Aug/2022:10:21:20 -0300] "GET /cormun/servlet/trlicencias? HTTP/1.1" 200 11702
190.171.141.114 - - [18/Aug/2022:10:21:21 -0300] "GET /cormun/servlet/trlicencias? HTTP/1.1" 200 11702
190.171.141.138 - - [18/Aug/2022:10:22:18 -0300] "GET /cormun/servlet/hlogin HTTP/1.1" 200 1721
190.171.141.138 - - [18/Aug/2022:10:22:18 -0300] "GET /cormun/servlet/hlogin HTTP/1.1" 200 1732
190.171.141.138 - - [18/Aug/2022:10:22:20 -0300] "POST /cormun/servlet/hlogin?6874b88229bf4312667164817ced5cd7,gx-no-cache=1660828093815 HTTP/1.1" 200 90
190.171.141.138 - - [18/Aug/2022:10:22:20 -0300] "GET /cormun/servlet/hpexe_link HTTP/1.1" 200 947
190.171.141.138 - - [18/Aug/2022:10:22:20 -0300] "GET /cormun/servlet/hhome HTTP/1.1" 200 4469
190.171.141.138 - - [18/Aug/2022:10:22:21 -0300] "GET /cormun/servlet/hhome HTTP/1.1" 200 4465
190.171.141.138 - - [18/Aug/2022:10:22:26 -0300] "GET /cormun/servlet/trlicencias? HTTP/1.1" 200 13965
190.171.141.138 - - [18/Aug/2022:10:22:26 -0300] "GET /cormun/servlet/trlicencias? HTTP/1.1" 200 13975
139.87.71.160 - - [18/Aug/2022:10:23:05 -0300] "GET /manager/html HTTP/1.1" 401 2474
139.87.71.160 - - [18/Aug/2022:10:23:44 -0300] "GET /manager/html HTTP/1.1" 401 2474
139.87.71.160 - - [18/Aug/2022:10:24:33 -0300] "GET /manager/html HTTP/1.1" 401 2474
181.212.43.89 - - [18/Aug/2022:10:25:19 -0300] "GET /cormun/servlet/hlogin HTTP/1.1" 200 1735
181.212.43.89 - - [18/Aug/2022:10:25:25 -0300] "POST /cormun/servlet/hlogin?c9f120ac3878c44b652d2562aaaddcad,gx-no-cache=1660828278504 HTTP/1.1" 200 90
181.212.43.89 - - [18/Aug/2022:10:25:25 -0300] "GET /cormun/servlet/hpexe_link HTTP/1.1" 200 959
181.212.43.89 - - [18/Aug/2022:10:25:25 -0300] "GET /cormun/servlet/hhome HTTP/1.1" 200 4015
181.212.43.89 - - [18/Aug/2022:10:25:25 -0300] "GET /cormun/servlet/hhome HTTP/1.1" 200 4011
181.212.43.89 - - [18/Aug/2022:10:25:30 -0300] "GET /cormun/servlet/trlicencias? HTTP/1.1" 200 12662
181.212.43.89 - - [18/Aug/2022:10:25:30 -0300] "GET /cormun/servlet/trlicencias? HTTP/1.1" 200 12648
139.87.71.160 - - [18/Aug/2022:10:25:38 -0300] "GET /manager/html HTTP/1.1" 401 2474
181.212.43.89 - - [18/Aug/2022:10:26:11 -0300] "GET /cormun/servlet/licenciaspermisos?INS,0,,, HTTP/1.1" 200 7624
181.212.43.89 - - [18/Aug/2022:10:26:11 -0300] "GET /cormun/servlet/licenciaspermisos?INS,0,,, HTTP/1.1" 200 7632
139.87.71.160 - - [18/Aug/2022:10:26:19 -0300] "GET /manager/html HTTP/1.1" 401 2474
181.212.43.89 - - [18/Aug/2022:10:26:29 -0300] "GET /cormun/servlet/licenciaspermisos?4274fdf04bee1831012f5a4fda7c32316205863b97c87dc1855c5dfe31a9382c1ee1d7921e571e9f6738c40c3fb8570f6b78881a0003e1d76b71e9ad94dad837,gx-no-cache=1660828342512 HTTP/1.1" 200 121
181.212.43.89 - - [18/Aug/2022:10:26:29 -0300] "POST /cormun/servlet/licenciaspermisos?c9f120ac3878c44b652d2562aaaddcad,INS,0,,,,gx-no-cache=1660828342548 HTTP/1.1" 200 4867
181.212.43.89 - - [18/Aug/2022:10:27:29 -0300] "POST /cormun/servlet/licenciaspermisos?c9f120ac3878c44b652d2562aaaddcad,INS,0,,,,gx-no-cache=1660828402838 HTTP/1.1" 200 93
181.212.43.89 - - [18/Aug/2022:10:27:29 -0300] "GET /cormun/servlet/hpexe_return? HTTP/1.1" 200 1020
181.212.43.89 - - [18/Aug/2022:10:27:30 -0300] "GET /cormun/servlet/trlicencias HTTP/1.1" 200 12656
181.212.43.89 - - [18/Aug/2022:10:27:30 -0300] "GET /cormun/servlet/trlicencias HTTP/1.1" 200 12649
190.171.142.42 - - [18/Aug/2022:10:27:52 -0300] "GET /cormun/servlet/hlogin HTTP/1.1" 200 1730
190.171.142.42 - - [18/Aug/2022:10:28:09 -0300] "POST /cormun/servlet/hlogin?efe0d06c5b401a64d5df1222f7f9bfb6,gx-no-cache=1660828442203 HTTP/1.1" 200 90
190.171.142.42 - - [18/Aug/2022:10:28:09 -0300] "GET /cormun/servlet/hpexe_link HTTP/1.1" 200 956
190.171.142.42 - - [18/Aug/2022:10:28:09 -0300] "GET /cormun/servlet/hhome HTTP/1.1" 200 4256
190.171.142.42 - - [18/Aug/2022:10:28:09 -0300] "GET /cormun/servlet/hhome HTTP/1.1" 200 4254
190.171.142.42 - - [18/Aug/2022:10:28:12 -0300] "GET /cormun/servlet/trlicencias? HTTP/1.1" 200 14165
190.171.142.42 - - [18/Aug/2022:10:28:12 -0300] "GET /cormun/servlet/trlicencias? HTTP/1.1" 200 14162
139.87.71.160 - - [18/Aug/2022:10:28:16 -0300] "GET /manager/html HTTP/1.1" 401 2474
139.87.71.160 - - [18/Aug/2022:10:29:22 -0300] "GET /manager/html HTTP/1.1" 401 2474
190.171.152.138 - - [18/Aug/2022:10:29:36 -0300] "GET /cormun/servlet/hlogin HTTP/1.1" 200 1744
190.171.152.138 - - [18/Aug/2022:10:29:36 -0300] "GET /cormun/servlet/hlogin HTTP/1.1" 200 1738
139.87.71.160 - - [18/Aug/2022:10:30:33 -0300] "GET /manager/html HTTP/1.1" 401 2474
139.87.71.160 - - [18/Aug/2022:10:31:12 -0300] "GET /manager/html HTTP/1.1" 401 2474
139.87.71.160 - - [18/Aug/2022:10:33:11 -0300] "GET /manager/html HTTP/1.1" 401 2474
207.46.13.51 - - [18/Aug/2022:10:34:14 -0300] "GET /cormun/servlet/solicitudot?INS,0,0,false, HTTP/1.1" 200 14883
40.77.167.9 - - [18/Aug/2022:10:34:30 -0300] "GET /cormun/static/solicitudot.js?20203414242792 HTTP/1.1" 200 74114
157.55.39.31 - - [18/Aug/2022:10:34:37 -0300] "GET /cormun/static/gxcfg.js?20203414241232 HTTP/1.1" 200 953
139.87.71.160 - - [18/Aug/2022:10:35:11 -0300] "GET /manager/html HTTP/1.1" 401 2474
139.87.71.160 - - [18/Aug/2022:10:37:38 -0300] "GET /manager/html HTTP/1.1" 401 2474
139.87.71.160 - - [18/Aug/2022:10:38:57 -0300] "GET /manager/html HTTP/1.1" 401 2474
172.104.242.173 - - [18/Aug/2022:10:40:12 -0300] "º«d¡EZCÛM‡î^ý¿9 XÔ>˜Ä<àϬ 9א#8~ŒÞReF¿%1Qà&g»‚•íZP€+”eÃæ…¤™‹lêˆY‘•ÄÈHǓgÁ4FW|ûóT¸ýË»)ãÎÝÍ7žïPŒ¤[Vý˜Él‚õäÁd‡X÷›¿èq™&Û,õ‡×¨—j;ãê§´°­E›ªB€)©é¯}ޏ™兀èâÓí)1‘ÁˆŒðÛ¥ˆ•H›Z«Î¿ôE%P*ˆKFY6žç::jԊ¨Všª«¯Ã&.í[Åe¾Šr§°™F÷å֖ŒIm+wýuU!x¬èMPyÃ!2 íÀ}!RwŽÄá ¯+­KkÅà\sœ½Ë " 400 -
139.87.71.160 - - [18/Aug/2022:10:40:28 -0300] "GET /manager/html HTTP/1.1" 401 2474
139.87.71.160 - - [18/Aug/2022:10:41:23 -0300] "GET /manager/html HTTP/1.1" 401 2474
139.87.71.160 - - [18/Aug/2022:10:42:02 -0300] "GET /manager/html HTTP/1.1" 401 2474
139.87.71.160 - - [18/Aug/2022:10:42:44 -0300] "GET /manager/html HTTP/1.1" 401 2474
139.87.71.160 - - [18/Aug/2022:10:43:21 -0300] "GET /manager/html HTTP/1.1" 401 2474
139.87.71.160 - - [18/Aug/2022:10:43:58 -0300] "GET /manager/html HTTP/1.1" 401 2474
139.87.71.160 - - [18/Aug/2022:10:45:19 -0300] "GET /manager/html HTTP/1.1" 401 2474
139.87.71.160 - - [18/Aug/2022:10:46:29 -0300] "GET /manager/html HTTP/1.1" 401 2474
139.87.71.160 - - [18/Aug/2022:10:47:08 -0300] "GET /manager/html HTTP/1.1" 401 2474
157.55.39.27 - - [18/Aug/2022:10:47:34 -0300] "GET /cormun/servlet/hhome HTTP/1.1" 200 3315
139.87.71.160 - - [18/Aug/2022:10:47:44 -0300] "GET /manager/html HTTP/1.1" 401 2474
190.171.141.106 - - [18/Aug/2022:10:48:19 -0300] "GET /cormun/servlet/trlicencias? HTTP/1.1" 200 7506
190.171.141.106 - - [18/Aug/2022:10:48:19 -0300] "GET /cormun/servlet/hlogin HTTP/1.1" 200 1745
190.171.141.106 - - [18/Aug/2022:10:48:19 -0300] "GET /cormun/servlet/trlicencias? HTTP/1.1" 200 7518
190.171.141.106 - - [18/Aug/2022:10:48:30 -0300] "POST /cormun/servlet/hlogin?872d513b4ed08ae8e897b13c4f9bdf42,gx-no-cache=1660826122617 HTTP/1.1" 200 90
190.171.141.106 - - [18/Aug/2022:10:48:30 -0300] "GET /cormun/servlet/hpexe_link HTTP/1.1" 200 958
190.171.141.106 - - [18/Aug/2022:10:48:30 -0300] "GET /cormun/servlet/trlicencias HTTP/1.1" 200 13740
190.171.141.106 - - [18/Aug/2022:10:48:31 -0300] "GET /cormun/servlet/trlicencias HTTP/1.1" 200 13717
139.87.71.160 - - [18/Aug/2022:10:49:40 -0300] "GET /manager/html HTTP/1.1" 401 2474
139.87.71.160 - - [18/Aug/2022:10:50:19 -0300] "GET /manager/html HTTP/1.1" 401 2474
139.87.71.160 - - [18/Aug/2022:10:51:00 -0300] "GET /manager/html HTTP/1.1" 401 2474
190.171.143.106 - - [18/Aug/2022:10:53:32 -0300] "GET /cormun/servlet/apermisogoceprn?14332418,P,20220816161514,PU HTTP/1.1" 200 1660
139.87.71.160 - - [18/Aug/2022:10:54:00 -0300] "GET /manager/html HTTP/1.1" 401 2474
139.87.71.160 - - [18/Aug/2022:10:54:36 -0300] "GET /manager/html HTTP/1.1" 401 2474
139.87.71.160 - - [18/Aug/2022:10:55:16 -0300] "GET /manager/html HTTP/1.1" 401 2474
190.171.143.82 - - [18/Aug/2022:10:55:34 -0300] "GET /cormun/servlet/trsolicitudot? HTTP/1.1" 200 6322
190.171.143.82 - - [18/Aug/2022:10:55:36 -0300] "GET /cormun/servlet/hlogin HTTP/1.1" 200 1741
190.171.143.82 - - [18/Aug/2022:10:55:36 -0300] "GET /cormun/servlet/trsolicitudot? HTTP/1.1" 200 6319
190.171.143.82 - - [18/Aug/2022:10:55:39 -0300] "POST /cormun/servlet/hlogin?e853bf0e74cfbf3e9522d23e38b701fb,gx-no-cache=1660830092665 HTTP/1.1" 200 90
190.171.143.82 - - [18/Aug/2022:10:55:39 -0300] "GET /cormun/servlet/hpexe_link HTTP/1.1" 200 953
190.171.143.82 - - [18/Aug/2022:10:55:39 -0300] "GET /cormun/servlet/trsolicitudot HTTP/1.1" 200 8829
190.171.143.82 - - [18/Aug/2022:10:55:41 -0300] "GET /cormun/servlet/trsolicitudot HTTP/1.1" 200 8828
190.171.143.82 - - [18/Aug/2022:10:55:44 -0300] "POST /cormun/servlet/trsolicitudot?e853bf0e74cfbf3e9522d23e38b701fb,gx-no-cache=1660830097862 HTTP/1.1" 200 5789
190.171.143.82 - - [18/Aug/2022:10:55:45 -0300] "POST /cormun/servlet/trsolicitudot?e853bf0e74cfbf3e9522d23e38b701fb,gx-no-cache=1660830098778 HTTP/1.1" 200 5789
190.171.143.82 - - [18/Aug/2022:10:55:46 -0300] "POST /cormun/servlet/trsolicitudot?e853bf0e74cfbf3e9522d23e38b701fb,gx-no-cache=1660830099134 HTTP/1.1" 200 5789
139.87.71.160 - - [18/Aug/2022:10:55:49 -0300] "GET /manager/html HTTP/1.1" 401 2474
190.171.143.82 - - [18/Aug/2022:10:55:50 -0300] "GET /cormun/servlet/vesolicitudot?2022,19090,, HTTP/1.1" 200 8645
190.171.143.82 - - [18/Aug/2022:10:55:50 -0300] "GET /cormun/static/gxcfg.js?201991422423914 HTTP/1.1" 200 953
190.171.143.82 - - [18/Aug/2022:10:55:50 -0300] "GET /cormun/pexe_scrolldiv.js HTTP/1.1" 404 1009
190.171.143.82 - - [18/Aug/2022:10:55:50 -0300] "GET /cormun/static/vesolicitudot.js?201991422423984 HTTP/1.1" 200 6091
190.171.143.82 - - [18/Aug/2022:10:55:51 -0300] "GET /cormun/static/hpexe_tabsview.js?2020121447381 HTTP/1.1" 200 1661
190.171.143.82 - - [18/Aug/2022:10:55:51 -0300] "GET /cormun/static/hwcviewtabs.js?201991422154026 HTTP/1.1" 200 1074
190.171.143.82 - - [18/Aug/2022:10:55:51 -0300] "GET /cormun/static/Resources/PXToolsTabLastUnselected.png HTTP/1.1" 200 1297
190.171.143.82 - - [18/Aug/2022:10:55:51 -0300] "GET /cormun/static/Resources/PXToolsTabFirstSelected.png HTTP/1.1" 200 1270
190.171.143.82 - - [18/Aug/2022:10:55:51 -0300] "GET /cormun/static/tbsolicitudot01.js?20201214462316 HTTP/1.1" 200 30566
190.171.143.82 - - [18/Aug/2022:10:55:51 -0300] "GET /cormun/static/Resources/PXToolsTabPrevious.gif HTTP/1.1" 200 172
190.171.143.82 - - [18/Aug/2022:10:55:51 -0300] "GET /cormun/static/Resources/PXToolsTabNext.gif HTTP/1.1" 200 168
190.171.143.82 - - [18/Aug/2022:10:55:51 -0300] "GET /cormun/static/calendar-system.css HTTP/1.1" 200 5572
190.171.143.82 - - [18/Aug/2022:10:55:51 -0300] "GET /cormun/static/Resources/PXToolsTabBackSelected.png HTTP/1.1" 200 1157
190.171.143.82 - - [18/Aug/2022:10:55:51 -0300] "GET /cormun/static/Resources/PXToolsTabBackUnselected.png HTTP/1.1" 200 1175
190.171.143.82 - - [18/Aug/2022:10:55:51 -0300] "GET /cormun/static/Resources/PXToolsTabSelectedUnselected.png HTTP/1.1" 200 1451
190.171.143.82 - - [18/Aug/2022:10:55:51 -0300] "GET /cormun/static/Resources/PXToolsTabUnselectedUnselected.png HTTP/1.1" 200 1470
190.171.143.82 - - [18/Aug/2022:10:55:52 -0300] "GET /cormun/servlet/vesolicitudot?2022,19090,, HTTP/1.1" 200 8645
190.171.143.82 - - [18/Aug/2022:10:55:54 -0300] "GET /cormun/servlet/vesolicitudot?2022,19090,,SolicitudOTAdjuntos HTTP/1.1" 200 7736
190.171.143.82 - - [18/Aug/2022:10:55:54 -0300] "GET /cormun/pexe_scrolldiv.js HTTP/1.1" 404 1009
190.171.143.82 - - [18/Aug/2022:10:55:54 -0300] "GET /cormun/static/tbsolicitudot02.js?20199142224537 HTTP/1.1" 200 15626
190.171.143.82 - - [18/Aug/2022:10:55:55 -0300] "GET /cormun/static/gxui/gxui-all.css HTTP/1.1" 200 2179
190.171.143.82 - - [18/Aug/2022:10:55:55 -0300] "GET /cormun/static/Resources/PXToolsTabFirstUnselected.png HTTP/1.1" 200 1278
190.171.143.82 - - [18/Aug/2022:10:55:55 -0300] "GET /cormun/static/Shared/ext/resources/css/ext-all.css HTTP/1.1" 200 416045
190.171.143.82 - - [18/Aug/2022:10:55:55 -0300] "GET /cormun/static/Resources/PXToolsTabUnselectedSelected.png HTTP/1.1" 200 1458
190.171.143.82 - - [18/Aug/2022:10:55:55 -0300] "GET /cormun/servlet/vesolicitudot?2022,19090,,SolicitudOTAdjuntos HTTP/1.1" 200 7736
190.171.143.82 - - [18/Aug/2022:10:55:56 -0300] "POST /cormun/servlet/acontrolpreferencessavestate?None,GFAUNDEZ,true HTTP/1.1" 200 35
190.171.143.82 - - [18/Aug/2022:10:56:01 -0300] "GET /cormun/servlet/solicitudotadjuntos?INS,2022,19090,,1, HTTP/1.1" 200 6406
190.171.143.82 - - [18/Aug/2022:10:56:02 -0300] "GET /cormun/static/about:blank HTTP/1.1" 404 1011
190.171.143.82 - - [18/Aug/2022:10:56:02 -0300] "GET /cormun/servlet/solicitudotadjuntos?INS,2022,19090,,1, HTTP/1.1" 200 6398
190.171.143.82 - - [18/Aug/2022:10:56:02 -0300] "GET /cormun/servlet/solicitudotadjuntos?6cfdfb3cea3169f5e553575068aeda2a8358dde9480865cd580dfa626b8ccad033e4b3fe99755c4466c6fdcc1b9e509e,gx-no-cache=1660830115956 HTTP/1.1" 200 30
190.171.143.82 - - [18/Aug/2022:10:56:02 -0300] "POST /cormun/servlet/solicitudotadjuntos?e853bf0e74cfbf3e9522d23e38b701fb,INS,2022,19090,,1,,gx-no-cache=1660830115997 HTTP/1.1" 200 4155
190.171.143.82 - - [18/Aug/2022:10:56:06 -0300] "POST /cormun/servlet/solicitudotadjuntos?gx-no-cache=1660830119992 HTTP/1.1" 200 26
190.171.143.82 - - [18/Aug/2022:10:56:16 -0300] "GET /cormun/servlet/solicitudotadjuntos?6cfdfb3cea3169f5e553575068aeda2a156da5966629e57a710f3f56c3bbcc01,gx-no-cache=1660830129725 HTTP/1.1" 200 30
190.171.143.82 - - [18/Aug/2022:10:56:16 -0300] "GET /cormun/servlet/solicitudotadjuntos?6cfdfb3cea3169f5e553575068aeda2a156da5966629e57a710f3f56c3bbcc01,gx-no-cache=1660830129755 HTTP/1.1" 200 30
190.171.143.82 - - [18/Aug/2022:10:56:16 -0300] "POST /cormun/servlet/solicitudotadjuntos?e853bf0e74cfbf3e9522d23e38b701fb,INS,2022,19090,,1, HTTP/1.1" 200 116
190.171.143.82 - - [18/Aug/2022:10:56:16 -0300] "GET /cormun/servlet/hpexe_return? HTTP/1.1" 200 1029
190.171.143.82 - - [18/Aug/2022:10:56:17 -0300] "GET /cormun/servlet/vesolicitudot?2022,19090,,SolicitudOTAdjuntos HTTP/1.1" 200 10491
190.171.143.82 - - [18/Aug/2022:10:56:17 -0300] "GET /cormun/pexe_scrolldiv.js HTTP/1.1" 404 1009
190.171.143.82 - - [18/Aug/2022:10:56:18 -0300] "GET /cormun/servlet/vesolicitudot?2022,19090,,SolicitudOTAdjuntos HTTP/1.1" 200 10488
190.171.143.82 - - [18/Aug/2022:10:56:19 -0300] "POST /cormun/servlet/acontrolpreferencessavestate?None,GFAUNDEZ,true HTTP/1.1" 200 35
190.171.143.82 - - [18/Aug/2022:10:56:21 -0300] "GET /cormun/servlet/solicitudotadjuntos?INS,2022,19090,,1, HTTP/1.1" 200 6406
190.171.143.82 - - [18/Aug/2022:10:56:22 -0300] "GET /cormun/static/about:blank HTTP/1.1" 404 1011
190.171.143.82 - - [18/Aug/2022:10:56:23 -0300] "GET /cormun/servlet/solicitudotadjuntos?INS,2022,19090,,1, HTTP/1.1" 200 6398
190.171.143.82 - - [18/Aug/2022:10:56:23 -0300] "GET /cormun/servlet/solicitudotadjuntos?6cfdfb3cea3169f5e553575068aeda2a8358dde9480865cd580dfa626b8ccad033e4b3fe99755c4466c6fdcc1b9e509e,gx-no-cache=1660830136679 HTTP/1.1" 200 30
190.171.143.82 - - [18/Aug/2022:10:56:23 -0300] "POST /cormun/servlet/solicitudotadjuntos?e853bf0e74cfbf3e9522d23e38b701fb,INS,2022,19090,,1,,gx-no-cache=1660830136714 HTTP/1.1" 200 4155
139.87.71.160 - - [18/Aug/2022:10:56:27 -0300] "GET /manager/html HTTP/1.1" 401 2474
190.171.143.82 - - [18/Aug/2022:10:56:41 -0300] "POST /cormun/servlet/solicitudotadjuntos?gx-no-cache=1660830154793 HTTP/1.1" 200 26
190.171.143.82 - - [18/Aug/2022:10:56:49 -0300] "GET /cormun/servlet/solicitudotadjuntos?6cfdfb3cea3169f5e553575068aeda2a156da5966629e57a710f3f56c3bbcc01,gx-no-cache=1660830162961 HTTP/1.1" 200 30
190.171.143.82 - - [18/Aug/2022:10:56:49 -0300] "GET /cormun/servlet/solicitudotadjuntos?6cfdfb3cea3169f5e553575068aeda2a156da5966629e57a710f3f56c3bbcc01,gx-no-cache=1660830162990 HTTP/1.1" 200 30
190.171.143.82 - - [18/Aug/2022:10:56:50 -0300] "POST /cormun/servlet/solicitudotadjuntos?e853bf0e74cfbf3e9522d23e38b701fb,INS,2022,19090,,1, HTTP/1.1" 200 116
190.171.143.82 - - [18/Aug/2022:10:56:50 -0300] "GET /cormun/servlet/hpexe_return? HTTP/1.1" 200 1029
190.171.143.82 - - [18/Aug/2022:10:56:50 -0300] "GET /cormun/servlet/vesolicitudot?2022,19090,,SolicitudOTAdjuntos HTTP/1.1" 200 10724
190.171.143.82 - - [18/Aug/2022:10:56:50 -0300] "GET /cormun/pexe_scrolldiv.js HTTP/1.1" 404 1009
190.171.143.82 - - [18/Aug/2022:10:56:51 -0300] "GET /cormun/servlet/vesolicitudot?2022,19090,,SolicitudOTAdjuntos HTTP/1.1" 200 10721
190.171.143.82 - - [18/Aug/2022:10:56:52 -0300] "POST /cormun/servlet/acontrolpreferencessavestate?None,GFAUNDEZ,true HTTP/1.1" 200 35
190.171.143.82 - - [18/Aug/2022:10:56:54 -0300] "GET /cormun/servlet/solicitudotadjuntos?INS,2022,19090,,1, HTTP/1.1" 200 6406
190.171.143.82 - - [18/Aug/2022:10:56:55 -0300] "GET /cormun/static/about:blank HTTP/1.1" 404 1011
190.171.143.82 - - [18/Aug/2022:10:56:55 -0300] "GET /cormun/servlet/solicitudotadjuntos?INS,2022,19090,,1, HTTP/1.1" 200 6398
190.171.143.82 - - [18/Aug/2022:10:56:55 -0300] "GET /cormun/servlet/solicitudotadjuntos?6cfdfb3cea3169f5e553575068aeda2a8358dde9480865cd580dfa626b8ccad033e4b3fe99755c4466c6fdcc1b9e509e,gx-no-cache=1660830168940 HTTP/1.1" 200 30
190.171.143.82 - - [18/Aug/2022:10:56:55 -0300] "POST /cormun/servlet/solicitudotadjuntos?e853bf0e74cfbf3e9522d23e38b701fb,INS,2022,19090,,1,,gx-no-cache=1660830168976 HTTP/1.1" 200 4155
190.171.143.82 - - [18/Aug/2022:10:57:07 -0300] "POST /cormun/servlet/solicitudotadjuntos?gx-no-cache=1660830180490 HTTP/1.1" 200 26
190.171.141.90 - - [18/Aug/2022:10:57:09 -0300] "GET /cormun/servlet/trpermisosgoce? HTTP/1.1" 200 6035
190.171.141.90 - - [18/Aug/2022:10:57:10 -0300] "GET /cormun/servlet/hlogin HTTP/1.1" 200 1749
190.171.141.90 - - [18/Aug/2022:10:57:10 -0300] "GET /cormun/servlet/trpermisosgoce? HTTP/1.1" 200 6032
139.87.71.160 - - [18/Aug/2022:10:57:10 -0300] "GET /manager/html HTTP/1.1" 401 2474
190.171.141.90 - - [18/Aug/2022:10:57:12 -0300] "POST /cormun/servlet/hlogin?b30bb047073ea80c821aad58b1f590b0,gx-no-cache=1660830183278 HTTP/1.1" 200 90
190.171.141.90 - - [18/Aug/2022:10:57:12 -0300] "GET /cormun/servlet/hpexe_link HTTP/1.1" 200 960
190.171.141.90 - - [18/Aug/2022:10:57:13 -0300] "GET /cormun/servlet/trpermisosgoce HTTP/1.1" 200 17175
190.171.141.90 - - [18/Aug/2022:10:57:14 -0300] "GET /cormun/servlet/trpermisosgoce HTTP/1.1" 200 17177
190.171.143.82 - - [18/Aug/2022:10:57:16 -0300] "GET /cormun/servlet/solicitudotadjuntos?6cfdfb3cea3169f5e553575068aeda2a156da5966629e57a710f3f56c3bbcc01,gx-no-cache=1660830189429 HTTP/1.1" 200 30
190.171.143.82 - - [18/Aug/2022:10:57:16 -0300] "GET /cormun/servlet/solicitudotadjuntos?6cfdfb3cea3169f5e553575068aeda2a156da5966629e57a710f3f56c3bbcc01,gx-no-cache=1660830189500 HTTP/1.1" 200 30
190.171.143.82 - - [18/Aug/2022:10:57:16 -0300] "POST /cormun/servlet/solicitudotadjuntos?e853bf0e74cfbf3e9522d23e38b701fb,INS,2022,19090,,1, HTTP/1.1" 200 116
190.171.143.82 - - [18/Aug/2022:10:57:16 -0300] "GET /cormun/servlet/hpexe_return? HTTP/1.1" 200 1029
190.171.143.82 - - [18/Aug/2022:10:57:17 -0300] "GET /cormun/servlet/vesolicitudot?2022,19090,,SolicitudOTAdjuntos HTTP/1.1" 200 10966
190.171.143.82 - - [18/Aug/2022:10:57:17 -0300] "GET /cormun/pexe_scrolldiv.js HTTP/1.1" 404 1009
190.171.141.90 - - [18/Aug/2022:10:57:18 -0300] "GET /cormun/servlet/permisogoce?INS,0,,, HTTP/1.1" 200 7094
190.171.143.82 - - [18/Aug/2022:10:57:18 -0300] "GET /cormun/servlet/vesolicitudot?2022,19090,,SolicitudOTAdjuntos HTTP/1.1" 200 10973
190.171.141.90 - - [18/Aug/2022:10:57:18 -0300] "GET /cormun/servlet/permisogoce?INS,0,,, HTTP/1.1" 200 7109
190.171.143.82 - - [18/Aug/2022:10:57:19 -0300] "POST /cormun/servlet/acontrolpreferencessavestate?None,GFAUNDEZ,true HTTP/1.1" 200 35
190.171.143.82 - - [18/Aug/2022:10:57:20 -0300] "GET /cormun/servlet/solicitudotadjuntos?INS,2022,19090,,1, HTTP/1.1" 200 6405
190.171.143.82 - - [18/Aug/2022:10:57:21 -0300] "GET /cormun/static/about:blank HTTP/1.1" 404 1011
190.171.143.82 - - [18/Aug/2022:10:57:21 -0300] "GET /cormun/servlet/solicitudotadjuntos?INS,2022,19090,,1, HTTP/1.1" 200 6397
190.171.143.82 - - [18/Aug/2022:10:57:22 -0300] "GET /cormun/servlet/solicitudotadjuntos?6cfdfb3cea3169f5e553575068aeda2a8358dde9480865cd580dfa626b8ccad033e4b3fe99755c4466c6fdcc1b9e509e,gx-no-cache=1660830195567 HTTP/1.1" 200 30
190.171.143.82 - - [18/Aug/2022:10:57:22 -0300] "POST /cormun/servlet/solicitudotadjuntos?e853bf0e74cfbf3e9522d23e38b701fb,INS,2022,19090,,1,,gx-no-cache=1660830195605 HTTP/1.1" 200 4153
190.171.141.90 - - [18/Aug/2022:10:57:26 -0300] "GET /cormun/servlet/prfichaempleado?,MD,,gxPopupLevel%3D0%3B HTTP/1.1" 200 9250
190.171.143.82 - - [18/Aug/2022:10:57:37 -0300] "POST /cormun/servlet/solicitudotadjuntos?gx-no-cache=1660830210987 HTTP/1.1" 200 26
190.171.141.90 - - [18/Aug/2022:10:57:39 -0300] "POST /cormun/servlet/prfichaempleado?b30bb047073ea80c821aad58b1f590b0,,MD,,gxPopupLevel%3D0%3B,gx-no-cache=1660830209664 HTTP/1.1" 200 3175
139.87.71.160 - - [18/Aug/2022:10:57:43 -0300] "GET /manager/html HTTP/1.1" 401 2474
190.171.141.106 - - [18/Aug/2022:10:57:44 -0300] "GET /cormun/servlet/hlogin HTTP/1.1" 200 1732
190.171.141.90 - - [18/Aug/2022:10:57:50 -0300] "POST /cormun/servlet/prfichaempleado?b30bb047073ea80c821aad58b1f590b0,,MD,,gxPopupLevel%3D0%3B,gx-no-cache=1660830220887 HTTP/1.1" 200 3175
190.171.141.90 - - [18/Aug/2022:10:57:53 -0300] "POST /cormun/servlet/prfichaempleado?b30bb047073ea80c821aad58b1f590b0,,MD,,gxPopupLevel%3D0%3B,gx-no-cache=1660830223366 HTTP/1.1" 200 3596
190.171.141.106 - - [18/Aug/2022:10:58:00 -0300] "POST /cormun/servlet/hlogin?d88cd484dbf19a2d522d8d4be6ea48d6,gx-no-cache=1660830234103 HTTP/1.1" 200 423
190.171.143.82 - - [18/Aug/2022:10:58:05 -0300] "GET /cormun/servlet/solicitudotadjuntos?6cfdfb3cea3169f5e553575068aeda2a156da5966629e57a710f3f56c3bbcc01,gx-no-cache=1660830239006 HTTP/1.1" 200 30
