190.171.143.106 - - [18/Aug/2022:14:32:48 -0300] "POST /cormun/servlet/trsolicitudot?4bfbc38c2441ce66819d3bb64f916b49,,gx-no-cache=1660843121329 HTTP/1.1" 200 4387
190.171.143.106 - - [18/Aug/2022:14:32:53 -0300] "GET /cormun/servlet/trpermisosgoce? HTTP/1.1" 200 8916
190.171.143.106 - - [18/Aug/2022:14:32:53 -0300] "GET /cormun/servlet/trpermisosgoce? HTTP/1.1" 200 8915
190.171.143.106 - - [18/Aug/2022:14:32:54 -0300] "GET /cormun/servlet/permisogoce?INS,0,,, HTTP/1.1" 200 6841
190.171.143.106 - - [18/Aug/2022:14:32:54 -0300] "GET /cormun/servlet/permisogoce?INS,0,,, HTTP/1.1" 200 6841
139.87.71.160 - - [18/Aug/2022:14:32:58 -0300] "GET /manager/html HTTP/1.1" 401 2474
190.171.143.106 - - [18/Aug/2022:14:32:59 -0300] "POST /cormun/servlet/trpermisosgoce?d73c2b849912a84ae5e587c26b991653,,gx-no-cache=1660843132820 HTTP/1.1" 200 4216
190.171.143.106 - - [18/Aug/2022:14:33:00 -0300] "POST /cormun/servlet/trpermisosgoce?d73c2b849912a84ae5e587c26b991653,,gx-no-cache=1660843133761 HTTP/1.1" 200 4217
190.171.143.106 - - [18/Aug/2022:14:33:10 -0300] "POST /cormun/servlet/trpermisosgoce?d73c2b849912a84ae5e587c26b991653,,gx-no-cache=1660843143633 HTTP/1.1" 200 4217
190.171.143.106 - - [18/Aug/2022:14:33:11 -0300] "POST /cormun/servlet/trpermisosgoce?d73c2b849912a84ae5e587c26b991653,,gx-no-cache=1660843144841 HTTP/1.1" 200 4216
190.171.143.106 - - [18/Aug/2022:14:33:13 -0300] "POST /cormun/servlet/trpermisosgoce?d73c2b849912a84ae5e587c26b991653,,gx-no-cache=1660843146465 HTTP/1.1" 200 4217
190.171.143.106 - - [18/Aug/2022:14:33:14 -0300] "POST /cormun/servlet/trpermisosgoce?d73c2b849912a84ae5e587c26b991653,,gx-no-cache=1660843147264 HTTP/1.1" 200 4217
190.171.143.106 - - [18/Aug/2022:14:33:14 -0300] "POST /cormun/servlet/trpermisosgoce?d73c2b849912a84ae5e587c26b991653,,gx-no-cache=1660843147881 HTTP/1.1" 200 4216
190.171.143.106 - - [18/Aug/2022:14:33:15 -0300] "POST /cormun/servlet/trpermisosgoce?d73c2b849912a84ae5e587c26b991653,,gx-no-cache=1660843148329 HTTP/1.1" 200 4217
190.171.143.106 - - [18/Aug/2022:14:33:15 -0300] "POST /cormun/servlet/trpermisosgoce?d73c2b849912a84ae5e587c26b991653,,gx-no-cache=1660843148504 HTTP/1.1" 200 4216
190.171.143.106 - - [18/Aug/2022:14:33:15 -0300] "POST /cormun/servlet/trpermisosgoce?d73c2b849912a84ae5e587c26b991653,,gx-no-cache=1660843148680 HTTP/1.1" 200 4216
190.171.143.106 - - [18/Aug/2022:14:33:15 -0300] "POST /cormun/servlet/trpermisosgoce?d73c2b849912a84ae5e587c26b991653,,gx-no-cache=1660843148952 HTTP/1.1" 200 4216
190.171.143.106 - - [18/Aug/2022:14:33:23 -0300] "POST /cormun/servlet/trpermisosgoce?d73c2b849912a84ae5e587c26b991653,,gx-no-cache=1660843156577 HTTP/1.1" 200 4218
190.171.143.106 - - [18/Aug/2022:14:33:24 -0300] "POST /cormun/servlet/trpermisosgoce?d73c2b849912a84ae5e587c26b991653,,gx-no-cache=1660843157800 HTTP/1.1" 200 4218
190.171.143.106 - - [18/Aug/2022:14:33:25 -0300] "POST /cormun/servlet/trpermisosgoce?d73c2b849912a84ae5e587c26b991653,,gx-no-cache=1660843158521 HTTP/1.1" 200 4218
190.171.143.106 - - [18/Aug/2022:14:33:26 -0300] "POST /cormun/servlet/trpermisosgoce?d73c2b849912a84ae5e587c26b991653,,gx-no-cache=1660843159216 HTTP/1.1" 200 4218
190.171.143.106 - - [18/Aug/2022:14:33:30 -0300] "GET /cormun/servlet/trpermisosgoce? HTTP/1.1" 200 6922
190.171.143.106 - - [18/Aug/2022:14:33:30 -0300] "GET /cormun/servlet/trpermisosgoce? HTTP/1.1" 200 6922
190.171.143.106 - - [18/Aug/2022:14:33:32 -0300] "POST /cormun/servlet/trpermisosgoce?d73c2b849912a84ae5e587c26b991653,,gx-no-cache=1660843165428 HTTP/1.1" 200 4219
190.171.143.106 - - [18/Aug/2022:14:33:33 -0300] "POST /cormun/servlet/trpermisosgoce?d73c2b849912a84ae5e587c26b991653,,gx-no-cache=1660843166233 HTTP/1.1" 200 4219
139.87.71.160 - - [18/Aug/2022:14:33:49 -0300] "GET /manager/html HTTP/1.1" 401 2474
139.87.71.160 - - [18/Aug/2022:14:34:28 -0300] "GET /manager/html HTTP/1.1" 401 2474
139.87.71.160 - - [18/Aug/2022:14:35:12 -0300] "GET /manager/html HTTP/1.1" 401 2474
190.171.143.106 - - [18/Aug/2022:14:35:13 -0300] "POST /cormun/servlet/trpermisosgoce?d73c2b849912a84ae5e587c26b991653,,gx-no-cache=1660843266177 HTTP/1.1" 200 4219
190.171.143.106 - - [18/Aug/2022:14:35:14 -0300] "POST /cormun/servlet/trpermisosgoce?d73c2b849912a84ae5e587c26b991653,,gx-no-cache=1660843267617 HTTP/1.1" 200 4219
190.171.143.106 - - [18/Aug/2022:14:35:15 -0300] "POST /cormun/servlet/trpermisosgoce?d73c2b849912a84ae5e587c26b991653,,gx-no-cache=1660843268529 HTTP/1.1" 200 4219
190.171.143.106 - - [18/Aug/2022:14:35:16 -0300] "GET /cormun/servlet/permisogoce?INS,0,,, HTTP/1.1" 200 6846
190.171.143.106 - - [18/Aug/2022:14:35:16 -0300] "GET /cormun/servlet/permisogoce?INS,0,,, HTTP/1.1" 200 6846
190.171.144.234 - - [18/Aug/2022:14:35:18 -0300] "GET /cormun/servlet/hlogin HTTP/1.1" 200 1731
190.171.144.234 - - [18/Aug/2022:14:35:18 -0300] "GET /cormun/servlet/hlogin HTTP/1.1" 200 1741
190.171.144.234 - - [18/Aug/2022:14:35:18 -0300] "GET /favicon.ico HTTP/1.1" 200 21630
190.171.144.234 - - [18/Aug/2022:14:35:22 -0300] "POST /cormun/servlet/hlogin?70099aa8262b0f5dd400a693b60bcd94,gx-no-cache=1660843277264 HTTP/1.1" 200 90
190.171.144.234 - - [18/Aug/2022:14:35:22 -0300] "GET /cormun/servlet/hpexe_link HTTP/1.1" 200 956
190.171.144.234 - - [18/Aug/2022:14:35:23 -0300] "GET /cormun/servlet/hhome HTTP/1.1" 200 4130
190.171.144.234 - - [18/Aug/2022:14:35:23 -0300] "GET /cormun/servlet/hhome HTTP/1.1" 200 4126
190.171.143.106 - - [18/Aug/2022:14:35:33 -0300] "GET /cormun/servlet/prfichaempleado?,MD,,gxPopupLevel%3D0%3B HTTP/1.1" 200 9281
190.171.144.234 - - [18/Aug/2022:14:35:44 -0300] "GET /cormun/servlet/trlicencias? HTTP/1.1" 200 9322
190.171.144.234 - - [18/Aug/2022:14:35:44 -0300] "GET /cormun/servlet/trlicencias? HTTP/1.1" 200 9320
139.87.71.160 - - [18/Aug/2022:14:35:47 -0300] "GET /manager/html HTTP/1.1" 401 2474
190.171.144.234 - - [18/Aug/2022:14:35:52 -0300] "POST /cormun/servlet/trlicencias?70099aa8262b0f5dd400a693b60bcd94,,gx-no-cache=1660843306797 HTTP/1.1" 200 6891
190.171.143.106 - - [18/Aug/2022:14:35:53 -0300] "POST /cormun/servlet/acontrolpreferencessavestate?None,CG-22,true HTTP/1.1" 200 35
139.87.71.160 - - [18/Aug/2022:14:36:23 -0300] "GET /manager/html HTTP/1.1" 401 2474
139.87.71.160 - - [18/Aug/2022:14:38:54 -0300] "GET /manager/html HTTP/1.1" 401 2474
186.67.172.234 - - [18/Aug/2022:14:39:06 -0300] "POST /cormun/servlet/trlicencias?08b72ade828212ffaad8dd570f19ec51,,gx-no-cache=1660843499655 HTTP/1.1" 440 972
186.67.172.234 - - [18/Aug/2022:14:39:07 -0300] "GET /cormun/servlet/trlicencias? HTTP/1.1" 200 7502
186.67.172.234 - - [18/Aug/2022:14:39:07 -0300] "GET /cormun/servlet/hlogin HTTP/1.1" 200 1731
186.67.172.234 - - [18/Aug/2022:14:39:08 -0300] "GET /cormun/servlet/trlicencias? HTTP/1.1" 200 7504
186.67.172.234 - - [18/Aug/2022:14:39:13 -0300] "POST /cormun/servlet/hlogin?74e2ac95adddb31acc02e2af90d7d465,gx-no-cache=1660843507015 HTTP/1.1" 200 90
186.67.172.234 - - [18/Aug/2022:14:39:13 -0300] "GET /cormun/servlet/hpexe_link HTTP/1.1" 200 944
186.67.172.234 - - [18/Aug/2022:14:39:14 -0300] "GET /cormun/servlet/trlicencias HTTP/1.1" 200 14426
186.67.172.234 - - [18/Aug/2022:14:39:14 -0300] "GET /cormun/servlet/trlicencias HTTP/1.1" 200 14421
139.87.71.160 - - [18/Aug/2022:14:39:31 -0300] "GET /manager/html HTTP/1.1" 401 2474
139.87.71.160 - - [18/Aug/2022:14:40:06 -0300] "GET /manager/html HTTP/1.1" 401 2474
139.87.71.160 - - [18/Aug/2022:14:42:32 -0300] "GET /manager/html HTTP/1.1" 401 2474
139.87.71.160 - - [18/Aug/2022:14:43:49 -0300] "GET /manager/html HTTP/1.1" 401 2474
139.87.71.160 - - [18/Aug/2022:14:45:02 -0300] "GET /manager/html HTTP/1.1" 401 2474
139.87.71.160 - - [18/Aug/2022:14:45:36 -0300] "GET /manager/html HTTP/1.1" 401 2474
139.87.71.160 - - [18/Aug/2022:14:46:12 -0300] "GET /manager/html HTTP/1.1" 401 2474
139.87.71.160 - - [18/Aug/2022:14:47:31 -0300] "GET /manager/html HTTP/1.1" 401 2474
139.87.71.160 - - [18/Aug/2022:14:48:25 -0300] "GET /manager/html HTTP/1.1" 401 2474
185.7.214.117 - - [18/Aug/2022:14:48:40 -0300] "POST /cgi-bin/.%2e/.%2e/.%2e/.%2e/bin/sh HTTP/1.1" 400 -
139.87.71.160 - - [18/Aug/2022:14:49:55 -0300] "GET /manager/html HTTP/1.1" 401 2474
139.87.71.160 - - [18/Aug/2022:14:50:34 -0300] "GET /manager/html HTTP/1.1" 401 2474
139.87.71.160 - - [18/Aug/2022:14:51:16 -0300] "GET /manager/html HTTP/1.1" 401 2474
139.87.71.160 - - [18/Aug/2022:14:51:56 -0300] "GET /manager/html HTTP/1.1" 401 2474
139.87.71.160 - - [18/Aug/2022:14:52:33 -0300] "GET /manager/html HTTP/1.1" 401 2474
139.87.71.160 - - [18/Aug/2022:14:53:10 -0300] "GET /manager/html HTTP/1.1" 401 2474
139.87.71.160 - - [18/Aug/2022:14:53:48 -0300] "GET /manager/html HTTP/1.1" 401 2474
190.171.143.106 - - [18/Aug/2022:14:53:51 -0300] "GET /cormun/servlet/trpermisosgoce? HTTP/1.1" 200 6940
190.171.143.106 - - [18/Aug/2022:14:53:51 -0300] "GET /cormun/servlet/trpermisosgoce? HTTP/1.1" 200 6939
190.171.143.106 - - [18/Aug/2022:14:53:58 -0300] "GET /cormun/servlet/hlogin HTTP/1.1" 200 1731
190.171.143.106 - - [18/Aug/2022:14:54:01 -0300] "POST /cormun/servlet/hlogin?d73c2b849912a84ae5e587c26b991653,gx-no-cache=1660844394929 HTTP/1.1" 200 90
190.171.143.106 - - [18/Aug/2022:14:54:01 -0300] "GET /cormun/servlet/hpexe_link HTTP/1.1" 200 960
190.171.143.106 - - [18/Aug/2022:14:54:01 -0300] "GET /cormun/servlet/trpermisosgoce HTTP/1.1" 200 6941
190.171.143.106 - - [18/Aug/2022:14:54:02 -0300] "GET /cormun/servlet/trpermisosgoce HTTP/1.1" 200 6939
190.171.143.106 - - [18/Aug/2022:14:54:10 -0300] "POST /cormun/servlet/trpermisosgoce?d73c2b849912a84ae5e587c26b991653,gx-no-cache=1660844403473 HTTP/1.1" 200 5600
190.171.143.106 - - [18/Aug/2022:14:54:19 -0300] "POST /cormun/servlet/trpermisosgoce?d73c2b849912a84ae5e587c26b991653,gx-no-cache=1660844412786 HTTP/1.1" 200 5600
190.171.143.106 - - [18/Aug/2022:14:54:25 -0300] "POST /cormun/servlet/trpermisosgoce?d73c2b849912a84ae5e587c26b991653,gx-no-cache=1660844418792 HTTP/1.1" 200 5599
190.171.143.106 - - [18/Aug/2022:14:54:37 -0300] "GET /cormun/servlet/hlogin HTTP/1.1" 200 1731
190.171.143.106 - - [18/Aug/2022:14:54:42 -0300] "POST /cormun/servlet/hlogin?d73c2b849912a84ae5e587c26b991653,gx-no-cache=1660844435865 HTTP/1.1" 200 90
190.171.143.106 - - [18/Aug/2022:14:54:42 -0300] "GET /cormun/servlet/hpexe_link HTTP/1.1" 200 982
190.171.143.106 - - [18/Aug/2022:14:54:42 -0300] "GET /cormun/servlet/trpermisosgoce?gx-no-cache=1660844418792 HTTP/1.1" 200 8357
190.171.143.106 - - [18/Aug/2022:14:54:43 -0300] "GET /cormun/servlet/trpermisosgoce?gx-no-cache=1660844418792 HTTP/1.1" 200 8376
139.87.71.160 - - [18/Aug/2022:14:55:05 -0300] "GET /manager/html HTTP/1.1" 401 2474
139.87.71.160 - - [18/Aug/2022:14:55:37 -0300] "GET /manager/html HTTP/1.1" 401 2474
190.171.143.106 - - [18/Aug/2022:14:55:37 -0300] "POST /cormun/servlet/trpermisosgoce?d73c2b849912a84ae5e587c26b991653,gx-no-cache=1660844418792,gx-no-cache=1660844491035 HTTP/1.1" 200 5597
190.171.142.42 - - [18/Aug/2022:14:55:40 -0300] "GET /cormun/servlet/hlogin HTTP/1.1" 200 1740
190.171.142.42 - - [18/Aug/2022:14:55:48 -0300] "POST /cormun/servlet/hlogin?753d4553d70577a257e4a2f106e50a22,gx-no-cache=1660844498598 HTTP/1.1" 200 90
190.171.142.42 - - [18/Aug/2022:14:55:48 -0300] "GET /cormun/servlet/hpexe_link HTTP/1.1" 200 949
190.171.142.42 - - [18/Aug/2022:14:55:48 -0300] "GET /cormun/servlet/hhome HTTP/1.1" 200 4248
190.171.142.42 - - [18/Aug/2022:14:55:48 -0300] "GET /cormun/servlet/hhome HTTP/1.1" 200 4246
190.171.142.42 - - [18/Aug/2022:14:55:53 -0300] "GET /cormun/servlet/trlicencias? HTTP/1.1" 200 14174
190.171.142.42 - - [18/Aug/2022:14:55:54 -0300] "GET /cormun/servlet/trlicencias? HTTP/1.1" 200 14166
139.87.71.160 - - [18/Aug/2022:14:56:14 -0300] "GET /manager/html HTTP/1.1" 401 2474
139.87.71.160 - - [18/Aug/2022:14:56:55 -0300] "GET /manager/html HTTP/1.1" 401 2474
139.87.71.160 - - [18/Aug/2022:14:57:29 -0300] "GET /manager/html HTTP/1.1" 401 2474
139.87.71.160 - - [18/Aug/2022:14:58:06 -0300] "GET /manager/html HTTP/1.1" 401 2474
139.87.71.160 - - [18/Aug/2022:14:58:44 -0300] "GET /manager/html HTTP/1.1" 401 2474
139.87.71.160 - - [18/Aug/2022:14:59:21 -0300] "GET /manager/html HTTP/1.1" 401 2474
139.87.71.160 - - [18/Aug/2022:15:00:08 -0300] "GET /manager/html HTTP/1.1" 401 2474
185.180.143.80 - - [18/Aug/2022:15:00:48 -0300] "GET / HTTP/1.1" 200 11217
185.180.143.80 - - [18/Aug/2022:15:00:49 -0300] "GET / HTTP/1.1" 200 11217
139.87.71.160 - - [18/Aug/2022:15:01:11 -0300] "GET /manager/html HTTP/1.1" 401 2474
139.87.71.160 - - [18/Aug/2022:15:02:36 -0300] "GET /manager/html HTTP/1.1" 401 2474
139.87.71.160 - - [18/Aug/2022:15:03:50 -0300] "GET /manager/html HTTP/1.1" 401 2474
190.171.143.106 - - [18/Aug/2022:15:04:21 -0300] "GET /cormun/servlet/hlogin HTTP/1.1" 200 1731
190.171.143.106 - - [18/Aug/2022:15:04:24 -0300] "POST /cormun/servlet/hlogin?d73c2b849912a84ae5e587c26b991653,gx-no-cache=1660845017465 HTTP/1.1" 200 90
190.171.143.106 - - [18/Aug/2022:15:04:24 -0300] "GET /cormun/servlet/hpexe_link HTTP/1.1" 200 982
190.171.143.106 - - [18/Aug/2022:15:04:24 -0300] "GET /cormun/servlet/trpermisosgoce?gx-no-cache=1660844418792 HTTP/1.1" 200 8356
190.171.143.106 - - [18/Aug/2022:15:04:24 -0300] "GET /cormun/servlet/trpermisosgoce?gx-no-cache=1660844418792 HTTP/1.1" 200 8375
190.171.143.106 - - [18/Aug/2022:15:04:35 -0300] "GET /cormun/servlet/permisogoce?INS,0,,, HTTP/1.1" 200 6885
190.171.143.106 - - [18/Aug/2022:15:04:36 -0300] "GET /cormun/servlet/permisogoce?INS,0,,, HTTP/1.1" 200 6863
190.171.143.106 - - [18/Aug/2022:15:04:45 -0300] "GET /cormun/servlet/prfichaempleado?,MD,,gxPopupLevel%3D0%3B HTTP/1.1" 200 9299
190.171.143.106 - - [18/Aug/2022:15:04:52 -0300] "POST /cormun/servlet/acontrolpreferencessavestate?None,CG-22,true HTTP/1.1" 200 35
190.171.143.106 - - [18/Aug/2022:15:04:58 -0300] "POST /cormun/servlet/prfichaempleado?d73c2b849912a84ae5e587c26b991653,,MD,,gxPopupLevel%3D0%3B,gx-no-cache=1660845051612 HTTP/1.1" 200 4201
190.171.143.106 - - [18/Aug/2022:15:05:11 -0300] "POST /cormun/servlet/prfichaempleado?d73c2b849912a84ae5e587c26b991653,,MD,,gxPopupLevel%3D0%3B,gx-no-cache=1660845064481 HTTP/1.1" 200 3473
190.171.143.106 - - [18/Aug/2022:15:05:27 -0300] "POST /cormun/servlet/prfichaempleado?d73c2b849912a84ae5e587c26b991653,,MD,,gxPopupLevel%3D0%3B,gx-no-cache=1660845080928 HTTP/1.1" 200 4296
139.87.71.160 - - [18/Aug/2022:15:05:33 -0300] "GET /manager/html HTTP/1.1" 401 2474
181.212.43.89 - - [18/Aug/2022:15:05:42 -0300] "GET /cormun/servlet/hlogin HTTP/1.1" 200 1721
181.212.43.89 - - [18/Aug/2022:15:05:43 -0300] "GET /cormun/servlet/hlogin HTTP/1.1" 200 1731
181.212.43.89 - - [18/Aug/2022:15:05:48 -0300] "POST /cormun/servlet/hlogin?6ee131a2911cb6220a05dce9edaa0763,gx-no-cache=1660845101482 HTTP/1.1" 200 90
181.212.43.89 - - [18/Aug/2022:15:05:48 -0300] "GET /cormun/servlet/hpexe_link HTTP/1.1" 200 946
181.212.43.89 - - [18/Aug/2022:15:05:48 -0300] "GET /cormun/servlet/hhome HTTP/1.1" 200 3999
181.212.43.89 - - [18/Aug/2022:15:05:49 -0300] "GET /cormun/servlet/hhome HTTP/1.1" 200 3995
181.212.43.89 - - [18/Aug/2022:15:05:51 -0300] "GET /cormun/servlet/trlicencias? HTTP/1.1" 200 12650
181.212.43.89 - - [18/Aug/2022:15:05:52 -0300] "GET /cormun/servlet/trlicencias? HTTP/1.1" 200 12628
190.171.143.106 - - [18/Aug/2022:15:05:52 -0300] "POST /cormun/servlet/prfichaempleado?d73c2b849912a84ae5e587c26b991653,,MD,,gxPopupLevel%3D0%3B,gx-no-cache=1660845105905 HTTP/1.1" 200 4201
190.171.143.106 - - [18/Aug/2022:15:06:08 -0300] "GET /cormun/servlet/trpermisosgoce? HTTP/1.1" 200 8339
190.171.143.106 - - [18/Aug/2022:15:06:08 -0300] "GET /cormun/servlet/trpermisosgoce? HTTP/1.1" 200 8338
190.171.143.106 - - [18/Aug/2022:15:06:29 -0300] "POST /cormun/servlet/trpermisosgoce?d73c2b849912a84ae5e587c26b991653,,gx-no-cache=1660845142891 HTTP/1.1" 200 4203
139.87.71.160 - - [18/Aug/2022:15:06:35 -0300] "GET /manager/html HTTP/1.1" 401 2474
139.87.71.160 - - [18/Aug/2022:15:07:12 -0300] "GET /manager/html HTTP/1.1" 401 2474
190.171.141.90 - - [18/Aug/2022:15:07:26 -0300] "POST /cormun/servlet/trlicencias?5f23fe8dfdbf20b1306b3f75e6df9ff5,gx-no-cache=1660845196821 HTTP/1.1" 440 972
190.171.141.90 - - [18/Aug/2022:15:07:28 -0300] "GET /cormun/servlet/trlicencias HTTP/1.1" 200 7518
190.171.141.90 - - [18/Aug/2022:15:07:28 -0300] "GET /cormun/servlet/hlogin HTTP/1.1" 200 1745
190.171.141.90 - - [18/Aug/2022:15:07:28 -0300] "GET /cormun/servlet/trlicencias HTTP/1.1" 200 7518
190.171.141.90 - - [18/Aug/2022:15:07:28 -0300] "GET /cormun/servlet/trlicencias HTTP/1.1" 200 7517
139.87.71.160 - - [18/Aug/2022:15:07:53 -0300] "GET /manager/html HTTP/1.1" 401 2474
139.87.71.160 - - [18/Aug/2022:15:08:31 -0300] "GET /manager/html HTTP/1.1" 401 2474
139.87.71.160 - - [18/Aug/2022:15:09:49 -0300] "GET /manager/html HTTP/1.1" 401 2474
139.87.71.160 - - [18/Aug/2022:15:10:26 -0300] "GET /manager/html HTTP/1.1" 401 2474
190.171.149.74 - - [18/Aug/2022:15:10:48 -0300] "GET /cormun/servlet/hlogin HTTP/1.1" 200 1723
190.171.149.74 - - [18/Aug/2022:15:10:56 -0300] "POST /cormun/servlet/hlogin?a2fb0cd61a92d4cfd025faaccc71676e,gx-no-cache=1660845410130 HTTP/1.1" 200 90
190.171.149.74 - - [18/Aug/2022:15:10:56 -0300] "GET /cormun/servlet/hpexe_link HTTP/1.1" 200 947
190.171.149.74 - - [18/Aug/2022:15:10:56 -0300] "GET /cormun/servlet/hhome HTTP/1.1" 200 3973
190.171.149.74 - - [18/Aug/2022:15:10:57 -0300] "GET /cormun/servlet/hhome HTTP/1.1" 200 3969
190.171.149.74 - - [18/Aug/2022:15:10:59 -0300] "GET /cormun/servlet/trlicencias? HTTP/1.1" 200 12839
190.171.149.74 - - [18/Aug/2022:15:11:00 -0300] "GET /cormun/servlet/trlicencias? HTTP/1.1" 200 12829
139.87.71.160 - - [18/Aug/2022:15:11:01 -0300] "GET /manager/html HTTP/1.1" 401 2474
139.87.71.160 - - [18/Aug/2022:15:11:38 -0300] "GET /manager/html HTTP/1.1" 401 2474
139.87.71.160 - - [18/Aug/2022:15:12:19 -0300] "GET /manager/html HTTP/1.1" 401 2474
139.87.71.160 - - [18/Aug/2022:15:12:52 -0300] "GET /manager/html HTTP/1.1" 401 2474
139.87.71.160 - - [18/Aug/2022:15:14:15 -0300] "GET /manager/html HTTP/1.1" 401 2474
139.87.71.160 - - [18/Aug/2022:15:14:50 -0300] "GET /manager/html HTTP/1.1" 401 2474
190.171.143.106 - - [18/Aug/2022:15:17:07 -0300] "GET /cormun/servlet/hlogin HTTP/1.1" 200 1731
190.171.143.106 - - [18/Aug/2022:15:17:09 -0300] "POST /cormun/servlet/hlogin?d73c2b849912a84ae5e587c26b991653,gx-no-cache=1660845783129 HTTP/1.1" 200 90
190.171.143.106 - - [18/Aug/2022:15:17:10 -0300] "GET /cormun/servlet/hpexe_link HTTP/1.1" 200 962
190.171.143.106 - - [18/Aug/2022:15:17:10 -0300] "GET /cormun/servlet/trpermisosgoce? HTTP/1.1" 200 6903
190.171.143.106 - - [18/Aug/2022:15:17:10 -0300] "GET /cormun/servlet/trpermisosgoce? HTTP/1.1" 200 6901
190.171.143.106 - - [18/Aug/2022:15:17:13 -0300] "POST /cormun/servlet/trpermisosgoce?d73c2b849912a84ae5e587c26b991653,,gx-no-cache=1660845786908 HTTP/1.1" 200 4205
139.87.71.160 - - [18/Aug/2022:15:17:16 -0300] "GET /manager/html HTTP/1.1" 401 2474
190.171.143.106 - - [18/Aug/2022:15:17:17 -0300] "POST /cormun/servlet/trpermisosgoce?d73c2b849912a84ae5e587c26b991653,,gx-no-cache=1660845791089 HTTP/1.1" 200 5598
190.171.143.106 - - [18/Aug/2022:15:17:43 -0300] "GET /cormun/servlet/permisogoce?INS,0,,, HTTP/1.1" 200 6845
190.171.143.106 - - [18/Aug/2022:15:17:44 -0300] "GET /cormun/servlet/permisogoce?INS,0,,, HTTP/1.1" 200 6845
190.171.143.106 - - [18/Aug/2022:15:17:48 -0300] "GET /cormun/servlet/prfichaempleado?,MD,,gxPopupLevel%3D0%3B HTTP/1.1" 200 9281
139.87.71.160 - - [18/Aug/2022:15:17:51 -0300] "GET /manager/html HTTP/1.1" 401 2474
190.171.143.82 - - [18/Aug/2022:15:17:54 -0300] "POST /cormun/servlet/trpermisosgoce?1954a5faf1a15fae0be9e6d20e0b2795,,gx-no-cache=1660845828243 HTTP/1.1" 440 972
190.171.143.82 - - [18/Aug/2022:15:17:58 -0300] "GET /cormun/servlet/trpermisosgoce? HTTP/1.1" 200 6030
190.171.143.82 - - [18/Aug/2022:15:17:59 -0300] "GET /cormun/servlet/hlogin HTTP/1.1" 200 1746
190.171.143.82 - - [18/Aug/2022:15:18:00 -0300] "GET /cormun/servlet/trpermisosgoce? HTTP/1.1" 200 6030
190.171.143.82 - - [18/Aug/2022:15:18:02 -0300] "POST /cormun/servlet/hlogin?14dec72eb0d04c9c37d835d65d6e55a8,gx-no-cache=1660845836615 HTTP/1.1" 200 90
190.171.143.82 - - [18/Aug/2022:15:18:02 -0300] "GET /cormun/servlet/hpexe_link HTTP/1.1" 200 960
190.171.143.82 - - [18/Aug/2022:15:18:03 -0300] "GET /cormun/servlet/trpermisosgoce HTTP/1.1" 200 13025
190.171.143.82 - - [18/Aug/2022:15:18:04 -0300] "GET /cormun/servlet/trpermisosgoce HTTP/1.1" 200 13017
190.171.143.82 - - [18/Aug/2022:15:18:17 -0300] "POST /cormun/servlet/trpermisosgoce?14dec72eb0d04c9c37d835d65d6e55a8,gx-no-cache=1660845851355 HTTP/1.1" 200 9933
190.171.143.82 - - [18/Aug/2022:15:18:20 -0300] "GET /cormun/servlet/permisogoce?INS,0,,, HTTP/1.1" 200 7250
190.171.143.82 - - [18/Aug/2022:15:18:21 -0300] "GET /cormun/servlet/permisogoce?INS,0,,, HTTP/1.1" 200 7250
190.171.143.82 - - [18/Aug/2022:15:18:35 -0300] "GET /cormun/servlet/permisogoce?86145430d056c1be7cfa273a1bb887d46a035b1fe6ab4eb4dc72f6bd9feddb38074cd13b43c3f7101298e19ffb06c0b4e92e664b865bce37bed70569829ed1dc,gx-no-cache=1660845869558 HTTP/1.1" 200 83
190.171.143.82 - - [18/Aug/2022:15:18:35 -0300] "GET /cormun/static/menuarrow.gif HTTP/1.1" 404 1015
190.171.143.82 - - [18/Aug/2022:15:18:44 -0300] "GET /cormun/servlet/permisogoce?86145430d056c1be7cfa273a1bb887d4d9a63382db57073045894a11892a2d0f9dca505b7dd8af95091fa82e288e4c261ad9df6bdc9fa3882d952b3869c0187e,gx-no-cache=1660845878997 HTTP/1.1" 200 47
190.171.143.82 - - [18/Aug/2022:15:18:53 -0300] "POST /cormun/servlet/permisogoce?14dec72eb0d04c9c37d835d65d6e55a8,INS,0,,,,gx-no-cache=1660845887246 HTTP/1.1" 200 93
190.171.143.82 - - [18/Aug/2022:15:18:53 -0300] "GET /cormun/servlet/hpexe_return? HTTP/1.1" 200 1034
190.171.143.82 - - [18/Aug/2022:15:18:54 -0300] "GET /cormun/servlet/trpermisosgoce?gx-no-cache=1660845851355 HTTP/1.1" 200 13231
190.171.143.82 - - [18/Aug/2022:15:18:55 -0300] "GET /cormun/servlet/trpermisosgoce?gx-no-cache=1660845851355 HTTP/1.1" 200 13248
190.171.143.82 - - [18/Aug/2022:15:19:33 -0300] "POST /cormun/servlet/trpermisosgoce?14dec72eb0d04c9c37d835d65d6e55a8,gx-no-cache=1660845851355,gx-no-cache=1660845927679 HTTP/1.1" 200 10143
139.87.71.160 - - [18/Aug/2022:15:19:41 -0300] "GET /manager/html HTTP/1.1" 401 2474
190.171.143.82 - - [18/Aug/2022:15:20:04 -0300] "GET /cormun/servlet/apermisogoceprn?13718866,P,20220818140116,PU HTTP/1.1" 200 1655
139.87.71.160 - - [18/Aug/2022:15:20:22 -0300] "GET /manager/html HTTP/1.1" 401 2474
181.161.3.185 - - [18/Aug/2022:15:20:22 -0300] "GET /cormun/servlet/hlogin HTTP/1.1" 200 1730
181.161.3.185 - - [18/Aug/2022:15:20:23 -0300] "GET /cormun/static/gxgral.js?85251 HTTP/1.1" 200 384558
181.161.3.185 - - [18/Aug/2022:15:20:23 -0300] "GET /cormun/servlet/hlogin HTTP/1.1" 200 1739
181.161.3.185 - - [18/Aug/2022:15:20:26 -0300] "POST /cormun/servlet/hlogin?bf63a7c1256e20a7d0652e051f47e974,gx-no-cache=1660845978949 HTTP/1.1" 200 90
181.161.3.185 - - [18/Aug/2022:15:20:26 -0300] "GET /cormun/servlet/hpexe_link HTTP/1.1" 200 955
181.161.3.185 - - [18/Aug/2022:15:20:27 -0300] "GET /cormun/servlet/hhome HTTP/1.1" 200 3976
181.161.3.185 - - [18/Aug/2022:15:20:27 -0300] "GET /cormun/static/Shared/ext/ext-all.js HTTP/1.1" 200 1289687
181.161.3.185 - - [18/Aug/2022:15:20:27 -0300] "GET /cormun/servlet/hhome HTTP/1.1" 200 3972
190.171.149.90 - - [18/Aug/2022:15:20:29 -0300] "GET /cormun/servlet/hlogin HTTP/1.1" 200 1722
190.171.149.90 - - [18/Aug/2022:15:20:29 -0300] "GET /cormun/servlet/hlogin HTTP/1.1" 200 1733
190.171.149.90 - - [18/Aug/2022:15:20:44 -0300] "POST /cormun/servlet/hlogin?f5e6fd46b8aa20534bfd683c485f0838,gx-no-cache=1660845996492 HTTP/1.1" 200 90
190.171.149.90 - - [18/Aug/2022:15:20:44 -0300] "GET /cormun/servlet/hpexe_link HTTP/1.1" 200 950
190.171.149.90 - - [18/Aug/2022:15:20:44 -0300] "GET /cormun/servlet/hhome HTTP/1.1" 200 3944
190.171.149.90 - - [18/Aug/2022:15:20:45 -0300] "GET /cormun/servlet/hhome HTTP/1.1" 200 3940
190.171.149.90 - - [18/Aug/2022:15:20:49 -0300] "GET /cormun/servlet/trpermisosgoce? HTTP/1.1" 200 11475
190.171.149.90 - - [18/Aug/2022:15:20:49 -0300] "GET /cormun/servlet/trpermisosgoce? HTTP/1.1" 200 11475
139.87.71.160 - - [18/Aug/2022:15:20:59 -0300] "GET /manager/html HTTP/1.1" 401 2474
190.171.143.106 - - [18/Aug/2022:15:22:33 -0300] "GET /cormun/servlet/hlogin HTTP/1.1" 200 1731
190.171.143.82 - - [18/Aug/2022:15:22:35 -0300] "POST /cormun/servlet/trpermisosgoce?14dec72eb0d04c9c37d835d65d6e55a8,gx-no-cache=1660845851355,gx-no-cache=1660846109419 HTTP/1.1" 200 10142
190.171.143.106 - - [18/Aug/2022:15:22:37 -0300] "POST /cormun/servlet/hlogin?d73c2b849912a84ae5e587c26b991653,gx-no-cache=1660846110144 HTTP/1.1" 200 90
190.171.143.106 - - [18/Aug/2022:15:22:37 -0300] "GET /cormun/servlet/hpexe_link HTTP/1.1" 200 967
190.171.143.82 - - [18/Aug/2022:15:22:37 -0300] "POST /cormun/servlet/trpermisosgoce?14dec72eb0d04c9c37d835d65d6e55a8,gx-no-cache=1660845851355,gx-no-cache=1660846110945 HTTP/1.1" 200 10142
190.171.143.106 - - [18/Aug/2022:15:22:37 -0300] "GET /cormun/servlet/prfichaempleado?,MD, HTTP/1.1" 200 9273
139.87.71.160 - - [18/Aug/2022:15:22:51 -0300] "GET /manager/html HTTP/1.1" 401 2474
190.171.143.106 - - [18/Aug/2022:15:22:53 -0300] "GET /cormun/servlet/hlogin HTTP/1.1" 200 1731
190.171.143.106 - - [18/Aug/2022:15:22:57 -0300] "POST /cormun/servlet/hlogin?d73c2b849912a84ae5e587c26b991653,gx-no-cache=1660846130457 HTTP/1.1" 200 90
190.171.143.106 - - [18/Aug/2022:15:22:57 -0300] "GET /cormun/servlet/hpexe_link HTTP/1.1" 200 967
190.171.143.106 - - [18/Aug/2022:15:22:57 -0300] "GET /cormun/servlet/prfichaempleado?,MD, HTTP/1.1" 200 9273
190.171.143.106 - - [18/Aug/2022:15:23:02 -0300] "GET /cormun/servlet/hlogin HTTP/1.1" 200 1731
190.171.143.106 - - [18/Aug/2022:15:23:06 -0300] "GET /cormun/servlet/hlogin HTTP/1.1" 200 1731
190.171.143.106 - - [18/Aug/2022:15:23:10 -0300] "POST /cormun/servlet/hlogin?d73c2b849912a84ae5e587c26b991653,gx-no-cache=1660846143848 HTTP/1.1" 200 90
190.171.143.106 - - [18/Aug/2022:15:23:10 -0300] "GET /cormun/servlet/hpexe_link HTTP/1.1" 200 967
190.171.143.106 - - [18/Aug/2022:15:23:11 -0300] "GET /cormun/servlet/prfichaempleado?,MD, HTTP/1.1" 200 9273
190.171.143.106 - - [18/Aug/2022:15:23:20 -0300] "GET /cormun/servlet HTTP/1.1" 404 989
190.171.143.106 - - [18/Aug/2022:15:23:25 -0300] "GET /cormun/servlet/hlogin HTTP/1.1" 200 1731
190.171.143.106 - - [18/Aug/2022:15:23:28 -0300] "POST /cormun/servlet/hlogin?d73c2b849912a84ae5e587c26b991653,gx-no-cache=1660846161681 HTTP/1.1" 200 90
190.171.143.106 - - [18/Aug/2022:15:23:28 -0300] "GET /cormun/servlet/hpexe_link HTTP/1.1" 200 967
190.171.143.106 - - [18/Aug/2022:15:23:29 -0300] "GET /cormun/servlet/prfichaempleado?,MD, HTTP/1.1" 200 9273
139.87.71.160 - - [18/Aug/2022:15:23:36 -0300] "GET /manager/html HTTP/1.1" 401 2474
190.171.143.106 - - [18/Aug/2022:15:23:48 -0300] "GET /cormun/servlet/trpermisosgoce? HTTP/1.1" 200 6017
190.171.143.106 - - [18/Aug/2022:15:23:48 -0300] "GET /cormun/static/gxui/gxui-all.css?120300 HTTP/1.1" 200 2179
190.171.143.106 - - [18/Aug/2022:15:23:48 -0300] "GET /cormun/static/calendar-system.css?85620 HTTP/1.1" 200 5572
190.171.143.106 - - [18/Aug/2022:15:23:48 -0300] "GET /cormun/static/SmoothNavMenu/resources/ddsmoothmenu.css?1112540 HTTP/1.1" 200 2223
190.171.143.106 - - [18/Aug/2022:15:23:48 -0300] "GET /cormun/static/SmoothNavMenu/resources/ddsmoothmenu-v.css?1112540 HTTP/1.1" 200 1188
190.171.143.106 - - [18/Aug/2022:15:23:48 -0300] "GET /cormun/static/scaMessage/css/jquery.pnotify.default.css?1816380 HTTP/1.1" 200 1707
190.171.143.106 - - [18/Aug/2022:15:23:48 -0300] "GET /cormun/static/Shared/jqueryui/jquery-ui.min.css?1345370 HTTP/1.1" 200 30288
190.171.143.106 - - [18/Aug/2022:15:23:48 -0300] "GET /cormun/static/gxtimezone.js?85251 HTTP/1.1" 200 5781
190.171.143.106 - - [18/Aug/2022:15:23:48 -0300] "GET /cormun/static/Resources/Spanish/PXTools.css?14345360 HTTP/1.1" 200 100853
190.171.143.106 - - [18/Aug/2022:15:23:48 -0300] "GET /cormun/static/gxcfg.js?2020121631564 HTTP/1.1" 200 953
190.171.143.106 - - [18/Aug/2022:15:23:48 -0300] "GET /cormun/static/calendar.js?85251 HTTP/1.1" 200 26246
190.171.143.106 - - [18/Aug/2022:15:23:48 -0300] "GET /cormun/static/calendar-setup.js?85251 HTTP/1.1" 200 2588
190.171.143.106 - - [18/Aug/2022:15:23:48 -0300] "GET /cormun/static/calendar-es.js?85251 HTTP/1.1" 200 1901
190.171.143.106 - - [18/Aug/2022:15:23:48 -0300] "GET /cormun/static/RunJS/RunJS.js HTTP/1.1" 200 288
190.171.143.106 - - [18/Aug/2022:15:23:48 -0300] "GET /cormun/static/gxui/gxui-all.js HTTP/1.1" 200 107772
190.171.143.106 - - [18/Aug/2022:15:23:48 -0300] "GET /cormun/static/PXToolsJavascripts/pexe_autoreload.js HTTP/1.1" 200 1762
190.171.143.106 - - [18/Aug/2022:15:23:48 -0300] "GET /cormun/static/PXToolsJavascripts/pexe_cookies.js HTTP/1.1" 200 792
190.171.143.106 - - [18/Aug/2022:15:23:48 -0300] "GET /cormun/static/PXToolsJavascripts/pexe_windows.js HTTP/1.1" 200 15207
190.171.143.106 - - [18/Aug/2022:15:23:48 -0300] "GET /cormun/static/PXToolsJavascripts/pexe_grid.js HTTP/1.1" 200 7559
190.171.143.106 - - [18/Aug/2022:15:23:48 -0300] "GET /cormun/static/gxgral.js?85251 HTTP/1.1" 200 384558
190.171.143.106 - - [18/Aug/2022:15:23:48 -0300] "GET /cormun/static/Shared/ext/resources/css/ext-all.css?215870 HTTP/1.1" 200 416045
190.171.143.106 - - [18/Aug/2022:15:23:48 -0300] "GET /cormun/static/PXToolsJavascripts/pexe_griddivfix.js HTTP/1.1" 200 6644
190.171.143.106 - - [18/Aug/2022:15:23:48 -0300] "GET /cormun/static/PXToolsJavascripts/pexe_link.js HTTP/1.1" 200 5671
190.171.143.106 - - [18/Aug/2022:15:23:48 -0300] "GET /cormun/static/PXToolsJavascripts/pexe_menudivfix.js HTTP/1.1" 200 333
190.171.143.106 - - [18/Aug/2022:15:23:48 -0300] "GET /cormun/static/PXToolsJavascripts/pexe_oav.js HTTP/1.1" 200 645
190.171.143.106 - - [18/Aug/2022:15:23:48 -0300] "GET /cormun/static/PXToolsJavascripts/pexe_layers.js HTTP/1.1" 200 4114
190.171.143.106 - - [18/Aug/2022:15:23:48 -0300] "GET /cormun/static/PXToolsJavascripts/pexe_menus.js HTTP/1.1" 200 1286
190.171.143.106 - - [18/Aug/2022:15:23:48 -0300] "GET /cormun/static/PXToolsJavascripts/pexe_oavdivfix.js HTTP/1.1" 200 639
190.171.143.106 - - [18/Aug/2022:15:23:48 -0300] "GET /cormun/static/PXToolsJavascripts/pexe_picture.js HTTP/1.1" 200 689
190.171.143.106 - - [18/Aug/2022:15:23:48 -0300] "GET /cormun/static/PXToolsJavascripts/pexe_popup.js HTTP/1.1" 200 13458
190.171.143.106 - - [18/Aug/2022:15:23:48 -0300] "GET /cormun/static/PXToolsJavascripts/pexe_scrolldiv.js HTTP/1.1" 200 4138
190.171.143.106 - - [18/Aug/2022:15:23:48 -0300] "GET /cormun/static/PXToolsJavascripts/pexe_tabdivfix.js HTTP/1.1" 200 876
190.171.143.106 - - [18/Aug/2022:15:23:48 -0300] "GET /cormun/static/PXToolsJavascripts/pexe_tabs.js HTTP/1.1" 200 3748
190.171.143.106 - - [18/Aug/2022:15:23:48 -0300] "GET /cormun/static/PXToolsJavascripts/pexe_upload.js HTTP/1.1" 200 1423
190.171.143.106 - - [18/Aug/2022:15:23:48 -0300] "GET /cormun/static/PXToolsJavascripts/PXToolsJavascriptsRender.js HTTP/1.1" 200 367
190.171.143.106 - - [18/Aug/2022:15:23:49 -0300] "GET /cormun/static/Shared/ext/locale/ext-lang-en.js HTTP/1.1" 200 10940
190.171.143.106 - - [18/Aug/2022:15:23:49 -0300] "GET /cormun/static/messages.spa.js?85251 HTTP/1.1" 200 30736
190.171.143.106 - - [18/Aug/2022:15:23:49 -0300] "GET /cormun/static/gxdec.js?85251 HTTP/1.1" 200 19579
190.171.143.106 - - [18/Aug/2022:15:23:49 -0300] "GET /cormun/static/trpermisosgoce.js?2020121633681 HTTP/1.1" 200 35904
190.171.143.106 - - [18/Aug/2022:15:23:49 -0300] "GET /cormun/static/hwchdr01.js?20201214473739 HTTP/1.1" 200 996
190.171.143.106 - - [18/Aug/2022:15:23:49 -0300] "GET /cormun/static/hpexe_recentlink.js?20201214471090 HTTP/1.1" 200 2144
190.171.143.106 - - [18/Aug/2022:15:23:49 -0300] "GET /cormun/static/Shared/ext/ext-all.js HTTP/1.1" 200 1289687
190.171.143.106 - - [18/Aug/2022:15:23:49 -0300] "GET /cormun/static/hpexe_scripts.js?20201214471411 HTTP/1.1" 200 1544
190.171.143.106 - - [18/Aug/2022:15:23:49 -0300] "GET /cormun/static/hpexe_messagecontroller.js?201991422154126 HTTP/1.1" 200 870
190.171.143.106 - - [18/Aug/2022:15:23:49 -0300] "GET /cormun/static/hpexe_messagepopupcomponent.js?2020121447232 HTTP/1.1" 200 605
190.171.143.106 - - [18/Aug/2022:15:23:49 -0300] "GET /cormun/static/hpexe_messagegenexuscomponent.js?2020121447173 HTTP/1.1" 200 587
190.171.143.106 - - [18/Aug/2022:15:23:49 -0300] "GET /cormun/static/Shared/jquery/jquery-1.4.2.min.js HTTP/1.1" 200 72174
190.171.143.106 - - [18/Aug/2022:15:23:49 -0300] "GET /cormun/static/SmoothNavMenu/resources/ddsmoothmenu.js HTTP/1.1" 200 12712
190.171.143.106 - - [18/Aug/2022:15:23:49 -0300] "GET /cormun/static/SmoothNavMenu/resources/SmoothNavMenuRender.js HTTP/1.1" 200 5951
190.171.143.106 - - [18/Aug/2022:15:23:49 -0300] "GET /cormun/static/cmcontrolpreferences.js?20199141926336 HTTP/1.1" 200 1375
190.171.143.106 - - [18/Aug/2022:15:23:49 -0300] "GET /cormun/static/scaMessage/js/jquery.pnotify.min.js HTTP/1.1" 200 13038
190.171.143.106 - - [18/Aug/2022:15:23:49 -0300] "GET /cormun/static/scaMessage/scaMessageRender.js HTTP/1.1" 200 11977
190.171.143.106 - - [18/Aug/2022:15:23:49 -0300] "GET /cormun/static/hmpwkw03.js?20201215501896 HTTP/1.1" 200 3973
190.171.143.106 - - [18/Aug/2022:15:23:49 -0300] "GET /cormun/static/Resources/PXToolsDataTitle.png HTTP/1.1" 200 1173
190.171.143.106 - - [18/Aug/2022:15:23:49 -0300] "GET /cormun/static/Resources/ImgLogin.png HTTP/1.1" 200 1432
190.171.143.106 - - [18/Aug/2022:15:23:49 -0300] "GET /cormun/static/Resources/Llave.png HTTP/1.1" 200 1395
190.171.143.106 - - [18/Aug/2022:15:23:49 -0300] "GET /cormun/static/Resources/Logo2019_Small.png HTTP/1.1" 200 10855
190.171.143.106 - - [18/Aug/2022:15:23:49 -0300] "GET /cormun/static/Resources/PXToolsActionExcel.png HTTP/1.1" 200 727
190.171.143.106 - - [18/Aug/2022:15:23:49 -0300] "GET /cormun/static/Resources/ImgHome.png HTTP/1.1" 200 1364
190.171.143.106 - - [18/Aug/2022:15:23:49 -0300] "GET /cormun/static/Resources/PXToolsAddAllAction.png HTTP/1.1" 200 495
190.171.143.106 - - [18/Aug/2022:15:23:49 -0300] "GET /cormun/static/Resources/PXToolsGridLastDisabled.gif HTTP/1.1" 200 98
190.171.143.106 - - [18/Aug/2022:15:23:49 -0300] "GET /cormun/static/Resources/PXToolsGridNextDisabled.gif HTTP/1.1" 200 90
190.171.143.106 - - [18/Aug/2022:15:23:49 -0300] "GET /cormun/static/Resources/PXToolsGridFirstDisabled.gif HTTP/1.1" 200 100
190.171.143.106 - - [18/Aug/2022:15:23:49 -0300] "GET /cormun/static/Resources/PXToolsGridPreviousDisabled.gif HTTP/1.1" 200 90
190.171.143.106 - - [18/Aug/2022:15:23:49 -0300] "GET /cormun/static/Resources/PXToolsGridPage.gif HTTP/1.1" 200 725
190.171.143.106 - - [18/Aug/2022:15:23:49 -0300] "GET /cormun/static/Resources/PXToolsDataSearch.png HTTP/1.1" 200 435
190.171.143.106 - - [18/Aug/2022:15:23:49 -0300] "GET /cormun/static/Resources/PXTools/calendar.png HTTP/1.1" 200 1306
190.171.143.106 - - [18/Aug/2022:15:23:49 -0300] "GET /cormun/static/Shared/jqueryui/jquery-ui.min.js HTTP/1.1" 200 240427
190.171.143.106 - - [18/Aug/2022:15:23:49 -0300] "GET /cormun/static/Shared/jquery/jquery-1.10.2.min.js HTTP/1.1" 200 273199
190.171.143.106 - - [18/Aug/2022:15:23:49 -0300] "GET /cormun/static/Resources/indicator.gif HTTP/1.1" 200 1553
190.171.143.106 - - [18/Aug/2022:15:23:49 -0300] "GET /cormun/static/Resources/desc.gif HTTP/1.1" 200 65
190.171.143.106 - - [18/Aug/2022:15:23:49 -0300] "GET /cormun/static/Resources/asc.gif HTTP/1.1" 200 67
190.171.143.106 - - [18/Aug/2022:15:23:49 -0300] "GET /cormun/servlet/hlogin HTTP/1.1" 200 1741
190.171.143.106 - - [18/Aug/2022:15:23:49 -0300] "GET /cormun/static/Shared/ext/resources/themes/images/default/tools/tool-sprites.gif HTTP/1.1" 200 5434
190.171.143.106 - - [18/Aug/2022:15:23:49 -0300] "GET /cormun/static/Shared/ext/resources/themes/images/default/panel/bg-headersPanel.png HTTP/1.1" 200 255
190.171.143.106 - - [18/Aug/2022:15:23:49 -0300] "GET /cormun/static/gxcfg.js?201910216285969 HTTP/1.1" 200 953
190.171.143.106 - - [18/Aug/2022:15:23:49 -0300] "GET /cormun/static/Resources/Spanish/PXTools.css?2294816 HTTP/1.1" 200 100853
190.171.143.106 - - [18/Aug/2022:15:23:49 -0300] "GET /cormun/static/hlogin.js?201910216285995 HTTP/1.1" 200 2136
190.171.143.106 - - [18/Aug/2022:15:23:49 -0300] "GET /cormun/static/Resources/Logo2019_Grande.png HTTP/1.1" 200 31733
190.171.143.106 - - [18/Aug/2022:15:23:49 -0300] "GET /cormun/static/Resources/PXToolsLoginBackground.png HTTP/1.1" 200 1164
190.171.143.106 - - [18/Aug/2022:15:23:49 -0300] "GET /cormun/static/Resources/PXToolsButtonLeft.png HTTP/1.1" 200 1310
190.171.143.106 - - [18/Aug/2022:15:23:49 -0300] "GET /cormun/static/Resources/PXToolsButtonRight.png HTTP/1.1" 200 1294
190.171.143.106 - - [18/Aug/2022:15:23:49 -0300] "GET /cormun/static/Resources/PXToolsLoginTop.png HTTP/1.1" 200 1337
190.171.143.106 - - [18/Aug/2022:15:23:49 -0300] "GET /cormun/static/Resources/PXToolsButtonBackground.png HTTP/1.1" 200 1176
190.171.143.106 - - [18/Aug/2022:15:23:49 -0300] "GET /cormun/static/Resources/PXToolsLoginBottom.png HTTP/1.1" 200 1389
190.171.143.106 - - [18/Aug/2022:15:23:49 -0300] "GET /favicon.ico HTTP/1.1" 200 21630
190.171.143.106 - - [18/Aug/2022:15:23:49 -0300] "GET /cormun/servlet/trpermisosgoce? HTTP/1.1" 200 6027
190.171.143.106 - - [18/Aug/2022:15:23:49 -0300] "GET /cormun/servlet/trpermisosgoce? HTTP/1.1" 200 6027
190.171.143.106 - - [18/Aug/2022:15:23:52 -0300] "POST /cormun/servlet/hlogin?72722abad6b5eb80859e5d31b6b697e7,gx-no-cache=1660846185440 HTTP/1.1" 200 90
190.171.143.106 - - [18/Aug/2022:15:23:52 -0300] "GET /cormun/servlet/hpexe_link HTTP/1.1" 200 956
190.171.143.106 - - [18/Aug/2022:15:23:52 -0300] "GET /cormun/static/hpexe_link.js?201991422392963 HTTP/1.1" 200 625
190.171.143.106 - - [18/Aug/2022:15:23:52 -0300] "GET /cormun/static/gxcfg.js?201991422392958 HTTP/1.1" 200 953
190.171.143.106 - - [18/Aug/2022:15:23:52 -0300] "GET /cormun/servlet/trpermisosgoce HTTP/1.1" 200 8914
190.171.143.106 - - [18/Aug/2022:15:23:52 -0300] "GET /cormun//static/Resources/PXToolsActionDisabled.gif HTTP/1.1" 200 53
190.171.143.106 - - [18/Aug/2022:15:23:52 -0300] "GET /cormun//static/Resources/PXTools/ActionInsert.png HTTP/1.1" 200 1482
190.171.143.106 - - [18/Aug/2022:15:23:52 -0300] "GET /cormun//static/Resources/PXToolsGridDisplay.png HTTP/1.1" 200 525
190.171.143.106 - - [18/Aug/2022:15:23:52 -0300] "GET /cormun//static/Resources/PXToolsActionPrint.png HTTP/1.1" 200 404
190.171.143.106 - - [18/Aug/2022:15:23:52 -0300] "GET /cormun//static/Resources/PXToolsHeaderHelp.png HTTP/1.1" 200 1333
190.171.143.106 - - [18/Aug/2022:15:23:52 -0300] "GET /cormun//static/Resources/PXToolsGridDelete.png HTTP/1.1" 200 538
190.171.143.106 - - [18/Aug/2022:15:23:52 -0300] "GET /cormun//static/Resources/PXToolsHeaderFavorites.png HTTP/1.1" 200 1414
190.171.143.106 - - [18/Aug/2022:15:23:52 -0300] "GET /cormun//static/Resources/PXToolsGridUpdate.png HTTP/1.1" 200 470
190.171.143.106 - - [18/Aug/2022:15:23:52 -0300] "GET /cormun/static/SmoothNavMenu/resources/images/down.gif HTTP/1.1" 200 854
190.171.143.106 - - [18/Aug/2022:15:23:52 -0300] "GET /cormun/servlet/trpermisosgoce HTTP/1.1" 200 8912
190.171.143.106 - - [18/Aug/2022:15:24:03 -0300] "GET /cormun/servlet/trpermisosgoce? HTTP/1.1" 200 8912
190.171.143.106 - - [18/Aug/2022:15:24:04 -0300] "GET /cormun/servlet/trpermisosgoce? HTTP/1.1" 200 8912
190.171.143.106 - - [18/Aug/2022:15:24:26 -0300] "POST /cormun/servlet/trpermisosgoce?72722abad6b5eb80859e5d31b6b697e7,,gx-no-cache=1660846220041 HTTP/1.1" 200 3931
139.87.71.160 - - [18/Aug/2022:15:24:32 -0300] "GET /manager/html HTTP/1.1" 401 2474
186.11.82.13 - - [18/Aug/2022:15:25:13 -0300] "GET /cormun/servlet/hlogin HTTP/1.1" 200 1725
186.11.82.13 - - [18/Aug/2022:15:25:13 -0300] "GET /cormun/static/gxtimezone.js?85251 HTTP/1.1" 200 5781
186.11.82.13 - - [18/Aug/2022:15:25:13 -0300] "GET /cormun/static/hlogin.js?201910216285995 HTTP/1.1" 200 2136
186.11.82.13 - - [18/Aug/2022:15:25:13 -0300] "GET /cormun/static/gxcfg.js?201910216285969 HTTP/1.1" 200 953
186.11.82.13 - - [18/Aug/2022:15:25:14 -0300] "GET /cormun/static/messages.spa.js?85251 HTTP/1.1" 200 30736
186.11.82.13 - - [18/Aug/2022:15:25:14 -0300] "GET /cormun/static/Resources/Spanish/PXTools.css?2294816 HTTP/1.1" 200 100853
186.11.82.13 - - [18/Aug/2022:15:25:14 -0300] "GET /cormun/static/gxgral.js?85251 HTTP/1.1" 200 384558
186.11.82.13 - - [18/Aug/2022:15:25:14 -0300] "GET /cormun/static/Resources/Logo2019_Grande.png HTTP/1.1" 200 31733
186.11.82.13 - - [18/Aug/2022:15:25:14 -0300] "GET /cormun/static/Resources/PXToolsLoginTop.png HTTP/1.1" 200 1337
186.11.82.13 - - [18/Aug/2022:15:25:14 -0300] "GET /cormun/static/Resources/PXToolsLoginBackground.png HTTP/1.1" 200 1164
186.11.82.13 - - [18/Aug/2022:15:25:14 -0300] "GET /cormun/static/Resources/PXToolsButtonLeft.png HTTP/1.1" 200 1310
186.11.82.13 - - [18/Aug/2022:15:25:14 -0300] "GET /cormun/static/Resources/PXToolsButtonRight.png HTTP/1.1" 200 1294
186.11.82.13 - - [18/Aug/2022:15:25:14 -0300] "GET /cormun/static/Resources/PXToolsButtonBackground.png HTTP/1.1" 200 1176
186.11.82.13 - - [18/Aug/2022:15:25:14 -0300] "GET /cormun/static/Resources/PXToolsLoginBottom.png HTTP/1.1" 200 1389
186.11.82.13 - - [18/Aug/2022:15:25:14 -0300] "GET /cormun/static/Resources/indicator.gif HTTP/1.1" 200 1553
186.11.82.13 - - [18/Aug/2022:15:25:14 -0300] "GET /cormun/servlet/hlogin HTTP/1.1" 200 1735
190.171.143.106 - - [18/Aug/2022:15:25:14 -0300] "GET /cormun/servlet/trpermisosgoce? HTTP/1.1" 200 6697
190.171.143.106 - - [18/Aug/2022:15:25:15 -0300] "GET /cormun/servlet/trpermisosgoce? HTTP/1.1" 200 6697
190.171.143.106 - - [18/Aug/2022:15:25:24 -0300] "POST /cormun/servlet/trpermisosgoce?72722abad6b5eb80859e5d31b6b697e7,,gx-no-cache=1660846277673 HTTP/1.1" 200 3930
190.171.149.90 - - [18/Aug/2022:15:25:32 -0300] "GET /cormun/servlet/permisogoce?INS,0,,, HTTP/1.1" 200 6809
190.171.149.90 - - [18/Aug/2022:15:25:32 -0300] "GET /cormun/servlet/permisogoce?INS,0,,, HTTP/1.1" 200 6809
139.87.71.160 - - [18/Aug/2022:15:25:34 -0300] "GET /manager/html HTTP/1.1" 401 2474
190.171.143.106 - - [18/Aug/2022:15:25:35 -0300] "GET /cormun/servlet/hlogin HTTP/1.1" 200 1731
190.171.149.90 - - [18/Aug/2022:15:25:37 -0300] "GET /cormun/servlet/permisogoce?7e7cb939f451a216f92bcc41b57499edfd93cecea34060005a39adffbdc62a91ba9569a3626f29cb560b9606d47bc2b03c3cc1061ec2baecc9d171c1872edd85,gx-no-cache=1660846289227 HTTP/1.1" 200 226
190.171.149.90 - - [18/Aug/2022:15:25:37 -0300] "GET /cormun/static/Shared/jqueryui/images/ui-icons_82798d_256x240.png HTTP/1.1" 404 1089
190.171.149.90 - - [18/Aug/2022:15:25:37 -0300] "GET /cormun/static/Shared/jqueryui/images/ui-bg_highlight-soft_100_c6c2c8_1x100.png HTTP/1.1" 404 1117
190.171.149.90 - - [18/Aug/2022:15:25:37 -0300] "GET /cormun/static/Shared/jqueryui/images/ui-bg_flat_55_994d53_40x100.png HTTP/1.1" 404 1097
190.171.149.90 - - [18/Aug/2022:15:25:37 -0300] "GET /cormun/static/Shared/jqueryui/images/ui-icons_ebccce_256x240.png HTTP/1.1" 404 1089
190.171.143.106 - - [18/Aug/2022:15:25:38 -0300] "POST /cormun/servlet/hlogin?d73c2b849912a84ae5e587c26b991653,gx-no-cache=1660846291193 HTTP/1.1" 200 90
190.171.143.106 - - [18/Aug/2022:15:25:38 -0300] "GET /cormun/servlet/hpexe_link HTTP/1.1" 200 967
190.171.143.106 - - [18/Aug/2022:15:25:38 -0300] "GET /cormun/servlet/prfichaempleado?,MD, HTTP/1.1" 200 9273
190.171.149.90 - - [18/Aug/2022:15:25:46 -0300] "POST /cormun/servlet/permisogoce?f5e6fd46b8aa20534bfd683c485f0838,INS,0,,,,gx-no-cache=1660846297827 HTTP/1.1" 200 93
190.171.149.90 - - [18/Aug/2022:15:25:46 -0300] "GET /cormun/servlet/hpexe_return? HTTP/1.1" 200 1008
190.171.149.90 - - [18/Aug/2022:15:25:46 -0300] "GET /cormun/servlet/trpermisosgoce HTTP/1.1" 200 11477
190.171.149.90 - - [18/Aug/2022:15:25:46 -0300] "GET /cormun/servlet/trpermisosgoce HTTP/1.1" 200 11473
190.171.143.106 - - [18/Aug/2022:15:25:54 -0300] "GET /cormun/servlet/hlogin HTTP/1.1" 200 1731
190.171.143.106 - - [18/Aug/2022:15:25:58 -0300] "POST /cormun/servlet/hlogin?d73c2b849912a84ae5e587c26b991653,gx-no-cache=1660846311625 HTTP/1.1" 200 90
190.171.143.106 - - [18/Aug/2022:15:25:58 -0300] "GET /cormun/servlet/hpexe_link HTTP/1.1" 200 967
190.171.143.106 - - [18/Aug/2022:15:25:59 -0300] "GET /cormun/servlet/prfichaempleado?,MD, HTTP/1.1" 200 9273
139.87.71.160 - - [18/Aug/2022:15:26:56 -0300] "GET /manager/html HTTP/1.1" 401 2474
139.87.71.160 - - [18/Aug/2022:15:27:32 -0300] "GET /manager/html HTTP/1.1" 401 2474
190.171.143.106 - - [18/Aug/2022:15:28:02 -0300] "GET /cormun/servlet/hlogin HTTP/1.1" 200 1727
190.171.143.106 - - [18/Aug/2022:15:28:05 -0300] "POST /cormun/servlet/hlogin?36a9e0238524614054b47d7aec4a0134,gx-no-cache=1660846438190 HTTP/1.1" 200 90
190.171.143.106 - - [18/Aug/2022:15:28:05 -0300] "GET /cormun/servlet/hpexe_link HTTP/1.1" 200 955
190.171.143.106 - - [18/Aug/2022:15:28:05 -0300] "GET /cormun/servlet/hhome HTTP/1.1" 200 3976
190.171.143.106 - - [18/Aug/2022:15:28:05 -0300] "GET /cormun/servlet/hhome HTTP/1.1" 200 3972
139.87.71.160 - - [18/Aug/2022:15:28:47 -0300] "GET /manager/html HTTP/1.1" 401 2474
139.87.71.160 - - [18/Aug/2022:15:29:25 -0300] "GET /manager/html HTTP/1.1" 401 2474
139.87.71.160 - - [18/Aug/2022:15:30:07 -0300] "GET /manager/html HTTP/1.1" 401 2474
139.87.71.160 - - [18/Aug/2022:15:31:27 -0300] "GET /manager/html HTTP/1.1" 401 2474
139.87.71.160 - - [18/Aug/2022:15:32:03 -0300] "GET /manager/html HTTP/1.1" 401 2474
139.87.71.160 - - [18/Aug/2022:15:33:21 -0300] "GET /manager/html HTTP/1.1" 401 2474
200.54.103.162 - - [18/Aug/2022:15:33:59 -0300] "GET /cormun/servlet/hlogin HTTP/1.1" 200 1724
139.87.71.160 - - [18/Aug/2022:15:34:01 -0300] "GET /manager/html HTTP/1.1" 401 2474
200.54.103.162 - - [18/Aug/2022:15:34:07 -0300] "POST /cormun/servlet/hlogin?3022d286a4395b9b6275a8d8eea96ce9,gx-no-cache=1660846800955 HTTP/1.1" 200 90
200.54.103.162 - - [18/Aug/2022:15:34:07 -0300] "GET /cormun/servlet/hpexe_link HTTP/1.1" 200 949
200.54.103.162 - - [18/Aug/2022:15:34:08 -0300] "GET /cormun/servlet/hhome HTTP/1.1" 200 4336
200.54.103.162 - - [18/Aug/2022:15:34:08 -0300] "GET /cormun/servlet/hhome HTTP/1.1" 200 4332
200.54.103.162 - - [18/Aug/2022:15:34:10 -0300] "GET /cormun/servlet/trlicencias? HTTP/1.1" 200 12063
200.54.103.162 - - [18/Aug/2022:15:34:11 -0300] "GET /cormun/servlet/trlicencias? HTTP/1.1" 200 12062
139.87.71.160 - - [18/Aug/2022:15:34:39 -0300] "GET /manager/html HTTP/1.1" 401 2474
190.171.143.106 - - [18/Aug/2022:15:34:43 -0300] "GET /cormun/servlet/trpermisosgoce? HTTP/1.1" 200 9046
190.171.143.106 - - [18/Aug/2022:15:34:43 -0300] "GET /cormun/servlet/trpermisosgoce? HTTP/1.1" 200 9044
139.87.71.160 - - [18/Aug/2022:15:35:20 -0300] "GET /manager/html HTTP/1.1" 401 2474
139.87.71.160 - - [18/Aug/2022:15:35:56 -0300] "GET /manager/html HTTP/1.1" 401 2474
139.87.71.160 - - [18/Aug/2022:15:36:30 -0300] "GET /manager/html HTTP/1.1" 401 2474
185.7.214.117 - - [18/Aug/2022:15:36:59 -0300] "GET / HTTP/1.1" 200 11217
139.87.71.160 - - [18/Aug/2022:15:37:52 -0300] "GET /manager/html HTTP/1.1" 401 2474
139.87.71.160 - - [18/Aug/2022:15:38:39 -0300] "GET /manager/html HTTP/1.1" 401 2474
139.87.71.160 - - [18/Aug/2022:15:39:58 -0300] "GET /manager/html HTTP/1.1" 401 2474
139.87.71.160 - - [18/Aug/2022:15:40:35 -0300] "GET /manager/html HTTP/1.1" 401 2474
139.87.71.160 - - [18/Aug/2022:15:41:10 -0300] "GET /manager/html HTTP/1.1" 401 2474
139.87.71.160 - - [18/Aug/2022:15:41:52 -0300] "GET /manager/html HTTP/1.1" 401 2474
139.87.71.160 - - [18/Aug/2022:15:42:30 -0300] "GET /manager/html HTTP/1.1" 401 2474
139.87.71.160 - - [18/Aug/2022:15:43:03 -0300] "GET /manager/html HTTP/1.1" 401 2474
190.171.143.82 - - [18/Aug/2022:15:43:45 -0300] "POST /cormun/servlet/trpermisosgoce?14dec72eb0d04c9c37d835d65d6e55a8,gx-no-cache=1660845851355,gx-no-cache=1660847378580 HTTP/1.1" 200 10141
139.87.71.160 - - [18/Aug/2022:15:48:40 -0300] "GET /manager/html HTTP/1.1" 401 2474
190.171.143.106 - - [18/Aug/2022:15:49:09 -0300] "GET /cormun/servlet/apermisogoceprn?17235203,P,20220817133517,PU HTTP/1.1" 200 1647
139.87.71.160 - - [18/Aug/2022:15:50:33 -0300] "GET /manager/html HTTP/1.1" 401 2474
139.87.71.160 - - [18/Aug/2022:15:51:19 -0300] "GET /manager/html HTTP/1.1" 401 2474
186.11.57.252 - - [18/Aug/2022:15:52:13 -0300] "GET /cormun/servlet/hlogin HTTP/1.1" 200 1772
186.11.57.252 - - [18/Aug/2022:15:52:13 -0300] "GET /cormun/static/gxpopupSD.js?85251 HTTP/1.1" 200 22377
186.11.57.252 - - [18/Aug/2022:15:52:13 -0300] "GET /cormun/static/gxhtmlSD.js?85251 HTTP/1.1" 200 50424
186.11.57.252 - - [18/Aug/2022:15:52:18 -0300] "POST /cormun/servlet/hlogin?7ac2eaa5597067f2f8bc049b822a1a49,gx-no-cache=1660847891517 HTTP/1.1" 200 90
186.11.57.252 - - [18/Aug/2022:15:52:18 -0300] "GET /cormun/servlet/hpexe_link HTTP/1.1" 200 1002
139.87.71.160 - - [18/Aug/2022:15:52:18 -0300] "GET /manager/html HTTP/1.1" 401 2474
186.11.57.252 - - [18/Aug/2022:15:52:19 -0300] "GET /cormun/servlet/hhome HTTP/1.1" 200 4371
186.11.57.252 - - [18/Aug/2022:15:52:19 -0300] "GET /cormun/static/scaMessage/css/jquery.pnotify.default.css?1816380 HTTP/1.1" 200 1707
186.11.57.252 - - [18/Aug/2022:15:52:19 -0300] "GET /cormun/static/hhome.js?20201215495544 HTTP/1.1" 200 777
186.11.57.252 - - [18/Aug/2022:15:52:19 -0300] "GET /cormun/static/PXToolsJavascripts/pexe_menus.js HTTP/1.1" 200 1286
186.11.57.252 - - [18/Aug/2022:15:52:24 -0300] "GET /cormun/servlet/trlicencias? HTTP/1.1" 200 14126
186.11.57.252 - - [18/Aug/2022:15:52:24 -0300] "GET /cormun/static/Resources/PXToolsDataSearch.png HTTP/1.1" 200 435
186.11.57.252 - - [18/Aug/2022:15:52:24 -0300] "GET /cormun/static/calendar.js?85251 HTTP/1.1" 200 26246
186.11.57.252 - - [18/Aug/2022:15:52:24 -0300] "GET /cormun/static/Resources/asc.gif HTTP/1.1" 200 67
186.11.57.252 - - [18/Aug/2022:15:52:24 -0300] "GET /cormun/static/Resources/desc.gif HTTP/1.1" 200 65
186.11.57.252 - - [18/Aug/2022:15:52:24 -0300] "GET /cormun//static/Resources/PXToolsHeaderFavorites.png HTTP/1.1" 200 1414
