200.54.107.2 - - [18/Aug/2022:08:28:54 -0300] "GET /cormun/static/calendar-es.js?85251 HTTP/1.1" 200 1901
200.54.107.2 - - [18/Aug/2022:08:28:54 -0300] "GET /cormun/static/gxgral.js?85251 HTTP/1.1" 200 384558
200.54.107.2 - - [18/Aug/2022:08:28:54 -0300] "GET /cormun/static/gxui/gxui-all.js HTTP/1.1" 200 107772
200.54.107.2 - - [18/Aug/2022:08:28:54 -0300] "GET /cormun/static/RunJS/RunJS.js HTTP/1.1" 200 288
200.54.107.2 - - [18/Aug/2022:08:28:54 -0300] "GET /cormun/static/PXToolsJavascripts/pexe_autoreload.js HTTP/1.1" 200 1762
200.54.107.2 - - [18/Aug/2022:08:28:54 -0300] "GET /cormun/static/PXToolsJavascripts/pexe_cookies.js HTTP/1.1" 200 792
200.54.107.2 - - [18/Aug/2022:08:28:54 -0300] "GET /cormun/static/PXToolsJavascripts/pexe_windows.js HTTP/1.1" 200 15207
200.54.107.2 - - [18/Aug/2022:08:28:55 -0300] "GET /cormun/static/Shared/ext/ext-all.js HTTP/1.1" 200 1289687
200.54.107.2 - - [18/Aug/2022:08:28:55 -0300] "GET /cormun/static/PXToolsJavascripts/pexe_grid.js HTTP/1.1" 200 7559
200.54.107.2 - - [18/Aug/2022:08:28:55 -0300] "GET /cormun/static/PXToolsJavascripts/pexe_griddivfix.js HTTP/1.1" 200 6644
200.54.107.2 - - [18/Aug/2022:08:28:55 -0300] "GET /cormun/static/PXToolsJavascripts/pexe_link.js HTTP/1.1" 200 5671
200.54.107.2 - - [18/Aug/2022:08:28:55 -0300] "GET /cormun/static/PXToolsJavascripts/pexe_menudivfix.js HTTP/1.1" 200 333
200.54.107.2 - - [18/Aug/2022:08:28:55 -0300] "GET /cormun/static/PXToolsJavascripts/pexe_menus.js HTTP/1.1" 200 1286
200.54.107.2 - - [18/Aug/2022:08:28:56 -0300] "GET /cormun/static/PXToolsJavascripts/pexe_layers.js HTTP/1.1" 200 4114
200.54.107.2 - - [18/Aug/2022:08:28:56 -0300] "GET /cormun/static/PXToolsJavascripts/pexe_oav.js HTTP/1.1" 200 645
200.54.107.2 - - [18/Aug/2022:08:28:56 -0300] "GET /cormun/static/PXToolsJavascripts/pexe_oavdivfix.js HTTP/1.1" 200 639
200.54.107.2 - - [18/Aug/2022:08:28:56 -0300] "GET /cormun/static/PXToolsJavascripts/pexe_picture.js HTTP/1.1" 200 689
200.54.107.2 - - [18/Aug/2022:08:28:56 -0300] "GET /cormun/static/PXToolsJavascripts/pexe_popup.js HTTP/1.1" 200 13458
200.54.107.2 - - [18/Aug/2022:08:28:56 -0300] "GET /cormun/static/PXToolsJavascripts/pexe_scrolldiv.js HTTP/1.1" 200 4138
200.54.107.2 - - [18/Aug/2022:08:28:56 -0300] "GET /cormun/static/PXToolsJavascripts/pexe_tabdivfix.js HTTP/1.1" 200 876
200.54.107.2 - - [18/Aug/2022:08:28:56 -0300] "GET /cormun/static/PXToolsJavascripts/pexe_tabs.js HTTP/1.1" 200 3748
200.54.107.2 - - [18/Aug/2022:08:28:56 -0300] "GET /cormun/static/PXToolsJavascripts/pexe_upload.js HTTP/1.1" 200 1423
200.54.107.2 - - [18/Aug/2022:08:28:56 -0300] "GET /cormun/static/PXToolsJavascripts/PXToolsJavascriptsRender.js HTTP/1.1" 200 367
200.54.107.2 - - [18/Aug/2022:08:28:56 -0300] "GET /cormun/static/Shared/ext/locale/ext-lang-en.js HTTP/1.1" 200 10940
200.54.107.2 - - [18/Aug/2022:08:28:56 -0300] "GET /cormun/static/messages.spa.js?85251 HTTP/1.1" 200 30736
200.54.107.2 - - [18/Aug/2022:08:28:56 -0300] "GET /cormun/static/gxdec.js?85251 HTTP/1.1" 200 19579
200.54.107.2 - - [18/Aug/2022:08:29:02 -0300] "GET /cormun/static/Resources/PXToolsDataTitle.png HTTP/1.1" 200 1173
200.54.107.2 - - [18/Aug/2022:08:29:02 -0300] "GET /cormun/static/Resources/Logo2019_Small.png HTTP/1.1" 200 10855
200.54.107.2 - - [18/Aug/2022:08:29:02 -0300] "GET /cormun/static/Resources/ImgHome.png HTTP/1.1" 200 1364
200.54.107.2 - - [18/Aug/2022:08:29:03 -0300] "GET /cormun/static/Resources/ImgLogin.png HTTP/1.1" 200 1432
200.54.107.2 - - [18/Aug/2022:08:29:03 -0300] "GET /cormun/static/Resources/PXToolsGridFirstDisabled.gif HTTP/1.1" 200 100
200.54.107.2 - - [18/Aug/2022:08:29:03 -0300] "GET /cormun/static/Resources/Llave.png HTTP/1.1" 200 1395
200.54.107.2 - - [18/Aug/2022:08:29:03 -0300] "GET /cormun/static/Resources/PXToolsGridNextDisabled.gif HTTP/1.1" 200 90
200.54.107.2 - - [18/Aug/2022:08:29:03 -0300] "GET /cormun/static/Resources/PXToolsGridPreviousDisabled.gif HTTP/1.1" 200 90
200.54.107.2 - - [18/Aug/2022:08:29:03 -0300] "GET /cormun/static/Resources/PXToolsGridLastDisabled.gif HTTP/1.1" 200 98
200.54.107.2 - - [18/Aug/2022:08:29:03 -0300] "GET /cormun/static/Resources/PXToolsGridPage.gif HTTP/1.1" 200 725
200.54.107.2 - - [18/Aug/2022:08:29:03 -0300] "GET /cormun/static/Resources/PXToolsActionExcel.png HTTP/1.1" 200 727
200.54.107.2 - - [18/Aug/2022:08:29:03 -0300] "GET /cormun/static/Resources/PXToolsAddAllAction.png HTTP/1.1" 200 495
200.54.107.2 - - [18/Aug/2022:08:29:03 -0300] "GET /cormun/static/trlicencias.js?202012162481 HTTP/1.1" 200 41883
200.54.107.2 - - [18/Aug/2022:08:29:03 -0300] "GET /cormun/static/hwchdr01.js?20201214473739 HTTP/1.1" 200 996
200.54.107.2 - - [18/Aug/2022:08:29:03 -0300] "GET /cormun/static/hpexe_recentlink.js?20201214471090 HTTP/1.1" 200 2144
200.54.107.2 - - [18/Aug/2022:08:29:03 -0300] "GET /cormun/static/hpexe_scripts.js?20201214471411 HTTP/1.1" 200 1544
200.54.107.2 - - [18/Aug/2022:08:29:03 -0300] "GET /cormun/static/hpexe_messagecontroller.js?201991422154126 HTTP/1.1" 200 870
200.54.107.2 - - [18/Aug/2022:08:29:03 -0300] "GET /cormun/static/hpexe_messagepopupcomponent.js?2020121447232 HTTP/1.1" 200 605
200.54.107.2 - - [18/Aug/2022:08:29:03 -0300] "GET /cormun/static/hpexe_messagegenexuscomponent.js?2020121447173 HTTP/1.1" 200 587
200.54.107.2 - - [18/Aug/2022:08:29:03 -0300] "GET /cormun/static/cmcontrolpreferences.js?20199141926336 HTTP/1.1" 200 1375
200.54.107.2 - - [18/Aug/2022:08:29:03 -0300] "GET /cormun/static/Shared/jquery/jquery-1.4.2.min.js HTTP/1.1" 200 72174
200.54.107.2 - - [18/Aug/2022:08:29:03 -0300] "GET /cormun/static/Shared/jquery/jquery-1.10.2.min.js HTTP/1.1" 200 273199
200.54.107.2 - - [18/Aug/2022:08:29:04 -0300] "GET /cormun/static/SmoothNavMenu/resources/ddsmoothmenu.js HTTP/1.1" 200 12712
200.54.107.2 - - [18/Aug/2022:08:29:04 -0300] "GET /cormun/static/Shared/jqueryui/jquery-ui.min.js HTTP/1.1" 200 240427
200.54.107.2 - - [18/Aug/2022:08:29:04 -0300] "GET /cormun/static/SmoothNavMenu/resources/SmoothNavMenuRender.js HTTP/1.1" 200 5951
200.54.107.2 - - [18/Aug/2022:08:29:04 -0300] "GET /cormun/static/scaMessage/js/jquery.pnotify.min.js HTTP/1.1" 200 13038
200.54.107.2 - - [18/Aug/2022:08:29:04 -0300] "GET /cormun/static/scaMessage/scaMessageRender.js HTTP/1.1" 200 11977
200.54.107.2 - - [18/Aug/2022:08:29:04 -0300] "GET /cormun/static/hmpwkw03.js?20201215501896 HTTP/1.1" 200 3973
200.54.107.2 - - [18/Aug/2022:08:29:04 -0300] "GET /cormun/static/Resources/PXTools/calendar.png HTTP/1.1" 200 1306
200.54.107.2 - - [18/Aug/2022:08:29:04 -0300] "GET /cormun/static/Resources/PXToolsDataSearch.png HTTP/1.1" 200 435
200.54.107.2 - - [18/Aug/2022:08:29:04 -0300] "GET /cormun/servlet/hlogin HTTP/1.1" 200 1746
200.54.107.2 - - [18/Aug/2022:08:29:04 -0300] "GET /cormun/servlet/trlicencias? HTTP/1.1" 200 7518
200.54.107.2 - - [18/Aug/2022:08:29:04 -0300] "GET /cormun//static/Resources/PXToolsActionDisabled.gif HTTP/1.1" 200 53
200.54.107.2 - - [18/Aug/2022:08:29:04 -0300] "GET /cormun//static/Resources/PXToolsGridDisplay.png HTTP/1.1" 200 525
200.54.107.2 - - [18/Aug/2022:08:29:04 -0300] "GET /cormun//static/Resources/PXTools/ActionInsert.png HTTP/1.1" 200 1482
200.54.107.2 - - [18/Aug/2022:08:29:04 -0300] "GET /cormun/static/gxcfg.js?201910216285969 HTTP/1.1" 200 953
200.54.107.2 - - [18/Aug/2022:08:29:04 -0300] "GET /cormun/static/hlogin.js?201910216285995 HTTP/1.1" 200 2136
200.54.107.2 - - [18/Aug/2022:08:29:04 -0300] "GET /cormun/static/Resources/Spanish/PXTools.css?2294816 HTTP/1.1" 200 100853
200.54.107.2 - - [18/Aug/2022:08:29:05 -0300] "GET /cormun/static/Resources/Logo2019_Grande.png HTTP/1.1" 200 31733
200.54.107.2 - - [18/Aug/2022:08:29:05 -0300] "GET /cormun/static/Resources/PXToolsLoginTop.png HTTP/1.1" 200 1337
200.54.107.2 - - [18/Aug/2022:08:29:05 -0300] "GET /cormun/static/Resources/PXToolsLoginBackground.png HTTP/1.1" 200 1164
200.54.107.2 - - [18/Aug/2022:08:29:05 -0300] "GET /cormun/static/Resources/PXToolsLoginBottom.png HTTP/1.1" 200 1389
200.54.107.2 - - [18/Aug/2022:08:29:05 -0300] "GET /cormun/static/Resources/PXToolsButtonLeft.png HTTP/1.1" 200 1310
200.54.107.2 - - [18/Aug/2022:08:29:05 -0300] "GET /cormun/static/Resources/PXToolsButtonRight.png HTTP/1.1" 200 1294
200.54.107.2 - - [18/Aug/2022:08:29:05 -0300] "GET /cormun/static/Resources/PXToolsButtonBackground.png HTTP/1.1" 200 1176
200.54.107.2 - - [18/Aug/2022:08:29:05 -0300] "GET /cormun/static/Resources/indicator.gif HTTP/1.1" 200 1553
198.98.59.44 - - [18/Aug/2022:08:29:54 -0300] "GET /manager/html HTTP/1.1" 401 2474
198.98.59.44 - - [18/Aug/2022:08:29:55 -0300] "GET /manager/html HTTP/1.1" 401 2474
114.119.150.27 - - [18/Aug/2022:08:30:30 -0300] "GET /robots.txt HTTP/1.1" 404 981
198.98.59.44 - - [18/Aug/2022:08:31:23 -0300] "GET /manager/html HTTP/1.1" 401 2474
198.98.59.44 - - [18/Aug/2022:08:31:24 -0300] "GET /manager/html HTTP/1.1" 401 2474
65.49.20.67 - - [18/Aug/2022:08:34:48 -0300] "GET / HTTP/1.1" 200 11217
181.212.47.137 - - [18/Aug/2022:09:12:56 -0300] "GET /cormun/servlet/hlogin HTTP/1.1" 200 1726
181.212.47.137 - - [18/Aug/2022:09:12:56 -0300] "GET /cormun/servlet/hlogin HTTP/1.1" 200 1724
181.212.47.137 - - [18/Aug/2022:09:12:56 -0300] "GET /cormun/servlet/hlogin HTTP/1.1" 200 1727
181.212.47.137 - - [18/Aug/2022:09:12:56 -0300] "GET /cormun/static/gxtimezone.js?85251 HTTP/1.1" 200 5781
181.212.47.137 - - [18/Aug/2022:09:12:56 -0300] "GET /cormun/static/gxcfg.js?201910216285969 HTTP/1.1" 200 953
181.212.47.137 - - [18/Aug/2022:09:12:56 -0300] "GET /cormun/static/Resources/Spanish/PXTools.css?2294816 HTTP/1.1" 200 100853
181.212.47.137 - - [18/Aug/2022:09:12:56 -0300] "GET /cormun/static/messages.spa.js?85251 HTTP/1.1" 200 30736
181.212.47.137 - - [18/Aug/2022:09:12:56 -0300] "GET /cormun/static/gxgral.js?85251 HTTP/1.1" 200 384558
181.212.47.137 - - [18/Aug/2022:09:12:56 -0300] "GET /cormun/static/hlogin.js?201910216285995 HTTP/1.1" 200 2136
181.212.47.137 - - [18/Aug/2022:09:12:56 -0300] "GET /cormun/static/Resources/Logo2019_Grande.png HTTP/1.1" 200 31733
181.212.47.137 - - [18/Aug/2022:09:12:56 -0300] "GET /cormun/static/Resources/PXToolsLoginBackground.png HTTP/1.1" 200 1164
181.212.47.137 - - [18/Aug/2022:09:12:56 -0300] "GET /cormun/static/Resources/PXToolsButtonRight.png HTTP/1.1" 200 1294
181.212.47.137 - - [18/Aug/2022:09:12:56 -0300] "GET /cormun/static/Resources/PXToolsLoginTop.png HTTP/1.1" 200 1337
181.212.47.137 - - [18/Aug/2022:09:12:56 -0300] "GET /cormun/static/Resources/PXToolsButtonBackground.png HTTP/1.1" 200 1176
181.212.47.137 - - [18/Aug/2022:09:12:56 -0300] "GET /cormun/static/Resources/PXToolsLoginBottom.png HTTP/1.1" 200 1389
181.212.47.137 - - [18/Aug/2022:09:12:56 -0300] "GET /cormun/static/Resources/PXToolsButtonLeft.png HTTP/1.1" 200 1310
181.212.47.137 - - [18/Aug/2022:09:12:56 -0300] "GET /cormun/static/Resources/indicator.gif HTTP/1.1" 200 1553
181.212.47.137 - - [18/Aug/2022:09:12:56 -0300] "GET /cormun/servlet/hlogin HTTP/1.1" 200 1737
181.212.47.137 - - [18/Aug/2022:09:12:56 -0300] "GET /favicon.ico HTTP/1.1" 200 21630
190.171.141.106 - - [18/Aug/2022:09:13:09 -0300] "GET /cormun/servlet/trlicencias? HTTP/1.1" 500 10
190.171.141.106 - - [18/Aug/2022:09:13:18 -0300] "GET /cormun/servlet/trlicencias? HTTP/1.1" 500 10
190.171.141.90 - - [18/Aug/2022:09:16:10 -0300] "GET /cormun/servlet/hlogin HTTP/1.1" 200 1729
190.171.141.90 - - [18/Aug/2022:09:16:10 -0300] "GET /cormun/servlet/hlogin HTTP/1.1" 200 1729
186.67.172.234 - - [18/Aug/2022:09:16:14 -0300] "GET /cormun/servlet/trlicencias? HTTP/1.1" 500 10
190.171.141.90 - - [18/Aug/2022:09:16:44 -0300] "POST /cormun/servlet/hlogin?01abb16ca181a5eb0e6c913b317890c5,gx-no-cache=1660824152269 HTTP/1.1" 500 10
190.171.141.90 - - [18/Aug/2022:09:17:16 -0300] "GET /cormun/servlet/hlogin HTTP/1.1" 200 1729
190.171.141.90 - - [18/Aug/2022:09:17:16 -0300] "GET /cormun/servlet/hlogin HTTP/1.1" 200 1729
190.171.141.90 - - [18/Aug/2022:09:17:22 -0300] "POST /cormun/servlet/hlogin?01abb16ca181a5eb0e6c913b317890c5,gx-no-cache=1660824190019 HTTP/1.1" 500 10
190.171.149.74 - - [18/Aug/2022:09:17:36 -0300] "GET /cormun/servlet/hlogin HTTP/1.1" 200 1729
190.171.149.74 - - [18/Aug/2022:09:17:45 -0300] "POST /cormun/servlet/hlogin?2eee48ea8d7825bd6c495072749b3499,gx-no-cache=1660824216152 HTTP/1.1" 500 10
107.179.20.166 - - [18/Aug/2022:09:17:55 -0300] "GET /test6956.php HTTP/1.1" 404 985
139.87.71.160 - - [18/Aug/2022:09:18:37 -0300] "GET /manager/html HTTP/1.1" 401 2474
190.171.141.90 - - [18/Aug/2022:09:19:47 -0300] "GET /cormun/servlet/hlogin HTTP/1.1" 200 1729
190.171.141.90 - - [18/Aug/2022:09:19:54 -0300] "POST /cormun/servlet/hlogin?01abb16ca181a5eb0e6c913b317890c5,gx-no-cache=1660824341549 HTTP/1.1" 500 10
186.67.172.234 - - [18/Aug/2022:09:21:03 -0300] "GET /cormun/servlet/trlicencias? HTTP/1.1" 500 10
46.174.191.30 - - [18/Aug/2022:09:21:19 -0300] "GET / HTTP/1.0" 200 11197
45.134.144.35 - - [18/Aug/2022:09:22:12 -0300] "-" 400 -
190.171.149.74 - - [18/Aug/2022:09:22:55 -0300] "GET /cormun/servlet/hlogin HTTP/1.1" 200 1729
190.171.149.74 - - [18/Aug/2022:09:23:06 -0300] "POST /cormun/servlet/hlogin?2eee48ea8d7825bd6c495072749b3499,gx-no-cache=1660824536640 HTTP/1.1" 500 10
200.54.103.162 - - [18/Aug/2022:09:23:17 -0300] "GET /cormun/servlet/hlogin HTTP/1.1" 200 1729
190.171.149.74 - - [18/Aug/2022:09:23:22 -0300] "GET /cormun/servlet/hlogin HTTP/1.1" 200 1728
200.54.103.162 - - [18/Aug/2022:09:23:23 -0300] "POST /cormun/servlet/hlogin?af5ccfbb6053c4e5129c66ac7c9509b3,gx-no-cache=1660824555072 HTTP/1.1" 500 10
190.171.149.74 - - [18/Aug/2022:09:23:33 -0300] "POST /cormun/servlet/hlogin?2eee48ea8d7825bd6c495072749b3499,gx-no-cache=1660824563792 HTTP/1.1" 500 10
200.54.103.162 - - [18/Aug/2022:09:23:50 -0300] "GET /cormun/servlet/hlogin HTTP/1.1" 200 1729
200.54.103.162 - - [18/Aug/2022:09:23:57 -0300] "POST /cormun/servlet/hlogin?af5ccfbb6053c4e5129c66ac7c9509b3,gx-no-cache=1660824588231 HTTP/1.1" 500 10
190.171.141.106 - - [18/Aug/2022:09:26:39 -0300] "GET /cormun/servlet/trlicencias? HTTP/1.1" 500 10
167.94.138.47 - - [18/Aug/2022:09:26:39 -0300] "GET / HTTP/1.1" 200 11217
167.94.138.47 - - [18/Aug/2022:09:26:40 -0300] "GET / HTTP/1.1" 200 11217
167.94.138.47 - - [18/Aug/2022:09:26:40 -0300] "PRI * HTTP/2.0" 505 -
190.171.141.106 - - [18/Aug/2022:09:26:48 -0300] "GET /cormun/servlet/trlicencias? HTTP/1.1" 500 10
200.54.103.162 - - [18/Aug/2022:09:27:15 -0300] "GET /cormun/servlet/hlogin HTTP/1.1" 200 1729
200.54.103.162 - - [18/Aug/2022:09:27:24 -0300] "POST /cormun/servlet/hlogin?af5ccfbb6053c4e5129c66ac7c9509b3,gx-no-cache=1660824795554 HTTP/1.1" 500 10
200.54.103.162 - - [18/Aug/2022:09:28:56 -0300] "GET /cormun/servlet/hlogin HTTP/1.1" 200 1729
200.54.103.162 - - [18/Aug/2022:09:29:06 -0300] "POST /cormun/servlet/hlogin?2ed52421ccb75cc1b5d06d10a188a137,gx-no-cache=1660824897200 HTTP/1.1" 500 10
190.171.141.106 - - [18/Aug/2022:09:29:55 -0300] "GET /cormun/servlet/trlicencias? HTTP/1.1" 500 10
190.171.141.106 - - [18/Aug/2022:09:29:58 -0300] "GET /cormun/servlet/trlicencias? HTTP/1.1" 500 10
200.54.103.162 - - [18/Aug/2022:09:30:21 -0300] "GET /cormun/servlet/hlogin HTTP/1.1" 200 1729
200.54.103.162 - - [18/Aug/2022:09:30:28 -0300] "POST /cormun/servlet/hlogin?2ed52421ccb75cc1b5d06d10a188a137,gx-no-cache=1660824979323 HTTP/1.1" 500 10
190.171.141.106 - - [18/Aug/2022:09:30:34 -0300] "GET /cormun/servlet/hlogin HTTP/1.1" 200 1731
190.171.141.106 - - [18/Aug/2022:09:30:34 -0300] "GET /cormun/servlet/hlogin HTTP/1.1" 200 1731
190.171.141.106 - - [18/Aug/2022:09:30:42 -0300] "POST /cormun/servlet/hlogin?518ea5f966826a52e0aaca9ed1e06e63,gx-no-cache=1660824993382 HTTP/1.1" 500 10
190.171.152.114 - - [18/Aug/2022:09:30:55 -0300] "GET /cormun/servlet/hlogin HTTP/1.1" 200 1723
190.171.152.114 - - [18/Aug/2022:09:30:55 -0300] "GET /cormun/servlet/hlogin HTTP/1.1" 200 1734
190.171.152.114 - - [18/Aug/2022:09:31:09 -0300] "POST /cormun/servlet/hlogin?dad4787eef61fd5fa1ee4ae66639f542,gx-no-cache=1660825021405 HTTP/1.1" 500 10
190.171.152.138 - - [18/Aug/2022:09:31:16 -0300] "GET /cormun/servlet/hlogin HTTP/1.1" 200 1726
190.171.152.138 - - [18/Aug/2022:09:31:17 -0300] "GET /favicon.ico HTTP/1.1" 200 21630
190.171.152.114 - - [18/Aug/2022:09:31:23 -0300] "GET /cormun/servlet/hlogin HTTP/1.1" 200 1723
190.171.152.138 - - [18/Aug/2022:09:31:38 -0300] "POST /cormun/servlet/hlogin?fc4456d64400757f52054fbddb874592,gx-no-cache=1660821447386 HTTP/1.1" 500 10
190.171.152.114 - - [18/Aug/2022:09:31:41 -0300] "POST /cormun/servlet/hlogin?dad4787eef61fd5fa1ee4ae66639f542,gx-no-cache=1660825052045 HTTP/1.1" 500 10
190.171.152.138 - - [18/Aug/2022:09:32:14 -0300] "GET /cormun/servlet/hlogin HTTP/1.1" 200 1726
190.171.152.138 - - [18/Aug/2022:09:32:28 -0300] "POST /cormun/servlet/hlogin?fc4456d64400757f52054fbddb874592,gx-no-cache=1660821497946 HTTP/1.1" 500 10
190.171.142.42 - - [18/Aug/2022:09:33:36 -0300] "GET /cormun/servlet/hlogin HTTP/1.1" 200 1722
190.171.142.42 - - [18/Aug/2022:09:33:36 -0300] "GET /cormun/servlet/hlogin HTTP/1.1" 200 1732
190.171.142.42 - - [18/Aug/2022:09:33:48 -0300] "POST /cormun/servlet/hlogin?baa88d558ce80c08deff443e37e27155,gx-no-cache=1660825178177 HTTP/1.1" 500 10
190.171.152.138 - - [18/Aug/2022:09:34:05 -0300] "GET /cormun/servlet/hlogin HTTP/1.1" 200 1726
190.171.152.138 - - [18/Aug/2022:09:34:18 -0300] "POST /cormun/servlet/hlogin?fc4456d64400757f52054fbddb874592,gx-no-cache=1660821607586 HTTP/1.1" 500 10
190.171.142.42 - - [18/Aug/2022:09:37:02 -0300] "GET /cormun/servlet/hlogin HTTP/1.1" 200 1722
190.171.142.42 - - [18/Aug/2022:09:37:15 -0300] "POST /cormun/servlet/hlogin?baa88d558ce80c08deff443e37e27155,gx-no-cache=1660825385188 HTTP/1.1" 500 10
179.57.78.9 - - [18/Aug/2022:09:38:15 -0300] "GET /cormun/servlet/hlogin HTTP/1.1" 200 1723
179.57.78.9 - - [18/Aug/2022:09:38:25 -0300] "POST /cormun/servlet/hlogin?c73751623b4d2cb103f8d043be48541c,gx-no-cache=1660825455476 HTTP/1.1" 500 10
179.57.78.9 - - [18/Aug/2022:09:38:46 -0300] "GET /cormun/servlet/hlogin HTTP/1.1" 200 1723
179.57.78.9 - - [18/Aug/2022:09:39:08 -0300] "POST /cormun/servlet/hlogin?c73751623b4d2cb103f8d043be48541c,gx-no-cache=1660825498619 HTTP/1.1" 500 10
179.57.78.9 - - [18/Aug/2022:09:39:36 -0300] "GET /cormun/servlet/hlogin HTTP/1.1" 200 1723
179.57.78.9 - - [18/Aug/2022:09:39:46 -0300] "POST /cormun/servlet/hlogin?c73751623b4d2cb103f8d043be48541c,gx-no-cache=1660825536915 HTTP/1.1" 500 10
190.171.153.26 - - [18/Aug/2022:09:40:55 -0300] "GET /cormun/servlet/hlogin HTTP/1.1" 200 1728
179.57.78.9 - - [18/Aug/2022:09:40:57 -0300] "GET /cormun/servlet/hlogin HTTP/1.1" 200 1723
179.57.78.9 - - [18/Aug/2022:09:41:08 -0300] "POST /cormun/servlet/hlogin?c73751623b4d2cb103f8d043be48541c,gx-no-cache=1660825618257 HTTP/1.1" 500 10
190.171.153.26 - - [18/Aug/2022:09:41:11 -0300] "POST /cormun/servlet/hlogin?6a5a000a53d29b991c315bd00da276f4,gx-no-cache=1660825621955 HTTP/1.1" 500 10
179.57.78.9 - - [18/Aug/2022:09:41:17 -0300] "GET /cormun/servlet/hlogin HTTP/1.1" 200 1723
179.57.78.9 - - [18/Aug/2022:09:41:31 -0300] "POST /cormun/servlet/hlogin?c73751623b4d2cb103f8d043be48541c,gx-no-cache=1660825641481 HTTP/1.1" 500 10
190.171.153.26 - - [18/Aug/2022:09:41:33 -0300] "GET /cormun/servlet/hlogin HTTP/1.1" 200 1728
190.171.153.26 - - [18/Aug/2022:09:41:44 -0300] "POST /cormun/servlet/hlogin?6a5a000a53d29b991c315bd00da276f4,gx-no-cache=1660825658521 HTTP/1.1" 500 10
200.54.103.162 - - [18/Aug/2022:09:42:44 -0300] "GET /cormun/servlet/hlogin HTTP/1.1" 200 1729
200.54.103.162 - - [18/Aug/2022:09:42:52 -0300] "POST /cormun/servlet/hlogin?2ed52421ccb75cc1b5d06d10a188a137,gx-no-cache=1660825723288 HTTP/1.1" 500 10
200.54.103.162 - - [18/Aug/2022:09:43:07 -0300] "GET /cormun/servlet/hlogin HTTP/1.1" 200 1729
200.54.103.162 - - [18/Aug/2022:09:43:14 -0300] "POST /cormun/servlet/hlogin?2ed52421ccb75cc1b5d06d10a188a137,gx-no-cache=1660825745883 HTTP/1.1" 500 10
186.103.157.98 - - [18/Aug/2022:09:46:20 -0300] "GET /cormun/servlet/hlogin HTTP/1.1" 200 1730
186.103.157.98 - - [18/Aug/2022:09:46:31 -0300] "POST /cormun/servlet/hlogin?58bf1f741f4fa9a52168e0fc96d21717,gx-no-cache=1660825941351 HTTP/1.1" 500 10
190.171.152.114 - - [18/Aug/2022:09:47:17 -0300] "GET /cormun/servlet/hlogin HTTP/1.1" 200 1723
186.103.157.98 - - [18/Aug/2022:09:47:28 -0300] "GET /cormun/servlet/hlogin HTTP/1.1" 200 1730
186.103.157.98 - - [18/Aug/2022:09:47:28 -0300] "GET /favicon.ico HTTP/1.1" 200 21630
186.103.157.98 - - [18/Aug/2022:09:47:38 -0300] "POST /cormun/servlet/hlogin?58bf1f741f4fa9a52168e0fc96d21717,gx-no-cache=1660826008055 HTTP/1.1" 500 10
186.103.157.98 - - [18/Aug/2022:09:50:40 -0300] "GET /cormun/servlet/hlogin HTTP/1.1" 200 1730
190.171.143.106 - - [18/Aug/2022:09:50:49 -0300] "GET /cormun/servlet/hlogin HTTP/1.1" 200 1727
186.103.157.98 - - [18/Aug/2022:09:50:51 -0300] "GET /cormun/servlet/hlogin HTTP/1.1" 200 1730
190.171.143.106 - - [18/Aug/2022:09:50:56 -0300] "POST /cormun/servlet/hlogin?88f0eba068c599425e14209431a08f9c,gx-no-cache=1660826204914 HTTP/1.1" 500 10
186.103.157.98 - - [18/Aug/2022:09:51:00 -0300] "POST /cormun/servlet/hlogin?58bf1f741f4fa9a52168e0fc96d21717,gx-no-cache=1660826211151 HTTP/1.1" 500 10
190.171.141.90 - - [18/Aug/2022:09:51:04 -0300] "GET /cormun/servlet/hlogin HTTP/1.1" 200 1723
190.171.141.90 - - [18/Aug/2022:09:51:08 -0300] "POST /cormun/servlet/hlogin?2682c0043e053e441588adcba506e2b5,gx-no-cache=1660826217308 HTTP/1.1" 500 10
181.212.42.153 - - [18/Aug/2022:09:51:19 -0300] "GET /cormun/servlet/trlicencias? HTTP/1.1" 500 10
190.171.141.106 - - [18/Aug/2022:09:51:29 -0300] "GET /cormun/servlet/hlogin HTTP/1.1" 200 1728
190.171.141.90 - - [18/Aug/2022:09:51:31 -0300] "GET /cormun/servlet/hlogin HTTP/1.1" 200 1723
190.171.143.106 - - [18/Aug/2022:09:51:31 -0300] "GET /cormun/servlet/hlogin HTTP/1.1" 200 1727
190.171.141.90 - - [18/Aug/2022:09:51:37 -0300] "POST /cormun/servlet/hlogin?2682c0043e053e441588adcba506e2b5,gx-no-cache=1660826246277 HTTP/1.1" 200 90
190.171.143.106 - - [18/Aug/2022:09:51:37 -0300] "POST /cormun/servlet/hlogin?88f0eba068c599425e14209431a08f9c,gx-no-cache=1660826247532 HTTP/1.1" 200 90
190.171.141.90 - - [18/Aug/2022:09:51:37 -0300] "GET /cormun/servlet/hpexe_link HTTP/1.1" 200 950
190.171.143.106 - - [18/Aug/2022:09:51:37 -0300] "GET /cormun/servlet/hpexe_link HTTP/1.1" 200 953
190.171.143.106 - - [18/Aug/2022:09:51:41 -0300] "GET /cormun/servlet/hhome HTTP/1.1" 200 3970
190.171.141.90 - - [18/Aug/2022:09:51:41 -0300] "GET /cormun/servlet/hhome HTTP/1.1" 200 4219
190.171.143.106 - - [18/Aug/2022:09:51:42 -0300] "GET /cormun/servlet/hhome HTTP/1.1" 200 3966
190.171.141.90 - - [18/Aug/2022:09:51:42 -0300] "GET /cormun/servlet/hhome HTTP/1.1" 200 4218
139.87.71.160 - - [18/Aug/2022:09:51:50 -0300] "GET /manager/html HTTP/1.1" 401 2474
190.171.152.114 - - [18/Aug/2022:09:51:58 -0300] "POST /cormun/servlet/hlogin?dad4787eef61fd5fa1ee4ae66639f542,gx-no-cache=1660826271135 HTTP/1.1" 200 90
190.171.152.114 - - [18/Aug/2022:09:51:58 -0300] "GET /cormun/servlet/hpexe_link HTTP/1.1" 200 950
190.171.152.114 - - [18/Aug/2022:09:51:58 -0300] "GET /cormun/servlet/hhome HTTP/1.1" 200 4324
190.171.152.114 - - [18/Aug/2022:09:51:58 -0300] "GET /cormun/servlet/hhome HTTP/1.1" 200 4320
190.171.143.106 - - [18/Aug/2022:09:52:37 -0300] "GET /cormun/servlet/trpermisosgoce? HTTP/1.1" 200 9054
190.171.152.114 - - [18/Aug/2022:09:52:38 -0300] "GET /cormun/servlet/trlicencias? HTTP/1.1" 200 14090
190.171.152.114 - - [18/Aug/2022:09:52:38 -0300] "GET /cormun/servlet/trlicencias? HTTP/1.1" 200 14091
190.171.143.106 - - [18/Aug/2022:09:52:38 -0300] "GET /cormun/servlet/trpermisosgoce? HTTP/1.1" 200 9052
190.171.141.90 - - [18/Aug/2022:09:52:39 -0300] "GET /cormun/servlet/trlicencias? HTTP/1.1" 200 17235
190.171.141.90 - - [18/Aug/2022:09:52:39 -0300] "GET /cormun/servlet/trlicencias? HTTP/1.1" 200 17221
190.171.152.114 - - [18/Aug/2022:09:52:39 -0300] "GET /cormun/servlet/trlicencias? HTTP/1.1" 200 14091
190.171.141.90 - - [18/Aug/2022:09:52:40 -0300] "GET /cormun/servlet/trlicencias? HTTP/1.1" 200 17222
190.171.143.106 - - [18/Aug/2022:09:52:45 -0300] "GET /cormun/servlet/trpermisosadjuntos?14332418,20220816161514,P, HTTP/1.1" 200 6293
190.171.143.106 - - [18/Aug/2022:09:52:46 -0300] "GET /cormun/servlet/trpermisosadjuntos?14332418,20220816161514,P, HTTP/1.1" 200 6294
190.171.143.106 - - [18/Aug/2022:09:53:02 -0300] "GET /cormun/servlet/permisosadjuntos?INS,14332418,P,20220816161514,, HTTP/1.1" 200 5616
190.171.143.106 - - [18/Aug/2022:09:53:02 -0300] "GET /cormun/static/about:blank HTTP/1.1" 404 1011
190.171.143.106 - - [18/Aug/2022:09:53:02 -0300] "GET /cormun/servlet/permisosadjuntos?INS,14332418,P,20220816161514,, HTTP/1.1" 200 5606
139.87.71.160 - - [18/Aug/2022:09:53:10 -0300] "GET /manager/html HTTP/1.1" 401 2474
139.87.71.160 - - [18/Aug/2022:09:53:48 -0300] "GET /manager/html HTTP/1.1" 401 2474
190.171.141.106 - - [18/Aug/2022:09:53:51 -0300] "GET /cormun/servlet/hlogin HTTP/1.1" 200 1730
190.171.141.106 - - [18/Aug/2022:09:53:56 -0300] "POST /cormun/servlet/hlogin?0d67d25e4ef3f8cad71bac83ee9d9e11,gx-no-cache=1660826389213 HTTP/1.1" 200 90
190.171.141.106 - - [18/Aug/2022:09:53:56 -0300] "GET /cormun/servlet/hpexe_link HTTP/1.1" 200 957
190.171.141.106 - - [18/Aug/2022:09:53:56 -0300] "GET /cormun/servlet/hhome HTTP/1.1" 200 4265
190.171.141.106 - - [18/Aug/2022:09:53:57 -0300] "GET /cormun/servlet/hhome HTTP/1.1" 200 4261
190.171.141.106 - - [18/Aug/2022:09:54:01 -0300] "GET /cormun/servlet/trlicencias? HTTP/1.1" 200 13347
190.171.141.106 - - [18/Aug/2022:09:54:01 -0300] "GET /cormun/servlet/trlicencias? HTTP/1.1" 200 13355
190.171.143.106 - - [18/Aug/2022:09:54:28 -0300] "POST /cormun/servlet/permisosadjuntos?88f0eba068c599425e14209431a08f9c,INS,14332418,P,20220816161514,, HTTP/1.1" 200 116
190.171.143.106 - - [18/Aug/2022:09:54:28 -0300] "GET /cormun/servlet/hpexe_return? HTTP/1.1" 200 1036
190.171.143.106 - - [18/Aug/2022:09:54:29 -0300] "GET /cormun/servlet/trpermisosadjuntos?14332418,20220816161514,P, HTTP/1.1" 200 6775
190.171.143.106 - - [18/Aug/2022:09:54:29 -0300] "GET /cormun/servlet/trpermisosadjuntos?14332418,20220816161514,P, HTTP/1.1" 200 6772
190.171.143.106 - - [18/Aug/2022:09:54:40 -0300] "GET /cormun/servlet/trpermisosgoce? HTTP/1.1" 200 9053
190.171.143.106 - - [18/Aug/2022:09:54:41 -0300] "GET /cormun/servlet/trpermisosgoce? HTTP/1.1" 200 9052
190.171.143.106 - - [18/Aug/2022:09:54:45 -0300] "GET /cormun/servlet/trpermisosadjuntos?14332418,20220816161514,P, HTTP/1.1" 200 6772
190.171.143.106 - - [18/Aug/2022:09:54:46 -0300] "GET /cormun/servlet/trpermisosadjuntos?14332418,20220816161514,P, HTTP/1.1" 200 6772
190.171.143.106 - - [18/Aug/2022:09:54:52 -0300] "GET /cormun/servlet/trpermisosgoce? HTTP/1.1" 200 9053
190.171.143.106 - - [18/Aug/2022:09:54:53 -0300] "GET /cormun/servlet/trpermisosgoce? HTTP/1.1" 200 9052
139.87.71.160 - - [18/Aug/2022:09:55:10 -0300] "GET /manager/html HTTP/1.1" 401 2474
190.171.141.106 - - [18/Aug/2022:09:55:15 -0300] "GET /cormun/servlet/licenciaspermisos?INS,0,,, HTTP/1.1" 200 7873
190.171.143.106 - - [18/Aug/2022:09:55:15 -0300] "POST /cormun/servlet/trpermisosgoce?88f0eba068c599425e14209431a08f9c,,gx-no-cache=1660826452660 HTTP/1.1" 200 6331
190.171.143.106 - - [18/Aug/2022:09:55:15 -0300] "GET /cormun/static/Shared/jqueryui/images/ui-icons_82798d_256x240.png HTTP/1.1" 404 1089
190.171.143.106 - - [18/Aug/2022:09:55:15 -0300] "GET /cormun/static/Shared/jqueryui/images/ui-bg_flat_55_fafafa_40x100.png HTTP/1.1" 404 1097
190.171.143.106 - - [18/Aug/2022:09:55:15 -0300] "GET /cormun/static/Shared/jqueryui/images/ui-icons_8d78a5_256x240.png HTTP/1.1" 404 1089
190.171.143.106 - - [18/Aug/2022:09:55:15 -0300] "GET /cormun/static/Shared/jqueryui/images/ui-bg_highlight-soft_100_c6c2c8_1x100.png HTTP/1.1" 404 1117
190.171.141.106 - - [18/Aug/2022:09:55:15 -0300] "GET /cormun/servlet/licenciaspermisos?INS,0,,, HTTP/1.1" 200 7881
139.87.71.160 - - [18/Aug/2022:09:55:47 -0300] "GET /manager/html HTTP/1.1" 401 2474
139.87.71.160 - both [18/Aug/2022:09:56:22 -0300] "GET /manager/html HTTP/1.1" 403 3196
190.171.141.106 - - [18/Aug/2022:09:56:39 -0300] "GET /cormun/servlet/licenciaspermisos?a1d50f30f0e3630fb4b04e63f2ce51cd702a5f3e02461101d5284fb457276ba1c97e8453b523c8ba227b9b920960a4f6259c7b252570fe8ffc5900dba38e8122,gx-no-cache=1660826552401 HTTP/1.1" 200 100
190.171.141.106 - - [18/Aug/2022:09:56:39 -0300] "POST /cormun/servlet/licenciaspermisos?0d67d25e4ef3f8cad71bac83ee9d9e11,INS,0,,,,gx-no-cache=1660826552517 HTTP/1.1" 200 5115
139.87.71.160 - - [18/Aug/2022:09:57:12 -0300] "GET /manager/html HTTP/1.1" 401 2474
139.87.71.160 - - [18/Aug/2022:09:57:50 -0300] "GET /manager/html HTTP/1.1" 401 2474
139.87.71.160 - - [18/Aug/2022:09:58:24 -0300] "GET /manager/html HTTP/1.1" 401 2474
139.87.71.160 - - [18/Aug/2022:09:59:47 -0300] "GET /manager/html HTTP/1.1" 401 2474
179.57.78.9 - - [18/Aug/2022:10:00:46 -0300] "GET /cormun/servlet/hlogin HTTP/1.1" 200 1723
179.57.78.9 - - [18/Aug/2022:10:00:47 -0300] "GET /favicon.ico HTTP/1.1" 200 21630
179.57.78.9 - - [18/Aug/2022:10:00:56 -0300] "POST /cormun/servlet/hlogin?c73751623b4d2cb103f8d043be48541c,gx-no-cache=1660826809308 HTTP/1.1" 200 90
179.57.78.9 - - [18/Aug/2022:10:00:56 -0300] "GET /cormun/servlet/hpexe_link HTTP/1.1" 200 952
179.57.78.9 - - [18/Aug/2022:10:00:56 -0300] "GET /cormun/servlet/hhome HTTP/1.1" 200 4339
179.57.78.9 - - [18/Aug/2022:10:00:58 -0300] "GET /cormun/servlet/hhome HTTP/1.1" 200 4336
179.57.78.9 - - [18/Aug/2022:10:01:03 -0300] "GET /cormun/servlet/trlicencias? HTTP/1.1" 200 11754
179.57.78.9 - - [18/Aug/2022:10:01:03 -0300] "GET /cormun/static/gxcfg.js?2020121613995 HTTP/1.1" 200 953
179.57.78.9 - - [18/Aug/2022:10:01:03 -0300] "GET /cormun/static/trlicencias.js?202012162481 HTTP/1.1" 200 41883
179.57.78.9 - - [18/Aug/2022:10:01:04 -0300] "GET /cormun//static/Resources/PXToolsActionDisabled.gif HTTP/1.1" 200 53
179.57.78.9 - - [18/Aug/2022:10:01:04 -0300] "GET /cormun//static/Resources/PXToolsGridDisplay.png HTTP/1.1" 200 525
179.57.78.9 - - [18/Aug/2022:10:01:04 -0300] "GET /cormun//static/Resources/PXToolsActionPrint.png HTTP/1.1" 200 404
179.57.78.9 - - [18/Aug/2022:10:01:04 -0300] "GET /cormun//static/Resources/PXToolsHeaderFavorites.png HTTP/1.1" 200 1414
179.57.78.9 - - [18/Aug/2022:10:01:04 -0300] "GET /cormun//static/Resources/PXToolsHeaderHelp.png HTTP/1.1" 200 1333
179.57.78.9 - - [18/Aug/2022:10:01:04 -0300] "GET /cormun/servlet/trlicencias? HTTP/1.1" 200 11745
179.57.78.9 - - [18/Aug/2022:10:01:07 -0300] "POST /cormun/servlet/trlicencias?c73751623b4d2cb103f8d043be48541c,,gx-no-cache=1660826819852 HTTP/1.1" 200 9220
186.103.157.98 - - [18/Aug/2022:10:01:14 -0300] "GET /cormun/servlet/hlogin HTTP/1.1" 200 1730
179.57.78.9 - - [18/Aug/2022:10:01:14 -0300] "GET /cormun/servlet/hlogin HTTP/1.1" 200 1741
139.87.71.160 - - [18/Aug/2022:10:02:21 -0300] "GET /manager/html HTTP/1.1" 401 2474
200.54.103.162 - - [18/Aug/2022:10:02:33 -0300] "GET /cormun/servlet/hlogin HTTP/1.1" 200 1729
190.171.143.82 - - [18/Aug/2022:10:02:34 -0300] "GET /cormun/servlet/hlogin HTTP/1.1" 200 1725
190.171.141.106 - - [18/Aug/2022:10:02:36 -0300] "GET /cormun/servlet/licenciaspermisos?a1d50f30f0e3630fb4b04e63f2ce51cd5594037bcb3f13288b25b8d59a9c617e08bb7cf0bed4219a456baf0f1575e9e8e60358792d5de87c8d153220db5646c9f924cd6ab3cda8a6339ccc18f300df84062362a3f63621387d30ae16aff22e5dd1211e97ba3e4059dc4aef6b4ffcc9be752c4573c56d364edec6a01d320cad47165b1b8627e99fcfd2da187ef8711af47edd3e59592e702511553185ec5786fe14495ba449f62ce5fc5cd9f0f17e8b41,gx-no-cache=1660826909735 HTTP/1.1" 200 30
190.171.141.106 - - [18/Aug/2022:10:02:36 -0300] "GET /cormun/servlet/licenciaspermisos?a1d50f30f0e3630fb4b04e63f2ce51cd2472c044263e4c2f6f748137a07a94926af11d8f7812911ccdb1df7e22556047cccdfa5f318d530f6b3d42b6d682427429b72c4d9dc53ecd0234775b85ca88f7e842620d96e1f683939f0753bbd32733aa70e8ffe038a5425406051e1f9a166adc1e06650f3b0d13aecb8075d391808f57b2413150546a120704d4ff1cb8cadca08e46eebb63e56c90c24e6720bb2ac542981ab9734468950401e27fbd518ee9,gx-no-cache=1660826909869 HTTP/1.1" 200 29
200.54.103.162 - - [18/Aug/2022:10:02:38 -0300] "POST /cormun/servlet/hlogin?2ed52421ccb75cc1b5d06d10a188a137,gx-no-cache=1660826912150 HTTP/1.1" 200 90
190.171.141.106 - - [18/Aug/2022:10:02:38 -0300] "POST /cormun/servlet/licenciaspermisos?0d67d25e4ef3f8cad71bac83ee9d9e11,INS,0,,,,gx-no-cache=1660826909905 HTTP/1.1" 200 93
190.171.141.106 - - [18/Aug/2022:10:02:38 -0300] "GET /cormun/servlet/hpexe_return? HTTP/1.1" 200 1017
190.171.141.106 - - [18/Aug/2022:10:02:39 -0300] "GET /cormun/servlet/trlicencias HTTP/1.1" 200 13861
200.54.103.162 - - [18/Aug/2022:10:02:39 -0300] "GET /cormun/servlet/hpexe_link HTTP/1.1" 200 956
200.54.103.162 - - [18/Aug/2022:10:02:39 -0300] "GET /cormun/servlet/hhome HTTP/1.1" 200 4344
190.171.141.106 - - [18/Aug/2022:10:02:39 -0300] "GET /cormun/servlet/trlicencias HTTP/1.1" 200 13860
200.54.103.162 - - [18/Aug/2022:10:02:39 -0300] "GET /cormun/servlet/hhome HTTP/1.1" 200 4340
190.171.143.82 - - [18/Aug/2022:10:02:40 -0300] "POST /cormun/servlet/hlogin?08a63f31ba577879b57d5c8489293c5b,gx-no-cache=1660826910765 HTTP/1.1" 200 90
190.171.143.82 - - [18/Aug/2022:10:02:40 -0300] "GET /cormun/servlet/hpexe_link HTTP/1.1" 200 953
190.171.143.82 - - [18/Aug/2022:10:02:40 -0300] "GET /cormun/servlet/hhome HTTP/1.1" 200 4354
190.171.143.82 - - [18/Aug/2022:10:02:42 -0300] "GET /cormun/servlet/hhome HTTP/1.1" 200 4351
200.54.103.162 - - [18/Aug/2022:10:02:42 -0300] "GET /cormun/servlet/trlicencias? HTTP/1.1" 200 11757
200.54.103.162 - - [18/Aug/2022:10:02:43 -0300] "GET /cormun/servlet/trlicencias? HTTP/1.1" 200 11755
190.171.143.82 - - [18/Aug/2022:10:02:46 -0300] "GET /cormun/servlet/trlicencias? HTTP/1.1" 200 11440
190.171.141.106 - - [18/Aug/2022:10:02:47 -0300] "GET /cormun/servlet/trlicenciaspermisosadjuntos?16494536,20220818000000,L, HTTP/1.1" 200 6617
190.171.141.106 - - [18/Aug/2022:10:02:48 -0300] "GET /cormun/servlet/trlicenciaspermisosadjuntos?16494536,20220818000000,L, HTTP/1.1" 200 6618
190.171.143.82 - - [18/Aug/2022:10:02:48 -0300] "GET /cormun/servlet/trlicencias? HTTP/1.1" 200 11452
190.171.143.82 - - [18/Aug/2022:10:02:58 -0300] "POST /cormun/servlet/trlicencias?08a63f31ba577879b57d5c8489293c5b,,gx-no-cache=1660826928612 HTTP/1.1" 200 8910
190.171.141.106 - - [18/Aug/2022:10:03:00 -0300] "GET /cormun/servlet/licenciaspermisosadjuntos?INS,16494536,L,20220818000000,, HTTP/1.1" 200 5915
190.171.141.106 - - [18/Aug/2022:10:03:00 -0300] "GET /cormun/static/about:blank HTTP/1.1" 404 1011
190.171.141.106 - - [18/Aug/2022:10:03:00 -0300] "GET /cormun/servlet/licenciaspermisosadjuntos?INS,16494536,L,20220818000000,, HTTP/1.1" 200 5905
200.54.107.2 - - [18/Aug/2022:10:03:14 -0300] "POST /cormun/servlet/hlogin?f678ae38d8a1cf5d32bb4d1a1a3aca35,gx-no-cache=1660826947471 HTTP/1.1" 440 972
200.54.107.2 - - [18/Aug/2022:10:03:16 -0300] "GET /cormun/servlet/hlogin HTTP/1.1" 200 1741
200.54.107.2 - - [18/Aug/2022:10:03:21 -0300] "POST /cormun/servlet/hlogin?a701808c663f34c276c3931e6e4a9619,gx-no-cache=1660826954670 HTTP/1.1" 200 90
200.54.107.2 - - [18/Aug/2022:10:03:21 -0300] "GET /cormun/servlet/hpexe_link HTTP/1.1" 200 955
200.54.107.2 - - [18/Aug/2022:10:03:21 -0300] "GET /cormun/static/gxcfg.js?201991422392958 HTTP/1.1" 200 953
200.54.107.2 - - [18/Aug/2022:10:03:21 -0300] "GET /cormun/static/hpexe_link.js?201991422392963 HTTP/1.1" 200 625
200.54.107.2 - - [18/Aug/2022:10:03:21 -0300] "GET /cormun/servlet/hhome HTTP/1.1" 200 4351
200.54.107.2 - - [18/Aug/2022:10:03:22 -0300] "GET /cormun/static/gxcfg.js?20201215495537 HTTP/1.1" 200 953
200.54.107.2 - - [18/Aug/2022:10:03:22 -0300] "GET /cormun/static/hhome.js?20201215495544 HTTP/1.1" 200 777
200.54.107.2 - - [18/Aug/2022:10:03:22 -0300] "GET /cormun/static/SmoothNavMenu/resources/images/down.gif HTTP/1.1" 200 854
200.54.107.2 - - [18/Aug/2022:10:03:22 -0300] "GET /cormun/static/SmoothNavMenu/resources/images/right.gif HTTP/1.1" 200 860
200.54.107.2 - - [18/Aug/2022:10:03:22 -0300] "GET /cormun/servlet/hhome HTTP/1.1" 200 4348
190.171.141.106 - - [18/Aug/2022:10:03:22 -0300] "POST /cormun/servlet/licenciaspermisosadjuntos?0d67d25e4ef3f8cad71bac83ee9d9e11,INS,16494536,L,20220818000000,, HTTP/1.1" 200 116
190.171.141.106 - - [18/Aug/2022:10:03:22 -0300] "GET /cormun/servlet/hpexe_return? HTTP/1.1" 200 1049
190.171.141.106 - - [18/Aug/2022:10:03:23 -0300] "GET /cormun/servlet/trlicenciaspermisosadjuntos?16494536,20220818000000,L, HTTP/1.1" 200 7151
190.171.141.106 - - [18/Aug/2022:10:03:23 -0300] "GET /cormun/servlet/trlicenciaspermisosadjuntos?16494536,20220818000000,L, HTTP/1.1" 200 7148
200.54.107.2 - - [18/Aug/2022:10:03:26 -0300] "GET /cormun/servlet/trlicencias? HTTP/1.1" 200 10880
200.54.107.2 - - [18/Aug/2022:10:03:26 -0300] "GET /cormun//static/Resources/PXToolsHeaderFavorites.png HTTP/1.1" 200 1414
200.54.107.2 - - [18/Aug/2022:10:03:27 -0300] "GET /cormun/static/Resources/desc.gif HTTP/1.1" 200 65
200.54.107.2 - - [18/Aug/2022:10:03:27 -0300] "GET /cormun//static/Resources/PXToolsGridDisplay.png HTTP/1.1" 200 525
200.54.107.2 - - [18/Aug/2022:10:03:27 -0300] "GET /cormun/static/Resources/asc.gif HTTP/1.1" 200 67
200.54.107.2 - - [18/Aug/2022:10:03:27 -0300] "GET /cormun//static/Resources/PXToolsActionPrint.png HTTP/1.1" 200 404
200.54.107.2 - - [18/Aug/2022:10:03:27 -0300] "GET /cormun//static/Resources/PXToolsHeaderHelp.png HTTP/1.1" 200 1333
200.54.107.2 - - [18/Aug/2022:10:03:27 -0300] "GET /cormun/static/Shared/ext/resources/themes/images/default/tools/tool-sprites.gif HTTP/1.1" 200 5434
200.54.107.2 - - [18/Aug/2022:10:03:27 -0300] "GET /cormun/static/Shared/ext/resources/themes/images/default/panel/bg-headersPanel.png HTTP/1.1" 200 255
200.54.107.2 - - [18/Aug/2022:10:03:27 -0300] "GET /cormun/servlet/trlicencias? HTTP/1.1" 200 10878
190.171.141.106 - - [18/Aug/2022:10:03:44 -0300] "GET /cormun/servlet/licenciaspermisosadjuntos?INS,16494536,L,20220818000000,, HTTP/1.1" 200 5916
190.171.141.106 - - [18/Aug/2022:10:03:44 -0300] "GET /cormun/static/about:blank HTTP/1.1" 404 1011
190.171.141.106 - - [18/Aug/2022:10:03:45 -0300] "GET /cormun/servlet/licenciaspermisosadjuntos?INS,16494536,L,20220818000000,, HTTP/1.1" 200 5905
139.87.71.160 - - [18/Aug/2022:10:03:50 -0300] "GET /manager/html HTTP/1.1" 401 2474
190.171.141.106 - - [18/Aug/2022:10:03:51 -0300] "POST /cormun/servlet/licenciaspermisosadjuntos?0d67d25e4ef3f8cad71bac83ee9d9e11,INS,16494536,L,20220818000000,, HTTP/1.1" 200 116
190.171.141.106 - - [18/Aug/2022:10:03:51 -0300] "GET /cormun/servlet/hpexe_return? HTTP/1.1" 200 1049
190.171.141.106 - - [18/Aug/2022:10:03:51 -0300] "GET /cormun/servlet/trlicenciaspermisosadjuntos?16494536,20220818000000,L, HTTP/1.1" 200 7249
190.171.141.106 - - [18/Aug/2022:10:03:52 -0300] "GET /cormun/servlet/trlicenciaspermisosadjuntos?16494536,20220818000000,L, HTTP/1.1" 200 7245
190.171.141.106 - - [18/Aug/2022:10:03:57 -0300] "GET /cormun/servlet/licenciaspermisosadjuntos?DLT,16494536,L,20220818000000,20220818084655, HTTP/1.1" 200 5963
190.171.141.106 - - [18/Aug/2022:10:03:58 -0300] "GET /cormun/static/Shared/jqueryui/images/ui-bg_highlight-soft_100_c6c2c8_1x100.png HTTP/1.1" 404 1117
190.171.141.106 - - [18/Aug/2022:10:03:58 -0300] "GET /cormun/PublicTempStorage/licencia__paula_gonzalez5734161.pdf HTTP/1.1" 200 271524
190.171.141.106 - - [18/Aug/2022:10:03:58 -0300] "GET /cormun/static/Shared/jqueryui/images/ui-icons_82798d_256x240.png HTTP/1.1" 404 1089
190.171.141.106 - - [18/Aug/2022:10:03:58 -0300] "GET /cormun/static/Shared/jqueryui/images/ui-bg_flat_55_fafafa_40x100.png HTTP/1.1" 404 1097
190.171.141.106 - - [18/Aug/2022:10:03:58 -0300] "GET /cormun/static/Shared/jqueryui/images/ui-icons_8d78a5_256x240.png HTTP/1.1" 404 1089
190.171.141.106 - - [18/Aug/2022:10:03:58 -0300] "GET /cormun/servlet/licenciaspermisosadjuntos?DLT,16494536,L,20220818000000,20220818084655, HTTP/1.1" 200 5954
190.171.141.106 - - [18/Aug/2022:10:04:01 -0300] "POST /cormun/servlet/licenciaspermisosadjuntos?0d67d25e4ef3f8cad71bac83ee9d9e11,DLT,16494536,L,20220818000000,20220818084655,,gx-no-cache=1660826994591 HTTP/1.1" 200 93
190.171.141.106 - - [18/Aug/2022:10:04:01 -0300] "GET /cormun/servlet/hpexe_return? HTTP/1.1" 200 1055
190.171.141.106 - - [18/Aug/2022:10:04:01 -0300] "GET /cormun/servlet/trlicenciaspermisosadjuntos?16494536,20220818000000,L, HTTP/1.1" 200 7247
190.171.141.106 - - [18/Aug/2022:10:04:02 -0300] "GET /cormun/servlet/trlicenciaspermisosadjuntos?16494536,20220818000000,L, HTTP/1.1" 200 7245
139.87.71.160 - - [18/Aug/2022:10:04:17 -0300] "GET /manager/html HTTP/1.1" 401 2474
190.171.141.106 - - [18/Aug/2022:10:04:23 -0300] "GET /cormun/servlet/hlogin HTTP/1.1" 200 1730
190.171.141.106 - - [18/Aug/2022:10:04:28 -0300] "POST /cormun/servlet/hlogin?9be449865e83bd249bb9498813adc980,gx-no-cache=1660827021630 HTTP/1.1" 200 90
190.171.141.106 - - [18/Aug/2022:10:04:28 -0300] "GET /cormun/servlet/hpexe_link HTTP/1.1" 200 956
190.171.141.106 - - [18/Aug/2022:10:04:28 -0300] "GET /cormun/servlet/hhome HTTP/1.1" 200 4266
190.171.141.106 - - [18/Aug/2022:10:04:29 -0300] "GET /cormun/servlet/hhome HTTP/1.1" 200 4262
190.171.141.106 - - [18/Aug/2022:10:04:33 -0300] "GET /cormun/servlet/trlicencias? HTTP/1.1" 200 13859
190.171.141.106 - - [18/Aug/2022:10:04:34 -0300] "GET /cormun/servlet/trlicencias? HTTP/1.1" 200 13891
190.171.141.106 - - [18/Aug/2022:10:04:41 -0300] "GET /cormun/servlet/trlicenciaspermisosadjuntos?16494536,20220818000000,L, HTTP/1.1" 200 7247
190.171.141.106 - - [18/Aug/2022:10:04:42 -0300] "GET /cormun/servlet/trlicenciaspermisosadjuntos?16494536,20220818000000,L, HTTP/1.1" 200 7248
190.171.141.106 - - [18/Aug/2022:10:04:55 -0300] "GET /cormun/servlet/licenciaspermisosadjuntos?DLT,16494536,L,20220818000000,20220818084655, HTTP/1.1" 200 5964
190.171.141.106 - - [18/Aug/2022:10:04:55 -0300] "GET /cormun/static/Shared/jqueryui/images/ui-bg_highlight-soft_100_c6c2c8_1x100.png HTTP/1.1" 404 1117
190.171.141.106 - - [18/Aug/2022:10:04:55 -0300] "GET /cormun/static/Shared/jqueryui/images/ui-icons_82798d_256x240.png HTTP/1.1" 404 1089
190.171.141.106 - - [18/Aug/2022:10:04:55 -0300] "GET /cormun/static/Shared/jqueryui/images/ui-bg_flat_55_fafafa_40x100.png HTTP/1.1" 404 1097
190.171.141.106 - - [18/Aug/2022:10:04:55 -0300] "GET /cormun/PublicTempStorage/licencia__paula_gonzalez2553508.pdf HTTP/1.1" 200 271524
190.171.141.106 - - [18/Aug/2022:10:04:55 -0300] "GET /cormun/static/Shared/jqueryui/images/ui-icons_8d78a5_256x240.png HTTP/1.1" 404 1089
190.171.141.106 - - [18/Aug/2022:10:04:55 -0300] "GET /cormun/servlet/licenciaspermisosadjuntos?DLT,16494536,L,20220818000000,20220818084655, HTTP/1.1" 200 5954
190.171.141.106 - - [18/Aug/2022:10:04:57 -0300] "POST /cormun/servlet/licenciaspermisosadjuntos?9be449865e83bd249bb9498813adc980,DLT,16494536,L,20220818000000,20220818084655,,gx-no-cache=1660827050439 HTTP/1.1" 200 93
190.171.141.106 - - [18/Aug/2022:10:04:57 -0300] "GET /cormun/servlet/hpexe_return? HTTP/1.1" 200 1055
190.171.141.106 - - [18/Aug/2022:10:04:57 -0300] "GET /cormun/servlet/trlicenciaspermisosadjuntos?16494536,20220818000000,L, HTTP/1.1" 200 7153
190.171.141.106 - - [18/Aug/2022:10:04:58 -0300] "GET /cormun/servlet/trlicenciaspermisosadjuntos?16494536,20220818000000,L, HTTP/1.1" 200 7150
190.171.141.106 - - [18/Aug/2022:10:05:01 -0300] "GET /cormun/servlet/licenciaspermisosadjuntos?DLT,16494536,L,20220818000000,20220818084655, HTTP/1.1" 200 5883
190.171.141.106 - - [18/Aug/2022:10:05:01 -0300] "GET /cormun/static/about:blank HTTP/1.1" 404 1011
190.171.141.106 - - [18/Aug/2022:10:05:01 -0300] "GET /cormun/servlet/licenciaspermisosadjuntos?DLT,16494536,L,20220818000000,20220818084655, HTTP/1.1" 200 5873
190.171.141.106 - - [18/Aug/2022:10:05:05 -0300] "POST /cormun/servlet/licenciaspermisosadjuntos?9be449865e83bd249bb9498813adc980,DLT,16494536,L,20220818000000,20220818084655,,gx-no-cache=1660827058424 HTTP/1.1" 200 93
190.171.141.106 - - [18/Aug/2022:10:05:05 -0300] "GET /cormun/servlet/hpexe_return? HTTP/1.1" 200 1055
190.171.141.106 - - [18/Aug/2022:10:05:05 -0300] "GET /cormun/servlet/trlicenciaspermisosadjuntos?16494536,20220818000000,L, HTTP/1.1" 200 7153
190.171.141.106 - - [18/Aug/2022:10:05:05 -0300] "GET /cormun/servlet/trlicenciaspermisosadjuntos?16494536,20220818000000,L, HTTP/1.1" 200 7150
190.171.143.82 - - [18/Aug/2022:10:05:11 -0300] "GET /cormun/servlet/hlogin HTTP/1.1" 200 1727
190.171.143.82 - - [18/Aug/2022:10:05:11 -0300] "GET /cormun/servlet/hlogin HTTP/1.1" 200 1738
190.171.143.82 - - [18/Aug/2022:10:05:15 -0300] "POST /cormun/servlet/hlogin?e8dd41548a51f1b0ebeac27e972b83b1,gx-no-cache=1660827068316 HTTP/1.1" 200 90
190.171.143.82 - - [18/Aug/2022:10:05:15 -0300] "GET /cormun/servlet/hpexe_link HTTP/1.1" 200 954
190.171.143.82 - - [18/Aug/2022:10:05:15 -0300] "GET /cormun/servlet/hhome HTTP/1.1" 200 4356
190.171.143.82 - - [18/Aug/2022:10:05:16 -0300] "GET /cormun/static/gxcfg.js?20201215495537 HTTP/1.1" 200 953
190.171.143.82 - - [18/Aug/2022:10:05:16 -0300] "GET /cormun/static/hhome.js?20201215495544 HTTP/1.1" 200 777
190.171.143.82 - - [18/Aug/2022:10:05:16 -0300] "GET /cormun/servlet/hhome HTTP/1.1" 200 4355
190.171.141.106 - - [18/Aug/2022:10:05:26 -0300] "GET /cormun/servlet/hlogin HTTP/1.1" 200 1727
190.171.141.106 - - [18/Aug/2022:10:05:32 -0300] "POST /cormun/servlet/hlogin?5b550209b69e6ec085f600c0618dbd76,gx-no-cache=1660827085678 HTTP/1.1" 200 90
190.171.141.106 - - [18/Aug/2022:10:05:32 -0300] "GET /cormun/servlet/hpexe_link HTTP/1.1" 200 953
190.171.141.106 - - [18/Aug/2022:10:05:32 -0300] "GET /cormun/servlet/hhome HTTP/1.1" 200 4259
190.171.141.106 - - [18/Aug/2022:10:05:33 -0300] "GET /cormun/servlet/hhome HTTP/1.1" 200 4257
190.171.143.82 - - [18/Aug/2022:10:05:33 -0300] "GET /cormun/servlet/trsolicitudot? HTTP/1.1" 200 7584
190.171.143.82 - - [18/Aug/2022:10:05:33 -0300] "GET /cormun/static/gxcfg.js?201991910464971 HTTP/1.1" 200 953
190.171.143.82 - - [18/Aug/2022:10:05:33 -0300] "GET /cormun/static/calendar-system.css?75620 HTTP/1.1" 200 5572
190.171.143.82 - - [18/Aug/2022:10:05:33 -0300] "GET /cormun/static/gxui/gxui-all.css?110300 HTTP/1.1" 200 2179
190.171.143.82 - - [18/Aug/2022:10:05:33 -0300] "GET /cormun/static/trsolicitudot.js?201991910465845 HTTP/1.1" 200 54041
190.171.143.82 - - [18/Aug/2022:10:05:33 -0300] "GET /cormun/static/Shared/ext/resources/css/ext-all.css?205870 HTTP/1.1" 200 416045
190.171.143.82 - - [18/Aug/2022:10:05:34 -0300] "GET /cormun/servlet/trsolicitudot? HTTP/1.1" 200 7581
190.171.141.106 - - [18/Aug/2022:10:05:36 -0300] "GET /cormun/servlet/trlicencias? HTTP/1.1" 200 13864
190.171.141.106 - - [18/Aug/2022:10:05:38 -0300] "GET /cormun/servlet/trlicencias? HTTP/1.1" 200 13867
139.87.71.160 - - [18/Aug/2022:10:05:39 -0300] "GET /manager/html HTTP/1.1" 401 2474
190.171.143.82 - - [18/Aug/2022:10:05:44 -0300] "GET /cormun/servlet/solicitudot?INS,0,0,false, HTTP/1.1" 200 16126
190.171.143.82 - - [18/Aug/2022:10:05:44 -0300] "GET /cormun/static/gxcfg.js?20203414241232 HTTP/1.1" 200 953
190.171.143.82 - - [18/Aug/2022:10:05:44 -0300] "GET /cormun/static/Resources/prompt.gif HTTP/1.1" 200 902
190.171.143.82 - - [18/Aug/2022:10:05:44 -0300] "GET /cormun/static/solicitudot.js?20203414242792 HTTP/1.1" 200 74114
190.171.143.82 - - [18/Aug/2022:10:05:44 -0300] "GET /cormun/servlet/solicitudot?INS,0,0,false, HTTP/1.1" 200 16134
190.171.141.106 - - [18/Aug/2022:10:05:45 -0300] "GET /cormun/servlet/alicenciaprn?16494536,L,20220818000000,PU HTTP/1.1" 200 1542
139.87.71.160 - - [18/Aug/2022:10:06:15 -0300] "GET /manager/html HTTP/1.1" 401 2474
190.171.143.82 - - [18/Aug/2022:10:07:13 -0300] "POST /cormun/servlet/solicitudot?gx-no-cache=1660827185640 HTTP/1.1" 200 3878
190.171.143.82 - - [18/Aug/2022:10:07:14 -0300] "POST /cormun/servlet/solicitudot?e8dd41548a51f1b0ebeac27e972b83b1,INS,0,0,false,,gx-no-cache=1660827186594 HTTP/1.1" 200 12716
190.171.143.82 - - [18/Aug/2022:10:07:16 -0300] "GET /cormun/servlet/solicitudot?8dfb47f997386b70332b21ecc46cdf65129e46ea5b45fd51c7ef4d58de2db929314dd62a9430a99c6ad50368980c0b3f,gx-no-cache=1660827189724 HTTP/1.1" 200 30
190.171.153.26 - - [18/Aug/2022:10:07:20 -0300] "GET /cormun/servlet/hlogin HTTP/1.1" 200 1728
190.171.153.26 - - [18/Aug/2022:10:07:29 -0300] "POST /cormun/servlet/hlogin?6a5a000a53d29b991c315bd00da276f4,gx-no-cache=1660827206036 HTTP/1.1" 200 90
190.171.153.26 - - [18/Aug/2022:10:07:29 -0300] "GET /cormun/servlet/hpexe_link HTTP/1.1" 200 951
190.171.153.26 - - [18/Aug/2022:10:07:29 -0300] "GET /cormun/servlet/hhome HTTP/1.1" 200 3947
190.171.153.26 - - [18/Aug/2022:10:07:30 -0300] "GET /cormun/servlet/hhome HTTP/1.1" 200 3944
190.171.153.26 - - [18/Aug/2022:10:07:33 -0300] "GET /cormun/servlet/trpermisosgoce? HTTP/1.1" 200 8999
190.171.153.26 - - [18/Aug/2022:10:07:34 -0300] "GET /cormun/servlet/trpermisosgoce? HTTP/1.1" 200 8996
190.171.153.26 - - [18/Aug/2022:10:07:39 -0300] "GET /cormun/servlet/trpermisosadjuntos?15523299,20220817111134,P, HTTP/1.1" 200 6279
190.171.153.26 - - [18/Aug/2022:10:07:40 -0300] "GET /cormun/servlet/trpermisosadjuntos?15523299,20220817111134,P, HTTP/1.1" 200 6279
190.171.153.26 - - [18/Aug/2022:10:07:42 -0300] "GET /cormun/servlet/permisosadjuntos?INS,15523299,P,20220817111134,, HTTP/1.1" 200 5600
190.171.153.26 - - [18/Aug/2022:10:07:42 -0300] "GET /cormun/static/about:blank HTTP/1.1" 404 1011
190.171.153.26 - - [18/Aug/2022:10:07:42 -0300] "GET /cormun/servlet/permisosadjuntos?INS,15523299,P,20220817111134,, HTTP/1.1" 200 5590
139.87.71.160 - - [18/Aug/2022:10:08:06 -0300] "GET /manager/html HTTP/1.1" 401 2474
190.171.153.26 - - [18/Aug/2022:10:08:11 -0300] "POST /cormun/servlet/permisosadjuntos?6a5a000a53d29b991c315bd00da276f4,INS,15523299,P,20220817111134,, HTTP/1.1" 200 116
190.171.153.26 - - [18/Aug/2022:10:08:11 -0300] "GET /cormun/servlet/hpexe_return? HTTP/1.1" 200 1038
190.171.153.26 - - [18/Aug/2022:10:08:12 -0300] "GET /cormun/servlet/trpermisosadjuntos?15523299,20220817111134,P, HTTP/1.1" 200 6762
190.171.153.26 - - [18/Aug/2022:10:08:12 -0300] "GET /cormun/servlet/trpermisosadjuntos?15523299,20220817111134,P, HTTP/1.1" 200 6757
