190.171.143.106 - - [17/Aug/2022:17:22:54 -0300] "POST /cormun/servlet/permisosadjuntos?37cc5d721aa74bcafe91aadf133af3db,INS,15035086,P,20220816161650,, HTTP/1.1" 200 116
190.171.143.106 - - [17/Aug/2022:17:22:54 -0300] "GET /cormun/servlet/hpexe_return? HTTP/1.1" 200 1040
190.171.143.106 - - [17/Aug/2022:17:22:54 -0300] "GET /cormun/servlet/trpermisosadjuntos?15035086,20220816161650,P, HTTP/1.1" 200 6769
190.171.143.106 - - [17/Aug/2022:17:22:54 -0300] "GET /cormun/servlet/trpermisosadjuntos?15035086,20220816161650,P, HTTP/1.1" 200 6766
51.83.75.133 - - [17/Aug/2022:17:22:55 -0300] "GET /manager/html HTTP/1.1" 401 2474
51.83.75.133 - - [17/Aug/2022:17:23:11 -0300] "GET /manager/html HTTP/1.1" 401 2474
190.171.143.106 - - [17/Aug/2022:17:23:12 -0300] "GET /cormun/servlet/trpermisosgoce? HTTP/1.1" 200 8916
190.171.143.106 - - [17/Aug/2022:17:23:13 -0300] "GET /cormun/servlet/trpermisosgoce? HTTP/1.1" 200 8916
190.171.143.106 - - [17/Aug/2022:17:23:18 -0300] "POST /cormun/servlet/trpermisosgoce?37cc5d721aa74bcafe91aadf133af3db,,gx-no-cache=1660766979879 HTTP/1.1" 200 6136
190.171.143.106 - - [17/Aug/2022:17:23:18 -0300] "GET /cormun/static/Shared/jqueryui/images/ui-bg_highlight-soft_100_c6c2c8_1x100.png HTTP/1.1" 404 1117
190.171.143.106 - - [17/Aug/2022:17:23:18 -0300] "GET /cormun/static/Shared/jqueryui/images/ui-icons_82798d_256x240.png HTTP/1.1" 404 1089
190.171.143.106 - - [17/Aug/2022:17:23:18 -0300] "GET /cormun/static/Shared/jqueryui/images/ui-bg_flat_55_fafafa_40x100.png HTTP/1.1" 404 1097
190.171.143.106 - - [17/Aug/2022:17:23:18 -0300] "GET /cormun/static/Shared/jqueryui/images/ui-icons_8d78a5_256x240.png HTTP/1.1" 404 1089
51.83.75.133 - - [17/Aug/2022:17:23:27 -0300] "GET /manager/html HTTP/1.1" 401 2474
190.171.143.106 - - [17/Aug/2022:17:23:28 -0300] "POST /cormun/servlet/trpermisosgoce?37cc5d721aa74bcafe91aadf133af3db,,gx-no-cache=1660766989951 HTTP/1.1" 200 6137
51.83.75.133 - - [17/Aug/2022:17:23:43 -0300] "GET /manager/html HTTP/1.1" 401 2474
51.83.75.133 - - [17/Aug/2022:17:23:58 -0300] "GET /manager/html HTTP/1.1" 401 2474
51.83.75.133 - - [17/Aug/2022:17:24:14 -0300] "GET /manager/html HTTP/1.1" 401 2474
51.83.75.133 - - [17/Aug/2022:17:24:30 -0300] "GET /manager/html HTTP/1.1" 401 2474
51.83.75.133 - - [17/Aug/2022:17:24:46 -0300] "GET /manager/html HTTP/1.1" 401 2474
51.83.75.133 - - [17/Aug/2022:17:25:02 -0300] "GET /manager/html HTTP/1.1" 401 2474
51.83.75.133 - - [17/Aug/2022:17:25:18 -0300] "GET /manager/html HTTP/1.1" 401 2474
186.103.157.98 - - [17/Aug/2022:17:25:32 -0300] "POST /cormun/servlet/hlogin?295a98fa49d7adc934189f7afee46365,gx-no-cache=1660767113913 HTTP/1.1" 440 972
51.83.75.133 - - [17/Aug/2022:17:25:33 -0300] "GET /manager/html HTTP/1.1" 401 2474
186.103.157.98 - - [17/Aug/2022:17:25:34 -0300] "GET /cormun/servlet/hlogin HTTP/1.1" 200 1733
51.83.75.133 - - [17/Aug/2022:17:25:49 -0300] "GET /manager/html HTTP/1.1" 401 2474
186.103.157.98 - - [17/Aug/2022:17:25:51 -0300] "POST /cormun/servlet/hlogin?4b9e4130e8345c797e5358d1c629f502,gx-no-cache=1660767132959 HTTP/1.1" 200 90
186.103.157.98 - - [17/Aug/2022:17:25:51 -0300] "GET /cormun/servlet/hpexe_link HTTP/1.1" 200 949
186.103.157.98 - - [17/Aug/2022:17:25:51 -0300] "GET /cormun/servlet/hhome HTTP/1.1" 200 4253
186.103.157.98 - - [17/Aug/2022:17:25:51 -0300] "GET /cormun/servlet/hhome HTTP/1.1" 200 4250
186.103.157.98 - - [17/Aug/2022:17:25:56 -0300] "GET /cormun/servlet/trlicencias? HTTP/1.1" 200 10358
186.103.157.98 - - [17/Aug/2022:17:25:56 -0300] "GET /cormun/servlet/trlicencias? HTTP/1.1" 200 10363
51.83.75.133 - - [17/Aug/2022:17:26:05 -0300] "GET /manager/html HTTP/1.1" 401 2474
186.103.157.98 - - [17/Aug/2022:17:26:05 -0300] "GET /cormun/servlet/hlogin HTTP/1.1" 200 1741
51.83.75.133 - - [17/Aug/2022:17:26:21 -0300] "GET /manager/html HTTP/1.1" 401 2474
186.67.172.234 - - [17/Aug/2022:17:26:31 -0300] "GET /cormun/servlet/hlogin HTTP/1.1" 200 1717
51.83.75.133 - - [17/Aug/2022:17:26:37 -0300] "GET /manager/html HTTP/1.1" 401 2474
186.67.172.234 - - [17/Aug/2022:17:26:39 -0300] "POST /cormun/servlet/hlogin?dfb98810ba806fb694a02f181ee40132,gx-no-cache=1660767426667 HTTP/1.1" 200 90
186.67.172.234 - - [17/Aug/2022:17:26:39 -0300] "GET /cormun/servlet/hpexe_link HTTP/1.1" 200 943
186.67.172.234 - - [17/Aug/2022:17:26:39 -0300] "GET /cormun/servlet/hhome HTTP/1.1" 200 4361
186.67.172.234 - - [17/Aug/2022:17:26:39 -0300] "GET /cormun/servlet/hhome HTTP/1.1" 200 4357
186.67.172.234 - - [17/Aug/2022:17:26:49 -0300] "GET /cormun/servlet/trpermisosgoce? HTTP/1.1" 200 16141
186.67.172.234 - - [17/Aug/2022:17:26:50 -0300] "GET /cormun/servlet/trpermisosgoce? HTTP/1.1" 200 16161
51.83.75.133 - - [17/Aug/2022:17:26:53 -0300] "GET /manager/html HTTP/1.1" 401 2474
186.67.172.234 - - [17/Aug/2022:17:26:59 -0300] "GET /cormun/servlet/permisogoce?INS,0,,, HTTP/1.1" 200 7258
186.67.172.234 - - [17/Aug/2022:17:26:59 -0300] "GET /cormun/servlet/permisogoce?INS,0,,, HTTP/1.1" 200 7258
51.83.75.133 - - [17/Aug/2022:17:27:09 -0300] "GET /manager/html HTTP/1.1" 401 2474
186.67.172.234 - - [17/Aug/2022:17:27:09 -0300] "GET /cormun/servlet/permisogoce?371002530c35c3523717563ac4596bfd4845e62ef5b1b6a9ed5109cabaf33099d9cc09f151e3943f9fc524016eae8d9631ec35a713792617a0459a93869fec60,gx-no-cache=1660767457185 HTTP/1.1" 200 76
186.67.172.234 - - [17/Aug/2022:17:27:09 -0300] "GET /cormun/static/menuarrow.gif HTTP/1.1" 404 1015
186.67.172.234 - - [17/Aug/2022:17:27:22 -0300] "GET /cormun/servlet/permisogoce?371002530c35c3523717563ac4596bfd835fd5d3debc9bfd90c6270885729e435b662e4c20a10b1377827c9208e65aead37bdb01763eafea1d8b8e4c7ef14925,gx-no-cache=1660767470151 HTTP/1.1" 200 47
51.83.75.133 - - [17/Aug/2022:17:27:25 -0300] "GET /manager/html HTTP/1.1" 401 2474
186.67.172.234 - - [17/Aug/2022:17:27:31 -0300] "POST /cormun/servlet/permisogoce?dfb98810ba806fb694a02f181ee40132,INS,0,,,,gx-no-cache=1660767478956 HTTP/1.1" 200 93
186.67.172.234 - - [17/Aug/2022:17:27:31 -0300] "GET /cormun/servlet/hpexe_return? HTTP/1.1" 200 1002
186.67.172.234 - - [17/Aug/2022:17:27:32 -0300] "GET /cormun/servlet/trpermisosgoce HTTP/1.1" 200 16459
186.67.172.234 - - [17/Aug/2022:17:27:32 -0300] "GET /cormun/servlet/trpermisosgoce HTTP/1.1" 200 16456
51.83.75.133 - - [17/Aug/2022:17:27:40 -0300] "GET /manager/html HTTP/1.1" 401 2474
51.83.75.133 - - [17/Aug/2022:17:27:56 -0300] "GET /manager/html HTTP/1.1" 401 2474
185.7.214.117 - - [17/Aug/2022:17:27:58 -0300] "GET / HTTP/1.1" 200 11217
51.83.75.133 - - [17/Aug/2022:17:28:12 -0300] "GET /manager/html HTTP/1.1" 401 2474
186.67.172.234 - - [17/Aug/2022:17:28:17 -0300] "GET /cormun/servlet/trpermisosadjuntos?10409437,20220817161025,P, HTTP/1.1" 200 6676
186.67.172.234 - - [17/Aug/2022:17:28:17 -0300] "GET /cormun/servlet/trpermisosadjuntos?10409437,20220817161025,P, HTTP/1.1" 200 6676
186.67.172.234 - - [17/Aug/2022:17:28:19 -0300] "GET /cormun/servlet/permisosadjuntos?INS,10409437,P,20220817161025,, HTTP/1.1" 200 6003
186.67.172.234 - - [17/Aug/2022:17:28:19 -0300] "GET /cormun/static/about:blank HTTP/1.1" 404 1011
186.67.172.234 - - [17/Aug/2022:17:28:19 -0300] "GET /cormun/servlet/permisosadjuntos?INS,10409437,P,20220817161025,, HTTP/1.1" 200 5992
51.83.75.133 - - [17/Aug/2022:17:28:28 -0300] "GET /manager/html HTTP/1.1" 401 2474
51.83.75.133 - - [17/Aug/2022:17:28:44 -0300] "GET /manager/html HTTP/1.1" 401 2474
51.83.75.133 - - [17/Aug/2022:17:29:00 -0300] "GET /manager/html HTTP/1.1" 401 2474
51.83.75.133 - - [17/Aug/2022:17:29:16 -0300] "GET /manager/html HTTP/1.1" 401 2474
51.83.75.133 - - [17/Aug/2022:17:29:31 -0300] "GET /manager/html HTTP/1.1" 401 2474
51.83.75.133 - - [17/Aug/2022:17:29:47 -0300] "GET /manager/html HTTP/1.1" 401 2474
51.83.75.133 - - [17/Aug/2022:17:30:03 -0300] "GET /manager/html HTTP/1.1" 401 2474
51.83.75.133 - - [17/Aug/2022:17:30:19 -0300] "GET /manager/html HTTP/1.1" 401 2474
186.67.172.234 - - [17/Aug/2022:17:30:21 -0300] "POST /cormun/servlet/permisosadjuntos?dfb98810ba806fb694a02f181ee40132,INS,10409437,P,20220817161025,, HTTP/1.1" 200 116
186.67.172.234 - - [17/Aug/2022:17:30:21 -0300] "GET /cormun/servlet/hpexe_return? HTTP/1.1" 200 1031
186.67.172.234 - - [17/Aug/2022:17:30:21 -0300] "GET /cormun/servlet/trpermisosadjuntos?10409437,20220817161025,P, HTTP/1.1" 200 7215
186.67.172.234 - - [17/Aug/2022:17:30:22 -0300] "GET /cormun/servlet/trpermisosadjuntos?10409437,20220817161025,P, HTTP/1.1" 200 7214
51.83.75.133 - - [17/Aug/2022:17:30:35 -0300] "GET /manager/html HTTP/1.1" 401 2474
186.67.172.234 - - [17/Aug/2022:17:30:42 -0300] "POST /cormun/servlet/trpermisosadjuntos?dfb98810ba806fb694a02f181ee40132,10409437,20220817161025,P,,gx-no-cache=1660767669949 HTTP/1.1" 200 90
186.67.172.234 - - [17/Aug/2022:17:30:42 -0300] "GET /cormun/servlet/hpexe_link HTTP/1.1" 200 976
186.67.172.234 - - [17/Aug/2022:17:30:42 -0300] "GET /cormun/servlet/trpermisosgoce HTTP/1.1" 200 16467
186.67.172.234 - - [17/Aug/2022:17:30:43 -0300] "GET /cormun/servlet/trpermisosgoce HTTP/1.1" 200 16454
51.83.75.133 - - [17/Aug/2022:17:30:51 -0300] "GET /manager/html HTTP/1.1" 401 2474
51.83.75.133 - - [17/Aug/2022:17:31:06 -0300] "GET /manager/html HTTP/1.1" 401 2474
51.83.75.133 - - [17/Aug/2022:17:31:22 -0300] "GET /manager/html HTTP/1.1" 401 2474
51.83.75.133 - - [17/Aug/2022:17:31:38 -0300] "GET /manager/html HTTP/1.1" 401 2474
51.83.75.133 - - [17/Aug/2022:17:31:54 -0300] "GET /manager/html HTTP/1.1" 401 2474
51.83.75.133 - - [17/Aug/2022:17:32:10 -0300] "GET /manager/html HTTP/1.1" 401 2474
51.83.75.133 - - [17/Aug/2022:17:32:25 -0300] "GET /manager/html HTTP/1.1" 401 2474
51.83.75.133 - - [17/Aug/2022:17:32:41 -0300] "GET /manager/html HTTP/1.1" 401 2474
186.67.172.234 - - [17/Aug/2022:17:32:52 -0300] "POST /cormun/servlet/trpermisosgoce?dfb98810ba806fb694a02f181ee40132,gx-no-cache=1660767799500 HTTP/1.1" 200 13595
186.67.172.234 - - [17/Aug/2022:17:32:52 -0300] "GET /cormun/static/Shared/jqueryui/images/ui-bg_highlight-soft_100_c6c2c8_1x100.png HTTP/1.1" 404 1117
186.67.172.234 - - [17/Aug/2022:17:32:52 -0300] "GET /cormun/static/Shared/jqueryui/images/ui-icons_82798d_256x240.png HTTP/1.1" 404 1089
186.67.172.234 - - [17/Aug/2022:17:32:52 -0300] "GET /cormun/static/Shared/jqueryui/images/ui-icons_8d78a5_256x240.png HTTP/1.1" 404 1089
186.67.172.234 - - [17/Aug/2022:17:32:52 -0300] "GET /cormun/static/Shared/jqueryui/images/ui-bg_flat_55_fafafa_40x100.png HTTP/1.1" 404 1097
51.83.75.133 - - [17/Aug/2022:17:32:57 -0300] "GET /manager/html HTTP/1.1" 401 2474
51.83.75.133 - - [17/Aug/2022:17:33:13 -0300] "GET /manager/html HTTP/1.1" 401 2474
51.83.75.133 - - [17/Aug/2022:17:33:29 -0300] "GET /manager/html HTTP/1.1" 401 2474
190.171.149.74 - - [17/Aug/2022:17:33:30 -0300] "POST /cormun/servlet/trlicencias?73601297b2dd8d5e2addc9546999d446,,gx-no-cache=1660767592023 HTTP/1.1" 440 972
190.171.149.74 - - [17/Aug/2022:17:33:31 -0300] "GET /cormun/servlet/trlicencias? HTTP/1.1" 200 7512
190.171.149.74 - - [17/Aug/2022:17:33:32 -0300] "GET /cormun/servlet/hlogin HTTP/1.1" 200 1740
190.171.149.74 - - [17/Aug/2022:17:33:32 -0300] "GET /cormun/servlet/trlicencias? HTTP/1.1" 200 7512
190.171.149.74 - - [17/Aug/2022:17:33:39 -0300] "POST /cormun/servlet/hlogin?56fe624fc7cb2429da17eb2e537e846f,gx-no-cache=1660767600669 HTTP/1.1" 200 90
190.171.149.74 - - [17/Aug/2022:17:33:39 -0300] "GET /cormun/servlet/hpexe_link HTTP/1.1" 200 954
190.171.149.74 - - [17/Aug/2022:17:33:39 -0300] "GET /cormun/servlet/trlicencias HTTP/1.1" 200 12702
190.171.149.74 - - [17/Aug/2022:17:33:39 -0300] "GET /cormun/servlet/trlicencias HTTP/1.1" 200 12705
51.83.75.133 - - [17/Aug/2022:17:33:45 -0300] "GET /manager/html HTTP/1.1" 401 2474
190.171.149.74 - - [17/Aug/2022:17:33:49 -0300] "GET /cormun/servlet/trpermisosgoce? HTTP/1.1" 200 14655
190.171.149.74 - - [17/Aug/2022:17:33:50 -0300] "GET /cormun/servlet/trpermisosgoce? HTTP/1.1" 200 14674
51.83.75.133 - - [17/Aug/2022:17:34:01 -0300] "GET /manager/html HTTP/1.1" 401 2474
51.83.75.133 - - [17/Aug/2022:17:34:16 -0300] "GET /manager/html HTTP/1.1" 401 2474
51.83.75.133 - - [17/Aug/2022:17:34:27 -0300] "GET /manager/html HTTP/1.1" 401 2474
51.83.75.133 - - [17/Aug/2022:17:34:38 -0300] "GET /manager/html HTTP/1.1" 401 2474
51.83.75.133 - - [17/Aug/2022:17:34:48 -0300] "GET /manager/html HTTP/1.1" 401 2474
51.83.75.133 - - [17/Aug/2022:17:34:59 -0300] "GET /manager/html HTTP/1.1" 401 2474
51.83.75.133 - - [17/Aug/2022:17:35:10 -0300] "GET /manager/html HTTP/1.1" 401 2474
51.83.75.133 - - [17/Aug/2022:17:35:17 -0300] "GET /manager/html HTTP/1.1" 401 2474
51.83.75.133 - - [17/Aug/2022:17:35:27 -0300] "GET /manager/html HTTP/1.1" 401 2474
51.83.75.133 - - [17/Aug/2022:17:35:38 -0300] "GET /manager/html HTTP/1.1" 401 2474
51.83.75.133 - - [17/Aug/2022:17:35:48 -0300] "GET /manager/html HTTP/1.1" 401 2474
51.83.75.133 - - [17/Aug/2022:17:35:59 -0300] "GET /manager/html HTTP/1.1" 401 2474
51.83.75.133 - - [17/Aug/2022:17:36:09 -0300] "GET /manager/html HTTP/1.1" 401 2474
51.83.75.133 - - [17/Aug/2022:17:36:17 -0300] "GET /manager/html HTTP/1.1" 401 2474
51.83.75.133 - - [17/Aug/2022:17:36:27 -0300] "GET /manager/html HTTP/1.1" 401 2474
51.83.75.133 - - [17/Aug/2022:17:36:37 -0300] "GET /manager/html HTTP/1.1" 401 2474
51.83.75.133 - - [17/Aug/2022:17:36:48 -0300] "GET /manager/html HTTP/1.1" 401 2474
51.83.75.133 - - [17/Aug/2022:17:36:58 -0300] "GET /manager/html HTTP/1.1" 401 2474
198.98.59.44 - - [17/Aug/2022:17:37:02 -0300] "GET /manager/html HTTP/1.1" 401 2474
51.83.75.133 - - [17/Aug/2022:17:37:09 -0300] "GET /manager/html HTTP/1.1" 401 2474
51.83.75.133 - - [17/Aug/2022:17:37:16 -0300] "GET /manager/html HTTP/1.1" 401 2474
51.83.75.133 - - [17/Aug/2022:17:37:27 -0300] "GET /manager/html HTTP/1.1" 401 2474
51.83.75.133 - - [17/Aug/2022:17:37:37 -0300] "GET /manager/html HTTP/1.1" 401 2474
51.83.75.133 - - [17/Aug/2022:17:37:48 -0300] "GET /manager/html HTTP/1.1" 401 2474
51.83.75.133 - - [17/Aug/2022:17:37:58 -0300] "GET /manager/html HTTP/1.1" 401 2474
51.83.75.133 - - [17/Aug/2022:17:38:09 -0300] "GET /manager/html HTTP/1.1" 401 2474
51.83.75.133 - - [17/Aug/2022:17:38:16 -0300] "GET /manager/html HTTP/1.1" 401 2474
51.83.75.133 - - [17/Aug/2022:17:38:26 -0300] "GET /manager/html HTTP/1.1" 401 2474
51.83.75.133 - - [17/Aug/2022:17:38:37 -0300] "GET /manager/html HTTP/1.1" 401 2474
51.83.75.133 - - [17/Aug/2022:17:38:47 -0300] "GET /manager/html HTTP/1.1" 401 2474
51.83.75.133 - - [17/Aug/2022:17:38:58 -0300] "GET /manager/html HTTP/1.1" 401 2474
51.83.75.133 - - [17/Aug/2022:17:39:09 -0300] "GET /manager/html HTTP/1.1" 401 2474
51.83.75.133 - - [17/Aug/2022:17:39:16 -0300] "GET /manager/html HTTP/1.1" 401 2474
51.83.75.133 - - [17/Aug/2022:17:39:26 -0300] "GET /manager/html HTTP/1.1" 401 2474
51.83.75.133 - - [17/Aug/2022:17:39:37 -0300] "GET /manager/html HTTP/1.1" 401 2474
51.83.75.133 - - [17/Aug/2022:17:39:47 -0300] "GET /manager/html HTTP/1.1" 401 2474
51.83.75.133 - - [17/Aug/2022:17:39:58 -0300] "GET /manager/html HTTP/1.1" 401 2474
51.83.75.133 - - [17/Aug/2022:17:40:08 -0300] "GET /manager/html HTTP/1.1" 401 2474
51.83.75.133 - - [17/Aug/2022:17:40:16 -0300] "GET /manager/html HTTP/1.1" 401 2474
51.83.75.133 - - [17/Aug/2022:17:40:26 -0300] "GET /manager/html HTTP/1.1" 401 2474
51.83.75.133 - - [17/Aug/2022:17:40:36 -0300] "GET /manager/html HTTP/1.1" 401 2474
51.83.75.133 - - [17/Aug/2022:17:40:47 -0300] "GET /manager/html HTTP/1.1" 401 2474
51.83.75.133 - - [17/Aug/2022:17:40:58 -0300] "GET /manager/html HTTP/1.1" 401 2474
51.83.75.133 - - [17/Aug/2022:17:41:08 -0300] "GET /manager/html HTTP/1.1" 401 2474
51.83.75.133 - - [17/Aug/2022:17:41:16 -0300] "GET /manager/html HTTP/1.1" 401 2474
51.83.75.133 - - [17/Aug/2022:17:41:26 -0300] "GET /manager/html HTTP/1.1" 401 2474
51.83.75.133 - - [17/Aug/2022:17:41:36 -0300] "GET /manager/html HTTP/1.1" 401 2474
51.83.75.133 - - [17/Aug/2022:17:41:47 -0300] "GET /manager/html HTTP/1.1" 401 2474
51.83.75.133 - - [17/Aug/2022:17:41:58 -0300] "GET /manager/html HTTP/1.1" 401 2474
51.83.75.133 - - [17/Aug/2022:17:42:08 -0300] "GET /manager/html HTTP/1.1" 401 2474
51.83.75.133 - - [17/Aug/2022:17:42:15 -0300] "GET /manager/html HTTP/1.1" 401 2474
51.83.75.133 - - [17/Aug/2022:17:42:26 -0300] "GET /manager/html HTTP/1.1" 401 2474
51.83.75.133 - - [17/Aug/2022:17:42:36 -0300] "GET /manager/html HTTP/1.1" 401 2474
51.83.75.133 - - [17/Aug/2022:17:42:47 -0300] "GET /manager/html HTTP/1.1" 401 2474
51.83.75.133 - - [17/Aug/2022:17:42:57 -0300] "GET /manager/html HTTP/1.1" 401 2474
51.83.75.133 - - [17/Aug/2022:17:43:08 -0300] "GET /manager/html HTTP/1.1" 401 2474
51.83.75.133 - - [17/Aug/2022:17:43:15 -0300] "GET /manager/html HTTP/1.1" 401 2474
51.83.75.133 - - [17/Aug/2022:17:43:26 -0300] "GET /manager/html HTTP/1.1" 401 2474
51.83.75.133 - - [17/Aug/2022:17:43:36 -0300] "GET /manager/html HTTP/1.1" 401 2474
51.83.75.133 - - [17/Aug/2022:17:43:47 -0300] "GET /manager/html HTTP/1.1" 401 2474
51.83.75.133 - - [17/Aug/2022:17:43:57 -0300] "GET /manager/html HTTP/1.1" 401 2474
51.83.75.133 - - [17/Aug/2022:17:44:08 -0300] "GET /manager/html HTTP/1.1" 401 2474
51.83.75.133 - - [17/Aug/2022:17:44:16 -0300] "GET /manager/html HTTP/1.1" 401 2474
190.171.141.138 - - [17/Aug/2022:17:44:26 -0300] "GET /cormun/servlet/hlogin HTTP/1.1" 200 1731
190.171.141.138 - - [17/Aug/2022:17:44:26 -0300] "GET /cormun/servlet/hlogin HTTP/1.1" 200 1742
51.83.75.133 - - [17/Aug/2022:17:44:26 -0300] "GET /manager/html HTTP/1.1" 401 2474
51.83.75.133 - - [17/Aug/2022:17:44:37 -0300] "GET /manager/html HTTP/1.1" 401 2474
190.171.141.90 - - [17/Aug/2022:17:44:40 -0300] "GET /cormun/servlet/trsolicitudot? HTTP/1.1" 200 6330
190.171.141.90 - - [17/Aug/2022:17:44:40 -0300] "GET /cormun/servlet/hlogin HTTP/1.1" 200 1747
190.171.141.90 - - [17/Aug/2022:17:44:40 -0300] "GET /cormun/servlet/trsolicitudot? HTTP/1.1" 200 6329
190.171.141.90 - - [17/Aug/2022:17:44:45 -0300] "POST /cormun/servlet/hlogin?d9433dab3787b92999a546944b7609e4,gx-no-cache=1660768264675 HTTP/1.1" 200 90
190.171.141.90 - - [17/Aug/2022:17:44:45 -0300] "GET /cormun/servlet/hpexe_link HTTP/1.1" 200 960
190.171.141.90 - - [17/Aug/2022:17:44:45 -0300] "GET /cormun/servlet/trsolicitudot HTTP/1.1" 200 7268
190.171.141.90 - - [17/Aug/2022:17:44:45 -0300] "GET /cormun/servlet/trsolicitudot HTTP/1.1" 200 7267
51.83.75.133 - - [17/Aug/2022:17:44:47 -0300] "GET /manager/html HTTP/1.1" 401 2474
190.171.141.90 - - [17/Aug/2022:17:44:51 -0300] "GET /cormun/servlet/trautorizarsolicitud? HTTP/1.1" 200 7342
190.171.141.90 - - [17/Aug/2022:17:44:51 -0300] "GET /cormun/servlet/trautorizarsolicitud? HTTP/1.1" 200 7342
51.83.75.133 - - [17/Aug/2022:17:44:58 -0300] "GET /manager/html HTTP/1.1" 401 2474
51.83.75.133 - - [17/Aug/2022:17:45:08 -0300] "GET /manager/html HTTP/1.1" 401 2474
51.83.75.133 - - [17/Aug/2022:17:45:16 -0300] "GET /manager/html HTTP/1.1" 401 2474
51.83.75.133 - - [17/Aug/2022:17:45:26 -0300] "GET /manager/html HTTP/1.1" 401 2474
51.83.75.133 - - [17/Aug/2022:17:45:37 -0300] "GET /manager/html HTTP/1.1" 401 2474
51.83.75.133 - - [17/Aug/2022:17:45:47 -0300] "GET /manager/html HTTP/1.1" 401 2474
51.83.75.133 - - [17/Aug/2022:17:45:58 -0300] "GET /manager/html HTTP/1.1" 401 2474
51.83.75.133 - - [17/Aug/2022:17:46:08 -0300] "GET /manager/html HTTP/1.1" 401 2474
51.83.75.133 - - [17/Aug/2022:17:46:16 -0300] "GET /manager/html HTTP/1.1" 401 2474
51.83.75.133 - - [17/Aug/2022:17:46:26 -0300] "GET /manager/html HTTP/1.1" 401 2474
51.83.75.133 - - [17/Aug/2022:17:46:37 -0300] "GET /manager/html HTTP/1.1" 401 2474
51.83.75.133 - - [17/Aug/2022:17:46:47 -0300] "GET /manager/html HTTP/1.1" 401 2474
51.83.75.133 - - [17/Aug/2022:17:46:58 -0300] "GET /manager/html HTTP/1.1" 401 2474
51.83.75.133 - - [17/Aug/2022:17:47:08 -0300] "GET /manager/html HTTP/1.1" 401 2474
51.83.75.133 - - [17/Aug/2022:17:47:16 -0300] "GET /manager/html HTTP/1.1" 401 2474
51.83.75.133 - - [17/Aug/2022:17:47:26 -0300] "GET /manager/html HTTP/1.1" 401 2474
181.212.42.153 - - [17/Aug/2022:17:47:35 -0300] "GET /cormun/servlet/trpermisosgoce? HTTP/1.1" 200 6031
181.212.42.153 - - [17/Aug/2022:17:47:35 -0300] "GET /cormun/servlet/hlogin HTTP/1.1" 200 1744
181.212.42.153 - - [17/Aug/2022:17:47:35 -0300] "GET /cormun/servlet/trpermisosgoce? HTTP/1.1" 200 6027
51.83.75.133 - - [17/Aug/2022:17:47:37 -0300] "GET /manager/html HTTP/1.1" 401 2474
181.212.42.153 - - [17/Aug/2022:17:47:40 -0300] "POST /cormun/servlet/hlogin?6fd62c11f33718abc4fabe950d00983f,gx-no-cache=1660768588611 HTTP/1.1" 200 446
181.212.42.153 - - [17/Aug/2022:17:47:43 -0300] "POST /cormun/servlet/hlogin?6fd62c11f33718abc4fabe950d00983f,gx-no-cache=1660768591394 HTTP/1.1" 200 90
181.212.42.153 - - [17/Aug/2022:17:47:43 -0300] "GET /cormun/servlet/hpexe_link HTTP/1.1" 200 956
181.212.42.153 - - [17/Aug/2022:17:47:43 -0300] "GET /cormun/servlet/trpermisosgoce HTTP/1.1" 200 13585
181.212.42.153 - - [17/Aug/2022:17:47:43 -0300] "GET /cormun/servlet/trpermisosgoce HTTP/1.1" 200 13588
181.212.42.153 - - [17/Aug/2022:17:47:45 -0300] "GET /cormun/servlet/trpermisosgoce? HTTP/1.1" 200 13593
181.212.42.153 - - [17/Aug/2022:17:47:46 -0300] "GET /cormun/servlet/trpermisosgoce? HTTP/1.1" 200 13582
181.212.42.153 - - [17/Aug/2022:17:47:47 -0300] "GET /cormun/servlet/permisogoce?INS,0,,, HTTP/1.1" 200 6825
181.212.42.153 - - [17/Aug/2022:17:47:47 -0300] "GET /cormun/servlet/permisogoce?INS,0,,, HTTP/1.1" 200 6825
51.83.75.133 - - [17/Aug/2022:17:47:47 -0300] "GET /manager/html HTTP/1.1" 401 2474
181.212.42.153 - - [17/Aug/2022:17:47:57 -0300] "GET /cormun/servlet/permisogoce?31b0a1e2ef1915f41b4c9da2023a4d8825025623df3947718c0518695b49c9f36753274369605eb5116498e61f0260788f449f7f3138cea4da10fe79b23e98da,gx-no-cache=1660768606149 HTTP/1.1" 200 77
51.83.75.133 - - [17/Aug/2022:17:47:58 -0300] "GET /manager/html HTTP/1.1" 401 2474
181.212.42.153 - - [17/Aug/2022:17:47:59 -0300] "GET /cormun/static/menuarrow.gif HTTP/1.1" 404 1015
181.212.42.153 - - [17/Aug/2022:17:48:05 -0300] "GET /cormun/servlet/permisogoce?31b0a1e2ef1915f41b4c9da2023a4d8813a030afb6b7147dc88e804595e2381b4b420a56c0870edad815566c771c4517b6465f30c0e439264ef4744789d977c2,gx-no-cache=1660768613266 HTTP/1.1" 200 47
51.83.75.133 - - [17/Aug/2022:17:48:08 -0300] "GET /manager/html HTTP/1.1" 401 2474
181.212.42.153 - - [17/Aug/2022:17:48:10 -0300] "POST /cormun/servlet/permisogoce?6fd62c11f33718abc4fabe950d00983f,INS,0,,,,gx-no-cache=1660768617990 HTTP/1.1" 200 93
181.212.42.153 - - [17/Aug/2022:17:48:10 -0300] "GET /cormun/servlet/hpexe_return? HTTP/1.1" 200 1010
181.212.42.153 - - [17/Aug/2022:17:48:10 -0300] "GET /cormun/servlet/trpermisosgoce HTTP/1.1" 200 13824
181.212.42.153 - - [17/Aug/2022:17:48:10 -0300] "GET /cormun/servlet/trpermisosgoce HTTP/1.1" 200 13822
181.212.42.153 - - [17/Aug/2022:17:48:13 -0300] "GET /cormun/servlet/apermisogoceprn?15915422,P,20220817163112,PU HTTP/1.1" 200 1643
51.83.75.133 - - [17/Aug/2022:17:48:16 -0300] "GET /manager/html HTTP/1.1" 401 2474
51.83.75.133 - - [17/Aug/2022:17:48:26 -0300] "GET /manager/html HTTP/1.1" 401 2474
51.83.75.133 - - [17/Aug/2022:17:48:37 -0300] "GET /manager/html HTTP/1.1" 401 2474
51.83.75.133 - - [17/Aug/2022:17:48:47 -0300] "GET /manager/html HTTP/1.1" 401 2474
51.83.75.133 - - [17/Aug/2022:17:48:58 -0300] "GET /manager/html HTTP/1.1" 401 2474
190.171.152.138 - - [17/Aug/2022:17:49:00 -0300] "GET /cormun/servlet/hlogin HTTP/1.1" 200 1728
51.83.75.133 - - [17/Aug/2022:17:49:08 -0300] "GET /manager/html HTTP/1.1" 401 2474
51.83.75.133 - - [17/Aug/2022:17:49:16 -0300] "GET /manager/html HTTP/1.1" 401 2474
190.171.152.138 - - [17/Aug/2022:17:49:17 -0300] "POST /cormun/servlet/hlogin?42dbd804ca2b420f70106f962a1d4b87,gx-no-cache=1660764937034 HTTP/1.1" 200 90
190.171.152.138 - - [17/Aug/2022:17:49:17 -0300] "GET /cormun/servlet/hpexe_link HTTP/1.1" 200 955
190.171.152.138 - - [17/Aug/2022:17:49:17 -0300] "GET /cormun/servlet/hhome HTTP/1.1" 200 3856
190.171.152.138 - - [17/Aug/2022:17:49:22 -0300] "GET /cormun/servlet/hhome HTTP/1.1" 200 3853
51.83.75.133 - - [17/Aug/2022:17:49:26 -0300] "GET /manager/html HTTP/1.1" 401 2474
51.83.75.133 - - [17/Aug/2022:17:49:37 -0300] "GET /manager/html HTTP/1.1" 401 2474
51.83.75.133 - - [17/Aug/2022:17:49:47 -0300] "GET /manager/html HTTP/1.1" 401 2474
51.83.75.133 - - [17/Aug/2022:17:49:58 -0300] "GET /manager/html HTTP/1.1" 401 2474
51.83.75.133 - - [17/Aug/2022:17:50:08 -0300] "GET /manager/html HTTP/1.1" 401 2474
51.83.75.133 - - [17/Aug/2022:17:50:16 -0300] "GET /manager/html HTTP/1.1" 401 2474
51.83.75.133 - - [17/Aug/2022:17:50:26 -0300] "GET /manager/html HTTP/1.1" 401 2474
51.83.75.133 - - [17/Aug/2022:17:50:37 -0300] "GET /manager/html HTTP/1.1" 401 2474
51.83.75.133 - - [17/Aug/2022:17:50:47 -0300] "GET /manager/html HTTP/1.1" 401 2474
51.83.75.133 - - [17/Aug/2022:17:50:58 -0300] "GET /manager/html HTTP/1.1" 401 2474
51.83.75.133 - - [17/Aug/2022:17:51:08 -0300] "GET /manager/html HTTP/1.1" 401 2474
51.83.75.133 - - [17/Aug/2022:17:51:16 -0300] "GET /manager/html HTTP/1.1" 401 2474
51.83.75.133 - - [17/Aug/2022:17:51:26 -0300] "GET /manager/html HTTP/1.1" 401 2474
51.83.75.133 - - [17/Aug/2022:17:51:37 -0300] "GET /manager/html HTTP/1.1" 401 2474
186.67.172.234 - - [17/Aug/2022:17:51:46 -0300] "GET /cormun/servlet/trautorizarpermisogoce? HTTP/1.1" 200 8044
186.67.172.234 - - [17/Aug/2022:17:51:46 -0300] "GET /cormun/servlet/trautorizarpermisogoce? HTTP/1.1" 200 8044
51.83.75.133 - - [17/Aug/2022:17:51:47 -0300] "GET /manager/html HTTP/1.1" 401 2474
51.83.75.133 - - [17/Aug/2022:17:51:58 -0300] "GET /manager/html HTTP/1.1" 401 2474
51.83.75.133 - - [17/Aug/2022:17:52:08 -0300] "GET /manager/html HTTP/1.1" 401 2474
51.83.75.133 - - [17/Aug/2022:17:52:16 -0300] "GET /manager/html HTTP/1.1" 401 2474
51.83.75.133 - - [17/Aug/2022:17:52:26 -0300] "GET /manager/html HTTP/1.1" 401 2474
51.83.75.133 - - [17/Aug/2022:17:52:37 -0300] "GET /manager/html HTTP/1.1" 401 2474
190.171.152.138 - - [17/Aug/2022:17:52:38 -0300] "GET /cormun/servlet/trlicencias? HTTP/1.1" 200 13383
190.171.152.138 - - [17/Aug/2022:17:52:39 -0300] "GET /cormun/servlet/trlicencias? HTTP/1.1" 200 13378
51.83.75.133 - - [17/Aug/2022:17:52:47 -0300] "GET /manager/html HTTP/1.1" 401 2474
51.83.75.133 - - [17/Aug/2022:17:52:58 -0300] "GET /manager/html HTTP/1.1" 401 2474
186.67.172.234 - - [17/Aug/2022:17:52:58 -0300] "GET /cormun/servlet/trpermisosgoce? HTTP/1.1" 200 16381
186.67.172.234 - - [17/Aug/2022:17:52:59 -0300] "GET /cormun/servlet/trpermisosgoce? HTTP/1.1" 200 16381
186.67.172.234 - - [17/Aug/2022:17:53:02 -0300] "GET /cormun/servlet/trautorizarpermisogoce? HTTP/1.1" 200 8044
186.67.172.234 - - [17/Aug/2022:17:53:02 -0300] "GET /cormun/servlet/trautorizarpermisogoce? HTTP/1.1" 200 8044
51.83.75.133 - - [17/Aug/2022:17:53:08 -0300] "GET /manager/html HTTP/1.1" 401 2474
51.83.75.133 - - [17/Aug/2022:17:53:16 -0300] "GET /manager/html HTTP/1.1" 401 2474
51.83.75.133 - - [17/Aug/2022:17:53:26 -0300] "GET /manager/html HTTP/1.1" 401 2474
51.83.75.133 - - [17/Aug/2022:17:53:37 -0300] "GET /manager/html HTTP/1.1" 401 2474
181.212.42.153 - - [17/Aug/2022:17:53:46 -0300] "GET /cormun/servlet/trsolicitudot? HTTP/1.1" 200 7188
181.212.42.153 - - [17/Aug/2022:17:53:46 -0300] "GET /cormun/servlet/trsolicitudot? HTTP/1.1" 200 7188
51.83.75.133 - - [17/Aug/2022:17:53:47 -0300] "GET /manager/html HTTP/1.1" 401 2474
181.212.42.153 - - [17/Aug/2022:17:53:51 -0300] "POST /cormun/servlet/trsolicitudot?6fd62c11f33718abc4fabe950d00983f,,gx-no-cache=1660768959299 HTTP/1.1" 200 9233
181.212.42.153 - - [17/Aug/2022:17:53:54 -0300] "GET /cormun/servlet/vesolicitudot?2022,19035,, HTTP/1.1" 200 8322
181.212.42.153 - - [17/Aug/2022:17:53:54 -0300] "GET /cormun/pexe_scrolldiv.js HTTP/1.1" 404 1009
181.212.42.153 - - [17/Aug/2022:17:53:54 -0300] "GET /cormun/servlet/vesolicitudot?2022,19035,, HTTP/1.1" 200 8322
51.83.75.133 - - [17/Aug/2022:17:53:58 -0300] "GET /manager/html HTTP/1.1" 401 2474
51.83.75.133 - - [17/Aug/2022:17:54:08 -0300] "GET /manager/html HTTP/1.1" 401 2474
51.83.75.133 - - [17/Aug/2022:17:54:15 -0300] "GET /manager/html HTTP/1.1" 401 2474
51.83.75.133 - - [17/Aug/2022:17:54:26 -0300] "GET /manager/html HTTP/1.1" 401 2474
181.212.42.153 - - [17/Aug/2022:17:54:28 -0300] "GET /cormun/servlet/trsolicitudot? HTTP/1.1" 200 12101
181.212.42.153 - - [17/Aug/2022:17:54:28 -0300] "GET /cormun/servlet/trsolicitudot? HTTP/1.1" 200 12101
190.171.152.138 - - [17/Aug/2022:17:54:31 -0300] "GET /cormun/servlet/hlogin HTTP/1.1" 200 1728
198.98.59.44 - - [17/Aug/2022:17:54:36 -0300] "GET /manager/html HTTP/1.1" 401 2474
51.83.75.133 - - [17/Aug/2022:17:54:36 -0300] "GET /manager/html HTTP/1.1" 401 2474
181.212.42.153 - - [17/Aug/2022:17:54:38 -0300] "GET /cormun/static/menuarrow.gif HTTP/1.1" 404 1015
181.212.42.153 - - [17/Aug/2022:17:54:43 -0300] "POST /cormun/servlet/trsolicitudot?6fd62c11f33718abc4fabe950d00983f,,gx-no-cache=1660769011181 HTTP/1.1" 200 13505
51.83.75.133 - - [17/Aug/2022:17:54:47 -0300] "GET /manager/html HTTP/1.1" 401 2474
181.212.42.153 - - [17/Aug/2022:17:54:49 -0300] "GET /cormun/servlet/vesolicitudot?2022,18847,, HTTP/1.1" 200 8330
181.212.42.153 - - [17/Aug/2022:17:54:49 -0300] "GET /cormun/pexe_scrolldiv.js HTTP/1.1" 404 1009
181.212.42.153 - - [17/Aug/2022:17:54:49 -0300] "GET /cormun/servlet/vesolicitudot?2022,18847,, HTTP/1.1" 200 8330
51.83.75.133 - - [17/Aug/2022:17:54:57 -0300] "GET /manager/html HTTP/1.1" 401 2474
51.83.75.133 - - [17/Aug/2022:17:55:08 -0300] "GET /manager/html HTTP/1.1" 401 2474
51.83.75.133 - - [17/Aug/2022:17:55:16 -0300] "GET /manager/html HTTP/1.1" 401 2474
51.83.75.133 - - [17/Aug/2022:17:55:26 -0300] "GET /manager/html HTTP/1.1" 401 2474
51.83.75.133 - - [17/Aug/2022:17:55:37 -0300] "GET /manager/html HTTP/1.1" 401 2474
51.83.75.133 - - [17/Aug/2022:17:55:47 -0300] "GET /manager/html HTTP/1.1" 401 2474
51.83.75.133 - - [17/Aug/2022:17:55:58 -0300] "GET /manager/html HTTP/1.1" 401 2474
51.83.75.133 - - [17/Aug/2022:17:56:08 -0300] "GET /manager/html HTTP/1.1" 401 2474
51.83.75.133 - - [17/Aug/2022:17:56:16 -0300] "GET /manager/html HTTP/1.1" 401 2474
51.83.75.133 - - [17/Aug/2022:17:56:26 -0300] "GET /manager/html HTTP/1.1" 401 2474
51.83.75.133 - - [17/Aug/2022:17:56:37 -0300] "GET /manager/html HTTP/1.1" 401 2474
198.98.59.44 - - [17/Aug/2022:17:56:42 -0300] "GET /manager/html HTTP/1.1" 401 2474
198.98.59.44 - - [17/Aug/2022:17:56:42 -0300] "GET /manager/html HTTP/1.1" 401 2474
51.83.75.133 - - [17/Aug/2022:17:56:47 -0300] "GET /manager/html HTTP/1.1" 401 2474
51.83.75.133 - - [17/Aug/2022:17:56:58 -0300] "GET /manager/html HTTP/1.1" 401 2474
51.83.75.133 - - [17/Aug/2022:17:57:09 -0300] "GET /manager/html HTTP/1.1" 401 2474
51.83.75.133 - - [17/Aug/2022:17:57:16 -0300] "GET /manager/html HTTP/1.1" 401 2474
51.83.75.133 - - [17/Aug/2022:17:57:26 -0300] "GET /manager/html HTTP/1.1" 401 2474
51.83.75.133 - - [17/Aug/2022:17:57:37 -0300] "GET /manager/html HTTP/1.1" 401 2474
51.83.75.133 - - [17/Aug/2022:17:57:47 -0300] "GET /manager/html HTTP/1.1" 401 2474
51.83.75.133 - - [17/Aug/2022:17:57:58 -0300] "GET /manager/html HTTP/1.1" 401 2474
51.83.75.133 - - [17/Aug/2022:17:58:09 -0300] "GET /manager/html HTTP/1.1" 401 2474
51.83.75.133 - - [17/Aug/2022:17:58:16 -0300] "GET /manager/html HTTP/1.1" 401 2474
51.83.75.133 - - [17/Aug/2022:17:58:26 -0300] "GET /manager/html HTTP/1.1" 401 2474
51.83.75.133 - - [17/Aug/2022:17:58:37 -0300] "GET /manager/html HTTP/1.1" 401 2474
51.83.75.133 - - [17/Aug/2022:17:58:48 -0300] "GET /manager/html HTTP/1.1" 401 2474
51.83.75.133 - - [17/Aug/2022:17:58:58 -0300] "GET /manager/html HTTP/1.1" 401 2474
51.83.75.133 - - [17/Aug/2022:17:59:09 -0300] "GET /manager/html HTTP/1.1" 401 2474
51.83.75.133 - - [17/Aug/2022:17:59:16 -0300] "GET /manager/html HTTP/1.1" 401 2474
51.83.75.133 - - [17/Aug/2022:17:59:27 -0300] "GET /manager/html HTTP/1.1" 401 2474
51.83.75.133 - - [17/Aug/2022:17:59:37 -0300] "GET /manager/html HTTP/1.1" 401 2474
51.83.75.133 - - [17/Aug/2022:17:59:48 -0300] "GET /manager/html HTTP/1.1" 401 2474
51.83.75.133 - - [17/Aug/2022:17:59:58 -0300] "GET /manager/html HTTP/1.1" 401 2474
51.83.75.133 - - [17/Aug/2022:18:00:09 -0300] "GET /manager/html HTTP/1.1" 401 2474
51.83.75.133 - - [17/Aug/2022:18:00:16 -0300] "GET /manager/html HTTP/1.1" 401 2474
51.83.75.133 - - [17/Aug/2022:18:00:27 -0300] "GET /manager/html HTTP/1.1" 401 2474
51.83.75.133 - - [17/Aug/2022:18:00:37 -0300] "GET /manager/html HTTP/1.1" 401 2474
51.83.75.133 - - [17/Aug/2022:18:00:48 -0300] "GET /manager/html HTTP/1.1" 401 2474
51.83.75.133 - - [17/Aug/2022:18:00:59 -0300] "GET /manager/html HTTP/1.1" 401 2474
185.7.214.117 - - [17/Aug/2022:18:01:02 -0300] "GET /actuator/gateway/routes HTTP/1.1" 404 1007
51.83.75.133 - - [17/Aug/2022:18:01:09 -0300] "GET /manager/html HTTP/1.1" 401 2474
51.83.75.133 - - [17/Aug/2022:18:01:17 -0300] "GET /manager/html HTTP/1.1" 401 2474
51.83.75.133 - - [17/Aug/2022:18:01:28 -0300] "GET /manager/html HTTP/1.1" 401 2474
51.83.75.133 - - [17/Aug/2022:18:01:38 -0300] "GET /manager/html HTTP/1.1" 401 2474
51.83.75.133 - - [17/Aug/2022:18:01:49 -0300] "GET /manager/html HTTP/1.1" 401 2474
51.83.75.133 - - [17/Aug/2022:18:02:00 -0300] "GET /manager/html HTTP/1.1" 401 2474
51.83.75.133 - - [17/Aug/2022:18:02:10 -0300] "GET /manager/html HTTP/1.1" 401 2474
51.83.75.133 - - [17/Aug/2022:18:02:18 -0300] "GET /manager/html HTTP/1.1" 401 2474
51.83.75.133 - - [17/Aug/2022:18:02:28 -0300] "GET /manager/html HTTP/1.1" 401 2474
51.83.75.133 - - [17/Aug/2022:18:02:39 -0300] "GET /manager/html HTTP/1.1" 401 2474
51.83.75.133 - - [17/Aug/2022:18:02:49 -0300] "GET /manager/html HTTP/1.1" 401 2474
51.83.75.133 - - [17/Aug/2022:18:03:00 -0300] "GET /manager/html HTTP/1.1" 401 2474
51.83.75.133 - - [17/Aug/2022:18:03:10 -0300] "GET /manager/html HTTP/1.1" 401 2474
51.83.75.133 - - [17/Aug/2022:18:03:18 -0300] "GET /manager/html HTTP/1.1" 401 2474
51.83.75.133 - - [17/Aug/2022:18:03:29 -0300] "GET /manager/html HTTP/1.1" 401 2474
51.83.75.133 - - [17/Aug/2022:18:03:39 -0300] "GET /manager/html HTTP/1.1" 401 2474
51.83.75.133 - - [17/Aug/2022:18:03:50 -0300] "GET /manager/html HTTP/1.1" 401 2474
51.83.75.133 - - [17/Aug/2022:18:04:01 -0300] "GET /manager/html HTTP/1.1" 401 2474
51.83.75.133 - - [17/Aug/2022:18:04:11 -0300] "GET /manager/html HTTP/1.1" 401 2474
51.83.75.133 - - [17/Aug/2022:18:04:19 -0300] "GET /manager/html HTTP/1.1" 401 2474
51.83.75.133 - - [17/Aug/2022:18:04:30 -0300] "GET /manager/html HTTP/1.1" 401 2474
51.83.75.133 - - [17/Aug/2022:18:04:40 -0300] "GET /manager/html HTTP/1.1" 401 2474
51.83.75.133 - - [17/Aug/2022:18:04:51 -0300] "GET /manager/html HTTP/1.1" 401 2474
51.83.75.133 - - [17/Aug/2022:18:05:02 -0300] "GET /manager/html HTTP/1.1" 401 2474
51.83.75.133 - - [17/Aug/2022:18:05:12 -0300] "GET /manager/html HTTP/1.1" 401 2474
51.83.75.133 - - [17/Aug/2022:18:05:20 -0300] "GET /manager/html HTTP/1.1" 401 2474
51.83.75.133 - - [17/Aug/2022:18:05:31 -0300] "GET /manager/html HTTP/1.1" 401 2474
51.83.75.133 - - [17/Aug/2022:18:05:42 -0300] "GET /manager/html HTTP/1.1" 401 2474
51.83.75.133 - - [17/Aug/2022:18:05:52 -0300] "GET /manager/html HTTP/1.1" 401 2474
181.212.42.153 - - [17/Aug/2022:18:05:55 -0300] "POST /cormun/servlet/vesolicitudot?6fd62c11f33718abc4fabe950d00983f,2022,18847,,,gx-no-cache=1660769683828 HTTP/1.1" 200 93
181.212.42.153 - - [17/Aug/2022:18:05:55 -0300] "GET /cormun/servlet/hpexe_return? HTTP/1.1" 200 1012
181.212.42.153 - - [17/Aug/2022:18:05:55 -0300] "GET /cormun/servlet/trsolicitudot? HTTP/1.1" 200 16254
181.212.42.153 - - [17/Aug/2022:18:05:56 -0300] "GET /cormun/servlet/trsolicitudot? HTTP/1.1" 200 16249
51.83.75.133 - - [17/Aug/2022:18:06:03 -0300] "GET /manager/html HTTP/1.1" 401 2474
51.83.75.133 - - [17/Aug/2022:18:06:13 -0300] "GET /manager/html HTTP/1.1" 401 2474
51.83.75.133 - - [17/Aug/2022:18:06:22 -0300] "GET /manager/html HTTP/1.1" 401 2474
51.83.75.133 - - [17/Aug/2022:18:06:33 -0300] "GET /manager/html HTTP/1.1" 401 2474
51.83.75.133 - - [17/Aug/2022:18:06:43 -0300] "GET /manager/html HTTP/1.1" 401 2474
51.83.75.133 - - [17/Aug/2022:18:06:54 -0300] "GET /manager/html HTTP/1.1" 401 2474
51.83.75.133 - - [17/Aug/2022:18:07:05 -0300] "GET /manager/html HTTP/1.1" 401 2474
51.83.75.133 - - [17/Aug/2022:18:07:14 -0300] "GET /manager/html HTTP/1.1" 401 2474
51.83.75.133 - - [17/Aug/2022:18:07:24 -0300] "GET /manager/html HTTP/1.1" 401 2474
51.83.75.133 - - [17/Aug/2022:18:07:34 -0300] "GET /manager/html HTTP/1.1" 401 2474
51.83.75.133 - - [17/Aug/2022:18:07:45 -0300] "GET /manager/html HTTP/1.1" 401 2474
51.83.75.133 - - [17/Aug/2022:18:07:55 -0300] "GET /manager/html HTTP/1.1" 401 2474
51.83.75.133 - - [17/Aug/2022:18:08:06 -0300] "GET /manager/html HTTP/1.1" 401 2474
51.83.75.133 - - [17/Aug/2022:18:08:15 -0300] "GET /manager/html HTTP/1.1" 401 2474
51.83.75.133 - - [17/Aug/2022:18:08:25 -0300] "GET /manager/html HTTP/1.1" 401 2474
51.83.75.133 - - [17/Aug/2022:18:08:36 -0300] "GET /manager/html HTTP/1.1" 401 2474
51.83.75.133 - - [17/Aug/2022:18:08:46 -0300] "GET /manager/html HTTP/1.1" 401 2474
51.83.75.133 - - [17/Aug/2022:18:08:57 -0300] "GET /manager/html HTTP/1.1" 401 2474
51.83.75.133 - - [17/Aug/2022:18:09:08 -0300] "GET /manager/html HTTP/1.1" 401 2474
51.83.75.133 - - [17/Aug/2022:18:09:15 -0300] "GET /manager/html HTTP/1.1" 401 2474
51.83.75.133 - - [17/Aug/2022:18:09:26 -0300] "GET /manager/html HTTP/1.1" 401 2474
51.83.75.133 - - [17/Aug/2022:18:09:37 -0300] "GET /manager/html HTTP/1.1" 401 2474
51.83.75.133 - - [17/Aug/2022:18:09:47 -0300] "GET /manager/html HTTP/1.1" 401 2474
51.83.75.133 - - [17/Aug/2022:18:09:58 -0300] "GET /manager/html HTTP/1.1" 401 2474
51.83.75.133 - - [17/Aug/2022:18:10:09 -0300] "GET /manager/html HTTP/1.1" 401 2474
51.83.75.133 - - [17/Aug/2022:18:10:16 -0300] "GET /manager/html HTTP/1.1" 401 2474
51.83.75.133 - - [17/Aug/2022:18:10:27 -0300] "GET /manager/html HTTP/1.1" 401 2474
51.83.75.133 - - [17/Aug/2022:18:10:38 -0300] "GET /manager/html HTTP/1.1" 401 2474
51.83.75.133 - - [17/Aug/2022:18:10:48 -0300] "GET /manager/html HTTP/1.1" 401 2474
51.83.75.133 - - [17/Aug/2022:18:10:59 -0300] "GET /manager/html HTTP/1.1" 401 2474
51.83.75.133 - - [17/Aug/2022:18:11:10 -0300] "GET /manager/html HTTP/1.1" 401 2474
51.83.75.133 - - [17/Aug/2022:18:11:18 -0300] "GET /manager/html HTTP/1.1" 401 2474
51.83.75.133 - - [17/Aug/2022:18:11:28 -0300] "GET /manager/html HTTP/1.1" 401 2474
51.83.75.133 - - [17/Aug/2022:18:11:39 -0300] "GET /manager/html HTTP/1.1" 401 2474
51.83.75.133 - - [17/Aug/2022:18:11:50 -0300] "GET /manager/html HTTP/1.1" 401 2474
51.83.75.133 - - [17/Aug/2022:18:12:00 -0300] "GET /manager/html HTTP/1.1" 401 2474
51.83.75.133 - - [17/Aug/2022:18:12:11 -0300] "GET /manager/html HTTP/1.1" 401 2474
51.83.75.133 - - [17/Aug/2022:18:12:19 -0300] "GET /manager/html HTTP/1.1" 401 2474
51.83.75.133 - - [17/Aug/2022:18:12:29 -0300] "GET /manager/html HTTP/1.1" 401 2474
51.83.75.133 - - [17/Aug/2022:18:12:40 -0300] "GET /manager/html HTTP/1.1" 401 2474
181.212.42.153 - - [17/Aug/2022:18:12:47 -0300] "GET /cormun/servlet/trlicencias? HTTP/1.1" 200 13914
181.212.42.153 - - [17/Aug/2022:18:12:47 -0300] "GET /cormun/servlet/trlicencias? HTTP/1.1" 200 13891
51.83.75.133 - - [17/Aug/2022:18:12:51 -0300] "GET /manager/html HTTP/1.1" 401 2474
51.83.75.133 - - [17/Aug/2022:18:13:01 -0300] "GET /manager/html HTTP/1.1" 401 2474
51.83.75.133 - - [17/Aug/2022:18:13:12 -0300] "GET /manager/html HTTP/1.1" 401 2474
51.83.75.133 - - [17/Aug/2022:18:13:20 -0300] "GET /manager/html HTTP/1.1" 401 2474
190.171.141.90 - - [17/Aug/2022:18:13:28 -0300] "GET /cormun/servlet/trlicencias? HTTP/1.1" 200 17256
190.171.141.90 - - [17/Aug/2022:18:13:29 -0300] "GET /cormun/servlet/trlicencias? HTTP/1.1" 200 17243
51.83.75.133 - - [17/Aug/2022:18:13:31 -0300] "GET /manager/html HTTP/1.1" 401 2474
190.171.141.90 - - [17/Aug/2022:18:13:38 -0300] "GET /cormun/servlet/trpermisosgoce? HTTP/1.1" 200 15797
190.171.141.90 - - [17/Aug/2022:18:13:38 -0300] "GET /cormun/servlet/trpermisosgoce? HTTP/1.1" 200 15780
51.83.75.133 - - [17/Aug/2022:18:13:42 -0300] "GET /manager/html HTTP/1.1" 401 2474
51.83.75.133 - - [17/Aug/2022:18:13:52 -0300] "GET /manager/html HTTP/1.1" 401 2474
51.83.75.133 - - [17/Aug/2022:18:14:03 -0300] "GET /manager/html HTTP/1.1" 401 2474
51.83.75.133 - - [17/Aug/2022:18:14:13 -0300] "GET /manager/html HTTP/1.1" 401 2474
190.171.141.90 - - [17/Aug/2022:18:14:19 -0300] "GET /cormun/servlet/permisogoce?INS,0,,, HTTP/1.1" 200 7092
190.171.141.90 - - [17/Aug/2022:18:14:20 -0300] "GET /cormun/servlet/permisogoce?INS,0,,, HTTP/1.1" 200 7108
51.83.75.133 - - [17/Aug/2022:18:14:22 -0300] "GET /manager/html HTTP/1.1" 401 2474
51.83.75.133 - - [17/Aug/2022:18:14:33 -0300] "GET /manager/html HTTP/1.1" 401 2474
51.83.75.133 - - [17/Aug/2022:18:14:43 -0300] "GET /manager/html HTTP/1.1" 401 2474
51.83.75.133 - - [17/Aug/2022:18:14:54 -0300] "GET /manager/html HTTP/1.1" 401 2474
51.83.75.133 - - [17/Aug/2022:18:15:04 -0300] "GET /manager/html HTTP/1.1" 401 2474
51.83.75.133 - - [17/Aug/2022:18:15:14 -0300] "GET /manager/html HTTP/1.1" 401 2474
51.83.75.133 - - [17/Aug/2022:18:15:23 -0300] "GET /manager/html HTTP/1.1" 401 2474
51.83.75.133 - - [17/Aug/2022:18:15:34 -0300] "GET /manager/html HTTP/1.1" 401 2474
51.83.75.133 - - [17/Aug/2022:18:15:45 -0300] "GET /manager/html HTTP/1.1" 401 2474
51.83.75.133 - - [17/Aug/2022:18:15:55 -0300] "GET /manager/html HTTP/1.1" 401 2474
51.83.75.133 - - [17/Aug/2022:18:16:06 -0300] "GET /manager/html HTTP/1.1" 401 2474
51.83.75.133 - - [17/Aug/2022:18:16:15 -0300] "GET /manager/html HTTP/1.1" 401 2474
51.83.75.133 - - [17/Aug/2022:18:16:25 -0300] "GET /manager/html HTTP/1.1" 401 2474
51.83.75.133 - - [17/Aug/2022:18:16:36 -0300] "GET /manager/html HTTP/1.1" 401 2474
51.83.75.133 - - [17/Aug/2022:18:16:47 -0300] "GET /manager/html HTTP/1.1" 401 2474
51.83.75.133 - - [17/Aug/2022:18:16:57 -0300] "GET /manager/html HTTP/1.1" 401 2474
51.83.75.133 - - [17/Aug/2022:18:17:08 -0300] "GET /manager/html HTTP/1.1" 401 2474
51.83.75.133 - - [17/Aug/2022:18:17:16 -0300] "GET /manager/html HTTP/1.1" 401 2474
51.83.75.133 - - [17/Aug/2022:18:17:26 -0300] "GET /manager/html HTTP/1.1" 401 2474
51.83.75.133 - - [17/Aug/2022:18:17:37 -0300] "GET /manager/html HTTP/1.1" 401 2474
51.83.75.133 - - [17/Aug/2022:18:17:47 -0300] "GET /manager/html HTTP/1.1" 401 2474
51.83.75.133 - - [17/Aug/2022:18:17:58 -0300] "GET /manager/html HTTP/1.1" 401 2474
51.83.75.133 - - [17/Aug/2022:18:18:09 -0300] "GET /manager/html HTTP/1.1" 401 2474
51.83.75.133 - - [17/Aug/2022:18:18:16 -0300] "GET /manager/html HTTP/1.1" 401 2474
190.171.141.90 - - [17/Aug/2022:18:18:19 -0300] "GET /cormun/servlet/prfichaempleado?,MD,,gxPopupLevel%3D0%3B HTTP/1.1" 200 9246
51.83.75.133 - - [17/Aug/2022:18:18:27 -0300] "GET /manager/html HTTP/1.1" 401 2474
51.83.75.133 - - [17/Aug/2022:18:18:37 -0300] "GET /manager/html HTTP/1.1" 401 2474
190.171.141.90 - - [17/Aug/2022:18:18:43 -0300] "POST /cormun/servlet/prfichaempleado?d9433dab3787b92999a546944b7609e4,,MD,,gxPopupLevel%3D0%3B,gx-no-cache=1660770303009 HTTP/1.1" 200 3400
190.171.141.90 - - [17/Aug/2022:18:18:47 -0300] "GET /cormun/servlet/permisogoce?7d47abc74ecc1fc856b124bab807e03f221ba18366d3210287a70ccd46221630b179de706d19cdf6c68eace8765b6733375c719a3d5f5c6a55cc091a25c02858,gx-no-cache=1660770307334 HTTP/1.1" 200 70
190.171.141.90 - - [17/Aug/2022:18:18:47 -0300] "GET /cormun/static/menuarrow.gif HTTP/1.1" 404 1015
51.83.75.133 - - [17/Aug/2022:18:18:48 -0300] "GET /manager/html HTTP/1.1" 401 2474
190.171.141.90 - - [17/Aug/2022:18:18:53 -0300] "GET /cormun/servlet/permisogoce?7d47abc74ecc1fc856b124bab807e03f3f4ca2679e5b5a31575aa7873967a591750d185de6e8e7d2f02b0858aa7e411418a89616aae00ba77bdaa8ce66a4a9c2,gx-no-cache=1660770313448 HTTP/1.1" 200 47
51.83.75.133 - - [17/Aug/2022:18:18:59 -0300] "GET /manager/html HTTP/1.1" 401 2474
190.171.141.90 - - [17/Aug/2022:18:19:03 -0300] "POST /cormun/servlet/permisogoce?d9433dab3787b92999a546944b7609e4,INS,0,,,,gx-no-cache=1660770323006 HTTP/1.1" 200 93
190.171.141.90 - - [17/Aug/2022:18:19:03 -0300] "GET /cormun/servlet/hpexe_return? HTTP/1.1" 200 1013
190.171.141.90 - - [17/Aug/2022:18:19:04 -0300] "GET /cormun/servlet/trpermisosgoce HTTP/1.1" 200 16109
190.171.141.90 - - [17/Aug/2022:18:19:04 -0300] "GET /cormun/servlet/trpermisosgoce HTTP/1.1" 200 16088
51.83.75.133 - - [17/Aug/2022:18:19:10 -0300] "GET /manager/html HTTP/1.1" 401 2474
51.83.75.133 - - [17/Aug/2022:18:19:17 -0300] "GET /manager/html HTTP/1.1" 401 2474
181.212.43.89 - - [17/Aug/2022:18:19:22 -0300] "GET /cormun/servlet/hhome HTTP/1.1" 200 3340
181.212.43.89 - - [17/Aug/2022:18:19:23 -0300] "GET /cormun/servlet/hlogin HTTP/1.1" 200 1742
181.212.43.89 - - [17/Aug/2022:18:19:23 -0300] "GET /cormun/servlet/hhome HTTP/1.1" 200 3336
51.83.75.133 - - [17/Aug/2022:18:19:28 -0300] "GET /manager/html HTTP/1.1" 401 2474
198.98.59.44 - - [17/Aug/2022:18:19:29 -0300] "GET /manager/html HTTP/1.1" 401 2474
198.98.59.44 - - [17/Aug/2022:18:19:29 -0300] "GET /manager/html HTTP/1.1" 401 2474
190.171.141.90 - - [17/Aug/2022:18:19:30 -0300] "GET /cormun/servlet/permisogoce?INS,0,,, HTTP/1.1" 200 7092
190.171.141.90 - - [17/Aug/2022:18:19:30 -0300] "GET /cormun/servlet/permisogoce?INS,0,,, HTTP/1.1" 200 7108
51.83.75.133 - - [17/Aug/2022:18:19:38 -0300] "GET /manager/html HTTP/1.1" 401 2474
190.171.141.90 - - [17/Aug/2022:18:19:42 -0300] "GET /cormun/servlet/permisogoce?7d47abc74ecc1fc856b124bab807e03fb1cb90cb08d105ba0d949820cdf2cefc2e99735ffc3e9836d684613c1cc40c9b1cbcc983956b112931925e32fa21ec5f,gx-no-cache=1660770362325 HTTP/1.1" 200 226
190.171.141.90 - - [17/Aug/2022:18:19:42 -0300] "GET /cormun/static/Shared/jqueryui/images/ui-icons_82798d_256x240.png HTTP/1.1" 404 1089
190.171.141.90 - - [17/Aug/2022:18:19:42 -0300] "GET /cormun/static/Shared/jqueryui/images/ui-bg_highlight-soft_100_c6c2c8_1x100.png HTTP/1.1" 404 1117
190.171.141.90 - - [17/Aug/2022:18:19:42 -0300] "GET /cormun/static/Shared/jqueryui/images/ui-bg_flat_55_994d53_40x100.png HTTP/1.1" 404 1097
190.171.141.90 - - [17/Aug/2022:18:19:42 -0300] "GET /cormun/static/Shared/jqueryui/images/ui-icons_ebccce_256x240.png HTTP/1.1" 404 1089
190.171.141.90 - - [17/Aug/2022:18:19:47 -0300] "GET /cormun/servlet/prfichaempleado?,MD,,gxPopupLevel%3D0%3B HTTP/1.1" 200 9246
51.83.75.133 - - [17/Aug/2022:18:19:49 -0300] "GET /manager/html HTTP/1.1" 401 2474
190.171.141.90 - - [17/Aug/2022:18:19:55 -0300] "GET /cormun/servlet/permisogoce?7d47abc74ecc1fc856b124bab807e03fb1cb90cb08d105ba0d949820cdf2cefcb179de706d19cdf6c68eace8765b6733375c719a3d5f5c6a55cc091a25c02858,gx-no-cache=1660770374483 HTTP/1.1" 200 84
190.171.141.90 - - [17/Aug/2022:18:19:55 -0300] "GET /cormun/static/menuarrow.gif HTTP/1.1" 404 1015
51.83.75.133 - - [17/Aug/2022:18:20:00 -0300] "GET /manager/html HTTP/1.1" 401 2474
190.171.141.90 - - [17/Aug/2022:18:20:05 -0300] "GET /cormun/servlet/permisogoce?7d47abc74ecc1fc856b124bab807e03fc94eb8ef869fec9553dd2401d10ebcc2f9d2f8677db0140ee463d57a99038cb518a89616aae00ba77bdaa8ce66a4a9c2,gx-no-cache=1660770385371 HTTP/1.1" 200 48
51.83.75.133 - - [17/Aug/2022:18:20:10 -0300] "GET /manager/html HTTP/1.1" 401 2474
51.83.75.133 - - [17/Aug/2022:18:20:18 -0300] "GET /manager/html HTTP/1.1" 401 2474
51.83.75.133 - - [17/Aug/2022:18:20:29 -0300] "GET /manager/html HTTP/1.1" 401 2474
190.171.141.90 - - [17/Aug/2022:18:20:37 -0300] "POST /cormun/servlet/permisogoce?d9433dab3787b92999a546944b7609e4,INS,0,,,,gx-no-cache=1660770417153 HTTP/1.1" 200 93
190.171.141.90 - - [17/Aug/2022:18:20:37 -0300] "GET /cormun/servlet/hpexe_return? HTTP/1.1" 200 1013
190.171.141.90 - - [17/Aug/2022:18:20:38 -0300] "GET /cormun/servlet/trpermisosgoce HTTP/1.1" 200 16354
190.171.141.90 - - [17/Aug/2022:18:20:38 -0300] "GET /cormun/servlet/trpermisosgoce HTTP/1.1" 200 16349
51.83.75.133 - - [17/Aug/2022:18:20:39 -0300] "GET /manager/html HTTP/1.1" 401 2474
190.171.141.90 - - [17/Aug/2022:18:20:42 -0300] "GET /cormun/servlet/permisogoce?INS,0,,, HTTP/1.1" 200 7092
190.171.141.90 - - [17/Aug/2022:18:20:42 -0300] "GET /cormun/servlet/permisogoce?INS,0,,, HTTP/1.1" 200 7108
190.171.141.90 - - [17/Aug/2022:18:20:45 -0300] "GET /cormun/servlet/prfichaempleado?,MD,,gxPopupLevel%3D0%3B HTTP/1.1" 200 9246
51.83.75.133 - - [17/Aug/2022:18:20:50 -0300] "GET /manager/html HTTP/1.1" 401 2474
190.171.141.90 - - [17/Aug/2022:18:20:54 -0300] "POST /cormun/servlet/prfichaempleado?d9433dab3787b92999a546944b7609e4,,MD,,gxPopupLevel%3D0%3B,gx-no-cache=1660770434414 HTTP/1.1" 200 3178
51.83.75.133 - - [17/Aug/2022:18:21:01 -0300] "GET /manager/html HTTP/1.1" 401 2474
190.171.141.90 - - [17/Aug/2022:18:21:02 -0300] "POST /cormun/servlet/prfichaempleado?d9433dab3787b92999a546944b7609e4,,MD,,gxPopupLevel%3D0%3B,gx-no-cache=1660770442099 HTTP/1.1" 200 5770
198.98.59.44 - - [17/Aug/2022:18:21:10 -0300] "GET /manager/html HTTP/1.1" 401 2474
198.98.59.44 - - [17/Aug/2022:18:21:10 -0300] "GET /manager/html HTTP/1.1" 401 2474
51.83.75.133 - - [17/Aug/2022:18:21:11 -0300] "GET /manager/html HTTP/1.1" 401 2474
51.83.75.133 - - [17/Aug/2022:18:21:19 -0300] "GET /manager/html HTTP/1.1" 401 2474
51.83.75.133 - - [17/Aug/2022:18:21:30 -0300] "GET /manager/html HTTP/1.1" 401 2474
51.83.75.133 - - [17/Aug/2022:18:21:40 -0300] "GET /manager/html HTTP/1.1" 401 2474
51.83.75.133 - - [17/Aug/2022:18:21:51 -0300] "GET /manager/html HTTP/1.1" 401 2474
51.83.75.133 - - [17/Aug/2022:18:22:02 -0300] "GET /manager/html HTTP/1.1" 401 2474
51.83.75.133 - - [17/Aug/2022:18:22:12 -0300] "GET /manager/html HTTP/1.1" 401 2474
51.83.75.133 - - [17/Aug/2022:18:22:20 -0300] "GET /manager/html HTTP/1.1" 401 2474
51.83.75.133 - - [17/Aug/2022:18:22:31 -0300] "GET /manager/html HTTP/1.1" 401 2474
190.171.141.90 - - [17/Aug/2022:18:22:38 -0300] "GET /cormun/servlet/permisogoce?7d47abc74ecc1fc856b124bab807e03f3bbd47c9dd7504110cbf1c5abeb67654b179de706d19cdf6c68eace8765b6733375c719a3d5f5c6a55cc091a25c02858,gx-no-cache=1660770538030 HTTP/1.1" 200 82
190.171.141.90 - - [17/Aug/2022:18:22:38 -0300] "GET /cormun/static/menuarrow.gif HTTP/1.1" 404 1015
