51.83.75.133 - - [17/Aug/2022:18:22:42 -0300] "GET /manager/html HTTP/1.1" 401 2474
190.171.141.90 - - [17/Aug/2022:18:22:45 -0300] "GET /cormun/servlet/permisogoce?7d47abc74ecc1fc856b124bab807e03f48f67a99b4da52229db24675ffa9e4a149519be67c6bd26d3960cb8a3b3469bb18a89616aae00ba77bdaa8ce66a4a9c2,gx-no-cache=1660770544772 HTTP/1.1" 200 47
190.171.141.90 - - [17/Aug/2022:18:22:49 -0300] "POST /cormun/servlet/permisogoce?d9433dab3787b92999a546944b7609e4,INS,0,,,,gx-no-cache=1660770548766 HTTP/1.1" 200 93
190.171.141.90 - - [17/Aug/2022:18:22:49 -0300] "GET /cormun/servlet/hpexe_return? HTTP/1.1" 200 1013
190.171.141.90 - - [17/Aug/2022:18:22:49 -0300] "GET /cormun/servlet/trpermisosgoce HTTP/1.1" 200 16590
190.171.141.90 - - [17/Aug/2022:18:22:50 -0300] "GET /cormun/servlet/trpermisosgoce HTTP/1.1" 200 16572
198.98.59.44 - - [17/Aug/2022:18:22:52 -0300] "GET /manager/html HTTP/1.1" 401 2474
51.83.75.133 - - [17/Aug/2022:18:22:53 -0300] "GET /manager/html HTTP/1.1" 401 2474
51.83.75.133 - - [17/Aug/2022:18:23:03 -0300] "GET /manager/html HTTP/1.1" 401 2474
190.171.141.90 - - [17/Aug/2022:18:23:06 -0300] "GET /cormun/servlet/permisogoce?INS,0,,, HTTP/1.1" 200 7092
190.171.141.90 - - [17/Aug/2022:18:23:06 -0300] "GET /cormun/servlet/permisogoce?INS,0,,, HTTP/1.1" 200 7108
190.171.141.90 - - [17/Aug/2022:18:23:10 -0300] "GET /cormun/servlet/prfichaempleado?,MD,,gxPopupLevel%3D0%3B HTTP/1.1" 200 9246
51.83.75.133 - - [17/Aug/2022:18:23:13 -0300] "GET /manager/html HTTP/1.1" 401 2474
181.212.47.137 - - [17/Aug/2022:18:23:22 -0300] "GET /cormun/servlet/trsolicitudgral? HTTP/1.1" 500 10
51.83.75.133 - - [17/Aug/2022:18:23:22 -0300] "GET /manager/html HTTP/1.1" 401 2474
181.212.47.137 - - [17/Aug/2022:18:23:23 -0300] "GET /cormun/servlet/trsolicitudgral? HTTP/1.1" 500 10
181.212.47.137 - - [17/Aug/2022:18:23:24 -0300] "GET /cormun/servlet/trsolicitudgral? HTTP/1.1" 500 10
181.212.47.137 - - [17/Aug/2022:18:23:25 -0300] "GET /cormun/servlet/trsolicitudgral? HTTP/1.1" 500 10
181.212.47.137 - - [17/Aug/2022:18:23:28 -0300] "GET /cormun/servlet/hlogin HTTP/1.1" 200 1730
190.171.141.90 - - [17/Aug/2022:18:23:32 -0300] "GET /cormun/servlet/prfichaempleado?,MD,,gxPopupLevel%3D0%3B HTTP/1.1" 200 9246
51.83.75.133 - - [17/Aug/2022:18:23:33 -0300] "GET /manager/html HTTP/1.1" 401 2474
181.212.47.137 - - [17/Aug/2022:18:23:33 -0300] "POST /cormun/servlet/hlogin?33b4c56fa781e795d187b416ad754f6e,gx-no-cache=1660770419292 HTTP/1.1" 200 90
181.212.47.137 - - [17/Aug/2022:18:23:34 -0300] "GET /cormun/servlet/hpexe_link HTTP/1.1" 200 957
181.212.47.137 - - [17/Aug/2022:18:23:34 -0300] "GET /cormun/servlet/hhome HTTP/1.1" 200 3794
181.212.47.137 - - [17/Aug/2022:18:23:34 -0300] "GET /cormun/servlet/hhome HTTP/1.1" 200 3791
181.212.47.137 - - [17/Aug/2022:18:23:36 -0300] "GET /cormun/servlet/trsolicitudgral? HTTP/1.1" 200 29224
181.212.47.137 - - [17/Aug/2022:18:23:37 -0300] "GET /cormun/servlet/trsolicitudgral? HTTP/1.1" 200 29221
51.83.75.133 - - [17/Aug/2022:18:23:44 -0300] "GET /manager/html HTTP/1.1" 401 2474
181.212.47.137 - - [17/Aug/2022:18:23:46 -0300] "POST /cormun/servlet/trsolicitudgral?33b4c56fa781e795d187b416ad754f6e,,gx-no-cache=1660770431464 HTTP/1.1" 200 5256
190.171.141.90 - - [17/Aug/2022:18:23:47 -0300] "POST /cormun/servlet/prfichaempleado?d9433dab3787b92999a546944b7609e4,,MD,,gxPopupLevel%3D0%3B,gx-no-cache=1660770607415 HTTP/1.1" 200 3181
190.171.141.90 - - [17/Aug/2022:18:23:53 -0300] "POST /cormun/servlet/prfichaempleado?d9433dab3787b92999a546944b7609e4,,MD,,gxPopupLevel%3D0%3B,gx-no-cache=1660770613140 HTTP/1.1" 200 3170
51.83.75.133 - - [17/Aug/2022:18:23:55 -0300] "GET /manager/html HTTP/1.1" 401 2474
51.83.75.133 - - [17/Aug/2022:18:24:06 -0300] "GET /manager/html HTTP/1.1" 401 2474
51.83.75.133 - - [17/Aug/2022:18:24:14 -0300] "GET /manager/html HTTP/1.1" 401 2474
51.83.75.133 - - [17/Aug/2022:18:24:25 -0300] "GET /manager/html HTTP/1.1" 401 2474
190.171.141.90 - - [17/Aug/2022:18:24:25 -0300] "GET /cormun/servlet/permisogoce?7d47abc74ecc1fc856b124bab807e03f9fcc32d0eaf88dee19c8aec3c7800f4cb179de706d19cdf6c68eace8765b6733375c719a3d5f5c6a55cc091a25c02858,gx-no-cache=1660770645278 HTTP/1.1" 200 86
190.171.141.90 - - [17/Aug/2022:18:24:25 -0300] "GET /cormun/static/menuarrow.gif HTTP/1.1" 404 1015
190.171.141.90 - - [17/Aug/2022:18:24:32 -0300] "GET /cormun/servlet/permisogoce?7d47abc74ecc1fc856b124bab807e03fd7b53fbef4efe19f20277a955953fdafa478de8c0e7f5cd07652fc86ae3e51fc18a89616aae00ba77bdaa8ce66a4a9c2,gx-no-cache=1660770652348 HTTP/1.1" 200 48
51.83.75.133 - - [17/Aug/2022:18:24:36 -0300] "GET /manager/html HTTP/1.1" 401 2474
190.171.141.90 - - [17/Aug/2022:18:24:42 -0300] "POST /cormun/servlet/permisogoce?d9433dab3787b92999a546944b7609e4,INS,0,,,,gx-no-cache=1660770661400 HTTP/1.1" 200 93
190.171.141.90 - - [17/Aug/2022:18:24:42 -0300] "GET /cormun/servlet/hpexe_return? HTTP/1.1" 200 1013
190.171.141.90 - - [17/Aug/2022:18:24:42 -0300] "GET /cormun/servlet/trpermisosgoce HTTP/1.1" 200 16779
190.171.141.90 - - [17/Aug/2022:18:24:43 -0300] "GET /cormun/servlet/trpermisosgoce HTTP/1.1" 200 16775
51.83.75.133 - - [17/Aug/2022:18:24:46 -0300] "GET /manager/html HTTP/1.1" 401 2474
190.171.141.90 - - [17/Aug/2022:18:24:56 -0300] "GET /cormun/servlet/permisogoce?INS,0,,, HTTP/1.1" 200 7093
190.171.141.90 - - [17/Aug/2022:18:24:56 -0300] "GET /cormun/servlet/permisogoce?INS,0,,, HTTP/1.1" 200 7109
51.83.75.133 - - [17/Aug/2022:18:24:57 -0300] "GET /manager/html HTTP/1.1" 401 2474
190.171.141.90 - - [17/Aug/2022:18:24:59 -0300] "GET /cormun/servlet/prfichaempleado?,MD,,gxPopupLevel%3D0%3B HTTP/1.1" 200 9246
51.83.75.133 - - [17/Aug/2022:18:25:08 -0300] "GET /manager/html HTTP/1.1" 401 2474
51.83.75.133 - - [17/Aug/2022:18:25:15 -0300] "GET /manager/html HTTP/1.1" 401 2474
190.171.141.90 - - [17/Aug/2022:18:25:19 -0300] "POST /cormun/servlet/prfichaempleado?d9433dab3787b92999a546944b7609e4,,MD,,gxPopupLevel%3D0%3B,gx-no-cache=1660770698681 HTTP/1.1" 200 3420
190.171.141.90 - - [17/Aug/2022:18:25:24 -0300] "GET /cormun/servlet/permisogoce?7d47abc74ecc1fc856b124bab807e03f6b8f438dcb9a46dfa29e047fd44d36e4b179de706d19cdf6c68eace8765b6733375c719a3d5f5c6a55cc091a25c02858,gx-no-cache=1660770703967 HTTP/1.1" 200 85
190.171.141.90 - - [17/Aug/2022:18:25:24 -0300] "GET /cormun/static/menuarrow.gif HTTP/1.1" 404 1015
51.83.75.133 - - [17/Aug/2022:18:25:26 -0300] "GET /manager/html HTTP/1.1" 401 2474
51.83.75.133 - - [17/Aug/2022:18:25:37 -0300] "GET /manager/html HTTP/1.1" 401 2474
190.171.141.90 - - [17/Aug/2022:18:25:39 -0300] "GET /cormun/servlet/permisogoce?7d47abc74ecc1fc856b124bab807e03f34d3ef702700a4bd78ffff33ff143ecea3ef8a37e2ecf955c6b97e31f6a7446918a89616aae00ba77bdaa8ce66a4a9c2,gx-no-cache=1660770718884 HTTP/1.1" 200 48
190.171.141.90 - - [17/Aug/2022:18:25:44 -0300] "POST /cormun/servlet/permisogoce?d9433dab3787b92999a546944b7609e4,INS,0,,,,gx-no-cache=1660770723776 HTTP/1.1" 200 93
190.171.141.90 - - [17/Aug/2022:18:25:44 -0300] "GET /cormun/servlet/hpexe_return? HTTP/1.1" 200 1013
190.171.141.90 - - [17/Aug/2022:18:25:44 -0300] "GET /cormun/servlet/trpermisosgoce HTTP/1.1" 200 17011
190.171.141.90 - - [17/Aug/2022:18:25:45 -0300] "GET /cormun/servlet/trpermisosgoce HTTP/1.1" 200 17002
51.83.75.133 - - [17/Aug/2022:18:25:47 -0300] "GET /manager/html HTTP/1.1" 401 2474
51.83.75.133 - - [17/Aug/2022:18:25:58 -0300] "GET /manager/html HTTP/1.1" 401 2474
190.171.141.90 - - [17/Aug/2022:18:26:00 -0300] "GET /cormun/servlet/permisogoce?INS,0,,, HTTP/1.1" 200 7092
190.171.141.90 - - [17/Aug/2022:18:26:00 -0300] "GET /cormun/servlet/permisogoce?INS,0,,, HTTP/1.1" 200 7108
51.83.75.133 - - [17/Aug/2022:18:26:09 -0300] "GET /manager/html HTTP/1.1" 401 2474
51.83.75.133 - - [17/Aug/2022:18:26:16 -0300] "GET /manager/html HTTP/1.1" 401 2474
51.83.75.133 - - [17/Aug/2022:18:26:27 -0300] "GET /manager/html HTTP/1.1" 401 2474
51.83.75.133 - - [17/Aug/2022:18:26:37 -0300] "GET /manager/html HTTP/1.1" 401 2474
51.83.75.133 - - [17/Aug/2022:18:26:48 -0300] "GET /manager/html HTTP/1.1" 401 2474
190.171.141.90 - - [17/Aug/2022:18:26:53 -0300] "GET /cormun/servlet/prfichaempleado?,MD,,gxPopupLevel%3D0%3B HTTP/1.1" 200 9246
51.83.75.133 - - [17/Aug/2022:18:26:59 -0300] "GET /manager/html HTTP/1.1" 401 2474
51.83.75.133 - - [17/Aug/2022:18:27:09 -0300] "GET /manager/html HTTP/1.1" 401 2474
51.83.75.133 - - [17/Aug/2022:18:27:17 -0300] "GET /manager/html HTTP/1.1" 401 2474
51.83.75.133 - - [17/Aug/2022:18:27:27 -0300] "GET /manager/html HTTP/1.1" 401 2474
51.83.75.133 - - [17/Aug/2022:18:27:38 -0300] "GET /manager/html HTTP/1.1" 401 2474
51.83.75.133 - - [17/Aug/2022:18:27:48 -0300] "GET /manager/html HTTP/1.1" 401 2474
190.171.141.90 - - [17/Aug/2022:18:27:53 -0300] "POST /cormun/servlet/prfichaempleado?d9433dab3787b92999a546944b7609e4,,MD,,gxPopupLevel%3D0%3B,gx-no-cache=1660770855438 HTTP/1.1" 200 3417
51.83.75.133 - - [17/Aug/2022:18:27:59 -0300] "GET /manager/html HTTP/1.1" 401 2474
190.171.141.90 - - [17/Aug/2022:18:28:01 -0300] "GET /cormun/servlet/permisogoce?7d47abc74ecc1fc856b124bab807e03fc4a26a7c1b793ec1ed100428ab5f520ead8e9f7745881ddda7073778f663379e983553647b60d80832be3c0ab41e7237,gx-no-cache=1660770862877 HTTP/1.1" 200 85
190.171.141.90 - - [17/Aug/2022:18:28:01 -0300] "GET /cormun/static/menuarrow.gif HTTP/1.1" 404 1015
190.171.141.90 - - [17/Aug/2022:18:28:07 -0300] "GET /cormun/servlet/permisogoce?7d47abc74ecc1fc856b124bab807e03fe099fe9141d1dca49e967f6017e444728e9be3a0807dbe3dce2c09976b783394993aa5b0a0cfbe8df4892dbc9da090d1,gx-no-cache=1660770869377 HTTP/1.1" 200 47
51.83.75.133 - - [17/Aug/2022:18:28:10 -0300] "GET /manager/html HTTP/1.1" 401 2474
51.83.75.133 - - [17/Aug/2022:18:28:17 -0300] "GET /manager/html HTTP/1.1" 401 2474
190.171.141.90 - - [17/Aug/2022:18:28:21 -0300] "POST /cormun/servlet/permisogoce?d9433dab3787b92999a546944b7609e4,INS,0,,,,gx-no-cache=1660770882845 HTTP/1.1" 200 93
190.171.141.90 - - [17/Aug/2022:18:28:21 -0300] "GET /cormun/servlet/hpexe_return? HTTP/1.1" 200 1013
190.171.141.90 - - [17/Aug/2022:18:28:21 -0300] "GET /cormun/servlet/trpermisosgoce HTTP/1.1" 200 17270
190.171.141.90 - - [17/Aug/2022:18:28:22 -0300] "GET /cormun/servlet/trpermisosgoce HTTP/1.1" 200 17247
51.83.75.133 - - [17/Aug/2022:18:28:28 -0300] "GET /manager/html HTTP/1.1" 401 2474
190.171.141.90 - - [17/Aug/2022:18:28:30 -0300] "GET /cormun/servlet/permisogoce?INS,0,,, HTTP/1.1" 200 7092
190.171.141.90 - - [17/Aug/2022:18:28:30 -0300] "GET /cormun/servlet/permisogoce?INS,0,,, HTTP/1.1" 200 7108
51.83.75.133 - - [17/Aug/2022:18:28:38 -0300] "GET /manager/html HTTP/1.1" 401 2474
51.83.75.133 - - [17/Aug/2022:18:28:49 -0300] "GET /manager/html HTTP/1.1" 401 2474
51.83.75.133 - - [17/Aug/2022:18:29:00 -0300] "GET /manager/html HTTP/1.1" 401 2474
51.83.75.133 - - [17/Aug/2022:18:29:10 -0300] "GET /manager/html HTTP/1.1" 401 2474
51.83.75.133 - - [17/Aug/2022:18:29:18 -0300] "GET /manager/html HTTP/1.1" 401 2474
190.171.141.90 - - [17/Aug/2022:18:29:28 -0300] "GET /cormun/servlet/prfichaempleado?,MD,,gxPopupLevel%3D0%3B HTTP/1.1" 200 9246
51.83.75.133 - - [17/Aug/2022:18:29:29 -0300] "GET /manager/html HTTP/1.1" 401 2474
190.171.141.90 - - [17/Aug/2022:18:29:37 -0300] "POST /cormun/servlet/prfichaempleado?d9433dab3787b92999a546944b7609e4,,MD,,gxPopupLevel%3D0%3B,gx-no-cache=1660770958764 HTTP/1.1" 200 3408
51.83.75.133 - - [17/Aug/2022:18:29:39 -0300] "GET /manager/html HTTP/1.1" 401 2474
190.171.141.90 - - [17/Aug/2022:18:29:40 -0300] "GET /cormun/servlet/permisogoce?7d47abc74ecc1fc856b124bab807e03f801609528280e2089bc25aae4936069fb179de706d19cdf6c68eace8765b6733375c719a3d5f5c6a55cc091a25c02858,gx-no-cache=1660770961908 HTTP/1.1" 200 78
190.171.141.90 - - [17/Aug/2022:18:29:40 -0300] "GET /cormun/static/menuarrow.gif HTTP/1.1" 404 1015
190.171.141.90 - - [17/Aug/2022:18:29:49 -0300] "GET /cormun/servlet/permisogoce?7d47abc74ecc1fc856b124bab807e03f45d788ded68b3b8bb4b14029b0e590a21124aad473f6937e9fefd76ef1692e7218a89616aae00ba77bdaa8ce66a4a9c2,gx-no-cache=1660770971097 HTTP/1.1" 200 48
51.83.75.133 - - [17/Aug/2022:18:29:50 -0300] "GET /manager/html HTTP/1.1" 401 2474
190.171.141.90 - - [17/Aug/2022:18:29:59 -0300] "POST /cormun/servlet/permisogoce?d9433dab3787b92999a546944b7609e4,INS,0,,,,gx-no-cache=1660770980509 HTTP/1.1" 200 93
190.171.141.90 - - [17/Aug/2022:18:29:59 -0300] "GET /cormun/servlet/hpexe_return? HTTP/1.1" 200 1013
190.171.141.90 - - [17/Aug/2022:18:29:59 -0300] "GET /cormun/servlet/trpermisosgoce HTTP/1.1" 200 17437
190.171.141.90 - - [17/Aug/2022:18:30:00 -0300] "GET /cormun/servlet/trpermisosgoce HTTP/1.1" 200 17433
51.83.75.133 - - [17/Aug/2022:18:30:01 -0300] "GET /manager/html HTTP/1.1" 401 2474
51.83.75.133 - - [17/Aug/2022:18:30:11 -0300] "GET /manager/html HTTP/1.1" 401 2474
51.83.75.133 - - [17/Aug/2022:18:30:19 -0300] "GET /manager/html HTTP/1.1" 401 2474
51.83.75.133 - - [17/Aug/2022:18:30:30 -0300] "GET /manager/html HTTP/1.1" 401 2474
51.83.75.133 - - [17/Aug/2022:18:30:41 -0300] "GET /manager/html HTTP/1.1" 401 2474
51.83.75.133 - - [17/Aug/2022:18:30:52 -0300] "GET /manager/html HTTP/1.1" 401 2474
190.171.141.90 - - [17/Aug/2022:18:30:55 -0300] "GET /cormun/servlet/trpermisosadjuntos?18302712,20220817165744,P, HTTP/1.1" 200 6530
190.171.141.90 - - [17/Aug/2022:18:30:55 -0300] "GET /cormun/servlet/trpermisosadjuntos?18302712,20220817165744,P, HTTP/1.1" 200 6530
190.171.141.90 - - [17/Aug/2022:18:30:57 -0300] "GET /cormun/servlet/permisosadjuntos?INS,18302712,P,20220817165744,, HTTP/1.1" 200 5861
190.171.141.90 - - [17/Aug/2022:18:30:58 -0300] "GET /cormun/static/about:blank HTTP/1.1" 404 1011
190.171.141.90 - - [17/Aug/2022:18:30:58 -0300] "GET /cormun/servlet/permisosadjuntos?INS,18302712,P,20220817165744,, HTTP/1.1" 200 5851
51.83.75.133 - - [17/Aug/2022:18:31:02 -0300] "GET /manager/html HTTP/1.1" 401 2474
186.103.157.42 - - [17/Aug/2022:18:31:03 -0300] "GET /cormun/servlet/hlogin HTTP/1.1" 200 1724
190.171.141.90 - - [17/Aug/2022:18:31:08 -0300] "POST /cormun/servlet/permisosadjuntos?d9433dab3787b92999a546944b7609e4,INS,18302712,P,20220817165744,, HTTP/1.1" 200 116
190.171.141.90 - - [17/Aug/2022:18:31:08 -0300] "GET /cormun/servlet/hpexe_return? HTTP/1.1" 200 1041
190.171.141.90 - - [17/Aug/2022:18:31:08 -0300] "GET /cormun/servlet/trpermisosadjuntos?18302712,20220817165744,P, HTTP/1.1" 200 7031
190.171.141.90 - - [17/Aug/2022:18:31:08 -0300] "GET /cormun/servlet/trpermisosadjuntos?18302712,20220817165744,P, HTTP/1.1" 200 7027
190.171.141.90 - - [17/Aug/2022:18:31:12 -0300] "POST /cormun/servlet/trpermisosadjuntos?d9433dab3787b92999a546944b7609e4,18302712,20220817165744,P,,gx-no-cache=1660771053686 HTTP/1.1" 200 90
190.171.141.90 - - [17/Aug/2022:18:31:12 -0300] "GET /cormun/servlet/hpexe_link HTTP/1.1" 200 988
190.171.141.90 - - [17/Aug/2022:18:31:12 -0300] "GET /cormun/servlet/trpermisosgoce HTTP/1.1" 200 17453
51.83.75.133 - - [17/Aug/2022:18:31:12 -0300] "GET /manager/html HTTP/1.1" 401 2474
190.171.141.90 - - [17/Aug/2022:18:31:13 -0300] "GET /cormun/servlet/trpermisosgoce HTTP/1.1" 200 17448
186.103.157.42 - - [17/Aug/2022:18:31:13 -0300] "POST /cormun/servlet/hlogin?52e2751f9fcb70e25901fc9867f712cf,gx-no-cache=1660771639641 HTTP/1.1" 200 90
186.103.157.42 - - [17/Aug/2022:18:31:13 -0300] "GET /cormun/servlet/hpexe_link HTTP/1.1" 200 950
186.103.157.42 - - [17/Aug/2022:18:31:13 -0300] "GET /cormun/servlet/hhome HTTP/1.1" 200 4370
186.103.157.42 - - [17/Aug/2022:18:31:13 -0300] "GET /cormun/servlet/hhome HTTP/1.1" 200 4369
190.171.141.90 - - [17/Aug/2022:18:31:16 -0300] "POST /cormun/servlet/trpermisosgoce?d9433dab3787b92999a546944b7609e4,gx-no-cache=1660771057713 HTTP/1.1" 200 14723
190.171.141.90 - - [17/Aug/2022:18:31:16 -0300] "GET /cormun/static/Shared/jqueryui/images/ui-bg_highlight-soft_100_c6c2c8_1x100.png HTTP/1.1" 404 1117
190.171.141.90 - - [17/Aug/2022:18:31:16 -0300] "GET /cormun/static/Shared/jqueryui/images/ui-icons_82798d_256x240.png HTTP/1.1" 404 1089
190.171.141.90 - - [17/Aug/2022:18:31:16 -0300] "GET /cormun/static/Shared/jqueryui/images/ui-bg_flat_55_fafafa_40x100.png HTTP/1.1" 404 1097
190.171.141.90 - - [17/Aug/2022:18:31:16 -0300] "GET /cormun/static/Shared/jqueryui/images/ui-icons_8d78a5_256x240.png HTTP/1.1" 404 1089
186.103.157.42 - - [17/Aug/2022:18:31:17 -0300] "GET /cormun/servlet/trpermisosgoce? HTTP/1.1" 200 9556
186.103.157.42 - - [17/Aug/2022:18:31:17 -0300] "GET /cormun/servlet/trpermisosgoce? HTTP/1.1" 200 9554
190.171.141.90 - - [17/Aug/2022:18:31:19 -0300] "GET /cormun/servlet/trpermisosadjuntos?16879308,20220817170255,P, HTTP/1.1" 200 6544
190.171.141.90 - - [17/Aug/2022:18:31:19 -0300] "GET /cormun/servlet/trpermisosadjuntos?16879308,20220817170255,P, HTTP/1.1" 200 6544
190.171.141.90 - - [17/Aug/2022:18:31:20 -0300] "GET /cormun/servlet/permisosadjuntos?INS,16879308,P,20220817170255,, HTTP/1.1" 200 5868
190.171.141.90 - - [17/Aug/2022:18:31:20 -0300] "GET /cormun/static/about:blank HTTP/1.1" 404 1011
190.171.141.90 - - [17/Aug/2022:18:31:20 -0300] "GET /cormun/servlet/permisosadjuntos?INS,16879308,P,20220817170255,, HTTP/1.1" 200 5858
186.103.157.42 - - [17/Aug/2022:18:31:21 -0300] "GET /cormun/servlet/permisogoce?INS,0,,, HTTP/1.1" 200 7262
186.103.157.42 - - [17/Aug/2022:18:31:21 -0300] "GET /cormun/servlet/permisogoce?INS,0,,, HTTP/1.1" 200 7262
51.83.75.133 - - [17/Aug/2022:18:31:21 -0300] "GET /manager/html HTTP/1.1" 401 2474
190.171.141.90 - - [17/Aug/2022:18:31:26 -0300] "POST /cormun/servlet/permisosadjuntos?d9433dab3787b92999a546944b7609e4,INS,16879308,P,20220817170255,, HTTP/1.1" 200 116
190.171.141.90 - - [17/Aug/2022:18:31:26 -0300] "GET /cormun/servlet/hpexe_return? HTTP/1.1" 200 1042
190.171.141.90 - - [17/Aug/2022:18:31:26 -0300] "GET /cormun/servlet/trpermisosadjuntos?16879308,20220817170255,P, HTTP/1.1" 200 7043
190.171.141.90 - - [17/Aug/2022:18:31:26 -0300] "GET /cormun/servlet/trpermisosadjuntos?16879308,20220817170255,P, HTTP/1.1" 200 7038
190.171.141.90 - - [17/Aug/2022:18:31:28 -0300] "POST /cormun/servlet/trpermisosadjuntos?d9433dab3787b92999a546944b7609e4,16879308,20220817170255,P,,gx-no-cache=1660771069655 HTTP/1.1" 200 90
190.171.141.90 - - [17/Aug/2022:18:31:28 -0300] "GET /cormun/servlet/hpexe_link HTTP/1.1" 200 1009
190.171.141.90 - - [17/Aug/2022:18:31:28 -0300] "GET /cormun/servlet/trpermisosgoce?gx-no-cache=1660771057713 HTTP/1.1" 200 17414
190.171.141.90 - - [17/Aug/2022:18:31:29 -0300] "GET /cormun/servlet/trpermisosgoce?gx-no-cache=1660771057713 HTTP/1.1" 200 17433
186.103.157.42 - - [17/Aug/2022:18:31:31 -0300] "GET /cormun/servlet/permisogoce?b4c08f11cf06023512bcae1dfbd7c94c165b0b58294d6e7467c5b0ba1918900334619699e3db98030126c6c9d4515d6667af486e2c3115d91674e067a4a1585d,gx-no-cache=1660771657027 HTTP/1.1" 200 79
190.171.141.90 - - [17/Aug/2022:18:31:31 -0300] "POST /cormun/servlet/trpermisosgoce?d9433dab3787b92999a546944b7609e4,gx-no-cache=1660771057713,gx-no-cache=1660771072747 HTTP/1.1" 200 14733
190.171.141.90 - - [17/Aug/2022:18:31:31 -0300] "GET /cormun/static/Shared/jqueryui/images/ui-icons_82798d_256x240.png HTTP/1.1" 404 1089
190.171.141.90 - - [17/Aug/2022:18:31:31 -0300] "GET /cormun/static/Shared/jqueryui/images/ui-bg_highlight-soft_100_c6c2c8_1x100.png HTTP/1.1" 404 1117
190.171.141.90 - - [17/Aug/2022:18:31:31 -0300] "GET /cormun/static/Shared/jqueryui/images/ui-bg_flat_55_fafafa_40x100.png HTTP/1.1" 404 1097
190.171.141.90 - - [17/Aug/2022:18:31:31 -0300] "GET /cormun/static/Shared/jqueryui/images/ui-icons_8d78a5_256x240.png HTTP/1.1" 404 1089
51.83.75.133 - - [17/Aug/2022:18:31:32 -0300] "GET /manager/html HTTP/1.1" 401 2474
186.103.157.42 - - [17/Aug/2022:18:31:32 -0300] "GET /cormun/static/menuarrow.gif HTTP/1.1" 404 1015
190.171.141.90 - - [17/Aug/2022:18:31:34 -0300] "GET /cormun/servlet/trpermisosadjuntos?19747505,20220817170407,P, HTTP/1.1" 200 6561
190.171.141.90 - - [17/Aug/2022:18:31:34 -0300] "GET /cormun/servlet/trpermisosadjuntos?19747505,20220817170407,P, HTTP/1.1" 200 6541
190.171.141.90 - - [17/Aug/2022:18:31:37 -0300] "GET /cormun/servlet/permisosadjuntos?INS,19747505,P,20220817170407,, HTTP/1.1" 200 5868
190.171.141.90 - - [17/Aug/2022:18:31:37 -0300] "GET /cormun/static/about:blank HTTP/1.1" 404 1011
190.171.141.90 - - [17/Aug/2022:18:31:37 -0300] "GET /cormun/servlet/permisosadjuntos?INS,19747505,P,20220817170407,, HTTP/1.1" 200 5858
186.103.157.42 - - [17/Aug/2022:18:31:38 -0300] "GET /cormun/servlet/permisogoce?b4c08f11cf06023512bcae1dfbd7c94cad91c9f54256509cd27c90e99111caac395ac41869be19f22cd6bdcd05a8ba5a5e50f7e6b4f4a1a53f68e92c55499007,gx-no-cache=1660771664578 HTTP/1.1" 200 47
186.103.157.42 - - [17/Aug/2022:18:31:41 -0300] "POST /cormun/servlet/permisogoce?52e2751f9fcb70e25901fc9867f712cf,INS,0,,,,gx-no-cache=1660771667545 HTTP/1.1" 200 93
186.103.157.42 - - [17/Aug/2022:18:31:41 -0300] "GET /cormun/servlet/hpexe_return? HTTP/1.1" 200 1007
186.103.157.42 - - [17/Aug/2022:18:31:42 -0300] "GET /cormun/servlet/trpermisosgoce HTTP/1.1" 200 9826
186.103.157.42 - - [17/Aug/2022:18:31:42 -0300] "GET /cormun/servlet/trpermisosgoce HTTP/1.1" 200 9821
51.83.75.133 - - [17/Aug/2022:18:31:43 -0300] "GET /manager/html HTTP/1.1" 401 2474
186.103.157.42 - - [17/Aug/2022:18:31:45 -0300] "GET /cormun/servlet/apermisogoceprn?16250806,P,20220817171446,PU HTTP/1.1" 200 1658
190.171.141.90 - - [17/Aug/2022:18:31:46 -0300] "POST /cormun/servlet/permisosadjuntos?d9433dab3787b92999a546944b7609e4,INS,19747505,P,20220817170407,, HTTP/1.1" 200 116
190.171.141.90 - - [17/Aug/2022:18:31:46 -0300] "GET /cormun/servlet/hpexe_return? HTTP/1.1" 200 1042
190.171.141.90 - - [17/Aug/2022:18:31:46 -0300] "GET /cormun/servlet/trpermisosadjuntos?19747505,20220817170407,P, HTTP/1.1" 200 7043
190.171.141.90 - - [17/Aug/2022:18:31:46 -0300] "GET /cormun/servlet/trpermisosadjuntos?19747505,20220817170407,P, HTTP/1.1" 200 7039
190.171.141.90 - - [17/Aug/2022:18:31:53 -0300] "POST /cormun/servlet/trpermisosadjuntos?d9433dab3787b92999a546944b7609e4,19747505,20220817170407,P,,gx-no-cache=1660771094806 HTTP/1.1" 200 90
190.171.141.90 - - [17/Aug/2022:18:31:53 -0300] "GET /cormun/servlet/hpexe_link HTTP/1.1" 200 1009
190.171.141.90 - - [17/Aug/2022:18:31:53 -0300] "GET /cormun/servlet/trpermisosgoce?gx-no-cache=1660771057713 HTTP/1.1" 200 17401
51.83.75.133 - - [17/Aug/2022:18:31:53 -0300] "GET /manager/html HTTP/1.1" 401 2474
190.171.141.90 - - [17/Aug/2022:18:31:54 -0300] "GET /cormun/servlet/trpermisosgoce?gx-no-cache=1660771057713 HTTP/1.1" 200 17420
190.171.141.90 - - [17/Aug/2022:18:32:03 -0300] "POST /cormun/servlet/trpermisosgoce?d9433dab3787b92999a546944b7609e4,gx-no-cache=1660771057713,gx-no-cache=1660771105218 HTTP/1.1" 200 14720
190.171.141.90 - - [17/Aug/2022:18:32:04 -0300] "GET /cormun/static/Shared/jqueryui/images/ui-icons_82798d_256x240.png HTTP/1.1" 404 1089
190.171.141.90 - - [17/Aug/2022:18:32:04 -0300] "GET /cormun/static/Shared/jqueryui/images/ui-bg_highlight-soft_100_c6c2c8_1x100.png HTTP/1.1" 404 1117
190.171.141.90 - - [17/Aug/2022:18:32:04 -0300] "GET /cormun/static/Shared/jqueryui/images/ui-icons_8d78a5_256x240.png HTTP/1.1" 404 1089
190.171.141.90 - - [17/Aug/2022:18:32:04 -0300] "GET /cormun/static/Shared/jqueryui/images/ui-bg_flat_55_fafafa_40x100.png HTTP/1.1" 404 1097
51.83.75.133 - - [17/Aug/2022:18:32:04 -0300] "GET /manager/html HTTP/1.1" 401 2474
190.171.141.90 - - [17/Aug/2022:18:32:08 -0300] "GET /cormun/servlet/trpermisosadjuntos?10049006,20220817170631,P, HTTP/1.1" 200 6565
190.171.141.90 - - [17/Aug/2022:18:32:09 -0300] "GET /cormun/servlet/trpermisosadjuntos?10049006,20220817170631,P, HTTP/1.1" 200 6545
190.171.141.90 - - [17/Aug/2022:18:32:12 -0300] "GET /cormun/servlet/permisosadjuntos?INS,10049006,P,20220817170631,, HTTP/1.1" 200 5875
190.171.141.90 - - [17/Aug/2022:18:32:12 -0300] "GET /cormun/static/about:blank HTTP/1.1" 404 1011
190.171.141.90 - - [17/Aug/2022:18:32:12 -0300] "GET /cormun/servlet/permisosadjuntos?INS,10049006,P,20220817170631,, HTTP/1.1" 200 5865
51.83.75.133 - - [17/Aug/2022:18:32:13 -0300] "GET /manager/html HTTP/1.1" 401 2474
51.83.75.133 - - [17/Aug/2022:18:32:23 -0300] "GET /manager/html HTTP/1.1" 401 2474
51.83.75.133 - - [17/Aug/2022:18:32:34 -0300] "GET /manager/html HTTP/1.1" 401 2474
190.171.141.90 - - [17/Aug/2022:18:32:34 -0300] "POST /cormun/servlet/permisosadjuntos?d9433dab3787b92999a546944b7609e4,INS,10049006,P,20220817170631,, HTTP/1.1" 200 116
190.171.141.90 - - [17/Aug/2022:18:32:35 -0300] "GET /cormun/servlet/hpexe_return? HTTP/1.1" 200 1042
190.171.141.90 - - [17/Aug/2022:18:32:35 -0300] "GET /cormun/servlet/trpermisosadjuntos?10049006,20220817170631,P, HTTP/1.1" 200 7042
190.171.141.90 - - [17/Aug/2022:18:32:35 -0300] "GET /cormun/servlet/trpermisosadjuntos?10049006,20220817170631,P, HTTP/1.1" 200 7039
51.83.75.133 - - [17/Aug/2022:18:32:44 -0300] "GET /manager/html HTTP/1.1" 401 2474
190.171.141.90 - - [17/Aug/2022:18:32:46 -0300] "POST /cormun/servlet/trpermisosadjuntos?d9433dab3787b92999a546944b7609e4,10049006,20220817170631,P,,gx-no-cache=1660771147991 HTTP/1.1" 200 90
190.171.141.90 - - [17/Aug/2022:18:32:46 -0300] "GET /cormun/servlet/hpexe_link HTTP/1.1" 200 1009
190.171.141.90 - - [17/Aug/2022:18:32:46 -0300] "GET /cormun/servlet/trpermisosgoce?gx-no-cache=1660771057713 HTTP/1.1" 200 17388
190.171.141.90 - - [17/Aug/2022:18:32:47 -0300] "GET /cormun/servlet/trpermisosgoce?gx-no-cache=1660771057713 HTTP/1.1" 200 17419
51.83.75.133 - - [17/Aug/2022:18:32:55 -0300] "GET /manager/html HTTP/1.1" 401 2474
186.103.157.42 - - [17/Aug/2022:18:32:57 -0300] "GET /cormun/servlet/trautorizarpermisogoce? HTTP/1.1" 200 9419
186.103.157.42 - - [17/Aug/2022:18:32:57 -0300] "GET /cormun/static/gxcfg.js?2020121645532 HTTP/1.1" 200 953
186.103.157.42 - - [17/Aug/2022:18:32:57 -0300] "GET /cormun/static/trautorizarpermisogoce.js?2020121651492 HTTP/1.1" 200 34948
186.103.157.42 - - [17/Aug/2022:18:32:57 -0300] "GET /cormun/servlet/trautorizarpermisogoce? HTTP/1.1" 200 9419
186.103.157.42 - - [17/Aug/2022:18:33:02 -0300] "POST /cormun/servlet/trautorizarpermisogoce?52e2751f9fcb70e25901fc9867f712cf,,gx-no-cache=1660771748098 HTTP/1.1" 200 6433
186.103.157.42 - - [17/Aug/2022:18:33:02 -0300] "GET /cormun/static/Shared/jqueryui/images/ui-icons_8d78a5_256x240.png HTTP/1.1" 404 1089
186.103.157.42 - - [17/Aug/2022:18:33:02 -0300] "GET /cormun/static/Shared/jqueryui/images/ui-bg_highlight-soft_100_c6c2c8_1x100.png HTTP/1.1" 404 1117
186.103.157.42 - - [17/Aug/2022:18:33:02 -0300] "GET /cormun/static/Shared/jqueryui/images/ui-bg_flat_55_fafafa_40x100.png HTTP/1.1" 404 1097
186.103.157.42 - - [17/Aug/2022:18:33:02 -0300] "GET /cormun/static/Shared/jqueryui/images/ui-icons_82798d_256x240.png HTTP/1.1" 404 1089
186.103.157.42 - - [17/Aug/2022:18:33:03 -0300] "POST /cormun/servlet/trautorizarpermisogoce?52e2751f9fcb70e25901fc9867f712cf,,gx-no-cache=1660771748959 HTTP/1.1" 200 6225
186.103.157.42 - - [17/Aug/2022:18:33:03 -0300] "POST /cormun/servlet/trautorizarpermisogoce?52e2751f9fcb70e25901fc9867f712cf,,gx-no-cache=1660771749718 HTTP/1.1" 200 5999
186.103.157.42 - - [17/Aug/2022:18:33:04 -0300] "POST /cormun/servlet/trautorizarpermisogoce?52e2751f9fcb70e25901fc9867f712cf,,gx-no-cache=1660771750430 HTTP/1.1" 200 5775
186.103.157.42 - - [17/Aug/2022:18:33:05 -0300] "POST /cormun/servlet/trautorizarpermisogoce?52e2751f9fcb70e25901fc9867f712cf,,gx-no-cache=1660771751070 HTTP/1.1" 200 5555
186.103.157.42 - - [17/Aug/2022:18:33:05 -0300] "POST /cormun/servlet/trautorizarpermisogoce?52e2751f9fcb70e25901fc9867f712cf,,gx-no-cache=1660771751582 HTTP/1.1" 200 5273
51.83.75.133 - - [17/Aug/2022:18:33:06 -0300] "GET /manager/html HTTP/1.1" 401 2474
186.103.157.42 - - [17/Aug/2022:18:33:06 -0300] "POST /cormun/servlet/trautorizarpermisogoce?52e2751f9fcb70e25901fc9867f712cf,,gx-no-cache=1660771752231 HTTP/1.1" 200 4520
186.103.157.42 - - [17/Aug/2022:18:33:14 -0300] "GET /cormun/servlet/trpermisosgoce? HTTP/1.1" 200 9822
186.103.157.42 - - [17/Aug/2022:18:33:14 -0300] "GET /cormun/servlet/trpermisosgoce? HTTP/1.1" 200 9821
51.83.75.133 - - [17/Aug/2022:18:33:14 -0300] "GET /manager/html HTTP/1.1" 401 2474
186.103.157.42 - - [17/Aug/2022:18:33:21 -0300] "GET /cormun/static/menuarrow.gif HTTP/1.1" 404 1015
51.83.75.133 - - [17/Aug/2022:18:33:25 -0300] "GET /manager/html HTTP/1.1" 401 2474
186.103.157.42 - - [17/Aug/2022:18:33:26 -0300] "POST /cormun/servlet/trpermisosgoce?52e2751f9fcb70e25901fc9867f712cf,,gx-no-cache=1660771772370 HTTP/1.1" 200 9288
51.83.75.133 - - [17/Aug/2022:18:33:35 -0300] "GET /manager/html HTTP/1.1" 401 2474
51.83.75.133 - - [17/Aug/2022:18:33:46 -0300] "GET /manager/html HTTP/1.1" 401 2474
186.103.157.42 - - [17/Aug/2022:18:33:56 -0300] "GET /cormun/servlet/trpermisosgoce? HTTP/1.1" 200 12108
186.103.157.42 - - [17/Aug/2022:18:33:56 -0300] "GET /cormun/servlet/trpermisosgoce? HTTP/1.1" 200 12108
51.83.75.133 - - [17/Aug/2022:18:33:57 -0300] "GET /manager/html HTTP/1.1" 401 2474
190.171.141.90 - - [17/Aug/2022:18:33:58 -0300] "POST /cormun/servlet/trpermisosgoce?d9433dab3787b92999a546944b7609e4,gx-no-cache=1660771057713,gx-no-cache=1660771219691 HTTP/1.1" 200 14712
190.171.141.90 - - [17/Aug/2022:18:33:58 -0300] "GET /cormun/static/Shared/jqueryui/images/ui-bg_highlight-soft_100_c6c2c8_1x100.png HTTP/1.1" 404 1117
190.171.141.90 - - [17/Aug/2022:18:33:58 -0300] "GET /cormun/static/Shared/jqueryui/images/ui-icons_82798d_256x240.png HTTP/1.1" 404 1089
190.171.141.90 - - [17/Aug/2022:18:33:58 -0300] "GET /cormun/static/Shared/jqueryui/images/ui-bg_flat_55_fafafa_40x100.png HTTP/1.1" 404 1097
190.171.141.90 - - [17/Aug/2022:18:33:58 -0300] "GET /cormun/static/Shared/jqueryui/images/ui-icons_8d78a5_256x240.png HTTP/1.1" 404 1089
186.103.157.42 - - [17/Aug/2022:18:33:59 -0300] "GET /cormun/servlet/permisogoce?INS,0,,, HTTP/1.1" 200 7261
186.103.157.42 - - [17/Aug/2022:18:33:59 -0300] "GET /cormun/servlet/permisogoce?INS,0,,, HTTP/1.1" 200 7261
190.171.141.90 - - [17/Aug/2022:18:34:01 -0300] "GET /cormun/servlet/trpermisosadjuntos?15122344,20220817170821,P, HTTP/1.1" 200 6567
186.103.157.42 - - [17/Aug/2022:18:34:01 -0300] "GET /cormun/servlet/permisogoce?b4c08f11cf06023512bcae1dfbd7c94c533a2de11410396a11ef8d939d5273cbf39f7822253981d43a18f5b1ebe05975c8552014a9090caca60279b51212b7f1,gx-no-cache=1660771808019 HTTP/1.1" 200 200
186.103.157.42 - - [17/Aug/2022:18:34:01 -0300] "GET /cormun/static/Shared/jqueryui/images/ui-bg_highlight-soft_100_c6c2c8_1x100.png HTTP/1.1" 404 1117
186.103.157.42 - - [17/Aug/2022:18:34:01 -0300] "GET /cormun/static/Shared/jqueryui/images/ui-icons_82798d_256x240.png HTTP/1.1" 404 1089
186.103.157.42 - - [17/Aug/2022:18:34:01 -0300] "GET /cormun/static/Shared/jqueryui/images/ui-bg_flat_55_994d53_40x100.png HTTP/1.1" 404 1097
186.103.157.42 - - [17/Aug/2022:18:34:01 -0300] "GET /cormun/static/Shared/jqueryui/images/ui-icons_ebccce_256x240.png HTTP/1.1" 404 1089
190.171.141.90 - - [17/Aug/2022:18:34:02 -0300] "GET /cormun/servlet/trpermisosadjuntos?15122344,20220817170821,P, HTTP/1.1" 200 6547
190.171.141.90 - - [17/Aug/2022:18:34:05 -0300] "GET /cormun/servlet/permisosadjuntos?INS,15122344,P,20220817170821,, HTTP/1.1" 200 5873
190.171.141.90 - - [17/Aug/2022:18:34:05 -0300] "GET /cormun/static/about:blank HTTP/1.1" 404 1011
190.171.141.90 - - [17/Aug/2022:18:34:05 -0300] "GET /cormun/servlet/permisosadjuntos?INS,15122344,P,20220817170821,, HTTP/1.1" 200 5863
51.83.75.133 - - [17/Aug/2022:18:34:07 -0300] "GET /manager/html HTTP/1.1" 401 2474
186.103.157.42 - - [17/Aug/2022:18:34:12 -0300] "GET /cormun/servlet/permisogoce?b4c08f11cf06023512bcae1dfbd7c94c060e13ff8409c667498b387c6ff9fff034619699e3db98030126c6c9d4515d6667af486e2c3115d91674e067a4a1585d,gx-no-cache=1660771818970 HTTP/1.1" 200 77
186.103.157.42 - - [17/Aug/2022:18:34:13 -0300] "GET /cormun/static/menuarrow.gif HTTP/1.1" 404 1015
51.83.75.133 - - [17/Aug/2022:18:34:15 -0300] "GET /manager/html HTTP/1.1" 401 2474
190.171.141.90 - - [17/Aug/2022:18:34:19 -0300] "POST /cormun/servlet/permisosadjuntos?d9433dab3787b92999a546944b7609e4,INS,15122344,P,20220817170821,, HTTP/1.1" 200 116
190.171.141.90 - - [17/Aug/2022:18:34:19 -0300] "GET /cormun/servlet/hpexe_return? HTTP/1.1" 200 1041
190.171.141.90 - - [17/Aug/2022:18:34:20 -0300] "GET /cormun/servlet/trpermisosadjuntos?15122344,20220817170821,P, HTTP/1.1" 200 7056
190.171.141.90 - - [17/Aug/2022:18:34:20 -0300] "GET /cormun/servlet/trpermisosadjuntos?15122344,20220817170821,P, HTTP/1.1" 200 7052
51.83.75.133 - - [17/Aug/2022:18:34:26 -0300] "GET /manager/html HTTP/1.1" 401 2474
51.83.75.133 - - [17/Aug/2022:18:34:36 -0300] "GET /manager/html HTTP/1.1" 401 2474
186.103.157.42 - - [17/Aug/2022:18:34:45 -0300] "GET /cormun/servlet/trsolicitudot? HTTP/1.1" 200 9027
186.103.157.42 - - [17/Aug/2022:18:34:45 -0300] "GET /cormun/servlet/trsolicitudot? HTTP/1.1" 200 9021
51.83.75.133 - - [17/Aug/2022:18:34:47 -0300] "GET /manager/html HTTP/1.1" 401 2474
51.83.75.133 - - [17/Aug/2022:18:34:58 -0300] "GET /manager/html HTTP/1.1" 401 2474
186.103.157.42 - - [17/Aug/2022:18:35:00 -0300] "GET /cormun/servlet/trcargahoraria? HTTP/1.1" 200 7397
186.103.157.42 - - [17/Aug/2022:18:35:00 -0300] "GET /cormun/static/gxcfg.js?202012113392337 HTTP/1.1" 200 953
186.103.157.42 - - [17/Aug/2022:18:35:00 -0300] "GET /cormun/static/trcargahoraria.js?202012113392783 HTTP/1.1" 200 28768
186.103.157.42 - - [17/Aug/2022:18:35:00 -0300] "GET /cormun//static/Resources/PXToolsActionExcel.png HTTP/1.1" 200 727
186.103.157.42 - - [17/Aug/2022:18:35:00 -0300] "GET /cormun/servlet/trcargahoraria? HTTP/1.1" 200 7397
186.103.157.42 - - [17/Aug/2022:18:35:02 -0300] "GET /cormun/servlet/trreportecargahoraria? HTTP/1.1" 200 10032
186.103.157.42 - - [17/Aug/2022:18:35:03 -0300] "GET /cormun/servlet/trreportecargahoraria? HTTP/1.1" 200 10034
51.83.75.133 - - [17/Aug/2022:18:35:08 -0300] "GET /manager/html HTTP/1.1" 401 2474
190.171.141.90 - - [17/Aug/2022:18:35:09 -0300] "POST /cormun/servlet/trpermisosadjuntos?d9433dab3787b92999a546944b7609e4,15122344,20220817170821,P,,gx-no-cache=1660771290678 HTTP/1.1" 200 90
190.171.141.90 - - [17/Aug/2022:18:35:09 -0300] "GET /cormun/servlet/hpexe_link HTTP/1.1" 200 1008
190.171.141.90 - - [17/Aug/2022:18:35:09 -0300] "GET /cormun/servlet/trpermisosgoce?gx-no-cache=1660771057713 HTTP/1.1" 200 17377
190.171.141.90 - - [17/Aug/2022:18:35:09 -0300] "GET /cormun/servlet/trpermisosgoce?gx-no-cache=1660771057713 HTTP/1.1" 200 17408
186.103.157.42 - - [17/Aug/2022:18:35:12 -0300] "POST /cormun/servlet/trreportecargahoraria?52e2751f9fcb70e25901fc9867f712cf,,gx-no-cache=1660771878316 HTTP/1.1" 200 4208
190.171.141.90 - - [17/Aug/2022:18:35:13 -0300] "POST /cormun/servlet/trpermisosgoce?d9433dab3787b92999a546944b7609e4,gx-no-cache=1660771057713,gx-no-cache=1660771295034 HTTP/1.1" 200 14700
190.171.141.90 - - [17/Aug/2022:18:35:13 -0300] "GET /cormun/static/Shared/jqueryui/images/ui-icons_82798d_256x240.png HTTP/1.1" 404 1089
190.171.141.90 - - [17/Aug/2022:18:35:13 -0300] "GET /cormun/static/Shared/jqueryui/images/ui-bg_highlight-soft_100_c6c2c8_1x100.png HTTP/1.1" 404 1117
190.171.141.90 - - [17/Aug/2022:18:35:14 -0300] "GET /cormun/static/Shared/jqueryui/images/ui-bg_flat_55_fafafa_40x100.png HTTP/1.1" 404 1097
190.171.141.90 - - [17/Aug/2022:18:35:14 -0300] "GET /cormun/static/Shared/jqueryui/images/ui-icons_8d78a5_256x240.png HTTP/1.1" 404 1089
190.171.141.90 - - [17/Aug/2022:18:35:15 -0300] "GET /cormun/servlet/trpermisosadjuntos?8229225,20220817170925,P, HTTP/1.1" 200 6564
190.171.141.90 - - [17/Aug/2022:18:35:15 -0300] "GET /cormun/servlet/trpermisosadjuntos?8229225,20220817170925,P, HTTP/1.1" 200 6544
186.103.157.42 - - [17/Aug/2022:18:35:16 -0300] "POST /cormun/servlet/trreportecargahoraria?52e2751f9fcb70e25901fc9867f712cf,,gx-no-cache=1660771882064 HTTP/1.1" 200 4214
51.83.75.133 - - [17/Aug/2022:18:35:16 -0300] "GET /manager/html HTTP/1.1" 401 2474
190.171.141.90 - - [17/Aug/2022:18:35:17 -0300] "GET /cormun/servlet/permisosadjuntos?INS,8229225,P,20220817170925,, HTTP/1.1" 200 5873
190.171.141.90 - - [17/Aug/2022:18:35:17 -0300] "GET /cormun/static/about:blank HTTP/1.1" 404 1011
190.171.141.90 - - [17/Aug/2022:18:35:17 -0300] "GET /cormun/servlet/permisosadjuntos?INS,8229225,P,20220817170925,, HTTP/1.1" 200 5862
186.103.157.42 - - [17/Aug/2022:18:35:23 -0300] "GET /cormun/servlet/trlicencias? HTTP/1.1" 200 12508
186.103.157.42 - - [17/Aug/2022:18:35:23 -0300] "GET /cormun/servlet/trlicencias? HTTP/1.1" 200 12503
190.171.141.90 - - [17/Aug/2022:18:35:23 -0300] "POST /cormun/servlet/permisosadjuntos?d9433dab3787b92999a546944b7609e4,INS,8229225,P,20220817170925,, HTTP/1.1" 200 116
190.171.141.90 - - [17/Aug/2022:18:35:23 -0300] "GET /cormun/servlet/hpexe_return? HTTP/1.1" 200 1038
190.171.141.90 - - [17/Aug/2022:18:35:24 -0300] "GET /cormun/servlet/trpermisosadjuntos?8229225,20220817170925,P, HTTP/1.1" 200 7037
190.171.141.90 - - [17/Aug/2022:18:35:24 -0300] "GET /cormun/servlet/trpermisosadjuntos?8229225,20220817170925,P, HTTP/1.1" 200 7033
51.83.75.133 - - [17/Aug/2022:18:35:26 -0300] "GET /manager/html HTTP/1.1" 401 2474
190.171.141.90 - - [17/Aug/2022:18:35:26 -0300] "POST /cormun/servlet/trpermisosadjuntos?d9433dab3787b92999a546944b7609e4,8229225,20220817170925,P,,gx-no-cache=1660771308518 HTTP/1.1" 200 90
190.171.141.90 - - [17/Aug/2022:18:35:27 -0300] "GET /cormun/servlet/hpexe_link HTTP/1.1" 200 1006
190.171.141.90 - - [17/Aug/2022:18:35:27 -0300] "GET /cormun/servlet/trpermisosgoce?gx-no-cache=1660771057713 HTTP/1.1" 200 17368
190.171.141.90 - - [17/Aug/2022:18:35:27 -0300] "GET /cormun/servlet/trpermisosgoce?gx-no-cache=1660771057713 HTTP/1.1" 200 17401
190.171.141.90 - - [17/Aug/2022:18:35:30 -0300] "POST /cormun/servlet/trpermisosgoce?d9433dab3787b92999a546944b7609e4,gx-no-cache=1660771057713,gx-no-cache=1660771311410 HTTP/1.1" 200 14691
190.171.141.90 - - [17/Aug/2022:18:35:30 -0300] "GET /cormun/static/Shared/jqueryui/images/ui-icons_82798d_256x240.png HTTP/1.1" 404 1089
190.171.141.90 - - [17/Aug/2022:18:35:30 -0300] "GET /cormun/static/Shared/jqueryui/images/ui-bg_highlight-soft_100_c6c2c8_1x100.png HTTP/1.1" 404 1117
190.171.141.90 - - [17/Aug/2022:18:35:30 -0300] "GET /cormun/static/Shared/jqueryui/images/ui-icons_8d78a5_256x240.png HTTP/1.1" 404 1089
190.171.141.90 - - [17/Aug/2022:18:35:30 -0300] "GET /cormun/static/Shared/jqueryui/images/ui-bg_flat_55_fafafa_40x100.png HTTP/1.1" 404 1097
190.171.141.90 - - [17/Aug/2022:18:35:32 -0300] "GET /cormun/servlet/trpermisosadjuntos?16934764,20220817171155,P, HTTP/1.1" 200 6556
190.171.141.90 - - [17/Aug/2022:18:35:33 -0300] "GET /cormun/servlet/trpermisosadjuntos?16934764,20220817171155,P, HTTP/1.1" 200 6535
190.171.141.90 - - [17/Aug/2022:18:35:35 -0300] "GET /cormun/servlet/permisosadjuntos?INS,16934764,P,20220817171155,, HTTP/1.1" 200 5859
190.171.141.90 - - [17/Aug/2022:18:35:35 -0300] "GET /cormun/static/about:blank HTTP/1.1" 404 1011
190.171.141.90 - - [17/Aug/2022:18:35:35 -0300] "GET /cormun/servlet/permisosadjuntos?INS,16934764,P,20220817171155,, HTTP/1.1" 200 5852
51.83.75.133 - - [17/Aug/2022:18:35:37 -0300] "GET /manager/html HTTP/1.1" 401 2474
190.171.141.90 - - [17/Aug/2022:18:35:45 -0300] "POST /cormun/servlet/permisosadjuntos?d9433dab3787b92999a546944b7609e4,INS,16934764,P,20220817171155,, HTTP/1.1" 200 116
190.171.141.90 - - [17/Aug/2022:18:35:45 -0300] "GET /cormun/servlet/hpexe_return? HTTP/1.1" 200 1041
190.171.141.90 - - [17/Aug/2022:18:35:45 -0300] "GET /cormun/servlet/trpermisosadjuntos?16934764,20220817171155,P, HTTP/1.1" 200 7034
190.171.141.90 - - [17/Aug/2022:18:35:45 -0300] "GET /cormun/servlet/trpermisosadjuntos?16934764,20220817171155,P, HTTP/1.1" 200 7031
190.171.141.90 - - [17/Aug/2022:18:35:47 -0300] "POST /cormun/servlet/trpermisosadjuntos?d9433dab3787b92999a546944b7609e4,16934764,20220817171155,P,,gx-no-cache=1660771328741 HTTP/1.1" 200 90
190.171.141.90 - - [17/Aug/2022:18:35:47 -0300] "GET /cormun/servlet/hpexe_link HTTP/1.1" 200 1008
190.171.141.90 - - [17/Aug/2022:18:35:47 -0300] "GET /cormun/servlet/trpermisosgoce?gx-no-cache=1660771057713 HTTP/1.1" 200 17367
190.171.141.90 - - [17/Aug/2022:18:35:47 -0300] "GET /cormun/servlet/trpermisosgoce?gx-no-cache=1660771057713 HTTP/1.1" 200 17376
51.83.75.133 - - [17/Aug/2022:18:35:48 -0300] "GET /manager/html HTTP/1.1" 401 2474
190.171.141.90 - - [17/Aug/2022:18:35:50 -0300] "POST /cormun/servlet/trpermisosgoce?d9433dab3787b92999a546944b7609e4,gx-no-cache=1660771057713,gx-no-cache=1660771331250 HTTP/1.1" 200 14636
190.171.141.90 - - [17/Aug/2022:18:35:50 -0300] "GET /cormun/static/Shared/jqueryui/images/ui-icons_82798d_256x240.png HTTP/1.1" 404 1089
190.171.141.90 - - [17/Aug/2022:18:35:50 -0300] "GET /cormun/static/Shared/jqueryui/images/ui-bg_highlight-soft_100_c6c2c8_1x100.png HTTP/1.1" 404 1117
190.171.141.90 - - [17/Aug/2022:18:35:50 -0300] "GET /cormun/static/Shared/jqueryui/images/ui-icons_8d78a5_256x240.png HTTP/1.1" 404 1089
190.171.141.90 - - [17/Aug/2022:18:35:50 -0300] "GET /cormun/static/Shared/jqueryui/images/ui-bg_flat_55_fafafa_40x100.png HTTP/1.1" 404 1097
51.83.75.133 - - [17/Aug/2022:18:35:58 -0300] "GET /manager/html HTTP/1.1" 401 2474
51.83.75.133 - - [17/Aug/2022:18:36:09 -0300] "GET /manager/html HTTP/1.1" 401 2474
51.83.75.133 - - [17/Aug/2022:18:36:16 -0300] "GET /manager/html HTTP/1.1" 401 2474
51.83.75.133 - - [17/Aug/2022:18:36:27 -0300] "GET /manager/html HTTP/1.1" 401 2474
51.83.75.133 - - [17/Aug/2022:18:36:37 -0300] "GET /manager/html HTTP/1.1" 401 2474
51.83.75.133 - - [17/Aug/2022:18:36:48 -0300] "GET /manager/html HTTP/1.1" 401 2474
51.83.75.133 - - [17/Aug/2022:18:36:59 -0300] "GET /manager/html HTTP/1.1" 401 2474
51.83.75.133 - - [17/Aug/2022:18:37:09 -0300] "GET /manager/html HTTP/1.1" 401 2474
51.83.75.133 - - [17/Aug/2022:18:37:17 -0300] "GET /manager/html HTTP/1.1" 401 2474
51.83.75.133 - - [17/Aug/2022:18:37:27 -0300] "GET /manager/html HTTP/1.1" 401 2474
51.83.75.133 - - [17/Aug/2022:18:37:38 -0300] "GET /manager/html HTTP/1.1" 401 2474
51.83.75.133 - - [17/Aug/2022:18:37:48 -0300] "GET /manager/html HTTP/1.1" 401 2474
51.83.75.133 - - [17/Aug/2022:18:37:59 -0300] "GET /manager/html HTTP/1.1" 401 2474
51.83.75.133 - - [17/Aug/2022:18:38:10 -0300] "GET /manager/html HTTP/1.1" 401 2474
10.40.40.2 - - [17/Aug/2022:18:38:16 -0300] "GET /cormun/servlet/hlogin HTTP/1.1" 200 1730
10.40.40.2 - - [17/Aug/2022:18:38:16 -0300] "GET /cormun/static/gxtimezone.js?85251 HTTP/1.1" 200 5781
10.40.40.2 - - [17/Aug/2022:18:38:16 -0300] "GET /cormun/static/hlogin.js?201910216285995 HTTP/1.1" 200 2136
10.40.40.2 - - [17/Aug/2022:18:38:16 -0300] "GET /cormun/static/gxcfg.js?201910216285969 HTTP/1.1" 200 953
10.40.40.2 - - [17/Aug/2022:18:38:16 -0300] "GET /cormun/static/messages.spa.js?85251 HTTP/1.1" 200 30736
10.40.40.2 - - [17/Aug/2022:18:38:16 -0300] "GET /cormun/static/Resources/Spanish/PXTools.css?2294816 HTTP/1.1" 200 100853
10.40.40.2 - - [17/Aug/2022:18:38:16 -0300] "GET /cormun/static/gxgral.js?85251 HTTP/1.1" 200 384558
10.40.40.2 - - [17/Aug/2022:18:38:16 -0300] "GET /cormun/static/Resources/Logo2019_Grande.png HTTP/1.1" 200 31733
10.40.40.2 - - [17/Aug/2022:18:38:16 -0300] "GET /cormun/static/Resources/PXToolsLoginTop.png HTTP/1.1" 200 1337
10.40.40.2 - - [17/Aug/2022:18:38:16 -0300] "GET /cormun/static/Resources/PXToolsButtonLeft.png HTTP/1.1" 200 1310
10.40.40.2 - - [17/Aug/2022:18:38:16 -0300] "GET /cormun/static/Resources/PXToolsLoginBackground.png HTTP/1.1" 200 1164
10.40.40.2 - - [17/Aug/2022:18:38:16 -0300] "GET /cormun/static/Resources/PXToolsButtonRight.png HTTP/1.1" 200 1294
10.40.40.2 - - [17/Aug/2022:18:38:16 -0300] "GET /cormun/static/Resources/PXToolsLoginBottom.png HTTP/1.1" 200 1389
10.40.40.2 - - [17/Aug/2022:18:38:16 -0300] "GET /cormun/static/Resources/PXToolsButtonBackground.png HTTP/1.1" 200 1176
10.40.40.2 - - [17/Aug/2022:18:38:16 -0300] "GET /cormun/static/Resources/indicator.gif HTTP/1.1" 200 1553
10.40.40.2 - - [17/Aug/2022:18:38:16 -0300] "GET /cormun/servlet/hlogin HTTP/1.1" 200 1741
10.40.40.2 - - [17/Aug/2022:18:38:17 -0300] "GET /favicon.ico HTTP/1.1" 200 21630
51.83.75.133 - - [17/Aug/2022:18:38:17 -0300] "GET /manager/html HTTP/1.1" 401 2474
10.40.40.2 - - [17/Aug/2022:18:38:21 -0300] "POST /cormun/servlet/hlogin?6f53e71e889382e1b2b6d1bd6b1ead1a,gx-no-cache=1660771306676 HTTP/1.1" 200 447
10.40.40.2 - - [17/Aug/2022:18:38:26 -0300] "POST /cormun/servlet/hlogin?6f53e71e889382e1b2b6d1bd6b1ead1a,gx-no-cache=1660771312190 HTTP/1.1" 200 447
51.83.75.133 - - [17/Aug/2022:18:38:28 -0300] "GET /manager/html HTTP/1.1" 401 2474
51.83.75.133 - - [17/Aug/2022:18:38:39 -0300] "GET /manager/html HTTP/1.1" 401 2474
51.83.75.133 - - [17/Aug/2022:18:38:49 -0300] "GET /manager/html HTTP/1.1" 401 2474
51.83.75.133 - - [17/Aug/2022:18:39:00 -0300] "GET /manager/html HTTP/1.1" 401 2474
51.83.75.133 - - [17/Aug/2022:18:39:11 -0300] "GET /manager/html HTTP/1.1" 401 2474
51.83.75.133 - - [17/Aug/2022:18:39:19 -0300] "GET /manager/html HTTP/1.1" 401 2474
51.83.75.133 - - [17/Aug/2022:18:39:29 -0300] "GET /manager/html HTTP/1.1" 401 2474
51.83.75.133 - - [17/Aug/2022:18:39:40 -0300] "GET /manager/html HTTP/1.1" 401 2474
51.83.75.133 - - [17/Aug/2022:18:39:50 -0300] "GET /manager/html HTTP/1.1" 401 2474
51.83.75.133 - - [17/Aug/2022:18:40:01 -0300] "GET /manager/html HTTP/1.1" 401 2474
51.83.75.133 - - [17/Aug/2022:18:40:11 -0300] "GET /manager/html HTTP/1.1" 401 2474
51.83.75.133 - - [17/Aug/2022:18:40:19 -0300] "GET /manager/html HTTP/1.1" 401 2474
51.83.75.133 - - [17/Aug/2022:18:40:30 -0300] "GET /manager/html HTTP/1.1" 401 2474
51.83.75.133 - - [17/Aug/2022:18:40:41 -0300] "GET /manager/html HTTP/1.1" 401 2474
51.83.75.133 - - [17/Aug/2022:18:40:51 -0300] "GET /manager/html HTTP/1.1" 401 2474
51.83.75.133 - - [17/Aug/2022:18:41:02 -0300] "GET /manager/html HTTP/1.1" 401 2474
51.83.75.133 - - [17/Aug/2022:18:41:12 -0300] "GET /manager/html HTTP/1.1" 401 2474
51.83.75.133 - - [17/Aug/2022:18:41:21 -0300] "GET /manager/html HTTP/1.1" 401 2474
51.83.75.133 - - [17/Aug/2022:18:41:32 -0300] "GET /manager/html HTTP/1.1" 401 2474
51.83.75.133 - - [17/Aug/2022:18:41:42 -0300] "GET /manager/html HTTP/1.1" 401 2474
51.83.75.133 - - [17/Aug/2022:18:41:53 -0300] "GET /manager/html HTTP/1.1" 401 2474
51.83.75.133 - - [17/Aug/2022:18:42:04 -0300] "GET /manager/html HTTP/1.1" 401 2474
51.83.75.133 - - [17/Aug/2022:18:42:13 -0300] "GET /manager/html HTTP/1.1" 401 2474
51.83.75.133 - - [17/Aug/2022:18:42:23 -0300] "GET /manager/html HTTP/1.1" 401 2474
51.83.75.133 - - [17/Aug/2022:18:42:33 -0300] "GET /manager/html HTTP/1.1" 401 2474
51.83.75.133 - - [17/Aug/2022:18:42:44 -0300] "GET /manager/html HTTP/1.1" 401 2474
51.83.75.133 - - [17/Aug/2022:18:42:55 -0300] "GET /manager/html HTTP/1.1" 401 2474
190.171.141.90 - - [17/Aug/2022:18:42:59 -0300] "GET /cormun/servlet/trlicencias? HTTP/1.1" 200 17479
190.171.141.90 - - [17/Aug/2022:18:43:00 -0300] "GET /cormun/servlet/trlicencias? HTTP/1.1" 200 17437
51.83.75.133 - - [17/Aug/2022:18:43:05 -0300] "GET /manager/html HTTP/1.1" 401 2474
51.83.75.133 - - [17/Aug/2022:18:43:14 -0300] "GET /manager/html HTTP/1.1" 401 2474
51.83.75.133 - - [17/Aug/2022:18:43:25 -0300] "GET /manager/html HTTP/1.1" 401 2474
51.83.75.133 - - [17/Aug/2022:18:43:35 -0300] "GET /manager/html HTTP/1.1" 401 2474
51.83.75.133 - - [17/Aug/2022:18:43:46 -0300] "GET /manager/html HTTP/1.1" 401 2474
181.212.102.177 - - [17/Aug/2022:18:43:49 -0300] "GET /cormun/servlet/hlogin HTTP/1.1" 200 1725
181.212.102.177 - - [17/Aug/2022:18:43:49 -0300] "GET /cormun/static/gxtimezone.js?85251 HTTP/1.1" 200 5781
181.212.102.177 - - [17/Aug/2022:18:43:49 -0300] "GET /cormun/static/gxcfg.js?201910216285969 HTTP/1.1" 200 953
181.212.102.177 - - [17/Aug/2022:18:43:49 -0300] "GET /cormun/static/Resources/Spanish/PXTools.css?2294816 HTTP/1.1" 200 100853
181.212.102.177 - - [17/Aug/2022:18:43:49 -0300] "GET /cormun/static/messages.spa.js?85251 HTTP/1.1" 200 30736
181.212.102.177 - - [17/Aug/2022:18:43:49 -0300] "GET /cormun/static/hlogin.js?201910216285995 HTTP/1.1" 200 2136
181.212.102.177 - - [17/Aug/2022:18:43:49 -0300] "GET /cormun/static/Resources/Logo2019_Grande.png HTTP/1.1" 200 31733
181.212.102.177 - - [17/Aug/2022:18:43:49 -0300] "GET /cormun/static/gxgral.js?85251 HTTP/1.1" 200 384558
181.212.102.177 - - [17/Aug/2022:18:43:49 -0300] "GET /cormun/static/Resources/PXToolsLoginBackground.png HTTP/1.1" 200 1164
181.212.102.177 - - [17/Aug/2022:18:43:49 -0300] "GET /cormun/static/Resources/PXToolsLoginTop.png HTTP/1.1" 200 1337
181.212.102.177 - - [17/Aug/2022:18:43:49 -0300] "GET /cormun/static/Resources/PXToolsButtonRight.png HTTP/1.1" 200 1294
181.212.102.177 - - [17/Aug/2022:18:43:49 -0300] "GET /cormun/static/Resources/PXToolsButtonLeft.png HTTP/1.1" 200 1310
181.212.102.177 - - [17/Aug/2022:18:43:49 -0300] "GET /cormun/static/Resources/PXToolsLoginBottom.png HTTP/1.1" 200 1389
181.212.102.177 - - [17/Aug/2022:18:43:49 -0300] "GET /cormun/static/Resources/PXToolsButtonBackground.png HTTP/1.1" 200 1176
181.212.102.177 - - [17/Aug/2022:18:43:50 -0300] "GET /cormun/static/Resources/indicator.gif HTTP/1.1" 200 1553
181.212.102.177 - - [17/Aug/2022:18:43:50 -0300] "GET /cormun/servlet/hlogin HTTP/1.1" 200 1734
181.212.102.177 - - [17/Aug/2022:18:43:50 -0300] "GET /favicon.ico HTTP/1.1" 200 21630
51.83.75.133 - - [17/Aug/2022:18:43:57 -0300] "GET /manager/html HTTP/1.1" 401 2474
181.212.102.177 - - [17/Aug/2022:18:44:06 -0300] "POST /cormun/servlet/hlogin?1ea533ac5f5ee527cf1ab558e4fbbbbd,gx-no-cache=1660771899610 HTTP/1.1" 200 442
51.83.75.133 - - [17/Aug/2022:18:44:07 -0300] "GET /manager/html HTTP/1.1" 401 2474
51.83.75.133 - - [17/Aug/2022:18:44:15 -0300] "GET /manager/html HTTP/1.1" 401 2474
51.83.75.133 - - [17/Aug/2022:18:44:26 -0300] "GET /manager/html HTTP/1.1" 401 2474
51.83.75.133 - - [17/Aug/2022:18:44:37 -0300] "GET /manager/html HTTP/1.1" 401 2474
51.83.75.133 - - [17/Aug/2022:18:44:47 -0300] "GET /manager/html HTTP/1.1" 401 2474
51.83.75.133 - - [17/Aug/2022:18:44:58 -0300] "GET /manager/html HTTP/1.1" 401 2474
51.83.75.133 - - [17/Aug/2022:18:45:09 -0300] "GET /manager/html HTTP/1.1" 401 2474
51.83.75.133 - - [17/Aug/2022:18:45:16 -0300] "GET /manager/html HTTP/1.1" 401 2474
