190.171.143.82 - - [11/Aug/2022:12:54:32 -0300] "GET /cormun/servlet/trpermisosgoce HTTP/1.1" 200 11122
186.67.172.234 - - [11/Aug/2022:12:54:57 -0300] "GET /cormun/servlet/trpermisosadjuntos?6657028,20220811113658,P, HTTP/1.1" 200 7232
186.67.172.234 - - [11/Aug/2022:12:54:57 -0300] "GET /cormun/servlet/trpermisosadjuntos?6657028,20220811113658,P, HTTP/1.1" 200 7212
190.171.143.82 - - [11/Aug/2022:12:54:58 -0300] "POST /cormun/servlet/trpermisosgoce?9d9b23f3bcb1df86d84fe49ea5632c8c,gx-no-cache=1660232478611 HTTP/1.1" 200 8156
186.67.172.234 - - [11/Aug/2022:12:55:00 -0300] "POST /cormun/servlet/trpermisosadjuntos?ceee56422209eb4c997b2ba32ac9baa7,6657028,20220811113658,P,,gx-no-cache=1660232718007 HTTP/1.1" 200 90
186.67.172.234 - - [11/Aug/2022:12:55:00 -0300] "GET /cormun/servlet/hpexe_link HTTP/1.1" 200 1008
186.67.172.234 - - [11/Aug/2022:12:55:00 -0300] "GET /cormun/servlet/trpermisosgoce?gx-no-cache=1660232609499 HTTP/1.1" 200 12766
186.67.172.234 - - [11/Aug/2022:12:55:01 -0300] "GET /cormun/servlet/trpermisosgoce?gx-no-cache=1660232609499 HTTP/1.1" 200 12785
190.171.143.82 - - [11/Aug/2022:12:55:01 -0300] "GET /cormun/servlet/permisogoce?INS,0,,, HTTP/1.1" 200 7248
190.171.143.82 - - [11/Aug/2022:12:55:02 -0300] "GET /cormun/servlet/permisogoce?INS,0,,, HTTP/1.1" 200 7248
190.171.142.42 - - [11/Aug/2022:12:55:09 -0300] "POST /cormun/servlet/permisogoce?40b4a6723bab97c9ddcc5d36da1b06c8,INS,0,,,,gx-no-cache=1660232490031 HTTP/1.1" 200 4769
190.171.142.42 - - [11/Aug/2022:12:55:11 -0300] "GET /cormun/servlet/puconsultapgoce?14200651,MD,gxPopupLevel%3D0%3B HTTP/1.1" 200 3782
190.171.142.42 - - [11/Aug/2022:12:55:11 -0300] "GET /cormun/pexe_menus.js HTTP/1.1" 404 1001
190.171.142.42 - - [11/Aug/2022:12:55:11 -0300] "GET /cormun/pexe_windows.js HTTP/1.1" 404 1005
190.171.142.42 - - [11/Aug/2022:12:55:11 -0300] "GET /cormun/pexe_layers.js HTTP/1.1" 404 1003
190.171.142.42 - - [11/Aug/2022:12:55:11 -0300] "GET /cormun/pexe_grid.js HTTP/1.1" 404 999
190.171.142.42 - - [11/Aug/2022:12:55:11 -0300] "GET /cormun/pexe_griddivfix.js HTTP/1.1" 404 1011
190.171.142.42 - - [11/Aug/2022:12:55:11 -0300] "GET /cormun/pexe_cookies.js HTTP/1.1" 404 1005
190.171.142.42 - - [11/Aug/2022:12:55:11 -0300] "GET /cormun/pexe_link.js HTTP/1.1" 404 999
190.171.142.42 - - [11/Aug/2022:12:55:11 -0300] "GET /cormun/pexe_picture.js HTTP/1.1" 404 1005
190.171.142.42 - - [11/Aug/2022:12:55:11 -0300] "GET /cormun/pexe_treedivfix.js HTTP/1.1" 404 1011
190.171.142.42 - - [11/Aug/2022:12:55:11 -0300] "GET /cormun/pexe_menudivfix.js HTTP/1.1" 404 1011
190.171.142.42 - - [11/Aug/2022:12:55:11 -0300] "GET /cormun/pexe_tabdivfix.js HTTP/1.1" 404 1009
190.171.142.42 - - [11/Aug/2022:12:55:11 -0300] "GET /cormun/pexe_autoreload.js HTTP/1.1" 404 1011
186.67.172.234 - - [11/Aug/2022:12:55:12 -0300] "POST /cormun/servlet/trpermisosgoce?ceee56422209eb4c997b2ba32ac9baa7,gx-no-cache=1660232609499,gx-no-cache=1660232729194 HTTP/1.1" 200 9902
186.67.172.234 - - [11/Aug/2022:12:55:12 -0300] "GET /cormun/static/Shared/jqueryui/images/ui-icons_82798d_256x240.png HTTP/1.1" 404 1089
186.67.172.234 - - [11/Aug/2022:12:55:12 -0300] "GET /cormun/static/Shared/jqueryui/images/ui-bg_highlight-soft_100_c6c2c8_1x100.png HTTP/1.1" 404 1117
186.67.172.234 - - [11/Aug/2022:12:55:12 -0300] "GET /cormun/static/Shared/jqueryui/images/ui-bg_flat_55_fafafa_40x100.png HTTP/1.1" 404 1097
186.67.172.234 - - [11/Aug/2022:12:55:12 -0300] "GET /cormun/static/Shared/jqueryui/images/ui-icons_8d78a5_256x240.png HTTP/1.1" 404 1089
190.171.143.82 - - [11/Aug/2022:12:55:21 -0300] "GET /cormun/servlet/permisogoce?6b4adf2451e1123fee5ad17d49ccb37ee4d24db1d702584e0ea5e0005b61011c23bb606e0f529507db8762014417b83cf39678b6c3f9cb1e27faa2afa88f9579,gx-no-cache=1660232502592 HTTP/1.1" 200 91
190.171.143.82 - - [11/Aug/2022:12:55:24 -0300] "GET /cormun/static/menuarrow.gif HTTP/1.1" 404 1015
190.171.143.82 - - [11/Aug/2022:12:55:32 -0300] "GET /cormun/servlet/permisogoce?6b4adf2451e1123fee5ad17d49ccb37ec3f63e41a7a886b5f35bbb49c0a630eb86bca67327a122e91167eda3abf86f52fc5dfb600c00546404c2937d176d817d,gx-no-cache=1660232513141 HTTP/1.1" 200 47
190.171.142.42 - - [11/Aug/2022:12:55:32 -0300] "POST /cormun/servlet/permisogoce?40b4a6723bab97c9ddcc5d36da1b06c8,INS,0,,,,gx-no-cache=1660232513038 HTTP/1.1" 200 4766
186.67.172.234 - - [11/Aug/2022:12:55:32 -0300] "GET /cormun/servlet/permisogoce?INS,0,,, HTTP/1.1" 200 7290
186.67.172.234 - - [11/Aug/2022:12:55:32 -0300] "GET /cormun/servlet/permisogoce?INS,0,,, HTTP/1.1" 200 7268
190.171.143.82 - - [11/Aug/2022:12:55:37 -0300] "POST /cormun/servlet/permisogoce?9d9b23f3bcb1df86d84fe49ea5632c8c,INS,0,,,,gx-no-cache=1660232518459 HTTP/1.1" 200 93
190.171.143.82 - - [11/Aug/2022:12:55:38 -0300] "GET /cormun/servlet/hpexe_return? HTTP/1.1" 200 1032
190.171.143.82 - - [11/Aug/2022:12:55:38 -0300] "GET /cormun/servlet/trpermisosgoce?gx-no-cache=1660232478611 HTTP/1.1" 200 11355
190.171.143.82 - - [11/Aug/2022:12:55:39 -0300] "GET /cormun/servlet/trpermisosgoce?gx-no-cache=1660232478611 HTTP/1.1" 200 11381
190.171.142.42 - - [11/Aug/2022:12:55:47 -0300] "POST /cormun/servlet/permisogoce?40b4a6723bab97c9ddcc5d36da1b06c8,INS,0,,,,gx-no-cache=1660232528199 HTTP/1.1" 200 4774
190.171.142.42 - - [11/Aug/2022:12:55:49 -0300] "GET /cormun/servlet/puconsultapgoce?8296182,MD,gxPopupLevel%3D0%3B HTTP/1.1" 200 4367
190.171.142.42 - - [11/Aug/2022:12:55:49 -0300] "GET /cormun/pexe_menus.js HTTP/1.1" 404 1001
190.171.142.42 - - [11/Aug/2022:12:55:49 -0300] "GET /cormun/pexe_layers.js HTTP/1.1" 404 1003
190.171.142.42 - - [11/Aug/2022:12:55:49 -0300] "GET /cormun/pexe_windows.js HTTP/1.1" 404 1005
190.171.142.42 - - [11/Aug/2022:12:55:49 -0300] "GET /cormun/pexe_link.js HTTP/1.1" 404 999
190.171.142.42 - - [11/Aug/2022:12:55:49 -0300] "GET /cormun/pexe_cookies.js HTTP/1.1" 404 1005
190.171.142.42 - - [11/Aug/2022:12:55:49 -0300] "GET /cormun/pexe_grid.js HTTP/1.1" 404 999
190.171.142.42 - - [11/Aug/2022:12:55:49 -0300] "GET /cormun/pexe_griddivfix.js HTTP/1.1" 404 1011
190.171.142.42 - - [11/Aug/2022:12:55:49 -0300] "GET /cormun/pexe_picture.js HTTP/1.1" 404 1005
190.171.142.42 - - [11/Aug/2022:12:55:49 -0300] "GET /cormun/pexe_treedivfix.js HTTP/1.1" 404 1011
190.171.142.42 - - [11/Aug/2022:12:55:49 -0300] "GET /cormun/pexe_autoreload.js HTTP/1.1" 404 1011
190.171.142.42 - - [11/Aug/2022:12:55:49 -0300] "GET /cormun/pexe_menudivfix.js HTTP/1.1" 404 1011
190.171.142.42 - - [11/Aug/2022:12:55:49 -0300] "GET /cormun/pexe_tabdivfix.js HTTP/1.1" 404 1009
186.67.172.234 - - [11/Aug/2022:12:55:54 -0300] "GET /cormun/servlet/permisogoce?4a1ddb920eab6e46793b9331ae0538bc6bf5221df19041634a22a99a6f6ed1e3ff57ffe92df178399ef867beede56d91e6918f7d3440cafe5d16d5355660a24c,gx-no-cache=1660232771814 HTTP/1.1" 200 226
186.67.172.234 - - [11/Aug/2022:12:55:54 -0300] "GET /cormun/static/Shared/jqueryui/images/ui-bg_highlight-soft_100_c6c2c8_1x100.png HTTP/1.1" 404 1117
186.67.172.234 - - [11/Aug/2022:12:55:54 -0300] "GET /cormun/static/Shared/jqueryui/images/ui-icons_82798d_256x240.png HTTP/1.1" 404 1089
186.67.172.234 - - [11/Aug/2022:12:55:54 -0300] "GET /cormun/static/Shared/jqueryui/images/ui-icons_ebccce_256x240.png HTTP/1.1" 404 1089
186.67.172.234 - - [11/Aug/2022:12:55:54 -0300] "GET /cormun/static/Shared/jqueryui/images/ui-bg_flat_55_994d53_40x100.png HTTP/1.1" 404 1097
186.67.172.234 - - [11/Aug/2022:12:56:15 -0300] "GET /cormun/servlet/permisogoce?4a1ddb920eab6e46793b9331ae0538bc6bf5221df19041634a22a99a6f6ed1e3ff57ffe92df178399ef867beede56d91e6918f7d3440cafe5d16d5355660a24c,gx-no-cache=1660232793220 HTTP/1.1" 200 226
190.171.142.42 - - [11/Aug/2022:12:56:19 -0300] "POST /cormun/servlet/permisogoce?40b4a6723bab97c9ddcc5d36da1b06c8,INS,0,,,,gx-no-cache=1660232560391 HTTP/1.1" 200 4768
190.171.143.82 - - [11/Aug/2022:12:56:28 -0300] "GET /cormun/servlet/permisogoce?INS,0,,, HTTP/1.1" 200 7270
190.171.143.82 - - [11/Aug/2022:12:56:29 -0300] "GET /cormun/servlet/permisogoce?INS,0,,, HTTP/1.1" 200 7248
190.171.142.42 - - [11/Aug/2022:12:56:41 -0300] "POST /cormun/servlet/permisogoce?40b4a6723bab97c9ddcc5d36da1b06c8,INS,0,,,,gx-no-cache=1660232581863 HTTP/1.1" 200 4772
190.171.142.42 - - [11/Aug/2022:12:56:44 -0300] "GET /cormun/servlet/puconsultapgoce?10068542,MD,gxPopupLevel%3D0%3B HTTP/1.1" 200 4187
190.171.142.42 - - [11/Aug/2022:12:56:44 -0300] "GET /cormun/pexe_menus.js HTTP/1.1" 404 1001
190.171.142.42 - - [11/Aug/2022:12:56:44 -0300] "GET /cormun/pexe_link.js HTTP/1.1" 404 999
190.171.142.42 - - [11/Aug/2022:12:56:44 -0300] "GET /cormun/pexe_windows.js HTTP/1.1" 404 1005
190.171.142.42 - - [11/Aug/2022:12:56:44 -0300] "GET /cormun/pexe_cookies.js HTTP/1.1" 404 1005
190.171.142.42 - - [11/Aug/2022:12:56:44 -0300] "GET /cormun/pexe_layers.js HTTP/1.1" 404 1003
190.171.142.42 - - [11/Aug/2022:12:56:44 -0300] "GET /cormun/pexe_grid.js HTTP/1.1" 404 999
190.171.142.42 - - [11/Aug/2022:12:56:44 -0300] "GET /cormun/pexe_griddivfix.js HTTP/1.1" 404 1011
190.171.142.42 - - [11/Aug/2022:12:56:44 -0300] "GET /cormun/pexe_picture.js HTTP/1.1" 404 1005
190.171.142.42 - - [11/Aug/2022:12:56:44 -0300] "GET /cormun/pexe_treedivfix.js HTTP/1.1" 404 1011
190.171.142.42 - - [11/Aug/2022:12:56:44 -0300] "GET /cormun/pexe_menudivfix.js HTTP/1.1" 404 1011
190.171.142.42 - - [11/Aug/2022:12:56:44 -0300] "GET /cormun/pexe_autoreload.js HTTP/1.1" 404 1011
190.171.142.42 - - [11/Aug/2022:12:56:44 -0300] "GET /cormun/pexe_tabdivfix.js HTTP/1.1" 404 1009
186.67.172.234 - - [11/Aug/2022:12:56:57 -0300] "GET /cormun/servlet/permisogoce?4a1ddb920eab6e46793b9331ae0538bc51273138c95d8d9573040acb76770c36ff57ffe92df178399ef867beede56d91e6918f7d3440cafe5d16d5355660a24c,gx-no-cache=1660232834617 HTTP/1.1" 200 77
190.171.142.42 - - [11/Aug/2022:12:56:57 -0300] "POST /cormun/servlet/puconsultapgoce?40b4a6723bab97c9ddcc5d36da1b06c8,10068542,MD,gxPopupLevel%3D0%3B,gx-no-cache=1660232598393 HTTP/1.1" 200 60
186.67.172.234 - - [11/Aug/2022:12:57:06 -0300] "GET /cormun/static/menuarrow.gif HTTP/1.1" 404 1015
190.171.142.42 - - [11/Aug/2022:12:57:07 -0300] "POST /cormun/servlet/permisogoce?40b4a6723bab97c9ddcc5d36da1b06c8,INS,0,,,,gx-no-cache=1660232607790 HTTP/1.1" 200 4778
190.171.142.42 - - [11/Aug/2022:12:57:10 -0300] "GET /cormun/servlet/puconsultapgoce?9774809,MD,gxPopupLevel%3D0%3B HTTP/1.1" 200 4200
190.171.142.42 - - [11/Aug/2022:12:57:10 -0300] "GET /cormun/pexe_menus.js HTTP/1.1" 404 1001
190.171.142.42 - - [11/Aug/2022:12:57:10 -0300] "GET /cormun/pexe_link.js HTTP/1.1" 404 999
190.171.142.42 - - [11/Aug/2022:12:57:10 -0300] "GET /cormun/pexe_cookies.js HTTP/1.1" 404 1005
190.171.142.42 - - [11/Aug/2022:12:57:10 -0300] "GET /cormun/pexe_grid.js HTTP/1.1" 404 999
190.171.142.42 - - [11/Aug/2022:12:57:10 -0300] "GET /cormun/pexe_layers.js HTTP/1.1" 404 1003
190.171.142.42 - - [11/Aug/2022:12:57:10 -0300] "GET /cormun/pexe_windows.js HTTP/1.1" 404 1005
190.171.142.42 - - [11/Aug/2022:12:57:10 -0300] "GET /cormun/pexe_griddivfix.js HTTP/1.1" 404 1011
190.171.142.42 - - [11/Aug/2022:12:57:10 -0300] "GET /cormun/pexe_picture.js HTTP/1.1" 404 1005
190.171.142.42 - - [11/Aug/2022:12:57:10 -0300] "GET /cormun/pexe_treedivfix.js HTTP/1.1" 404 1011
190.171.142.42 - - [11/Aug/2022:12:57:10 -0300] "GET /cormun/pexe_menudivfix.js HTTP/1.1" 404 1011
190.171.142.42 - - [11/Aug/2022:12:57:10 -0300] "GET /cormun/pexe_autoreload.js HTTP/1.1" 404 1011
190.171.142.42 - - [11/Aug/2022:12:57:10 -0300] "GET /cormun/pexe_tabdivfix.js HTTP/1.1" 404 1009
190.171.142.42 - - [11/Aug/2022:12:57:21 -0300] "POST /cormun/servlet/puconsultapgoce?40b4a6723bab97c9ddcc5d36da1b06c8,9774809,MD,gxPopupLevel%3D0%3B,gx-no-cache=1660232621959 HTTP/1.1" 200 59
186.67.172.234 - - [11/Aug/2022:12:57:25 -0300] "GET /cormun/servlet/permisogoce?4a1ddb920eab6e46793b9331ae0538bc59d0df968be928d1f7aadc43c4c18c58903b728d93bb50fbaa870b9c5252a4fe1f3e30429cfc015b31945cdd832e24df,gx-no-cache=1660232862703 HTTP/1.1" 200 48
190.171.143.82 - - [11/Aug/2022:12:57:33 -0300] "GET /cormun/servlet/permisogoce?6b4adf2451e1123fee5ad17d49ccb37ebacc43ffa270c858cf2793b6ce4170abfcffad22eed5fce7faf5fdb37dc38335493ba14ae79c411696c0fd8982d3187d,gx-no-cache=1660232634107 HTTP/1.1" 200 226
190.171.143.82 - - [11/Aug/2022:12:57:33 -0300] "GET /cormun/static/Shared/jqueryui/images/ui-bg_highlight-soft_100_c6c2c8_1x100.png HTTP/1.1" 404 1117
190.171.143.82 - - [11/Aug/2022:12:57:33 -0300] "GET /cormun/static/Shared/jqueryui/images/ui-icons_82798d_256x240.png HTTP/1.1" 404 1089
190.171.143.82 - - [11/Aug/2022:12:57:33 -0300] "GET /cormun/static/Shared/jqueryui/images/ui-bg_flat_55_994d53_40x100.png HTTP/1.1" 404 1097
190.171.143.82 - - [11/Aug/2022:12:57:33 -0300] "GET /cormun/static/Shared/jqueryui/images/ui-icons_ebccce_256x240.png HTTP/1.1" 404 1089
190.171.142.42 - - [11/Aug/2022:12:57:34 -0300] "POST /cormun/servlet/permisogoce?40b4a6723bab97c9ddcc5d36da1b06c8,INS,0,,,,gx-no-cache=1660232635127 HTTP/1.1" 200 4777
190.171.142.42 - - [11/Aug/2022:12:57:38 -0300] "GET /cormun/servlet/puconsultapgoce?17520218,MD,gxPopupLevel%3D0%3B HTTP/1.1" 200 4192
190.171.142.42 - - [11/Aug/2022:12:57:38 -0300] "GET /cormun/pexe_menus.js HTTP/1.1" 404 1001
190.171.142.42 - - [11/Aug/2022:12:57:38 -0300] "GET /cormun/pexe_windows.js HTTP/1.1" 404 1005
190.171.142.42 - - [11/Aug/2022:12:57:38 -0300] "GET /cormun/pexe_layers.js HTTP/1.1" 404 1003
190.171.142.42 - - [11/Aug/2022:12:57:38 -0300] "GET /cormun/pexe_link.js HTTP/1.1" 404 999
190.171.142.42 - - [11/Aug/2022:12:57:38 -0300] "GET /cormun/pexe_grid.js HTTP/1.1" 404 999
190.171.142.42 - - [11/Aug/2022:12:57:38 -0300] "GET /cormun/pexe_cookies.js HTTP/1.1" 404 1005
190.171.142.42 - - [11/Aug/2022:12:57:38 -0300] "GET /cormun/pexe_griddivfix.js HTTP/1.1" 404 1011
190.171.142.42 - - [11/Aug/2022:12:57:38 -0300] "GET /cormun/pexe_picture.js HTTP/1.1" 404 1005
190.171.142.42 - - [11/Aug/2022:12:57:38 -0300] "GET /cormun/pexe_treedivfix.js HTTP/1.1" 404 1011
190.171.142.42 - - [11/Aug/2022:12:57:38 -0300] "GET /cormun/pexe_menudivfix.js HTTP/1.1" 404 1011
190.171.142.42 - - [11/Aug/2022:12:57:38 -0300] "GET /cormun/pexe_autoreload.js HTTP/1.1" 404 1011
190.171.142.42 - - [11/Aug/2022:12:57:38 -0300] "GET /cormun/pexe_tabdivfix.js HTTP/1.1" 404 1009
190.171.143.82 - - [11/Aug/2022:12:57:56 -0300] "GET /cormun/servlet/permisogoce?6b4adf2451e1123fee5ad17d49ccb37eeb7a73fd41dcfc0c051b7f4d2a827288fcffad22eed5fce7faf5fdb37dc38335493ba14ae79c411696c0fd8982d3187d,gx-no-cache=1660232656827 HTTP/1.1" 200 80
190.171.143.82 - - [11/Aug/2022:12:57:56 -0300] "GET /cormun/static/menuarrow.gif HTTP/1.1" 404 1015
190.171.142.42 - - [11/Aug/2022:12:57:56 -0300] "POST /cormun/servlet/puconsultapgoce?40b4a6723bab97c9ddcc5d36da1b06c8,17520218,MD,gxPopupLevel%3D0%3B,gx-no-cache=1660232657497 HTTP/1.1" 200 60
190.171.143.82 - - [11/Aug/2022:12:58:03 -0300] "GET /cormun/servlet/permisogoce?6b4adf2451e1123fee5ad17d49ccb37ecf08d6aeefd534d7099b3bdca31da8829884d569757eab99da363ae859b88b5c6c1f55a612b46babfffc48798105c4e4,gx-no-cache=1660232664255 HTTP/1.1" 200 48
190.171.142.42 - - [11/Aug/2022:12:58:06 -0300] "POST /cormun/servlet/permisogoce?40b4a6723bab97c9ddcc5d36da1b06c8,INS,0,,,,gx-no-cache=1660232667766 HTTP/1.1" 200 4767
190.171.143.82 - - [11/Aug/2022:12:58:08 -0300] "POST /cormun/servlet/permisogoce?9d9b23f3bcb1df86d84fe49ea5632c8c,INS,0,,,,gx-no-cache=1660232669324 HTTP/1.1" 200 93
190.171.143.82 - - [11/Aug/2022:12:58:08 -0300] "GET /cormun/servlet/hpexe_return? HTTP/1.1" 200 1032
190.171.143.82 - - [11/Aug/2022:12:58:09 -0300] "GET /cormun/servlet/trpermisosgoce?gx-no-cache=1660232478611 HTTP/1.1" 200 11606
190.171.143.82 - - [11/Aug/2022:12:58:10 -0300] "GET /cormun/servlet/trpermisosgoce?gx-no-cache=1660232478611 HTTP/1.1" 200 11623
190.171.142.42 - - [11/Aug/2022:12:58:17 -0300] "POST /cormun/servlet/permisogoce?40b4a6723bab97c9ddcc5d36da1b06c8,INS,0,,,,gx-no-cache=1660232678174 HTTP/1.1" 200 4769
190.171.143.82 - - [11/Aug/2022:12:58:21 -0300] "POST /cormun/servlet/trpermisosgoce?9d9b23f3bcb1df86d84fe49ea5632c8c,gx-no-cache=1660232478611,gx-no-cache=1660232682203 HTTP/1.1" 200 8646
190.171.143.82 - - [11/Aug/2022:12:58:30 -0300] "GET /cormun/servlet/apermisogoceprn?18557986,P,20220811113955,PU HTTP/1.1" 200 1658
190.171.142.42 - - [11/Aug/2022:12:58:32 -0300] "POST /cormun/servlet/permisogoce?40b4a6723bab97c9ddcc5d36da1b06c8,INS,0,,,,gx-no-cache=1660232692895 HTTP/1.1" 200 4771
186.67.172.234 - - [11/Aug/2022:12:58:34 -0300] "POST /cormun/servlet/permisogoce?ceee56422209eb4c997b2ba32ac9baa7,INS,0,,,,gx-no-cache=1660232931104 HTTP/1.1" 200 93
186.67.172.234 - - [11/Aug/2022:12:58:34 -0300] "GET /cormun/servlet/hpexe_return? HTTP/1.1" 200 1035
186.67.172.234 - - [11/Aug/2022:12:58:34 -0300] "GET /cormun/servlet/trpermisosgoce?gx-no-cache=1660232609499 HTTP/1.1" 200 13057
186.67.172.234 - - [11/Aug/2022:12:58:34 -0300] "GET /cormun/servlet/trpermisosgoce?gx-no-cache=1660232609499 HTTP/1.1" 200 13074
186.67.172.234 - - [11/Aug/2022:12:58:39 -0300] "GET /cormun/servlet/trpermisosadjuntos?17521402,20220811113859,P, HTTP/1.1" 200 6711
186.67.172.234 - - [11/Aug/2022:12:58:39 -0300] "GET /cormun/servlet/trpermisosadjuntos?17521402,20220811113859,P, HTTP/1.1" 200 6690
190.171.142.42 - - [11/Aug/2022:12:58:43 -0300] "POST /cormun/servlet/permisogoce?40b4a6723bab97c9ddcc5d36da1b06c8,INS,0,,,,gx-no-cache=1660232704774 HTTP/1.1" 200 4774
186.67.172.234 - - [11/Aug/2022:12:58:46 -0300] "GET /cormun/servlet/permisosadjuntos?INS,17521402,P,20220811113859,, HTTP/1.1" 200 6013
186.67.172.234 - - [11/Aug/2022:12:58:47 -0300] "GET /cormun/static/about:blank HTTP/1.1" 404 1011
186.67.172.234 - - [11/Aug/2022:12:58:47 -0300] "GET /cormun/servlet/permisosadjuntos?INS,17521402,P,20220811113859,, HTTP/1.1" 200 6003
190.171.142.42 - - [11/Aug/2022:12:58:54 -0300] "POST /cormun/servlet/permisogoce?40b4a6723bab97c9ddcc5d36da1b06c8,INS,0,,,,gx-no-cache=1660232715198 HTTP/1.1" 200 4775
190.171.142.42 - - [11/Aug/2022:12:58:57 -0300] "GET /cormun/servlet/puconsultapgoce?16532754,MD,gxPopupLevel%3D0%3B HTTP/1.1" 200 4191
190.171.142.42 - - [11/Aug/2022:12:58:57 -0300] "GET /cormun/pexe_menus.js HTTP/1.1" 404 1001
190.171.142.42 - - [11/Aug/2022:12:58:57 -0300] "GET /cormun/pexe_windows.js HTTP/1.1" 404 1005
190.171.142.42 - - [11/Aug/2022:12:58:57 -0300] "GET /cormun/pexe_layers.js HTTP/1.1" 404 1003
190.171.142.42 - - [11/Aug/2022:12:58:57 -0300] "GET /cormun/pexe_link.js HTTP/1.1" 404 999
190.171.142.42 - - [11/Aug/2022:12:58:57 -0300] "GET /cormun/pexe_grid.js HTTP/1.1" 404 999
190.171.142.42 - - [11/Aug/2022:12:58:57 -0300] "GET /cormun/pexe_cookies.js HTTP/1.1" 404 1005
190.171.142.42 - - [11/Aug/2022:12:58:57 -0300] "GET /cormun/pexe_griddivfix.js HTTP/1.1" 404 1011
190.171.142.42 - - [11/Aug/2022:12:58:57 -0300] "GET /cormun/pexe_picture.js HTTP/1.1" 404 1005
190.171.142.42 - - [11/Aug/2022:12:58:57 -0300] "GET /cormun/pexe_treedivfix.js HTTP/1.1" 404 1011
190.171.142.42 - - [11/Aug/2022:12:58:58 -0300] "GET /cormun/pexe_tabdivfix.js HTTP/1.1" 404 1009
190.171.142.42 - - [11/Aug/2022:12:58:58 -0300] "GET /cormun/pexe_autoreload.js HTTP/1.1" 404 1011
190.171.142.42 - - [11/Aug/2022:12:58:58 -0300] "GET /cormun/pexe_menudivfix.js HTTP/1.1" 404 1011
190.171.141.90 - - [11/Aug/2022:12:58:59 -0300] "GET /cormun/servlet/hlogin HTTP/1.1" 200 1722
190.171.141.90 - - [11/Aug/2022:12:59:03 -0300] "POST /cormun/servlet/hlogin?4e45d8ab39aebf74a5dd02e10e7f27d6,gx-no-cache=1660232726178 HTTP/1.1" 200 90
190.171.141.90 - - [11/Aug/2022:12:59:03 -0300] "GET /cormun/servlet/hpexe_link HTTP/1.1" 200 949
186.67.172.234 - - [11/Aug/2022:12:59:03 -0300] "POST /cormun/servlet/permisosadjuntos?ceee56422209eb4c997b2ba32ac9baa7,INS,17521402,P,20220811113859,, HTTP/1.1" 200 116
186.67.172.234 - - [11/Aug/2022:12:59:03 -0300] "GET /cormun/servlet/hpexe_return? HTTP/1.1" 200 1041
190.171.141.90 - - [11/Aug/2022:12:59:04 -0300] "GET /cormun/servlet/hhome HTTP/1.1" 200 4218
186.67.172.234 - - [11/Aug/2022:12:59:04 -0300] "GET /cormun/servlet/trpermisosadjuntos?17521402,20220811113859,P, HTTP/1.1" 200 7236
186.67.172.234 - - [11/Aug/2022:12:59:04 -0300] "GET /cormun/servlet/trpermisosadjuntos?17521402,20220811113859,P, HTTP/1.1" 200 7232
190.171.141.90 - - [11/Aug/2022:12:59:04 -0300] "GET /cormun/servlet/hhome HTTP/1.1" 200 4217
186.67.172.234 - - [11/Aug/2022:12:59:07 -0300] "POST /cormun/servlet/trpermisosadjuntos?ceee56422209eb4c997b2ba32ac9baa7,17521402,20220811113859,P,,gx-no-cache=1660232965031 HTTP/1.1" 200 90
186.67.172.234 - - [11/Aug/2022:12:59:07 -0300] "GET /cormun/servlet/hpexe_link HTTP/1.1" 200 1009
190.171.141.90 - - [11/Aug/2022:12:59:07 -0300] "GET /cormun/servlet/trlicencias? HTTP/1.1" 200 16462
186.67.172.234 - - [11/Aug/2022:12:59:07 -0300] "GET /cormun/servlet/trpermisosgoce?gx-no-cache=1660232609499 HTTP/1.1" 200 13054
186.67.172.234 - - [11/Aug/2022:12:59:08 -0300] "GET /cormun/servlet/trpermisosgoce?gx-no-cache=1660232609499 HTTP/1.1" 200 13068
190.171.141.90 - - [11/Aug/2022:12:59:08 -0300] "GET /cormun/servlet/trlicencias? HTTP/1.1" 200 16455
190.171.142.42 - - [11/Aug/2022:12:59:09 -0300] "POST /cormun/servlet/puconsultapgoce?40b4a6723bab97c9ddcc5d36da1b06c8,16532754,MD,gxPopupLevel%3D0%3B,gx-no-cache=1660232730649 HTTP/1.1" 200 60
186.67.172.234 - - [11/Aug/2022:12:59:15 -0300] "POST /cormun/servlet/trpermisosgoce?ceee56422209eb4c997b2ba32ac9baa7,gx-no-cache=1660232609499,gx-no-cache=1660232973106 HTTP/1.1" 200 10143
186.67.172.234 - - [11/Aug/2022:12:59:16 -0300] "GET /cormun/static/Shared/jqueryui/images/ui-bg_highlight-soft_100_c6c2c8_1x100.png HTTP/1.1" 404 1117
186.67.172.234 - - [11/Aug/2022:12:59:16 -0300] "GET /cormun/static/Shared/jqueryui/images/ui-icons_82798d_256x240.png HTTP/1.1" 404 1089
186.67.172.234 - - [11/Aug/2022:12:59:16 -0300] "GET /cormun/static/Shared/jqueryui/images/ui-bg_flat_55_fafafa_40x100.png HTTP/1.1" 404 1097
186.67.172.234 - - [11/Aug/2022:12:59:16 -0300] "GET /cormun/static/Shared/jqueryui/images/ui-icons_8d78a5_256x240.png HTTP/1.1" 404 1089
190.171.142.42 - - [11/Aug/2022:12:59:21 -0300] "POST /cormun/servlet/permisogoce?40b4a6723bab97c9ddcc5d36da1b06c8,INS,0,,,,gx-no-cache=1660232742646 HTTP/1.1" 200 4776
190.171.142.42 - - [11/Aug/2022:12:59:25 -0300] "GET /cormun/servlet/puconsultapgoce?15105506,MD,gxPopupLevel%3D0%3B HTTP/1.1" 200 4191
190.171.142.42 - - [11/Aug/2022:12:59:25 -0300] "GET /cormun/pexe_menus.js HTTP/1.1" 404 1001
190.171.142.42 - - [11/Aug/2022:12:59:25 -0300] "GET /cormun/pexe_cookies.js HTTP/1.1" 404 1005
190.171.142.42 - - [11/Aug/2022:12:59:25 -0300] "GET /cormun/pexe_link.js HTTP/1.1" 404 999
190.171.142.42 - - [11/Aug/2022:12:59:25 -0300] "GET /cormun/pexe_layers.js HTTP/1.1" 404 1003
190.171.142.42 - - [11/Aug/2022:12:59:25 -0300] "GET /cormun/pexe_windows.js HTTP/1.1" 404 1005
190.171.142.42 - - [11/Aug/2022:12:59:25 -0300] "GET /cormun/pexe_grid.js HTTP/1.1" 404 999
190.171.142.42 - - [11/Aug/2022:12:59:25 -0300] "GET /cormun/pexe_griddivfix.js HTTP/1.1" 404 1011
190.171.142.42 - - [11/Aug/2022:12:59:25 -0300] "GET /cormun/pexe_picture.js HTTP/1.1" 404 1005
190.171.142.42 - - [11/Aug/2022:12:59:25 -0300] "GET /cormun/pexe_treedivfix.js HTTP/1.1" 404 1011
190.171.142.42 - - [11/Aug/2022:12:59:25 -0300] "GET /cormun/pexe_tabdivfix.js HTTP/1.1" 404 1009
190.171.142.42 - - [11/Aug/2022:12:59:25 -0300] "GET /cormun/pexe_menudivfix.js HTTP/1.1" 404 1011
190.171.142.42 - - [11/Aug/2022:12:59:25 -0300] "GET /cormun/pexe_autoreload.js HTTP/1.1" 404 1011
186.67.172.234 - - [11/Aug/2022:12:59:34 -0300] "GET /cormun/servlet/permisogoce?INS,0,,, HTTP/1.1" 200 7289
186.67.172.234 - - [11/Aug/2022:12:59:34 -0300] "GET /cormun/servlet/permisogoce?INS,0,,, HTTP/1.1" 200 7268
190.171.142.42 - - [11/Aug/2022:12:59:39 -0300] "POST /cormun/servlet/puconsultapgoce?40b4a6723bab97c9ddcc5d36da1b06c8,15105506,MD,gxPopupLevel%3D0%3B,gx-no-cache=1660232759997 HTTP/1.1" 200 60
186.67.172.234 - - [11/Aug/2022:12:59:51 -0300] "GET /cormun/servlet/permisogoce?4a1ddb920eab6e46793b9331ae0538bc8c8c032a39328951105b09807f9148cc7ec0eb871930f87907c9c37f0dccc71ab2c5ae7825f369209321e09209d267c5,gx-no-cache=1660233008774 HTTP/1.1" 200 83
186.67.172.234 - - [11/Aug/2022:12:59:51 -0300] "GET /cormun/static/menuarrow.gif HTTP/1.1" 404 1015
190.171.142.42 - - [11/Aug/2022:12:59:52 -0300] "POST /cormun/servlet/permisogoce?40b4a6723bab97c9ddcc5d36da1b06c8,INS,0,,,,gx-no-cache=1660232772776 HTTP/1.1" 200 4770
190.171.142.42 - - [11/Aug/2022:12:59:53 -0300] "GET /cormun/servlet/puconsultapgoce?7730073,MD,gxPopupLevel%3D0%3B HTTP/1.1" 200 4550
190.171.142.42 - - [11/Aug/2022:12:59:53 -0300] "GET /cormun/pexe_menus.js HTTP/1.1" 404 1001
190.171.142.42 - - [11/Aug/2022:12:59:53 -0300] "GET /cormun/pexe_link.js HTTP/1.1" 404 999
190.171.142.42 - - [11/Aug/2022:12:59:53 -0300] "GET /cormun/pexe_layers.js HTTP/1.1" 404 1003
190.171.142.42 - - [11/Aug/2022:12:59:53 -0300] "GET /cormun/pexe_windows.js HTTP/1.1" 404 1005
190.171.142.42 - - [11/Aug/2022:12:59:53 -0300] "GET /cormun/pexe_cookies.js HTTP/1.1" 404 1005
190.171.142.42 - - [11/Aug/2022:12:59:53 -0300] "GET /cormun/pexe_grid.js HTTP/1.1" 404 999
190.171.142.42 - - [11/Aug/2022:12:59:53 -0300] "GET /cormun/pexe_griddivfix.js HTTP/1.1" 404 1011
190.171.142.42 - - [11/Aug/2022:12:59:53 -0300] "GET /cormun/pexe_picture.js HTTP/1.1" 404 1005
190.171.142.42 - - [11/Aug/2022:12:59:53 -0300] "GET /cormun/pexe_treedivfix.js HTTP/1.1" 404 1011
190.171.142.42 - - [11/Aug/2022:12:59:53 -0300] "GET /cormun/pexe_menudivfix.js HTTP/1.1" 404 1011
190.171.142.42 - - [11/Aug/2022:12:59:53 -0300] "GET /cormun/pexe_autoreload.js HTTP/1.1" 404 1011
190.171.142.42 - - [11/Aug/2022:12:59:53 -0300] "GET /cormun/pexe_tabdivfix.js HTTP/1.1" 404 1009
186.67.172.234 - - [11/Aug/2022:13:00:08 -0300] "GET /cormun/servlet/permisogoce?4a1ddb920eab6e46793b9331ae0538bc9de22e09e399bb687021059bd04fe4b7d867508ec3ed3ac0cdefcec95753929ba0ff67755271c926de34d660e2937c20,gx-no-cache=1660233025577 HTTP/1.1" 200 47
186.67.172.234 - - [11/Aug/2022:13:00:19 -0300] "POST /cormun/servlet/permisogoce?ceee56422209eb4c997b2ba32ac9baa7,INS,0,,,,gx-no-cache=1660233037008 HTTP/1.1" 200 93
186.67.172.234 - - [11/Aug/2022:13:00:19 -0300] "GET /cormun/servlet/hpexe_return? HTTP/1.1" 200 1035
186.67.172.234 - - [11/Aug/2022:13:00:20 -0300] "GET /cormun/servlet/trpermisosgoce?gx-no-cache=1660232609499 HTTP/1.1" 200 13290
186.67.172.234 - - [11/Aug/2022:13:00:20 -0300] "GET /cormun/servlet/trpermisosgoce?gx-no-cache=1660232609499 HTTP/1.1" 200 13298
186.67.172.234 - - [11/Aug/2022:13:00:25 -0300] "GET /cormun/servlet/trpermisosadjuntos?8903492,20220811114301,P, HTTP/1.1" 200 6711
186.67.172.234 - - [11/Aug/2022:13:00:25 -0300] "GET /cormun/servlet/trpermisosadjuntos?8903492,20220811114301,P, HTTP/1.1" 200 6690
186.67.172.234 - - [11/Aug/2022:13:00:28 -0300] "GET /cormun/servlet/permisosadjuntos?INS,8903492,P,20220811114301,, HTTP/1.1" 200 6015
186.67.172.234 - - [11/Aug/2022:13:00:28 -0300] "GET /cormun/static/about:blank HTTP/1.1" 404 1011
186.67.172.234 - - [11/Aug/2022:13:00:28 -0300] "GET /cormun/servlet/permisosadjuntos?INS,8903492,P,20220811114301,, HTTP/1.1" 200 6005
190.171.142.42 - - [11/Aug/2022:13:00:29 -0300] "POST /cormun/servlet/puconsultapgoce?40b4a6723bab97c9ddcc5d36da1b06c8,7730073,MD,gxPopupLevel%3D0%3B,gx-no-cache=1660232810392 HTTP/1.1" 200 59
190.171.142.42 - - [11/Aug/2022:13:00:41 -0300] "POST /cormun/servlet/permisogoce?40b4a6723bab97c9ddcc5d36da1b06c8,INS,0,,,,gx-no-cache=1660232822214 HTTP/1.1" 200 4768
186.67.172.234 - - [11/Aug/2022:13:00:44 -0300] "POST /cormun/servlet/permisosadjuntos?ceee56422209eb4c997b2ba32ac9baa7,INS,8903492,P,20220811114301,, HTTP/1.1" 200 116
186.67.172.234 - - [11/Aug/2022:13:00:44 -0300] "GET /cormun/servlet/hpexe_return? HTTP/1.1" 200 1038
186.67.172.234 - - [11/Aug/2022:13:00:44 -0300] "GET /cormun/servlet/trpermisosadjuntos?8903492,20220811114301,P, HTTP/1.1" 200 7209
186.67.172.234 - - [11/Aug/2022:13:00:44 -0300] "GET /cormun/servlet/trpermisosadjuntos?8903492,20220811114301,P, HTTP/1.1" 200 7204
186.67.172.234 - - [11/Aug/2022:13:00:48 -0300] "POST /cormun/servlet/trpermisosadjuntos?ceee56422209eb4c997b2ba32ac9baa7,8903492,20220811114301,P,,gx-no-cache=1660233065950 HTTP/1.1" 200 90
186.67.172.234 - - [11/Aug/2022:13:00:48 -0300] "GET /cormun/servlet/hpexe_link HTTP/1.1" 200 1008
186.67.172.234 - - [11/Aug/2022:13:00:48 -0300] "GET /cormun/servlet/trpermisosgoce?gx-no-cache=1660232609499 HTTP/1.1" 200 13287
186.67.172.234 - - [11/Aug/2022:13:00:49 -0300] "GET /cormun/servlet/trpermisosgoce?gx-no-cache=1660232609499 HTTP/1.1" 200 13307
190.171.142.42 - - [11/Aug/2022:13:00:58 -0300] "POST /cormun/servlet/permisogoce?40b4a6723bab97c9ddcc5d36da1b06c8,INS,0,,,,gx-no-cache=1660232839198 HTTP/1.1" 200 4764
190.171.142.42 - - [11/Aug/2022:13:01:10 -0300] "POST /cormun/servlet/permisogoce?40b4a6723bab97c9ddcc5d36da1b06c8,INS,0,,,,gx-no-cache=1660232851630 HTTP/1.1" 200 4780
190.171.142.42 - - [11/Aug/2022:13:01:13 -0300] "GET /cormun/servlet/puconsultapgoce?8272534,MD,gxPopupLevel%3D0%3B HTTP/1.1" 200 4300
190.171.142.42 - - [11/Aug/2022:13:01:13 -0300] "GET /cormun/pexe_menus.js HTTP/1.1" 404 1001
190.171.142.42 - - [11/Aug/2022:13:01:14 -0300] "GET /cormun/pexe_link.js HTTP/1.1" 404 999
190.171.142.42 - - [11/Aug/2022:13:01:14 -0300] "GET /cormun/pexe_layers.js HTTP/1.1" 404 1003
190.171.142.42 - - [11/Aug/2022:13:01:14 -0300] "GET /cormun/pexe_windows.js HTTP/1.1" 404 1005
190.171.142.42 - - [11/Aug/2022:13:01:14 -0300] "GET /cormun/pexe_grid.js HTTP/1.1" 404 999
190.171.142.42 - - [11/Aug/2022:13:01:14 -0300] "GET /cormun/pexe_griddivfix.js HTTP/1.1" 404 1011
190.171.142.42 - - [11/Aug/2022:13:01:14 -0300] "GET /cormun/pexe_cookies.js HTTP/1.1" 404 1005
190.171.142.42 - - [11/Aug/2022:13:01:14 -0300] "GET /cormun/pexe_picture.js HTTP/1.1" 404 1005
190.171.142.42 - - [11/Aug/2022:13:01:14 -0300] "GET /cormun/pexe_treedivfix.js HTTP/1.1" 404 1011
190.171.142.42 - - [11/Aug/2022:13:01:14 -0300] "GET /cormun/pexe_tabdivfix.js HTTP/1.1" 404 1009
190.171.142.42 - - [11/Aug/2022:13:01:14 -0300] "GET /cormun/pexe_menudivfix.js HTTP/1.1" 404 1011
190.171.142.42 - - [11/Aug/2022:13:01:14 -0300] "GET /cormun/pexe_autoreload.js HTTP/1.1" 404 1011
186.67.172.234 - - [11/Aug/2022:13:01:18 -0300] "POST /cormun/servlet/trpermisosgoce?ceee56422209eb4c997b2ba32ac9baa7,gx-no-cache=1660232609499,gx-no-cache=1660233095544 HTTP/1.1" 200 10379
186.67.172.234 - - [11/Aug/2022:13:01:18 -0300] "GET /cormun/static/Shared/jqueryui/images/ui-bg_highlight-soft_100_c6c2c8_1x100.png HTTP/1.1" 404 1117
186.67.172.234 - - [11/Aug/2022:13:01:18 -0300] "GET /cormun/static/Shared/jqueryui/images/ui-icons_82798d_256x240.png HTTP/1.1" 404 1089
186.67.172.234 - - [11/Aug/2022:13:01:18 -0300] "GET /cormun/static/Shared/jqueryui/images/ui-icons_8d78a5_256x240.png HTTP/1.1" 404 1089
186.67.172.234 - - [11/Aug/2022:13:01:18 -0300] "GET /cormun/static/Shared/jqueryui/images/ui-bg_flat_55_fafafa_40x100.png HTTP/1.1" 404 1097
186.67.172.234 - - [11/Aug/2022:13:01:39 -0300] "GET /cormun/servlet/permisogoce?INS,0,,, HTTP/1.1" 200 7290
186.67.172.234 - - [11/Aug/2022:13:01:39 -0300] "GET /cormun/servlet/permisogoce?INS,0,,, HTTP/1.1" 200 7268
190.171.142.42 - - [11/Aug/2022:13:01:40 -0300] "POST /cormun/servlet/permisogoce?40b4a6723bab97c9ddcc5d36da1b06c8,INS,0,,,,gx-no-cache=1660232880934 HTTP/1.1" 200 4776
190.171.142.42 - - [11/Aug/2022:13:01:43 -0300] "GET /cormun/servlet/puconsultapgoce?18646869,MD,gxPopupLevel%3D0%3B HTTP/1.1" 200 4550
190.171.142.42 - - [11/Aug/2022:13:01:43 -0300] "GET /cormun/pexe_menus.js HTTP/1.1" 404 1001
190.171.142.42 - - [11/Aug/2022:13:01:43 -0300] "GET /cormun/pexe_link.js HTTP/1.1" 404 999
190.171.142.42 - - [11/Aug/2022:13:01:43 -0300] "GET /cormun/pexe_grid.js HTTP/1.1" 404 999
190.171.142.42 - - [11/Aug/2022:13:01:43 -0300] "GET /cormun/pexe_windows.js HTTP/1.1" 404 1005
190.171.142.42 - - [11/Aug/2022:13:01:43 -0300] "GET /cormun/pexe_layers.js HTTP/1.1" 404 1003
190.171.142.42 - - [11/Aug/2022:13:01:43 -0300] "GET /cormun/pexe_griddivfix.js HTTP/1.1" 404 1011
190.171.142.42 - - [11/Aug/2022:13:01:43 -0300] "GET /cormun/pexe_cookies.js HTTP/1.1" 404 1005
190.171.142.42 - - [11/Aug/2022:13:01:43 -0300] "GET /cormun/pexe_picture.js HTTP/1.1" 404 1005
190.171.142.42 - - [11/Aug/2022:13:01:43 -0300] "GET /cormun/pexe_treedivfix.js HTTP/1.1" 404 1011
190.171.142.42 - - [11/Aug/2022:13:01:43 -0300] "GET /cormun/pexe_autoreload.js HTTP/1.1" 404 1011
190.171.142.42 - - [11/Aug/2022:13:01:43 -0300] "GET /cormun/pexe_menudivfix.js HTTP/1.1" 404 1011
190.171.142.42 - - [11/Aug/2022:13:01:43 -0300] "GET /cormun/pexe_tabdivfix.js HTTP/1.1" 404 1009
186.67.172.234 - - [11/Aug/2022:13:01:59 -0300] "GET /cormun/servlet/permisogoce?4a1ddb920eab6e46793b9331ae0538bc4ed0d926468279f73418a91de18887dc7ec0eb871930f87907c9c37f0dccc71ab2c5ae7825f369209321e09209d267c5,gx-no-cache=1660233136963 HTTP/1.1" 200 77
186.67.172.234 - - [11/Aug/2022:13:02:01 -0300] "GET /cormun/static/menuarrow.gif HTTP/1.1" 404 1015
186.67.172.234 - - [11/Aug/2022:13:02:16 -0300] "GET /cormun/servlet/permisogoce?4a1ddb920eab6e46793b9331ae0538bcc95fc781cf8291de7a46495292e862df6770c61ada8805920a1847353ad6e460a0ff67755271c926de34d660e2937c20,gx-no-cache=1660233154161 HTTP/1.1" 200 47
186.67.172.234 - - [11/Aug/2022:13:02:20 -0300] "POST /cormun/servlet/permisogoce?ceee56422209eb4c997b2ba32ac9baa7,INS,0,,,,gx-no-cache=1660233157110 HTTP/1.1" 200 93
186.67.172.234 - - [11/Aug/2022:13:02:20 -0300] "GET /cormun/servlet/hpexe_return? HTTP/1.1" 200 1035
186.67.172.234 - - [11/Aug/2022:13:02:20 -0300] "GET /cormun/servlet/trpermisosgoce?gx-no-cache=1660232609499 HTTP/1.1" 200 13507
186.67.172.234 - - [11/Aug/2022:13:02:20 -0300] "GET /cormun/servlet/trpermisosgoce?gx-no-cache=1660232609499 HTTP/1.1" 200 13517
190.171.142.42 - - [11/Aug/2022:13:02:27 -0300] "POST /cormun/servlet/permisogoce?40b4a6723bab97c9ddcc5d36da1b06c8,INS,0,,,,gx-no-cache=1660232928310 HTTP/1.1" 200 4779
190.171.142.42 - - [11/Aug/2022:13:02:30 -0300] "GET /cormun/servlet/puconsultapgoce?13500673,MD,gxPopupLevel%3D0%3B HTTP/1.1" 200 4200
190.171.142.42 - - [11/Aug/2022:13:02:30 -0300] "GET /cormun/pexe_menus.js HTTP/1.1" 404 1001
190.171.142.42 - - [11/Aug/2022:13:02:30 -0300] "GET /cormun/pexe_layers.js HTTP/1.1" 404 1003
190.171.142.42 - - [11/Aug/2022:13:02:30 -0300] "GET /cormun/pexe_windows.js HTTP/1.1" 404 1005
190.171.142.42 - - [11/Aug/2022:13:02:30 -0300] "GET /cormun/pexe_cookies.js HTTP/1.1" 404 1005
190.171.142.42 - - [11/Aug/2022:13:02:30 -0300] "GET /cormun/pexe_griddivfix.js HTTP/1.1" 404 1011
190.171.142.42 - - [11/Aug/2022:13:02:30 -0300] "GET /cormun/pexe_grid.js HTTP/1.1" 404 999
190.171.142.42 - - [11/Aug/2022:13:02:30 -0300] "GET /cormun/pexe_link.js HTTP/1.1" 404 999
190.171.142.42 - - [11/Aug/2022:13:02:30 -0300] "GET /cormun/pexe_picture.js HTTP/1.1" 404 1005
190.171.142.42 - - [11/Aug/2022:13:02:30 -0300] "GET /cormun/pexe_treedivfix.js HTTP/1.1" 404 1011
190.171.142.42 - - [11/Aug/2022:13:02:30 -0300] "GET /cormun/pexe_autoreload.js HTTP/1.1" 404 1011
190.171.142.42 - - [11/Aug/2022:13:02:30 -0300] "GET /cormun/pexe_tabdivfix.js HTTP/1.1" 404 1009
190.171.142.42 - - [11/Aug/2022:13:02:30 -0300] "GET /cormun/pexe_menudivfix.js HTTP/1.1" 404 1011
186.67.172.234 - - [11/Aug/2022:13:02:50 -0300] "GET /cormun/servlet/trpermisosadjuntos?6712761,20220811114506,P, HTTP/1.1" 200 6710
186.67.172.234 - - [11/Aug/2022:13:02:51 -0300] "GET /cormun/servlet/trpermisosadjuntos?6712761,20220811114506,P, HTTP/1.1" 200 6689
186.67.172.234 - - [11/Aug/2022:13:02:55 -0300] "GET /cormun/servlet/permisosadjuntos?INS,6712761,P,20220811114506,, HTTP/1.1" 200 6015
186.67.172.234 - - [11/Aug/2022:13:02:55 -0300] "GET /cormun/static/about:blank HTTP/1.1" 404 1011
186.67.172.234 - - [11/Aug/2022:13:02:55 -0300] "GET /cormun/servlet/permisosadjuntos?INS,6712761,P,20220811114506,, HTTP/1.1" 200 6005
186.67.172.234 - - [11/Aug/2022:13:03:05 -0300] "POST /cormun/servlet/permisosadjuntos?ceee56422209eb4c997b2ba32ac9baa7,INS,6712761,P,20220811114506,, HTTP/1.1" 200 116
186.67.172.234 - - [11/Aug/2022:13:03:05 -0300] "GET /cormun/servlet/hpexe_return? HTTP/1.1" 200 1040
186.67.172.234 - - [11/Aug/2022:13:03:05 -0300] "GET /cormun/servlet/trpermisosadjuntos?6712761,20220811114506,P, HTTP/1.1" 200 7209
186.67.172.234 - - [11/Aug/2022:13:03:05 -0300] "GET /cormun/servlet/trpermisosadjuntos?6712761,20220811114506,P, HTTP/1.1" 200 7207
186.67.172.234 - - [11/Aug/2022:13:03:09 -0300] "POST /cormun/servlet/trpermisosadjuntos?ceee56422209eb4c997b2ba32ac9baa7,6712761,20220811114506,P,,gx-no-cache=1660233206750 HTTP/1.1" 200 90
186.67.172.234 - - [11/Aug/2022:13:03:09 -0300] "GET /cormun/servlet/hpexe_link HTTP/1.1" 200 1008
186.67.172.234 - - [11/Aug/2022:13:03:09 -0300] "GET /cormun/servlet/trpermisosgoce?gx-no-cache=1660232609499 HTTP/1.1" 200 13503
186.67.172.234 - - [11/Aug/2022:13:03:09 -0300] "GET /cormun/servlet/trpermisosgoce?gx-no-cache=1660232609499 HTTP/1.1" 200 13517
186.67.172.234 - - [11/Aug/2022:13:03:25 -0300] "POST /cormun/servlet/trpermisosgoce?ceee56422209eb4c997b2ba32ac9baa7,gx-no-cache=1660232609499,gx-no-cache=1660233222505 HTTP/1.1" 200 10592
186.67.172.234 - - [11/Aug/2022:13:03:25 -0300] "GET /cormun/static/Shared/jqueryui/images/ui-bg_highlight-soft_100_c6c2c8_1x100.png HTTP/1.1" 404 1117
186.67.172.234 - - [11/Aug/2022:13:03:25 -0300] "GET /cormun/static/Shared/jqueryui/images/ui-icons_8d78a5_256x240.png HTTP/1.1" 404 1089
186.67.172.234 - - [11/Aug/2022:13:03:25 -0300] "GET /cormun/static/Shared/jqueryui/images/ui-bg_flat_55_fafafa_40x100.png HTTP/1.1" 404 1097
186.67.172.234 - - [11/Aug/2022:13:03:25 -0300] "GET /cormun/static/Shared/jqueryui/images/ui-icons_82798d_256x240.png HTTP/1.1" 404 1089
186.67.172.234 - - [11/Aug/2022:13:03:44 -0300] "GET /cormun/servlet/permisogoce?INS,0,,, HTTP/1.1" 200 7289
186.67.172.234 - - [11/Aug/2022:13:03:44 -0300] "GET /cormun/servlet/permisogoce?INS,0,,, HTTP/1.1" 200 7268
186.67.172.234 - - [11/Aug/2022:13:04:05 -0300] "GET /cormun/servlet/permisogoce?4a1ddb920eab6e46793b9331ae0538bc57aa477a63817106974939d973fbe3a0ff57ffe92df178399ef867beede56d91e6918f7d3440cafe5d16d5355660a24c,gx-no-cache=1660233263136 HTTP/1.1" 200 83
186.67.172.234 - - [11/Aug/2022:13:04:05 -0300] "GET /cormun/static/menuarrow.gif HTTP/1.1" 404 1015
190.171.142.42 - - [11/Aug/2022:13:05:00 -0300] "GET /cormun/servlet/trlicencias? HTTP/1.1" 200 13480
190.171.142.42 - - [11/Aug/2022:13:05:00 -0300] "GET /cormun/servlet/trlicencias? HTTP/1.1" 200 13471
186.67.172.234 - - [11/Aug/2022:13:08:11 -0300] "GET /cormun/servlet/permisogoce?4a1ddb920eab6e46793b9331ae0538bc65773e347bc5061e8009d452e30e30e071fad56451778e7936ad251005c1cd141f3e30429cfc015b31945cdd832e24df,gx-no-cache=1660233508542 HTTP/1.1" 200 48
186.67.172.234 - - [11/Aug/2022:13:08:25 -0300] "POST /cormun/servlet/permisogoce?ceee56422209eb4c997b2ba32ac9baa7,INS,0,,,,gx-no-cache=1660233522775 HTTP/1.1" 200 93
186.67.172.234 - - [11/Aug/2022:13:08:25 -0300] "GET /cormun/servlet/hpexe_return? HTTP/1.1" 200 1035
186.67.172.234 - - [11/Aug/2022:13:08:25 -0300] "GET /cormun/servlet/trpermisosgoce?gx-no-cache=1660232609499 HTTP/1.1" 200 13734
186.67.172.234 - - [11/Aug/2022:13:08:26 -0300] "GET /cormun/servlet/trpermisosgoce?gx-no-cache=1660232609499 HTTP/1.1" 200 13743
190.171.143.82 - - [11/Aug/2022:13:08:37 -0300] "GET /cormun/servlet/apermisogoceprn?18557986,P,20220811113955,PU HTTP/1.1" 200 1655
186.67.172.234 - - [11/Aug/2022:13:08:43 -0300] "POST /cormun/servlet/trpermisosgoce?ceee56422209eb4c997b2ba32ac9baa7,gx-no-cache=1660232609499,gx-no-cache=1660233540481 HTTP/1.1" 200 10949
186.67.172.234 - - [11/Aug/2022:13:08:43 -0300] "GET /cormun/static/Shared/jqueryui/images/ui-bg_highlight-soft_100_c6c2c8_1x100.png HTTP/1.1" 404 1117
186.67.172.234 - - [11/Aug/2022:13:08:43 -0300] "GET /cormun/static/Shared/jqueryui/images/ui-icons_82798d_256x240.png HTTP/1.1" 404 1089
186.67.172.234 - - [11/Aug/2022:13:08:43 -0300] "GET /cormun/static/Shared/jqueryui/images/ui-bg_flat_55_fafafa_40x100.png HTTP/1.1" 404 1097
186.67.172.234 - - [11/Aug/2022:13:08:43 -0300] "GET /cormun/static/Shared/jqueryui/images/ui-icons_8d78a5_256x240.png HTTP/1.1" 404 1089
186.67.172.234 - - [11/Aug/2022:13:08:50 -0300] "GET /cormun/servlet/trpermisosadjuntos?13427858,20220811114711,P, HTTP/1.1" 200 6713
186.67.172.234 - - [11/Aug/2022:13:08:50 -0300] "GET /cormun/servlet/trpermisosadjuntos?13427858,20220811114711,P, HTTP/1.1" 200 6693
186.67.172.234 - - [11/Aug/2022:13:08:52 -0300] "GET /cormun/servlet/permisosadjuntos?INS,13427858,P,20220811114711,, HTTP/1.1" 200 6020
186.67.172.234 - - [11/Aug/2022:13:08:52 -0300] "GET /cormun/static/about:blank HTTP/1.1" 404 1011
186.67.172.234 - - [11/Aug/2022:13:08:52 -0300] "GET /cormun/servlet/permisosadjuntos?INS,13427858,P,20220811114711,, HTTP/1.1" 200 6010
190.171.143.82 - - [11/Aug/2022:13:09:00 -0300] "GET /cormun/servlet/apermisogoceprn?8062613,P,20220811113828,PU HTTP/1.1" 200 1663
190.171.142.42 - - [11/Aug/2022:13:09:03 -0300] "GET /cormun/servlet/trpermisosgoce? HTTP/1.1" 200 11440
190.171.142.42 - - [11/Aug/2022:13:09:03 -0300] "GET /cormun/servlet/trpermisosgoce? HTTP/1.1" 200 11441
186.67.172.234 - - [11/Aug/2022:13:09:04 -0300] "POST /cormun/servlet/permisosadjuntos?ceee56422209eb4c997b2ba32ac9baa7,INS,13427858,P,20220811114711,, HTTP/1.1" 200 116
186.67.172.234 - - [11/Aug/2022:13:09:04 -0300] "GET /cormun/servlet/hpexe_return? HTTP/1.1" 200 1041
186.67.172.234 - - [11/Aug/2022:13:09:04 -0300] "GET /cormun/servlet/trpermisosadjuntos?13427858,20220811114711,P, HTTP/1.1" 200 7216
186.67.172.234 - - [11/Aug/2022:13:09:04 -0300] "GET /cormun/servlet/trpermisosadjuntos?13427858,20220811114711,P, HTTP/1.1" 200 7213
186.67.172.234 - - [11/Aug/2022:13:09:08 -0300] "POST /cormun/servlet/trpermisosadjuntos?ceee56422209eb4c997b2ba32ac9baa7,13427858,20220811114711,P,,gx-no-cache=1660233565838 HTTP/1.1" 200 90
186.67.172.234 - - [11/Aug/2022:13:09:08 -0300] "GET /cormun/servlet/hpexe_link HTTP/1.1" 200 1009
190.171.142.42 - - [11/Aug/2022:13:09:08 -0300] "GET /cormun/servlet/permisogoce?INS,0,,, HTTP/1.1" 200 7147
186.67.172.234 - - [11/Aug/2022:13:09:08 -0300] "GET /cormun/servlet/trpermisosgoce?gx-no-cache=1660232609499 HTTP/1.1" 200 13731
190.171.142.42 - - [11/Aug/2022:13:09:08 -0300] "GET /cormun/servlet/permisogoce?INS,0,,, HTTP/1.1" 200 7147
186.67.172.234 - - [11/Aug/2022:13:09:09 -0300] "GET /cormun/servlet/trpermisosgoce?gx-no-cache=1660232609499 HTTP/1.1" 200 13743
190.171.141.106 - - [11/Aug/2022:13:09:17 -0300] "GET /cormun/servlet/hlogin HTTP/1.1" 200 1721
190.171.141.106 - - [11/Aug/2022:13:09:18 -0300] "GET /cormun/servlet/hlogin HTTP/1.1" 200 1731
190.171.141.106 - - [11/Aug/2022:13:09:24 -0300] "POST /cormun/servlet/hlogin?d9d16b8515b5d6d8de990adc5ee38b6b,gx-no-cache=1660233346927 HTTP/1.1" 200 90
190.171.141.106 - - [11/Aug/2022:13:09:24 -0300] "GET /cormun/servlet/hpexe_link HTTP/1.1" 200 947
190.171.141.106 - - [11/Aug/2022:13:09:24 -0300] "GET /cormun/servlet/hhome HTTP/1.1" 200 4254
186.67.172.234 - - [11/Aug/2022:13:09:24 -0300] "POST /cormun/servlet/trpermisosgoce?ceee56422209eb4c997b2ba32ac9baa7,gx-no-cache=1660232609499,gx-no-cache=1660233581912 HTTP/1.1" 200 10918
186.67.172.234 - - [11/Aug/2022:13:09:24 -0300] "GET /cormun/static/Shared/jqueryui/images/ui-bg_highlight-soft_100_c6c2c8_1x100.png HTTP/1.1" 404 1117
186.67.172.234 - - [11/Aug/2022:13:09:24 -0300] "GET /cormun/static/Shared/jqueryui/images/ui-icons_82798d_256x240.png HTTP/1.1" 404 1089
186.67.172.234 - - [11/Aug/2022:13:09:24 -0300] "GET /cormun/static/Shared/jqueryui/images/ui-bg_flat_55_fafafa_40x100.png HTTP/1.1" 404 1097
186.67.172.234 - - [11/Aug/2022:13:09:24 -0300] "GET /cormun/static/Shared/jqueryui/images/ui-icons_8d78a5_256x240.png HTTP/1.1" 404 1089
190.171.141.106 - - [11/Aug/2022:13:09:25 -0300] "GET /cormun/servlet/hhome HTTP/1.1" 200 4250
190.171.142.42 - - [11/Aug/2022:13:09:26 -0300] "POST /cormun/servlet/permisogoce?40b4a6723bab97c9ddcc5d36da1b06c8,INS,0,,,,gx-no-cache=1660233347193 HTTP/1.1" 200 4769
190.171.142.42 - - [11/Aug/2022:13:09:26 -0300] "GET /cormun/static/Shared/jqueryui/images/ui-bg_highlight-soft_100_c6c2c8_1x100.png HTTP/1.1" 404 1117
190.171.142.42 - - [11/Aug/2022:13:09:26 -0300] "GET /cormun/static/Shared/jqueryui/images/ui-bg_flat_55_994d53_40x100.png HTTP/1.1" 404 1097
190.171.142.42 - - [11/Aug/2022:13:09:26 -0300] "GET /cormun/static/Shared/jqueryui/images/ui-icons_82798d_256x240.png HTTP/1.1" 404 1089
190.171.142.42 - - [11/Aug/2022:13:09:26 -0300] "GET /cormun/static/Shared/jqueryui/images/ui-icons_ebccce_256x240.png HTTP/1.1" 404 1089
190.171.141.106 - - [11/Aug/2022:13:09:30 -0300] "GET /cormun/servlet/trlicencias? HTTP/1.1" 200 12688
190.171.141.106 - - [11/Aug/2022:13:09:30 -0300] "GET /cormun/servlet/trlicencias? HTTP/1.1" 200 12685
190.171.142.42 - - [11/Aug/2022:13:09:31 -0300] "GET /cormun/servlet/puconsultapgoce?13500673,MD,gxPopupLevel%3D0%3B HTTP/1.1" 200 4200
190.171.142.42 - - [11/Aug/2022:13:09:31 -0300] "GET /cormun/pexe_link.js HTTP/1.1" 404 999
190.171.142.42 - - [11/Aug/2022:13:09:31 -0300] "GET /cormun/pexe_windows.js HTTP/1.1" 404 1005
190.171.142.42 - - [11/Aug/2022:13:09:31 -0300] "GET /cormun/pexe_layers.js HTTP/1.1" 404 1003
190.171.142.42 - - [11/Aug/2022:13:09:31 -0300] "GET /cormun/pexe_menus.js HTTP/1.1" 404 1001
190.171.142.42 - - [11/Aug/2022:13:09:31 -0300] "GET /cormun/pexe_griddivfix.js HTTP/1.1" 404 1011
190.171.142.42 - - [11/Aug/2022:13:09:31 -0300] "GET /cormun/pexe_grid.js HTTP/1.1" 404 999
190.171.142.42 - - [11/Aug/2022:13:09:31 -0300] "GET /cormun/pexe_cookies.js HTTP/1.1" 404 1005
190.171.142.42 - - [11/Aug/2022:13:09:31 -0300] "GET /cormun/pexe_treedivfix.js HTTP/1.1" 404 1011
190.171.142.42 - - [11/Aug/2022:13:09:31 -0300] "GET /cormun/pexe_picture.js HTTP/1.1" 404 1005
190.171.142.42 - - [11/Aug/2022:13:09:31 -0300] "GET /cormun/pexe_tabdivfix.js HTTP/1.1" 404 1009
190.171.142.42 - - [11/Aug/2022:13:09:31 -0300] "GET /cormun/pexe_menudivfix.js HTTP/1.1" 404 1011
190.171.142.42 - - [11/Aug/2022:13:09:31 -0300] "GET /cormun/pexe_autoreload.js HTTP/1.1" 404 1011
190.171.141.106 - - [11/Aug/2022:13:09:34 -0300] "GET /cormun/servlet/licenciaspermisos?INS,0,,, HTTP/1.1" 200 7861
190.171.141.106 - - [11/Aug/2022:13:09:35 -0300] "GET /cormun/servlet/licenciaspermisos?INS,0,,, HTTP/1.1" 200 7869
190.171.142.42 - - [11/Aug/2022:13:09:41 -0300] "POST /cormun/servlet/puconsultapgoce?40b4a6723bab97c9ddcc5d36da1b06c8,13500673,MD,gxPopupLevel%3D0%3B,gx-no-cache=1660233362831 HTTP/1.1" 200 60
186.67.172.234 - - [11/Aug/2022:13:09:54 -0300] "GET /cormun/servlet/permisogoce?INS,0,,, HTTP/1.1" 200 7289
186.67.172.234 - - [11/Aug/2022:13:09:55 -0300] "GET /cormun/servlet/permisogoce?INS,0,,, HTTP/1.1" 200 7268
190.171.142.42 - - [11/Aug/2022:13:09:55 -0300] "POST /cormun/servlet/permisogoce?40b4a6723bab97c9ddcc5d36da1b06c8,INS,0,,,,gx-no-cache=1660233376719 HTTP/1.1" 200 4772
190.171.142.42 - - [11/Aug/2022:13:09:58 -0300] "GET /cormun/servlet/puconsultapgoce?6206819,MD,gxPopupLevel%3D0%3B HTTP/1.1" 200 4280
190.171.142.42 - - [11/Aug/2022:13:09:58 -0300] "GET /cormun/pexe_menus.js HTTP/1.1" 404 1001
190.171.142.42 - - [11/Aug/2022:13:09:58 -0300] "GET /cormun/pexe_cookies.js HTTP/1.1" 404 1005
190.171.142.42 - - [11/Aug/2022:13:09:58 -0300] "GET /cormun/pexe_grid.js HTTP/1.1" 404 999
190.171.142.42 - - [11/Aug/2022:13:09:58 -0300] "GET /cormun/pexe_windows.js HTTP/1.1" 404 1005
190.171.142.42 - - [11/Aug/2022:13:09:58 -0300] "GET /cormun/pexe_layers.js HTTP/1.1" 404 1003
190.171.142.42 - - [11/Aug/2022:13:09:58 -0300] "GET /cormun/pexe_link.js HTTP/1.1" 404 999
190.171.142.42 - - [11/Aug/2022:13:09:58 -0300] "GET /cormun/pexe_griddivfix.js HTTP/1.1" 404 1011
190.171.142.42 - - [11/Aug/2022:13:09:58 -0300] "GET /cormun/pexe_picture.js HTTP/1.1" 404 1005
190.171.142.42 - - [11/Aug/2022:13:09:58 -0300] "GET /cormun/pexe_treedivfix.js HTTP/1.1" 404 1011
190.171.142.42 - - [11/Aug/2022:13:09:58 -0300] "GET /cormun/pexe_tabdivfix.js HTTP/1.1" 404 1009
190.171.142.42 - - [11/Aug/2022:13:09:58 -0300] "GET /cormun/pexe_menudivfix.js HTTP/1.1" 404 1011
190.171.142.42 - - [11/Aug/2022:13:09:58 -0300] "GET /cormun/pexe_autoreload.js HTTP/1.1" 404 1011
186.67.172.234 - - [11/Aug/2022:13:10:04 -0300] "GET /cormun/servlet/permisogoce?4a1ddb920eab6e46793b9331ae0538bccd4615887e2e26f8d8ce84205e8fc3fdff57ffe92df178399ef867beede56d91e6918f7d3440cafe5d16d5355660a24c,gx-no-cache=1660233621725 HTTP/1.1" 200 84
186.67.172.234 - - [11/Aug/2022:13:10:17 -0300] "GET /cormun/static/menuarrow.gif HTTP/1.1" 404 1015
190.171.142.42 - - [11/Aug/2022:13:10:24 -0300] "POST /cormun/servlet/permisogoce?40b4a6723bab97c9ddcc5d36da1b06c8,INS,0,,,,gx-no-cache=1660233405687 HTTP/1.1" 200 4825
186.67.172.234 - - [11/Aug/2022:13:10:25 -0300] "GET /cormun/servlet/permisogoce?4a1ddb920eab6e46793b9331ae0538bce7ca67e56aea8a37e2ec26cd73eeaf5ba763cea2740c566938d508c81007adc91f3e30429cfc015b31945cdd832e24df,gx-no-cache=1660233643304 HTTP/1.1" 200 48
190.171.141.106 - - [11/Aug/2022:13:10:31 -0300] "GET /cormun/servlet/hlogin HTTP/1.1" 200 1725
190.171.141.106 - - [11/Aug/2022:13:10:37 -0300] "POST /cormun/servlet/hlogin?7ca11a0164e97c08718277b1f972f36d,gx-no-cache=1660233419815 HTTP/1.1" 200 90
190.171.141.106 - - [11/Aug/2022:13:10:37 -0300] "GET /cormun/servlet/hpexe_link HTTP/1.1" 200 953
190.171.141.106 - - [11/Aug/2022:13:10:37 -0300] "GET /cormun/servlet/hhome HTTP/1.1" 200 4260
190.171.141.106 - - [11/Aug/2022:13:10:37 -0300] "GET /cormun/servlet/hhome HTTP/1.1" 200 4256
190.171.141.106 - - [11/Aug/2022:13:10:41 -0300] "GET /cormun/servlet/trlicencias? HTTP/1.1" 200 12695
190.171.141.106 - - [11/Aug/2022:13:10:41 -0300] "GET /cormun/servlet/trlicencias? HTTP/1.1" 200 12693
186.67.172.234 - - [11/Aug/2022:13:10:43 -0300] "POST /cormun/servlet/permisogoce?ceee56422209eb4c997b2ba32ac9baa7,INS,0,,,,gx-no-cache=1660233660911 HTTP/1.1" 200 93
186.67.172.234 - - [11/Aug/2022:13:10:43 -0300] "GET /cormun/servlet/hpexe_return? HTTP/1.1" 200 1035
