181.212.43.89 - - [03/Aug/2022:10:21:31 -0300] "GET /cormun/servlet/hpexe_link HTTP/1.1" 200 968
181.212.43.89 - - [03/Aug/2022:10:21:31 -0300] "GET /cormun/servlet/trsolicitudot HTTP/1.1" 200 8613
181.212.43.89 - - [03/Aug/2022:10:21:31 -0300] "GET /cormun/servlet/trsolicitudot HTTP/1.1" 200 8612
181.212.43.89 - - [03/Aug/2022:10:21:33 -0300] "POST /cormun/servlet/trsolicitudot?7c082f634eb74a79c4cf365049763470,gx-no-cache=1659532077467 HTTP/1.1" 200 111
181.212.43.89 - - [03/Aug/2022:10:21:33 -0300] "GET /cormun/servlet/solicitudot?UPD,2022,19028,false, HTTP/1.1" 200 16332
181.212.43.89 - - [03/Aug/2022:10:21:34 -0300] "GET /cormun/servlet/solicitudot?UPD,2022,19028,false, HTTP/1.1" 200 16344
181.212.43.89 - - [03/Aug/2022:10:21:34 -0300] "POST /cormun/servlet/solicitudot?gx-no-cache=1659532078369 HTTP/1.1" 200 3957
181.212.43.89 - - [03/Aug/2022:10:21:34 -0300] "POST /cormun/servlet/solicitudot?7c082f634eb74a79c4cf365049763470,UPD,2022,19028,false,,gx-no-cache=1659532078477 HTTP/1.1" 200 12574
181.212.43.89 - - [03/Aug/2022:10:21:34 -0300] "GET /cormun/servlet/solicitudot?cf3091ef4c8ce7b20f5b1bd74ae1d2e213e53613768ddcc06f063976dd58eb0498714ac2b0d350553d325812f6e892dd,gx-no-cache=1659532078622 HTTP/1.1" 200 30
181.212.43.89 - - [03/Aug/2022:10:21:34 -0300] "GET /cormun/servlet/solicitudot?cf3091ef4c8ce7b20f5b1bd74ae1d2e2f4142cfcec1e95fbf284db6f317de405348bf4cba3da904e2c0e43de86f23db8,gx-no-cache=1659532078644 HTTP/1.1" 200 30
181.212.43.89 - - [03/Aug/2022:10:21:34 -0300] "GET /cormun/servlet/solicitudot?cf3091ef4c8ce7b20f5b1bd74ae1d2e2d9a7eec9453054d5e2b4b373f0d0f7426d23795c4309ed2a90d6ce4a2c054e396d0880fcd2d937e65ebe50ad8b535a3a,gx-no-cache=1659532078663 HTTP/1.1" 200 53
181.212.43.89 - - [03/Aug/2022:10:21:34 -0300] "POST /cormun/servlet/solicitudot?gx-no-cache=1659532078683 HTTP/1.1" 200 297
181.212.43.89 - - [03/Aug/2022:10:21:34 -0300] "GET /cormun/servlet/solicitudot?cf3091ef4c8ce7b20f5b1bd74ae1d2e234d6099914c767ec65553de20140fef447756a35b9bff73d0f157f76a19456e381e22c2cd29779157a2e21436cd0c517450fa79d9868caf2b62127ac0993d2277f03ea5158e950940dfa2f4db5a8a4699289173c178f16dd852076623b874329b82620c86670e8225d59fb3af3b0dbdd045ece764026a08124b56392ec8b7d771c334050774665a9ec65810b35a79fade808ba60c2968d25a34ec65114881cce8db1f5bac1dbc868444077ed789b9943f705ad338954139afd4f7371db57ba495f69cbb3e3ecd42bc41a06bf44ebb757d9e53ea8a710b33924dd0099a68c5beeb49a5370c35462ba75ff4976ca1c3275a9d575ef5f3081f94a7621afdc9cd323c00a32ecef501880dae01ff415e9f9bfaf49026b6b8d8d44fff9cadaf7b14967981f22b4b838b5a94cf0169157f8319a517d6e75268f78119660b7c7fc6e0495625e05802a4c932f971f6e52d313f9df606ff195e79e7a6241060737f3a95d398d5c95491faf7cb993f7b231058a5629b3cefdba6a0b88c67bd75c936e6b605e,gx-no-cache=1659532078707 HTTP/1.1" 200 30
181.212.43.89 - - [03/Aug/2022:10:21:34 -0300] "POST /cormun/servlet/solicitudot?gx-no-cache=1659532078728 HTTP/1.1" 200 30
181.212.43.89 - - [03/Aug/2022:10:21:34 -0300] "POST /cormun/servlet/solicitudot?gx-no-cache=1659532078751 HTTP/1.1" 200 1470
181.212.43.89 - - [03/Aug/2022:10:21:35 -0300] "POST /cormun/servlet/solicitudot?gx-no-cache=1659532078782 HTTP/1.1" 200 41
186.67.172.234 - - [03/Aug/2022:10:21:35 -0300] "GET /cormun/servlet/solicitudot?9599701ded8fc7437a2b38c7cf2618c068c2ee646fc01ce37cc42f72a7b1c6e1ec42e4da7683ecd1a613559848828b6d79cfeee249188d30883b132d7041bd235a980d3b51004a9ed14bb4da6b117f41027b96e3c43de23f9659d92e08fb27fde3b9c5f0ff5d5b8d29132c010f0201e7,gx-no-cache=1659532079549 HTTP/1.1" 200 110
186.67.172.234 - - [03/Aug/2022:10:21:37 -0300] "POST /cormun/servlet/solicitudot?gx-no-cache=1659532081731 HTTP/1.1" 200 83
190.171.143.98 - - [03/Aug/2022:10:21:42 -0300] "GET /cormun/servlet/hlogin HTTP/1.1" 200 1729
181.212.43.89 - - [03/Aug/2022:10:21:50 -0300] "GET /cormun/servlet/solicitudot?cf3091ef4c8ce7b20f5b1bd74ae1d2e252bbfdf6a2b03379ecdbbf6967842dd4592f215b7345723939c887923fec0bca971c586c93d4991b36bbf0dfd642c58a81ad1d8d48a9012454b5318bc88aa636fcbbb14100ed41e256a68c11faf492b5a154238a950e5ac4cb4a1c9da6206644,gx-no-cache=1659532093861 HTTP/1.1" 200 110
181.212.43.89 - - [03/Aug/2022:10:21:50 -0300] "POST /cormun/servlet/solicitudot?gx-no-cache=1659532093883 HTTP/1.1" 200 67
181.212.43.89 - - [03/Aug/2022:10:21:50 -0300] "GET /cormun/servlet/solicitudot?cf3091ef4c8ce7b20f5b1bd74ae1d2e2e8620d02585211754b614921f7a06664d27922b64043afd0eb0f39f691d0a2081b0ecbf389a4ffc40f8b4424b66afdb87dc88bad17b2f7c7a1c228dcbba5a260c3ca313769d47de6998824458f494f30a0732dc5d909db4ff922f7db795d2f28,gx-no-cache=1659532093906 HTTP/1.1" 200 29
181.212.43.89 - - [03/Aug/2022:10:21:50 -0300] "GET /cormun/servlet/solicitudot?cf3091ef4c8ce7b20f5b1bd74ae1d2e22490234e4c50e598f4f1853f69ac2781bdfce939e670573cdb1f72da2a5bf663,gx-no-cache=1659532093924 HTTP/1.1" 200 30
181.212.43.89 - - [03/Aug/2022:10:21:50 -0300] "POST /cormun/servlet/solicitudot?gx-no-cache=1659532093943 HTTP/1.1" 200 30
181.212.43.89 - - [03/Aug/2022:10:21:50 -0300] "POST /cormun/servlet/solicitudot?7c082f634eb74a79c4cf365049763470,UPD,2022,19028,false,,gx-no-cache=1659532093964 HTTP/1.1" 200 93
181.212.43.89 - - [03/Aug/2022:10:21:50 -0300] "GET /cormun/servlet/hpexe_return? HTTP/1.1" 200 1012
181.212.43.89 - - [03/Aug/2022:10:21:50 -0300] "GET /cormun/servlet/trsolicitudot HTTP/1.1" 200 8616
181.212.43.89 - - [03/Aug/2022:10:21:50 -0300] "GET /cormun/servlet/trsolicitudot HTTP/1.1" 200 8612
190.171.143.98 - - [03/Aug/2022:10:21:51 -0300] "POST /cormun/servlet/hlogin?d23ac45c2caa9ebde76e5f4333ea35f6,gx-no-cache=1659532097573 HTTP/1.1" 200 90
190.171.143.98 - - [03/Aug/2022:10:21:51 -0300] "GET /cormun/servlet/hpexe_link HTTP/1.1" 200 969
190.171.143.98 - - [03/Aug/2022:10:21:51 -0300] "GET /cormun/servlet/trautorizarpermisogoce? HTTP/1.1" 200 7133
190.171.143.98 - - [03/Aug/2022:10:21:52 -0300] "GET /cormun/servlet/trautorizarpermisogoce? HTTP/1.1" 200 7132
190.171.143.98 - - [03/Aug/2022:10:21:55 -0300] "GET /cormun/servlet/trlicencias? HTTP/1.1" 200 9793
190.171.143.98 - - [03/Aug/2022:10:21:55 -0300] "GET /cormun/servlet/trlicencias? HTTP/1.1" 200 9792
181.212.43.89 - - [03/Aug/2022:10:21:56 -0300] "POST /cormun/servlet/trsolicitudot?7c082f634eb74a79c4cf365049763470,gx-no-cache=1659532100338 HTTP/1.1" 200 4585
181.212.43.89 - - [03/Aug/2022:10:21:56 -0300] "GET /cormun/static/Shared/jqueryui/images/ui-icons_82798d_256x240.png HTTP/1.1" 404 1089
181.212.43.89 - - [03/Aug/2022:10:21:56 -0300] "GET /cormun/static/Shared/jqueryui/images/ui-bg_highlight-soft_100_c6c2c8_1x100.png HTTP/1.1" 404 1117
181.212.43.89 - - [03/Aug/2022:10:21:56 -0300] "GET /cormun/static/Shared/jqueryui/images/ui-bg_flat_55_fafafa_40x100.png HTTP/1.1" 404 1097
181.212.43.89 - - [03/Aug/2022:10:21:56 -0300] "GET /cormun/static/Shared/jqueryui/images/ui-icons_8d78a5_256x240.png HTTP/1.1" 404 1089
181.212.43.89 - - [03/Aug/2022:10:21:56 -0300] "POST /cormun/servlet/trsolicitudot?7c082f634eb74a79c4cf365049763470,gx-no-cache=1659532100491 HTTP/1.1" 200 4351
186.67.172.234 - - [03/Aug/2022:10:22:07 -0300] "GET /cormun/servlet/solicitudot?9599701ded8fc7437a2b38c7cf2618c0e3d058cda848b530f5824f8760ec0e1f1c188f5017521920bf31ab0daba24d026577fb4347ebd35c4f8afb0f0cd0574e96cfdb124c1a42839e6f1a9235b026729eea4fc17decc60f2c54c847bbf9d4195fcc73378e3545ff4b57f9b4380efb07,gx-no-cache=1659532111197 HTTP/1.1" 200 29
190.171.143.98 - - [03/Aug/2022:10:22:07 -0300] "GET /cormun/servlet/alicenciaprn?11398129,L,20220802000000,PU HTTP/1.1" 200 1547
186.67.172.234 - - [03/Aug/2022:10:22:08 -0300] "GET /cormun/static/menuarrow.gif HTTP/1.1" 404 1015
186.67.172.234 - - [03/Aug/2022:10:22:10 -0300] "GET /cormun/servlet/solicitudot?9599701ded8fc7437a2b38c7cf2618c0aa521105afa47eca6bdf0783ba48173e1d04c690e536dc76b704cb1e91f4af4a,gx-no-cache=1659532114057 HTTP/1.1" 200 30
186.67.172.234 - - [03/Aug/2022:10:22:15 -0300] "POST /cormun/servlet/solicitudot?gx-no-cache=1659532119694 HTTP/1.1" 200 30
181.212.43.89 - - [03/Aug/2022:10:22:18 -0300] "GET /cormun/servlet/solicitudot?INS,0,0,false, HTTP/1.1" 200 15774
181.212.43.89 - - [03/Aug/2022:10:22:18 -0300] "GET /cormun/servlet/solicitudot?INS,0,0,false, HTTP/1.1" 200 15782
181.212.43.89 - - [03/Aug/2022:10:22:25 -0300] "POST /cormun/servlet/solicitudot?gx-no-cache=1659532129484 HTTP/1.1" 200 3878
181.212.43.89 - - [03/Aug/2022:10:22:25 -0300] "POST /cormun/servlet/solicitudot?7c082f634eb74a79c4cf365049763470,INS,0,0,false,,gx-no-cache=1659532129601 HTTP/1.1" 200 12426
181.212.43.89 - - [03/Aug/2022:10:22:29 -0300] "GET /cormun/servlet/solicitudot?cf3091ef4c8ce7b20f5b1bd74ae1d2e2c821b6593f3317e0b3ceafa412253c180277e16d0ac1687c193bec52898516b8,gx-no-cache=1659532133071 HTTP/1.1" 200 30
186.67.172.234 - - [03/Aug/2022:10:22:30 -0300] "POST /cormun/servlet/solicitudot?7e018410f1f2c9a9b030b5ad434ce97f,INS,0,0,false,,gx-no-cache=1659532133926 HTTP/1.1" 200 93
186.67.172.234 - - [03/Aug/2022:10:22:30 -0300] "GET /cormun/servlet/hpexe_return? HTTP/1.1" 200 1006
186.67.172.234 - - [03/Aug/2022:10:22:30 -0300] "GET /cormun/servlet/hhome HTTP/1.1" 200 4368
186.67.172.234 - - [03/Aug/2022:10:22:30 -0300] "GET /cormun/servlet/hhome HTTP/1.1" 200 4362
181.212.43.89 - - [03/Aug/2022:10:23:50 -0300] "GET /cormun/servlet/prbanco?,MD,,gxPopupLevel%3D0%3B HTTP/1.1" 200 6563
181.212.43.89 - - [03/Aug/2022:10:23:56 -0300] "GET /cormun/servlet/solicitudot?cf3091ef4c8ce7b20f5b1bd74ae1d2e22b3083b8c5f854b53643f571ed6e3f7abf3e342574f4a2ab539cfced6011ac28dd4d73c2c425dec4e3bab5b047208871,gx-no-cache=1659532220292 HTTP/1.1" 200 30
181.212.43.89 - - [03/Aug/2022:10:24:00 -0300] "GET /cormun/servlet/solicitudot?cf3091ef4c8ce7b20f5b1bd74ae1d2e2dc56a57a3fdbe665c30ccf2cda77f670,gx-no-cache=1659532224547 HTTP/1.1" 200 45
181.212.43.89 - - [03/Aug/2022:10:24:43 -0300] "POST /cormun/servlet/solicitudot?gx-no-cache=1659532267456 HTTP/1.1" 200 255
181.212.43.89 - - [03/Aug/2022:10:24:45 -0300] "GET /cormun/servlet/solicitudot?cf3091ef4c8ce7b20f5b1bd74ae1d2e234d6099914c767ec65553de20140fef4ea9c349f0ea5d087d58a38c10012faae81e22c2cd29779157a2e21436cd0c517450fa79d9868caf2b62127ac0993d2277f03ea5158e950940dfa2f4db5a8a4699289173c178f16dd852076623b874329b82620c86670e8225d59fb3af3b0dbdd045ece764026a08124b56392ec8b7d771c334050774665a9ec65810b35a79fade808ba60c2968d25a34ec65114881cce8db1f5bac1dbc868444077ed789b9943f705ad338954139afd4f7371db57ba495f69cbb3e3ecd42bc41a06bf44ebb757d9e53ea8a710b33924dd0099a68c5beee9068f53d766231959ab82e84402c403a9d575ef5f3081f94a7621afdc9cd323aebe73e6fa92e47196dc064da200b9c4e8fdb07048589f471d00872db5b666165f56287f7a2f2954cebab0c0a26949d31f20051949d5f771b4b1679214f91f17deb3d9f725906dd3f76ec7769aa22daca6ca3952d146e4d0b39016ac304a41118125e6cb8c7ec5762f68787c23b7d5e2,gx-no-cache=1659532269308 HTTP/1.1" 200 30
181.212.43.89 - - [03/Aug/2022:10:24:52 -0300] "POST /cormun/servlet/solicitudot?gx-no-cache=1659532276404 HTTP/1.1" 200 30
181.212.43.89 - - [03/Aug/2022:10:24:54 -0300] "POST /cormun/servlet/solicitudot?gx-no-cache=1659532278200 HTTP/1.1" 200 1466
181.212.43.89 - - [03/Aug/2022:10:24:54 -0300] "POST /cormun/servlet/solicitudot?gx-no-cache=1659532278250 HTTP/1.1" 200 38
181.212.43.89 - - [03/Aug/2022:10:25:17 -0300] "GET /cormun/servlet/solicitudot?cf3091ef4c8ce7b20f5b1bd74ae1d2e252bbfdf6a2b03379ecdbbf6967842dd4592f215b7345723939c887923fec0bca971c586c93d4991b36bbf0dfd642c58a81ad1d8d48a9012454b5318bc88aa636fcbbb14100ed41e256a68c11faf492b5a154238a950e5ac4cb4a1c9da6206644,gx-no-cache=1659532301367 HTTP/1.1" 200 110
181.212.43.89 - - [03/Aug/2022:10:25:21 -0300] "POST /cormun/servlet/solicitudot?gx-no-cache=1659532305606 HTTP/1.1" 200 72
181.212.43.89 - - [03/Aug/2022:10:25:29 -0300] "GET /cormun/servlet/solicitudot?cf3091ef4c8ce7b20f5b1bd74ae1d2e2c5931fe7d106a9f29e456636a9dab16e306e4f2879e45c52bafe44dde3a85b62531c70d3dbc8e104a889c38236206b425406f05c0aad76a00ecb91e1fb6e99a063dd4da57dacd3d6e753fe2f0bed5f6598c2039ce9435b18981c24db7062ffbd,gx-no-cache=1659532313015 HTTP/1.1" 200 29
181.212.43.89 - - [03/Aug/2022:10:25:29 -0300] "GET /cormun/static/menuarrow.gif HTTP/1.1" 404 1015
181.212.43.89 - - [03/Aug/2022:10:25:32 -0300] "GET /cormun/servlet/solicitudot?cf3091ef4c8ce7b20f5b1bd74ae1d2e22490234e4c50e598f4f1853f69ac2781bdfce939e670573cdb1f72da2a5bf663,gx-no-cache=1659532316010 HTTP/1.1" 200 30
181.212.43.89 - - [03/Aug/2022:10:25:36 -0300] "POST /cormun/servlet/solicitudot?gx-no-cache=1659532320394 HTTP/1.1" 200 30
186.67.172.234 - - [03/Aug/2022:10:25:43 -0300] "GET /cormun/servlet/trsolicitudot? HTTP/1.1" 200 12245
186.67.172.234 - - [03/Aug/2022:10:25:44 -0300] "GET /cormun/servlet/trsolicitudot? HTTP/1.1" 200 12243
181.212.43.89 - - [03/Aug/2022:10:25:48 -0300] "POST /cormun/servlet/solicitudot?7c082f634eb74a79c4cf365049763470,INS,0,0,false,,gx-no-cache=1659532331970 HTTP/1.1" 200 93
181.212.43.89 - - [03/Aug/2022:10:25:48 -0300] "GET /cormun/servlet/hpexe_return? HTTP/1.1" 200 1028
181.212.43.89 - - [03/Aug/2022:10:25:48 -0300] "GET /cormun/servlet/trsolicitudot?gx-no-cache=1659532100491 HTTP/1.1" 200 8643
181.212.43.89 - - [03/Aug/2022:10:25:49 -0300] "GET /cormun/servlet/trsolicitudot?gx-no-cache=1659532100491 HTTP/1.1" 200 8660
186.67.172.234 - - [03/Aug/2022:10:26:50 -0300] "POST /cormun/servlet/trsolicitudot?7e018410f1f2c9a9b030b5ad434ce97f,,gx-no-cache=1659532394347 HTTP/1.1" 200 106
186.67.172.234 - - [03/Aug/2022:10:26:50 -0300] "GET /cormun/servlet/trsolicitudadjuntos?2022,19029, HTTP/1.1" 200 6469
186.67.172.234 - - [03/Aug/2022:10:26:50 -0300] "GET /cormun/servlet/trsolicitudadjuntos?2022,19029, HTTP/1.1" 200 6468
186.67.172.234 - - [03/Aug/2022:10:26:54 -0300] "GET /cormun/servlet/solicitudotadjuntos?INS,2022,19029,,1, HTTP/1.1" 200 6407
186.67.172.234 - - [03/Aug/2022:10:26:54 -0300] "GET /cormun/static/about:blank HTTP/1.1" 404 1011
186.67.172.234 - - [03/Aug/2022:10:26:55 -0300] "GET /cormun/servlet/solicitudotadjuntos?INS,2022,19029,,1, HTTP/1.1" 200 6400
186.67.172.234 - - [03/Aug/2022:10:26:55 -0300] "GET /cormun/servlet/solicitudotadjuntos?9599701ded8fc7437a2b38c7cf2618c07917200bc3901accfd2b401220ce12f7ac8d38f1ebb67d4e5ebebece5717d0f4,gx-no-cache=1659532399431 HTTP/1.1" 200 30
186.67.172.234 - - [03/Aug/2022:10:26:55 -0300] "POST /cormun/servlet/solicitudotadjuntos?7e018410f1f2c9a9b030b5ad434ce97f,INS,2022,19029,,1,,gx-no-cache=1659532399445 HTTP/1.1" 200 4146
186.67.172.234 - - [03/Aug/2022:10:27:03 -0300] "POST /cormun/servlet/solicitudotadjuntos?gx-no-cache=1659532407301 HTTP/1.1" 200 26
181.212.43.89 - - [03/Aug/2022:10:27:08 -0300] "POST /cormun/servlet/trsolicitudot?7c082f634eb74a79c4cf365049763470,gx-no-cache=1659532100491,gx-no-cache=1659532412480 HTTP/1.1" 200 106
181.212.43.89 - - [03/Aug/2022:10:27:08 -0300] "GET /cormun/servlet/trsolicitudadjuntos?2022,19030, HTTP/1.1" 200 6126
181.212.43.89 - - [03/Aug/2022:10:27:09 -0300] "GET /cormun/servlet/trsolicitudadjuntos?2022,19030, HTTP/1.1" 200 6105
181.212.43.89 - - [03/Aug/2022:10:27:10 -0300] "GET /cormun/servlet/solicitudotadjuntos?INS,2022,19030,,1, HTTP/1.1" 200 6052
181.212.43.89 - - [03/Aug/2022:10:27:10 -0300] "GET /cormun/static/about:blank HTTP/1.1" 404 1011
181.212.43.89 - - [03/Aug/2022:10:27:10 -0300] "GET /cormun/servlet/solicitudotadjuntos?INS,2022,19030,,1, HTTP/1.1" 200 6045
181.212.43.89 - - [03/Aug/2022:10:27:11 -0300] "GET /cormun/servlet/solicitudotadjuntos?cf3091ef4c8ce7b20f5b1bd74ae1d2e25c84119ede8a2b8f20b596da674e447c7076cdb00fe62820e0d34a846853f4ca,gx-no-cache=1659532415065 HTTP/1.1" 200 30
181.212.43.89 - - [03/Aug/2022:10:27:11 -0300] "POST /cormun/servlet/solicitudotadjuntos?7c082f634eb74a79c4cf365049763470,INS,2022,19030,,1,,gx-no-cache=1659532415083 HTTP/1.1" 200 3915
181.212.43.89 - - [03/Aug/2022:10:27:14 -0300] "POST /cormun/servlet/solicitudotadjuntos?gx-no-cache=1659532418560 HTTP/1.1" 200 26
186.67.172.234 - - [03/Aug/2022:10:27:17 -0300] "GET /cormun/servlet/solicitudotadjuntos?9599701ded8fc7437a2b38c7cf2618c05c4271a67bea891535b15b7ac5caeed4,gx-no-cache=1659532421154 HTTP/1.1" 200 30
186.67.172.234 - - [03/Aug/2022:10:27:17 -0300] "GET /cormun/servlet/solicitudotadjuntos?9599701ded8fc7437a2b38c7cf2618c05c4271a67bea891535b15b7ac5caeed4,gx-no-cache=1659532421164 HTTP/1.1" 200 30
186.67.172.234 - - [03/Aug/2022:10:27:17 -0300] "POST /cormun/servlet/solicitudotadjuntos?7e018410f1f2c9a9b030b5ad434ce97f,INS,2022,19029,,1, HTTP/1.1" 200 116
186.67.172.234 - - [03/Aug/2022:10:27:17 -0300] "GET /cormun/servlet/hpexe_return? HTTP/1.1" 200 1023
186.67.172.234 - - [03/Aug/2022:10:27:17 -0300] "GET /cormun/servlet/trsolicitudadjuntos?2022,19029, HTTP/1.1" 200 9244
186.67.172.234 - - [03/Aug/2022:10:27:18 -0300] "GET /cormun/servlet/trsolicitudadjuntos?2022,19029, HTTP/1.1" 200 9242
186.67.172.234 - - [03/Aug/2022:10:27:31 -0300] "GET /cormun/servlet/solicitudotadjuntos?INS,2022,19029,,1, HTTP/1.1" 200 6408
186.67.172.234 - - [03/Aug/2022:10:27:32 -0300] "GET /cormun/static/about:blank HTTP/1.1" 404 1011
186.67.172.234 - - [03/Aug/2022:10:27:32 -0300] "GET /cormun/servlet/solicitudotadjuntos?INS,2022,19029,,1, HTTP/1.1" 200 6400
186.67.172.234 - - [03/Aug/2022:10:27:32 -0300] "GET /cormun/servlet/solicitudotadjuntos?9599701ded8fc7437a2b38c7cf2618c07917200bc3901accfd2b401220ce12f7ac8d38f1ebb67d4e5ebebece5717d0f4,gx-no-cache=1659532436647 HTTP/1.1" 200 30
186.67.172.234 - - [03/Aug/2022:10:27:32 -0300] "POST /cormun/servlet/solicitudotadjuntos?7e018410f1f2c9a9b030b5ad434ce97f,INS,2022,19029,,1,,gx-no-cache=1659532436671 HTTP/1.1" 200 4145
186.67.172.234 - - [03/Aug/2022:10:27:35 -0300] "POST /cormun/servlet/solicitudotadjuntos?gx-no-cache=1659532439528 HTTP/1.1" 200 26
186.67.172.234 - - [03/Aug/2022:10:27:40 -0300] "GET /cormun/servlet/solicitudotadjuntos?9599701ded8fc7437a2b38c7cf2618c05c4271a67bea891535b15b7ac5caeed4,gx-no-cache=1659532444777 HTTP/1.1" 200 30
186.67.172.234 - - [03/Aug/2022:10:27:40 -0300] "GET /cormun/servlet/solicitudotadjuntos?9599701ded8fc7437a2b38c7cf2618c05c4271a67bea891535b15b7ac5caeed4,gx-no-cache=1659532444787 HTTP/1.1" 200 30
186.67.172.234 - - [03/Aug/2022:10:27:41 -0300] "POST /cormun/servlet/solicitudotadjuntos?7e018410f1f2c9a9b030b5ad434ce97f,INS,2022,19029,,1, HTTP/1.1" 200 116
186.67.172.234 - - [03/Aug/2022:10:27:41 -0300] "GET /cormun/servlet/hpexe_return? HTTP/1.1" 200 1023
186.67.172.234 - - [03/Aug/2022:10:27:41 -0300] "GET /cormun/servlet/trsolicitudadjuntos?2022,19029, HTTP/1.1" 200 9466
186.67.172.234 - - [03/Aug/2022:10:27:41 -0300] "GET /cormun/servlet/trsolicitudadjuntos?2022,19029, HTTP/1.1" 200 9464
181.212.43.89 - - [03/Aug/2022:10:27:44 -0300] "GET /cormun/servlet/solicitudotadjuntos?cf3091ef4c8ce7b20f5b1bd74ae1d2e258324cccb5acfbaefb69c5b96a3b3fe6,gx-no-cache=1659532447880 HTTP/1.1" 200 30
181.212.43.89 - - [03/Aug/2022:10:27:44 -0300] "GET /cormun/servlet/solicitudotadjuntos?cf3091ef4c8ce7b20f5b1bd74ae1d2e258324cccb5acfbaefb69c5b96a3b3fe6,gx-no-cache=1659532447898 HTTP/1.1" 200 30
181.212.43.89 - - [03/Aug/2022:10:27:44 -0300] "POST /cormun/servlet/solicitudotadjuntos?7c082f634eb74a79c4cf365049763470,INS,2022,19030,,1, HTTP/1.1" 200 116
181.212.43.89 - - [03/Aug/2022:10:27:44 -0300] "GET /cormun/servlet/hpexe_return? HTTP/1.1" 200 1024
181.212.43.89 - - [03/Aug/2022:10:27:44 -0300] "GET /cormun/servlet/trsolicitudadjuntos?2022,19030, HTTP/1.1" 200 8923
181.212.43.89 - - [03/Aug/2022:10:27:44 -0300] "GET /cormun/servlet/trsolicitudadjuntos?2022,19030, HTTP/1.1" 200 8918
181.212.43.89 - - [03/Aug/2022:10:27:47 -0300] "GET /cormun/servlet/solicitudotadjuntos?INS,2022,19030,,1, HTTP/1.1" 200 6052
181.212.43.89 - - [03/Aug/2022:10:27:47 -0300] "GET /cormun/static/about:blank HTTP/1.1" 404 1011
181.212.43.89 - - [03/Aug/2022:10:27:47 -0300] "GET /cormun/servlet/solicitudotadjuntos?INS,2022,19030,,1, HTTP/1.1" 200 6046
181.212.43.89 - - [03/Aug/2022:10:27:48 -0300] "GET /cormun/servlet/solicitudotadjuntos?cf3091ef4c8ce7b20f5b1bd74ae1d2e25c84119ede8a2b8f20b596da674e447c7076cdb00fe62820e0d34a846853f4ca,gx-no-cache=1659532451886 HTTP/1.1" 200 30
181.212.43.89 - - [03/Aug/2022:10:27:48 -0300] "POST /cormun/servlet/solicitudotadjuntos?7c082f634eb74a79c4cf365049763470,INS,2022,19030,,1,,gx-no-cache=1659532451918 HTTP/1.1" 200 3915
181.212.43.89 - - [03/Aug/2022:10:27:49 -0300] "POST /cormun/servlet/solicitudotadjuntos?gx-no-cache=1659532453367 HTTP/1.1" 200 26
181.212.43.89 - - [03/Aug/2022:10:27:53 -0300] "GET /cormun/servlet/solicitudotadjuntos?cf3091ef4c8ce7b20f5b1bd74ae1d2e258324cccb5acfbaefb69c5b96a3b3fe6,gx-no-cache=1659532457382 HTTP/1.1" 200 30
181.212.43.89 - - [03/Aug/2022:10:27:53 -0300] "GET /cormun/servlet/solicitudotadjuntos?cf3091ef4c8ce7b20f5b1bd74ae1d2e258324cccb5acfbaefb69c5b96a3b3fe6,gx-no-cache=1659532457395 HTTP/1.1" 200 30
181.212.43.89 - - [03/Aug/2022:10:27:53 -0300] "POST /cormun/servlet/solicitudotadjuntos?7c082f634eb74a79c4cf365049763470,INS,2022,19030,,1, HTTP/1.1" 200 116
181.212.43.89 - - [03/Aug/2022:10:27:53 -0300] "GET /cormun/servlet/hpexe_return? HTTP/1.1" 200 1024
181.212.43.89 - - [03/Aug/2022:10:27:54 -0300] "GET /cormun/servlet/trsolicitudadjuntos?2022,19030, HTTP/1.1" 200 9159
181.212.43.89 - - [03/Aug/2022:10:27:54 -0300] "GET /cormun/servlet/trsolicitudadjuntos?2022,19030, HTTP/1.1" 200 9158
181.212.43.89 - - [03/Aug/2022:10:27:56 -0300] "GET /cormun/servlet/solicitudotadjuntos?INS,2022,19030,,1, HTTP/1.1" 200 6052
181.212.43.89 - - [03/Aug/2022:10:27:56 -0300] "GET /cormun/static/about:blank HTTP/1.1" 404 1011
181.212.43.89 - - [03/Aug/2022:10:27:56 -0300] "GET /cormun/servlet/solicitudotadjuntos?INS,2022,19030,,1, HTTP/1.1" 200 6046
181.212.43.89 - - [03/Aug/2022:10:27:56 -0300] "GET /cormun/servlet/solicitudotadjuntos?cf3091ef4c8ce7b20f5b1bd74ae1d2e25c84119ede8a2b8f20b596da674e447c7076cdb00fe62820e0d34a846853f4ca,gx-no-cache=1659532460590 HTTP/1.1" 200 30
181.212.43.89 - - [03/Aug/2022:10:27:56 -0300] "POST /cormun/servlet/solicitudotadjuntos?7c082f634eb74a79c4cf365049763470,INS,2022,19030,,1,,gx-no-cache=1659532460606 HTTP/1.1" 200 3915
181.212.43.89 - - [03/Aug/2022:10:27:59 -0300] "POST /cormun/servlet/solicitudotadjuntos?gx-no-cache=1659532462819 HTTP/1.1" 200 26
186.67.172.234 - - [03/Aug/2022:10:28:00 -0300] "GET /cormun/servlet/solicitudotadjuntos?INS,2022,19029,,1, HTTP/1.1" 200 6408
186.67.172.234 - - [03/Aug/2022:10:28:00 -0300] "GET /cormun/static/about:blank HTTP/1.1" 404 1011
186.67.172.234 - - [03/Aug/2022:10:28:00 -0300] "GET /cormun/servlet/solicitudotadjuntos?INS,2022,19029,,1, HTTP/1.1" 200 6400
186.67.172.234 - - [03/Aug/2022:10:28:00 -0300] "GET /cormun/servlet/solicitudotadjuntos?9599701ded8fc7437a2b38c7cf2618c07917200bc3901accfd2b401220ce12f7ac8d38f1ebb67d4e5ebebece5717d0f4,gx-no-cache=1659532464741 HTTP/1.1" 200 30
186.67.172.234 - - [03/Aug/2022:10:28:00 -0300] "POST /cormun/servlet/solicitudotadjuntos?7e018410f1f2c9a9b030b5ad434ce97f,INS,2022,19029,,1,,gx-no-cache=1659532464792 HTTP/1.1" 200 4145
186.67.172.234 - - [03/Aug/2022:10:28:02 -0300] "POST /cormun/servlet/solicitudotadjuntos?gx-no-cache=1659532466801 HTTP/1.1" 200 26
181.212.43.89 - - [03/Aug/2022:10:28:04 -0300] "GET /cormun/servlet/solicitudotadjuntos?cf3091ef4c8ce7b20f5b1bd74ae1d2e258324cccb5acfbaefb69c5b96a3b3fe6,gx-no-cache=1659532468307 HTTP/1.1" 200 30
181.212.43.89 - - [03/Aug/2022:10:28:04 -0300] "GET /cormun/servlet/solicitudotadjuntos?cf3091ef4c8ce7b20f5b1bd74ae1d2e258324cccb5acfbaefb69c5b96a3b3fe6,gx-no-cache=1659532468320 HTTP/1.1" 200 30
181.212.43.89 - - [03/Aug/2022:10:28:04 -0300] "POST /cormun/servlet/solicitudotadjuntos?7c082f634eb74a79c4cf365049763470,INS,2022,19030,,1, HTTP/1.1" 200 116
181.212.43.89 - - [03/Aug/2022:10:28:04 -0300] "GET /cormun/servlet/hpexe_return? HTTP/1.1" 200 1024
181.212.43.89 - - [03/Aug/2022:10:28:04 -0300] "GET /cormun/servlet/trsolicitudadjuntos?2022,19030, HTTP/1.1" 200 9343
181.212.43.89 - - [03/Aug/2022:10:28:05 -0300] "GET /cormun/servlet/trsolicitudadjuntos?2022,19030, HTTP/1.1" 200 9342
186.67.172.234 - - [03/Aug/2022:10:28:06 -0300] "GET /cormun/servlet/solicitudotadjuntos?9599701ded8fc7437a2b38c7cf2618c05c4271a67bea891535b15b7ac5caeed4,gx-no-cache=1659532470449 HTTP/1.1" 200 30
186.67.172.234 - - [03/Aug/2022:10:28:06 -0300] "GET /cormun/servlet/solicitudotadjuntos?9599701ded8fc7437a2b38c7cf2618c05c4271a67bea891535b15b7ac5caeed4,gx-no-cache=1659532470460 HTTP/1.1" 200 30
186.67.172.234 - - [03/Aug/2022:10:28:06 -0300] "POST /cormun/servlet/solicitudotadjuntos?7e018410f1f2c9a9b030b5ad434ce97f,INS,2022,19029,,1, HTTP/1.1" 200 116
186.67.172.234 - - [03/Aug/2022:10:28:06 -0300] "GET /cormun/servlet/hpexe_return? HTTP/1.1" 200 1023
181.212.43.89 - - [03/Aug/2022:10:28:06 -0300] "GET /cormun/servlet/solicitudotadjuntos?INS,2022,19030,,1, HTTP/1.1" 200 6052
186.67.172.234 - - [03/Aug/2022:10:28:06 -0300] "GET /cormun/servlet/trsolicitudadjuntos?2022,19029, HTTP/1.1" 200 9682
181.212.43.89 - - [03/Aug/2022:10:28:06 -0300] "GET /cormun/static/about:blank HTTP/1.1" 404 1011
181.212.43.89 - - [03/Aug/2022:10:28:07 -0300] "GET /cormun/servlet/solicitudotadjuntos?INS,2022,19030,,1, HTTP/1.1" 200 6046
186.67.172.234 - - [03/Aug/2022:10:28:07 -0300] "GET /cormun/servlet/trsolicitudadjuntos?2022,19029, HTTP/1.1" 200 9678
181.212.43.89 - - [03/Aug/2022:10:28:07 -0300] "GET /cormun/servlet/solicitudotadjuntos?cf3091ef4c8ce7b20f5b1bd74ae1d2e25c84119ede8a2b8f20b596da674e447c7076cdb00fe62820e0d34a846853f4ca,gx-no-cache=1659532471260 HTTP/1.1" 200 30
181.212.43.89 - - [03/Aug/2022:10:28:07 -0300] "POST /cormun/servlet/solicitudotadjuntos?7c082f634eb74a79c4cf365049763470,INS,2022,19030,,1,,gx-no-cache=1659532471285 HTTP/1.1" 200 3915
186.67.172.234 - - [03/Aug/2022:10:28:08 -0300] "GET /cormun/servlet/solicitudotadjuntos?INS,2022,19029,,1, HTTP/1.1" 200 6408
186.67.172.234 - - [03/Aug/2022:10:28:08 -0300] "GET /cormun/static/about:blank HTTP/1.1" 404 1011
186.67.172.234 - - [03/Aug/2022:10:28:08 -0300] "GET /cormun/servlet/solicitudotadjuntos?INS,2022,19029,,1, HTTP/1.1" 200 6400
186.67.172.234 - - [03/Aug/2022:10:28:09 -0300] "GET /cormun/servlet/solicitudotadjuntos?9599701ded8fc7437a2b38c7cf2618c07917200bc3901accfd2b401220ce12f7ac8d38f1ebb67d4e5ebebece5717d0f4,gx-no-cache=1659532473002 HTTP/1.1" 200 30
186.67.172.234 - - [03/Aug/2022:10:28:09 -0300] "POST /cormun/servlet/solicitudotadjuntos?7e018410f1f2c9a9b030b5ad434ce97f,INS,2022,19029,,1,,gx-no-cache=1659532473030 HTTP/1.1" 200 4145
181.212.43.89 - - [03/Aug/2022:10:28:10 -0300] "POST /cormun/servlet/solicitudotadjuntos?gx-no-cache=1659532473882 HTTP/1.1" 200 26
186.67.172.234 - - [03/Aug/2022:10:28:11 -0300] "POST /cormun/servlet/solicitudotadjuntos?gx-no-cache=1659532475744 HTTP/1.1" 200 26
181.212.43.89 - - [03/Aug/2022:10:28:15 -0300] "GET /cormun/servlet/solicitudotadjuntos?cf3091ef4c8ce7b20f5b1bd74ae1d2e258324cccb5acfbaefb69c5b96a3b3fe6,gx-no-cache=1659532479129 HTTP/1.1" 200 30
181.212.43.89 - - [03/Aug/2022:10:28:15 -0300] "GET /cormun/servlet/solicitudotadjuntos?cf3091ef4c8ce7b20f5b1bd74ae1d2e258324cccb5acfbaefb69c5b96a3b3fe6,gx-no-cache=1659532479141 HTTP/1.1" 200 30
181.212.43.89 - - [03/Aug/2022:10:28:16 -0300] "POST /cormun/servlet/solicitudotadjuntos?7c082f634eb74a79c4cf365049763470,INS,2022,19030,,1, HTTP/1.1" 200 116
186.67.172.234 - - [03/Aug/2022:10:28:16 -0300] "GET /cormun/servlet/solicitudotadjuntos?9599701ded8fc7437a2b38c7cf2618c05c4271a67bea891535b15b7ac5caeed4,gx-no-cache=1659532480257 HTTP/1.1" 200 30
181.212.43.89 - - [03/Aug/2022:10:28:16 -0300] "GET /cormun/servlet/hpexe_return? HTTP/1.1" 200 1024
186.67.172.234 - - [03/Aug/2022:10:28:16 -0300] "GET /cormun/servlet/solicitudotadjuntos?9599701ded8fc7437a2b38c7cf2618c05c4271a67bea891535b15b7ac5caeed4,gx-no-cache=1659532480275 HTTP/1.1" 200 30
186.67.172.234 - - [03/Aug/2022:10:28:16 -0300] "POST /cormun/servlet/solicitudotadjuntos?7e018410f1f2c9a9b030b5ad434ce97f,INS,2022,19029,,1, HTTP/1.1" 200 116
186.67.172.234 - - [03/Aug/2022:10:28:16 -0300] "GET /cormun/servlet/hpexe_return? HTTP/1.1" 200 1023
181.212.43.89 - - [03/Aug/2022:10:28:16 -0300] "GET /cormun/servlet/trsolicitudadjuntos?2022,19030, HTTP/1.1" 200 9631
186.67.172.234 - - [03/Aug/2022:10:28:16 -0300] "GET /cormun/servlet/trsolicitudadjuntos?2022,19029, HTTP/1.1" 200 9890
186.67.172.234 - - [03/Aug/2022:10:28:17 -0300] "GET /cormun/servlet/trsolicitudadjuntos?2022,19029, HTTP/1.1" 200 9888
181.212.43.89 - - [03/Aug/2022:10:28:17 -0300] "GET /cormun/servlet/trsolicitudadjuntos?2022,19030, HTTP/1.1" 200 9625
181.212.43.89 - - [03/Aug/2022:10:28:19 -0300] "GET /cormun/servlet/solicitudotadjuntos?INS,2022,19030,,1, HTTP/1.1" 200 6052
181.212.43.89 - - [03/Aug/2022:10:28:19 -0300] "GET /cormun/static/about:blank HTTP/1.1" 404 1011
181.212.43.89 - - [03/Aug/2022:10:28:19 -0300] "GET /cormun/servlet/solicitudotadjuntos?INS,2022,19030,,1, HTTP/1.1" 200 6046
181.212.43.89 - - [03/Aug/2022:10:28:19 -0300] "GET /cormun/servlet/solicitudotadjuntos?cf3091ef4c8ce7b20f5b1bd74ae1d2e25c84119ede8a2b8f20b596da674e447c7076cdb00fe62820e0d34a846853f4ca,gx-no-cache=1659532483482 HTTP/1.1" 200 30
181.212.43.89 - - [03/Aug/2022:10:28:19 -0300] "POST /cormun/servlet/solicitudotadjuntos?7c082f634eb74a79c4cf365049763470,INS,2022,19030,,1,,gx-no-cache=1659532483500 HTTP/1.1" 200 3915
181.212.43.89 - - [03/Aug/2022:10:28:21 -0300] "POST /cormun/servlet/solicitudotadjuntos?gx-no-cache=1659532485451 HTTP/1.1" 200 26
186.67.172.234 - - [03/Aug/2022:10:28:23 -0300] "GET /cormun/servlet/solicitudotadjuntos?INS,2022,19029,,1, HTTP/1.1" 200 6408
186.67.172.234 - - [03/Aug/2022:10:28:23 -0300] "GET /cormun/static/about:blank HTTP/1.1" 404 1011
186.67.172.234 - - [03/Aug/2022:10:28:23 -0300] "GET /cormun/servlet/solicitudotadjuntos?INS,2022,19029,,1, HTTP/1.1" 200 6400
186.67.172.234 - - [03/Aug/2022:10:28:24 -0300] "GET /cormun/servlet/solicitudotadjuntos?9599701ded8fc7437a2b38c7cf2618c07917200bc3901accfd2b401220ce12f7ac8d38f1ebb67d4e5ebebece5717d0f4,gx-no-cache=1659532488360 HTTP/1.1" 200 30
186.67.172.234 - - [03/Aug/2022:10:28:24 -0300] "POST /cormun/servlet/solicitudotadjuntos?7e018410f1f2c9a9b030b5ad434ce97f,INS,2022,19029,,1,,gx-no-cache=1659532488390 HTTP/1.1" 200 4145
186.67.172.234 - - [03/Aug/2022:10:28:26 -0300] "POST /cormun/servlet/solicitudotadjuntos?gx-no-cache=1659532490808 HTTP/1.1" 200 26
181.212.43.89 - - [03/Aug/2022:10:28:27 -0300] "GET /cormun/servlet/solicitudotadjuntos?cf3091ef4c8ce7b20f5b1bd74ae1d2e258324cccb5acfbaefb69c5b96a3b3fe6,gx-no-cache=1659532491323 HTTP/1.1" 200 30
181.212.43.89 - - [03/Aug/2022:10:28:27 -0300] "GET /cormun/servlet/solicitudotadjuntos?cf3091ef4c8ce7b20f5b1bd74ae1d2e258324cccb5acfbaefb69c5b96a3b3fe6,gx-no-cache=1659532491360 HTTP/1.1" 200 30
181.212.43.89 - - [03/Aug/2022:10:28:27 -0300] "POST /cormun/servlet/solicitudotadjuntos?7c082f634eb74a79c4cf365049763470,INS,2022,19030,,1, HTTP/1.1" 200 116
181.212.43.89 - - [03/Aug/2022:10:28:27 -0300] "GET /cormun/servlet/hpexe_return? HTTP/1.1" 200 1024
181.212.43.89 - - [03/Aug/2022:10:28:28 -0300] "GET /cormun/servlet/trsolicitudadjuntos?2022,19030, HTTP/1.1" 200 9883
181.212.43.89 - - [03/Aug/2022:10:28:28 -0300] "GET /cormun/servlet/trsolicitudadjuntos?2022,19030, HTTP/1.1" 200 9883
181.212.43.89 - - [03/Aug/2022:10:28:30 -0300] "POST /cormun/servlet/trsolicitudadjuntos?7c082f634eb74a79c4cf365049763470,2022,19030,,gx-no-cache=1659532494569 HTTP/1.1" 200 90
181.212.43.89 - - [03/Aug/2022:10:28:30 -0300] "GET /cormun/servlet/hpexe_link HTTP/1.1" 200 988
181.212.43.89 - - [03/Aug/2022:10:28:31 -0300] "GET /cormun/servlet/trsolicitudot?gx-no-cache=1659532100491 HTTP/1.1" 200 8640
181.212.43.89 - - [03/Aug/2022:10:28:31 -0300] "GET /cormun/servlet/trsolicitudot?gx-no-cache=1659532100491 HTTP/1.1" 200 8660
186.67.172.234 - - [03/Aug/2022:10:28:32 -0300] "GET /cormun/servlet/solicitudotadjuntos?9599701ded8fc7437a2b38c7cf2618c05c4271a67bea891535b15b7ac5caeed4,gx-no-cache=1659532496009 HTTP/1.1" 200 30
186.67.172.234 - - [03/Aug/2022:10:28:32 -0300] "GET /cormun/servlet/solicitudotadjuntos?9599701ded8fc7437a2b38c7cf2618c05c4271a67bea891535b15b7ac5caeed4,gx-no-cache=1659532496019 HTTP/1.1" 200 30
186.67.172.234 - - [03/Aug/2022:10:28:32 -0300] "POST /cormun/servlet/solicitudotadjuntos?7e018410f1f2c9a9b030b5ad434ce97f,INS,2022,19029,,1, HTTP/1.1" 200 116
186.67.172.234 - - [03/Aug/2022:10:28:32 -0300] "GET /cormun/servlet/hpexe_return? HTTP/1.1" 200 1023
186.67.172.234 - - [03/Aug/2022:10:28:32 -0300] "GET /cormun/servlet/trsolicitudadjuntos?2022,19029, HTTP/1.1" 200 10187
186.67.172.234 - - [03/Aug/2022:10:28:33 -0300] "GET /cormun/servlet/trsolicitudadjuntos?2022,19029, HTTP/1.1" 200 10184
186.67.172.234 - - [03/Aug/2022:10:28:34 -0300] "GET /cormun/servlet/solicitudotadjuntos?INS,2022,19029,,1, HTTP/1.1" 200 6408
186.67.172.234 - - [03/Aug/2022:10:28:34 -0300] "GET /cormun/static/about:blank HTTP/1.1" 404 1011
186.67.172.234 - - [03/Aug/2022:10:28:34 -0300] "GET /cormun/servlet/solicitudotadjuntos?INS,2022,19029,,1, HTTP/1.1" 200 6401
186.67.172.234 - - [03/Aug/2022:10:28:35 -0300] "GET /cormun/servlet/solicitudotadjuntos?9599701ded8fc7437a2b38c7cf2618c07917200bc3901accfd2b401220ce12f7ac8d38f1ebb67d4e5ebebece5717d0f4,gx-no-cache=1659532499055 HTTP/1.1" 200 30
186.67.172.234 - - [03/Aug/2022:10:28:35 -0300] "POST /cormun/servlet/solicitudotadjuntos?7e018410f1f2c9a9b030b5ad434ce97f,INS,2022,19029,,1,,gx-no-cache=1659532499071 HTTP/1.1" 200 4145
186.67.172.234 - - [03/Aug/2022:10:28:36 -0300] "POST /cormun/servlet/solicitudotadjuntos?gx-no-cache=1659532500904 HTTP/1.1" 200 26
186.67.172.234 - - [03/Aug/2022:10:28:45 -0300] "GET /cormun/servlet/solicitudotadjuntos?9599701ded8fc7437a2b38c7cf2618c05c4271a67bea891535b15b7ac5caeed4,gx-no-cache=1659532509209 HTTP/1.1" 200 30
186.67.172.234 - - [03/Aug/2022:10:28:45 -0300] "GET /cormun/servlet/solicitudotadjuntos?9599701ded8fc7437a2b38c7cf2618c05c4271a67bea891535b15b7ac5caeed4,gx-no-cache=1659532509219 HTTP/1.1" 200 30
186.67.172.234 - - [03/Aug/2022:10:28:45 -0300] "POST /cormun/servlet/solicitudotadjuntos?7e018410f1f2c9a9b030b5ad434ce97f,INS,2022,19029,,1, HTTP/1.1" 200 116
186.67.172.234 - - [03/Aug/2022:10:28:45 -0300] "GET /cormun/servlet/hpexe_return? HTTP/1.1" 200 1023
186.67.172.234 - - [03/Aug/2022:10:28:45 -0300] "GET /cormun/servlet/trsolicitudadjuntos?2022,19029, HTTP/1.1" 200 10401
186.67.172.234 - - [03/Aug/2022:10:28:46 -0300] "GET /cormun/servlet/trsolicitudadjuntos?2022,19029, HTTP/1.1" 200 10399
181.212.43.89 - - [03/Aug/2022:10:28:47 -0300] "POST /cormun/servlet/trsolicitudot?7c082f634eb74a79c4cf365049763470,gx-no-cache=1659532100491,gx-no-cache=1659532511280 HTTP/1.1" 200 111
181.212.43.89 - - [03/Aug/2022:10:28:47 -0300] "GET /cormun/servlet/solicitudot?UPD,2022,19030,false, HTTP/1.1" 200 16329
181.212.43.89 - - [03/Aug/2022:10:28:48 -0300] "GET /cormun/servlet/solicitudot?UPD,2022,19030,false, HTTP/1.1" 200 16319
186.67.172.234 - - [03/Aug/2022:10:28:48 -0300] "POST /cormun/servlet/trsolicitudadjuntos?7e018410f1f2c9a9b030b5ad434ce97f,2022,19029,,gx-no-cache=1659532512435 HTTP/1.1" 200 90
186.67.172.234 - - [03/Aug/2022:10:28:48 -0300] "GET /cormun/servlet/hpexe_link HTTP/1.1" 200 967
181.212.43.89 - - [03/Aug/2022:10:28:48 -0300] "POST /cormun/servlet/solicitudot?gx-no-cache=1659532512246 HTTP/1.1" 200 3957
181.212.43.89 - - [03/Aug/2022:10:28:48 -0300] "POST /cormun/servlet/solicitudot?7c082f634eb74a79c4cf365049763470,UPD,2022,19030,false,,gx-no-cache=1659532512383 HTTP/1.1" 200 12590
181.212.43.89 - - [03/Aug/2022:10:28:48 -0300] "GET /cormun/servlet/solicitudot?cf3091ef4c8ce7b20f5b1bd74ae1d2e2c821b6593f3317e0b3ceafa412253c1898714ac2b0d350553d325812f6e892dd,gx-no-cache=1659532512602 HTTP/1.1" 200 30
181.212.43.89 - - [03/Aug/2022:10:28:48 -0300] "GET /cormun/servlet/solicitudot?cf3091ef4c8ce7b20f5b1bd74ae1d2e22b3083b8c5f854b53643f571ed6e3f7abf3e342574f4a2ab539cfced6011ac2861dfec33cbec4e75a1d2ec9581c1d5b0,gx-no-cache=1659532512643 HTTP/1.1" 200 30
181.212.43.89 - - [03/Aug/2022:10:28:48 -0300] "GET /cormun/servlet/solicitudot?cf3091ef4c8ce7b20f5b1bd74ae1d2e2ae3e5e2002ef2e46b2c8f6d4a55b5d27b61fe17bd1405f44a14e3b8eb686e044,gx-no-cache=1659532512669 HTTP/1.1" 200 45
186.67.172.234 - - [03/Aug/2022:10:28:48 -0300] "GET /cormun/servlet/trsolicitudot HTTP/1.1" 200 12244
181.212.43.89 - - [03/Aug/2022:10:28:48 -0300] "POST /cormun/servlet/solicitudot?gx-no-cache=1659532512692 HTTP/1.1" 200 254
181.212.43.89 - - [03/Aug/2022:10:28:48 -0300] "GET /cormun/servlet/solicitudot?cf3091ef4c8ce7b20f5b1bd74ae1d2e234d6099914c767ec65553de20140fef4ea9c349f0ea5d087d58a38c10012faae81e22c2cd29779157a2e21436cd0c517450fa79d9868caf2b62127ac0993d2277f03ea5158e950940dfa2f4db5a8a4699289173c178f16dd852076623b874329b82620c86670e8225d59fb3af3b0dbdd045ece764026a08124b56392ec8b7d771c334050774665a9ec65810b35a79fade808ba60c2968d25a34ec65114881cce8db1f5bac1dbc868444077ed789b9943f705ad338954139afd4f7371db57ba495f69cbb3e3ecd42bc41a06bf44ebb757d9e53ea8a710b33924dd0099a68c5beee9068f53d766231959ab82e84402c403a9d575ef5f3081f94a7621afdc9cd323aebe73e6fa92e47196dc064da200b9c4e8fdb07048589f471d00872db5b666165f56287f7a2f2954cebab0c0a26949d31f20051949d5f771b4b1679214f91f17deb3d9f725906dd3f76ec7769aa22daca6ca3952d146e4d0b39016ac304a4111b6597117448d7ddc34401685a5e409a4,gx-no-cache=1659532512716 HTTP/1.1" 200 30
181.212.43.89 - - [03/Aug/2022:10:28:48 -0300] "POST /cormun/servlet/solicitudot?gx-no-cache=1659532512736 HTTP/1.1" 200 30
181.212.43.89 - - [03/Aug/2022:10:28:49 -0300] "POST /cormun/servlet/solicitudot?gx-no-cache=1659532512759 HTTP/1.1" 200 1470
181.212.43.89 - - [03/Aug/2022:10:28:49 -0300] "POST /cormun/servlet/solicitudot?gx-no-cache=1659532512814 HTTP/1.1" 200 41
186.67.172.234 - - [03/Aug/2022:10:28:49 -0300] "GET /cormun/servlet/trsolicitudot HTTP/1.1" 200 12242
181.212.43.89 - - [03/Aug/2022:10:29:05 -0300] "GET /cormun/servlet/solicitudot?cf3091ef4c8ce7b20f5b1bd74ae1d2e252bbfdf6a2b03379ecdbbf6967842dd4592f215b7345723939c887923fec0bca971c586c93d4991b36bbf0dfd642c58a81ad1d8d48a9012454b5318bc88aa636fcbbb14100ed41e256a68c11faf492b5a154238a950e5ac4cb4a1c9da6206644,gx-no-cache=1659532528816 HTTP/1.1" 200 110
181.212.43.89 - - [03/Aug/2022:10:29:05 -0300] "POST /cormun/servlet/solicitudot?gx-no-cache=1659532528860 HTTP/1.1" 200 67
181.212.43.89 - - [03/Aug/2022:10:29:05 -0300] "GET /cormun/servlet/solicitudot?cf3091ef4c8ce7b20f5b1bd74ae1d2e2e8620d02585211754b614921f7a06664d27922b64043afd0eb0f39f691d0a2081b0ecbf389a4ffc40f8b4424b66afdb8956c00b301d40c1e7fd7d160f187251fe2fbe12c4980248aa7e515b2da26e7c4dd950d64a10a813bff950926995901ea701c5826e7f8eacc7c3009cac42c1edfd516caa3f90c6017f6b8bd6ce52fc50f412241247a4a97435d7f42009d8c1595617bb465767cfafe17d61b71a0a1077955ddecaa0f0ea9b22e1b944d123d9a5c8455f174b31f31a5598e0568e499e621,gx-no-cache=1659532528888 HTTP/1.1" 200 29
181.212.43.89 - - [03/Aug/2022:10:29:05 -0300] "GET /cormun/servlet/solicitudot?cf3091ef4c8ce7b20f5b1bd74ae1d2e22490234e4c50e598f4f1853f69ac2781bdfce939e670573cdb1f72da2a5bf663,gx-no-cache=1659532528912 HTTP/1.1" 200 30
181.212.43.89 - - [03/Aug/2022:10:29:05 -0300] "POST /cormun/servlet/solicitudot?gx-no-cache=1659532528931 HTTP/1.1" 200 30
181.212.43.89 - - [03/Aug/2022:10:29:05 -0300] "POST /cormun/servlet/solicitudot?7c082f634eb74a79c4cf365049763470,UPD,2022,19030,false,,gx-no-cache=1659532528951 HTTP/1.1" 200 93
181.212.43.89 - - [03/Aug/2022:10:29:05 -0300] "GET /cormun/servlet/hpexe_return? HTTP/1.1" 200 1034
181.212.43.89 - - [03/Aug/2022:10:29:06 -0300] "GET /cormun/servlet/trsolicitudot?gx-no-cache=1659532100491 HTTP/1.1" 200 8643
181.212.43.89 - - [03/Aug/2022:10:29:06 -0300] "GET /cormun/servlet/trsolicitudot?gx-no-cache=1659532100491 HTTP/1.1" 200 8660
186.67.172.234 - - [03/Aug/2022:10:29:15 -0300] "GET /cormun/servlet/trautorizarsolicitud? HTTP/1.1" 200 10462
186.67.172.234 - - [03/Aug/2022:10:29:15 -0300] "GET /cormun/servlet/trautorizarsolicitud? HTTP/1.1" 200 10461
186.67.172.234 - - [03/Aug/2022:10:29:22 -0300] "GET /cormun/servlet/trautorizarsolicitud? HTTP/1.1" 200 10461
186.67.172.234 - - [03/Aug/2022:10:29:22 -0300] "GET /cormun/servlet/trautorizarsolicitud? HTTP/1.1" 200 10461
190.171.143.82 - - [03/Aug/2022:10:31:09 -0300] "GET /cormun/servlet/trpermisosgoce? HTTP/1.1" 200 9748
190.171.143.82 - - [03/Aug/2022:10:31:11 -0300] "GET /cormun/servlet/trpermisosgoce? HTTP/1.1" 200 9748
190.171.143.82 - - [03/Aug/2022:10:31:17 -0300] "POST /cormun/servlet/trpermisosgoce?acfcd2d1f80e2ef34531ecd7410b144e,,gx-no-cache=1659532660647 HTTP/1.1" 200 6798
190.171.143.82 - - [03/Aug/2022:10:31:18 -0300] "POST /cormun/servlet/trpermisosgoce?acfcd2d1f80e2ef34531ecd7410b144e,,gx-no-cache=1659532661956 HTTP/1.1" 200 6826
10.40.40.2 - - [03/Aug/2022:10:32:53 -0300] "GET /cormun/servlet/vesolicitudgral?2022,18986,, HTTP/1.1" 200 7751
10.40.40.2 - - [03/Aug/2022:10:32:53 -0300] "GET /cormun/pexe_scrolldiv.js HTTP/1.1" 404 1009
10.40.40.2 - - [03/Aug/2022:10:32:53 -0300] "GET /cormun/servlet/hlogin HTTP/1.1" 200 1756
10.40.40.2 - - [03/Aug/2022:10:32:53 -0300] "GET /cormun/servlet/vesolicitudgral?2022,18986,, HTTP/1.1" 200 7749
10.40.40.2 - - [03/Aug/2022:10:32:57 -0300] "POST /cormun/servlet/hlogin?ce3237f9d0a9a4d4986df9e858f30598,gx-no-cache=1659532585269 HTTP/1.1" 200 90
10.40.40.2 - - [03/Aug/2022:10:32:57 -0300] "GET /cormun/servlet/hpexe_link HTTP/1.1" 200 970
10.40.40.2 - - [03/Aug/2022:10:32:57 -0300] "GET /cormun/servlet/vesolicitudgral?2022,18986,, HTTP/1.1" 200 8236
10.40.40.2 - - [03/Aug/2022:10:32:57 -0300] "GET /cormun/pexe_scrolldiv.js HTTP/1.1" 404 1009
10.40.40.2 - - [03/Aug/2022:10:32:57 -0300] "GET /cormun/servlet/vesolicitudgral?2022,18986,, HTTP/1.1" 200 8235
10.40.40.2 - - [03/Aug/2022:10:32:59 -0300] "GET /cormun/servlet/trsolicitudgral? HTTP/1.1" 200 18889
10.40.40.2 - - [03/Aug/2022:10:33:00 -0300] "GET /cormun/servlet/trsolicitudgral? HTTP/1.1" 200 18885
10.40.40.2 - - [03/Aug/2022:10:33:09 -0300] "POST /cormun/servlet/trsolicitudgral?ce3237f9d0a9a4d4986df9e858f30598,,gx-no-cache=1659532597160 HTTP/1.1" 200 7593
10.40.40.2 - - [03/Aug/2022:10:33:14 -0300] "GET /cormun/servlet/vesolicitudgral?2022,18986,, HTTP/1.1" 200 8235
10.40.40.2 - - [03/Aug/2022:10:33:14 -0300] "GET /cormun/pexe_scrolldiv.js HTTP/1.1" 404 1009
10.40.40.2 - - [03/Aug/2022:10:33:14 -0300] "GET /cormun/servlet/vesolicitudgral?2022,18986,, HTTP/1.1" 200 8235
10.40.40.2 - - [03/Aug/2022:10:33:16 -0300] "GET /cormun/servlet/vesolicitudgral?2022,18986,,SolicitudOTAdjuntos HTTP/1.1" 200 10860
10.40.40.2 - - [03/Aug/2022:10:33:16 -0300] "GET /cormun/pexe_scrolldiv.js HTTP/1.1" 404 1009
10.40.40.2 - - [03/Aug/2022:10:33:16 -0300] "GET /cormun/servlet/vesolicitudgral?2022,18986,,SolicitudOTAdjuntos HTTP/1.1" 200 10864
10.40.40.2 - - [03/Aug/2022:10:33:17 -0300] "POST /cormun/servlet/acontrolpreferencessavestate?None,RRHH+DANIELA,true HTTP/1.1" 200 35
10.40.40.2 - - [03/Aug/2022:10:33:20 -0300] "GET /cormun/PublicTempStorage/ant_500460538399_198544848580306.pdf HTTP/1.1" 200 34256
10.40.40.2 - - [03/Aug/2022:10:34:04 -0300] "GET /cormun/servlet/vesolicitudgral?2022,18986,,SolicitudOTAdjuntos HTTP/1.1" 200 10860
10.40.40.2 - - [03/Aug/2022:10:34:04 -0300] "GET /cormun/servlet/vesolicitudgral?2022,18986,,SolicitudOTAdjuntos HTTP/1.1" 200 10862
10.40.40.2 - - [03/Aug/2022:10:34:05 -0300] "POST /cormun/servlet/acontrolpreferencessavestate?None,RRHH+DANIELA,true HTTP/1.1" 200 35
10.40.40.2 - - [03/Aug/2022:10:34:07 -0300] "GET /cormun/PublicTempStorage/ca2107861578221913312.pdf HTTP/1.1" 200 25643
10.40.40.2 - - [03/Aug/2022:10:34:57 -0300] "GET /cormun/servlet/vesolicitudgral?2022,18986,,SolicitudOTAdjuntos HTTP/1.1" 200 10860
10.40.40.2 - - [03/Aug/2022:10:34:58 -0300] "GET /cormun/servlet/vesolicitudgral?2022,18986,,SolicitudOTAdjuntos HTTP/1.1" 200 10863
10.40.40.2 - - [03/Aug/2022:10:34:58 -0300] "POST /cormun/servlet/acontrolpreferencessavestate?None,RRHH+DANIELA,true HTTP/1.1" 200 35
78.108.177.54 - - [03/Aug/2022:10:34:59 -0300] "GET / HTTP/1.0" 200 11197
10.40.40.2 - - [03/Aug/2022:10:35:01 -0300] "GET /cormun/servlet/vesolicitudgral?2022,18986,,General HTTP/1.1" 200 8238
10.40.40.2 - - [03/Aug/2022:10:35:01 -0300] "GET /cormun/pexe_scrolldiv.js HTTP/1.1" 404 1009
10.40.40.2 - - [03/Aug/2022:10:35:02 -0300] "GET /cormun/servlet/vesolicitudgral?2022,18986,,General HTTP/1.1" 200 8238
190.171.143.82 - - [03/Aug/2022:10:35:25 -0300] "GET /cormun/servlet/trpermisosadjuntos?13718866,20220801104259,P, HTTP/1.1" 200 6677
190.171.143.82 - - [03/Aug/2022:10:35:28 -0300] "GET /cormun/servlet/trpermisosadjuntos?13718866,20220801104259,P, HTTP/1.1" 200 6677
190.171.143.82 - - [03/Aug/2022:10:35:31 -0300] "GET /cormun/servlet/permisosadjuntos?INS,13718866,P,20220801104259,, HTTP/1.1" 200 6009
190.171.143.82 - - [03/Aug/2022:10:35:32 -0300] "GET /cormun/static/about:blank HTTP/1.1" 404 1011
190.171.143.82 - - [03/Aug/2022:10:35:32 -0300] "GET /cormun/servlet/permisosadjuntos?INS,13718866,P,20220801104259,, HTTP/1.1" 200 5996
190.171.143.82 - - [03/Aug/2022:10:35:53 -0300] "POST /cormun/servlet/permisosadjuntos?acfcd2d1f80e2ef34531ecd7410b144e,INS,13718866,P,20220801104259,, HTTP/1.1" 200 116
190.171.143.82 - - [03/Aug/2022:10:35:53 -0300] "GET /cormun/servlet/hpexe_return? HTTP/1.1" 200 1041
190.171.143.82 - - [03/Aug/2022:10:35:55 -0300] "GET /cormun/servlet/trpermisosadjuntos?13718866,20220801104259,P, HTTP/1.1" 200 7194
190.171.143.82 - - [03/Aug/2022:10:35:57 -0300] "GET /cormun/servlet/trpermisosadjuntos?13718866,20220801104259,P, HTTP/1.1" 200 7191
190.171.143.82 - - [03/Aug/2022:10:36:03 -0300] "GET /cormun/servlet/trpermisosgoce? HTTP/1.1" 200 9748
190.171.143.82 - - [03/Aug/2022:10:36:04 -0300] "GET /cormun/servlet/trpermisosgoce? HTTP/1.1" 200 9748
190.171.143.82 - - [03/Aug/2022:10:36:07 -0300] "POST /cormun/servlet/trpermisosgoce?acfcd2d1f80e2ef34531ecd7410b144e,,gx-no-cache=1659532950855 HTTP/1.1" 200 6824
190.171.143.82 - - [03/Aug/2022:10:36:17 -0300] "POST /cormun/servlet/trpermisosgoce?acfcd2d1f80e2ef34531ecd7410b144e,,gx-no-cache=1659532960701 HTTP/1.1" 200 6828
190.171.143.82 - - [03/Aug/2022:10:36:17 -0300] "GET /cormun/static/Shared/jqueryui/images/ui-bg_highlight-soft_100_c6c2c8_1x100.png HTTP/1.1" 404 1117
190.171.143.82 - - [03/Aug/2022:10:36:17 -0300] "GET /cormun/static/Shared/jqueryui/images/ui-icons_82798d_256x240.png HTTP/1.1" 404 1089
190.171.143.82 - - [03/Aug/2022:10:36:17 -0300] "GET /cormun/static/Shared/jqueryui/images/ui-bg_flat_55_fafafa_40x100.png HTTP/1.1" 404 1097
190.171.143.82 - - [03/Aug/2022:10:36:17 -0300] "GET /cormun/static/Shared/jqueryui/images/ui-icons_8d78a5_256x240.png HTTP/1.1" 404 1089
190.171.143.82 - - [03/Aug/2022:10:36:21 -0300] "GET /cormun/servlet/trautorizarpermisogoce? HTTP/1.1" 200 8046
190.171.143.82 - - [03/Aug/2022:10:36:22 -0300] "GET /cormun/servlet/trautorizarpermisogoce? HTTP/1.1" 200 8045
190.171.143.82 - - [03/Aug/2022:10:36:26 -0300] "POST /cormun/servlet/trautorizarpermisogoce?acfcd2d1f80e2ef34531ecd7410b144e,,gx-no-cache=1659532969788 HTTP/1.1" 200 4529
190.171.143.82 - - [03/Aug/2022:10:36:26 -0300] "GET /cormun/static/Shared/jqueryui/images/ui-bg_highlight-soft_100_c6c2c8_1x100.png HTTP/1.1" 404 1117
190.171.143.82 - - [03/Aug/2022:10:36:26 -0300] "GET /cormun/static/Shared/jqueryui/images/ui-icons_82798d_256x240.png HTTP/1.1" 404 1089
190.171.143.82 - - [03/Aug/2022:10:36:26 -0300] "GET /cormun/static/Shared/jqueryui/images/ui-bg_flat_55_fafafa_40x100.png HTTP/1.1" 404 1097
190.171.143.82 - - [03/Aug/2022:10:36:26 -0300] "GET /cormun/static/Shared/jqueryui/images/ui-icons_8d78a5_256x240.png HTTP/1.1" 404 1089
190.171.143.82 - - [03/Aug/2022:10:36:35 -0300] "GET /cormun/servlet/trpermisosgoce? HTTP/1.1" 200 9724
190.171.143.82 - - [03/Aug/2022:10:36:37 -0300] "GET /cormun/servlet/trpermisosgoce? HTTP/1.1" 200 9720
190.171.143.82 - - [03/Aug/2022:10:36:39 -0300] "POST /cormun/servlet/trpermisosgoce?acfcd2d1f80e2ef34531ecd7410b144e,,gx-no-cache=1659532983092 HTTP/1.1" 200 6792
10.40.40.2 - - [03/Aug/2022:10:38:52 -0300] "GET /cormun/servlet/trsolicitudgral? HTTP/1.1" 200 10162
10.40.40.2 - - [03/Aug/2022:10:38:53 -0300] "GET /cormun/servlet/trsolicitudgral? HTTP/1.1" 200 10153
190.171.141.106 - - [03/Aug/2022:10:40:41 -0300] "POST /cormun/servlet/trlicencias?7682f6ed9d4f5ab547195cfbc43ed54a,gx-no-cache=1659533336340 HTTP/1.1" 440 972
190.171.141.106 - - [03/Aug/2022:10:40:43 -0300] "GET /cormun/servlet/trlicencias HTTP/1.1" 200 7767
190.171.141.106 - - [03/Aug/2022:10:40:44 -0300] "GET /cormun/servlet/hlogin HTTP/1.1" 200 1740
190.171.141.106 - - [03/Aug/2022:10:40:44 -0300] "GET /cormun/servlet/trlicencias HTTP/1.1" 200 7767
190.171.141.106 - - [03/Aug/2022:10:40:44 -0300] "GET /cormun/servlet/trlicencias HTTP/1.1" 200 7767
190.171.141.106 - - [03/Aug/2022:10:40:52 -0300] "POST /cormun/servlet/hlogin?1023ff372aaf0756f1453e252391e193,gx-no-cache=1659533347548 HTTP/1.1" 200 90
190.171.141.106 - - [03/Aug/2022:10:40:52 -0300] "GET /cormun/servlet/hpexe_link HTTP/1.1" 200 959
190.171.141.106 - - [03/Aug/2022:10:40:52 -0300] "GET /cormun/servlet/trlicencias HTTP/1.1" 200 9806
190.171.141.106 - - [03/Aug/2022:10:40:53 -0300] "GET /cormun/servlet/trlicencias HTTP/1.1" 200 9804
181.162.130.3 - - [03/Aug/2022:10:43:02 -0300] "GET /cormun/servlet/trlicencias? HTTP/1.1" 200 7771
181.162.130.3 - - [03/Aug/2022:10:43:29 -0300] "GET /cormun/servlet/hlogin HTTP/1.1" 200 1741
181.162.130.3 - - [03/Aug/2022:10:43:30 -0300] "GET /cormun/servlet/trlicencias? HTTP/1.1" 200 7770
190.171.143.82 - - [03/Aug/2022:10:44:45 -0300] "POST /cormun/servlet/trpermisosgoce?acfcd2d1f80e2ef34531ecd7410b144e,,gx-no-cache=1659533468729 HTTP/1.1" 200 6793
190.171.143.82 - - [03/Aug/2022:10:44:51 -0300] "GET /cormun/servlet/trfichaempleadohoras? HTTP/1.1" 500 10
190.171.143.82 - - [03/Aug/2022:10:44:56 -0300] "GET /cormun/servlet/trpermisosgoce? HTTP/1.1" 200 9721
190.171.143.82 - - [03/Aug/2022:10:44:58 -0300] "GET /cormun/servlet/trpermisosgoce? HTTP/1.1" 200 9720
190.171.143.82 - - [03/Aug/2022:10:45:06 -0300] "POST /cormun/servlet/trpermisosgoce?acfcd2d1f80e2ef34531ecd7410b144e,,gx-no-cache=1659533490149 HTTP/1.1" 200 6791
190.171.143.82 - - [03/Aug/2022:10:45:07 -0300] "POST /cormun/servlet/trpermisosgoce?acfcd2d1f80e2ef34531ecd7410b144e,,gx-no-cache=1659533490947 HTTP/1.1" 200 6792
190.171.143.82 - - [03/Aug/2022:10:45:07 -0300] "POST /cormun/servlet/trpermisosgoce?acfcd2d1f80e2ef34531ecd7410b144e,,gx-no-cache=1659533491509 HTTP/1.1" 200 6791
