181.212.43.89 - - [03/Aug/2022:10:00:03 -0300] "GET /cormun/servlet/trpermisosadjuntos?15122766,20220803084227,P, HTTP/1.1" 200 6812
181.212.43.89 - - [03/Aug/2022:10:00:03 -0300] "GET /cormun/servlet/trpermisosadjuntos?15122766,20220803084227,P, HTTP/1.1" 200 6808
181.212.43.89 - - [03/Aug/2022:10:00:05 -0300] "POST /cormun/servlet/trpermisosadjuntos?7c082f634eb74a79c4cf365049763470,15122766,20220803084227,P,,gx-no-cache=1659530789749 HTTP/1.1" 200 90
181.212.43.89 - - [03/Aug/2022:10:00:05 -0300] "GET /cormun/servlet/hpexe_link HTTP/1.1" 200 981
181.212.43.89 - - [03/Aug/2022:10:00:06 -0300] "GET /cormun/servlet/trpermisosgoce HTTP/1.1" 200 8918
181.212.43.89 - - [03/Aug/2022:10:00:06 -0300] "GET /cormun/servlet/trpermisosgoce HTTP/1.1" 200 8916
181.212.43.89 - - [03/Aug/2022:10:00:13 -0300] "POST /cormun/servlet/trpermisosgoce?7c082f634eb74a79c4cf365049763470,gx-no-cache=1659530797062 HTTP/1.1" 200 6158
181.212.43.89 - - [03/Aug/2022:10:00:13 -0300] "GET /cormun/static/Shared/jqueryui/images/ui-icons_82798d_256x240.png HTTP/1.1" 404 1089
181.212.43.89 - - [03/Aug/2022:10:00:13 -0300] "GET /cormun/static/Shared/jqueryui/images/ui-bg_highlight-soft_100_c6c2c8_1x100.png HTTP/1.1" 404 1117
181.212.43.89 - - [03/Aug/2022:10:00:13 -0300] "GET /cormun/static/Shared/jqueryui/images/ui-icons_8d78a5_256x240.png HTTP/1.1" 404 1089
181.212.43.89 - - [03/Aug/2022:10:00:13 -0300] "GET /cormun/static/Shared/jqueryui/images/ui-bg_flat_55_fafafa_40x100.png HTTP/1.1" 404 1097
181.212.43.89 - - [03/Aug/2022:10:00:24 -0300] "GET /cormun/servlet/permisogoce?INS,0,,, HTTP/1.1" 200 6864
181.212.43.89 - - [03/Aug/2022:10:00:24 -0300] "GET /cormun/servlet/permisogoce?INS,0,,, HTTP/1.1" 200 6863
181.212.43.89 - - [03/Aug/2022:10:00:29 -0300] "GET /cormun/servlet/permisogoce?07f245d0f69ad18ff1f0d282293aff0cbed39f0aa528b6bee47e58bab3748b52425a4f595816fa3420816359945f3166a2d1debd070c917c0620634cfadfc8cd,gx-no-cache=1659530812986 HTTP/1.1" 200 79
181.212.43.89 - - [03/Aug/2022:10:00:32 -0300] "GET /cormun/static/menuarrow.gif HTTP/1.1" 404 1015
181.212.43.89 - - [03/Aug/2022:10:00:35 -0300] "GET /cormun/servlet/permisogoce?07f245d0f69ad18ff1f0d282293aff0c8c66cd4ab37ec8fb761c4e974a814748b96760d9e495ea0970e7666c23a53f9691ab2cfce34e4fff375b59808745a291,gx-no-cache=1659530819287 HTTP/1.1" 200 48
181.212.42.153 - - [03/Aug/2022:10:00:51 -0300] "POST /cormun/servlet/hlogin?f042910ac62489ebfcf2c98d5c6df140,gx-no-cache=1659530970452 HTTP/1.1" 440 972
181.212.43.89 - - [03/Aug/2022:10:00:51 -0300] "POST /cormun/servlet/permisogoce?7c082f634eb74a79c4cf365049763470,INS,0,,,,gx-no-cache=1659530835410 HTTP/1.1" 200 93
181.212.43.89 - - [03/Aug/2022:10:00:51 -0300] "GET /cormun/servlet/hpexe_return? HTTP/1.1" 200 1029
181.212.43.89 - - [03/Aug/2022:10:00:52 -0300] "GET /cormun/servlet/trpermisosgoce?gx-no-cache=1659530797062 HTTP/1.1" 200 9137
181.212.43.89 - - [03/Aug/2022:10:00:52 -0300] "GET /cormun/servlet/trpermisosgoce?gx-no-cache=1659530797062 HTTP/1.1" 200 9152
181.212.42.153 - - [03/Aug/2022:10:00:52 -0300] "GET /cormun/servlet/hlogin HTTP/1.1" 200 1731
181.212.42.153 - - [03/Aug/2022:10:00:52 -0300] "GET /cormun/servlet/hlogin HTTP/1.1" 200 1731
181.212.42.153 - - [03/Aug/2022:10:00:57 -0300] "POST /cormun/servlet/hlogin?d63cd6ec74a3fc819d85c24242e5abc0,gx-no-cache=1659530976487 HTTP/1.1" 200 438
181.212.43.89 - - [03/Aug/2022:10:00:57 -0300] "GET /cormun/servlet/apermisogoceprn?13366040,P,20220803084352,PU HTTP/1.1" 200 1672
181.212.43.89 - - [03/Aug/2022:10:01:02 -0300] "GET /cormun/servlet/trpermisosadjuntos?13366040,20220803084352,P, HTTP/1.1" 200 6341
181.212.43.89 - - [03/Aug/2022:10:01:02 -0300] "GET /cormun/servlet/trpermisosadjuntos?13366040,20220803084352,P, HTTP/1.1" 200 6322
181.212.43.89 - - [03/Aug/2022:10:01:04 -0300] "GET /cormun/servlet/permisosadjuntos?INS,13366040,P,20220803084352,, HTTP/1.1" 200 5641
181.212.43.89 - - [03/Aug/2022:10:01:04 -0300] "GET /cormun/static/about:blank HTTP/1.1" 404 1011
181.212.43.89 - - [03/Aug/2022:10:01:04 -0300] "GET /cormun/servlet/permisosadjuntos?INS,13366040,P,20220803084352,, HTTP/1.1" 200 5631
181.212.43.89 - - [03/Aug/2022:10:01:16 -0300] "POST /cormun/servlet/permisosadjuntos?7c082f634eb74a79c4cf365049763470,INS,13366040,P,20220803084352,, HTTP/1.1" 200 116
181.212.43.89 - - [03/Aug/2022:10:01:16 -0300] "GET /cormun/servlet/hpexe_return? HTTP/1.1" 200 1035
181.212.43.89 - - [03/Aug/2022:10:01:16 -0300] "GET /cormun/servlet/trpermisosadjuntos?13366040,20220803084352,P, HTTP/1.1" 200 6800
181.212.43.89 - - [03/Aug/2022:10:01:16 -0300] "GET /cormun/servlet/trpermisosadjuntos?13366040,20220803084352,P, HTTP/1.1" 200 6796
181.212.43.89 - - [03/Aug/2022:10:01:18 -0300] "POST /cormun/servlet/trpermisosadjuntos?7c082f634eb74a79c4cf365049763470,13366040,20220803084352,P,,gx-no-cache=1659530862416 HTTP/1.1" 200 90
181.212.43.89 - - [03/Aug/2022:10:01:18 -0300] "GET /cormun/servlet/hpexe_link HTTP/1.1" 200 1004
181.212.43.89 - - [03/Aug/2022:10:01:18 -0300] "GET /cormun/servlet/trpermisosgoce?gx-no-cache=1659530797062 HTTP/1.1" 200 9134
181.212.43.89 - - [03/Aug/2022:10:01:19 -0300] "GET /cormun/servlet/trpermisosgoce?gx-no-cache=1659530797062 HTTP/1.1" 200 9152
181.212.43.89 - - [03/Aug/2022:10:01:27 -0300] "POST /cormun/servlet/trpermisosgoce?7c082f634eb74a79c4cf365049763470,gx-no-cache=1659530797062,gx-no-cache=1659530871234 HTTP/1.1" 200 6373
181.212.43.89 - - [03/Aug/2022:10:01:27 -0300] "GET /cormun/static/Shared/jqueryui/images/ui-bg_highlight-soft_100_c6c2c8_1x100.png HTTP/1.1" 404 1117
181.212.43.89 - - [03/Aug/2022:10:01:27 -0300] "GET /cormun/static/Shared/jqueryui/images/ui-bg_flat_55_fafafa_40x100.png HTTP/1.1" 404 1097
181.212.43.89 - - [03/Aug/2022:10:01:27 -0300] "GET /cormun/static/Shared/jqueryui/images/ui-icons_8d78a5_256x240.png HTTP/1.1" 404 1089
181.212.43.89 - - [03/Aug/2022:10:01:27 -0300] "GET /cormun/static/Shared/jqueryui/images/ui-icons_82798d_256x240.png HTTP/1.1" 404 1089
190.171.143.98 - - [03/Aug/2022:10:06:18 -0300] "GET /cormun/servlet/hlogin HTTP/1.1" 200 1729
190.171.143.98 - - [03/Aug/2022:10:06:26 -0300] "POST /cormun/servlet/hlogin?d23ac45c2caa9ebde76e5f4333ea35f6,gx-no-cache=1659531172152 HTTP/1.1" 200 428
190.171.143.98 - - [03/Aug/2022:10:06:32 -0300] "POST /cormun/servlet/hlogin?d23ac45c2caa9ebde76e5f4333ea35f6,gx-no-cache=1659531178935 HTTP/1.1" 200 90
190.171.143.98 - - [03/Aug/2022:10:06:33 -0300] "GET /cormun/servlet/hpexe_link HTTP/1.1" 200 956
190.171.143.98 - - [03/Aug/2022:10:06:33 -0300] "GET /cormun/servlet/hhome HTTP/1.1" 200 4301
190.171.143.98 - - [03/Aug/2022:10:06:33 -0300] "GET /cormun/servlet/hhome HTTP/1.1" 200 4297
190.171.143.98 - - [03/Aug/2022:10:06:41 -0300] "GET /cormun/servlet/trpermisosgoce? HTTP/1.1" 200 8090
190.171.143.98 - - [03/Aug/2022:10:06:41 -0300] "GET /cormun/static/gxcfg.js?2020121631564 HTTP/1.1" 200 953
190.171.143.98 - - [03/Aug/2022:10:06:41 -0300] "GET /cormun/static/trpermisosgoce.js?2020121633681 HTTP/1.1" 200 35904
190.171.143.98 - - [03/Aug/2022:10:06:41 -0300] "GET /cormun/servlet/trpermisosgoce? HTTP/1.1" 200 8088
181.214.206.161 - - [03/Aug/2022:10:06:46 -0300] "üê¬b܁5~exãqß>²½ƒ+»ÊåB¶]ò?½Ú ÉÇ.'‹÷2šÌ¦þxjȊ#˜jaµC¹Öö«e(ŒbÀ,À0À+À/̨̩£Ÿ¢žÌªÀ¯À­À$À(À " 400 -
190.171.143.98 - - [03/Aug/2022:10:06:49 -0300] "GET /cormun/servlet/permisogoce?INS,0,,, HTTP/1.1" 200 7189
190.171.143.98 - - [03/Aug/2022:10:06:49 -0300] "GET /cormun/static/gxcfg.js?20201215124560 HTTP/1.1" 200 953
190.171.143.98 - - [03/Aug/2022:10:06:49 -0300] "GET /cormun/static/permisogoce.js?20201215124939 HTTP/1.1" 200 27919
190.171.143.98 - - [03/Aug/2022:10:06:49 -0300] "GET /cormun/servlet/permisogoce?INS,0,,, HTTP/1.1" 200 7189
181.212.43.89 - - [03/Aug/2022:10:06:57 -0300] "GET /cormun/servlet/permisogoce?INS,0,,, HTTP/1.1" 200 6883
181.212.43.89 - - [03/Aug/2022:10:06:58 -0300] "GET /cormun/servlet/permisogoce?INS,0,,, HTTP/1.1" 200 6864
181.212.43.89 - - [03/Aug/2022:10:07:03 -0300] "GET /cormun/servlet/permisogoce?07f245d0f69ad18ff1f0d282293aff0c5501c3269c31b9807a0411b459be0de1425a4f595816fa3420816359945f3166a2d1debd070c917c0620634cfadfc8cd,gx-no-cache=1659531207137 HTTP/1.1" 200 78
181.212.43.89 - - [03/Aug/2022:10:07:06 -0300] "GET /cormun/static/menuarrow.gif HTTP/1.1" 404 1015
181.212.43.89 - - [03/Aug/2022:10:07:09 -0300] "GET /cormun/servlet/permisogoce?07f245d0f69ad18ff1f0d282293aff0cba450d3da0316b68ff30ec4e24ef0081e1dab8b8b3861ae8c608a50c7ca7887d91ab2cfce34e4fff375b59808745a291,gx-no-cache=1659531213263 HTTP/1.1" 200 47
190.171.143.98 - - [03/Aug/2022:10:07:15 -0300] "GET /cormun/servlet/prfichaempleado?,MD,,gxPopupLevel%3D0%3B HTTP/1.1" 200 9332
181.212.43.89 - - [03/Aug/2022:10:07:19 -0300] "POST /cormun/servlet/permisogoce?7c082f634eb74a79c4cf365049763470,INS,0,,,,gx-no-cache=1659531222972 HTTP/1.1" 200 93
181.212.43.89 - - [03/Aug/2022:10:07:19 -0300] "GET /cormun/servlet/hpexe_return? HTTP/1.1" 200 1029
181.212.43.89 - - [03/Aug/2022:10:07:19 -0300] "GET /cormun/servlet/trpermisosgoce?gx-no-cache=1659530797062 HTTP/1.1" 200 9355
181.212.43.89 - - [03/Aug/2022:10:07:20 -0300] "GET /cormun/servlet/trpermisosgoce?gx-no-cache=1659530797062 HTTP/1.1" 200 9370
181.212.43.89 - - [03/Aug/2022:10:07:26 -0300] "GET /cormun/servlet/apermisogoceprn?12078921,P,20220803085025,PU HTTP/1.1" 200 1666
190.171.143.98 - - [03/Aug/2022:10:07:29 -0300] "POST /cormun/servlet/prfichaempleado?d23ac45c2caa9ebde76e5f4333ea35f6,,MD,,gxPopupLevel%3D0%3B,gx-no-cache=1659531235314 HTTP/1.1" 200 3169
181.212.43.89 - - [03/Aug/2022:10:07:38 -0300] "GET /cormun/servlet/trpermisosadjuntos?12078921,20220803085025,P, HTTP/1.1" 200 6338
181.212.43.89 - - [03/Aug/2022:10:07:38 -0300] "GET /cormun/servlet/trpermisosadjuntos?12078921,20220803085025,P, HTTP/1.1" 200 6319
181.212.43.89 - - [03/Aug/2022:10:07:42 -0300] "GET /cormun/servlet/permisosadjuntos?INS,12078921,P,20220803085025,, HTTP/1.1" 200 5640
181.212.43.89 - - [03/Aug/2022:10:07:43 -0300] "GET /cormun/static/about:blank HTTP/1.1" 404 1011
181.212.43.89 - - [03/Aug/2022:10:07:43 -0300] "GET /cormun/servlet/permisosadjuntos?INS,12078921,P,20220803085025,, HTTP/1.1" 200 5630
181.212.43.89 - - [03/Aug/2022:10:07:58 -0300] "POST /cormun/servlet/permisosadjuntos?7c082f634eb74a79c4cf365049763470,INS,12078921,P,20220803085025,, HTTP/1.1" 200 116
181.212.43.89 - - [03/Aug/2022:10:07:58 -0300] "GET /cormun/servlet/hpexe_return? HTTP/1.1" 200 1035
181.212.43.89 - - [03/Aug/2022:10:07:59 -0300] "GET /cormun/servlet/trpermisosadjuntos?12078921,20220803085025,P, HTTP/1.1" 200 6790
181.212.43.89 - - [03/Aug/2022:10:07:59 -0300] "GET /cormun/servlet/trpermisosadjuntos?12078921,20220803085025,P, HTTP/1.1" 200 6788
181.212.43.89 - - [03/Aug/2022:10:08:06 -0300] "POST /cormun/servlet/trpermisosadjuntos?7c082f634eb74a79c4cf365049763470,12078921,20220803085025,P,,gx-no-cache=1659531270213 HTTP/1.1" 200 90
181.212.43.89 - - [03/Aug/2022:10:08:06 -0300] "GET /cormun/servlet/hpexe_link HTTP/1.1" 200 1003
181.212.43.89 - - [03/Aug/2022:10:08:06 -0300] "GET /cormun/servlet/trpermisosgoce?gx-no-cache=1659530797062 HTTP/1.1" 200 9352
181.212.43.89 - - [03/Aug/2022:10:08:06 -0300] "GET /cormun/servlet/trpermisosgoce?gx-no-cache=1659530797062 HTTP/1.1" 200 9370
181.212.43.89 - - [03/Aug/2022:10:08:09 -0300] "POST /cormun/servlet/trpermisosgoce?7c082f634eb74a79c4cf365049763470,gx-no-cache=1659530797062,gx-no-cache=1659531273297 HTTP/1.1" 200 6596
181.212.43.89 - - [03/Aug/2022:10:08:09 -0300] "GET /cormun/static/Shared/jqueryui/images/ui-icons_82798d_256x240.png HTTP/1.1" 404 1089
181.212.43.89 - - [03/Aug/2022:10:08:09 -0300] "GET /cormun/static/Shared/jqueryui/images/ui-bg_highlight-soft_100_c6c2c8_1x100.png HTTP/1.1" 404 1117
181.212.43.89 - - [03/Aug/2022:10:08:09 -0300] "GET /cormun/static/Shared/jqueryui/images/ui-bg_flat_55_fafafa_40x100.png HTTP/1.1" 404 1097
181.212.43.89 - - [03/Aug/2022:10:08:09 -0300] "GET /cormun/static/Shared/jqueryui/images/ui-icons_8d78a5_256x240.png HTTP/1.1" 404 1089
190.171.142.10 - - [03/Aug/2022:10:08:10 -0300] "GET /cormun/servlet/hlogin HTTP/1.1" 200 1727
190.171.142.10 - - [03/Aug/2022:10:08:10 -0300] "GET /cormun/servlet/hlogin HTTP/1.1" 200 1738
190.171.142.10 - - [03/Aug/2022:10:08:59 -0300] "POST /cormun/servlet/hlogin?2e288807a199a691b0c32c1ba345d50a,gx-no-cache=1659531323774 HTTP/1.1" 200 90
190.171.142.10 - - [03/Aug/2022:10:09:00 -0300] "GET /cormun/servlet/hpexe_link HTTP/1.1" 200 953
190.171.142.10 - - [03/Aug/2022:10:09:00 -0300] "GET /cormun/servlet/hhome HTTP/1.1" 200 3991
190.171.142.10 - - [03/Aug/2022:10:09:00 -0300] "GET /cormun/servlet/hhome HTTP/1.1" 200 3987
190.171.142.10 - - [03/Aug/2022:10:09:05 -0300] "GET /cormun/servlet/trsolicitudot? HTTP/1.1" 200 7217
190.171.142.10 - - [03/Aug/2022:10:09:05 -0300] "GET /cormun/servlet/trsolicitudot? HTTP/1.1" 200 7216
186.103.157.42 - - [03/Aug/2022:10:09:10 -0300] "GET /cormun/servlet/hlogin HTTP/1.1" 200 1726
190.171.142.10 - - [03/Aug/2022:10:09:10 -0300] "GET /cormun/servlet/solicitudot?INS,0,0,false, HTTP/1.1" 200 15765
186.103.157.42 - - [03/Aug/2022:10:09:10 -0300] "GET /cormun/servlet/hlogin HTTP/1.1" 200 1736
190.171.142.10 - - [03/Aug/2022:10:09:10 -0300] "GET /cormun/servlet/solicitudot?INS,0,0,false, HTTP/1.1" 200 15772
186.103.157.42 - - [03/Aug/2022:10:09:22 -0300] "POST /cormun/servlet/hlogin?4cc86cfa7ed5ebad4d7ac589926be49a,gx-no-cache=1659531909809 HTTP/1.1" 200 90
186.103.157.42 - - [03/Aug/2022:10:09:22 -0300] "GET /cormun/servlet/hpexe_link HTTP/1.1" 200 953
186.103.157.42 - - [03/Aug/2022:10:09:22 -0300] "GET /cormun/servlet/hhome HTTP/1.1" 200 4374
186.103.157.42 - - [03/Aug/2022:10:09:22 -0300] "GET /cormun/servlet/hhome HTTP/1.1" 200 4373
186.103.157.42 - - [03/Aug/2022:10:09:27 -0300] "GET /cormun/servlet/trlicencias? HTTP/1.1" 200 10638
186.103.157.42 - - [03/Aug/2022:10:09:28 -0300] "GET /cormun/servlet/trlicencias? HTTP/1.1" 200 10637
190.171.142.10 - - [03/Aug/2022:10:09:32 -0300] "POST /cormun/servlet/solicitudot?gx-no-cache=1659531356022 HTTP/1.1" 200 3885
190.171.142.10 - - [03/Aug/2022:10:09:32 -0300] "POST /cormun/servlet/solicitudot?2e288807a199a691b0c32c1ba345d50a,INS,0,0,false,,gx-no-cache=1659531356156 HTTP/1.1" 200 12439
186.103.157.42 - - [03/Aug/2022:10:09:52 -0300] "GET /cormun/servlet/alicenciaprn?8157652,L,20220729000000,PU HTTP/1.1" 200 1535
200.54.100.179 - - [03/Aug/2022:10:10:24 -0300] "GET /cormun/servlet/hlogin HTTP/1.1" 200 1728
200.54.100.179 - - [03/Aug/2022:10:10:24 -0300] "GET /cormun/servlet/hlogin HTTP/1.1" 200 1738
200.54.100.179 - - [03/Aug/2022:10:10:28 -0300] "POST /cormun/servlet/hlogin?604dbc4a98bd0e580c8ad7a31cb440de,gx-no-cache=1659531412425 HTTP/1.1" 200 90
200.54.100.179 - - [03/Aug/2022:10:10:28 -0300] "GET /cormun/servlet/hpexe_link HTTP/1.1" 200 954
200.54.100.179 - - [03/Aug/2022:10:10:28 -0300] "GET /cormun/servlet/hhome HTTP/1.1" 200 4321
200.54.100.179 - - [03/Aug/2022:10:10:29 -0300] "GET /cormun/servlet/hhome HTTP/1.1" 200 4317
186.103.157.42 - - [03/Aug/2022:10:10:55 -0300] "GET /cormun/servlet/alicenciaprn?17526155,L,20220730000000,PU HTTP/1.1" 200 1547
186.103.157.42 - - [03/Aug/2022:10:11:18 -0300] "GET /cormun/servlet/alicenciaprn?10482009,L,20220801000000,PU HTTP/1.1" 200 1542
200.54.100.179 - - [03/Aug/2022:10:12:22 -0300] "GET /cormun/servlet/trlicencias? HTTP/1.1" 200 9950
200.54.100.179 - - [03/Aug/2022:10:12:23 -0300] "GET /cormun/servlet/trlicencias? HTTP/1.1" 200 9947
186.103.157.42 - - [03/Aug/2022:10:12:25 -0300] "GET /cormun/servlet/alicenciaprn?19021234,L,20220726000000,PU HTTP/1.1" 200 1543
200.54.100.179 - - [03/Aug/2022:10:12:35 -0300] "POST /cormun/servlet/trlicencias?604dbc4a98bd0e580c8ad7a31cb440de,,gx-no-cache=1659531539795 HTTP/1.1" 200 101
200.54.100.179 - - [03/Aug/2022:10:12:35 -0300] "GET /cormun/Licencias-3393.xls HTTP/1.1" 200 6656
198.235.24.151 - - [03/Aug/2022:10:13:42 -0300] "GET / HTTP/1.1" 200 11217
190.171.143.98 - - [03/Aug/2022:10:15:31 -0300] "POST /cormun/servlet/prfichaempleado?d23ac45c2caa9ebde76e5f4333ea35f6,,MD,,gxPopupLevel%3D0%3B,gx-no-cache=1659531717383 HTTP/1.1" 200 3169
190.171.143.98 - - [03/Aug/2022:10:15:35 -0300] "POST /cormun/servlet/prfichaempleado?d23ac45c2caa9ebde76e5f4333ea35f6,,MD,,gxPopupLevel%3D0%3B,gx-no-cache=1659531721446 HTTP/1.1" 200 3169
190.171.143.98 - - [03/Aug/2022:10:15:35 -0300] "POST /cormun/servlet/prfichaempleado?d23ac45c2caa9ebde76e5f4333ea35f6,,MD,,gxPopupLevel%3D0%3B,gx-no-cache=1659531721622 HTTP/1.1" 200 3169
190.171.143.98 - - [03/Aug/2022:10:15:41 -0300] "GET /cormun/servlet/prfichaempleado?,MD,,gxPopupLevel%3D0%3B HTTP/1.1" 200 9332
190.171.143.98 - - [03/Aug/2022:10:15:47 -0300] "POST /cormun/servlet/prfichaempleado?d23ac45c2caa9ebde76e5f4333ea35f6,,MD,,gxPopupLevel%3D0%3B,gx-no-cache=1659531733744 HTTP/1.1" 200 3669
190.171.143.98 - - [03/Aug/2022:10:16:07 -0300] "POST /cormun/servlet/prfichaempleado?d23ac45c2caa9ebde76e5f4333ea35f6,,MD,,gxPopupLevel%3D0%3B,gx-no-cache=1659531753326 HTTP/1.1" 200 3170
190.171.143.98 - - [03/Aug/2022:10:16:18 -0300] "POST /cormun/servlet/prfichaempleado?d23ac45c2caa9ebde76e5f4333ea35f6,,MD,,gxPopupLevel%3D0%3B,gx-no-cache=1659531764198 HTTP/1.1" 200 3170
190.171.143.98 - - [03/Aug/2022:10:16:18 -0300] "POST /cormun/servlet/prfichaempleado?d23ac45c2caa9ebde76e5f4333ea35f6,,MD,,gxPopupLevel%3D0%3B,gx-no-cache=1659531764382 HTTP/1.1" 200 3170
190.171.143.98 - - [03/Aug/2022:10:16:24 -0300] "GET /cormun/servlet/permisogoce?ecc5f4112450aadd400d892946ace254f5075a3b489a19cc94c374644451a3887215e73a9d4bc5fe9c889739c28ea297f2ee5f8a85cac493b91a72c2451bdd62,gx-no-cache=1659531770104 HTTP/1.1" 200 80
190.171.143.98 - - [03/Aug/2022:10:16:24 -0300] "GET /cormun/static/menuarrow.gif HTTP/1.1" 404 1015
181.212.43.89 - - [03/Aug/2022:10:16:29 -0300] "GET /cormun/servlet/trsolicitudot? HTTP/1.1" 200 7246
181.212.43.89 - - [03/Aug/2022:10:16:29 -0300] "GET /cormun/servlet/trsolicitudot? HTTP/1.1" 200 7225
181.212.43.89 - - [03/Aug/2022:10:16:32 -0300] "GET /cormun/servlet/solicitudot?INS,0,0,false, HTTP/1.1" 200 15772
181.212.43.89 - - [03/Aug/2022:10:16:32 -0300] "GET /cormun/servlet/solicitudot?INS,0,0,false, HTTP/1.1" 200 15780
190.171.143.98 - - [03/Aug/2022:10:16:39 -0300] "GET /cormun/servlet/permisogoce?ecc5f4112450aadd400d892946ace25454e070b83a671cd102696142d9f9b49caeb1ace2d6fc03b90b3ee575d26e6606cc09d32994a4ba3b1dd2bc81e0ed265d,gx-no-cache=1659531785661 HTTP/1.1" 200 47
190.171.143.98 - - [03/Aug/2022:10:16:44 -0300] "POST /cormun/servlet/permisogoce?d23ac45c2caa9ebde76e5f4333ea35f6,INS,0,,,,gx-no-cache=1659531790521 HTTP/1.1" 200 93
190.171.143.98 - - [03/Aug/2022:10:16:44 -0300] "GET /cormun/servlet/hpexe_return? HTTP/1.1" 200 1015
190.171.143.98 - - [03/Aug/2022:10:16:45 -0300] "GET /cormun/servlet/trpermisosgoce HTTP/1.1" 200 8404
190.171.143.98 - - [03/Aug/2022:10:16:45 -0300] "GET /cormun/servlet/trpermisosgoce HTTP/1.1" 200 8400
190.171.143.98 - - [03/Aug/2022:10:16:51 -0300] "GET /cormun/servlet/trpermisosadjuntos?15217183,20220803085017,P, HTTP/1.1" 200 6615
190.171.143.98 - - [03/Aug/2022:10:16:51 -0300] "GET /cormun/static/gxcfg.js?2020121641683 HTTP/1.1" 200 953
190.171.143.98 - - [03/Aug/2022:10:16:51 -0300] "GET /cormun/static/trpermisosadjuntos.js?2020121642996 HTTP/1.1" 200 20158
190.171.143.98 - - [03/Aug/2022:10:16:51 -0300] "GET /cormun/servlet/trpermisosadjuntos?15217183,20220803085017,P, HTTP/1.1" 200 6616
190.171.143.98 - - [03/Aug/2022:10:16:53 -0300] "GET /cormun/servlet/permisosadjuntos?INS,15217183,P,20220803085017,, HTTP/1.1" 200 5945
190.171.143.98 - - [03/Aug/2022:10:16:53 -0300] "GET /cormun/static/gxcfg.js?20201215134212 HTTP/1.1" 200 953
190.171.143.98 - - [03/Aug/2022:10:16:53 -0300] "GET /cormun/static/permisosadjuntos.js?20201215134285 HTTP/1.1" 200 8724
190.171.143.98 - - [03/Aug/2022:10:16:53 -0300] "GET /cormun/static/about:blank HTTP/1.1" 404 1011
190.171.143.98 - - [03/Aug/2022:10:16:53 -0300] "GET /cormun/servlet/permisosadjuntos?INS,15217183,P,20220803085017,, HTTP/1.1" 200 5934
181.212.43.89 - - [03/Aug/2022:10:16:54 -0300] "POST /cormun/servlet/solicitudot?gx-no-cache=1659531797691 HTTP/1.1" 200 3878
181.212.43.89 - - [03/Aug/2022:10:16:54 -0300] "POST /cormun/servlet/solicitudot?7c082f634eb74a79c4cf365049763470,INS,0,0,false,,gx-no-cache=1659531797820 HTTP/1.1" 200 12427
181.212.43.89 - - [03/Aug/2022:10:16:56 -0300] "GET /cormun/servlet/solicitudot?cf3091ef4c8ce7b20f5b1bd74ae1d2e213e53613768ddcc06f063976dd58eb040277e16d0ac1687c193bec52898516b8,gx-no-cache=1659531800103 HTTP/1.1" 200 30
190.171.143.98 - - [03/Aug/2022:10:17:01 -0300] "POST /cormun/servlet/permisosadjuntos?d23ac45c2caa9ebde76e5f4333ea35f6,INS,15217183,P,20220803085017,, HTTP/1.1" 200 116
190.171.143.98 - - [03/Aug/2022:10:17:01 -0300] "GET /cormun/servlet/hpexe_return? HTTP/1.1" 200 1043
190.171.143.98 - - [03/Aug/2022:10:17:01 -0300] "GET /cormun/servlet/trpermisosadjuntos?15217183,20220803085017,P, HTTP/1.1" 200 7122
190.171.143.98 - - [03/Aug/2022:10:17:01 -0300] "GET /cormun/servlet/trpermisosadjuntos?15217183,20220803085017,P, HTTP/1.1" 200 7119
190.171.143.98 - - [03/Aug/2022:10:17:06 -0300] "POST /cormun/servlet/trpermisosadjuntos?d23ac45c2caa9ebde76e5f4333ea35f6,15217183,20220803085017,P,,gx-no-cache=1659531812817 HTTP/1.1" 200 90
190.171.143.98 - - [03/Aug/2022:10:17:06 -0300] "GET /cormun/servlet/hpexe_link HTTP/1.1" 200 987
190.171.143.98 - - [03/Aug/2022:10:17:07 -0300] "GET /cormun/servlet/trpermisosgoce HTTP/1.1" 200 8401
190.171.143.98 - - [03/Aug/2022:10:17:07 -0300] "GET /cormun/servlet/trpermisosgoce HTTP/1.1" 200 8400
190.171.143.98 - - [03/Aug/2022:10:17:09 -0300] "GET /cormun/servlet/apermisogoceprn?15217183,P,20220803085017,PU HTTP/1.1" 200 1653
190.171.143.98 - - [03/Aug/2022:10:17:22 -0300] "POST /cormun/servlet/trpermisosgoce?d23ac45c2caa9ebde76e5f4333ea35f6,gx-no-cache=1659531828354 HTTP/1.1" 200 5618
190.171.143.98 - - [03/Aug/2022:10:17:22 -0300] "GET /cormun/static/Shared/jqueryui/images/ui-bg_highlight-soft_100_c6c2c8_1x100.png HTTP/1.1" 404 1117
190.171.143.98 - - [03/Aug/2022:10:17:22 -0300] "GET /cormun/static/Shared/jqueryui/images/ui-icons_82798d_256x240.png HTTP/1.1" 404 1089
190.171.143.98 - - [03/Aug/2022:10:17:22 -0300] "GET /cormun/static/Shared/jqueryui/images/ui-icons_8d78a5_256x240.png HTTP/1.1" 404 1089
190.171.143.98 - - [03/Aug/2022:10:17:22 -0300] "GET /cormun/static/Shared/jqueryui/images/ui-bg_flat_55_fafafa_40x100.png HTTP/1.1" 404 1097
190.171.153.26 - - [03/Aug/2022:10:17:26 -0300] "GET /cormun/servlet/hlogin HTTP/1.1" 200 1726
190.171.153.26 - - [03/Aug/2022:10:17:34 -0300] "POST /cormun/servlet/hlogin?8d75dbc01d4943e3d1c6e2aa59d6a953,gx-no-cache=1659531842598 HTTP/1.1" 200 90
190.171.153.26 - - [03/Aug/2022:10:17:34 -0300] "GET /cormun/servlet/hpexe_link HTTP/1.1" 200 953
190.171.153.26 - - [03/Aug/2022:10:17:34 -0300] "GET /cormun/servlet/hhome HTTP/1.1" 200 3950
190.171.153.26 - - [03/Aug/2022:10:17:35 -0300] "GET /cormun/servlet/hhome HTTP/1.1" 200 3946
190.171.143.98 - - [03/Aug/2022:10:17:36 -0300] "GET /cormun/servlet/permisogoce?INS,0,,, HTTP/1.1" 200 7188
190.171.143.98 - - [03/Aug/2022:10:17:37 -0300] "GET /cormun/servlet/permisogoce?INS,0,,, HTTP/1.1" 200 7188
190.171.153.26 - - [03/Aug/2022:10:17:38 -0300] "GET /cormun/servlet/trlicencias? HTTP/1.1" 200 9385
190.171.153.26 - - [03/Aug/2022:10:17:39 -0300] "GET /cormun/servlet/trlicencias? HTTP/1.1" 200 9384
190.171.153.26 - - [03/Aug/2022:10:17:42 -0300] "POST /cormun/servlet/trlicencias?8d75dbc01d4943e3d1c6e2aa59d6a953,,gx-no-cache=1659531850105 HTTP/1.1" 200 6874
190.171.143.98 - - [03/Aug/2022:10:17:58 -0300] "GET /cormun/servlet/prfichaempleado?,MD,,gxPopupLevel%3D0%3B HTTP/1.1" 200 9332
190.171.153.26 - - [03/Aug/2022:10:18:02 -0300] "POST /cormun/servlet/trlicencias?8d75dbc01d4943e3d1c6e2aa59d6a953,,gx-no-cache=1659531870023 HTTP/1.1" 200 6877
181.212.43.89 - - [03/Aug/2022:10:18:06 -0300] "GET /cormun/servlet/prbanco?,MD,,gxPopupLevel%3D0%3B HTTP/1.1" 200 6563
181.212.43.89 - - [03/Aug/2022:10:18:10 -0300] "GET /cormun/servlet/solicitudot?cf3091ef4c8ce7b20f5b1bd74ae1d2e2f4142cfcec1e95fbf284db6f317de405bc2165cdcbd31aff0e7622fbd2c807e4,gx-no-cache=1659531874070 HTTP/1.1" 200 30
181.212.43.89 - - [03/Aug/2022:10:18:13 -0300] "GET /cormun/servlet/solicitudot?cf3091ef4c8ce7b20f5b1bd74ae1d2e24c310a3f1772e7d0e89a7e575b7d023e,gx-no-cache=1659531877000 HTTP/1.1" 200 53
190.171.143.98 - - [03/Aug/2022:10:18:15 -0300] "POST /cormun/servlet/prfichaempleado?d23ac45c2caa9ebde76e5f4333ea35f6,,MD,,gxPopupLevel%3D0%3B,gx-no-cache=1659531881248 HTTP/1.1" 200 3468
190.171.143.82 - - [03/Aug/2022:10:18:19 -0300] "GET /cormun/servlet/hlogin HTTP/1.1" 200 1727
190.171.143.98 - - [03/Aug/2022:10:18:20 -0300] "GET /cormun/servlet/permisogoce?ecc5f4112450aadd400d892946ace2549f9c15bd0526ca33db1dd838838e53467215e73a9d4bc5fe9c889739c28ea297f2ee5f8a85cac493b91a72c2451bdd62,gx-no-cache=1659531886775 HTTP/1.1" 200 83
190.171.143.98 - - [03/Aug/2022:10:18:20 -0300] "GET /cormun/static/menuarrow.gif HTTP/1.1" 404 1015
190.171.143.82 - - [03/Aug/2022:10:18:25 -0300] "POST /cormun/servlet/hlogin?e1b23118c430db7cf0f24fd3de26e347,gx-no-cache=1659531890098 HTTP/1.1" 200 90
190.171.143.82 - - [03/Aug/2022:10:18:25 -0300] "GET /cormun/servlet/hpexe_link HTTP/1.1" 200 952
190.171.143.82 - - [03/Aug/2022:10:18:26 -0300] "GET /cormun/servlet/hhome HTTP/1.1" 200 4354
190.171.143.82 - - [03/Aug/2022:10:18:26 -0300] "GET /cormun/servlet/hhome HTTP/1.1" 200 4352
181.212.43.89 - - [03/Aug/2022:10:18:35 -0300] "POST /cormun/servlet/solicitudot?gx-no-cache=1659531898901 HTTP/1.1" 200 297
181.212.43.89 - - [03/Aug/2022:10:18:35 -0300] "GET /cormun/servlet/solicitudot?cf3091ef4c8ce7b20f5b1bd74ae1d2e234d6099914c767ec65553de20140fef447756a35b9bff73d0f157f76a19456e381e22c2cd29779157a2e21436cd0c517450fa79d9868caf2b62127ac0993d2277f03ea5158e950940dfa2f4db5a8a4699289173c178f16dd852076623b874329b82620c86670e8225d59fb3af3b0dbdd045ece764026a08124b56392ec8b7d771c334050774665a9ec65810b35a79fade808ba60c2968d25a34ec65114881cce8db1f5bac1dbc868444077ed789b9943f705ad338954139afd4f7371db57ba495f69cbb3e3ecd42bc41a06bf44ebb757d9e53ea8a710b33924dd0099a68c5beeb49a5370c35462ba75ff4976ca1c3275a9d575ef5f3081f94a7621afdc9cd323c00a32ecef501880dae01ff415e9f9bfaf49026b6b8d8d44fff9cadaf7b14967981f22b4b838b5a94cf0169157f8319a517d6e75268f78119660b7c7fc6e0495625e05802a4c932f971f6e52d313f9df606ff195e79e7a6241060737f3a95d39930ea313c51a3eaa81d7debb46ebbf60b3cefdba6a0b88c67bd75c936e6b605e,gx-no-cache=1659531898933 HTTP/1.1" 200 30
190.171.143.82 - - [03/Aug/2022:10:18:36 -0300] "GET /cormun/servlet/trlicencias? HTTP/1.1" 200 11683
190.171.143.82 - - [03/Aug/2022:10:18:37 -0300] "GET /cormun/servlet/trlicencias? HTTP/1.1" 200 11681
181.212.43.89 - - [03/Aug/2022:10:18:37 -0300] "POST /cormun/servlet/solicitudot?gx-no-cache=1659531901029 HTTP/1.1" 200 30
181.212.43.89 - - [03/Aug/2022:10:18:38 -0300] "POST /cormun/servlet/solicitudot?gx-no-cache=1659531902601 HTTP/1.1" 200 1466
181.212.43.89 - - [03/Aug/2022:10:18:38 -0300] "POST /cormun/servlet/solicitudot?gx-no-cache=1659531902632 HTTP/1.1" 200 38
190.171.153.26 - - [03/Aug/2022:10:18:39 -0300] "POST /cormun/servlet/trlicencias?8d75dbc01d4943e3d1c6e2aa59d6a953,,gx-no-cache=1659531907311 HTTP/1.1" 200 6877
181.212.43.89 - - [03/Aug/2022:10:18:53 -0300] "GET /cormun/servlet/solicitudot?cf3091ef4c8ce7b20f5b1bd74ae1d2e252bbfdf6a2b03379ecdbbf6967842dd4592f215b7345723939c887923fec0bca971c586c93d4991b36bbf0dfd642c58a81ad1d8d48a9012454b5318bc88aa636fcbbb14100ed41e256a68c11faf492b5a154238a950e5ac4cb4a1c9da6206644,gx-no-cache=1659531917268 HTTP/1.1" 200 110
190.171.143.98 - - [03/Aug/2022:10:18:54 -0300] "GET /cormun/servlet/permisogoce?ecc5f4112450aadd400d892946ace25441a5f70ecf0fb70927cf189e54265705c852cc2943cba73c993c5329e8f87601c5d36a15c1ea17181ed79ee6b6f12105,gx-no-cache=1659531920109 HTTP/1.1" 200 47
186.67.172.234 - - [03/Aug/2022:10:18:56 -0300] "GET /cormun/servlet/solicitudot?INS,0,0,false, HTTP/1.1" 200 14902
186.67.172.234 - - [03/Aug/2022:10:18:56 -0300] "GET /cormun/servlet/hlogin HTTP/1.1" 200 1747
186.67.172.234 - - [03/Aug/2022:10:18:56 -0300] "GET /cormun/servlet/solicitudot?INS,0,0,false, HTTP/1.1" 200 14911
181.212.43.89 - - [03/Aug/2022:10:18:58 -0300] "POST /cormun/servlet/solicitudot?gx-no-cache=1659531922284 HTTP/1.1" 200 72
190.171.153.26 - - [03/Aug/2022:10:18:58 -0300] "POST /cormun/servlet/trlicencias?8d75dbc01d4943e3d1c6e2aa59d6a953,,gx-no-cache=1659531926858 HTTP/1.1" 200 6874
190.171.143.98 - - [03/Aug/2022:10:19:04 -0300] "POST /cormun/servlet/permisogoce?d23ac45c2caa9ebde76e5f4333ea35f6,INS,0,,,,gx-no-cache=1659531930112 HTTP/1.1" 200 93
190.171.143.98 - - [03/Aug/2022:10:19:04 -0300] "GET /cormun/servlet/hpexe_return? HTTP/1.1" 200 1037
190.171.143.98 - - [03/Aug/2022:10:19:04 -0300] "GET /cormun/servlet/trpermisosgoce?gx-no-cache=1659531828354 HTTP/1.1" 200 8658
190.171.143.98 - - [03/Aug/2022:10:19:05 -0300] "GET /cormun/servlet/trpermisosgoce?gx-no-cache=1659531828354 HTTP/1.1" 200 8676
181.212.43.89 - - [03/Aug/2022:10:19:06 -0300] "GET /cormun/servlet/solicitudot?cf3091ef4c8ce7b20f5b1bd74ae1d2e2c5931fe7d106a9f29e456636a9dab16e306e4f2879e45c52bafe44dde3a85b62531c70d3dbc8e104a889c38236206b425406f05c0aad76a00ecb91e1fb6e99a063dd4da57dacd3d6e753fe2f0bed5f6598c2039ce9435b18981c24db7062ffbd,gx-no-cache=1659531930583 HTTP/1.1" 200 29
181.212.43.89 - - [03/Aug/2022:10:19:06 -0300] "GET /cormun/static/menuarrow.gif HTTP/1.1" 404 1015
190.171.153.26 - - [03/Aug/2022:10:19:08 -0300] "POST /cormun/servlet/trlicencias?8d75dbc01d4943e3d1c6e2aa59d6a953,,gx-no-cache=1659531936008 HTTP/1.1" 200 6874
181.212.43.89 - - [03/Aug/2022:10:19:09 -0300] "GET /cormun/servlet/solicitudot?cf3091ef4c8ce7b20f5b1bd74ae1d2e22490234e4c50e598f4f1853f69ac2781bdfce939e670573cdb1f72da2a5bf663,gx-no-cache=1659531932786 HTTP/1.1" 200 30
190.171.143.98 - - [03/Aug/2022:10:19:09 -0300] "GET /cormun/servlet/apermisogoceprn?10736218,P,20220803090104,PU HTTP/1.1" 200 1670
181.212.43.89 - - [03/Aug/2022:10:19:12 -0300] "POST /cormun/servlet/solicitudot?gx-no-cache=1659531936561 HTTP/1.1" 200 30
186.67.172.234 - - [03/Aug/2022:10:19:24 -0300] "POST /cormun/servlet/hlogin?7e018410f1f2c9a9b030b5ad434ce97f,gx-no-cache=1659531948867 HTTP/1.1" 200 90
186.67.172.234 - - [03/Aug/2022:10:19:24 -0300] "GET /cormun/servlet/hpexe_link HTTP/1.1" 200 964
186.67.172.234 - - [03/Aug/2022:10:19:25 -0300] "GET /cormun/servlet/solicitudot?INS,0,0,false, HTTP/1.1" 200 15952
186.67.172.234 - - [03/Aug/2022:10:19:25 -0300] "GET /cormun/servlet/solicitudot?INS,0,0,false, HTTP/1.1" 200 15959
181.212.43.89 - - [03/Aug/2022:10:19:31 -0300] "POST /cormun/servlet/solicitudot?7c082f634eb74a79c4cf365049763470,INS,0,0,false,,gx-no-cache=1659531954579 HTTP/1.1" 200 93
181.212.43.89 - - [03/Aug/2022:10:19:31 -0300] "GET /cormun/servlet/hpexe_return? HTTP/1.1" 200 1006
181.212.43.89 - - [03/Aug/2022:10:19:31 -0300] "GET /cormun/servlet/trsolicitudot HTTP/1.1" 200 8616
181.212.43.89 - - [03/Aug/2022:10:19:31 -0300] "GET /cormun/servlet/trsolicitudot HTTP/1.1" 200 8612
190.171.143.98 - - [03/Aug/2022:10:19:35 -0300] "GET /cormun/servlet/trpermisosadjuntos?10736218,20220803090104,P, HTTP/1.1" 200 6640
190.171.143.98 - - [03/Aug/2022:10:19:35 -0300] "GET /cormun/servlet/trpermisosadjuntos?10736218,20220803090104,P, HTTP/1.1" 200 6617
190.171.143.98 - - [03/Aug/2022:10:19:37 -0300] "GET /cormun/servlet/permisosadjuntos?INS,10736218,P,20220803090104,, HTTP/1.1" 200 5945
190.171.143.98 - - [03/Aug/2022:10:19:37 -0300] "GET /cormun/static/about:blank HTTP/1.1" 404 1011
190.171.143.98 - - [03/Aug/2022:10:19:37 -0300] "GET /cormun/servlet/permisosadjuntos?INS,10736218,P,20220803090104,, HTTP/1.1" 200 5935
186.67.172.234 - - [03/Aug/2022:10:19:43 -0300] "POST /cormun/servlet/solicitudot?gx-no-cache=1659531967411 HTTP/1.1" 200 3878
186.67.172.234 - - [03/Aug/2022:10:19:43 -0300] "POST /cormun/servlet/solicitudot?7e018410f1f2c9a9b030b5ad434ce97f,INS,0,0,false,,gx-no-cache=1659531967543 HTTP/1.1" 200 12439
190.171.143.98 - - [03/Aug/2022:10:19:44 -0300] "POST /cormun/servlet/permisosadjuntos?d23ac45c2caa9ebde76e5f4333ea35f6,INS,10736218,P,20220803090104,, HTTP/1.1" 200 116
190.171.143.98 - - [03/Aug/2022:10:19:44 -0300] "GET /cormun/servlet/hpexe_return? HTTP/1.1" 200 1043
190.171.143.98 - - [03/Aug/2022:10:19:45 -0300] "GET /cormun/servlet/trpermisosadjuntos?10736218,20220803090104,P, HTTP/1.1" 200 7124
190.171.143.98 - - [03/Aug/2022:10:19:45 -0300] "GET /cormun/servlet/trpermisosadjuntos?10736218,20220803090104,P, HTTP/1.1" 200 7120
186.67.172.234 - - [03/Aug/2022:10:19:45 -0300] "GET /cormun/servlet/solicitudot?9599701ded8fc7437a2b38c7cf2618c02243a4d28c43dcd9f7cc4c1d539162a3205f565f2e57abb75d68f747fface3d3,gx-no-cache=1659531969925 HTTP/1.1" 200 30
190.171.143.98 - - [03/Aug/2022:10:19:47 -0300] "POST /cormun/servlet/trpermisosadjuntos?d23ac45c2caa9ebde76e5f4333ea35f6,10736218,20220803090104,P,,gx-no-cache=1659531973167 HTTP/1.1" 200 90
190.171.143.98 - - [03/Aug/2022:10:19:47 -0300] "GET /cormun/servlet/hpexe_link HTTP/1.1" 200 1011
190.171.143.98 - - [03/Aug/2022:10:19:47 -0300] "GET /cormun/servlet/trpermisosgoce?gx-no-cache=1659531828354 HTTP/1.1" 200 8656
190.171.143.98 - - [03/Aug/2022:10:19:47 -0300] "GET /cormun/servlet/trpermisosgoce?gx-no-cache=1659531828354 HTTP/1.1" 200 8676
190.171.143.98 - - [03/Aug/2022:10:19:51 -0300] "POST /cormun/servlet/trpermisosgoce?d23ac45c2caa9ebde76e5f4333ea35f6,gx-no-cache=1659531828354,gx-no-cache=1659531977248 HTTP/1.1" 200 5864
190.171.143.98 - - [03/Aug/2022:10:19:51 -0300] "GET /cormun/static/Shared/jqueryui/images/ui-bg_highlight-soft_100_c6c2c8_1x100.png HTTP/1.1" 404 1117
190.171.143.98 - - [03/Aug/2022:10:19:51 -0300] "GET /cormun/static/Shared/jqueryui/images/ui-icons_82798d_256x240.png HTTP/1.1" 404 1089
190.171.143.98 - - [03/Aug/2022:10:19:51 -0300] "GET /cormun/static/Shared/jqueryui/images/ui-bg_flat_55_fafafa_40x100.png HTTP/1.1" 404 1097
190.171.143.98 - - [03/Aug/2022:10:19:51 -0300] "GET /cormun/static/Shared/jqueryui/images/ui-icons_8d78a5_256x240.png HTTP/1.1" 404 1089
181.212.43.89 - - [03/Aug/2022:10:20:04 -0300] "POST /cormun/servlet/trsolicitudot?7c082f634eb74a79c4cf365049763470,gx-no-cache=1659531987995 HTTP/1.1" 200 106
181.212.43.89 - - [03/Aug/2022:10:20:04 -0300] "GET /cormun/servlet/trsolicitudadjuntos?2022,19028, HTTP/1.1" 200 6107
181.212.43.89 - - [03/Aug/2022:10:20:04 -0300] "GET /cormun/servlet/trsolicitudadjuntos?2022,19028, HTTP/1.1" 200 6107
181.212.43.89 - - [03/Aug/2022:10:20:06 -0300] "GET /cormun/servlet/solicitudotadjuntos?INS,2022,19028,,1, HTTP/1.1" 200 6053
190.171.143.98 - - [03/Aug/2022:10:20:06 -0300] "GET /cormun/servlet/trautorizarpermisogoce? HTTP/1.1" 200 8280
190.171.143.98 - - [03/Aug/2022:10:20:06 -0300] "GET /cormun/static/gxcfg.js?2020121645532 HTTP/1.1" 200 953
190.171.143.98 - - [03/Aug/2022:10:20:06 -0300] "GET /cormun/static/trautorizarpermisogoce.js?2020121651492 HTTP/1.1" 200 34948
181.212.43.89 - - [03/Aug/2022:10:20:06 -0300] "GET /cormun/static/about:blank HTTP/1.1" 404 1011
181.212.43.89 - - [03/Aug/2022:10:20:06 -0300] "GET /cormun/servlet/solicitudotadjuntos?INS,2022,19028,,1, HTTP/1.1" 200 6047
190.171.143.98 - - [03/Aug/2022:10:20:06 -0300] "GET /cormun/servlet/trautorizarpermisogoce? HTTP/1.1" 200 8260
181.212.43.89 - - [03/Aug/2022:10:20:07 -0300] "GET /cormun/servlet/solicitudotadjuntos?cf3091ef4c8ce7b20f5b1bd74ae1d2e24b544e0e2c6834986d95eaf70a20feeea95e14c89caaf2cce10a90dde898994f,gx-no-cache=1659531990909 HTTP/1.1" 200 30
181.212.43.89 - - [03/Aug/2022:10:20:07 -0300] "POST /cormun/servlet/solicitudotadjuntos?7c082f634eb74a79c4cf365049763470,INS,2022,19028,,1,,gx-no-cache=1659531990926 HTTP/1.1" 200 3886
181.212.43.89 - - [03/Aug/2022:10:20:09 -0300] "POST /cormun/servlet/solicitudotadjuntos?gx-no-cache=1659531992870 HTTP/1.1" 200 26
190.171.143.98 - - [03/Aug/2022:10:20:12 -0300] "POST /cormun/servlet/trautorizarpermisogoce?d23ac45c2caa9ebde76e5f4333ea35f6,,gx-no-cache=1659531998456 HTTP/1.1" 200 5282
190.171.143.98 - - [03/Aug/2022:10:20:12 -0300] "GET /cormun/static/Shared/jqueryui/images/ui-bg_highlight-soft_100_c6c2c8_1x100.png HTTP/1.1" 404 1117
190.171.143.98 - - [03/Aug/2022:10:20:12 -0300] "GET /cormun/static/Shared/jqueryui/images/ui-icons_82798d_256x240.png HTTP/1.1" 404 1089
190.171.143.98 - - [03/Aug/2022:10:20:12 -0300] "GET /cormun/static/Shared/jqueryui/images/ui-bg_flat_55_fafafa_40x100.png HTTP/1.1" 404 1097
190.171.143.98 - - [03/Aug/2022:10:20:12 -0300] "GET /cormun/static/Shared/jqueryui/images/ui-icons_8d78a5_256x240.png HTTP/1.1" 404 1089
190.171.143.98 - - [03/Aug/2022:10:20:13 -0300] "POST /cormun/servlet/trautorizarpermisogoce?d23ac45c2caa9ebde76e5f4333ea35f6,,gx-no-cache=1659531999542 HTTP/1.1" 200 4527
181.212.43.89 - - [03/Aug/2022:10:20:30 -0300] "GET /cormun/servlet/solicitudotadjuntos?cf3091ef4c8ce7b20f5b1bd74ae1d2e258324cccb5acfbaefb69c5b96a3b3fe6,gx-no-cache=1659532013930 HTTP/1.1" 200 30
181.212.43.89 - - [03/Aug/2022:10:20:30 -0300] "GET /cormun/servlet/solicitudotadjuntos?cf3091ef4c8ce7b20f5b1bd74ae1d2e258324cccb5acfbaefb69c5b96a3b3fe6,gx-no-cache=1659532013950 HTTP/1.1" 200 30
181.212.43.89 - - [03/Aug/2022:10:20:30 -0300] "POST /cormun/servlet/solicitudotadjuntos?7c082f634eb74a79c4cf365049763470,INS,2022,19028,,1, HTTP/1.1" 200 116
181.212.43.89 - - [03/Aug/2022:10:20:30 -0300] "GET /cormun/servlet/hpexe_return? HTTP/1.1" 200 1024
181.212.43.89 - - [03/Aug/2022:10:20:30 -0300] "GET /cormun/servlet/trsolicitudadjuntos?2022,19028, HTTP/1.1" 200 8909
181.212.43.89 - - [03/Aug/2022:10:20:30 -0300] "GET /cormun/servlet/trsolicitudadjuntos?2022,19028, HTTP/1.1" 200 8906
181.212.43.89 - - [03/Aug/2022:10:20:33 -0300] "GET /cormun/servlet/solicitudotadjuntos?INS,2022,19028,,1, HTTP/1.1" 200 6053
181.212.43.89 - - [03/Aug/2022:10:20:33 -0300] "GET /cormun/static/about:blank HTTP/1.1" 404 1011
181.212.43.89 - - [03/Aug/2022:10:20:33 -0300] "GET /cormun/servlet/solicitudotadjuntos?INS,2022,19028,,1, HTTP/1.1" 200 6047
181.212.43.89 - - [03/Aug/2022:10:20:33 -0300] "GET /cormun/servlet/solicitudotadjuntos?cf3091ef4c8ce7b20f5b1bd74ae1d2e24b544e0e2c6834986d95eaf70a20feeea95e14c89caaf2cce10a90dde898994f,gx-no-cache=1659532017616 HTTP/1.1" 200 30
181.212.43.89 - - [03/Aug/2022:10:20:33 -0300] "POST /cormun/servlet/solicitudotadjuntos?7c082f634eb74a79c4cf365049763470,INS,2022,19028,,1,,gx-no-cache=1659532017633 HTTP/1.1" 200 3886
181.212.43.89 - - [03/Aug/2022:10:20:35 -0300] "POST /cormun/servlet/solicitudotadjuntos?gx-no-cache=1659532019322 HTTP/1.1" 200 26
190.171.143.82 - - [03/Aug/2022:10:20:38 -0300] "POST /cormun/servlet/trpermisosgoce?6f8a299965a82178e4948155784b0c95,,gx-no-cache=1659532022091 HTTP/1.1" 440 972
181.212.43.89 - - [03/Aug/2022:10:20:40 -0300] "GET /cormun/servlet/solicitudotadjuntos?cf3091ef4c8ce7b20f5b1bd74ae1d2e258324cccb5acfbaefb69c5b96a3b3fe6,gx-no-cache=1659532024072 HTTP/1.1" 200 30
181.212.43.89 - - [03/Aug/2022:10:20:40 -0300] "GET /cormun/servlet/solicitudotadjuntos?cf3091ef4c8ce7b20f5b1bd74ae1d2e258324cccb5acfbaefb69c5b96a3b3fe6,gx-no-cache=1659532024089 HTTP/1.1" 200 30
181.212.43.89 - - [03/Aug/2022:10:20:40 -0300] "POST /cormun/servlet/solicitudotadjuntos?7c082f634eb74a79c4cf365049763470,INS,2022,19028,,1, HTTP/1.1" 200 116
181.212.43.89 - - [03/Aug/2022:10:20:40 -0300] "GET /cormun/servlet/hpexe_return? HTTP/1.1" 200 1024
181.212.43.89 - - [03/Aug/2022:10:20:40 -0300] "GET /cormun/servlet/trsolicitudadjuntos?2022,19028, HTTP/1.1" 200 9158
190.171.143.82 - - [03/Aug/2022:10:20:41 -0300] "GET /cormun/servlet/trpermisosgoce? HTTP/1.1" 200 6031
181.212.43.89 - - [03/Aug/2022:10:20:41 -0300] "GET /cormun/servlet/trsolicitudadjuntos?2022,19028, HTTP/1.1" 200 9156
181.212.43.89 - - [03/Aug/2022:10:20:43 -0300] "GET /cormun/servlet/solicitudotadjuntos?INS,2022,19028,,1, HTTP/1.1" 200 6053
190.171.143.82 - - [03/Aug/2022:10:20:43 -0300] "GET /cormun/servlet/trpermisosgoce? HTTP/1.1" 200 6031
190.171.143.82 - - [03/Aug/2022:10:20:43 -0300] "GET /cormun/servlet/hlogin HTTP/1.1" 200 1746
190.171.143.82 - - [03/Aug/2022:10:20:43 -0300] "GET /cormun/servlet/trpermisosgoce? HTTP/1.1" 200 6031
181.212.43.89 - - [03/Aug/2022:10:20:43 -0300] "GET /cormun/static/about:blank HTTP/1.1" 404 1011
181.212.43.89 - - [03/Aug/2022:10:20:43 -0300] "GET /cormun/servlet/solicitudotadjuntos?INS,2022,19028,,1, HTTP/1.1" 200 6047
181.212.43.89 - - [03/Aug/2022:10:20:43 -0300] "GET /cormun/servlet/solicitudotadjuntos?cf3091ef4c8ce7b20f5b1bd74ae1d2e24b544e0e2c6834986d95eaf70a20feeea95e14c89caaf2cce10a90dde898994f,gx-no-cache=1659532027432 HTTP/1.1" 200 30
181.212.43.89 - - [03/Aug/2022:10:20:43 -0300] "POST /cormun/servlet/solicitudotadjuntos?7c082f634eb74a79c4cf365049763470,INS,2022,19028,,1,,gx-no-cache=1659532027450 HTTP/1.1" 200 3886
181.212.43.89 - - [03/Aug/2022:10:20:46 -0300] "POST /cormun/servlet/solicitudotadjuntos?gx-no-cache=1659532030136 HTTP/1.1" 200 26
190.171.143.82 - - [03/Aug/2022:10:20:46 -0300] "POST /cormun/servlet/hlogin?acfcd2d1f80e2ef34531ecd7410b144e,gx-no-cache=1659532030467 HTTP/1.1" 200 90
190.171.143.82 - - [03/Aug/2022:10:20:46 -0300] "GET /cormun/servlet/hpexe_link HTTP/1.1" 200 960
190.171.143.82 - - [03/Aug/2022:10:20:46 -0300] "GET /cormun/servlet/trpermisosgoce HTTP/1.1" 200 9749
190.171.143.82 - - [03/Aug/2022:10:20:48 -0300] "GET /cormun/servlet/trpermisosgoce HTTP/1.1" 200 9748
181.212.43.89 - - [03/Aug/2022:10:20:51 -0300] "GET /cormun/servlet/solicitudotadjuntos?cf3091ef4c8ce7b20f5b1bd74ae1d2e258324cccb5acfbaefb69c5b96a3b3fe6,gx-no-cache=1659532035560 HTTP/1.1" 200 30
181.212.43.89 - - [03/Aug/2022:10:20:51 -0300] "GET /cormun/servlet/solicitudotadjuntos?cf3091ef4c8ce7b20f5b1bd74ae1d2e258324cccb5acfbaefb69c5b96a3b3fe6,gx-no-cache=1659532035572 HTTP/1.1" 200 30
181.212.43.89 - - [03/Aug/2022:10:20:51 -0300] "POST /cormun/servlet/solicitudotadjuntos?7c082f634eb74a79c4cf365049763470,INS,2022,19028,,1, HTTP/1.1" 200 116
181.212.43.89 - - [03/Aug/2022:10:20:51 -0300] "GET /cormun/servlet/hpexe_return? HTTP/1.1" 200 1024
181.212.43.89 - - [03/Aug/2022:10:20:52 -0300] "GET /cormun/servlet/trsolicitudadjuntos?2022,19028, HTTP/1.1" 200 9351
181.212.43.89 - - [03/Aug/2022:10:20:52 -0300] "GET /cormun/servlet/trsolicitudadjuntos?2022,19028, HTTP/1.1" 200 9349
181.212.43.89 - - [03/Aug/2022:10:20:53 -0300] "GET /cormun/servlet/solicitudotadjuntos?INS,2022,19028,,1, HTTP/1.1" 200 6053
181.212.43.89 - - [03/Aug/2022:10:20:54 -0300] "GET /cormun/static/about:blank HTTP/1.1" 404 1011
181.212.43.89 - - [03/Aug/2022:10:20:54 -0300] "GET /cormun/servlet/solicitudotadjuntos?INS,2022,19028,,1, HTTP/1.1" 200 6047
181.212.43.89 - - [03/Aug/2022:10:20:54 -0300] "GET /cormun/servlet/solicitudotadjuntos?cf3091ef4c8ce7b20f5b1bd74ae1d2e24b544e0e2c6834986d95eaf70a20feeea95e14c89caaf2cce10a90dde898994f,gx-no-cache=1659532038391 HTTP/1.1" 200 30
181.212.43.89 - - [03/Aug/2022:10:20:54 -0300] "POST /cormun/servlet/solicitudotadjuntos?7c082f634eb74a79c4cf365049763470,INS,2022,19028,,1,,gx-no-cache=1659532038410 HTTP/1.1" 200 3886
190.171.143.82 - - [03/Aug/2022:10:20:54 -0300] "GET /cormun/servlet/trlicencias? HTTP/1.1" 200 11687
186.67.172.234 - - [03/Aug/2022:10:20:55 -0300] "GET /cormun/servlet/prbanco?,MD,,gxPopupLevel%3D0%3B HTTP/1.1" 200 6666
190.171.143.82 - - [03/Aug/2022:10:20:56 -0300] "GET /cormun/servlet/trlicencias? HTTP/1.1" 200 11686
181.212.43.89 - - [03/Aug/2022:10:20:57 -0300] "POST /cormun/servlet/solicitudotadjuntos?gx-no-cache=1659532041569 HTTP/1.1" 200 26
186.67.172.234 - - [03/Aug/2022:10:20:59 -0300] "GET /cormun/servlet/solicitudot?9599701ded8fc7437a2b38c7cf2618c099cbee09ad64836af537e66334071efb28dc7269b0fd90b64e561b6b53aea607205f565f2e57abb75d68f747fface3d3,gx-no-cache=1659532043372 HTTP/1.1" 200 30
186.67.172.234 - - [03/Aug/2022:10:21:00 -0300] "GET /cormun/servlet/solicitudot?9599701ded8fc7437a2b38c7cf2618c0bb5fd5e5bf2fa731575e6d9a9ce23ec1,gx-no-cache=1659532044558 HTTP/1.1" 200 53
190.171.143.82 - - [03/Aug/2022:10:21:01 -0300] "POST /cormun/servlet/trlicencias?acfcd2d1f80e2ef34531ecd7410b144e,,gx-no-cache=1659532045319 HTTP/1.1" 200 9160
181.212.43.89 - - [03/Aug/2022:10:21:04 -0300] "GET /cormun/servlet/solicitudotadjuntos?cf3091ef4c8ce7b20f5b1bd74ae1d2e258324cccb5acfbaefb69c5b96a3b3fe6,gx-no-cache=1659532047887 HTTP/1.1" 200 30
181.212.43.89 - - [03/Aug/2022:10:21:04 -0300] "GET /cormun/servlet/solicitudotadjuntos?cf3091ef4c8ce7b20f5b1bd74ae1d2e258324cccb5acfbaefb69c5b96a3b3fe6,gx-no-cache=1659532047902 HTTP/1.1" 200 30
181.212.43.89 - - [03/Aug/2022:10:21:04 -0300] "POST /cormun/servlet/solicitudotadjuntos?7c082f634eb74a79c4cf365049763470,INS,2022,19028,,1, HTTP/1.1" 200 116
181.212.43.89 - - [03/Aug/2022:10:21:04 -0300] "GET /cormun/servlet/hpexe_return? HTTP/1.1" 200 1024
181.212.43.89 - - [03/Aug/2022:10:21:05 -0300] "GET /cormun/servlet/trsolicitudadjuntos?2022,19028, HTTP/1.1" 200 9631
181.212.43.89 - - [03/Aug/2022:10:21:05 -0300] "GET /cormun/servlet/trsolicitudadjuntos?2022,19028, HTTP/1.1" 200 9629
181.212.43.89 - - [03/Aug/2022:10:21:07 -0300] "GET /cormun/servlet/solicitudotadjuntos?INS,2022,19028,,1, HTTP/1.1" 200 6053
181.212.43.89 - - [03/Aug/2022:10:21:07 -0300] "GET /cormun/static/about:blank HTTP/1.1" 404 1011
181.212.43.89 - - [03/Aug/2022:10:21:07 -0300] "GET /cormun/servlet/solicitudotadjuntos?INS,2022,19028,,1, HTTP/1.1" 200 6047
181.212.43.89 - - [03/Aug/2022:10:21:07 -0300] "GET /cormun/servlet/solicitudotadjuntos?cf3091ef4c8ce7b20f5b1bd74ae1d2e24b544e0e2c6834986d95eaf70a20feeea95e14c89caaf2cce10a90dde898994f,gx-no-cache=1659532051616 HTTP/1.1" 200 30
181.212.43.89 - - [03/Aug/2022:10:21:07 -0300] "POST /cormun/servlet/solicitudotadjuntos?7c082f634eb74a79c4cf365049763470,INS,2022,19028,,1,,gx-no-cache=1659532051634 HTTP/1.1" 200 3886
186.67.172.234 - - [03/Aug/2022:10:21:09 -0300] "POST /cormun/servlet/solicitudot?gx-no-cache=1659532053178 HTTP/1.1" 200 256
186.67.172.234 - - [03/Aug/2022:10:21:10 -0300] "GET /cormun/servlet/solicitudot?9599701ded8fc7437a2b38c7cf2618c08cd0f3bb0aff55ab2976310ce3ff17fdef957cb1a65c640807694d4ae14e3843b1d5ed98d6a430aaf18b87f29733a2373633770a2a352a9598a9688eb7c155e6af744036a5131d8e8ac5f79e00a2c57b373e440d52d79caf28f8d89b3e45386ba208a99317401fa3004f305714a493cda06f6f64b2d86d64d3bad2dbab262126b245c8accc634d907007a786551bcc9a464a80be686c7aac4aafa0440306dffd716c79f305d4c2046726ad2b4204b30b39fa76d39fb9cf9bc72a4815c5f0c0376bce8df4d11a96ab9f57596b1b84339a66063aa573850362a285cc3865423e2974f3c5a0ec84e4a185734ce88e180690b9e77ae37228e251f51ab7105a76bad898f57779d915d9e05264e8e4d411059f3fdaf98f86b9bf9096df248cc9d26d03524d9b2e0c0bce48c645db8a6b253319f1789b7e6070a7c2a411fb98a0c790c0ca79cf80b822b96a511a6de55e220de1d186172d0f48ac1ec98272303e32c101913f0252f66dc537dbba214a9f031202,gx-no-cache=1659532054310 HTTP/1.1" 200 30
181.212.43.89 - - [03/Aug/2022:10:21:10 -0300] "POST /cormun/servlet/solicitudotadjuntos?gx-no-cache=1659532054160 HTTP/1.1" 200 26
186.67.172.234 - - [03/Aug/2022:10:21:11 -0300] "POST /cormun/servlet/solicitudot?gx-no-cache=1659532055721 HTTP/1.1" 200 30
186.67.172.234 - - [03/Aug/2022:10:21:12 -0300] "POST /cormun/servlet/solicitudot?gx-no-cache=1659532056589 HTTP/1.1" 200 1466
186.67.172.234 - - [03/Aug/2022:10:21:12 -0300] "POST /cormun/servlet/solicitudot?gx-no-cache=1659532056638 HTTP/1.1" 200 38
181.212.43.89 - - [03/Aug/2022:10:21:15 -0300] "GET /cormun/servlet/solicitudotadjuntos?cf3091ef4c8ce7b20f5b1bd74ae1d2e258324cccb5acfbaefb69c5b96a3b3fe6,gx-no-cache=1659532058797 HTTP/1.1" 200 30
181.212.43.89 - - [03/Aug/2022:10:21:15 -0300] "GET /cormun/servlet/solicitudotadjuntos?cf3091ef4c8ce7b20f5b1bd74ae1d2e258324cccb5acfbaefb69c5b96a3b3fe6,gx-no-cache=1659532058810 HTTP/1.1" 200 30
181.212.43.89 - - [03/Aug/2022:10:21:15 -0300] "POST /cormun/servlet/solicitudotadjuntos?7c082f634eb74a79c4cf365049763470,INS,2022,19028,,1, HTTP/1.1" 200 116
181.212.43.89 - - [03/Aug/2022:10:21:15 -0300] "GET /cormun/servlet/hpexe_return? HTTP/1.1" 200 1024
181.212.43.89 - - [03/Aug/2022:10:21:15 -0300] "GET /cormun/servlet/trsolicitudadjuntos?2022,19028, HTTP/1.1" 200 9892
181.212.43.89 - - [03/Aug/2022:10:21:15 -0300] "GET /cormun/servlet/trsolicitudadjuntos?2022,19028, HTTP/1.1" 200 9886
181.212.43.89 - - [03/Aug/2022:10:21:17 -0300] "GET /cormun/servlet/solicitudotadjuntos?INS,2022,19028,,1, HTTP/1.1" 200 6053
181.212.43.89 - - [03/Aug/2022:10:21:17 -0300] "GET /cormun/static/about:blank HTTP/1.1" 404 1011
181.212.43.89 - - [03/Aug/2022:10:21:17 -0300] "GET /cormun/servlet/solicitudotadjuntos?INS,2022,19028,,1, HTTP/1.1" 200 6047
181.212.43.89 - - [03/Aug/2022:10:21:18 -0300] "GET /cormun/servlet/solicitudotadjuntos?cf3091ef4c8ce7b20f5b1bd74ae1d2e24b544e0e2c6834986d95eaf70a20feeea95e14c89caaf2cce10a90dde898994f,gx-no-cache=1659532062115 HTTP/1.1" 200 30
181.212.43.89 - - [03/Aug/2022:10:21:18 -0300] "POST /cormun/servlet/solicitudotadjuntos?7c082f634eb74a79c4cf365049763470,INS,2022,19028,,1,,gx-no-cache=1659532062135 HTTP/1.1" 200 3886
181.212.43.89 - - [03/Aug/2022:10:21:22 -0300] "POST /cormun/servlet/solicitudotadjuntos?gx-no-cache=1659532066401 HTTP/1.1" 200 26
181.212.43.89 - - [03/Aug/2022:10:21:27 -0300] "GET /cormun/servlet/solicitudotadjuntos?cf3091ef4c8ce7b20f5b1bd74ae1d2e258324cccb5acfbaefb69c5b96a3b3fe6,gx-no-cache=1659532071615 HTTP/1.1" 200 30
181.212.43.89 - - [03/Aug/2022:10:21:27 -0300] "GET /cormun/servlet/solicitudotadjuntos?cf3091ef4c8ce7b20f5b1bd74ae1d2e258324cccb5acfbaefb69c5b96a3b3fe6,gx-no-cache=1659532071629 HTTP/1.1" 200 30
181.212.43.89 - - [03/Aug/2022:10:21:27 -0300] "POST /cormun/servlet/solicitudotadjuntos?7c082f634eb74a79c4cf365049763470,INS,2022,19028,,1, HTTP/1.1" 200 116
181.212.43.89 - - [03/Aug/2022:10:21:28 -0300] "GET /cormun/servlet/hpexe_return? HTTP/1.1" 200 1024
181.212.43.89 - - [03/Aug/2022:10:21:28 -0300] "GET /cormun/servlet/trsolicitudadjuntos?2022,19028, HTTP/1.1" 200 10087
181.212.43.89 - - [03/Aug/2022:10:21:29 -0300] "GET /cormun/servlet/trsolicitudadjuntos?2022,19028, HTTP/1.1" 200 10090
181.212.43.89 - - [03/Aug/2022:10:21:31 -0300] "POST /cormun/servlet/trsolicitudadjuntos?7c082f634eb74a79c4cf365049763470,2022,19028,,gx-no-cache=1659532075165 HTTP/1.1" 200 90
