186.103.157.98 - - [27/Jul/2022:13:30:03 -0300] "GET /cormun/servlet/trsolicitudadjuntos?2022,18977, HTTP/1.1" 200 10119
186.103.157.98 - - [27/Jul/2022:13:30:05 -0300] "GET /cormun/servlet/solicitudotadjuntos?INS,2022,18977,,1, HTTP/1.1" 200 6283
186.103.157.98 - - [27/Jul/2022:13:30:06 -0300] "GET /cormun/static/about:blank HTTP/1.1" 404 1011
186.103.157.98 - - [27/Jul/2022:13:30:06 -0300] "GET /cormun/servlet/solicitudotadjuntos?INS,2022,18977,,1, HTTP/1.1" 200 6277
186.103.157.98 - - [27/Jul/2022:13:30:06 -0300] "GET /cormun/servlet/solicitudotadjuntos?3e79a01ab21e348b71d5668af7201091bb004ad67ad642325d83ceb6cb6240966551672042e642bb1e736f94f7c16945,gx-no-cache=1658938592856 HTTP/1.1" 200 30
186.103.157.98 - - [27/Jul/2022:13:30:06 -0300] "POST /cormun/servlet/solicitudotadjuntos?c28c0715c671a4ee15b04f50fb57b7db,INS,2022,18977,,1,,gx-no-cache=1658938592896 HTTP/1.1" 200 4195
186.103.157.98 - - [27/Jul/2022:13:30:09 -0300] "POST /cormun/servlet/solicitudotadjuntos?gx-no-cache=1658938595644 HTTP/1.1" 200 26
186.103.157.98 - - [27/Jul/2022:13:30:17 -0300] "GET /cormun/servlet/solicitudotadjuntos?3e79a01ab21e348b71d5668af7201091f141649eeb58223766225667964b32bf,gx-no-cache=1658938604001 HTTP/1.1" 200 30
186.103.157.98 - - [27/Jul/2022:13:30:17 -0300] "GET /cormun/servlet/solicitudotadjuntos?3e79a01ab21e348b71d5668af7201091f141649eeb58223766225667964b32bf,gx-no-cache=1658938604020 HTTP/1.1" 200 30
186.103.157.98 - - [27/Jul/2022:13:30:18 -0300] "POST /cormun/servlet/solicitudotadjuntos?c28c0715c671a4ee15b04f50fb57b7db,INS,2022,18977,,1, HTTP/1.1" 200 116
186.103.157.98 - - [27/Jul/2022:13:30:18 -0300] "GET /cormun/servlet/hpexe_return? HTTP/1.1" 200 1030
186.103.157.98 - - [27/Jul/2022:13:30:19 -0300] "GET /cormun/servlet/trsolicitudadjuntos?2022,18977, HTTP/1.1" 200 10287
186.103.157.98 - - [27/Jul/2022:13:30:19 -0300] "GET /cormun/servlet/trsolicitudadjuntos?2022,18977, HTTP/1.1" 200 10286
186.103.157.98 - - [27/Jul/2022:13:30:29 -0300] "GET /cormun/servlet/solicitudotadjuntos?INS,2022,18977,,2, HTTP/1.1" 200 6281
186.103.157.98 - - [27/Jul/2022:13:30:29 -0300] "GET /cormun/static/about:blank HTTP/1.1" 404 1011
186.103.157.98 - - [27/Jul/2022:13:30:29 -0300] "GET /cormun/servlet/solicitudotadjuntos?INS,2022,18977,,2, HTTP/1.1" 200 6274
186.103.157.98 - - [27/Jul/2022:13:30:30 -0300] "GET /cormun/servlet/solicitudotadjuntos?3e79a01ab21e348b71d5668af7201091bb004ad67ad642325d83ceb6cb6240966551672042e642bb1e736f94f7c16945,gx-no-cache=1658938616424 HTTP/1.1" 200 30
186.103.157.98 - - [27/Jul/2022:13:30:30 -0300] "POST /cormun/servlet/solicitudotadjuntos?c28c0715c671a4ee15b04f50fb57b7db,INS,2022,18977,,2,,gx-no-cache=1658938616459 HTTP/1.1" 200 4334
186.103.157.98 - - [27/Jul/2022:13:30:35 -0300] "POST /cormun/servlet/solicitudotadjuntos?gx-no-cache=1658938622101 HTTP/1.1" 200 26
192.168.10.17 - - [27/Jul/2022:13:30:39 -0300] "GET /cormun/servlet/vesolicitudgral?2022,18970,,SolicitudOTAdjuntos HTTP/1.1" 200 10714
192.168.10.17 - - [27/Jul/2022:13:30:39 -0300] "GET /cormun/servlet/vesolicitudgral?2022,18970,,SolicitudOTAdjuntos HTTP/1.1" 200 10715
192.168.10.17 - - [27/Jul/2022:13:30:40 -0300] "POST /cormun/servlet/acontrolpreferencessavestate?None,RRHH+DANIELA,true HTTP/1.1" 200 35
186.103.157.98 - - [27/Jul/2022:13:30:43 -0300] "GET /cormun/servlet/solicitudotadjuntos?3e79a01ab21e348b71d5668af7201091f141649eeb58223766225667964b32bf,gx-no-cache=1658938630010 HTTP/1.1" 200 30
186.103.157.98 - - [27/Jul/2022:13:30:43 -0300] "GET /cormun/servlet/solicitudotadjuntos?3e79a01ab21e348b71d5668af7201091f141649eeb58223766225667964b32bf,gx-no-cache=1658938630026 HTTP/1.1" 200 30
186.103.157.98 - - [27/Jul/2022:13:30:44 -0300] "POST /cormun/servlet/solicitudotadjuntos?c28c0715c671a4ee15b04f50fb57b7db,INS,2022,18977,,2, HTTP/1.1" 200 116
186.103.157.98 - - [27/Jul/2022:13:30:44 -0300] "GET /cormun/servlet/hpexe_return? HTTP/1.1" 200 1030
186.103.157.98 - - [27/Jul/2022:13:30:44 -0300] "GET /cormun/servlet/trsolicitudadjuntos?2022,18977, HTTP/1.1" 200 10436
186.103.157.98 - - [27/Jul/2022:13:30:45 -0300] "GET /cormun/servlet/trsolicitudadjuntos?2022,18977, HTTP/1.1" 200 10433
190.171.141.90 - - [27/Jul/2022:13:31:10 -0300] "POST /cormun/servlet/permisosadjuntos?f04671cdaaafb3e2dc2f876b539354d3,INS,7447504,P,20220727120656,, HTTP/1.1" 200 116
190.171.141.90 - - [27/Jul/2022:13:31:10 -0300] "GET /cormun/servlet/hpexe_return? HTTP/1.1" 200 1042
190.171.141.90 - - [27/Jul/2022:13:31:10 -0300] "GET /cormun/servlet/trpermisosadjuntos?7447504,20220727120656,P, HTTP/1.1" 200 6803
190.171.141.90 - - [27/Jul/2022:13:31:10 -0300] "GET /cormun/servlet/trpermisosadjuntos?7447504,20220727120656,P, HTTP/1.1" 200 6800
190.171.141.90 - - [27/Jul/2022:13:31:24 -0300] "GET /cormun/servlet/trlicencias? HTTP/1.1" 200 12637
190.171.141.90 - - [27/Jul/2022:13:31:24 -0300] "GET /cormun/servlet/trlicencias? HTTP/1.1" 200 12617
192.168.10.17 - - [27/Jul/2022:13:31:28 -0300] "GET /cormun/servlet/vesolicitudgral?2022,18970,,General HTTP/1.1" 200 8251
192.168.10.17 - - [27/Jul/2022:13:31:28 -0300] "GET /cormun/pexe_scrolldiv.js HTTP/1.1" 404 1009
192.168.10.17 - - [27/Jul/2022:13:31:29 -0300] "GET /cormun/servlet/vesolicitudgral?2022,18970,,General HTTP/1.1" 200 8251
186.103.157.98 - - [27/Jul/2022:13:31:50 -0300] "GET /cormun/servlet/trsolicitudot? HTTP/1.1" 200 9433
186.103.157.98 - - [27/Jul/2022:13:31:50 -0300] "GET /cormun/servlet/trsolicitudot? HTTP/1.1" 200 9426
186.103.157.98 - - [27/Jul/2022:13:32:02 -0300] "POST /cormun/servlet/trsolicitudot?c28c0715c671a4ee15b04f50fb57b7db,,gx-no-cache=1658938708163 HTTP/1.1" 200 6033
186.103.157.98 - - [27/Jul/2022:13:32:02 -0300] "GET /cormun/static/Shared/jqueryui/images/ui-bg_highlight-soft_100_c6c2c8_1x100.png HTTP/1.1" 404 1117
186.103.157.98 - - [27/Jul/2022:13:32:02 -0300] "GET /cormun/static/Shared/jqueryui/images/ui-icons_82798d_256x240.png HTTP/1.1" 404 1089
186.103.157.98 - - [27/Jul/2022:13:32:02 -0300] "GET /cormun/static/Shared/jqueryui/images/ui-icons_8d78a5_256x240.png HTTP/1.1" 404 1089
186.103.157.98 - - [27/Jul/2022:13:32:02 -0300] "GET /cormun/static/Shared/jqueryui/images/ui-bg_flat_55_fafafa_40x100.png HTTP/1.1" 404 1097
186.103.157.98 - - [27/Jul/2022:13:32:02 -0300] "POST /cormun/servlet/trsolicitudot?c28c0715c671a4ee15b04f50fb57b7db,,gx-no-cache=1658938708436 HTTP/1.1" 200 5978
186.103.157.98 - - [27/Jul/2022:13:32:09 -0300] "POST /cormun/servlet/trsolicitudot?c28c0715c671a4ee15b04f50fb57b7db,,gx-no-cache=1658938715562 HTTP/1.1" 200 4864
186.103.157.98 - - [27/Jul/2022:13:32:09 -0300] "POST /cormun/servlet/trsolicitudot?c28c0715c671a4ee15b04f50fb57b7db,,gx-no-cache=1658938715880 HTTP/1.1" 200 4633
186.103.157.98 - - [27/Jul/2022:13:32:26 -0300] "GET /cormun/servlet/hlogin HTTP/1.1" 200 1747
190.171.141.90 - - [27/Jul/2022:13:32:37 -0300] "GET /cormun/servlet/trpermisosgoce? HTTP/1.1" 200 11961
190.171.141.90 - - [27/Jul/2022:13:32:37 -0300] "GET /cormun/servlet/trpermisosgoce? HTTP/1.1" 200 11961
190.171.141.90 - - [27/Jul/2022:13:32:43 -0300] "POST /cormun/servlet/trpermisosgoce?f04671cdaaafb3e2dc2f876b539354d3,,gx-no-cache=1658938747771 HTTP/1.1" 200 9158
190.171.141.90 - - [27/Jul/2022:13:32:43 -0300] "GET /cormun/static/Shared/jqueryui/images/ui-icons_82798d_256x240.png HTTP/1.1" 404 1089
190.171.141.90 - - [27/Jul/2022:13:32:43 -0300] "GET /cormun/static/Shared/jqueryui/images/ui-bg_highlight-soft_100_c6c2c8_1x100.png HTTP/1.1" 404 1117
190.171.141.90 - - [27/Jul/2022:13:32:43 -0300] "GET /cormun/static/Shared/jqueryui/images/ui-icons_8d78a5_256x240.png HTTP/1.1" 404 1089
190.171.141.90 - - [27/Jul/2022:13:32:43 -0300] "GET /cormun/static/Shared/jqueryui/images/ui-bg_flat_55_fafafa_40x100.png HTTP/1.1" 404 1097
190.171.141.90 - - [27/Jul/2022:13:32:46 -0300] "GET /cormun/servlet/apermisogoceprn?7447504,P,20220727120656,PU HTTP/1.1" 200 1657
190.171.141.90 - - [27/Jul/2022:13:34:00 -0300] "GET /cormun/servlet/permisogoce?INS,0,,, HTTP/1.1" 200 6838
190.171.141.90 - - [27/Jul/2022:13:34:00 -0300] "GET /cormun/servlet/permisogoce?INS,0,,, HTTP/1.1" 200 6837
192.168.10.17 - - [27/Jul/2022:13:34:03 -0300] "GET /cormun/servlet/trsolicitudgral? HTTP/1.1" 200 16316
192.168.10.17 - - [27/Jul/2022:13:34:03 -0300] "GET /cormun/servlet/trsolicitudgral? HTTP/1.1" 200 16309
190.171.141.90 - - [27/Jul/2022:13:34:05 -0300] "GET /cormun/servlet/prfichaempleado?,MD,,gxPopupLevel%3D0%3B HTTP/1.1" 200 9274
190.171.141.90 - - [27/Jul/2022:13:34:10 -0300] "POST /cormun/servlet/prfichaempleado?f04671cdaaafb3e2dc2f876b539354d3,,MD,,gxPopupLevel%3D0%3B,gx-no-cache=1658938835531 HTTP/1.1" 200 5764
192.168.10.17 - - [27/Jul/2022:13:34:11 -0300] "POST /cormun/servlet/trsolicitudgral?d127ef873836dfce95f3bb0c32587065,,gx-no-cache=1658938661140 HTTP/1.1" 200 9265
190.171.141.90 - - [27/Jul/2022:13:34:18 -0300] "POST /cormun/servlet/prfichaempleado?f04671cdaaafb3e2dc2f876b539354d3,,MD,,gxPopupLevel%3D0%3B,gx-no-cache=1658938843530 HTTP/1.1" 200 3413
190.171.141.90 - - [27/Jul/2022:13:34:22 -0300] "GET /cormun/servlet/permisogoce?a3a75b28dcf6fefac20a47e0736a3fb44da3c3132f862c68d5ff654a3e79ff47d1a2c8c00690be57eedeff8757e733c780a7c6890277e1983e2271edbf6b5f07,gx-no-cache=1658938847196 HTTP/1.1" 200 90
181.162.174.245 - - [27/Jul/2022:13:34:26 -0300] "ü'åmÙ+ó¡=b¡+oj1õ¦ƒj r^K—BÛÒ xë’û¢‚sÞËØD¿ëoS@{–˜÷wAsÇA5 JJÀ+À/À,À0̨̩ÀÀœ/5“ŠŠservicios.cormun.clÿ" 505 -
192.168.10.17 - - [27/Jul/2022:13:34:27 -0300] "GET /cormun/servlet/vesolicitudgral?2022,18951,, HTTP/1.1" 200 8246
192.168.10.17 - - [27/Jul/2022:13:34:28 -0300] "GET /cormun/pexe_scrolldiv.js HTTP/1.1" 404 1009
192.168.10.17 - - [27/Jul/2022:13:34:28 -0300] "GET /cormun/servlet/vesolicitudgral?2022,18951,, HTTP/1.1" 200 8245
190.171.141.90 - - [27/Jul/2022:13:34:33 -0300] "GET /cormun/servlet/permisogoce?a3a75b28dcf6fefac20a47e0736a3fb484e8274780ca25027caf22a8fffe853ee20ce14c9894c677398af0db75bd13413d262f09c8cd0e725fc1d3f2287990f5,gx-no-cache=1658938858211 HTTP/1.1" 200 49
190.171.141.90 - - [27/Jul/2022:13:34:35 -0300] "POST /cormun/servlet/permisogoce?f04671cdaaafb3e2dc2f876b539354d3,INS,0,,,,gx-no-cache=1658938860313 HTTP/1.1" 200 93
190.171.141.90 - - [27/Jul/2022:13:34:35 -0300] "GET /cormun/servlet/hpexe_return? HTTP/1.1" 200 1015
190.171.141.90 - - [27/Jul/2022:13:34:36 -0300] "GET /cormun/servlet/trpermisosgoce? HTTP/1.1" 200 12200
190.171.141.90 - - [27/Jul/2022:13:34:36 -0300] "GET /cormun/servlet/trpermisosgoce? HTTP/1.1" 200 12218
190.171.141.90 - - [27/Jul/2022:13:35:34 -0300] "GET /cormun/servlet/trpermisosadjuntos?10045824,20220727121729,P, HTTP/1.1" 200 6307
190.171.141.90 - - [27/Jul/2022:13:35:34 -0300] "GET /cormun/servlet/trpermisosadjuntos?10045824,20220727121729,P, HTTP/1.1" 200 6307
190.171.141.90 - - [27/Jul/2022:13:35:36 -0300] "GET /cormun/servlet/permisosadjuntos?INS,10045824,P,20220727121729,, HTTP/1.1" 200 5626
190.171.141.90 - - [27/Jul/2022:13:35:36 -0300] "GET /cormun/static/about:blank HTTP/1.1" 404 1011
190.171.141.90 - - [27/Jul/2022:13:35:36 -0300] "GET /cormun/servlet/permisosadjuntos?INS,10045824,P,20220727121729,, HTTP/1.1" 200 5616
190.171.141.90 - - [27/Jul/2022:13:35:44 -0300] "POST /cormun/servlet/permisosadjuntos?f04671cdaaafb3e2dc2f876b539354d3,INS,10045824,P,20220727121729,, HTTP/1.1" 200 116
190.171.141.90 - - [27/Jul/2022:13:35:44 -0300] "GET /cormun/servlet/hpexe_return? HTTP/1.1" 200 1043
190.171.141.90 - - [27/Jul/2022:13:35:45 -0300] "GET /cormun/servlet/trpermisosadjuntos?10045824,20220727121729,P, HTTP/1.1" 200 6800
190.171.141.90 - - [27/Jul/2022:13:35:45 -0300] "GET /cormun/servlet/trpermisosadjuntos?10045824,20220727121729,P, HTTP/1.1" 200 6797
190.171.142.10 - - [27/Jul/2022:13:35:48 -0300] "GET /cormun/servlet/hlogin HTTP/1.1" 200 1729
190.171.142.10 - - [27/Jul/2022:13:35:48 -0300] "GET /cormun/servlet/hlogin HTTP/1.1" 200 1740
190.171.141.90 - - [27/Jul/2022:13:35:50 -0300] "POST /cormun/servlet/trpermisosadjuntos?f04671cdaaafb3e2dc2f876b539354d3,10045824,20220727121729,P,,gx-no-cache=1658938935594 HTTP/1.1" 200 90
190.171.141.90 - - [27/Jul/2022:13:35:50 -0300] "GET /cormun/servlet/hpexe_link HTTP/1.1" 200 988
157.55.39.32 - - [27/Jul/2022:13:35:51 -0300] "GET /cormun/servlet/hhome HTTP/1.1" 200 3313
190.171.141.90 - - [27/Jul/2022:13:35:51 -0300] "GET /cormun/servlet/trpermisosgoce HTTP/1.1" 200 12197
190.171.142.10 - - [27/Jul/2022:13:35:51 -0300] "POST /cormun/servlet/hlogin?394267dcd84c2e0c9781c435e660b6d0,gx-no-cache=1658938937736 HTTP/1.1" 200 90
190.171.142.10 - - [27/Jul/2022:13:35:51 -0300] "GET /cormun/servlet/hpexe_link HTTP/1.1" 200 953
190.171.141.90 - - [27/Jul/2022:13:35:51 -0300] "GET /cormun/servlet/trpermisosgoce HTTP/1.1" 200 12195
190.171.142.10 - - [27/Jul/2022:13:35:51 -0300] "GET /cormun/servlet/hhome HTTP/1.1" 200 4123
190.171.142.10 - - [27/Jul/2022:13:35:52 -0300] "GET /cormun/servlet/hhome HTTP/1.1" 200 4120
190.171.141.90 - - [27/Jul/2022:13:35:56 -0300] "POST /cormun/servlet/trpermisosgoce?f04671cdaaafb3e2dc2f876b539354d3,gx-no-cache=1658938940918 HTTP/1.1" 200 9391
190.171.141.90 - - [27/Jul/2022:13:35:56 -0300] "GET /cormun/static/Shared/jqueryui/images/ui-bg_highlight-soft_100_c6c2c8_1x100.png HTTP/1.1" 404 1117
190.171.141.90 - - [27/Jul/2022:13:35:56 -0300] "GET /cormun/static/Shared/jqueryui/images/ui-icons_82798d_256x240.png HTTP/1.1" 404 1089
190.171.141.90 - - [27/Jul/2022:13:35:56 -0300] "GET /cormun/static/Shared/jqueryui/images/ui-bg_flat_55_fafafa_40x100.png HTTP/1.1" 404 1097
190.171.141.90 - - [27/Jul/2022:13:35:56 -0300] "GET /cormun/static/Shared/jqueryui/images/ui-icons_8d78a5_256x240.png HTTP/1.1" 404 1089
190.171.141.90 - - [27/Jul/2022:13:36:30 -0300] "GET /cormun/servlet/permisogoce?INS,0,,, HTTP/1.1" 200 6838
190.171.141.90 - - [27/Jul/2022:13:36:30 -0300] "GET /cormun/servlet/permisogoce?INS,0,,, HTTP/1.1" 200 6838
190.171.141.90 - - [27/Jul/2022:13:36:36 -0300] "GET /cormun/servlet/prfichaempleado?,MD,,gxPopupLevel%3D0%3B HTTP/1.1" 200 9274
190.171.141.90 - - [27/Jul/2022:13:36:45 -0300] "POST /cormun/servlet/prfichaempleado?f04671cdaaafb3e2dc2f876b539354d3,,MD,,gxPopupLevel%3D0%3B,gx-no-cache=1658938989859 HTTP/1.1" 200 5995
190.171.141.90 - - [27/Jul/2022:13:36:49 -0300] "GET /cormun/servlet/permisogoce?a3a75b28dcf6fefac20a47e0736a3fb48ad91568d41704abf33c38429235a3d5d1a2c8c00690be57eedeff8757e733c780a7c6890277e1983e2271edbf6b5f07,gx-no-cache=1658938994644 HTTP/1.1" 200 83
190.171.141.90 - - [27/Jul/2022:13:37:00 -0300] "GET /cormun/servlet/permisogoce?a3a75b28dcf6fefac20a47e0736a3fb48fd0fc29e4f05df7116ec6ec4be0370042d1e588dc5dac07f28caff5751593cd3d262f09c8cd0e725fc1d3f2287990f5,gx-no-cache=1658939005245 HTTP/1.1" 200 47
190.171.141.90 - - [27/Jul/2022:13:37:04 -0300] "POST /cormun/servlet/permisogoce?f04671cdaaafb3e2dc2f876b539354d3,INS,0,,,,gx-no-cache=1658939009303 HTTP/1.1" 200 93
190.171.141.90 - - [27/Jul/2022:13:37:04 -0300] "GET /cormun/servlet/hpexe_return? HTTP/1.1" 200 1036
190.171.141.90 - - [27/Jul/2022:13:37:05 -0300] "GET /cormun/servlet/trpermisosgoce?gx-no-cache=1658938940918 HTTP/1.1" 200 12553
190.171.141.90 - - [27/Jul/2022:13:37:05 -0300] "GET /cormun/servlet/trpermisosgoce?gx-no-cache=1658938940918 HTTP/1.1" 200 12570
190.171.141.90 - - [27/Jul/2022:13:37:48 -0300] "GET /cormun/servlet/trpermisosadjuntos?10049006,20220727121959,P, HTTP/1.1" 200 6327
190.171.141.90 - - [27/Jul/2022:13:37:48 -0300] "GET /cormun/servlet/trpermisosadjuntos?10049006,20220727121959,P, HTTP/1.1" 200 6306
192.168.10.17 - - [27/Jul/2022:13:37:50 -0300] "GET /cormun/servlet/trsolicitudgral? HTTP/1.1" 200 11846
192.168.10.17 - - [27/Jul/2022:13:37:50 -0300] "GET /cormun/servlet/trsolicitudgral? HTTP/1.1" 200 11842
190.171.141.90 - - [27/Jul/2022:13:37:51 -0300] "GET /cormun/servlet/permisosadjuntos?INS,10049006,P,20220727121959,, HTTP/1.1" 200 5626
190.171.141.90 - - [27/Jul/2022:13:37:51 -0300] "GET /cormun/static/about:blank HTTP/1.1" 404 1011
190.171.141.90 - - [27/Jul/2022:13:37:51 -0300] "GET /cormun/servlet/permisosadjuntos?INS,10049006,P,20220727121959,, HTTP/1.1" 200 5616
192.168.10.17 - - [27/Jul/2022:13:38:07 -0300] "GET /cormun/servlet/vesolicitudgral?2022,18952,, HTTP/1.1" 200 8229
192.168.10.17 - - [27/Jul/2022:13:38:07 -0300] "GET /cormun/pexe_scrolldiv.js HTTP/1.1" 404 1009
190.171.141.90 - - [27/Jul/2022:13:38:07 -0300] "POST /cormun/servlet/permisosadjuntos?f04671cdaaafb3e2dc2f876b539354d3,INS,10049006,P,20220727121959,, HTTP/1.1" 200 116
190.171.141.90 - - [27/Jul/2022:13:38:07 -0300] "GET /cormun/servlet/hpexe_return? HTTP/1.1" 200 1043
192.168.10.17 - - [27/Jul/2022:13:38:07 -0300] "GET /cormun/servlet/vesolicitudgral?2022,18952,, HTTP/1.1" 200 8228
190.171.141.90 - - [27/Jul/2022:13:38:08 -0300] "GET /cormun/servlet/trpermisosadjuntos?10049006,20220727121959,P, HTTP/1.1" 200 6787
190.171.141.90 - - [27/Jul/2022:13:38:08 -0300] "GET /cormun/servlet/trpermisosadjuntos?10049006,20220727121959,P, HTTP/1.1" 200 6783
190.171.141.90 - - [27/Jul/2022:13:38:12 -0300] "POST /cormun/servlet/trpermisosadjuntos?f04671cdaaafb3e2dc2f876b539354d3,10049006,20220727121959,P,,gx-no-cache=1658939077371 HTTP/1.1" 200 90
190.171.141.90 - - [27/Jul/2022:13:38:12 -0300] "GET /cormun/servlet/hpexe_link HTTP/1.1" 200 1010
190.171.141.90 - - [27/Jul/2022:13:38:12 -0300] "GET /cormun/servlet/trpermisosgoce?gx-no-cache=1658938940918 HTTP/1.1" 200 12550
190.171.141.90 - - [27/Jul/2022:13:38:13 -0300] "GET /cormun/servlet/trpermisosgoce?gx-no-cache=1658938940918 HTTP/1.1" 200 12483
190.171.142.10 - - [27/Jul/2022:13:38:15 -0300] "GET /cormun/servlet/trlicencias? HTTP/1.1" 200 12240
190.171.142.10 - - [27/Jul/2022:13:38:16 -0300] "GET /cormun/servlet/trlicencias? HTTP/1.1" 200 12237
190.171.141.90 - - [27/Jul/2022:13:38:20 -0300] "POST /cormun/servlet/trpermisosgoce?f04671cdaaafb3e2dc2f876b539354d3,gx-no-cache=1658938940918,gx-no-cache=1658939085341 HTTP/1.1" 200 9611
190.171.141.90 - - [27/Jul/2022:13:38:21 -0300] "GET /cormun/static/Shared/jqueryui/images/ui-bg_highlight-soft_100_c6c2c8_1x100.png HTTP/1.1" 404 1117
190.171.141.90 - - [27/Jul/2022:13:38:21 -0300] "GET /cormun/static/Shared/jqueryui/images/ui-icons_82798d_256x240.png HTTP/1.1" 404 1089
190.171.141.90 - - [27/Jul/2022:13:38:21 -0300] "GET /cormun/static/Shared/jqueryui/images/ui-icons_8d78a5_256x240.png HTTP/1.1" 404 1089
190.171.141.90 - - [27/Jul/2022:13:38:21 -0300] "GET /cormun/static/Shared/jqueryui/images/ui-bg_flat_55_fafafa_40x100.png HTTP/1.1" 404 1097
190.171.142.10 - - [27/Jul/2022:13:38:54 -0300] "GET /cormun/servlet/hlogin HTTP/1.1" 200 1727
190.171.142.10 - - [27/Jul/2022:13:38:58 -0300] "POST /cormun/servlet/hlogin?4b44fab2a8d16a56ccced7186cc9157d,gx-no-cache=1658939125058 HTTP/1.1" 200 90
190.171.142.10 - - [27/Jul/2022:13:38:59 -0300] "GET /cormun/servlet/hpexe_link HTTP/1.1" 200 953
190.171.142.10 - - [27/Jul/2022:13:38:59 -0300] "GET /cormun/servlet/hhome HTTP/1.1" 200 4125
190.171.142.10 - - [27/Jul/2022:13:38:59 -0300] "GET /cormun/servlet/hhome HTTP/1.1" 200 4123
190.171.142.10 - - [27/Jul/2022:13:39:02 -0300] "GET /cormun/servlet/trlicencias? HTTP/1.1" 200 12241
190.171.142.10 - - [27/Jul/2022:13:39:02 -0300] "GET /cormun/servlet/trlicencias? HTTP/1.1" 200 12238
192.168.10.17 - - [27/Jul/2022:13:39:10 -0300] "GET /cormun/servlet/trsolicitudgral? HTTP/1.1" 200 11843
192.168.10.17 - - [27/Jul/2022:13:39:10 -0300] "GET /cormun/servlet/trsolicitudgral? HTTP/1.1" 200 11842
190.171.141.90 - - [27/Jul/2022:13:39:16 -0300] "GET /cormun/servlet/trpermisosgoce? HTTP/1.1" 200 12476
190.171.141.90 - - [27/Jul/2022:13:39:16 -0300] "GET /cormun/servlet/trpermisosgoce? HTTP/1.1" 200 12454
190.171.141.90 - - [27/Jul/2022:13:39:18 -0300] "GET /cormun/servlet/permisogoce?INS,0,,, HTTP/1.1" 200 6838
190.171.141.90 - - [27/Jul/2022:13:39:19 -0300] "GET /cormun/servlet/permisogoce?INS,0,,, HTTP/1.1" 200 6838
190.171.141.90 - - [27/Jul/2022:13:39:22 -0300] "GET /cormun/servlet/prfichaempleado?,MD,,gxPopupLevel%3D0%3B HTTP/1.1" 200 9274
181.42.48.29 - - [27/Jul/2022:13:39:26 -0300] "GET /cormun/servlet/hlogin HTTP/1.1" 200 1721
181.42.48.29 - - [27/Jul/2022:13:39:26 -0300] "GET /cormun/servlet/hlogin HTTP/1.1" 200 1731
181.42.48.29 - - [27/Jul/2022:13:39:29 -0300] "POST /cormun/servlet/hlogin?d5f67b076716931acc7ac211e9849b5b,gx-no-cache=1658939154592 HTTP/1.1" 200 90
181.42.48.29 - - [27/Jul/2022:13:39:29 -0300] "GET /cormun/servlet/hpexe_link HTTP/1.1" 200 948
181.42.48.29 - - [27/Jul/2022:13:39:30 -0300] "GET /cormun/servlet/hhome HTTP/1.1" 200 4223
181.42.48.29 - - [27/Jul/2022:13:39:30 -0300] "GET /cormun/static/gxcfg.js?20201215495537 HTTP/1.1" 200 953
181.42.48.29 - - [27/Jul/2022:13:39:30 -0300] "GET /cormun/static/hhome.js?20201215495544 HTTP/1.1" 200 777
181.42.48.29 - - [27/Jul/2022:13:39:30 -0300] "GET /cormun/servlet/hhome HTTP/1.1" 200 4221
190.171.141.90 - - [27/Jul/2022:13:39:32 -0300] "POST /cormun/servlet/prfichaempleado?f04671cdaaafb3e2dc2f876b539354d3,,MD,,gxPopupLevel%3D0%3B,gx-no-cache=1658939156866 HTTP/1.1" 200 3409
181.42.48.29 - - [27/Jul/2022:13:39:35 -0300] "GET /cormun/servlet/trlicencias? HTTP/1.1" 200 9688
190.171.141.90 - - [27/Jul/2022:13:39:35 -0300] "GET /cormun/servlet/permisogoce?a3a75b28dcf6fefac20a47e0736a3fb405152e7a877b6d0ef6480b3fc734b380d1a2c8c00690be57eedeff8757e733c780a7c6890277e1983e2271edbf6b5f07,gx-no-cache=1658939160562 HTTP/1.1" 200 83
190.171.141.90 - - [27/Jul/2022:13:39:35 -0300] "GET /cormun/static/menuarrow.gif HTTP/1.1" 404 1015
181.42.48.29 - - [27/Jul/2022:13:39:36 -0300] "GET /cormun/servlet/trlicencias? HTTP/1.1" 200 9686
190.171.141.90 - - [27/Jul/2022:13:39:43 -0300] "GET /cormun/servlet/permisogoce?a3a75b28dcf6fefac20a47e0736a3fb47eb76478777da482e16011a906746a0e340f176371c11ac3fae9d4f35ddef597501547cc662ca7f783bce21f71499678,gx-no-cache=1658939168401 HTTP/1.1" 200 47
190.171.141.90 - - [27/Jul/2022:13:39:50 -0300] "POST /cormun/servlet/permisogoce?f04671cdaaafb3e2dc2f876b539354d3,INS,0,,,,gx-no-cache=1658939174389 HTTP/1.1" 200 93
190.171.141.90 - - [27/Jul/2022:13:39:50 -0300] "GET /cormun/servlet/hpexe_return? HTTP/1.1" 200 1014
190.171.141.90 - - [27/Jul/2022:13:39:51 -0300] "GET /cormun/servlet/trpermisosgoce HTTP/1.1" 200 12784
190.171.141.90 - - [27/Jul/2022:13:39:51 -0300] "GET /cormun/servlet/trpermisosgoce HTTP/1.1" 200 12747
190.171.141.90 - - [27/Jul/2022:13:40:36 -0300] "GET /cormun/servlet/trpermisosadjuntos?10259679,20220727122248,P, HTTP/1.1" 200 6302
190.171.141.90 - - [27/Jul/2022:13:40:37 -0300] "GET /cormun/servlet/trpermisosadjuntos?10259679,20220727122248,P, HTTP/1.1" 200 6303
190.171.141.90 - - [27/Jul/2022:13:40:40 -0300] "GET /cormun/servlet/permisosadjuntos?INS,10259679,P,20220727122248,, HTTP/1.1" 200 5621
190.171.141.90 - - [27/Jul/2022:13:40:40 -0300] "GET /cormun/static/about:blank HTTP/1.1" 404 1011
190.171.141.90 - - [27/Jul/2022:13:40:40 -0300] "GET /cormun/servlet/permisosadjuntos?INS,10259679,P,20220727122248,, HTTP/1.1" 200 5610
190.171.141.90 - - [27/Jul/2022:13:40:58 -0300] "POST /cormun/servlet/permisosadjuntos?f04671cdaaafb3e2dc2f876b539354d3,INS,10259679,P,20220727122248,, HTTP/1.1" 200 116
190.171.141.90 - - [27/Jul/2022:13:40:58 -0300] "GET /cormun/servlet/hpexe_return? HTTP/1.1" 200 1042
190.171.141.90 - - [27/Jul/2022:13:40:58 -0300] "GET /cormun/servlet/trpermisosadjuntos?10259679,20220727122248,P, HTTP/1.1" 200 6784
190.171.141.90 - - [27/Jul/2022:13:40:58 -0300] "GET /cormun/servlet/trpermisosadjuntos?10259679,20220727122248,P, HTTP/1.1" 200 6781
190.171.141.90 - - [27/Jul/2022:13:41:01 -0300] "POST /cormun/servlet/trpermisosadjuntos?f04671cdaaafb3e2dc2f876b539354d3,10259679,20220727122248,P,,gx-no-cache=1658939246163 HTTP/1.1" 200 90
190.171.141.90 - - [27/Jul/2022:13:41:01 -0300] "GET /cormun/servlet/hpexe_link HTTP/1.1" 200 988
190.171.141.90 - - [27/Jul/2022:13:41:02 -0300] "GET /cormun/servlet/trpermisosgoce HTTP/1.1" 200 12707
190.171.141.90 - - [27/Jul/2022:13:41:02 -0300] "GET /cormun/servlet/trpermisosgoce HTTP/1.1" 200 12747
192.168.10.17 - - [27/Jul/2022:13:41:04 -0300] "GET /cormun/servlet/vesolicitudgral?2022,18966,, HTTP/1.1" 200 8279
192.168.10.17 - - [27/Jul/2022:13:41:04 -0300] "GET /cormun/pexe_scrolldiv.js HTTP/1.1" 404 1009
192.168.10.17 - - [27/Jul/2022:13:41:04 -0300] "GET /cormun/servlet/vesolicitudgral?2022,18966,, HTTP/1.1" 200 8278
190.171.141.90 - - [27/Jul/2022:13:41:05 -0300] "POST /cormun/servlet/trpermisosgoce?f04671cdaaafb3e2dc2f876b539354d3,gx-no-cache=1658939249476 HTTP/1.1" 200 9903
190.171.141.90 - - [27/Jul/2022:13:41:05 -0300] "GET /cormun/static/Shared/jqueryui/images/ui-icons_82798d_256x240.png HTTP/1.1" 404 1089
190.171.141.90 - - [27/Jul/2022:13:41:05 -0300] "GET /cormun/static/Shared/jqueryui/images/ui-bg_highlight-soft_100_c6c2c8_1x100.png HTTP/1.1" 404 1117
190.171.141.90 - - [27/Jul/2022:13:41:05 -0300] "GET /cormun/static/Shared/jqueryui/images/ui-bg_flat_55_fafafa_40x100.png HTTP/1.1" 404 1097
190.171.141.90 - - [27/Jul/2022:13:41:05 -0300] "GET /cormun/static/Shared/jqueryui/images/ui-icons_8d78a5_256x240.png HTTP/1.1" 404 1089
181.42.48.29 - - [27/Jul/2022:13:41:05 -0300] "GET /cormun/servlet/trbonoreemplazo? HTTP/1.1" 500 10
181.42.48.29 - - [27/Jul/2022:13:41:07 -0300] "GET /cormun/servlet/trbonoreemplazo? HTTP/1.1" 500 10
181.42.48.29 - - [27/Jul/2022:13:41:10 -0300] "GET /cormun/servlet/trlicencias? HTTP/1.1" 200 9688
181.42.48.29 - - [27/Jul/2022:13:41:11 -0300] "GET /cormun/servlet/trlicencias? HTTP/1.1" 200 9686
181.42.48.29 - - [27/Jul/2022:13:41:16 -0300] "GET /cormun/servlet/trbonoreemplazoaut? HTTP/1.1" 500 10
190.171.141.90 - - [27/Jul/2022:13:41:17 -0300] "GET /cormun/servlet/permisogoce?INS,0,,, HTTP/1.1" 200 6838
190.171.141.90 - - [27/Jul/2022:13:41:17 -0300] "GET /cormun/servlet/permisogoce?INS,0,,, HTTP/1.1" 200 6838
181.42.48.29 - - [27/Jul/2022:13:41:19 -0300] "GET /cormun/servlet/trlicencias? HTTP/1.1" 200 9688
181.42.48.29 - - [27/Jul/2022:13:41:20 -0300] "GET /cormun/servlet/trlicencias? HTTP/1.1" 200 9686
190.171.141.90 - - [27/Jul/2022:13:41:26 -0300] "GET /cormun/servlet/prfichaempleado?,MD,,gxPopupLevel%3D0%3B HTTP/1.1" 200 9274
190.171.141.90 - - [27/Jul/2022:13:41:37 -0300] "POST /cormun/servlet/prfichaempleado?f04671cdaaafb3e2dc2f876b539354d3,,MD,,gxPopupLevel%3D0%3B,gx-no-cache=1658939281691 HTTP/1.1" 200 3407
190.171.141.90 - - [27/Jul/2022:13:41:41 -0300] "GET /cormun/servlet/permisogoce?a3a75b28dcf6fefac20a47e0736a3fb4ada754c174b2355c9901c043ea367d88d1a2c8c00690be57eedeff8757e733c780a7c6890277e1983e2271edbf6b5f07,gx-no-cache=1658939286093 HTTP/1.1" 200 82
190.171.141.90 - - [27/Jul/2022:13:41:41 -0300] "GET /cormun/static/menuarrow.gif HTTP/1.1" 404 1015
190.171.141.90 - - [27/Jul/2022:13:41:45 -0300] "GET /cormun/servlet/permisogoce?a3a75b28dcf6fefac20a47e0736a3fb4fa67a59da51da9a79e74d8e8d146fe3674c58239d0b130142a1265b789217b8f501547cc662ca7f783bce21f71499678,gx-no-cache=1658939290734 HTTP/1.1" 200 47
190.171.141.90 - - [27/Jul/2022:13:41:46 -0300] "POST /cormun/servlet/permisogoce?f04671cdaaafb3e2dc2f876b539354d3,INS,0,,,,gx-no-cache=1658939290764 HTTP/1.1" 200 93
190.171.141.90 - - [27/Jul/2022:13:41:46 -0300] "GET /cormun/servlet/hpexe_return? HTTP/1.1" 200 1036
190.171.141.90 - - [27/Jul/2022:13:41:46 -0300] "GET /cormun/servlet/trpermisosgoce?gx-no-cache=1658939249476 HTTP/1.1" 200 12932
190.171.141.90 - - [27/Jul/2022:13:41:47 -0300] "GET /cormun/servlet/trpermisosgoce?gx-no-cache=1658939249476 HTTP/1.1" 200 13033
190.171.141.90 - - [27/Jul/2022:13:42:46 -0300] "GET /cormun/servlet/trpermisosadjuntos?16752433,20220727122446,P, HTTP/1.1" 200 6324
190.171.141.90 - - [27/Jul/2022:13:42:46 -0300] "GET /cormun/servlet/trpermisosadjuntos?16752433,20220727122446,P, HTTP/1.1" 200 6302
190.171.141.90 - - [27/Jul/2022:13:42:48 -0300] "GET /cormun/servlet/permisosadjuntos?INS,16752433,P,20220727122446,, HTTP/1.1" 200 5622
190.171.141.90 - - [27/Jul/2022:13:42:49 -0300] "GET /cormun/static/about:blank HTTP/1.1" 404 1011
190.171.141.90 - - [27/Jul/2022:13:42:49 -0300] "GET /cormun/servlet/permisosadjuntos?INS,16752433,P,20220727122446,, HTTP/1.1" 200 5612
190.171.141.90 - - [27/Jul/2022:13:42:55 -0300] "POST /cormun/servlet/permisosadjuntos?f04671cdaaafb3e2dc2f876b539354d3,INS,16752433,P,20220727122446,, HTTP/1.1" 200 116
190.171.141.90 - - [27/Jul/2022:13:42:55 -0300] "GET /cormun/servlet/hpexe_return? HTTP/1.1" 200 1042
190.171.141.90 - - [27/Jul/2022:13:42:55 -0300] "GET /cormun/servlet/trpermisosadjuntos?16752433,20220727122446,P, HTTP/1.1" 200 6799
190.171.141.90 - - [27/Jul/2022:13:42:55 -0300] "GET /cormun/servlet/trpermisosadjuntos?16752433,20220727122446,P, HTTP/1.1" 200 6796
190.171.141.90 - - [27/Jul/2022:13:42:59 -0300] "POST /cormun/servlet/trpermisosadjuntos?f04671cdaaafb3e2dc2f876b539354d3,16752433,20220727122446,P,,gx-no-cache=1658939364246 HTTP/1.1" 200 90
190.171.141.90 - - [27/Jul/2022:13:42:59 -0300] "GET /cormun/servlet/hpexe_link HTTP/1.1" 200 1009
190.171.141.90 - - [27/Jul/2022:13:42:59 -0300] "GET /cormun/servlet/trpermisosgoce?gx-no-cache=1658939249476 HTTP/1.1" 200 12948
190.171.141.90 - - [27/Jul/2022:13:43:00 -0300] "GET /cormun/servlet/trpermisosgoce?gx-no-cache=1658939249476 HTTP/1.1" 200 12989
190.171.141.90 - - [27/Jul/2022:13:43:03 -0300] "POST /cormun/servlet/trpermisosgoce?f04671cdaaafb3e2dc2f876b539354d3,gx-no-cache=1658939249476,gx-no-cache=1658939368071 HTTP/1.1" 200 10089
190.171.141.90 - - [27/Jul/2022:13:43:03 -0300] "GET /cormun/static/Shared/jqueryui/images/ui-icons_82798d_256x240.png HTTP/1.1" 404 1089
190.171.141.90 - - [27/Jul/2022:13:43:03 -0300] "GET /cormun/static/Shared/jqueryui/images/ui-bg_highlight-soft_100_c6c2c8_1x100.png HTTP/1.1" 404 1117
190.171.141.90 - - [27/Jul/2022:13:43:03 -0300] "GET /cormun/static/Shared/jqueryui/images/ui-icons_8d78a5_256x240.png HTTP/1.1" 404 1089
190.171.141.90 - - [27/Jul/2022:13:43:03 -0300] "GET /cormun/static/Shared/jqueryui/images/ui-bg_flat_55_fafafa_40x100.png HTTP/1.1" 404 1097
190.171.141.90 - - [27/Jul/2022:13:43:17 -0300] "GET /cormun/servlet/permisogoce?INS,0,,, HTTP/1.1" 200 6859
190.171.141.90 - - [27/Jul/2022:13:43:18 -0300] "GET /cormun/servlet/permisogoce?INS,0,,, HTTP/1.1" 200 6838
190.171.141.90 - - [27/Jul/2022:13:43:21 -0300] "GET /cormun/servlet/prfichaempleado?,MD,,gxPopupLevel%3D0%3B HTTP/1.1" 200 9274
190.171.141.90 - - [27/Jul/2022:13:43:32 -0300] "POST /cormun/servlet/prfichaempleado?f04671cdaaafb3e2dc2f876b539354d3,,MD,,gxPopupLevel%3D0%3B,gx-no-cache=1658939397503 HTTP/1.1" 200 3459
190.171.141.90 - - [27/Jul/2022:13:43:46 -0300] "GET /cormun/servlet/permisogoce?a3a75b28dcf6fefac20a47e0736a3fb4f47b62acbaa19097c6a12106a86546c1d1a2c8c00690be57eedeff8757e733c780a7c6890277e1983e2271edbf6b5f07,gx-no-cache=1658939411369 HTTP/1.1" 200 82
190.171.141.90 - - [27/Jul/2022:13:43:49 -0300] "GET /cormun/static/menuarrow.gif HTTP/1.1" 404 1015
190.171.141.90 - - [27/Jul/2022:13:43:56 -0300] "GET /cormun/servlet/permisogoce?a3a75b28dcf6fefac20a47e0736a3fb4b2f9040517e1f77d5f799b04626f5038ecb75b9b1555f905c6f315a93873bdcd501547cc662ca7f783bce21f71499678,gx-no-cache=1658939420860 HTTP/1.1" 200 48
190.171.141.90 - - [27/Jul/2022:13:43:58 -0300] "POST /cormun/servlet/permisogoce?f04671cdaaafb3e2dc2f876b539354d3,INS,0,,,,gx-no-cache=1658939422379 HTTP/1.1" 200 93
190.171.141.90 - - [27/Jul/2022:13:43:58 -0300] "GET /cormun/servlet/hpexe_return? HTTP/1.1" 200 1036
190.171.141.90 - - [27/Jul/2022:13:43:58 -0300] "GET /cormun/servlet/trpermisosgoce?gx-no-cache=1658939249476 HTTP/1.1" 200 13248
190.171.141.90 - - [27/Jul/2022:13:43:58 -0300] "GET /cormun/servlet/trpermisosgoce?gx-no-cache=1658939249476 HTTP/1.1" 200 13211
190.171.142.10 - - [27/Jul/2022:13:45:06 -0300] "GET /cormun/servlet/hlogin HTTP/1.1" 200 1729
190.171.142.10 - - [27/Jul/2022:13:45:12 -0300] "POST /cormun/servlet/hlogin?4c645d9bc74b0dea84127c7cbc012e07,gx-no-cache=1658939497909 HTTP/1.1" 200 90
190.171.142.10 - - [27/Jul/2022:13:45:12 -0300] "GET /cormun/servlet/hpexe_link HTTP/1.1" 200 956
190.171.142.10 - - [27/Jul/2022:13:45:12 -0300] "GET /cormun/servlet/hhome HTTP/1.1" 200 4127
190.171.142.10 - - [27/Jul/2022:13:45:12 -0300] "GET /cormun/servlet/hhome HTTP/1.1" 200 4125
190.171.142.10 - - [27/Jul/2022:13:45:15 -0300] "GET /cormun/servlet/trlicencias? HTTP/1.1" 200 12243
190.171.142.10 - - [27/Jul/2022:13:45:16 -0300] "GET /cormun/servlet/trlicencias? HTTP/1.1" 200 12241
190.171.143.82 - - [27/Jul/2022:13:46:05 -0300] "GET /cormun/servlet/trpermisosgoce? HTTP/1.1" 200 6024
190.171.143.82 - - [27/Jul/2022:13:46:07 -0300] "GET /cormun/servlet/trpermisosgoce? HTTP/1.1" 200 6021
190.171.143.82 - - [27/Jul/2022:13:46:07 -0300] "GET /cormun/servlet/hlogin HTTP/1.1" 200 1741
190.171.143.82 - - [27/Jul/2022:13:46:07 -0300] "GET /cormun/servlet/trpermisosgoce? HTTP/1.1" 200 6021
190.171.143.82 - - [27/Jul/2022:13:46:10 -0300] "POST /cormun/servlet/hlogin?79000fee52c816a7d897a209890493ec,gx-no-cache=1658939549724 HTTP/1.1" 200 90
190.171.143.82 - - [27/Jul/2022:13:46:10 -0300] "GET /cormun/servlet/hpexe_link HTTP/1.1" 200 952
190.171.143.82 - - [27/Jul/2022:13:46:11 -0300] "GET /cormun/servlet/trpermisosgoce HTTP/1.1" 200 10112
190.171.143.82 - - [27/Jul/2022:13:46:12 -0300] "GET /cormun/servlet/trpermisosgoce HTTP/1.1" 200 10110
190.171.143.82 - - [27/Jul/2022:13:46:17 -0300] "GET /cormun/servlet/trpermisosgoce? HTTP/1.1" 200 10110
190.171.143.82 - - [27/Jul/2022:13:46:18 -0300] "GET /cormun/servlet/trpermisosgoce? HTTP/1.1" 200 10110
190.171.143.82 - - [27/Jul/2022:13:46:20 -0300] "POST /cormun/servlet/trpermisosgoce?79000fee52c816a7d897a209890493ec,,gx-no-cache=1658939559219 HTTP/1.1" 200 7172
190.171.143.82 - - [27/Jul/2022:13:46:23 -0300] "GET /cormun/servlet/permisogoce?INS,0,,, HTTP/1.1" 200 7242
190.171.143.82 - - [27/Jul/2022:13:46:24 -0300] "GET /cormun/servlet/permisogoce?INS,0,,, HTTP/1.1" 200 7242
190.171.141.90 - - [27/Jul/2022:13:46:30 -0300] "GET /cormun/servlet/trpermisosadjuntos?18379353,20220727122647,P, HTTP/1.1" 200 6320
190.171.141.90 - - [27/Jul/2022:13:46:30 -0300] "GET /cormun/servlet/trpermisosadjuntos?18379353,20220727122647,P, HTTP/1.1" 200 6299
190.171.141.90 - - [27/Jul/2022:13:46:32 -0300] "GET /cormun/servlet/permisosadjuntos?INS,18379353,P,20220727122647,, HTTP/1.1" 200 5618
190.171.141.90 - - [27/Jul/2022:13:46:32 -0300] "GET /cormun/static/about:blank HTTP/1.1" 404 1011
190.171.141.90 - - [27/Jul/2022:13:46:32 -0300] "GET /cormun/servlet/permisosadjuntos?INS,18379353,P,20220727122647,, HTTP/1.1" 200 5607
190.171.153.26 - - [27/Jul/2022:13:46:37 -0300] "POST /cormun/servlet/trlicencias?ad636dd0d46d05c3ca59b5fbd142968e,gx-no-cache=1658939586815 HTTP/1.1" 440 972
190.171.143.82 - - [27/Jul/2022:13:46:39 -0300] "GET /cormun/servlet/prfichaempleado?,MD,,gxPopupLevel%3D0%3B HTTP/1.1" 200 9398
190.171.153.26 - - [27/Jul/2022:13:46:39 -0300] "GET /cormun/servlet/trlicencias HTTP/1.1" 200 7771
190.171.141.90 - - [27/Jul/2022:13:46:40 -0300] "POST /cormun/servlet/permisosadjuntos?f04671cdaaafb3e2dc2f876b539354d3,INS,18379353,P,20220727122647,, HTTP/1.1" 200 116
190.171.141.90 - - [27/Jul/2022:13:46:40 -0300] "GET /cormun/servlet/hpexe_return? HTTP/1.1" 200 1043
190.171.141.90 - - [27/Jul/2022:13:46:40 -0300] "GET /cormun/servlet/trpermisosadjuntos?18379353,20220727122647,P, HTTP/1.1" 200 6790
190.171.141.90 - - [27/Jul/2022:13:46:41 -0300] "GET /cormun/servlet/trpermisosadjuntos?18379353,20220727122647,P, HTTP/1.1" 200 6788
190.171.153.26 - - [27/Jul/2022:13:46:41 -0300] "GET /cormun/servlet/hlogin HTTP/1.1" 200 1747
190.171.153.26 - - [27/Jul/2022:13:46:41 -0300] "GET /cormun/servlet/trlicencias HTTP/1.1" 200 7771
190.171.143.82 - - [27/Jul/2022:13:46:43 -0300] "POST /cormun/servlet/permisogoce?79000fee52c816a7d897a209890493ec,INS,0,,,,gx-no-cache=1658939581962 HTTP/1.1" 200 4757
190.171.141.90 - - [27/Jul/2022:13:46:43 -0300] "POST /cormun/servlet/trpermisosadjuntos?f04671cdaaafb3e2dc2f876b539354d3,18379353,20220727122647,P,,gx-no-cache=1658939587809 HTTP/1.1" 200 90
190.171.141.90 - - [27/Jul/2022:13:46:43 -0300] "GET /cormun/servlet/hpexe_link HTTP/1.1" 200 1010
190.171.143.82 - - [27/Jul/2022:13:46:43 -0300] "GET /cormun/static/Shared/jqueryui/images/ui-bg_highlight-soft_100_c6c2c8_1x100.png HTTP/1.1" 404 1117
190.171.143.82 - - [27/Jul/2022:13:46:43 -0300] "GET /cormun/static/Shared/jqueryui/images/ui-icons_82798d_256x240.png HTTP/1.1" 404 1089
190.171.143.82 - - [27/Jul/2022:13:46:43 -0300] "GET /cormun/static/Shared/jqueryui/images/ui-bg_flat_55_994d53_40x100.png HTTP/1.1" 404 1097
190.171.143.82 - - [27/Jul/2022:13:46:43 -0300] "GET /cormun/static/Shared/jqueryui/images/ui-icons_ebccce_256x240.png HTTP/1.1" 404 1089
190.171.141.90 - - [27/Jul/2022:13:46:43 -0300] "GET /cormun/servlet/trpermisosgoce?gx-no-cache=1658939249476 HTTP/1.1" 200 13162
190.171.141.90 - - [27/Jul/2022:13:46:43 -0300] "GET /cormun/servlet/trpermisosgoce?gx-no-cache=1658939249476 HTTP/1.1" 200 13262
190.171.143.82 - - [27/Jul/2022:13:46:45 -0300] "GET /cormun/servlet/permisogoce?585044386c7af82f5795f7efa3efc59c4751a9c106b630607207eb0fffdc1a961f71caac51d39c6069e454cf1d1b1a5151d9e84b67aef0c819f38493fa6344f7f54c1b5b6c07d0aa3def8b28554f54a1ffa2d54e85396739e954c6464ddc84afb644ea7524b873380f9e1e46187910dbf54c1b5b6c07d0aa3def8b28554f54a1ffa2d54e85396739e954c6464ddc84af51d9e84b67aef0c819f38493fa6344f7f8922731c69e812f5986c5772c159780fbabb8d29006265f8ede3f250d0c57bedb65c6b9f3dfe8394f8f32ee283b2523b4200abc52ace10f5fc92f79884ef24c,gx-no-cache=1658939584923 HTTP/1.1" 200 79
190.171.141.90 - - [27/Jul/2022:13:46:46 -0300] "POST /cormun/servlet/trpermisosgoce?f04671cdaaafb3e2dc2f876b539354d3,gx-no-cache=1658939249476,gx-no-cache=1658939590389 HTTP/1.1" 200 10329
190.171.141.90 - - [27/Jul/2022:13:46:46 -0300] "GET /cormun/static/Shared/jqueryui/images/ui-bg_highlight-soft_100_c6c2c8_1x100.png HTTP/1.1" 404 1117
190.171.141.90 - - [27/Jul/2022:13:46:46 -0300] "GET /cormun/static/Shared/jqueryui/images/ui-icons_82798d_256x240.png HTTP/1.1" 404 1089
190.171.141.90 - - [27/Jul/2022:13:46:46 -0300] "GET /cormun/static/Shared/jqueryui/images/ui-icons_8d78a5_256x240.png HTTP/1.1" 404 1089
190.171.141.90 - - [27/Jul/2022:13:46:46 -0300] "GET /cormun/static/Shared/jqueryui/images/ui-bg_flat_55_fafafa_40x100.png HTTP/1.1" 404 1097
190.171.143.82 - - [27/Jul/2022:13:46:49 -0300] "GET /cormun/static/menuarrow.gif HTTP/1.1" 404 1015
190.171.153.26 - - [27/Jul/2022:13:46:51 -0300] "POST /cormun/servlet/hlogin?dcec32fa8d62222fa1f09ab4b905f0d6,gx-no-cache=1658939600408 HTTP/1.1" 200 90
190.171.153.26 - - [27/Jul/2022:13:46:51 -0300] "GET /cormun/servlet/hpexe_link HTTP/1.1" 200 961
190.171.153.26 - - [27/Jul/2022:13:46:51 -0300] "GET /cormun/servlet/trlicencias HTTP/1.1" 200 9168
190.171.153.26 - - [27/Jul/2022:13:46:52 -0300] "GET /cormun/servlet/trlicencias HTTP/1.1" 200 9166
190.171.143.82 - - [27/Jul/2022:13:46:53 -0300] "GET /cormun/servlet/permisogoce?585044386c7af82f5795f7efa3efc59c9c6d8e903cc69f1fd50f54c7b7e5bcacbde983be20e0e030b33520b0872536e64bc72e8b99a71a3302f357b3b4a682f1,gx-no-cache=1658939592577 HTTP/1.1" 200 129
190.171.153.26 - - [27/Jul/2022:13:46:55 -0300] "POST /cormun/servlet/trlicencias?dcec32fa8d62222fa1f09ab4b905f0d6,gx-no-cache=1658939604425 HTTP/1.1" 200 6571
190.171.143.82 - - [27/Jul/2022:13:47:01 -0300] "GET /cormun/servlet/permisogoce?585044386c7af82f5795f7efa3efc59c9c6d8e903cc69f1fd50f54c7b7e5bcac25f5fdbcd0b939556b521243aa3732d64bc72e8b99a71a3302f357b3b4a682f1,gx-no-cache=1658939600501 HTTP/1.1" 200 48
190.171.143.82 - - [27/Jul/2022:13:47:11 -0300] "POST /cormun/servlet/permisogoce?79000fee52c816a7d897a209890493ec,INS,0,,,,gx-no-cache=1658939609761 HTTP/1.1" 200 93
190.171.143.82 - - [27/Jul/2022:13:47:11 -0300] "GET /cormun/servlet/hpexe_return? HTTP/1.1" 200 1005
190.171.143.82 - - [27/Jul/2022:13:47:11 -0300] "GET /cormun/servlet/trpermisosgoce? HTTP/1.1" 200 10419
190.171.143.82 - - [27/Jul/2022:13:47:13 -0300] "GET /cormun/servlet/trpermisosgoce? HTTP/1.1" 200 10414
190.171.143.82 - - [27/Jul/2022:13:47:22 -0300] "GET /cormun/servlet/trpermisosgoce? HTTP/1.1" 200 10414
190.171.143.82 - - [27/Jul/2022:13:47:23 -0300] "GET /cormun/servlet/trpermisosgoce? HTTP/1.1" 200 10414
190.171.143.82 - - [27/Jul/2022:13:47:28 -0300] "GET /cormun/servlet/apermisogoceprn?13568629,P,20220727122952,PU HTTP/1.1" 200 1649
185.7.214.104 - - [27/Jul/2022:13:47:31 -0300] "GET / HTTP/1.1" 200 11217
186.103.157.98 - - [27/Jul/2022:13:48:30 -0300] "POST /cormun/servlet/hlogin?c28c0715c671a4ee15b04f50fb57b7db,gx-no-cache=1658939697015 HTTP/1.1" 200 90
186.103.157.98 - - [27/Jul/2022:13:48:30 -0300] "GET /cormun/servlet/hpexe_link HTTP/1.1" 200 963
186.103.157.98 - - [27/Jul/2022:13:48:30 -0300] "GET /cormun/servlet/trsolicitudot? HTTP/1.1" 200 7459
186.103.157.98 - - [27/Jul/2022:13:48:31 -0300] "GET /cormun/servlet/trsolicitudot? HTTP/1.1" 200 7458
190.171.141.90 - - [27/Jul/2022:13:48:38 -0300] "GET /cormun/servlet/permisogoce?INS,0,,, HTTP/1.1" 200 6858
190.171.141.90 - - [27/Jul/2022:13:48:38 -0300] "GET /cormun/servlet/permisogoce?INS,0,,, HTTP/1.1" 200 6837
190.171.141.90 - - [27/Jul/2022:13:48:42 -0300] "GET /cormun/servlet/prfichaempleado?,MD,,gxPopupLevel%3D0%3B HTTP/1.1" 200 9274
186.103.157.98 - - [27/Jul/2022:13:48:46 -0300] "GET /cormun/servlet/trcontratounov2? HTTP/1.1" 200 17549
186.103.157.98 - - [27/Jul/2022:13:48:46 -0300] "GET /cormun/static/gxcfg.js?2020121614367 HTTP/1.1" 200 953
186.103.157.98 - - [27/Jul/2022:13:48:46 -0300] "GET /cormun/static/Resources/PXToolsAddSelectedAction.png HTTP/1.1" 200 523
186.103.157.98 - - [27/Jul/2022:13:48:46 -0300] "GET /cormun/static/trcontratounov2.js?20201216143065 HTTP/1.1" 200 38486
186.103.157.98 - - [27/Jul/2022:13:48:47 -0300] "GET /cormun/servlet/trcontratounov2? HTTP/1.1" 200 17531
190.171.141.90 - - [27/Jul/2022:13:49:00 -0300] "POST /cormun/servlet/prfichaempleado?f04671cdaaafb3e2dc2f876b539354d3,,MD,,gxPopupLevel%3D0%3B,gx-no-cache=1658939725147 HTTP/1.1" 200 3382
186.67.172.234 - - [27/Jul/2022:13:49:00 -0300] "GET /cormun/servlet/trsolicitudot? HTTP/1.1" 200 6342
186.67.172.234 - - [27/Jul/2022:13:49:01 -0300] "GET /cormun/servlet/hlogin HTTP/1.1" 200 1744
186.67.172.234 - - [27/Jul/2022:13:49:01 -0300] "GET /cormun/servlet/trsolicitudot? HTTP/1.1" 200 6322
190.171.141.90 - - [27/Jul/2022:13:49:04 -0300] "GET /cormun/servlet/permisogoce?a3a75b28dcf6fefac20a47e0736a3fb4b2579515b89245ae989ff58d96007dc9d1a2c8c00690be57eedeff8757e733c780a7c6890277e1983e2271edbf6b5f07,gx-no-cache=1658939729497 HTTP/1.1" 200 66
190.171.141.90 - - [27/Jul/2022:13:49:04 -0300] "GET /cormun/static/menuarrow.gif HTTP/1.1" 404 1015
186.103.157.98 - - [27/Jul/2022:13:49:08 -0300] "POST /cormun/servlet/trcontratounov2?c28c0715c671a4ee15b04f50fb57b7db,,gx-no-cache=1658939734236 HTTP/1.1" 200 17052
186.103.157.98 - - [27/Jul/2022:13:49:08 -0300] "GET /cormun/static/Resources/PXToolsGridNext.gif HTTP/1.1" 200 369
186.103.157.98 - - [27/Jul/2022:13:49:08 -0300] "GET /cormun/static/Resources/PXToolsGridLast.gif HTTP/1.1" 200 370
186.67.172.234 - - [27/Jul/2022:13:49:08 -0300] "POST /cormun/servlet/hlogin?6f2f58ac753b9079da04b7bae906f0d6,gx-no-cache=1658939733906 HTTP/1.1" 200 90
186.67.172.234 - - [27/Jul/2022:13:49:08 -0300] "GET /cormun/servlet/hpexe_link HTTP/1.1" 200 957
186.67.172.234 - - [27/Jul/2022:13:49:09 -0300] "GET /cormun/servlet/trsolicitudot HTTP/1.1" 200 7411
186.67.172.234 - - [27/Jul/2022:13:49:09 -0300] "GET /cormun/servlet/trsolicitudot HTTP/1.1" 200 7409
186.103.157.98 - - [27/Jul/2022:13:49:10 -0300] "POST /cormun/servlet/trcontratounov2?c28c0715c671a4ee15b04f50fb57b7db,,gx-no-cache=1658939736291 HTTP/1.1" 200 17026
186.103.157.98 - - [27/Jul/2022:13:49:14 -0300] "POST /cormun/servlet/trcontratounov2?c28c0715c671a4ee15b04f50fb57b7db,,gx-no-cache=1658939740219 HTTP/1.1" 200 17036
186.67.172.234 - - [27/Jul/2022:13:49:17 -0300] "GET /cormun/servlet/trlicencias? HTTP/1.1" 200 13373
186.67.172.234 - - [27/Jul/2022:13:49:18 -0300] "GET /cormun/servlet/trlicencias? HTTP/1.1" 200 13371
190.171.141.90 - - [27/Jul/2022:13:49:23 -0300] "GET /cormun/servlet/permisogoce?a3a75b28dcf6fefac20a47e0736a3fb4c67c7385973f58c217b6a9e404307feb22192c62303fb716c336842bc6044658501547cc662ca7f783bce21f71499678,gx-no-cache=1658939748345 HTTP/1.1" 200 47
186.103.157.98 - - [27/Jul/2022:13:49:26 -0300] "POST /cormun/servlet/trcontratounov2?c28c0715c671a4ee15b04f50fb57b7db,,gx-no-cache=1658939752432 HTTP/1.1" 200 17023
190.171.141.90 - - [27/Jul/2022:13:49:28 -0300] "POST /cormun/servlet/permisogoce?f04671cdaaafb3e2dc2f876b539354d3,INS,0,,,,gx-no-cache=1658939753116 HTTP/1.1" 200 93
190.171.141.90 - - [27/Jul/2022:13:49:28 -0300] "GET /cormun/servlet/hpexe_return? HTTP/1.1" 200 1036
190.171.141.90 - - [27/Jul/2022:13:49:29 -0300] "GET /cormun/servlet/trpermisosgoce?gx-no-cache=1658939249476 HTTP/1.1" 200 13473
190.171.141.90 - - [27/Jul/2022:13:49:29 -0300] "GET /cormun/servlet/trpermisosgoce?gx-no-cache=1658939249476 HTTP/1.1" 200 13490
186.103.157.98 - - [27/Jul/2022:13:49:35 -0300] "POST /cormun/servlet/trcontratounov2?c28c0715c671a4ee15b04f50fb57b7db,,gx-no-cache=1658939761577 HTTP/1.1" 200 17024
186.103.157.98 - - [27/Jul/2022:13:49:56 -0300] "POST /cormun/servlet/trcontratounov2?c28c0715c671a4ee15b04f50fb57b7db,,gx-no-cache=1658939781449 HTTP/1.1" 200 7463
190.171.141.90 - - [27/Jul/2022:13:50:08 -0300] "GET /cormun/servlet/trpermisosadjuntos?12291026,20220727123208,P, HTTP/1.1" 200 6312
190.171.141.90 - - [27/Jul/2022:13:50:08 -0300] "GET /cormun/servlet/trpermisosadjuntos?12291026,20220727123208,P, HTTP/1.1" 200 6290
190.171.141.90 - - [27/Jul/2022:13:50:10 -0300] "GET /cormun/servlet/permisosadjuntos?INS,12291026,P,20220727123208,, HTTP/1.1" 200 5607
190.171.141.90 - - [27/Jul/2022:13:50:10 -0300] "GET /cormun/static/about:blank HTTP/1.1" 404 1011
190.171.141.90 - - [27/Jul/2022:13:50:10 -0300] "GET /cormun/servlet/permisosadjuntos?INS,12291026,P,20220727123208,, HTTP/1.1" 200 5596
186.103.157.98 - - [27/Jul/2022:13:50:17 -0300] "GET /cormun/servlet/trsolicitudot? HTTP/1.1" 200 7458
186.103.157.98 - - [27/Jul/2022:13:50:18 -0300] "GET /cormun/servlet/trsolicitudot? HTTP/1.1" 200 7458
190.171.141.90 - - [27/Jul/2022:13:50:18 -0300] "POST /cormun/servlet/permisosadjuntos?f04671cdaaafb3e2dc2f876b539354d3,INS,12291026,P,20220727123208,, HTTP/1.1" 200 116
190.171.141.90 - - [27/Jul/2022:13:50:18 -0300] "GET /cormun/servlet/hpexe_return? HTTP/1.1" 200 1043
190.171.141.90 - - [27/Jul/2022:13:50:18 -0300] "GET /cormun/servlet/trpermisosadjuntos?12291026,20220727123208,P, HTTP/1.1" 200 6772
190.171.141.90 - - [27/Jul/2022:13:50:18 -0300] "GET /cormun/servlet/trpermisosadjuntos?12291026,20220727123208,P, HTTP/1.1" 200 6771
190.171.141.90 - - [27/Jul/2022:13:50:20 -0300] "POST /cormun/servlet/trpermisosadjuntos?f04671cdaaafb3e2dc2f876b539354d3,12291026,20220727123208,P,,gx-no-cache=1658939805619 HTTP/1.1" 200 90
190.171.141.90 - - [27/Jul/2022:13:50:20 -0300] "GET /cormun/servlet/hpexe_link HTTP/1.1" 200 1010
190.171.141.90 - - [27/Jul/2022:13:50:21 -0300] "GET /cormun/servlet/trpermisosgoce?gx-no-cache=1658939249476 HTTP/1.1" 200 13421
190.171.141.90 - - [27/Jul/2022:13:50:21 -0300] "GET /cormun/servlet/trpermisosgoce?gx-no-cache=1658939249476 HTTP/1.1" 200 13490
186.103.157.98 - - [27/Jul/2022:13:50:24 -0300] "GET /cormun/servlet/solicitudot?INS,0,0,false, HTTP/1.1" 200 16007
186.103.157.98 - - [27/Jul/2022:13:50:24 -0300] "GET /cormun/servlet/solicitudot?INS,0,0,false, HTTP/1.1" 200 16014
190.171.141.90 - - [27/Jul/2022:13:50:24 -0300] "POST /cormun/servlet/trpermisosgoce?f04671cdaaafb3e2dc2f876b539354d3,gx-no-cache=1658939249476,gx-no-cache=1658939809040 HTTP/1.1" 200 10582
190.171.141.90 - - [27/Jul/2022:13:50:24 -0300] "GET /cormun/static/Shared/jqueryui/images/ui-bg_highlight-soft_100_c6c2c8_1x100.png HTTP/1.1" 404 1117
190.171.141.90 - - [27/Jul/2022:13:50:24 -0300] "GET /cormun/static/Shared/jqueryui/images/ui-icons_82798d_256x240.png HTTP/1.1" 404 1089
190.171.141.90 - - [27/Jul/2022:13:50:24 -0300] "GET /cormun/static/Shared/jqueryui/images/ui-bg_flat_55_fafafa_40x100.png HTTP/1.1" 404 1097
190.171.141.90 - - [27/Jul/2022:13:50:24 -0300] "GET /cormun/static/Shared/jqueryui/images/ui-icons_8d78a5_256x240.png HTTP/1.1" 404 1089
186.103.157.98 - - [27/Jul/2022:13:50:33 -0300] "POST /cormun/servlet/solicitudot?gx-no-cache=1658939820110 HTTP/1.1" 200 3986
186.103.157.98 - - [27/Jul/2022:13:50:34 -0300] "POST /cormun/servlet/solicitudot?c28c0715c671a4ee15b04f50fb57b7db,INS,0,0,false,,gx-no-cache=1658939820278 HTTP/1.1" 200 12817
190.171.153.26 - - [27/Jul/2022:13:50:36 -0300] "POST /cormun/servlet/trlicencias?dcec32fa8d62222fa1f09ab4b905f0d6,gx-no-cache=1658939825684 HTTP/1.1" 200 6571
190.171.141.90 - - [27/Jul/2022:13:51:02 -0300] "POST /cormun/servlet/trpermisosgoce?f04671cdaaafb3e2dc2f876b539354d3,gx-no-cache=1658939249476,gx-no-cache=1658939846611 HTTP/1.1" 200 10619
190.171.153.26 - - [27/Jul/2022:13:51:09 -0300] "GET /cormun/servlet/trlicencias? HTTP/1.1" 200 9166
190.171.153.26 - - [27/Jul/2022:13:51:10 -0300] "GET /cormun/servlet/trlicencias? HTTP/1.1" 200 9166
186.103.157.98 - - [27/Jul/2022:13:51:38 -0300] "GET /cormun/servlet/trcontratounov2? HTTP/1.1" 200 8094
186.103.157.98 - - [27/Jul/2022:13:51:39 -0300] "GET /cormun/servlet/trcontratounov2? HTTP/1.1" 200 8086
186.103.157.98 - - [27/Jul/2022:13:51:52 -0300] "GET /cormun/servlet/trcontratosolicitud? HTTP/1.1" 200 14405
186.103.157.98 - - [27/Jul/2022:13:51:52 -0300] "GET /cormun/static/gxcfg.js?20199142011887 HTTP/1.1" 200 953
186.103.157.98 - - [27/Jul/2022:13:51:52 -0300] "GET /cormun/static/Resources/Spanish/PXTools.css?19172979 HTTP/1.1" 200 100853
186.103.157.98 - - [27/Jul/2022:13:51:52 -0300] "GET /cormun/static/trcontratosolicitud.js?201991420111348 HTTP/1.1" 200 28237
186.103.157.98 - - [27/Jul/2022:13:51:53 -0300] "GET /cormun//static/Resources/PXToolsGridNew.png HTTP/1.1" 200 427
186.103.157.98 - - [27/Jul/2022:13:51:53 -0300] "GET /cormun/servlet/trcontratosolicitud? HTTP/1.1" 200 14394
186.103.157.98 - - [27/Jul/2022:13:52:06 -0300] "POST /cormun/servlet/trcontratosolicitud?c28c0715c671a4ee15b04f50fb57b7db,,gx-no-cache=1658939911970 HTTP/1.1" 200 4310
