190.171.141.98 - - [27/Jul/2022:13:07:05 -0300] "GET /cormun/static/Resources/PXToolsDataSearch.png HTTP/1.1" 304 -
186.67.172.234 - - [27/Jul/2022:13:07:05 -0300] "POST /cormun/servlet/solicitudotadjuntos?gx-no-cache=1658937210759 HTTP/1.1" 200 26
190.171.141.98 - - [27/Jul/2022:13:07:05 -0300] "GET /cormun/servlet/trautorizarsolicitud? HTTP/1.1" 200 8707
186.103.157.98 - - [27/Jul/2022:13:07:06 -0300] "GET /cormun/static/Resources/resize.gif HTTP/1.1" 200 77
186.103.157.98 - - [27/Jul/2022:13:07:06 -0300] "GET /cormun/static/Resources/PXTools/ClosePrompt.png HTTP/1.1" 200 1036
186.103.157.98 - - [27/Jul/2022:13:07:07 -0300] "GET /cormun/servlet/prfichaempleado?,MD,,gxPopupLevel%3D0%3B HTTP/1.1" 200 9261
186.103.157.98 - - [27/Jul/2022:13:07:07 -0300] "GET /cormun/static/gxcfg.js?20201215571085 HTTP/1.1" 200 953
186.103.157.98 - - [27/Jul/2022:13:07:07 -0300] "GET /cormun/static/prfichaempleado.js?20201215572193 HTTP/1.1" 200 16006
186.103.157.98 - - [27/Jul/2022:13:07:07 -0300] "GET /cormun/static/menusearch.js?20201214473581 HTTP/1.1" 200 1424
186.103.157.98 - - [27/Jul/2022:13:07:07 -0300] "GET /cormun/static/hmpwkw011.js?20201215495555 HTTP/1.1" 200 1968
186.67.172.234 - - [27/Jul/2022:13:07:10 -0300] "GET /cormun/servlet/solicitudotadjuntos?ab4b9c88b614ae492dc50876d460e24cd6632b0ef05249a518adf0732ca64e91,gx-no-cache=1658937215340 HTTP/1.1" 200 30
186.67.172.234 - - [27/Jul/2022:13:07:10 -0300] "GET /cormun/servlet/solicitudotadjuntos?ab4b9c88b614ae492dc50876d460e24cd6632b0ef05249a518adf0732ca64e91,gx-no-cache=1658937215351 HTTP/1.1" 200 30
186.67.172.234 - - [27/Jul/2022:13:07:10 -0300] "POST /cormun/servlet/solicitudotadjuntos?084e81951da1ebc61bc142bf2a38d9b0,INS,2022,18975,,1, HTTP/1.1" 200 116
186.67.172.234 - - [27/Jul/2022:13:07:10 -0300] "GET /cormun/servlet/hpexe_return? HTTP/1.1" 200 1031
186.67.172.234 - - [27/Jul/2022:13:07:10 -0300] "GET /cormun/servlet/trsolicitudadjuntos?2022,18975, HTTP/1.1" 200 9250
186.67.172.234 - - [27/Jul/2022:13:07:11 -0300] "GET /cormun/servlet/trsolicitudadjuntos?2022,18975, HTTP/1.1" 200 9249
186.67.172.234 - - [27/Jul/2022:13:07:12 -0300] "GET /cormun/servlet/solicitudotadjuntos?INS,2022,18975,,1, HTTP/1.1" 200 6416
186.67.172.234 - - [27/Jul/2022:13:07:12 -0300] "GET /cormun/static/about:blank HTTP/1.1" 404 1011
186.67.172.234 - - [27/Jul/2022:13:07:12 -0300] "GET /cormun/servlet/solicitudotadjuntos?INS,2022,18975,,1, HTTP/1.1" 200 6409
186.67.172.234 - - [27/Jul/2022:13:07:13 -0300] "GET /cormun/servlet/solicitudotadjuntos?ab4b9c88b614ae492dc50876d460e24c415c1bbfa32c405a512796246c56900dda4ac4e79f115fcc9e4e2633b1e3c3ab,gx-no-cache=1658937218379 HTTP/1.1" 200 30
186.67.172.234 - - [27/Jul/2022:13:07:13 -0300] "POST /cormun/servlet/solicitudotadjuntos?084e81951da1ebc61bc142bf2a38d9b0,INS,2022,18975,,1,,gx-no-cache=1658937218404 HTTP/1.1" 200 4188
186.103.157.98 - - [27/Jul/2022:13:07:14 -0300] "POST /cormun/servlet/prfichaempleado?c28c0715c671a4ee15b04f50fb57b7db,,MD,,gxPopupLevel%3D0%3B,gx-no-cache=1658937220942 HTTP/1.1" 200 3414
186.67.172.234 - - [27/Jul/2022:13:07:15 -0300] "POST /cormun/servlet/solicitudotadjuntos?gx-no-cache=1658937220308 HTTP/1.1" 200 26
186.67.172.234 - - [27/Jul/2022:13:07:18 -0300] "GET /cormun/servlet/solicitudotadjuntos?ab4b9c88b614ae492dc50876d460e24cd6632b0ef05249a518adf0732ca64e91,gx-no-cache=1658937223996 HTTP/1.1" 200 30
186.67.172.234 - - [27/Jul/2022:13:07:18 -0300] "GET /cormun/servlet/solicitudotadjuntos?ab4b9c88b614ae492dc50876d460e24cd6632b0ef05249a518adf0732ca64e91,gx-no-cache=1658937224008 HTTP/1.1" 200 30
186.67.172.234 - - [27/Jul/2022:13:07:19 -0300] "POST /cormun/servlet/solicitudotadjuntos?084e81951da1ebc61bc142bf2a38d9b0,INS,2022,18975,,1, HTTP/1.1" 200 116
186.67.172.234 - - [27/Jul/2022:13:07:19 -0300] "GET /cormun/servlet/hpexe_return? HTTP/1.1" 200 1031
186.67.172.234 - - [27/Jul/2022:13:07:19 -0300] "GET /cormun/servlet/trsolicitudadjuntos?2022,18975, HTTP/1.1" 200 9461
186.67.172.234 - - [27/Jul/2022:13:07:19 -0300] "GET /cormun/servlet/trsolicitudadjuntos?2022,18975, HTTP/1.1" 200 9457
186.67.172.234 - - [27/Jul/2022:13:07:21 -0300] "GET /cormun/servlet/solicitudotadjuntos?INS,2022,18975,,1, HTTP/1.1" 200 6416
186.67.172.234 - - [27/Jul/2022:13:07:21 -0300] "GET /cormun/static/about:blank HTTP/1.1" 404 1011
186.67.172.234 - - [27/Jul/2022:13:07:21 -0300] "GET /cormun/servlet/solicitudotadjuntos?INS,2022,18975,,1, HTTP/1.1" 200 6409
186.67.172.234 - - [27/Jul/2022:13:07:21 -0300] "GET /cormun/servlet/solicitudotadjuntos?ab4b9c88b614ae492dc50876d460e24c415c1bbfa32c405a512796246c56900dda4ac4e79f115fcc9e4e2633b1e3c3ab,gx-no-cache=1658937226822 HTTP/1.1" 200 30
186.67.172.234 - - [27/Jul/2022:13:07:21 -0300] "POST /cormun/servlet/solicitudotadjuntos?084e81951da1ebc61bc142bf2a38d9b0,INS,2022,18975,,1,,gx-no-cache=1658937226842 HTTP/1.1" 200 4188
186.103.157.98 - - [27/Jul/2022:13:07:22 -0300] "POST /cormun/servlet/solicitudot?gx-no-cache=1658937228495 HTTP/1.1" 200 1469
186.103.157.98 - - [27/Jul/2022:13:07:22 -0300] "GET /cormun/static/menuarrow.gif HTTP/1.1" 404 1015
186.103.157.98 - - [27/Jul/2022:13:07:24 -0300] "GET /cormun/servlet/prlicenciaspermisos?14202114,L,,MD,,gxPopupLevel%3D0%3B HTTP/1.1" 200 6111
186.103.157.98 - - [27/Jul/2022:13:07:24 -0300] "GET /cormun/static/gxcfg.js?2020121559567 HTTP/1.1" 200 953
186.103.157.98 - - [27/Jul/2022:13:07:24 -0300] "GET /cormun/static/prlicenciaspermisos.js?2020121559821 HTTP/1.1" 200 13379
186.67.172.234 - - [27/Jul/2022:13:07:24 -0300] "POST /cormun/servlet/solicitudotadjuntos?gx-no-cache=1658937229628 HTTP/1.1" 200 26
190.171.141.98 - - [27/Jul/2022:13:07:25 -0300] "POST /cormun/servlet/trautorizarsolicitud?a12064df5726fb4d03003186d92ff661,,gx-no-cache=1658937230419 HTTP/1.1" 200 4776
190.171.141.98 - - [27/Jul/2022:13:07:25 -0300] "GET /cormun/static/Shared/jqueryui/images/ui-bg_highlight-soft_100_c6c2c8_1x100.png HTTP/1.1" 404 1117
190.171.141.98 - - [27/Jul/2022:13:07:25 -0300] "GET /cormun/static/Shared/jqueryui/images/ui-icons_82798d_256x240.png HTTP/1.1" 404 1089
190.171.141.98 - - [27/Jul/2022:13:07:25 -0300] "GET /cormun/static/Shared/jqueryui/images/ui-bg_flat_55_fafafa_40x100.png HTTP/1.1" 404 1097
190.171.141.98 - - [27/Jul/2022:13:07:25 -0300] "GET /cormun/static/Shared/jqueryui/images/ui-icons_8d78a5_256x240.png HTTP/1.1" 404 1089
190.171.141.98 - - [27/Jul/2022:13:07:25 -0300] "POST /cormun/servlet/trautorizarsolicitud?a12064df5726fb4d03003186d92ff661,,gx-no-cache=1658937230568 HTTP/1.1" 200 4534
186.67.172.234 - - [27/Jul/2022:13:07:30 -0300] "GET /cormun/servlet/solicitudotadjuntos?ab4b9c88b614ae492dc50876d460e24cd6632b0ef05249a518adf0732ca64e91,gx-no-cache=1658937235932 HTTP/1.1" 200 30
186.67.172.234 - - [27/Jul/2022:13:07:30 -0300] "GET /cormun/servlet/solicitudotadjuntos?ab4b9c88b614ae492dc50876d460e24cd6632b0ef05249a518adf0732ca64e91,gx-no-cache=1658937235943 HTTP/1.1" 200 30
186.67.172.234 - - [27/Jul/2022:13:07:31 -0300] "POST /cormun/servlet/solicitudotadjuntos?084e81951da1ebc61bc142bf2a38d9b0,INS,2022,18975,,1, HTTP/1.1" 200 116
186.67.172.234 - - [27/Jul/2022:13:07:31 -0300] "GET /cormun/servlet/hpexe_return? HTTP/1.1" 200 1031
186.67.172.234 - - [27/Jul/2022:13:07:31 -0300] "GET /cormun/servlet/trsolicitudadjuntos?2022,18975, HTTP/1.1" 200 9705
186.67.172.234 - - [27/Jul/2022:13:07:31 -0300] "GET /cormun/servlet/trsolicitudadjuntos?2022,18975, HTTP/1.1" 200 9703
186.103.157.98 - - [27/Jul/2022:13:07:53 -0300] "GET /cormun/servlet/prlicenciaspermisos?14202114,L,,MD,,gxPopupLevel%3D0%3B HTTP/1.1" 200 6111
190.171.142.26 - - [27/Jul/2022:13:07:54 -0300] "GET /cormun/servlet/solicitudot?7b0a48fc771ad7ee760addbeba9f31f7cfe6132c95b41f2df625f638c7f78a5b047cd02d0b51e0b9e72af9453e648478,gx-no-cache=1658937259149 HTTP/1.1" 200 30
190.171.142.26 - - [27/Jul/2022:13:07:54 -0300] "GET /cormun/servlet/solicitudot?7b0a48fc771ad7ee760addbeba9f31f72a886fac093e17d312c76b3810a0e129,gx-no-cache=1658937259198 HTTP/1.1" 200 29
190.171.142.26 - - [27/Jul/2022:13:07:55 -0300] "POST /cormun/servlet/solicitudot?gx-no-cache=1658937260354 HTTP/1.1" 200 255
190.171.142.26 - - [27/Jul/2022:13:07:58 -0300] "GET /cormun/servlet/solicitudot?7b0a48fc771ad7ee760addbeba9f31f792bf6ee4bde95ce3e6af34b4c147508f42a4d40996f29546afed2449aaa464a83070e8b4a8d555d9d0e01127156c0aff3c11fc5ba7a6e71a0314742d8a8d61d20bf716278c583a959f991f2295c2ca1f0cc59e4a101ff4d0c98d4ce8adcfdd11167ce82f9ca0e87ed68b27f7eb1ec3ad4277d34273b9b6ab47c90bfe5132dcc25174c8c45adf4b7162e99eb682c036c877622c5c5840628c60d68fb5d5983662101b760ccce2af4219b1adc4324759bdaae3b0c1e73f420822f987c35161600e7035ae184bddab087b6cc7c35855941fce85ac70b02121050f417d06d5903e5830acea4e5b606246dd5b0a05cda38e9fa9073fe290ef579f8062a452efd2e3a6ff61bd810d66dac4568661b53ec8c1e8d72cae20c2035ebb77ba8a2489057d0f238c58802b3f4786dfa79ac9aa4c7709207521eac4fcbeb2871387c030b5f5afa25b08de521b240f540e6bbf1b72ffc57d26f2dacf64489c9530ff6c2348bf01cb760b35f8563ac8f5d8178736778d34,gx-no-cache=1658937262943 HTTP/1.1" 200 30
186.103.157.98 - - [27/Jul/2022:13:08:00 -0300] "GET /cormun/servlet/prlicenciaspermisos?14202114,L,,MD,,gxPopupLevel%3D0%3B HTTP/1.1" 200 6111
190.171.142.26 - - [27/Jul/2022:13:08:03 -0300] "POST /cormun/servlet/solicitudot?gx-no-cache=1658937268305 HTTP/1.1" 200 240
190.171.142.26 - - [27/Jul/2022:13:08:04 -0300] "GET /cormun/servlet/solicitudot?7b0a48fc771ad7ee760addbeba9f31f792bf6ee4bde95ce3e6af34b4c147508faae09e83e90a63542504d41ab4f093883070e8b4a8d555d9d0e01127156c0aff3c11fc5ba7a6e71a0314742d8a8d61d20bf716278c583a959f991f2295c2ca1f0cc59e4a101ff4d0c98d4ce8adcfdd11167ce82f9ca0e87ed68b27f7eb1ec3ad4277d34273b9b6ab47c90bfe5132dcc25174c8c45adf4b7162e99eb682c036c877622c5c5840628c60d68fb5d5983662101b760ccce2af4219b1adc4324759bdaae3b0c1e73f420822f987c35161600e7035ae184bddab087b6cc7c35855941fce85ac70b02121050f417d06d5903e5830acea4e5b606246dd5b0a05cda38e9fa9073fe290ef579f8062a452efd2e3a6cabdd0fd751cc1c4d5456435df89f65fcaf3d37f7f32a632a65178cb71f5bcf6cd38059e29a3ddd3608b2d5656aab2443c8219d01dee79b2350174b53ecd80b2ad1af99211833b64967019d75b7df2638447ffdabac49234384459037c0753c66b5c459ca0215f2195adcebb0c497dd2,gx-no-cache=1658937269676 HTTP/1.1" 200 30
186.103.157.98 - - [27/Jul/2022:13:08:10 -0300] "POST /cormun/servlet/solicitudot?gx-no-cache=1658937276531 HTTP/1.1" 200 41
186.103.157.98 - - [27/Jul/2022:13:08:10 -0300] "GET /cormun/servlet/solicitudot?3e79a01ab21e348b71d5668af72010911670cf9cf19cffa9b46c0b5cbd8cebb9a43f59db1a16212734927605e556054060d3ccf122b96b8eadf152457fe20f4c507c2391216da93253651342fc161259cd1e48ce9da5bf44e574ba142fd447a975674dfece95401052e3a1a46d7954ba,gx-no-cache=1658937276664 HTTP/1.1" 200 110
186.103.157.98 - - [27/Jul/2022:13:08:10 -0300] "POST /cormun/servlet/solicitudot?gx-no-cache=1658937276762 HTTP/1.1" 200 110
190.171.142.26 - - [27/Jul/2022:13:08:16 -0300] "POST /cormun/servlet/solicitudot?gx-no-cache=1658937281396 HTTP/1.1" 200 30
186.103.157.98 - - [27/Jul/2022:13:08:20 -0300] "GET /cormun/servlet/solicitudot?3e79a01ab21e348b71d5668af7201091c7050d9a96afff4ecf6b9cb56ede52e76f7b6d44320de3aad506a8fdb8c1aa78028e2cd4d7bfc7731c8d3d9a601e96cc917c3749a8dcd2562d201123166786ef3ce5267172ab19e51b8f56e86bbcfd8a6ff745157b30d121f1b7d3583fe1dc4c99cf51b83d91d6b730c30320eab217dd4948751c7d961689caa2f1a2f1164b8aa20b8b054cb65e3a860fddbb29124605,gx-no-cache=1658937286700 HTTP/1.1" 200 29
190.171.142.26 - - [27/Jul/2022:13:08:29 -0300] "GET /cormun/servlet/prlicenciaspermisos?7123814,L,,MD,,gxPopupLevel%3D0%3B HTTP/1.1" 200 7067
190.171.142.26 - - [27/Jul/2022:13:08:29 -0300] "GET /cormun/static/gxcfg.js?2020121559567 HTTP/1.1" 200 953
190.171.142.26 - - [27/Jul/2022:13:08:29 -0300] "GET /cormun/static/prlicenciaspermisos.js?2020121559821 HTTP/1.1" 200 13379
190.171.142.26 - - [27/Jul/2022:13:08:49 -0300] "POST /cormun/servlet/solicitudot?gx-no-cache=1658937314433 HTTP/1.1" 200 1468
190.171.142.26 - - [27/Jul/2022:13:08:52 -0300] "POST /cormun/servlet/solicitudot?gx-no-cache=1658937317804 HTTP/1.1" 200 40
190.171.142.26 - - [27/Jul/2022:13:09:12 -0300] "GET /cormun/servlet/solicitudot?7b0a48fc771ad7ee760addbeba9f31f7c07c2ce0e0b0900d4c9e2c548cfd191a95c7adfc57f3894703402219fb327473b00d095345c1673dea04b829a37af50fc0509b426c7fa2a3b71f11f5556459ed9edecdf943b66a1b319430c30534dccad1df467eb5737da1b793846913edf7b5,gx-no-cache=1658937336884 HTTP/1.1" 200 110
190.171.142.26 - - [27/Jul/2022:13:09:12 -0300] "POST /cormun/servlet/solicitudot?gx-no-cache=1658937336944 HTTP/1.1" 200 97
190.171.142.26 - - [27/Jul/2022:13:09:41 -0300] "GET /cormun/servlet/solicitudot?7b0a48fc771ad7ee760addbeba9f31f77f479f858b2b5a7cc24d67b939f3702bb2b49082a2357c56a00e40435a4f8bcf48592d7a5478e306a39e435af71a77f4ff038ec496386d49bbeb714a885e340e4878666222e523b4e0c59e967a8cc3767073f146ab41564a71fe02dec4727ed2,gx-no-cache=1658937366370 HTTP/1.1" 200 29
190.171.142.26 - - [27/Jul/2022:13:09:41 -0300] "GET /cormun/static/menuarrow.gif HTTP/1.1" 404 1015
190.171.142.26 - - [27/Jul/2022:13:09:43 -0300] "GET /cormun/servlet/solicitudot?7b0a48fc771ad7ee760addbeba9f31f70252bc2cacfa73e525ea2a1aac2a6d2d4266e9f060fd67e507a2bb008017b188,gx-no-cache=1658937368688 HTTP/1.1" 200 30
190.171.142.26 - - [27/Jul/2022:13:09:43 -0300] "POST /cormun/servlet/solicitudot?gx-no-cache=1658937368737 HTTP/1.1" 200 34
186.67.172.234 - - [27/Jul/2022:13:09:53 -0300] "GET /cormun/servlet/solicitudotadjuntos?INS,2022,18975,,1, HTTP/1.1" 200 6416
186.67.172.234 - - [27/Jul/2022:13:09:53 -0300] "GET /cormun/static/about:blank HTTP/1.1" 404 1011
186.67.172.234 - - [27/Jul/2022:13:09:53 -0300] "GET /cormun/servlet/solicitudotadjuntos?INS,2022,18975,,1, HTTP/1.1" 200 6409
186.67.172.234 - - [27/Jul/2022:13:09:53 -0300] "GET /cormun/servlet/solicitudotadjuntos?ab4b9c88b614ae492dc50876d460e24c415c1bbfa32c405a512796246c56900dda4ac4e79f115fcc9e4e2633b1e3c3ab,gx-no-cache=1658937378781 HTTP/1.1" 200 30
186.67.172.234 - - [27/Jul/2022:13:09:53 -0300] "POST /cormun/servlet/solicitudotadjuntos?084e81951da1ebc61bc142bf2a38d9b0,INS,2022,18975,,1,,gx-no-cache=1658937378829 HTTP/1.1" 200 4189
186.67.172.234 - - [27/Jul/2022:13:10:00 -0300] "POST /cormun/servlet/solicitudotadjuntos?gx-no-cache=1658937385571 HTTP/1.1" 200 26
190.171.142.26 - - [27/Jul/2022:13:10:06 -0300] "POST /cormun/servlet/solicitudot?2ab8c915d86128f476d9159869de31b7,INS,0,0,false,,gx-no-cache=1658937391262 HTTP/1.1" 200 93
190.171.142.26 - - [27/Jul/2022:13:10:06 -0300] "GET /cormun/servlet/hpexe_return? HTTP/1.1" 200 1009
190.171.142.26 - - [27/Jul/2022:13:10:07 -0300] "GET /cormun/servlet/trsolicitudot HTTP/1.1" 200 8500
190.171.142.26 - - [27/Jul/2022:13:10:07 -0300] "GET /cormun/servlet/trsolicitudot HTTP/1.1" 200 8496
186.103.157.98 - - [27/Jul/2022:13:10:52 -0300] "GET /cormun/servlet/prlicenciaspermisos?14202114,L,,MD,,gxPopupLevel%3D0%3B HTTP/1.1" 200 6111
186.67.172.234 - - [27/Jul/2022:13:10:59 -0300] "GET /cormun/servlet/solicitudotadjuntos?ab4b9c88b614ae492dc50876d460e24cd6632b0ef05249a518adf0732ca64e91,gx-no-cache=1658937444325 HTTP/1.1" 200 30
186.67.172.234 - - [27/Jul/2022:13:10:59 -0300] "GET /cormun/servlet/solicitudotadjuntos?ab4b9c88b614ae492dc50876d460e24cd6632b0ef05249a518adf0732ca64e91,gx-no-cache=1658937444363 HTTP/1.1" 200 30
186.67.172.234 - - [27/Jul/2022:13:10:59 -0300] "POST /cormun/servlet/solicitudotadjuntos?084e81951da1ebc61bc142bf2a38d9b0,INS,2022,18975,,1, HTTP/1.1" 200 116
186.67.172.234 - - [27/Jul/2022:13:10:59 -0300] "GET /cormun/servlet/hpexe_return? HTTP/1.1" 200 1031
186.67.172.234 - - [27/Jul/2022:13:10:59 -0300] "GET /cormun/servlet/trsolicitudadjuntos?2022,18975, HTTP/1.1" 200 9960
186.67.172.234 - - [27/Jul/2022:13:10:59 -0300] "GET /cormun/servlet/trsolicitudadjuntos?2022,18975, HTTP/1.1" 200 9959
186.67.172.234 - - [27/Jul/2022:13:11:02 -0300] "GET /cormun/servlet/solicitudotadjuntos?INS,2022,18975,,1, HTTP/1.1" 200 6415
186.67.172.234 - - [27/Jul/2022:13:11:02 -0300] "GET /cormun/static/about:blank HTTP/1.1" 404 1011
186.67.172.234 - - [27/Jul/2022:13:11:02 -0300] "GET /cormun/servlet/solicitudotadjuntos?INS,2022,18975,,1, HTTP/1.1" 200 6408
186.67.172.234 - - [27/Jul/2022:13:11:02 -0300] "GET /cormun/servlet/solicitudotadjuntos?ab4b9c88b614ae492dc50876d460e24c415c1bbfa32c405a512796246c56900dda4ac4e79f115fcc9e4e2633b1e3c3ab,gx-no-cache=1658937447776 HTTP/1.1" 200 30
186.67.172.234 - - [27/Jul/2022:13:11:02 -0300] "POST /cormun/servlet/solicitudotadjuntos?084e81951da1ebc61bc142bf2a38d9b0,INS,2022,18975,,1,,gx-no-cache=1658937447796 HTTP/1.1" 200 4188
186.67.172.234 - - [27/Jul/2022:13:11:05 -0300] "POST /cormun/servlet/solicitudotadjuntos?gx-no-cache=1658937450027 HTTP/1.1" 200 26
186.67.172.234 - - [27/Jul/2022:13:11:09 -0300] "GET /cormun/servlet/solicitudotadjuntos?ab4b9c88b614ae492dc50876d460e24cd6632b0ef05249a518adf0732ca64e91,gx-no-cache=1658937454451 HTTP/1.1" 200 30
186.67.172.234 - - [27/Jul/2022:13:11:09 -0300] "GET /cormun/servlet/solicitudotadjuntos?ab4b9c88b614ae492dc50876d460e24cd6632b0ef05249a518adf0732ca64e91,gx-no-cache=1658937454463 HTTP/1.1" 200 30
186.67.172.234 - - [27/Jul/2022:13:11:09 -0300] "POST /cormun/servlet/solicitudotadjuntos?084e81951da1ebc61bc142bf2a38d9b0,INS,2022,18975,,1, HTTP/1.1" 200 116
186.67.172.234 - - [27/Jul/2022:13:11:09 -0300] "GET /cormun/servlet/hpexe_return? HTTP/1.1" 200 1031
186.67.172.234 - - [27/Jul/2022:13:11:10 -0300] "GET /cormun/servlet/trsolicitudadjuntos?2022,18975, HTTP/1.1" 200 10218
186.67.172.234 - - [27/Jul/2022:13:11:10 -0300] "GET /cormun/servlet/trsolicitudadjuntos?2022,18975, HTTP/1.1" 200 10219
186.67.172.234 - - [27/Jul/2022:13:11:13 -0300] "GET /cormun/servlet/solicitudotadjuntos?INS,2022,18975,,1, HTTP/1.1" 200 6415
186.67.172.234 - - [27/Jul/2022:13:11:13 -0300] "GET /cormun/static/about:blank HTTP/1.1" 404 1011
186.67.172.234 - - [27/Jul/2022:13:11:13 -0300] "GET /cormun/servlet/solicitudotadjuntos?INS,2022,18975,,1, HTTP/1.1" 200 6408
186.67.172.234 - - [27/Jul/2022:13:11:13 -0300] "GET /cormun/servlet/solicitudotadjuntos?ab4b9c88b614ae492dc50876d460e24c415c1bbfa32c405a512796246c56900dda4ac4e79f115fcc9e4e2633b1e3c3ab,gx-no-cache=1658937458772 HTTP/1.1" 200 30
186.67.172.234 - - [27/Jul/2022:13:11:13 -0300] "POST /cormun/servlet/solicitudotadjuntos?084e81951da1ebc61bc142bf2a38d9b0,INS,2022,18975,,1,,gx-no-cache=1658937458786 HTTP/1.1" 200 4188
186.67.172.234 - - [27/Jul/2022:13:11:17 -0300] "POST /cormun/servlet/solicitudotadjuntos?gx-no-cache=1658937462251 HTTP/1.1" 200 26
186.67.172.234 - - [27/Jul/2022:13:11:39 -0300] "GET /cormun/servlet/solicitudotadjuntos?ab4b9c88b614ae492dc50876d460e24cd6632b0ef05249a518adf0732ca64e91,gx-no-cache=1658937484636 HTTP/1.1" 200 30
186.67.172.234 - - [27/Jul/2022:13:11:39 -0300] "GET /cormun/servlet/solicitudotadjuntos?ab4b9c88b614ae492dc50876d460e24cd6632b0ef05249a518adf0732ca64e91,gx-no-cache=1658937484654 HTTP/1.1" 200 30
186.67.172.234 - - [27/Jul/2022:13:11:40 -0300] "POST /cormun/servlet/solicitudotadjuntos?084e81951da1ebc61bc142bf2a38d9b0,INS,2022,18975,,1, HTTP/1.1" 200 116
186.67.172.234 - - [27/Jul/2022:13:11:40 -0300] "GET /cormun/servlet/hpexe_return? HTTP/1.1" 200 1031
186.67.172.234 - - [27/Jul/2022:13:11:40 -0300] "GET /cormun/servlet/trsolicitudadjuntos?2022,18975, HTTP/1.1" 200 10379
186.67.172.234 - - [27/Jul/2022:13:11:41 -0300] "GET /cormun/servlet/trsolicitudadjuntos?2022,18975, HTTP/1.1" 200 10378
186.67.172.234 - - [27/Jul/2022:13:11:44 -0300] "POST /cormun/servlet/trsolicitudadjuntos?084e81951da1ebc61bc142bf2a38d9b0,2022,18975,,gx-no-cache=1658937489576 HTTP/1.1" 200 90
186.67.172.234 - - [27/Jul/2022:13:11:44 -0300] "GET /cormun/servlet/hpexe_link HTTP/1.1" 200 995
186.67.172.234 - - [27/Jul/2022:13:11:44 -0300] "GET /cormun/servlet/trsolicitudot?gx-no-cache=1658935398120 HTTP/1.1" 200 8896
186.67.172.234 - - [27/Jul/2022:13:11:44 -0300] "GET /cormun/servlet/trsolicitudot?gx-no-cache=1658935398120 HTTP/1.1" 200 8915
186.67.172.234 - - [27/Jul/2022:13:11:51 -0300] "POST /cormun/servlet/trsolicitudot?084e81951da1ebc61bc142bf2a38d9b0,gx-no-cache=1658935398120,gx-no-cache=1658937496579 HTTP/1.1" 200 4593
186.67.172.234 - - [27/Jul/2022:13:11:51 -0300] "GET /cormun/static/Shared/jqueryui/images/ui-icons_82798d_256x240.png HTTP/1.1" 404 1089
186.67.172.234 - - [27/Jul/2022:13:11:51 -0300] "GET /cormun/static/Shared/jqueryui/images/ui-bg_highlight-soft_100_c6c2c8_1x100.png HTTP/1.1" 404 1117
186.67.172.234 - - [27/Jul/2022:13:11:51 -0300] "GET /cormun/static/Shared/jqueryui/images/ui-bg_flat_55_fafafa_40x100.png HTTP/1.1" 404 1097
186.67.172.234 - - [27/Jul/2022:13:11:51 -0300] "GET /cormun/static/Shared/jqueryui/images/ui-icons_8d78a5_256x240.png HTTP/1.1" 404 1089
186.67.172.234 - - [27/Jul/2022:13:11:51 -0300] "POST /cormun/servlet/trsolicitudot?084e81951da1ebc61bc142bf2a38d9b0,gx-no-cache=1658935398120,gx-no-cache=1658937496725 HTTP/1.1" 200 4349
186.103.157.98 - - [27/Jul/2022:13:12:10 -0300] "GET /cormun/servlet/solicitudot?3e79a01ab21e348b71d5668af72010911670cf9cf19cffa9b46c0b5cbd8cebb9a43f59db1a16212734927605e556054060d3ccf122b96b8eadf152457fe20f4c507c2391216da93253651342fc161259cd1e48ce9da5bf44e574ba142fd447a975674dfece95401052e3a1a46d7954ba,gx-no-cache=1658937517116 HTTP/1.1" 200 110
186.103.157.98 - - [27/Jul/2022:13:12:10 -0300] "GET /cormun/servlet/solicitudot?3e79a01ab21e348b71d5668af720109164dafc98854073dee3b4911a0871a5d1d87258066e0e3d015b698dc9fd446a89,gx-no-cache=1658937517172 HTTP/1.1" 200 30
186.103.157.98 - - [27/Jul/2022:13:12:11 -0300] "POST /cormun/servlet/solicitudot?gx-no-cache=1658937517213 HTTP/1.1" 200 34
186.103.157.98 - - [27/Jul/2022:13:14:07 -0300] "POST /cormun/servlet/solicitudot?c28c0715c671a4ee15b04f50fb57b7db,INS,0,0,false,,gx-no-cache=1658937633575 HTTP/1.1" 200 93
186.103.157.98 - - [27/Jul/2022:13:14:07 -0300] "GET /cormun/servlet/hpexe_return? HTTP/1.1" 200 1012
186.103.157.98 - - [27/Jul/2022:13:14:07 -0300] "GET /cormun/servlet/trsolicitudot HTTP/1.1" 200 9428
186.103.157.98 - - [27/Jul/2022:13:14:08 -0300] "GET /cormun/servlet/trsolicitudot HTTP/1.1" 200 9426
186.103.157.98 - - [27/Jul/2022:13:14:16 -0300] "POST /cormun/servlet/trsolicitudot?c28c0715c671a4ee15b04f50fb57b7db,gx-no-cache=1658937642886 HTTP/1.1" 200 107
186.103.157.98 - - [27/Jul/2022:13:14:16 -0300] "GET /cormun/servlet/trsolicitudadjuntos?2022,18977, HTTP/1.1" 200 6338
186.103.157.98 - - [27/Jul/2022:13:14:16 -0300] "GET /cormun/static/gxcfg.js?20201215574222 HTTP/1.1" 200 953
186.103.157.98 - - [27/Jul/2022:13:14:16 -0300] "GET /cormun/static/Resources/PXToolsGridNew.png HTTP/1.1" 200 427
186.103.157.98 - - [27/Jul/2022:13:14:16 -0300] "GET /cormun/static/trsolicitudadjuntos.js?20201215574932 HTTP/1.1" 200 17922
186.103.157.98 - - [27/Jul/2022:13:14:17 -0300] "GET /cormun/servlet/trsolicitudadjuntos?2022,18977, HTTP/1.1" 200 6338
186.103.157.98 - - [27/Jul/2022:13:14:21 -0300] "GET /cormun/servlet/solicitudotadjuntos?INS,2022,18977,,1, HTTP/1.1" 200 6283
186.103.157.98 - - [27/Jul/2022:13:14:21 -0300] "GET /cormun/static/gxcfg.js?202012157947 HTTP/1.1" 200 953
186.103.157.98 - - [27/Jul/2022:13:14:21 -0300] "GET /cormun/static/about:blank HTTP/1.1" 404 1011
186.103.157.98 - - [27/Jul/2022:13:14:22 -0300] "GET /cormun/static/solicitudotadjuntos.js?202012157966 HTTP/1.1" 200 11771
186.103.157.98 - - [27/Jul/2022:13:14:22 -0300] "GET /cormun/servlet/solicitudotadjuntos?INS,2022,18977,,1, HTTP/1.1" 200 6276
186.103.157.98 - - [27/Jul/2022:13:14:22 -0300] "GET /cormun/servlet/solicitudotadjuntos?3e79a01ab21e348b71d5668af7201091bb004ad67ad642325d83ceb6cb6240966551672042e642bb1e736f94f7c16945,gx-no-cache=1658937648884 HTTP/1.1" 200 30
186.103.157.98 - - [27/Jul/2022:13:14:22 -0300] "POST /cormun/servlet/solicitudotadjuntos?c28c0715c671a4ee15b04f50fb57b7db,INS,2022,18977,,1,,gx-no-cache=1658937648917 HTTP/1.1" 200 4194
186.103.157.98 - - [27/Jul/2022:13:14:24 -0300] "POST /cormun/servlet/solicitudotadjuntos?gx-no-cache=1658937651054 HTTP/1.1" 200 26
186.103.157.98 - - [27/Jul/2022:13:14:31 -0300] "GET /cormun/servlet/solicitudotadjuntos?3e79a01ab21e348b71d5668af7201091f141649eeb58223766225667964b32bf,gx-no-cache=1658937657939 HTTP/1.1" 200 30
186.103.157.98 - - [27/Jul/2022:13:14:31 -0300] "GET /cormun/servlet/solicitudotadjuntos?3e79a01ab21e348b71d5668af7201091f141649eeb58223766225667964b32bf,gx-no-cache=1658937657957 HTTP/1.1" 200 30
186.103.157.98 - - [27/Jul/2022:13:14:32 -0300] "POST /cormun/servlet/solicitudotadjuntos?c28c0715c671a4ee15b04f50fb57b7db,INS,2022,18977,,1, HTTP/1.1" 200 116
186.103.157.98 - - [27/Jul/2022:13:14:32 -0300] "GET /cormun/servlet/hpexe_return? HTTP/1.1" 200 1030
186.103.157.98 - - [27/Jul/2022:13:14:32 -0300] "GET /cormun/servlet/trsolicitudadjuntos?2022,18977, HTTP/1.1" 200 9122
186.103.157.98 - - [27/Jul/2022:13:14:32 -0300] "GET /cormun/servlet/trsolicitudadjuntos?2022,18977, HTTP/1.1" 200 9121
186.103.157.98 - - [27/Jul/2022:13:14:34 -0300] "GET /cormun/servlet/solicitudotadjuntos?INS,2022,18977,,1, HTTP/1.1" 200 6283
186.103.157.98 - - [27/Jul/2022:13:14:35 -0300] "GET /cormun/static/about:blank HTTP/1.1" 404 1011
186.103.157.98 - - [27/Jul/2022:13:14:35 -0300] "GET /cormun/servlet/solicitudotadjuntos?INS,2022,18977,,1, HTTP/1.1" 200 6276
186.103.157.98 - - [27/Jul/2022:13:14:35 -0300] "GET /cormun/servlet/solicitudotadjuntos?3e79a01ab21e348b71d5668af7201091bb004ad67ad642325d83ceb6cb6240966551672042e642bb1e736f94f7c16945,gx-no-cache=1658937661768 HTTP/1.1" 200 30
186.103.157.98 - - [27/Jul/2022:13:14:35 -0300] "POST /cormun/servlet/solicitudotadjuntos?c28c0715c671a4ee15b04f50fb57b7db,INS,2022,18977,,1,,gx-no-cache=1658937661800 HTTP/1.1" 200 4195
186.103.157.98 - - [27/Jul/2022:13:14:38 -0300] "POST /cormun/servlet/solicitudotadjuntos?gx-no-cache=1658937664812 HTTP/1.1" 200 26
185.7.214.104 - - [27/Jul/2022:13:14:52 -0300] "POST /cgi-bin/.%2e/.%2e/.%2e/.%2e/bin/sh HTTP/1.1" 400 -
186.103.157.98 - - [27/Jul/2022:13:16:15 -0300] "POST /cormun/servlet/solicitudotadjuntos?gx-no-cache=1658937761755 HTTP/1.1" 200 26
186.103.157.98 - - [27/Jul/2022:13:16:33 -0300] "GET /cormun/servlet/solicitudotadjuntos?3e79a01ab21e348b71d5668af7201091f141649eeb58223766225667964b32bf,gx-no-cache=1658937779803 HTTP/1.1" 200 30
186.103.157.98 - - [27/Jul/2022:13:16:33 -0300] "GET /cormun/servlet/solicitudotadjuntos?3e79a01ab21e348b71d5668af7201091f141649eeb58223766225667964b32bf,gx-no-cache=1658937779830 HTTP/1.1" 200 30
186.103.157.98 - - [27/Jul/2022:13:16:33 -0300] "POST /cormun/servlet/solicitudotadjuntos?c28c0715c671a4ee15b04f50fb57b7db,INS,2022,18977,,1, HTTP/1.1" 200 116
186.103.157.98 - - [27/Jul/2022:13:16:33 -0300] "GET /cormun/servlet/hpexe_return? HTTP/1.1" 200 1030
186.103.157.98 - - [27/Jul/2022:13:16:34 -0300] "GET /cormun/servlet/trsolicitudadjuntos?2022,18977, HTTP/1.1" 200 9351
186.103.157.98 - - [27/Jul/2022:13:16:34 -0300] "GET /cormun/servlet/trsolicitudadjuntos?2022,18977, HTTP/1.1" 200 9349
186.103.157.98 - - [27/Jul/2022:13:18:09 -0300] "GET /cormun/servlet/hlogin HTTP/1.1" 200 1760
190.171.141.90 - - [27/Jul/2022:13:18:20 -0300] "GET /cormun/servlet/hlogin HTTP/1.1" 200 1732
190.171.141.90 - - [27/Jul/2022:13:18:20 -0300] "GET /cormun/servlet/hlogin HTTP/1.1" 200 1742
190.171.142.26 - - [27/Jul/2022:13:18:35 -0300] "GET /cormun/servlet/trlicencias? HTTP/1.1" 200 13182
190.171.142.26 - - [27/Jul/2022:13:18:36 -0300] "GET /cormun/servlet/trlicencias? HTTP/1.1" 200 13181
190.171.141.90 - - [27/Jul/2022:13:18:37 -0300] "POST /cormun/servlet/hlogin?f04671cdaaafb3e2dc2f876b539354d3,gx-no-cache=1658937902153 HTTP/1.1" 200 446
190.171.141.90 - - [27/Jul/2022:13:18:44 -0300] "POST /cormun/servlet/hlogin?f04671cdaaafb3e2dc2f876b539354d3,gx-no-cache=1658937908781 HTTP/1.1" 200 90
190.171.141.90 - - [27/Jul/2022:13:18:44 -0300] "GET /cormun/servlet/hpexe_link HTTP/1.1" 200 957
190.171.141.90 - - [27/Jul/2022:13:18:44 -0300] "GET /cormun/static/hpexe_link.js?201991422392963 HTTP/1.1" 200 625
190.171.141.90 - - [27/Jul/2022:13:18:44 -0300] "GET /cormun/static/gxcfg.js?201991422392958 HTTP/1.1" 200 953
190.171.141.90 - - [27/Jul/2022:13:18:44 -0300] "GET /cormun/servlet/hhome HTTP/1.1" 200 3977
190.171.141.90 - - [27/Jul/2022:13:18:45 -0300] "GET /cormun/static/gxcfg.js?20201215495537 HTTP/1.1" 200 953
190.171.141.90 - - [27/Jul/2022:13:18:45 -0300] "GET /cormun/static/hhome.js?20201215495544 HTTP/1.1" 200 777
190.171.141.90 - - [27/Jul/2022:13:18:45 -0300] "GET /cormun/static/SmoothNavMenu/resources/images/down.gif HTTP/1.1" 200 854
190.171.141.90 - - [27/Jul/2022:13:18:45 -0300] "GET /cormun/servlet/hhome HTTP/1.1" 200 3974
190.171.141.90 - - [27/Jul/2022:13:19:16 -0300] "GET /cormun/servlet/trpermisosgoce? HTTP/1.1" 200 11683
190.171.141.90 - - [27/Jul/2022:13:19:16 -0300] "GET /cormun/static/gxcfg.js?2020121631564 HTTP/1.1" 200 953
190.171.141.90 - - [27/Jul/2022:13:19:17 -0300] "GET /cormun/static/trpermisosgoce.js?2020121633681 HTTP/1.1" 200 35904
190.171.141.90 - - [27/Jul/2022:13:19:17 -0300] "GET /cormun//static/Resources/PXToolsGridUpdate.png HTTP/1.1" 200 470
190.171.141.90 - - [27/Jul/2022:13:19:17 -0300] "GET /cormun//static/Resources/PXToolsGridDelete.png HTTP/1.1" 200 538
190.171.141.90 - - [27/Jul/2022:13:19:17 -0300] "GET /cormun/servlet/trpermisosgoce? HTTP/1.1" 200 11680
190.171.141.82 - - [27/Jul/2022:13:20:53 -0300] "GET /cormun/servlet/trlicencias? HTTP/1.1" 200 7766
190.171.141.82 - - [27/Jul/2022:13:20:53 -0300] "GET /cormun/servlet/hlogin HTTP/1.1" 200 1742
190.171.141.82 - - [27/Jul/2022:13:20:53 -0300] "GET /cormun/servlet/trlicencias? HTTP/1.1" 200 7766
190.171.141.82 - - [27/Jul/2022:13:20:53 -0300] "GET /cormun/servlet/trlicencias? HTTP/1.1" 200 7766
190.171.141.82 - - [27/Jul/2022:13:20:59 -0300] "POST /cormun/servlet/hlogin?a8ec5df094a3d38f0849cc87778995c6,gx-no-cache=1658938045053 HTTP/1.1" 200 90
190.171.141.82 - - [27/Jul/2022:13:20:59 -0300] "GET /cormun/servlet/hpexe_link HTTP/1.1" 200 957
190.171.141.82 - - [27/Jul/2022:13:21:00 -0300] "GET /cormun/servlet/trlicencias HTTP/1.1" 200 9031
190.171.141.82 - - [27/Jul/2022:13:21:00 -0300] "GET /cormun/servlet/trlicencias HTTP/1.1" 200 9029
190.171.141.82 - - [27/Jul/2022:13:21:03 -0300] "GET /cormun/servlet/licenciaspermisos?INS,0,,, HTTP/1.1" 200 7572
190.171.141.82 - - [27/Jul/2022:13:21:03 -0300] "GET /cormun/static/gxcfg.js?202012153173 HTTP/1.1" 200 953
190.171.141.82 - - [27/Jul/2022:13:21:03 -0300] "GET /cormun/static/licenciaspermisos.js?2020121532136 HTTP/1.1" 200 38824
190.171.141.82 - - [27/Jul/2022:13:21:03 -0300] "GET /cormun/servlet/licenciaspermisos?INS,0,,, HTTP/1.1" 200 7570
190.171.141.82 - - [27/Jul/2022:13:21:14 -0300] "GET /cormun/servlet/licenciaspermisos?af6b0d46d911f52e8916e844faeadd98c8edaa7759c3ec648561fe66bd40306e9b0641781694b364ddf686ce76e25ef8fe5714521d7f87d4c1c83abb6c8ed66d,gx-no-cache=1658938059970 HTTP/1.1" 200 96
190.171.141.82 - - [27/Jul/2022:13:21:14 -0300] "POST /cormun/servlet/licenciaspermisos?a8ec5df094a3d38f0849cc87778995c6,INS,0,,,,gx-no-cache=1658938060025 HTTP/1.1" 200 4835
190.171.141.90 - - [27/Jul/2022:13:23:20 -0300] "GET /cormun/servlet/trpermisosgoce? HTTP/1.1" 200 11680
190.171.141.90 - - [27/Jul/2022:13:23:20 -0300] "GET /cormun/servlet/trpermisosgoce? HTTP/1.1" 200 11680
190.171.141.90 - - [27/Jul/2022:13:23:26 -0300] "GET /cormun/servlet/permisogoce?INS,0,,, HTTP/1.1" 200 6838
190.171.141.90 - - [27/Jul/2022:13:23:26 -0300] "GET /cormun/static/gxcfg.js?20201215124560 HTTP/1.1" 200 953
190.171.141.90 - - [27/Jul/2022:13:23:26 -0300] "GET /cormun/static/permisogoce.js?20201215124939 HTTP/1.1" 200 27919
190.171.141.90 - - [27/Jul/2022:13:23:26 -0300] "GET /cormun/static/Resources/prompt.gif HTTP/1.1" 200 902
190.171.141.90 - - [27/Jul/2022:13:23:27 -0300] "GET /cormun/servlet/permisogoce?INS,0,,, HTTP/1.1" 200 6837
190.171.141.90 - - [27/Jul/2022:13:23:33 -0300] "GET /cormun/static/Resources/resize.gif HTTP/1.1" 200 77
190.171.141.90 - - [27/Jul/2022:13:23:33 -0300] "GET /cormun/static/Resources/PXTools/ClosePrompt.png HTTP/1.1" 200 1036
190.171.141.90 - - [27/Jul/2022:13:23:33 -0300] "GET /cormun/servlet/prfichaempleado?,MD,,gxPopupLevel%3D0%3B HTTP/1.1" 200 9274
190.171.141.90 - - [27/Jul/2022:13:23:33 -0300] "GET /cormun/static/gxcfg.js?20201215571085 HTTP/1.1" 200 953
190.171.141.90 - - [27/Jul/2022:13:23:33 -0300] "GET /cormun/static/prfichaempleado.js?20201215572193 HTTP/1.1" 200 16006
190.171.141.90 - - [27/Jul/2022:13:23:33 -0300] "GET /cormun/static/menusearch.js?20201214473581 HTTP/1.1" 200 1424
190.171.141.90 - - [27/Jul/2022:13:23:34 -0300] "GET /cormun/static/hmpwkw011.js?20201215495555 HTTP/1.1" 200 1968
190.171.141.90 - - [27/Jul/2022:13:23:34 -0300] "GET /cormun/static/Resources/PXToolsMenuSearch.png HTTP/1.1" 200 336
190.171.141.90 - - [27/Jul/2022:13:23:34 -0300] "GET /cormun/static/Resources/PXToolsMenuSearchCancel.png HTTP/1.1" 200 306
190.171.141.90 - - [27/Jul/2022:13:23:42 -0300] "POST /cormun/servlet/prfichaempleado?f04671cdaaafb3e2dc2f876b539354d3,,MD,,gxPopupLevel%3D0%3B,gx-no-cache=1658938207002 HTTP/1.1" 200 6238
190.171.141.90 - - [27/Jul/2022:13:23:42 -0300] "GET /cormun/static/Resources/PXToolsGridNext.gif HTTP/1.1" 200 369
190.171.141.90 - - [27/Jul/2022:13:23:42 -0300] "GET /cormun/static/Resources/PXToolsGridLast.gif HTTP/1.1" 200 370
190.171.141.82 - - [27/Jul/2022:13:25:54 -0300] "GET /cormun/servlet/licenciaspermisos?af6b0d46d911f52e8916e844faeadd98113d54508ff94ffbb67b9d2c7e842ccb661b2a992f14488662443d21ee1e4243404d8fa491c2a631f40c06067b8e768f7085319077d7768bbf092c4b97930f379c5d1061bacdbba76939581a22742ad643036500b8de4575b286c39bd66a746110369f9e1a584ec037b2537ab2cc79cdc534e84ae509a2c3c887d22083f22bae40cf849b930e3a836c1acb9614f18bea22c1f589b5bca1b114c849bc7adb57dc62e3af61404ac94cdefe8f2a17e87b095ab0e3b3f5d1908befa025138757a8bd168a8ffbd71a9db1d91decf8c241d837,gx-no-cache=1658938339712 HTTP/1.1" 200 30
190.171.141.82 - - [27/Jul/2022:13:25:54 -0300] "GET /cormun/servlet/licenciaspermisos?af6b0d46d911f52e8916e844faeadd982bf3bfc248a9e5b363a7a81261f607bf646eab903afa508a77a0cfb2796ff2dd7944cfc23a1e96fe1c2659000ae7ba1ffb709ded5318d7b83ade301669b8c088a439d449350bb53198fabe5550a211d4c9795528455cdb050169203eae05cff0fa5e17a4c94069e5af5620aeb5e2b841fb9f0050547f5c0150e906a835d2209ee61a184fb9b7e4fe692ced5b900779c8e92c8444516bb2666efcd30353e5c3475ffbe2e393b453e09f3e1dd1b9e25dce2e3c3b73c22cb4dd55937c406ba3a25bb910b8034c93ac37eb4ba297c193ffee,gx-no-cache=1658938339749 HTTP/1.1" 200 29
190.171.141.82 - - [27/Jul/2022:13:25:54 -0300] "POST /cormun/servlet/licenciaspermisos?a8ec5df094a3d38f0849cc87778995c6,INS,0,,,,gx-no-cache=1658938339769 HTTP/1.1" 200 93
190.171.141.82 - - [27/Jul/2022:13:25:54 -0300] "GET /cormun/servlet/hpexe_return? HTTP/1.1" 200 1012
190.171.141.82 - - [27/Jul/2022:13:25:55 -0300] "GET /cormun/servlet/trlicencias HTTP/1.1" 200 9439
190.171.141.82 - - [27/Jul/2022:13:25:55 -0300] "GET /cormun/servlet/trlicencias HTTP/1.1" 200 9435
190.171.141.82 - - [27/Jul/2022:13:26:01 -0300] "GET /cormun/servlet/alicenciaprn?13945553,L,20220727000000,PU HTTP/1.1" 200 1545
190.171.141.82 - - [27/Jul/2022:13:26:01 -0300] "GET /cormun/servlet/alicenciaprn?13945553,L,20220727000000,PU HTTP/1.1" 200 1545
190.171.141.90 - - [27/Jul/2022:13:26:02 -0300] "POST /cormun/servlet/prfichaempleado?f04671cdaaafb3e2dc2f876b539354d3,,MD,,gxPopupLevel%3D0%3B,gx-no-cache=1658938347624 HTTP/1.1" 200 3470
190.171.141.90 - - [27/Jul/2022:13:26:12 -0300] "GET /cormun/servlet/permisogoce?a3a75b28dcf6fefac20a47e0736a3fb4f54828a9197f4d4acf8b96fe4ce947b5b4381baa0e079e5aa29ee1978708fc128ecd9d13bbcfcb6f3cd41c1172e538f9,gx-no-cache=1658938356976 HTTP/1.1" 200 87
190.171.141.90 - - [27/Jul/2022:13:26:12 -0300] "GET /cormun/static/menuarrow.gif HTTP/1.1" 404 1015
190.171.141.90 - - [27/Jul/2022:13:26:17 -0300] "GET /cormun/servlet/permisogoce?a3a75b28dcf6fefac20a47e0736a3fb4fb1192cb94a64d101c925c1b9871bf822fd8ebe28588d8a9fdd138637831c6372143e9be5756cf400e190bff46132445,gx-no-cache=1658938361844 HTTP/1.1" 200 47
190.171.141.90 - - [27/Jul/2022:13:26:18 -0300] "POST /cormun/servlet/permisogoce?f04671cdaaafb3e2dc2f876b539354d3,INS,0,,,,gx-no-cache=1658938362951 HTTP/1.1" 200 93
190.171.141.90 - - [27/Jul/2022:13:26:18 -0300] "GET /cormun/servlet/hpexe_return? HTTP/1.1" 200 1014
190.171.141.90 - - [27/Jul/2022:13:26:18 -0300] "GET /cormun/static/gxcfg.js?201991422392976 HTTP/1.1" 200 953
190.171.141.90 - - [27/Jul/2022:13:26:18 -0300] "GET /cormun/static/hpexe_return.js?201991422392984 HTTP/1.1" 200 1633
190.171.141.90 - - [27/Jul/2022:13:26:19 -0300] "GET /cormun/servlet/trpermisosgoce HTTP/1.1" 200 11966
190.171.141.90 - - [27/Jul/2022:13:26:19 -0300] "GET /cormun/servlet/trpermisosgoce HTTP/1.1" 200 11927
192.168.10.17 - - [27/Jul/2022:13:26:59 -0300] "GET /cormun/servlet/vesolicitudgral?2022,18970,,SolicitudOTAdjuntos HTTP/1.1" 200 10245
192.168.10.17 - - [27/Jul/2022:13:26:59 -0300] "GET /cormun/pexe_scrolldiv.js HTTP/1.1" 404 1009
192.168.10.17 - - [27/Jul/2022:13:26:59 -0300] "GET /cormun/servlet/hlogin HTTP/1.1" 200 1771
192.168.10.17 - - [27/Jul/2022:13:27:00 -0300] "GET /cormun/servlet/vesolicitudgral?2022,18970,,SolicitudOTAdjuntos HTTP/1.1" 200 10253
192.168.10.17 - - [27/Jul/2022:13:27:00 -0300] "GET /cormun/servlet/vesolicitudgral?2022,18970,,SolicitudOTAdjuntos HTTP/1.1" 200 10250
192.168.10.17 - - [27/Jul/2022:13:27:06 -0300] "POST /cormun/servlet/hlogin?d127ef873836dfce95f3bb0c32587065,gx-no-cache=1658938235794 HTTP/1.1" 200 90
192.168.10.17 - - [27/Jul/2022:13:27:06 -0300] "GET /cormun/servlet/hpexe_link HTTP/1.1" 200 988
192.168.10.17 - - [27/Jul/2022:13:27:06 -0300] "GET /cormun/servlet/vesolicitudgral?2022,18970,,SolicitudOTAdjuntos HTTP/1.1" 200 10699
192.168.10.17 - - [27/Jul/2022:13:27:06 -0300] "GET /cormun/pexe_scrolldiv.js HTTP/1.1" 404 1009
192.168.10.17 - - [27/Jul/2022:13:27:06 -0300] "GET /cormun/servlet/vesolicitudgral?2022,18970,,SolicitudOTAdjuntos HTTP/1.1" 200 10709
192.168.10.17 - - [27/Jul/2022:13:27:07 -0300] "POST /cormun/servlet/acontrolpreferencessavestate?None,RRHH+DANIELA,true HTTP/1.1" 200 35
192.168.10.17 - - [27/Jul/2022:13:27:11 -0300] "GET /cormun/PublicTempStorage/cedula1827055.pdf HTTP/1.1" 200 159203
190.171.141.90 - - [27/Jul/2022:13:28:07 -0300] "GET /cormun/servlet/trpermisosadjuntos?7447504,20220727120656,P, HTTP/1.1" 200 6306
190.171.141.90 - - [27/Jul/2022:13:28:07 -0300] "GET /cormun/static/gxcfg.js?2020121641683 HTTP/1.1" 200 953
190.171.141.90 - - [27/Jul/2022:13:28:07 -0300] "GET /cormun/static/trpermisosadjuntos.js?2020121642996 HTTP/1.1" 200 20158
190.171.141.90 - - [27/Jul/2022:13:28:07 -0300] "GET /cormun/servlet/trpermisosadjuntos?7447504,20220727120656,P, HTTP/1.1" 200 6307
186.103.157.98 - - [27/Jul/2022:13:28:08 -0300] "POST /cormun/servlet/hlogin?c28c0715c671a4ee15b04f50fb57b7db,gx-no-cache=1658938474522 HTTP/1.1" 200 471
190.171.141.90 - - [27/Jul/2022:13:28:10 -0300] "GET /cormun/servlet/permisosadjuntos?INS,7447504,P,20220727120656,, HTTP/1.1" 200 5626
190.171.141.90 - - [27/Jul/2022:13:28:10 -0300] "GET /cormun/static/gxcfg.js?20201215134212 HTTP/1.1" 200 953
190.171.141.90 - - [27/Jul/2022:13:28:10 -0300] "GET /cormun/static/permisosadjuntos.js?20201215134285 HTTP/1.1" 200 8724
190.171.141.90 - - [27/Jul/2022:13:28:10 -0300] "GET /cormun/servlet/permisosadjuntos?INS,7447504,P,20220727120656,, HTTP/1.1" 200 5615
190.171.141.90 - - [27/Jul/2022:13:28:10 -0300] "GET /cormun/static/about:blank HTTP/1.1" 404 1011
186.103.157.98 - - [27/Jul/2022:13:28:14 -0300] "POST /cormun/servlet/hlogin?c28c0715c671a4ee15b04f50fb57b7db,gx-no-cache=1658938480336 HTTP/1.1" 200 90
186.103.157.98 - - [27/Jul/2022:13:28:14 -0300] "GET /cormun/servlet/hpexe_link HTTP/1.1" 200 975
186.103.157.98 - - [27/Jul/2022:13:28:14 -0300] "GET /cormun/servlet/trsolicitudadjuntos?2022,18977, HTTP/1.1" 200 9348
186.103.157.98 - - [27/Jul/2022:13:28:14 -0300] "GET /cormun/servlet/trsolicitudadjuntos?2022,18977, HTTP/1.1" 200 9348
186.103.157.98 - - [27/Jul/2022:13:28:21 -0300] "GET /cormun/servlet/solicitudotadjuntos?INS,2022,18977,,1, HTTP/1.1" 200 6283
186.103.157.98 - - [27/Jul/2022:13:28:21 -0300] "GET /cormun/static/about:blank HTTP/1.1" 404 1011
186.103.157.98 - - [27/Jul/2022:13:28:21 -0300] "GET /cormun/servlet/solicitudotadjuntos?INS,2022,18977,,1, HTTP/1.1" 200 6277
186.103.157.98 - - [27/Jul/2022:13:28:22 -0300] "GET /cormun/servlet/solicitudotadjuntos?3e79a01ab21e348b71d5668af7201091bb004ad67ad642325d83ceb6cb6240966551672042e642bb1e736f94f7c16945,gx-no-cache=1658938488463 HTTP/1.1" 200 30
186.103.157.98 - - [27/Jul/2022:13:28:22 -0300] "POST /cormun/servlet/solicitudotadjuntos?c28c0715c671a4ee15b04f50fb57b7db,INS,2022,18977,,1,,gx-no-cache=1658938488490 HTTP/1.1" 200 4195
192.168.10.17 - - [27/Jul/2022:13:28:27 -0300] "GET /cormun/servlet/vesolicitudgral?2022,18970,,SolicitudOTAdjuntos HTTP/1.1" 200 10700
192.168.10.17 - - [27/Jul/2022:13:28:27 -0300] "GET /cormun/servlet/vesolicitudgral?2022,18970,,SolicitudOTAdjuntos HTTP/1.1" 200 10707
192.168.10.17 - - [27/Jul/2022:13:28:28 -0300] "POST /cormun/servlet/acontrolpreferencessavestate?None,RRHH+DANIELA,true HTTP/1.1" 200 35
192.168.10.17 - - [27/Jul/2022:13:28:29 -0300] "GET /cormun/PublicTempStorage/cv2324237.pdf HTTP/1.1" 200 77904
186.103.157.98 - - [27/Jul/2022:13:28:32 -0300] "POST /cormun/servlet/solicitudotadjuntos?gx-no-cache=1658938498436 HTTP/1.1" 200 26
186.103.157.98 - - [27/Jul/2022:13:28:54 -0300] "GET /cormun/servlet/solicitudotadjuntos?3e79a01ab21e348b71d5668af7201091f141649eeb58223766225667964b32bf,gx-no-cache=1658938521042 HTTP/1.1" 200 30
186.103.157.98 - - [27/Jul/2022:13:28:54 -0300] "GET /cormun/servlet/solicitudotadjuntos?3e79a01ab21e348b71d5668af7201091f141649eeb58223766225667964b32bf,gx-no-cache=1658938521070 HTTP/1.1" 200 30
186.103.157.98 - - [27/Jul/2022:13:28:55 -0300] "POST /cormun/servlet/solicitudotadjuntos?c28c0715c671a4ee15b04f50fb57b7db,INS,2022,18977,,1, HTTP/1.1" 200 116
186.103.157.98 - - [27/Jul/2022:13:28:55 -0300] "GET /cormun/servlet/hpexe_return? HTTP/1.1" 200 1030
192.168.10.17 - - [27/Jul/2022:13:28:55 -0300] "GET /cormun/servlet/vesolicitudgral?2022,18970,,SolicitudOTAdjuntos HTTP/1.1" 200 10708
186.103.157.98 - - [27/Jul/2022:13:28:55 -0300] "GET /cormun/servlet/trsolicitudadjuntos?2022,18977, HTTP/1.1" 200 9566
192.168.10.17 - - [27/Jul/2022:13:28:55 -0300] "GET /cormun/servlet/vesolicitudgral?2022,18970,,SolicitudOTAdjuntos HTTP/1.1" 200 10709
186.103.157.98 - - [27/Jul/2022:13:28:55 -0300] "GET /cormun/servlet/trsolicitudadjuntos?2022,18977, HTTP/1.1" 200 9564
192.168.10.17 - - [27/Jul/2022:13:28:56 -0300] "POST /cormun/servlet/acontrolpreferencessavestate?None,RRHH+DANIELA,true HTTP/1.1" 200 35
192.168.10.17 - - [27/Jul/2022:13:28:57 -0300] "GET /cormun/servlet/vesolicitudgral?2022,18970,,General HTTP/1.1" 200 8248
192.168.10.17 - - [27/Jul/2022:13:28:57 -0300] "GET /cormun/pexe_scrolldiv.js HTTP/1.1" 404 1009
192.168.10.17 - - [27/Jul/2022:13:28:57 -0300] "GET /cormun/servlet/vesolicitudgral?2022,18970,,General HTTP/1.1" 200 8248
186.103.157.98 - - [27/Jul/2022:13:29:04 -0300] "GET /cormun/servlet/solicitudotadjuntos?INS,2022,18977,,1, HTTP/1.1" 200 6283
186.103.157.98 - - [27/Jul/2022:13:29:04 -0300] "GET /cormun/static/about:blank HTTP/1.1" 404 1011
186.103.157.98 - - [27/Jul/2022:13:29:04 -0300] "GET /cormun/servlet/solicitudotadjuntos?INS,2022,18977,,1, HTTP/1.1" 200 6277
186.103.157.98 - - [27/Jul/2022:13:29:05 -0300] "GET /cormun/servlet/solicitudotadjuntos?3e79a01ab21e348b71d5668af7201091bb004ad67ad642325d83ceb6cb6240966551672042e642bb1e736f94f7c16945,gx-no-cache=1658938531306 HTTP/1.1" 200 30
186.103.157.98 - - [27/Jul/2022:13:29:05 -0300] "POST /cormun/servlet/solicitudotadjuntos?c28c0715c671a4ee15b04f50fb57b7db,INS,2022,18977,,1,,gx-no-cache=1658938531344 HTTP/1.1" 200 4194
186.103.157.98 - - [27/Jul/2022:13:29:07 -0300] "POST /cormun/servlet/solicitudotadjuntos?gx-no-cache=1658938534069 HTTP/1.1" 200 26
190.171.141.82 - - [27/Jul/2022:13:29:15 -0300] "GET /cormun/servlet/trlicenciaspermisosadjuntos?13945553,20220727000000,L, HTTP/1.1" 200 6320
190.171.141.82 - - [27/Jul/2022:13:29:15 -0300] "GET /cormun/static/gxcfg.js?201991422445549 HTTP/1.1" 200 953
190.171.141.82 - - [27/Jul/2022:13:29:15 -0300] "GET /cormun/static/trlicenciaspermisosadjuntos.js?20199142244593 HTTP/1.1" 200 21036
190.171.141.82 - - [27/Jul/2022:13:29:15 -0300] "GET /cormun/servlet/trlicenciaspermisosadjuntos?13945553,20220727000000,L, HTTP/1.1" 200 6320
190.171.141.82 - - [27/Jul/2022:13:29:18 -0300] "GET /cormun/servlet/licenciaspermisosadjuntos?INS,13945553,L,20220727000000,, HTTP/1.1" 200 5609
190.171.141.82 - - [27/Jul/2022:13:29:18 -0300] "GET /cormun/static/gxcfg.js?20201215114875 HTTP/1.1" 200 953
190.171.141.82 - - [27/Jul/2022:13:29:18 -0300] "GET /cormun/static/licenciaspermisosadjuntos.js?20201215114932 HTTP/1.1" 200 8760
190.171.141.82 - - [27/Jul/2022:13:29:18 -0300] "GET /cormun/static/about:blank HTTP/1.1" 404 1011
190.171.141.82 - - [27/Jul/2022:13:29:18 -0300] "GET /cormun/servlet/licenciaspermisosadjuntos?INS,13945553,L,20220727000000,, HTTP/1.1" 200 5599
192.168.10.17 - - [27/Jul/2022:13:29:21 -0300] "GET /cormun/servlet/vesolicitudgral?2022,18970,,SolicitudOTAdjuntos HTTP/1.1" 200 10709
192.168.10.17 - - [27/Jul/2022:13:29:21 -0300] "GET /cormun/pexe_scrolldiv.js HTTP/1.1" 404 1009
192.168.10.17 - - [27/Jul/2022:13:29:21 -0300] "GET /cormun/servlet/vesolicitudgral?2022,18970,,SolicitudOTAdjuntos HTTP/1.1" 200 10709
192.168.10.17 - - [27/Jul/2022:13:29:22 -0300] "POST /cormun/servlet/acontrolpreferencessavestate?None,RRHH+DANIELA,true HTTP/1.1" 200 35
192.168.10.17 - - [27/Jul/2022:13:29:24 -0300] "GET /cormun/PublicTempStorage/certificado_afp6741122.pdf HTTP/1.1" 200 91626
186.103.157.98 - - [27/Jul/2022:13:29:25 -0300] "GET /cormun/servlet/solicitudotadjuntos?3e79a01ab21e348b71d5668af7201091f141649eeb58223766225667964b32bf,gx-no-cache=1658938551642 HTTP/1.1" 200 30
186.103.157.98 - - [27/Jul/2022:13:29:25 -0300] "GET /cormun/servlet/solicitudotadjuntos?3e79a01ab21e348b71d5668af7201091f141649eeb58223766225667964b32bf,gx-no-cache=1658938551668 HTTP/1.1" 200 30
186.103.157.98 - - [27/Jul/2022:13:29:25 -0300] "POST /cormun/servlet/solicitudotadjuntos?c28c0715c671a4ee15b04f50fb57b7db,INS,2022,18977,,1, HTTP/1.1" 200 116
186.103.157.98 - - [27/Jul/2022:13:29:25 -0300] "GET /cormun/servlet/hpexe_return? HTTP/1.1" 200 1030
186.103.157.98 - - [27/Jul/2022:13:29:25 -0300] "GET /cormun/servlet/trsolicitudadjuntos?2022,18977, HTTP/1.1" 200 9799
186.103.157.98 - - [27/Jul/2022:13:29:26 -0300] "GET /cormun/servlet/trsolicitudadjuntos?2022,18977, HTTP/1.1" 200 9795
190.171.141.82 - - [27/Jul/2022:13:29:27 -0300] "POST /cormun/servlet/licenciaspermisosadjuntos?a8ec5df094a3d38f0849cc87778995c6,INS,13945553,L,20220727000000,, HTTP/1.1" 200 116
190.171.141.82 - - [27/Jul/2022:13:29:27 -0300] "GET /cormun/servlet/hpexe_return? HTTP/1.1" 200 1045
190.171.141.82 - - [27/Jul/2022:13:29:28 -0300] "GET /cormun/servlet/trlicenciaspermisosadjuntos?13945553,20220727000000,L, HTTP/1.1" 200 6806
190.171.141.82 - - [27/Jul/2022:13:29:28 -0300] "GET /cormun/servlet/trlicenciaspermisosadjuntos?13945553,20220727000000,L, HTTP/1.1" 200 6804
186.103.157.98 - - [27/Jul/2022:13:29:29 -0300] "GET /cormun/servlet/solicitudotadjuntos?INS,2022,18977,,1, HTTP/1.1" 200 6283
186.103.157.98 - - [27/Jul/2022:13:29:29 -0300] "GET /cormun/static/about:blank HTTP/1.1" 404 1011
186.103.157.98 - - [27/Jul/2022:13:29:29 -0300] "GET /cormun/servlet/solicitudotadjuntos?INS,2022,18977,,1, HTTP/1.1" 200 6277
186.103.157.98 - - [27/Jul/2022:13:29:29 -0300] "GET /cormun/servlet/solicitudotadjuntos?3e79a01ab21e348b71d5668af7201091bb004ad67ad642325d83ceb6cb6240966551672042e642bb1e736f94f7c16945,gx-no-cache=1658938556116 HTTP/1.1" 200 30
186.103.157.98 - - [27/Jul/2022:13:29:30 -0300] "POST /cormun/servlet/solicitudotadjuntos?c28c0715c671a4ee15b04f50fb57b7db,INS,2022,18977,,1,,gx-no-cache=1658938556174 HTTP/1.1" 200 4194
190.171.141.82 - - [27/Jul/2022:13:29:33 -0300] "GET /cormun/servlet/trlicencias? HTTP/1.1" 200 9437
186.103.157.98 - - [27/Jul/2022:13:29:33 -0300] "POST /cormun/servlet/solicitudotadjuntos?gx-no-cache=1658938559178 HTTP/1.1" 200 26
190.171.141.82 - - [27/Jul/2022:13:29:33 -0300] "GET /cormun/servlet/trlicencias? HTTP/1.1" 200 9435
190.171.141.82 - - [27/Jul/2022:13:29:37 -0300] "POST /cormun/servlet/trlicencias?a8ec5df094a3d38f0849cc87778995c6,,gx-no-cache=1658938562608 HTTP/1.1" 200 6742
190.171.141.82 - - [27/Jul/2022:13:29:37 -0300] "GET /cormun/static/Shared/jqueryui/images/ui-bg_highlight-soft_100_c6c2c8_1x100.png HTTP/1.1" 404 1117
190.171.141.82 - - [27/Jul/2022:13:29:37 -0300] "GET /cormun/static/Shared/jqueryui/images/ui-icons_82798d_256x240.png HTTP/1.1" 404 1089
190.171.141.82 - - [27/Jul/2022:13:29:37 -0300] "GET /cormun/static/Shared/jqueryui/images/ui-bg_flat_55_fafafa_40x100.png HTTP/1.1" 404 1097
190.171.141.82 - - [27/Jul/2022:13:29:37 -0300] "GET /cormun/static/Shared/jqueryui/images/ui-icons_8d78a5_256x240.png HTTP/1.1" 404 1089
192.168.10.17 - - [27/Jul/2022:13:29:39 -0300] "GET /cormun/servlet/vesolicitudgral?2022,18970,,SolicitudOTAdjuntos HTTP/1.1" 200 10709
192.168.10.17 - - [27/Jul/2022:13:29:40 -0300] "GET /cormun/servlet/vesolicitudgral?2022,18970,,SolicitudOTAdjuntos HTTP/1.1" 200 10708
192.168.10.17 - - [27/Jul/2022:13:29:40 -0300] "POST /cormun/servlet/acontrolpreferencessavestate?None,RRHH+DANIELA,true HTTP/1.1" 200 35
192.168.10.17 - - [27/Jul/2022:13:29:41 -0300] "GET /cormun/PublicTempStorage/certificado_de_salud5981312.pdf HTTP/1.1" 200 71813
186.103.157.98 - - [27/Jul/2022:13:30:02 -0300] "GET /cormun/servlet/solicitudotadjuntos?3e79a01ab21e348b71d5668af7201091f141649eeb58223766225667964b32bf,gx-no-cache=1658938588834 HTTP/1.1" 200 30
186.103.157.98 - - [27/Jul/2022:13:30:02 -0300] "GET /cormun/servlet/solicitudotadjuntos?3e79a01ab21e348b71d5668af7201091f141649eeb58223766225667964b32bf,gx-no-cache=1658938588861 HTTP/1.1" 200 30
186.103.157.98 - - [27/Jul/2022:13:30:02 -0300] "POST /cormun/servlet/solicitudotadjuntos?c28c0715c671a4ee15b04f50fb57b7db,INS,2022,18977,,1, HTTP/1.1" 200 116
186.103.157.98 - - [27/Jul/2022:13:30:02 -0300] "GET /cormun/servlet/hpexe_return? HTTP/1.1" 200 1030
186.103.157.98 - - [27/Jul/2022:13:30:03 -0300] "GET /cormun/servlet/trsolicitudadjuntos?2022,18977, HTTP/1.1" 200 10121
