190.171.142.10 - - [26/Jul/2022:13:31:24 -0300] "GET /cormun/servlet/licenciaspermisos?fec5642de1662b63f2f8b98d0bace3816f6a07d06165d1008b83764bfde81fc136b0f543b2029c3f6897070a8f523a9913d7665b1af95ad813daa114822ade57,gx-no-cache=1658852269760 HTTP/1.1" 200 115
190.171.142.10 - - [26/Jul/2022:13:31:25 -0300] "POST /cormun/servlet/licenciaspermisos?d39d0734a366910ce1e1b36d22dbc143,INS,0,,,,gx-no-cache=1658852269787 HTTP/1.1" 200 4597
192.168.10.84 - - [26/Jul/2022:13:31:31 -0300] "GET /digitalizacion/servlet/wbadjunto?86852,PU HTTP/1.1" 302 -
192.168.10.84 - - [26/Jul/2022:13:31:31 -0300] "GET /digitalizacion/PublicTempStorage/8052820.tmp HTTP/1.1" 206 23325
192.168.10.84 - - [26/Jul/2022:13:31:31 -0300] "GET /digitalizacion/PublicTempStorage/8052820.tmp HTTP/1.1" 200 7101213
192.168.10.84 - - [26/Jul/2022:13:31:33 -0300] "GET /digitalizacion/PublicTempStorage/8052820.tmp HTTP/1.1" 206 65536
192.168.10.84 - - [26/Jul/2022:13:31:33 -0300] "GET /digitalizacion/PublicTempStorage/8052820.tmp HTTP/1.1" 206 65536
192.168.10.84 - - [26/Jul/2022:13:31:34 -0300] "GET /digitalizacion/PublicTempStorage/8052820.tmp HTTP/1.1" 206 65536
192.168.10.84 - - [26/Jul/2022:13:31:35 -0300] "GET /digitalizacion/PublicTempStorage/8052820.tmp HTTP/1.1" 206 65536
192.168.10.84 - - [26/Jul/2022:13:31:35 -0300] "GET /digitalizacion/PublicTempStorage/8052820.tmp HTTP/1.1" 206 65536
186.67.172.234 - - [26/Jul/2022:13:31:42 -0300] "GET /cormun/servlet/solicitudot?4859ce2ed71e6d30a316b60740c47bea289f27e8556da8dfdb663a5c36d6fa7a502f99dc9bd7dbe250e28d50ac9f5f60,gx-no-cache=1658852288081 HTTP/1.1" 200 30
186.67.172.234 - - [26/Jul/2022:13:31:42 -0300] "GET /cormun/servlet/solicitudot?4859ce2ed71e6d30a316b60740c47bea6c445f4eda6a0d30a1805b68c7cb80fdb7cf37c0ffbea36c1ae195f2a9d94036266b2742a998551385df7a433e0986d1,gx-no-cache=1658852288109 HTTP/1.1" 200 30
186.67.172.234 - - [26/Jul/2022:13:31:42 -0300] "GET /cormun/servlet/solicitudot?4859ce2ed71e6d30a316b60740c47bea780cea0e0df959d175fb6a6b6d94d378,gx-no-cache=1658852288126 HTTP/1.1" 200 51
186.67.172.234 - - [26/Jul/2022:13:31:42 -0300] "POST /cormun/servlet/solicitudot?gx-no-cache=1658852288146 HTTP/1.1" 200 255
186.67.172.234 - - [26/Jul/2022:13:31:42 -0300] "GET /cormun/servlet/solicitudot?4859ce2ed71e6d30a316b60740c47bea7d82f134421dc1b0899b92ddf3e4d1937004ce673cff73b9b83b04092f927f7166fcbb2a73fe292007b9e4f62ba5a501edecd46cc012c32bed251ed5d16ece91c9eaf09c1bd7722a965265b50bda996648c9ee4505e70f83a0d0094a06e239b90e00fd99203fefd3ee0df79e85297ec5434f970086ecbc3953edb88670bcdaba7002634ef6f01e326b936d33b3c822da1e089907ccd9f916177fbd28871da53854ced73ddc96e412bc0c5128726585e397100ea5ef1da3cfc044c40bc8cd758945a9fb92576aa8e0e5c8377c64792e4261f49d7ca7fa298c57662acad337366fadbb3ea6547eb7808b7f794d16345a30b31c6d2b528416a183cc3c9bba5879a85ad447c79249efc05149441faf6f865f25486063da6e76fbb4aaf6693a6b55efbbbe5f4d680a5dd97105840a1cce6cb18d7a428ce3c0088ca7890f1c9aa4eb52d9c7a61915d81ddc9699d2a2f932250d6fc1e6966890b6d2f9a243afb7b902c547abbd344bbf0a671af2be4270172d4d,gx-no-cache=1658852288170 HTTP/1.1" 200 30
186.67.172.234 - - [26/Jul/2022:13:31:47 -0300] "POST /cormun/servlet/solicitudot?gx-no-cache=1658852292430 HTTP/1.1" 200 30
190.171.141.114 - - [26/Jul/2022:13:31:47 -0300] "GET /cormun/servlet/hlogin HTTP/1.1" 200 1730
192.168.10.84 - - [26/Jul/2022:13:31:52 -0300] "GET /digitalizacion/servlet/wbadjunto?86852,PU HTTP/1.1" 302 -
192.168.10.84 - - [26/Jul/2022:13:31:52 -0300] "GET /digitalizacion/PublicTempStorage/8145271.tmp HTTP/1.1" 206 23325
192.168.10.84 - - [26/Jul/2022:13:31:53 -0300] "GET /digitalizacion/PublicTempStorage/8145271.tmp HTTP/1.1" 200 7101213
192.168.10.84 - - [26/Jul/2022:13:31:54 -0300] "GET /digitalizacion/PublicTempStorage/8145271.tmp HTTP/1.1" 206 65536
186.67.172.234 - - [26/Jul/2022:13:31:54 -0300] "POST /cormun/servlet/solicitudot?gx-no-cache=1658852299955 HTTP/1.1" 200 1468
186.67.172.234 - - [26/Jul/2022:13:31:54 -0300] "POST /cormun/servlet/solicitudot?gx-no-cache=1658852299988 HTTP/1.1" 200 38
186.67.172.234 - - [26/Jul/2022:13:31:54 -0300] "GET /cormun/servlet/solicitudot?4859ce2ed71e6d30a316b60740c47bea7e185c8a27a7eec19a4a5c7c1bf6be1d32a2bfe065275317e4a832d3897856f2dd61b56031388ac3d83091873e2f56aedcbe60ee232ec7a86d66a10628c74ae8cb0e8742a43c603b5f3c9f497658b427d3d6762081e58683ec78a1914dba9fb5,gx-no-cache=1658852300006 HTTP/1.1" 200 110
192.168.10.84 - - [26/Jul/2022:13:31:55 -0300] "GET /digitalizacion/PublicTempStorage/8145271.tmp HTTP/1.1" 206 65536
192.168.10.84 - - [26/Jul/2022:13:31:55 -0300] "GET /digitalizacion/PublicTempStorage/8145271.tmp HTTP/1.1" 206 65536
192.168.10.84 - - [26/Jul/2022:13:31:55 -0300] "GET /digitalizacion/PublicTempStorage/8145271.tmp HTTP/1.1" 206 65536
192.168.10.84 - - [26/Jul/2022:13:31:55 -0300] "GET /digitalizacion/PublicTempStorage/8145271.tmp HTTP/1.1" 206 65536
192.168.10.84 - - [26/Jul/2022:13:31:55 -0300] "GET /digitalizacion/PublicTempStorage/8145271.tmp HTTP/1.1" 206 65536
192.168.10.84 - - [26/Jul/2022:13:31:55 -0300] "GET /digitalizacion/PublicTempStorage/8145271.tmp HTTP/1.1" 206 65536
186.36.88.110 - - [26/Jul/2022:13:32:14 -0300] "GET /cormun/servlet/hlogin HTTP/1.1" 200 1736
186.67.172.234 - - [26/Jul/2022:13:32:18 -0300] "POST /cormun/servlet/solicitudot?gx-no-cache=1658852323775 HTTP/1.1" 200 72
186.67.172.234 - - [26/Jul/2022:13:32:25 -0300] "GET /cormun/servlet/solicitudot?4859ce2ed71e6d30a316b60740c47bea36a7a9f268324b9fb064dbe874ee4292f87463c7802693b3a2cbbb7a1da175a0968ee9c05baaf1796d0beb7ca142a0fdd527f5cc545d99d730cc026c12aa69087200c1fd8f10f9a411b52c9245f2b46164f70a8b8ca920c4f794a39b30b2b2a47c570d2f069cc2053d188d2a7f503e3cae34db12f4331d29f3e68550a5f4192a63a2a8fa4a719698cbb3a619ecf618784b1bed73b65df5305e819c2c7f9ea777b950c40933941582e78dce238554b79534a3e54a81198e7b0f916cc177541d3c,gx-no-cache=1658852330967 HTTP/1.1" 200 29
186.67.172.234 - - [26/Jul/2022:13:32:27 -0300] "GET /cormun/static/menuarrow.gif HTTP/1.1" 404 1015
186.67.172.234 - - [26/Jul/2022:13:33:03 -0300] "GET /cormun/servlet/solicitudot?4859ce2ed71e6d30a316b60740c47bea6b3e43e094218b75f64a38fe661cadd263d52a58a56db1291f30adf9a0067f5f,gx-no-cache=1658852368925 HTTP/1.1" 200 30
190.171.142.10 - - [26/Jul/2022:13:33:19 -0300] "GET /cormun/static/menuarrow.gif HTTP/1.1" 404 1015
186.67.172.234 - - [26/Jul/2022:13:33:53 -0300] "POST /cormun/servlet/solicitudot?gx-no-cache=1658852418434 HTTP/1.1" 200 30
190.171.141.122 - - [26/Jul/2022:13:34:11 -0300] "POST /cormun/servlet/solicitudot?gx-no-cache=1658852435482 HTTP/1.1" 200 3878
190.171.141.122 - - [26/Jul/2022:13:34:11 -0300] "POST /cormun/servlet/solicitudot?5d1ba79804653dcd875c413082bdddea,INS,0,0,false,,gx-no-cache=1658852435630 HTTP/1.1" 200 12432
190.171.141.122 - - [26/Jul/2022:13:34:13 -0300] "GET /cormun/servlet/solicitudot?2f178fa32e27059dfe69417e0ce0b666828a23f1f0faffbe2559e15ca875f172dd91e5f5542f14c6180afc7f532cd985,gx-no-cache=1658852438324 HTTP/1.1" 200 30
190.171.142.10 - - [26/Jul/2022:13:34:58 -0300] "GET /cormun/static/Resources/PXTools/ClosePrompt.png HTTP/1.1" 200 1036
190.171.142.10 - - [26/Jul/2022:13:34:58 -0300] "GET /cormun/static/Resources/resize.gif HTTP/1.1" 200 77
190.171.142.10 - - [26/Jul/2022:13:34:58 -0300] "GET /cormun/servlet/prfichaempleado?,MD,,gxPopupLevel%3D0%3B HTTP/1.1" 200 9307
190.171.142.10 - - [26/Jul/2022:13:34:58 -0300] "GET /cormun/static/gxcfg.js?20201215571085 HTTP/1.1" 200 953
190.171.142.10 - - [26/Jul/2022:13:34:58 -0300] "GET /cormun/static/menusearch.js?20201214473581 HTTP/1.1" 200 1424
190.171.142.10 - - [26/Jul/2022:13:34:58 -0300] "GET /cormun/static/prfichaempleado.js?20201215572193 HTTP/1.1" 200 16006
190.171.142.10 - - [26/Jul/2022:13:34:58 -0300] "GET /cormun/static/hmpwkw011.js?20201215495555 HTTP/1.1" 200 1968
190.171.142.10 - - [26/Jul/2022:13:34:58 -0300] "GET /cormun/static/Resources/PXToolsMenuSearch.png HTTP/1.1" 200 336
190.171.142.10 - - [26/Jul/2022:13:34:58 -0300] "GET /cormun/static/Resources/PXToolsMenuSearchCancel.png HTTP/1.1" 200 306
192.168.10.84 - - [26/Jul/2022:13:34:59 -0300] "POST /digitalizacion/servlet/trdocumentos?560012ded3af9cbe5f6669a3d46074d2,,gx-no-cache=1658852309109 HTTP/1.1" 200 4728
190.171.142.10 - - [26/Jul/2022:13:35:04 -0300] "GET /cormun/servlet/licenciaspermisos?fec5642de1662b63f2f8b98d0bace381eda96375014b512979e4ac174e73a6edd682bf3160872c639b2b4255b41d86d504ae60ea477b608345e2c412effb0416108496e87e086e740a33c26c021b2f508ea59b7cc98046d2d4558c1bb677adf510b1474359ecbdedc0dcffb7615800f87850b6066e60d3808637c56ac07409b922641f5c6d5f87e9f6c9d89fabe4da9e657e191404ffd5597b19493475143f10544bb2050491a896504daf6b15e80c519abfc4ae3bbd89ce446295742a955ce01ac5ad53c9ace862043ec645128618d1d9d76d64d6e215673daa88d047b78999,gx-no-cache=1658852489496 HTTP/1.1" 200 30
190.171.142.10 - - [26/Jul/2022:13:35:11 -0300] "GET /cormun/servlet/licenciaspermisos?fec5642de1662b63f2f8b98d0bace381eda96375014b512979e4ac174e73a6edabf335d32c85e43c4055d4dac836468504ae60ea477b608345e2c412effb0416108496e87e086e740a33c26c021b2f508ea59b7cc98046d2d4558c1bb677adf510b1474359ecbdedc0dcffb7615800f87850b6066e60d3808637c56ac07409b922641f5c6d5f87e9f6c9d89fabe4da9e657e191404ffd5597b19493475143f10544bb2050491a896504daf6b15e80c519abfc4ae3bbd89ce446295742a955ce01ac5ad53c9ace862043ec645128618d1d9d76d64d6e215673daa88d047b78999,gx-no-cache=1658852495924 HTTP/1.1" 200 30
190.171.142.10 - - [26/Jul/2022:13:35:11 -0300] "POST /cormun/servlet/licenciaspermisos?d39d0734a366910ce1e1b36d22dbc143,INS,0,,,,gx-no-cache=1658852495946 HTTP/1.1" 200 4677
190.171.142.10 - - [26/Jul/2022:13:35:13 -0300] "GET /cormun/servlet/licenciaspermisos?fec5642de1662b63f2f8b98d0bace381652ff24ed08c1d9063d09789d58ddb946c2a751451b61c63af9f9a3323b2a15b4fa355fe2c29afa205cf409bd3bf1205947dba3c8329cc3963e60c742f0fe4721ecf3ee306c6bdb42489e620b6858f68fb162a5d3fa0801383c9e00a6d9a943c67517ea3270c4541f07a780a7dea9e554234d8ed9eb49a81838c6d445f1b19f14cf70de0e201e45467830a795074d8d74a03eb7b254e93c4adef552f52dae3ac32cf13b5be1c62247c5e318a2965bbf2dbf43dd14bdcb7a488ad81e3289cd87a30492be92825780dbee8c5d1825178b4,gx-no-cache=1658852498665 HTTP/1.1" 200 108
190.171.142.10 - - [26/Jul/2022:13:35:13 -0300] "GET /cormun/static/Shared/jqueryui/images/ui-icons_82798d_256x240.png HTTP/1.1" 404 1089
190.171.142.10 - - [26/Jul/2022:13:35:13 -0300] "GET /cormun/static/Shared/jqueryui/images/ui-bg_flat_55_994d53_40x100.png HTTP/1.1" 404 1097
190.171.142.10 - - [26/Jul/2022:13:35:13 -0300] "GET /cormun/static/Shared/jqueryui/images/ui-icons_ebccce_256x240.png HTTP/1.1" 404 1089
190.171.142.10 - - [26/Jul/2022:13:35:13 -0300] "GET /cormun/static/Shared/jqueryui/images/ui-bg_highlight-soft_100_c6c2c8_1x100.png HTTP/1.1" 404 1117
190.171.142.10 - - [26/Jul/2022:13:35:13 -0300] "POST /cormun/servlet/licenciaspermisos?d39d0734a366910ce1e1b36d22dbc143,INS,0,,,,gx-no-cache=1658852498699 HTTP/1.1" 200 4780
190.171.142.10 - - [26/Jul/2022:13:35:25 -0300] "GET /cormun/servlet/licenciaspermisos?fec5642de1662b63f2f8b98d0bace381eda96375014b512979e4ac174e73a6edd682bf3160872c639b2b4255b41d86d504ae60ea477b608345e2c412effb0416108496e87e086e740a33c26c021b2f508ea59b7cc98046d2d4558c1bb677adf510b1474359ecbdedc0dcffb7615800f87850b6066e60d3808637c56ac07409b922641f5c6d5f87e9f6c9d89fabe4da9e657e191404ffd5597b19493475143f10544bb2050491a896504daf6b15e80c519abfc4ae3bbd89ce446295742a955ce01ac5ad53c9ace862043ec645128618d1d9d76d64d6e215673daa88d047b78999,gx-no-cache=1658852509951 HTTP/1.1" 200 30
190.171.142.10 - - [26/Jul/2022:13:35:25 -0300] "POST /cormun/servlet/licenciaspermisos?d39d0734a366910ce1e1b36d22dbc143,INS,0,,,,gx-no-cache=1658852509968 HTTP/1.1" 200 4676
190.171.142.10 - - [26/Jul/2022:13:35:28 -0300] "GET /cormun/servlet/licenciaspermisos?fec5642de1662b63f2f8b98d0bace381eda96375014b512979e4ac174e73a6edabf335d32c85e43c4055d4dac836468504ae60ea477b608345e2c412effb0416108496e87e086e740a33c26c021b2f508ea59b7cc98046d2d4558c1bb677adf510b1474359ecbdedc0dcffb7615800f87850b6066e60d3808637c56ac07409b922641f5c6d5f87e9f6c9d89fabe4da9e657e191404ffd5597b19493475143f10544bb2050491a896504daf6b15e80c519abfc4ae3bbd89ce446295742a955ce01ac5ad53c9ace862043ec645128618d1d9d76d64d6e215673daa88d047b78999,gx-no-cache=1658852513612 HTTP/1.1" 200 30
190.171.142.10 - - [26/Jul/2022:13:35:28 -0300] "POST /cormun/servlet/licenciaspermisos?d39d0734a366910ce1e1b36d22dbc143,INS,0,,,,gx-no-cache=1658852513716 HTTP/1.1" 200 4677
186.67.172.234 - - [26/Jul/2022:13:35:40 -0300] "POST /cormun/servlet/solicitudot?5aa52913a505d494e9bba4e3f305d0f8,INS,0,0,false,,gx-no-cache=1658852525408 HTTP/1.1" 200 93
186.67.172.234 - - [26/Jul/2022:13:35:40 -0300] "GET /cormun/servlet/hpexe_return? HTTP/1.1" 200 1008
186.67.172.234 - - [26/Jul/2022:13:35:40 -0300] "GET /cormun/servlet/trsolicitudot HTTP/1.1" 200 8990
186.67.172.234 - - [26/Jul/2022:13:35:40 -0300] "GET /cormun/servlet/trsolicitudot HTTP/1.1" 200 8986
186.67.172.234 - - [26/Jul/2022:13:36:04 -0300] "POST /cormun/servlet/trsolicitudot?5aa52913a505d494e9bba4e3f305d0f8,gx-no-cache=1658852550151 HTTP/1.1" 200 107
186.67.172.234 - - [26/Jul/2022:13:36:05 -0300] "GET /cormun/servlet/trsolicitudadjuntos?2022,18964, HTTP/1.1" 200 6473
186.67.172.234 - - [26/Jul/2022:13:36:05 -0300] "GET /cormun/static/gxcfg.js?20201215574222 HTTP/1.1" 200 953
186.67.172.234 - - [26/Jul/2022:13:36:05 -0300] "GET /cormun/static/trsolicitudadjuntos.js?20201215574932 HTTP/1.1" 200 17922
186.67.172.234 - - [26/Jul/2022:13:36:05 -0300] "GET /cormun/static/Resources/PXToolsGridNew.png HTTP/1.1" 200 427
186.67.172.234 - - [26/Jul/2022:13:36:05 -0300] "GET /cormun/servlet/trsolicitudadjuntos?2022,18964, HTTP/1.1" 200 6473
186.67.172.234 - - [26/Jul/2022:13:36:07 -0300] "GET /cormun/servlet/solicitudotadjuntos?INS,2022,18964,,1, HTTP/1.1" 200 6411
186.67.172.234 - - [26/Jul/2022:13:36:07 -0300] "GET /cormun/static/gxcfg.js?202012157947 HTTP/1.1" 200 953
186.67.172.234 - - [26/Jul/2022:13:36:07 -0300] "GET /cormun/static/solicitudotadjuntos.js?202012157966 HTTP/1.1" 200 11771
186.67.172.234 - - [26/Jul/2022:13:36:07 -0300] "GET /cormun/static/about:blank HTTP/1.1" 404 1011
186.67.172.234 - - [26/Jul/2022:13:36:07 -0300] "GET /cormun/servlet/solicitudotadjuntos?INS,2022,18964,,1, HTTP/1.1" 200 6404
186.67.172.234 - - [26/Jul/2022:13:36:07 -0300] "GET /cormun/servlet/solicitudotadjuntos?4859ce2ed71e6d30a316b60740c47beac0c2fcc6950cd5ddbb7e54748f915b7700a704644196441a9549d97807e43ce0,gx-no-cache=1658852553173 HTTP/1.1" 200 30
186.67.172.234 - - [26/Jul/2022:13:36:08 -0300] "POST /cormun/servlet/solicitudotadjuntos?5aa52913a505d494e9bba4e3f305d0f8,INS,2022,18964,,1,,gx-no-cache=1658852553220 HTTP/1.1" 200 4186
186.67.172.234 - - [26/Jul/2022:13:36:17 -0300] "POST /cormun/servlet/solicitudotadjuntos?gx-no-cache=1658852562632 HTTP/1.1" 200 26
190.171.142.10 - - [26/Jul/2022:13:36:22 -0300] "GET /cormun/servlet/licenciaspermisos?fec5642de1662b63f2f8b98d0bace381652ff24ed08c1d9063d09789d58ddb946c2a751451b61c63af9f9a3323b2a15b4fa355fe2c29afa205cf409bd3bf1205947dba3c8329cc3963e60c742f0fe4721ecf3ee306c6bdb42489e620b6858f68fb162a5d3fa0801383c9e00a6d9a943c67517ea3270c4541f07a780a7dea9e554234d8ed9eb49a81838c6d445f1b19f14cf70de0e201e45467830a795074d8d74a03eb7b254e93c4adef552f52dae3ac32cf13b5be1c62247c5e318a2965bbf2dbf43dd14bdcb7a488ad81e3289cd87ad040f3b3eb2601718860a27cb85d58a99e91bbfa6d48bf590cc253e99045e502,gx-no-cache=1658852566906 HTTP/1.1" 200 57
190.171.142.10 - - [26/Jul/2022:13:36:22 -0300] "POST /cormun/servlet/licenciaspermisos?d39d0734a366910ce1e1b36d22dbc143,INS,0,,,,gx-no-cache=1658852566939 HTTP/1.1" 200 93
190.171.142.10 - - [26/Jul/2022:13:36:22 -0300] "GET /cormun/servlet/hpexe_return? HTTP/1.1" 200 1019
190.171.142.10 - - [26/Jul/2022:13:36:23 -0300] "GET /cormun/servlet/hhome HTTP/1.1" 200 3999
190.171.142.10 - - [26/Jul/2022:13:36:23 -0300] "GET /cormun/servlet/hhome HTTP/1.1" 200 3993
190.171.142.10 - - [26/Jul/2022:13:36:37 -0300] "GET /cormun/servlet/trlicencias? HTTP/1.1" 200 20349
190.171.142.10 - - [26/Jul/2022:13:36:38 -0300] "GET /cormun/servlet/trlicencias? HTTP/1.1" 200 20346
190.171.141.138 - - [26/Jul/2022:13:36:41 -0300] "GET /cormun/servlet/hlogin HTTP/1.1" 200 1724
190.171.141.138 - - [26/Jul/2022:13:36:41 -0300] "GET /cormun/servlet/hlogin HTTP/1.1" 200 1735
190.171.142.10 - - [26/Jul/2022:13:36:45 -0300] "POST /cormun/servlet/trlicencias?d39d0734a366910ce1e1b36d22dbc143,,gx-no-cache=1658852590159 HTTP/1.1" 200 18320
190.171.141.138 - - [26/Jul/2022:13:36:45 -0300] "POST /cormun/servlet/hlogin?63f629f30b96aeb387f702fcaa4814a0,gx-no-cache=1658852591018 HTTP/1.1" 200 90
190.171.141.138 - - [26/Jul/2022:13:36:45 -0300] "GET /cormun/servlet/hpexe_link HTTP/1.1" 200 949
190.171.141.138 - - [26/Jul/2022:13:36:45 -0300] "GET /cormun/servlet/hhome HTTP/1.1" 200 4473
190.171.142.10 - - [26/Jul/2022:13:36:45 -0300] "GET /cormun/static/Shared/jqueryui/images/ui-bg_highlight-soft_100_c6c2c8_1x100.png HTTP/1.1" 404 1117
190.171.142.10 - - [26/Jul/2022:13:36:46 -0300] "GET /cormun/static/Shared/jqueryui/images/ui-icons_82798d_256x240.png HTTP/1.1" 404 1089
190.171.142.10 - - [26/Jul/2022:13:36:46 -0300] "GET /cormun/static/Shared/jqueryui/images/ui-icons_8d78a5_256x240.png HTTP/1.1" 404 1089
190.171.142.10 - - [26/Jul/2022:13:36:46 -0300] "GET /cormun/static/Shared/jqueryui/images/ui-bg_flat_55_fafafa_40x100.png HTTP/1.1" 404 1097
190.171.141.138 - - [26/Jul/2022:13:36:46 -0300] "GET /cormun/servlet/hhome HTTP/1.1" 200 4469
190.171.142.10 - - [26/Jul/2022:13:36:51 -0300] "GET /cormun/servlet/trlicenciaspermisosadjuntos?20028170,20220726000000,L, HTTP/1.1" 200 6358
190.171.142.10 - - [26/Jul/2022:13:36:51 -0300] "GET /cormun/static/gxcfg.js?201991422445549 HTTP/1.1" 200 953
190.171.142.10 - - [26/Jul/2022:13:36:51 -0300] "GET /cormun/static/trlicenciaspermisosadjuntos.js?20199142244593 HTTP/1.1" 200 21036
190.171.142.10 - - [26/Jul/2022:13:36:51 -0300] "GET /cormun/servlet/trlicenciaspermisosadjuntos?20028170,20220726000000,L, HTTP/1.1" 200 6359
190.171.142.10 - - [26/Jul/2022:13:36:55 -0300] "GET /cormun/servlet/licenciaspermisosadjuntos?INS,20028170,L,20220726000000,, HTTP/1.1" 200 5644
190.171.142.10 - - [26/Jul/2022:13:36:55 -0300] "GET /cormun/static/gxcfg.js?20201215114875 HTTP/1.1" 200 953
190.171.142.10 - - [26/Jul/2022:13:36:55 -0300] "GET /cormun/static/licenciaspermisosadjuntos.js?20201215114932 HTTP/1.1" 200 8760
190.171.142.10 - - [26/Jul/2022:13:36:55 -0300] "GET /cormun/servlet/licenciaspermisosadjuntos?INS,20028170,L,20220726000000,, HTTP/1.1" 200 5634
190.171.142.10 - - [26/Jul/2022:13:36:55 -0300] "GET /cormun/static/about:blank HTTP/1.1" 404 1011
190.171.141.138 - - [26/Jul/2022:13:36:57 -0300] "GET /cormun/servlet/trlicencias? HTTP/1.1" 200 10709
190.171.141.138 - - [26/Jul/2022:13:36:57 -0300] "GET /cormun/servlet/trlicencias? HTTP/1.1" 200 10706
190.171.142.10 - - [26/Jul/2022:13:37:02 -0300] "POST /cormun/servlet/licenciaspermisosadjuntos?d39d0734a366910ce1e1b36d22dbc143,INS,20028170,L,20220726000000,, HTTP/1.1" 200 116
190.171.142.10 - - [26/Jul/2022:13:37:02 -0300] "GET /cormun/servlet/hpexe_return? HTTP/1.1" 200 1049
190.171.142.10 - - [26/Jul/2022:13:37:02 -0300] "GET /cormun/servlet/trlicenciaspermisosadjuntos?20028170,20220726000000,L, HTTP/1.1" 200 6831
190.171.142.10 - - [26/Jul/2022:13:37:02 -0300] "GET /cormun/servlet/trlicenciaspermisosadjuntos?20028170,20220726000000,L, HTTP/1.1" 200 6827
190.171.142.10 - - [26/Jul/2022:13:37:07 -0300] "POST /cormun/servlet/trlicenciaspermisosadjuntos?d39d0734a366910ce1e1b36d22dbc143,20028170,20220726000000,L,,gx-no-cache=1658852610349 HTTP/1.1" 200 90
190.171.142.10 - - [26/Jul/2022:13:37:07 -0300] "GET /cormun/servlet/hpexe_link HTTP/1.1" 200 993
190.171.142.10 - - [26/Jul/2022:13:37:08 -0300] "GET /cormun/servlet/trlicencias? HTTP/1.1" 200 20348
192.168.10.84 - - [26/Jul/2022:13:37:08 -0300] "GET /digitalizacion/servlet/wbadjunto?86699,PU HTTP/1.1" 302 -
192.168.10.84 - - [26/Jul/2022:13:37:08 -0300] "GET /digitalizacion/PublicTempStorage/2044863.tmp HTTP/1.1" 206 47200
190.171.142.10 - - [26/Jul/2022:13:37:09 -0300] "GET /cormun/servlet/trlicencias? HTTP/1.1" 200 20346
192.168.10.84 - - [26/Jul/2022:13:37:09 -0300] "GET /digitalizacion/PublicTempStorage/2044863.tmp HTTP/1.1" 206 65536
192.168.10.84 - - [26/Jul/2022:13:37:09 -0300] "GET /digitalizacion/PublicTempStorage/2044863.tmp HTTP/1.1" 206 65536
192.168.10.84 - - [26/Jul/2022:13:37:09 -0300] "GET /digitalizacion/PublicTempStorage/2044863.tmp HTTP/1.1" 206 65536
190.171.142.10 - - [26/Jul/2022:13:37:12 -0300] "POST /cormun/servlet/trlicencias?d39d0734a366910ce1e1b36d22dbc143,,gx-no-cache=1658852616211 HTTP/1.1" 200 18186
192.168.10.84 - - [26/Jul/2022:13:37:12 -0300] "GET /digitalizacion/PublicTempStorage/2044863.tmp HTTP/1.1" 200 41269344
190.171.142.10 - - [26/Jul/2022:13:37:12 -0300] "GET /cormun/static/Shared/jqueryui/images/ui-bg_highlight-soft_100_c6c2c8_1x100.png HTTP/1.1" 404 1117
190.171.142.10 - - [26/Jul/2022:13:37:12 -0300] "GET /cormun/static/Shared/jqueryui/images/ui-bg_flat_55_fafafa_40x100.png HTTP/1.1" 404 1097
190.171.142.10 - - [26/Jul/2022:13:37:12 -0300] "GET /cormun/static/Shared/jqueryui/images/ui-icons_8d78a5_256x240.png HTTP/1.1" 404 1089
190.171.142.10 - - [26/Jul/2022:13:37:12 -0300] "GET /cormun/static/Shared/jqueryui/images/ui-icons_82798d_256x240.png HTTP/1.1" 404 1089
192.168.10.84 - - [26/Jul/2022:13:37:12 -0300] "GET /digitalizacion/PublicTempStorage/2044863.tmp HTTP/1.1" 206 65536
190.171.142.10 - - [26/Jul/2022:13:37:33 -0300] "GET /cormun/servlet/alicenciaprn?20028170,L,20220726000000,PU HTTP/1.1" 200 1601
192.168.10.84 - - [26/Jul/2022:13:37:38 -0300] "GET /digitalizacion/servlet/wbadjunto?86689,PU HTTP/1.1" 302 -
192.168.10.84 - - [26/Jul/2022:13:37:38 -0300] "GET /digitalizacion/PublicTempStorage/9269469.tmp HTTP/1.1" 206 53414
192.168.10.84 - - [26/Jul/2022:13:37:40 -0300] "GET /digitalizacion/PublicTempStorage/9269469.tmp HTTP/1.1" 200 20566182
192.168.10.84 - - [26/Jul/2022:13:37:40 -0300] "GET /digitalizacion/PublicTempStorage/9269469.tmp HTTP/1.1" 206 65536
192.168.10.84 - - [26/Jul/2022:13:37:41 -0300] "GET /digitalizacion/PublicTempStorage/9269469.tmp HTTP/1.1" 206 65536
192.168.10.84 - - [26/Jul/2022:13:37:41 -0300] "GET /digitalizacion/PublicTempStorage/9269469.tmp HTTP/1.1" 206 65536
192.168.10.84 - - [26/Jul/2022:13:37:41 -0300] "GET /digitalizacion/PublicTempStorage/9269469.tmp HTTP/1.1" 206 65536
192.168.10.84 - - [26/Jul/2022:13:37:41 -0300] "GET /digitalizacion/PublicTempStorage/9269469.tmp HTTP/1.1" 206 65536
192.168.10.84 - - [26/Jul/2022:13:37:41 -0300] "GET /digitalizacion/PublicTempStorage/9269469.tmp HTTP/1.1" 206 65536
192.168.10.84 - - [26/Jul/2022:13:37:41 -0300] "GET /digitalizacion/PublicTempStorage/9269469.tmp HTTP/1.1" 206 65536
192.168.10.84 - - [26/Jul/2022:13:37:41 -0300] "GET /digitalizacion/PublicTempStorage/9269469.tmp HTTP/1.1" 206 65536
192.168.10.84 - - [26/Jul/2022:13:37:41 -0300] "GET /digitalizacion/PublicTempStorage/9269469.tmp HTTP/1.1" 206 65536
192.168.10.84 - - [26/Jul/2022:13:37:55 -0300] "GET /digitalizacion/servlet/wbadjunto?86689,PU HTTP/1.1" 302 -
192.168.10.84 - - [26/Jul/2022:13:37:55 -0300] "GET /digitalizacion/PublicTempStorage/546081.tmp HTTP/1.1" 206 53414
192.168.10.84 - - [26/Jul/2022:13:37:57 -0300] "GET /digitalizacion/PublicTempStorage/546081.tmp HTTP/1.1" 206 65536
192.168.10.84 - - [26/Jul/2022:13:37:57 -0300] "GET /digitalizacion/PublicTempStorage/546081.tmp HTTP/1.1" 200 20566182
192.168.10.84 - - [26/Jul/2022:13:37:57 -0300] "GET /digitalizacion/PublicTempStorage/546081.tmp HTTP/1.1" 206 65536
192.168.10.84 - - [26/Jul/2022:13:37:57 -0300] "GET /digitalizacion/PublicTempStorage/546081.tmp HTTP/1.1" 206 65536
192.168.10.84 - - [26/Jul/2022:13:37:57 -0300] "GET /digitalizacion/PublicTempStorage/546081.tmp HTTP/1.1" 206 65536
192.168.10.84 - - [26/Jul/2022:13:37:58 -0300] "GET /digitalizacion/PublicTempStorage/546081.tmp HTTP/1.1" 206 65536
192.168.10.84 - - [26/Jul/2022:13:37:58 -0300] "GET /digitalizacion/PublicTempStorage/546081.tmp HTTP/1.1" 206 65536
192.168.10.84 - - [26/Jul/2022:13:37:58 -0300] "GET /digitalizacion/PublicTempStorage/546081.tmp HTTP/1.1" 206 65536
192.168.10.84 - - [26/Jul/2022:13:37:58 -0300] "GET /digitalizacion/PublicTempStorage/546081.tmp HTTP/1.1" 206 65536
192.168.10.84 - - [26/Jul/2022:13:37:58 -0300] "GET /digitalizacion/PublicTempStorage/546081.tmp HTTP/1.1" 206 65536
192.168.10.84 - - [26/Jul/2022:13:40:18 -0300] "POST /digitalizacion/servlet/trdocumentos?gx-no-cache=1658852627785 HTTP/1.1" 200 185
192.168.10.84 - - [26/Jul/2022:13:40:21 -0300] "POST /digitalizacion/servlet/trdocumentos?560012ded3af9cbe5f6669a3d46074d2,,gx-no-cache=1658852631287 HTTP/1.1" 200 4614
192.168.10.84 - - [26/Jul/2022:13:40:24 -0300] "GET /digitalizacion/servlet/trdocumentos? HTTP/1.1" 200 7440
192.168.10.84 - - [26/Jul/2022:13:40:24 -0300] "GET /digitalizacion/static/gxcfg.js?20186221492466 HTTP/1.1" 200 954
192.168.10.84 - - [26/Jul/2022:13:40:25 -0300] "POST /digitalizacion/servlet/trdocumentos?gx-no-cache=1658852634789 HTTP/1.1" 200 220
192.168.10.84 - - [26/Jul/2022:13:40:25 -0300] "POST /digitalizacion/servlet/trdocumentos?gx-no-cache=1658852634820 HTTP/1.1" 200 94
192.168.10.84 - - [26/Jul/2022:13:40:28 -0300] "POST /digitalizacion/servlet/trdocumentos?gx-no-cache=1658852638524 HTTP/1.1" 200 184
192.168.10.84 - - [26/Jul/2022:13:40:32 -0300] "POST /digitalizacion/servlet/trdocumentos?560012ded3af9cbe5f6669a3d46074d2,,gx-no-cache=1658852642622 HTTP/1.1" 200 4591
190.171.143.82 - - [26/Jul/2022:13:40:47 -0300] "POST /cormun/servlet/trlicencias?77e0303d88d067e28976619542f25030,,gx-no-cache=1658852827127 HTTP/1.1" 200 8579
190.171.141.122 - - [26/Jul/2022:13:40:53 -0300] "GET /cormun/servlet/solicitudot?2f178fa32e27059dfe69417e0ce0b666ed53fdbf4f87f6666e039213b979e6d7e4346890256af0dc5a2adaf0d3c401e0dd91e5f5542f14c6180afc7f532cd985,gx-no-cache=1658852838106 HTTP/1.1" 200 30
190.171.141.82 - - [26/Jul/2022:13:40:56 -0300] "GET /cormun/servlet/trlicencias? HTTP/1.1" 200 7768
190.171.141.82 - - [26/Jul/2022:13:40:57 -0300] "GET /cormun/servlet/hlogin HTTP/1.1" 200 1738
190.171.141.82 - - [26/Jul/2022:13:40:57 -0300] "GET /cormun/servlet/trlicencias? HTTP/1.1" 200 7762
190.171.141.122 - - [26/Jul/2022:13:40:57 -0300] "GET /cormun/servlet/solicitudot?2f178fa32e27059dfe69417e0ce0b6662a1199f303f4082fb653cdd9c5354ed5,gx-no-cache=1658852842024 HTTP/1.1" 200 53
192.168.10.84 - - [26/Jul/2022:13:40:59 -0300] "GET /digitalizacion/servlet/wbadjunto?86969,PU HTTP/1.1" 302 -
192.168.10.84 - - [26/Jul/2022:13:40:59 -0300] "GET /digitalizacion/PublicTempStorage/6912137.tmp HTTP/1.1" 206 15167
192.168.10.84 - - [26/Jul/2022:13:41:01 -0300] "GET /digitalizacion/PublicTempStorage/6912137.tmp HTTP/1.1" 200 18758463
192.168.10.84 - - [26/Jul/2022:13:41:01 -0300] "GET /digitalizacion/PublicTempStorage/6912137.tmp HTTP/1.1" 206 65536
192.168.10.84 - - [26/Jul/2022:13:41:01 -0300] "GET /digitalizacion/PublicTempStorage/6912137.tmp HTTP/1.1" 206 65536
192.168.10.84 - - [26/Jul/2022:13:41:02 -0300] "GET /digitalizacion/PublicTempStorage/6912137.tmp HTTP/1.1" 206 65536
192.168.10.84 - - [26/Jul/2022:13:41:02 -0300] "GET /digitalizacion/PublicTempStorage/6912137.tmp HTTP/1.1" 206 65536
190.171.141.82 - - [26/Jul/2022:13:41:03 -0300] "POST /cormun/servlet/hlogin?c49ee6704b2b8dae0b9afd4e36e12002,gx-no-cache=1658852848818 HTTP/1.1" 200 90
190.171.141.82 - - [26/Jul/2022:13:41:03 -0300] "GET /cormun/servlet/hpexe_link HTTP/1.1" 200 954
190.171.141.82 - - [26/Jul/2022:13:41:03 -0300] "GET /cormun/servlet/trlicencias HTTP/1.1" 200 8508
190.171.141.82 - - [26/Jul/2022:13:41:04 -0300] "GET /cormun/servlet/trlicencias HTTP/1.1" 200 8506
190.171.141.122 - - [26/Jul/2022:13:41:12 -0300] "POST /cormun/servlet/solicitudot?gx-no-cache=1658852857083 HTTP/1.1" 200 297
190.171.141.122 - - [26/Jul/2022:13:41:12 -0300] "GET /cormun/servlet/solicitudot?2f178fa32e27059dfe69417e0ce0b66667831307fe57b4df3d5313e8277265b7e87d413fb788bc38ee5dfb55792984b660786968183eb3b1ad4e8ec64631ea028e7e7f362ab40b7ed2253b1ccd7dfad997b000ca43d48fec0870929d2a11bcf6e4e7962b925350e97cc526d8554b543f4026dc338f6284885ce7b744e38598c9dddd403829976659f9300d71722d9b07f0678b130a93f6fe347832f6d18e916279e6400687726a4be42341aa20174d3524d3469b9d03c4b162f2141095f6b98273818d3ff26f4cff0304a56007efbd6ae520df9bbefa73a249561d8acce206a8d2723947aa3c31bcf596c39878449472accb1c8fbb8d032bbe31dde2596f86fcdfe52c9686c1980a5ee46c279f5ba4f89d6dbd0cab33cdc8b6d60164527a5ad401d6928b187e6f29c2792776d80b2cd928898662a64fa540234ab98e9c88c367bf9e7bdd36d3fde098074a70c87827007aa96246976cf07b415a43f24be766853960fd6fa08a8c63f36f7ae7bd2e63843643e0fa6881e7577817c4d501caa8a9038759bc664927f5467e3e02a5998aae,gx-no-cache=1658852857196 HTTP/1.1" 200 30
190.171.141.122 - - [26/Jul/2022:13:41:14 -0300] "POST /cormun/servlet/solicitudot?gx-no-cache=1658852858831 HTTP/1.1" 200 30
186.67.172.234 - - [26/Jul/2022:13:41:32 -0300] "GET /cormun/servlet/solicitudotadjuntos?4859ce2ed71e6d30a316b60740c47beac35e6a451c075d6d011f9b5119d0c11c,gx-no-cache=1658852877711 HTTP/1.1" 200 30
186.67.172.234 - - [26/Jul/2022:13:41:32 -0300] "GET /cormun/servlet/solicitudotadjuntos?4859ce2ed71e6d30a316b60740c47beac35e6a451c075d6d011f9b5119d0c11c,gx-no-cache=1658852877729 HTTP/1.1" 200 30
186.67.172.234 - - [26/Jul/2022:13:41:33 -0300] "POST /cormun/servlet/solicitudotadjuntos?5aa52913a505d494e9bba4e3f305d0f8,INS,2022,18964,,1, HTTP/1.1" 200 116
186.67.172.234 - - [26/Jul/2022:13:41:33 -0300] "GET /cormun/servlet/hpexe_return? HTTP/1.1" 200 1026
186.67.172.234 - - [26/Jul/2022:13:41:33 -0300] "GET /cormun/servlet/trsolicitudadjuntos?2022,18964, HTTP/1.1" 200 9242
186.67.172.234 - - [26/Jul/2022:13:41:33 -0300] "GET /cormun/servlet/trsolicitudadjuntos?2022,18964, HTTP/1.1" 200 9240
186.67.172.234 - - [26/Jul/2022:13:41:35 -0300] "GET /cormun/servlet/solicitudotadjuntos?INS,2022,18964,,1, HTTP/1.1" 200 6411
186.67.172.234 - - [26/Jul/2022:13:41:35 -0300] "GET /cormun/static/about:blank HTTP/1.1" 404 1011
186.67.172.234 - - [26/Jul/2022:13:41:35 -0300] "GET /cormun/servlet/solicitudotadjuntos?INS,2022,18964,,1, HTTP/1.1" 200 6404
186.67.172.234 - - [26/Jul/2022:13:41:35 -0300] "GET /cormun/servlet/solicitudotadjuntos?4859ce2ed71e6d30a316b60740c47beac0c2fcc6950cd5ddbb7e54748f915b7700a704644196441a9549d97807e43ce0,gx-no-cache=1658852881144 HTTP/1.1" 200 30
186.67.172.234 - - [26/Jul/2022:13:41:36 -0300] "POST /cormun/servlet/solicitudotadjuntos?5aa52913a505d494e9bba4e3f305d0f8,INS,2022,18964,,1,,gx-no-cache=1658852881163 HTTP/1.1" 200 4186
186.67.172.234 - - [26/Jul/2022:13:41:39 -0300] "POST /cormun/servlet/solicitudotadjuntos?gx-no-cache=1658852884125 HTTP/1.1" 200 26
186.67.172.234 - - [26/Jul/2022:13:41:46 -0300] "GET /cormun/servlet/solicitudotadjuntos?4859ce2ed71e6d30a316b60740c47beac35e6a451c075d6d011f9b5119d0c11c,gx-no-cache=1658852891527 HTTP/1.1" 200 30
186.67.172.234 - - [26/Jul/2022:13:41:46 -0300] "GET /cormun/servlet/solicitudotadjuntos?4859ce2ed71e6d30a316b60740c47beac35e6a451c075d6d011f9b5119d0c11c,gx-no-cache=1658852891538 HTTP/1.1" 200 30
186.67.172.234 - - [26/Jul/2022:13:41:46 -0300] "POST /cormun/servlet/solicitudotadjuntos?5aa52913a505d494e9bba4e3f305d0f8,INS,2022,18964,,1, HTTP/1.1" 200 116
186.67.172.234 - - [26/Jul/2022:13:41:46 -0300] "GET /cormun/servlet/hpexe_return? HTTP/1.1" 200 1026
186.67.172.234 - - [26/Jul/2022:13:41:46 -0300] "GET /cormun/servlet/trsolicitudadjuntos?2022,18964, HTTP/1.1" 200 9484
186.67.172.234 - - [26/Jul/2022:13:41:47 -0300] "GET /cormun/servlet/trsolicitudadjuntos?2022,18964, HTTP/1.1" 200 9482
186.67.172.234 - - [26/Jul/2022:13:41:48 -0300] "GET /cormun/servlet/solicitudotadjuntos?INS,2022,18964,,1, HTTP/1.1" 200 6411
186.67.172.234 - - [26/Jul/2022:13:41:48 -0300] "GET /cormun/static/about:blank HTTP/1.1" 404 1011
186.67.172.234 - - [26/Jul/2022:13:41:49 -0300] "GET /cormun/servlet/solicitudotadjuntos?INS,2022,18964,,1, HTTP/1.1" 200 6404
186.67.172.234 - - [26/Jul/2022:13:41:49 -0300] "GET /cormun/servlet/solicitudotadjuntos?4859ce2ed71e6d30a316b60740c47beac0c2fcc6950cd5ddbb7e54748f915b7700a704644196441a9549d97807e43ce0,gx-no-cache=1658852894719 HTTP/1.1" 200 30
186.67.172.234 - - [26/Jul/2022:13:41:49 -0300] "POST /cormun/servlet/solicitudotadjuntos?5aa52913a505d494e9bba4e3f305d0f8,INS,2022,18964,,1,,gx-no-cache=1658852894732 HTTP/1.1" 200 4186
186.67.172.234 - - [26/Jul/2022:13:42:00 -0300] "POST /cormun/servlet/solicitudotadjuntos?gx-no-cache=1658852905510 HTTP/1.1" 200 26
186.67.172.234 - - [26/Jul/2022:13:42:07 -0300] "GET /cormun/servlet/solicitudotadjuntos?4859ce2ed71e6d30a316b60740c47beac35e6a451c075d6d011f9b5119d0c11c,gx-no-cache=1658852912790 HTTP/1.1" 200 30
186.67.172.234 - - [26/Jul/2022:13:42:07 -0300] "GET /cormun/servlet/solicitudotadjuntos?4859ce2ed71e6d30a316b60740c47beac35e6a451c075d6d011f9b5119d0c11c,gx-no-cache=1658852912801 HTTP/1.1" 200 30
186.67.172.234 - - [26/Jul/2022:13:42:07 -0300] "POST /cormun/servlet/solicitudotadjuntos?5aa52913a505d494e9bba4e3f305d0f8,INS,2022,18964,,1, HTTP/1.1" 200 116
186.67.172.234 - - [26/Jul/2022:13:42:07 -0300] "GET /cormun/servlet/hpexe_return? HTTP/1.1" 200 1026
186.67.172.234 - - [26/Jul/2022:13:42:07 -0300] "GET /cormun/servlet/trsolicitudadjuntos?2022,18964, HTTP/1.1" 200 9739
186.67.172.234 - - [26/Jul/2022:13:42:08 -0300] "GET /cormun/servlet/trsolicitudadjuntos?2022,18964, HTTP/1.1" 200 9736
186.67.172.234 - - [26/Jul/2022:13:42:10 -0300] "GET /cormun/servlet/solicitudotadjuntos?INS,2022,18964,,1, HTTP/1.1" 200 6411
186.67.172.234 - - [26/Jul/2022:13:42:10 -0300] "GET /cormun/static/about:blank HTTP/1.1" 404 1011
186.67.172.234 - - [26/Jul/2022:13:42:10 -0300] "GET /cormun/servlet/solicitudotadjuntos?INS,2022,18964,,1, HTTP/1.1" 200 6404
186.67.172.234 - - [26/Jul/2022:13:42:10 -0300] "GET /cormun/servlet/solicitudotadjuntos?4859ce2ed71e6d30a316b60740c47beac0c2fcc6950cd5ddbb7e54748f915b7700a704644196441a9549d97807e43ce0,gx-no-cache=1658852916194 HTTP/1.1" 200 30
186.67.172.234 - - [26/Jul/2022:13:42:11 -0300] "POST /cormun/servlet/solicitudotadjuntos?5aa52913a505d494e9bba4e3f305d0f8,INS,2022,18964,,1,,gx-no-cache=1658852916210 HTTP/1.1" 200 4186
186.67.172.234 - - [26/Jul/2022:13:42:13 -0300] "POST /cormun/servlet/solicitudotadjuntos?gx-no-cache=1658852919181 HTTP/1.1" 200 26
192.168.10.84 - - [26/Jul/2022:13:42:18 -0300] "GET /digitalizacion/servlet/wbadjunto?86959,PU HTTP/1.1" 302 -
192.168.10.84 - - [26/Jul/2022:13:42:19 -0300] "GET /digitalizacion/PublicTempStorage/9232577.tmp HTTP/1.1" 206 17982
190.171.141.82 - - [26/Jul/2022:13:42:20 -0300] "POST /cormun/servlet/trlicencias?c49ee6704b2b8dae0b9afd4e36e12002,gx-no-cache=1658852924818 HTTP/1.1" 200 17873
192.168.10.84 - - [26/Jul/2022:13:42:20 -0300] "GET /digitalizacion/PublicTempStorage/9232577.tmp HTTP/1.1" 206 65536
192.168.10.84 - - [26/Jul/2022:13:42:20 -0300] "GET /digitalizacion/PublicTempStorage/9232577.tmp HTTP/1.1" 200 17516094
186.67.172.234 - - [26/Jul/2022:13:42:20 -0300] "GET /cormun/servlet/solicitudotadjuntos?4859ce2ed71e6d30a316b60740c47beac35e6a451c075d6d011f9b5119d0c11c,gx-no-cache=1658852925670 HTTP/1.1" 200 30
186.67.172.234 - - [26/Jul/2022:13:42:20 -0300] "GET /cormun/servlet/solicitudotadjuntos?4859ce2ed71e6d30a316b60740c47beac35e6a451c075d6d011f9b5119d0c11c,gx-no-cache=1658852925692 HTTP/1.1" 200 30
192.168.10.84 - - [26/Jul/2022:13:42:20 -0300] "GET /digitalizacion/PublicTempStorage/9232577.tmp HTTP/1.1" 206 65536
186.67.172.234 - - [26/Jul/2022:13:42:20 -0300] "POST /cormun/servlet/solicitudotadjuntos?5aa52913a505d494e9bba4e3f305d0f8,INS,2022,18964,,1, HTTP/1.1" 200 116
186.67.172.234 - - [26/Jul/2022:13:42:20 -0300] "GET /cormun/servlet/hpexe_return? HTTP/1.1" 200 1026
192.168.10.84 - - [26/Jul/2022:13:42:20 -0300] "GET /digitalizacion/PublicTempStorage/9232577.tmp HTTP/1.1" 206 65536
192.168.10.84 - - [26/Jul/2022:13:42:20 -0300] "GET /digitalizacion/PublicTempStorage/9232577.tmp HTTP/1.1" 206 65536
186.67.172.234 - - [26/Jul/2022:13:42:20 -0300] "GET /cormun/servlet/trsolicitudadjuntos?2022,18964, HTTP/1.1" 200 9976
186.67.172.234 - - [26/Jul/2022:13:42:21 -0300] "GET /cormun/servlet/trsolicitudadjuntos?2022,18964, HTTP/1.1" 200 9973
192.168.10.84 - - [26/Jul/2022:13:42:21 -0300] "GET /digitalizacion/PublicTempStorage/9232577.tmp HTTP/1.1" 206 65536
192.168.10.84 - - [26/Jul/2022:13:42:21 -0300] "GET /digitalizacion/PublicTempStorage/9232577.tmp HTTP/1.1" 206 65536
192.168.10.84 - - [26/Jul/2022:13:42:22 -0300] "GET /digitalizacion/PublicTempStorage/9232577.tmp HTTP/1.1" 206 65536
186.67.172.234 - - [26/Jul/2022:13:42:23 -0300] "GET /cormun/servlet/solicitudotadjuntos?INS,2022,18964,,1, HTTP/1.1" 200 6411
186.67.172.234 - - [26/Jul/2022:13:42:23 -0300] "GET /cormun/static/about:blank HTTP/1.1" 404 1011
186.67.172.234 - - [26/Jul/2022:13:42:23 -0300] "GET /cormun/servlet/solicitudotadjuntos?INS,2022,18964,,1, HTTP/1.1" 200 6404
186.67.172.234 - - [26/Jul/2022:13:42:24 -0300] "GET /cormun/servlet/solicitudotadjuntos?4859ce2ed71e6d30a316b60740c47beac0c2fcc6950cd5ddbb7e54748f915b7700a704644196441a9549d97807e43ce0,gx-no-cache=1658852929244 HTTP/1.1" 200 30
186.67.172.234 - - [26/Jul/2022:13:42:24 -0300] "POST /cormun/servlet/solicitudotadjuntos?5aa52913a505d494e9bba4e3f305d0f8,INS,2022,18964,,1,,gx-no-cache=1658852929262 HTTP/1.1" 200 4186
186.67.172.234 - - [26/Jul/2022:13:42:26 -0300] "POST /cormun/servlet/solicitudotadjuntos?gx-no-cache=1658852931869 HTTP/1.1" 200 26
190.171.141.122 - - [26/Jul/2022:13:42:36 -0300] "POST /cormun/servlet/solicitudot?gx-no-cache=1658852940516 HTTP/1.1" 200 1466
190.171.141.122 - - [26/Jul/2022:13:42:36 -0300] "POST /cormun/servlet/solicitudot?gx-no-cache=1658852940582 HTTP/1.1" 200 38
186.67.172.234 - - [26/Jul/2022:13:42:48 -0300] "GET /cormun/servlet/solicitudotadjuntos?4859ce2ed71e6d30a316b60740c47beac35e6a451c075d6d011f9b5119d0c11c,gx-no-cache=1658852953774 HTTP/1.1" 200 30
186.67.172.234 - - [26/Jul/2022:13:42:48 -0300] "GET /cormun/servlet/solicitudotadjuntos?4859ce2ed71e6d30a316b60740c47beac35e6a451c075d6d011f9b5119d0c11c,gx-no-cache=1658852953825 HTTP/1.1" 200 30
186.67.172.234 - - [26/Jul/2022:13:42:48 -0300] "POST /cormun/servlet/solicitudotadjuntos?5aa52913a505d494e9bba4e3f305d0f8,INS,2022,18964,,1, HTTP/1.1" 200 116
186.67.172.234 - - [26/Jul/2022:13:42:48 -0300] "GET /cormun/servlet/hpexe_return? HTTP/1.1" 200 1026
186.67.172.234 - - [26/Jul/2022:13:42:49 -0300] "GET /cormun/servlet/trsolicitudadjuntos?2022,18964, HTTP/1.1" 200 10309
186.67.172.234 - - [26/Jul/2022:13:42:49 -0300] "GET /cormun/servlet/trsolicitudadjuntos?2022,18964, HTTP/1.1" 200 10306
186.67.172.234 - - [26/Jul/2022:13:42:53 -0300] "GET /cormun/servlet/solicitudotadjuntos?INS,2022,18964,,1, HTTP/1.1" 200 6411
186.67.172.234 - - [26/Jul/2022:13:42:53 -0300] "GET /cormun/static/about:blank HTTP/1.1" 404 1011
186.67.172.234 - - [26/Jul/2022:13:42:53 -0300] "GET /cormun/servlet/solicitudotadjuntos?INS,2022,18964,,1, HTTP/1.1" 200 6404
186.67.172.234 - - [26/Jul/2022:13:42:53 -0300] "GET /cormun/servlet/solicitudotadjuntos?4859ce2ed71e6d30a316b60740c47beac0c2fcc6950cd5ddbb7e54748f915b7700a704644196441a9549d97807e43ce0,gx-no-cache=1658852958915 HTTP/1.1" 200 30
186.67.172.234 - - [26/Jul/2022:13:42:53 -0300] "POST /cormun/servlet/solicitudotadjuntos?5aa52913a505d494e9bba4e3f305d0f8,INS,2022,18964,,1,,gx-no-cache=1658852958929 HTTP/1.1" 200 4186
186.67.172.234 - - [26/Jul/2022:13:42:56 -0300] "POST /cormun/servlet/solicitudotadjuntos?gx-no-cache=1658852961749 HTTP/1.1" 200 26
186.67.172.234 - - [26/Jul/2022:13:43:03 -0300] "GET /cormun/servlet/solicitudotadjuntos?4859ce2ed71e6d30a316b60740c47beac35e6a451c075d6d011f9b5119d0c11c,gx-no-cache=1658852968405 HTTP/1.1" 200 30
186.67.172.234 - - [26/Jul/2022:13:43:03 -0300] "GET /cormun/servlet/solicitudotadjuntos?4859ce2ed71e6d30a316b60740c47beac35e6a451c075d6d011f9b5119d0c11c,gx-no-cache=1658852968416 HTTP/1.1" 200 30
186.67.172.234 - - [26/Jul/2022:13:43:03 -0300] "POST /cormun/servlet/solicitudotadjuntos?5aa52913a505d494e9bba4e3f305d0f8,INS,2022,18964,,1, HTTP/1.1" 200 116
186.67.172.234 - - [26/Jul/2022:13:43:03 -0300] "GET /cormun/servlet/hpexe_return? HTTP/1.1" 200 1026
186.67.172.234 - - [26/Jul/2022:13:43:04 -0300] "GET /cormun/servlet/trsolicitudadjuntos?2022,18964, HTTP/1.1" 200 10533
186.67.172.234 - - [26/Jul/2022:13:43:04 -0300] "GET /cormun/servlet/trsolicitudadjuntos?2022,18964, HTTP/1.1" 200 10530
186.67.172.234 - - [26/Jul/2022:13:43:13 -0300] "POST /cormun/servlet/trsolicitudadjuntos?5aa52913a505d494e9bba4e3f305d0f8,2022,18964,,gx-no-cache=1658852978691 HTTP/1.1" 200 90
186.67.172.234 - - [26/Jul/2022:13:43:13 -0300] "GET /cormun/servlet/hpexe_link HTTP/1.1" 200 969
186.67.172.234 - - [26/Jul/2022:13:43:13 -0300] "GET /cormun/servlet/trsolicitudot HTTP/1.1" 200 8987
186.67.172.234 - - [26/Jul/2022:13:43:13 -0300] "GET /cormun/servlet/trsolicitudot HTTP/1.1" 200 8986
190.171.141.122 - - [26/Jul/2022:13:44:35 -0300] "GET /cormun/servlet/solicitudot?2f178fa32e27059dfe69417e0ce0b6662a1a31a85ca98d59a91cd6994861f4a479373b9481c497c7597dec574fca9b774336e156791fa075468a60f9f73173c15e6f9ed6f6594184f53e5e34f379ada2ae64fe2a01afe6fe40d19b21ecef74f15b0ebdede1b2077a678a8960de694ce4,gx-no-cache=1658853059761 HTTP/1.1" 200 110
192.168.10.84 - - [26/Jul/2022:13:44:48 -0300] "POST /digitalizacion/servlet/trdocumentos?560012ded3af9cbe5f6669a3d46074d2,,gx-no-cache=1658852898329 HTTP/1.1" 200 4472
192.168.10.84 - - [26/Jul/2022:13:45:19 -0300] "GET /digitalizacion/servlet/wbadjunto?86988,PU HTTP/1.1" 302 -
192.168.10.84 - - [26/Jul/2022:13:45:19 -0300] "GET /digitalizacion/PublicTempStorage/8662761.tmp HTTP/1.1" 206 2063
192.168.10.84 - - [26/Jul/2022:13:45:20 -0300] "GET /digitalizacion/PublicTempStorage/8662761.tmp HTTP/1.1" 206 65536
192.168.10.84 - - [26/Jul/2022:13:45:21 -0300] "GET /digitalizacion/PublicTempStorage/8662761.tmp HTTP/1.1" 200 21563407
192.168.10.84 - - [26/Jul/2022:13:45:38 -0300] "GET /digitalizacion/servlet/wbadjunto?86988,PU HTTP/1.1" 302 -
192.168.10.84 - - [26/Jul/2022:13:45:38 -0300] "GET /digitalizacion/PublicTempStorage/4770913.tmp HTTP/1.1" 206 2063
192.168.10.84 - - [26/Jul/2022:13:45:38 -0300] "GET /digitalizacion/PublicTempStorage/4770913.tmp HTTP/1.1" 206 65536
192.168.10.84 - - [26/Jul/2022:13:45:41 -0300] "GET /digitalizacion/PublicTempStorage/4770913.tmp HTTP/1.1" 206 65536
192.168.10.84 - - [26/Jul/2022:13:45:41 -0300] "GET /digitalizacion/PublicTempStorage/4770913.tmp HTTP/1.1" 200 21563407
192.168.10.84 - - [26/Jul/2022:13:45:41 -0300] "GET /digitalizacion/PublicTempStorage/4770913.tmp HTTP/1.1" 206 65536
192.168.10.84 - - [26/Jul/2022:13:45:41 -0300] "GET /digitalizacion/PublicTempStorage/4770913.tmp HTTP/1.1" 206 65536
192.168.10.84 - - [26/Jul/2022:13:45:41 -0300] "GET /digitalizacion/PublicTempStorage/4770913.tmp HTTP/1.1" 206 65536
192.168.10.84 - - [26/Jul/2022:13:45:41 -0300] "GET /digitalizacion/PublicTempStorage/4770913.tmp HTTP/1.1" 206 65536
192.168.10.84 - - [26/Jul/2022:13:45:41 -0300] "GET /digitalizacion/PublicTempStorage/4770913.tmp HTTP/1.1" 206 65536
186.67.172.234 - - [26/Jul/2022:13:46:02 -0300] "POST /cormun/servlet/trsolicitudot?5aa52913a505d494e9bba4e3f305d0f8,gx-no-cache=1658853147944 HTTP/1.1" 200 4836
186.67.172.234 - - [26/Jul/2022:13:46:02 -0300] "GET /cormun/static/Shared/jqueryui/images/ui-bg_highlight-soft_100_c6c2c8_1x100.png HTTP/1.1" 404 1117
186.67.172.234 - - [26/Jul/2022:13:46:02 -0300] "GET /cormun/static/Shared/jqueryui/images/ui-icons_82798d_256x240.png HTTP/1.1" 404 1089
186.67.172.234 - - [26/Jul/2022:13:46:02 -0300] "GET /cormun/static/Shared/jqueryui/images/ui-bg_flat_55_fafafa_40x100.png HTTP/1.1" 404 1097
186.67.172.234 - - [26/Jul/2022:13:46:02 -0300] "GET /cormun/static/Shared/jqueryui/images/ui-icons_8d78a5_256x240.png HTTP/1.1" 404 1089
186.67.172.234 - - [26/Jul/2022:13:46:03 -0300] "POST /cormun/servlet/trsolicitudot?5aa52913a505d494e9bba4e3f305d0f8,gx-no-cache=1658853148118 HTTP/1.1" 200 4603
186.67.172.234 - - [26/Jul/2022:13:46:05 -0300] "GET /cormun/servlet/trautorizarsolicitud? HTTP/1.1" 200 10416
186.67.172.234 - - [26/Jul/2022:13:46:05 -0300] "GET /cormun/servlet/trautorizarsolicitud? HTTP/1.1" 200 10416
192.168.10.84 - - [26/Jul/2022:13:46:41 -0300] "GET /digitalizacion/servlet/wbadjunto?86979,PU HTTP/1.1" 302 -
192.168.10.84 - - [26/Jul/2022:13:46:41 -0300] "GET /digitalizacion/PublicTempStorage/9229227.tmp HTTP/1.1" 206 36021
192.168.10.84 - - [26/Jul/2022:13:46:43 -0300] "GET /digitalizacion/PublicTempStorage/9229227.tmp HTTP/1.1" 200 20548789
192.168.10.84 - - [26/Jul/2022:13:46:43 -0300] "GET /digitalizacion/PublicTempStorage/9229227.tmp HTTP/1.1" 206 65536
192.168.10.84 - - [26/Jul/2022:13:46:43 -0300] "GET /digitalizacion/PublicTempStorage/9229227.tmp HTTP/1.1" 206 65536
192.168.10.84 - - [26/Jul/2022:13:46:43 -0300] "GET /digitalizacion/PublicTempStorage/9229227.tmp HTTP/1.1" 206 65536
192.168.10.84 - - [26/Jul/2022:13:46:43 -0300] "GET /digitalizacion/PublicTempStorage/9229227.tmp HTTP/1.1" 206 65536
200.54.103.162 - - [26/Jul/2022:13:46:45 -0300] "GET /cormun/servlet/hlogin HTTP/1.1" 200 1727
200.54.103.162 - - [26/Jul/2022:13:46:45 -0300] "GET /cormun/static/gxtimezone.js?85251 HTTP/1.1" 200 5781
200.54.103.162 - - [26/Jul/2022:13:46:45 -0300] "GET /cormun/static/gxcfg.js?201910216285969 HTTP/1.1" 200 953
200.54.103.162 - - [26/Jul/2022:13:46:45 -0300] "GET /cormun/static/messages.spa.js?85251 HTTP/1.1" 200 30736
200.54.103.162 - - [26/Jul/2022:13:46:45 -0300] "GET /cormun/static/hlogin.js?201910216285995 HTTP/1.1" 200 2136
200.54.103.162 - - [26/Jul/2022:13:46:45 -0300] "GET /cormun/static/gxgral.js?85251 HTTP/1.1" 200 384558
200.54.103.162 - - [26/Jul/2022:13:46:46 -0300] "GET /cormun/static/Resources/Logo2019_Grande.png HTTP/1.1" 200 31733
200.54.103.162 - - [26/Jul/2022:13:46:46 -0300] "GET /cormun/static/Resources/PXToolsLoginTop.png HTTP/1.1" 200 1337
200.54.103.162 - - [26/Jul/2022:13:46:46 -0300] "GET /cormun/static/Resources/PXToolsLoginBottom.png HTTP/1.1" 200 1389
200.54.103.162 - - [26/Jul/2022:13:46:46 -0300] "GET /cormun/static/Resources/PXToolsLoginBackground.png HTTP/1.1" 200 1164
200.54.103.162 - - [26/Jul/2022:13:46:46 -0300] "GET /cormun/servlet/hlogin HTTP/1.1" 200 1737
200.54.103.162 - - [26/Jul/2022:13:46:51 -0300] "POST /cormun/servlet/hlogin?b29796bb91c7a9c3bd085f574600c268,gx-no-cache=1658853197073 HTTP/1.1" 200 446
200.54.103.162 - - [26/Jul/2022:13:46:55 -0300] "POST /cormun/servlet/hlogin?b29796bb91c7a9c3bd085f574600c268,gx-no-cache=1658853200505 HTTP/1.1" 200 90
200.54.103.162 - - [26/Jul/2022:13:46:55 -0300] "GET /cormun/servlet/hpexe_link HTTP/1.1" 200 954
200.54.103.162 - - [26/Jul/2022:13:46:55 -0300] "GET /cormun/static/gxcfg.js?201991422392958 HTTP/1.1" 200 953
200.54.103.162 - - [26/Jul/2022:13:46:55 -0300] "GET /cormun/static/hpexe_link.js?201991422392963 HTTP/1.1" 200 625
200.54.103.162 - - [26/Jul/2022:13:46:56 -0300] "GET /cormun/servlet/hhome HTTP/1.1" 200 4340
200.54.103.162 - - [26/Jul/2022:13:46:56 -0300] "GET /cormun/static/Shared/jqueryui/jquery-ui.min.css?1345370 HTTP/1.1" 200 30288
200.54.103.162 - - [26/Jul/2022:13:46:56 -0300] "GET /cormun/static/SmoothNavMenu/resources/ddsmoothmenu.css?1112540 HTTP/1.1" 200 2223
200.54.103.162 - - [26/Jul/2022:13:46:56 -0300] "GET /cormun/static/gxcfg.js?20201215495537 HTTP/1.1" 200 953
200.54.103.162 - - [26/Jul/2022:13:46:56 -0300] "GET /cormun/static/SmoothNavMenu/resources/ddsmoothmenu-v.css?1112540 HTTP/1.1" 200 1188
200.54.103.162 - - [26/Jul/2022:13:46:56 -0300] "GET /cormun/static/scaMessage/css/jquery.pnotify.default.css?1816380 HTTP/1.1" 200 1707
200.54.103.162 - - [26/Jul/2022:13:46:56 -0300] "GET /cormun/static/PXToolsJavascripts/pexe_cookies.js HTTP/1.1" 200 792
200.54.103.162 - - [26/Jul/2022:13:46:56 -0300] "GET /cormun/static/PXToolsJavascripts/pexe_autoreload.js HTTP/1.1" 200 1762
200.54.103.162 - - [26/Jul/2022:13:46:56 -0300] "GET /cormun/static/Resources/Spanish/PXTools.css?14345360 HTTP/1.1" 200 100853
200.54.103.162 - - [26/Jul/2022:13:46:56 -0300] "GET /cormun/static/PXToolsJavascripts/pexe_grid.js HTTP/1.1" 200 7559
200.54.103.162 - - [26/Jul/2022:13:46:56 -0300] "GET /cormun/static/PXToolsJavascripts/pexe_windows.js HTTP/1.1" 200 15207
200.54.103.162 - - [26/Jul/2022:13:46:56 -0300] "GET /cormun/static/PXToolsJavascripts/pexe_griddivfix.js HTTP/1.1" 200 6644
200.54.103.162 - - [26/Jul/2022:13:46:56 -0300] "GET /cormun/static/PXToolsJavascripts/pexe_link.js HTTP/1.1" 200 5671
200.54.103.162 - - [26/Jul/2022:13:46:56 -0300] "GET /cormun/static/PXToolsJavascripts/pexe_menus.js HTTP/1.1" 200 1286
200.54.103.162 - - [26/Jul/2022:13:46:56 -0300] "GET /cormun/static/PXToolsJavascripts/pexe_menudivfix.js HTTP/1.1" 200 333
200.54.103.162 - - [26/Jul/2022:13:46:56 -0300] "GET /cormun/static/PXToolsJavascripts/pexe_popup.js HTTP/1.1" 200 13458
200.54.103.162 - - [26/Jul/2022:13:46:56 -0300] "GET /cormun/static/PXToolsJavascripts/pexe_oav.js HTTP/1.1" 200 645
200.54.103.162 - - [26/Jul/2022:13:46:56 -0300] "GET /cormun/static/PXToolsJavascripts/pexe_tabdivfix.js HTTP/1.1" 200 876
200.54.103.162 - - [26/Jul/2022:13:46:56 -0300] "GET /cormun/static/PXToolsJavascripts/pexe_scrolldiv.js HTTP/1.1" 200 4138
200.54.103.162 - - [26/Jul/2022:13:46:56 -0300] "GET /cormun/static/PXToolsJavascripts/pexe_layers.js HTTP/1.1" 200 4114
200.54.103.162 - - [26/Jul/2022:13:46:56 -0300] "GET /cormun/static/PXToolsJavascripts/pexe_tabs.js HTTP/1.1" 200 3748
200.54.103.162 - - [26/Jul/2022:13:46:56 -0300] "GET /cormun/static/PXToolsJavascripts/pexe_upload.js HTTP/1.1" 200 1423
200.54.103.162 - - [26/Jul/2022:13:46:56 -0300] "GET /cormun/static/PXToolsJavascripts/PXToolsJavascriptsRender.js HTTP/1.1" 200 367
200.54.103.162 - - [26/Jul/2022:13:46:56 -0300] "GET /cormun/static/PXToolsJavascripts/pexe_picture.js HTTP/1.1" 200 689
200.54.103.162 - - [26/Jul/2022:13:46:56 -0300] "GET /cormun/static/PXToolsJavascripts/pexe_oavdivfix.js HTTP/1.1" 200 639
200.54.103.162 - - [26/Jul/2022:13:46:56 -0300] "GET /cormun/static/RunJS/RunJS.js HTTP/1.1" 200 288
200.54.103.162 - - [26/Jul/2022:13:46:56 -0300] "GET /cormun/static/hhome.js?20201215495544 HTTP/1.1" 200 777
200.54.103.162 - - [26/Jul/2022:13:46:56 -0300] "GET /cormun/static/hwchdr01.js?20201214473739 HTTP/1.1" 200 996
