111.75.246.105 - - [22/Jun/2022:18:10:58 -0300] "GET /manager/html HTTP/1.1" 401 2474
111.75.246.105 - - [22/Jun/2022:18:10:58 -0300] "GET /manager/html HTTP/1.1" 401 2474
111.75.246.105 - - [22/Jun/2022:18:10:58 -0300] "GET /manager/html HTTP/1.1" 401 2474
111.75.246.105 - - [22/Jun/2022:18:10:59 -0300] "GET /manager/html HTTP/1.1" 401 2474
111.75.246.105 - - [22/Jun/2022:18:10:59 -0300] "GET /manager/html HTTP/1.1" 401 2474
111.75.246.105 - - [22/Jun/2022:18:10:59 -0300] "GET /manager/html HTTP/1.1" 401 2474
111.75.246.105 - - [22/Jun/2022:18:11:00 -0300] "GET /manager/html HTTP/1.1" 401 2474
111.75.246.105 - - [22/Jun/2022:18:11:00 -0300] "GET /manager/html HTTP/1.1" 401 2474
111.75.246.105 - - [22/Jun/2022:18:11:00 -0300] "GET /manager/html HTTP/1.1" 401 2474
111.75.246.105 - - [22/Jun/2022:18:11:00 -0300] "GET /manager/html HTTP/1.1" 401 2474
111.75.246.105 - - [22/Jun/2022:18:11:01 -0300] "GET /manager/html HTTP/1.1" 401 2474
111.75.246.105 - - [22/Jun/2022:18:11:02 -0300] "GET /manager/html HTTP/1.1" 401 2474
111.75.246.105 - - [22/Jun/2022:18:11:02 -0300] "GET /manager/html HTTP/1.1" 401 2474
111.75.246.105 - - [22/Jun/2022:18:11:02 -0300] "GET /manager/html HTTP/1.1" 401 2474
111.75.246.105 - - [22/Jun/2022:18:11:03 -0300] "GET /manager/html HTTP/1.1" 401 2474
111.75.246.105 - - [22/Jun/2022:18:11:03 -0300] "GET /manager/html HTTP/1.1" 401 2474
111.75.246.105 - - [22/Jun/2022:18:11:03 -0300] "GET /manager/html HTTP/1.1" 401 2474
111.75.246.105 - - [22/Jun/2022:18:11:04 -0300] "GET /manager/html HTTP/1.1" 401 2474
111.75.246.105 - - [22/Jun/2022:18:11:04 -0300] "GET /manager/html HTTP/1.1" 401 2474
190.171.141.90 - - [22/Jun/2022:18:11:04 -0300] "POST /cormun/servlet/trsolicitudot?3b7a24f1a397bd8eca9cca0e9b687435,,gx-no-cache=1655931453001 HTTP/1.1" 200 6544
111.75.246.105 - - [22/Jun/2022:18:11:04 -0300] "GET /manager/html HTTP/1.1" 401 2474
111.75.246.105 - - [22/Jun/2022:18:11:05 -0300] "GET /manager/html HTTP/1.1" 401 2474
111.75.246.105 - - [22/Jun/2022:18:11:05 -0300] "GET /manager/html HTTP/1.1" 401 2474
111.75.246.105 - - [22/Jun/2022:18:11:05 -0300] "GET /manager/html HTTP/1.1" 401 2474
111.75.246.105 - - [22/Jun/2022:18:11:06 -0300] "GET /manager/html HTTP/1.1" 401 2474
111.75.246.105 - - [22/Jun/2022:18:11:06 -0300] "GET /manager/html HTTP/1.1" 401 2474
111.75.246.105 - - [22/Jun/2022:18:11:06 -0300] "GET /manager/html HTTP/1.1" 401 2474
111.75.246.105 - - [22/Jun/2022:18:11:07 -0300] "GET /manager/html HTTP/1.1" 401 2474
190.171.141.90 - - [22/Jun/2022:18:11:07 -0300] "POST /cormun/servlet/trsolicitudot?3b7a24f1a397bd8eca9cca0e9b687435,,gx-no-cache=1655931455581 HTTP/1.1" 200 6544
111.75.246.105 - - [22/Jun/2022:18:11:07 -0300] "GET /manager/html HTTP/1.1" 401 2474
111.75.246.105 - - [22/Jun/2022:18:11:07 -0300] "GET /manager/html HTTP/1.1" 401 2474
111.75.246.105 - - [22/Jun/2022:18:11:08 -0300] "GET /manager/html HTTP/1.1" 401 2474
111.75.246.105 - - [22/Jun/2022:18:11:08 -0300] "GET /manager/html HTTP/1.1" 401 2474
191.125.32.242 - - [22/Jun/2022:18:11:08 -0300] "GET /cormun/servlet/hlogin HTTP/1.1" 200 1724
111.75.246.105 - - [22/Jun/2022:18:11:08 -0300] "GET /manager/html HTTP/1.1" 401 2474
190.171.141.90 - - [22/Jun/2022:18:11:09 -0300] "POST /cormun/servlet/trsolicitudot?3b7a24f1a397bd8eca9cca0e9b687435,,gx-no-cache=1655931457576 HTTP/1.1" 200 6544
111.75.246.105 - - [22/Jun/2022:18:11:09 -0300] "GET /manager/html HTTP/1.1" 401 2474
111.75.246.105 - - [22/Jun/2022:18:11:09 -0300] "GET /manager/html HTTP/1.1" 401 2474
111.75.246.105 - - [22/Jun/2022:18:11:09 -0300] "GET /manager/html HTTP/1.1" 401 2474
111.75.246.105 - - [22/Jun/2022:18:11:10 -0300] "GET /manager/html HTTP/1.1" 401 2474
111.75.246.105 - - [22/Jun/2022:18:11:10 -0300] "GET /manager/html HTTP/1.1" 401 2474
111.75.246.105 - - [22/Jun/2022:18:11:10 -0300] "GET /manager/html HTTP/1.1" 401 2474
111.75.246.105 - - [22/Jun/2022:18:11:10 -0300] "GET /manager/html HTTP/1.1" 401 2474
111.75.246.105 - - [22/Jun/2022:18:11:11 -0300] "GET /manager/html HTTP/1.1" 401 2474
111.75.246.105 - - [22/Jun/2022:18:11:11 -0300] "GET /manager/html HTTP/1.1" 401 2474
111.75.246.105 - - [22/Jun/2022:18:11:11 -0300] "GET /manager/html HTTP/1.1" 401 2474
111.75.246.105 - - [22/Jun/2022:18:11:12 -0300] "GET /manager/html HTTP/1.1" 401 2474
111.75.246.105 - - [22/Jun/2022:18:11:12 -0300] "GET /manager/html HTTP/1.1" 401 2474
111.75.246.105 - - [22/Jun/2022:18:11:12 -0300] "GET /manager/html HTTP/1.1" 401 2474
111.75.246.105 - - [22/Jun/2022:18:11:13 -0300] "GET /manager/html HTTP/1.1" 401 2474
111.75.246.105 - - [22/Jun/2022:18:11:13 -0300] "GET /manager/html HTTP/1.1" 401 2474
111.75.246.105 - - [22/Jun/2022:18:11:13 -0300] "GET /manager/html HTTP/1.1" 401 2474
111.75.246.105 - - [22/Jun/2022:18:11:13 -0300] "GET /manager/html HTTP/1.1" 401 2474
111.75.246.105 - - [22/Jun/2022:18:11:14 -0300] "GET /manager/html HTTP/1.1" 401 2474
111.75.246.105 - - [22/Jun/2022:18:11:14 -0300] "GET /manager/html HTTP/1.1" 401 2474
191.125.32.242 - - [22/Jun/2022:18:11:14 -0300] "GET /cormun/static/gxtimezone.js?85251 HTTP/1.1" 200 5781
111.75.246.105 - - [22/Jun/2022:18:11:14 -0300] "GET /manager/html HTTP/1.1" 401 2474
111.75.246.105 - - [22/Jun/2022:18:11:15 -0300] "GET /manager/html HTTP/1.1" 401 2474
191.125.32.242 - - [22/Jun/2022:18:11:15 -0300] "GET /cormun/static/Resources/Spanish/PXTools.css?2294816 HTTP/1.1" 200 100853
111.75.246.105 - - [22/Jun/2022:18:11:15 -0300] "GET /manager/html HTTP/1.1" 401 2474
111.75.246.105 - - [22/Jun/2022:18:11:15 -0300] "GET /manager/html HTTP/1.1" 401 2474
191.125.32.242 - - [22/Jun/2022:18:11:15 -0300] "GET /cormun/static/messages.spa.js?85251 HTTP/1.1" 200 30736
111.75.246.105 - - [22/Jun/2022:18:11:15 -0300] "GET /manager/html HTTP/1.1" 401 2474
191.125.32.242 - - [22/Jun/2022:18:11:16 -0300] "GET /cormun/static/hlogin.js?201910216285995 HTTP/1.1" 200 2136
191.125.32.242 - - [22/Jun/2022:18:11:16 -0300] "GET /cormun/static/Resources/Logo2019_Grande.png HTTP/1.1" 200 31733
191.125.32.242 - - [22/Jun/2022:18:11:16 -0300] "GET /cormun/static/gxgral.js?85251 HTTP/1.1" 200 384558
111.75.246.105 - - [22/Jun/2022:18:11:16 -0300] "GET /manager/html HTTP/1.1" 401 2474
111.75.246.105 - - [22/Jun/2022:18:11:16 -0300] "GET /manager/html HTTP/1.1" 401 2474
191.125.32.242 - - [22/Jun/2022:18:11:16 -0300] "GET /cormun/static/Resources/PXToolsLoginTop.png HTTP/1.1" 200 1337
191.125.32.242 - - [22/Jun/2022:18:11:16 -0300] "GET /cormun/static/Resources/PXToolsButtonLeft.png HTTP/1.1" 200 1310
191.125.32.242 - - [22/Jun/2022:18:11:16 -0300] "GET /cormun/static/Resources/PXToolsButtonRight.png HTTP/1.1" 200 1294
191.125.32.242 - - [22/Jun/2022:18:11:16 -0300] "GET /cormun/static/Resources/PXToolsLoginBottom.png HTTP/1.1" 200 1389
111.75.246.105 - - [22/Jun/2022:18:11:16 -0300] "GET /manager/html HTTP/1.1" 401 2474
191.125.32.242 - - [22/Jun/2022:18:11:17 -0300] "GET /cormun/servlet/hlogin HTTP/1.1" 200 1735
191.125.32.242 - - [22/Jun/2022:18:11:17 -0300] "GET /cormun/static/Resources/indicator.gif HTTP/1.1" 200 1553
111.75.246.105 - - [22/Jun/2022:18:11:17 -0300] "GET /manager/html HTTP/1.1" 401 2474
191.125.32.242 - - [22/Jun/2022:18:11:17 -0300] "GET /cormun/static/Resources/indicator.gif HTTP/1.1" 206 1
191.125.32.242 - - [22/Jun/2022:18:11:17 -0300] "GET /cormun/static/Resources/indicator.gif HTTP/1.1" 206 393
191.125.32.242 - - [22/Jun/2022:18:11:17 -0300] "GET /favicon.ico HTTP/1.1" 200 21630
111.75.246.105 - - [22/Jun/2022:18:11:17 -0300] "GET /manager/html HTTP/1.1" 401 2474
111.75.246.105 - - [22/Jun/2022:18:11:17 -0300] "GET /manager/html HTTP/1.1" 401 2474
111.75.246.105 - - [22/Jun/2022:18:11:18 -0300] "GET /manager/html HTTP/1.1" 401 2474
111.75.246.105 - - [22/Jun/2022:18:11:18 -0300] "GET /manager/html HTTP/1.1" 401 2474
111.75.246.105 - - [22/Jun/2022:18:11:18 -0300] "GET /manager/html HTTP/1.1" 401 2474
111.75.246.105 - - [22/Jun/2022:18:11:18 -0300] "GET /manager/html HTTP/1.1" 401 2474
111.75.246.105 - - [22/Jun/2022:18:11:19 -0300] "GET /manager/html HTTP/1.1" 401 2474
111.75.246.105 - - [22/Jun/2022:18:11:19 -0300] "GET /manager/html HTTP/1.1" 401 2474
111.75.246.105 - - [22/Jun/2022:18:11:19 -0300] "GET /manager/html HTTP/1.1" 401 2474
111.75.246.105 - - [22/Jun/2022:18:11:20 -0300] "GET /manager/html HTTP/1.1" 401 2474
111.75.246.105 - - [22/Jun/2022:18:11:20 -0300] "GET /manager/html HTTP/1.1" 401 2474
111.75.246.105 - - [22/Jun/2022:18:11:20 -0300] "GET /manager/html HTTP/1.1" 401 2474
111.75.246.105 - - [22/Jun/2022:18:11:21 -0300] "GET /manager/html HTTP/1.1" 401 2474
190.171.141.90 - - [22/Jun/2022:18:11:21 -0300] "POST /cormun/servlet/trsolicitudot?3b7a24f1a397bd8eca9cca0e9b687435,,gx-no-cache=1655931469502 HTTP/1.1" 200 6567
111.75.246.105 - - [22/Jun/2022:18:11:21 -0300] "GET /manager/html HTTP/1.1" 401 2474
111.75.246.105 - - [22/Jun/2022:18:11:21 -0300] "GET /manager/html HTTP/1.1" 401 2474
111.75.246.105 - - [22/Jun/2022:18:11:21 -0300] "GET /manager/html HTTP/1.1" 401 2474
111.75.246.105 - - [22/Jun/2022:18:11:22 -0300] "GET /manager/html HTTP/1.1" 401 2474
111.75.246.105 - - [22/Jun/2022:18:11:22 -0300] "GET /manager/html HTTP/1.1" 401 2474
111.75.246.105 - - [22/Jun/2022:18:11:22 -0300] "GET /manager/html HTTP/1.1" 401 2474
111.75.246.105 - - [22/Jun/2022:18:11:23 -0300] "GET /manager/html HTTP/1.1" 401 2474
111.75.246.105 - - [22/Jun/2022:18:11:23 -0300] "GET /manager/html HTTP/1.1" 401 2474
111.75.246.105 - - [22/Jun/2022:18:11:23 -0300] "GET /manager/html HTTP/1.1" 401 2474
111.75.246.105 - - [22/Jun/2022:18:11:24 -0300] "GET /manager/html HTTP/1.1" 401 2474
111.75.246.105 - - [22/Jun/2022:18:11:24 -0300] "GET /manager/html HTTP/1.1" 401 2474
111.75.246.105 - - [22/Jun/2022:18:11:24 -0300] "GET /manager/html HTTP/1.1" 401 2474
111.75.246.105 - - [22/Jun/2022:18:11:24 -0300] "GET /manager/html HTTP/1.1" 401 2474
111.75.246.105 - - [22/Jun/2022:18:11:25 -0300] "GET /manager/html HTTP/1.1" 401 2474
111.75.246.105 - - [22/Jun/2022:18:11:25 -0300] "GET /manager/html HTTP/1.1" 401 2474
111.75.246.105 - - [22/Jun/2022:18:11:25 -0300] "GET /manager/html HTTP/1.1" 401 2474
111.75.246.105 - - [22/Jun/2022:18:11:26 -0300] "GET /manager/html HTTP/1.1" 401 2474
111.75.246.105 - - [22/Jun/2022:18:11:26 -0300] "GET /manager/html HTTP/1.1" 401 2474
111.75.246.105 - - [22/Jun/2022:18:11:26 -0300] "GET /manager/html HTTP/1.1" 401 2474
111.75.246.105 - - [22/Jun/2022:18:11:26 -0300] "GET /manager/html HTTP/1.1" 401 2474
111.75.246.105 - - [22/Jun/2022:18:11:27 -0300] "GET /manager/html HTTP/1.1" 401 2474
111.75.246.105 - - [22/Jun/2022:18:11:27 -0300] "GET /manager/html HTTP/1.1" 401 2474
111.75.246.105 - - [22/Jun/2022:18:11:27 -0300] "GET /manager/html HTTP/1.1" 401 2474
111.75.246.105 - - [22/Jun/2022:18:11:28 -0300] "GET /manager/html HTTP/1.1" 401 2474
191.125.32.242 - - [22/Jun/2022:18:11:28 -0300] "POST /cormun/servlet/hlogin?60c2a32e667bfbe7cfb705c8ec25b4d5,gx-no-cache=1655931478549 HTTP/1.1" 200 442
111.75.246.105 - - [22/Jun/2022:18:11:28 -0300] "GET /manager/html HTTP/1.1" 401 2474
111.75.246.105 - - [22/Jun/2022:18:11:28 -0300] "GET /manager/html HTTP/1.1" 401 2474
190.171.141.90 - - [22/Jun/2022:18:11:28 -0300] "POST /cormun/servlet/trsolicitudot?3b7a24f1a397bd8eca9cca0e9b687435,,gx-no-cache=1655931477150 HTTP/1.1" 200 9953
111.75.246.105 - - [22/Jun/2022:18:11:29 -0300] "GET /manager/html HTTP/1.1" 401 2474
111.75.246.105 - - [22/Jun/2022:18:11:29 -0300] "GET /manager/html HTTP/1.1" 401 2474
111.75.246.105 - - [22/Jun/2022:18:11:29 -0300] "GET /manager/html HTTP/1.1" 401 2474
111.75.246.105 - - [22/Jun/2022:18:11:29 -0300] "GET /manager/html HTTP/1.1" 401 2474
111.75.246.105 - - [22/Jun/2022:18:11:30 -0300] "GET /manager/html HTTP/1.1" 401 2474
111.75.246.105 - - [22/Jun/2022:18:11:30 -0300] "GET /manager/html HTTP/1.1" 401 2474
111.75.246.105 - - [22/Jun/2022:18:11:30 -0300] "GET /manager/html HTTP/1.1" 401 2474
111.75.246.105 - - [22/Jun/2022:18:11:31 -0300] "GET /manager/html HTTP/1.1" 401 2474
111.75.246.105 - - [22/Jun/2022:18:11:31 -0300] "GET /manager/html HTTP/1.1" 401 2474
111.75.246.105 - - [22/Jun/2022:18:11:31 -0300] "GET /manager/html HTTP/1.1" 401 2474
111.75.246.105 - - [22/Jun/2022:18:11:32 -0300] "GET /manager/html HTTP/1.1" 401 2474
111.75.246.105 - - [22/Jun/2022:18:11:32 -0300] "GET /manager/html HTTP/1.1" 401 2474
111.75.246.105 - - [22/Jun/2022:18:11:32 -0300] "GET /manager/html HTTP/1.1" 401 2474
111.75.246.105 - - [22/Jun/2022:18:11:32 -0300] "GET /manager/html HTTP/1.1" 401 2474
111.75.246.105 - - [22/Jun/2022:18:11:33 -0300] "GET /manager/html HTTP/1.1" 401 2474
111.75.246.105 - - [22/Jun/2022:18:11:33 -0300] "GET /manager/html HTTP/1.1" 401 2474
111.75.246.105 - - [22/Jun/2022:18:11:33 -0300] "GET /manager/html HTTP/1.1" 401 2474
111.75.246.105 - - [22/Jun/2022:18:11:34 -0300] "GET /manager/html HTTP/1.1" 401 2474
111.75.246.105 - - [22/Jun/2022:18:11:34 -0300] "GET /manager/html HTTP/1.1" 401 2474
111.75.246.105 - - [22/Jun/2022:18:11:34 -0300] "GET /manager/html HTTP/1.1" 401 2474
111.75.246.105 - - [22/Jun/2022:18:11:35 -0300] "GET /manager/html HTTP/1.1" 401 2474
111.75.246.105 - - [22/Jun/2022:18:11:35 -0300] "GET /manager/html HTTP/1.1" 401 2474
111.75.246.105 - - [22/Jun/2022:18:11:35 -0300] "GET /manager/html HTTP/1.1" 401 2474
111.75.246.105 - - [22/Jun/2022:18:11:35 -0300] "GET /manager/html HTTP/1.1" 401 2474
111.75.246.105 - - [22/Jun/2022:18:11:36 -0300] "GET /manager/html HTTP/1.1" 401 2474
191.125.32.242 - - [22/Jun/2022:18:11:36 -0300] "POST /cormun/servlet/hlogin?60c2a32e667bfbe7cfb705c8ec25b4d5,gx-no-cache=1655931486412 HTTP/1.1" 200 442
111.75.246.105 - - [22/Jun/2022:18:11:36 -0300] "GET /manager/html HTTP/1.1" 401 2474
111.75.246.105 - - [22/Jun/2022:18:11:36 -0300] "GET /manager/html HTTP/1.1" 401 2474
111.75.246.105 - - [22/Jun/2022:18:11:37 -0300] "GET /manager/html HTTP/1.1" 401 2474
111.75.246.105 - - [22/Jun/2022:18:11:37 -0300] "GET /manager/html HTTP/1.1" 401 2474
111.75.246.105 - - [22/Jun/2022:18:11:37 -0300] "GET /manager/html HTTP/1.1" 401 2474
111.75.246.105 - - [22/Jun/2022:18:11:38 -0300] "GET /manager/html HTTP/1.1" 401 2474
111.75.246.105 - - [22/Jun/2022:18:11:38 -0300] "GET /manager/html HTTP/1.1" 401 2474
111.75.246.105 - - [22/Jun/2022:18:11:38 -0300] "GET /manager/html HTTP/1.1" 401 2474
191.125.32.242 - - [22/Jun/2022:18:11:38 -0300] "POST /cormun/servlet/hlogin?60c2a32e667bfbe7cfb705c8ec25b4d5,gx-no-cache=1655931489055 HTTP/1.1" 200 441
111.75.246.105 - - [22/Jun/2022:18:11:39 -0300] "GET /manager/html HTTP/1.1" 401 2474
111.75.246.105 - - [22/Jun/2022:18:11:39 -0300] "GET /manager/html HTTP/1.1" 401 2474
111.75.246.105 - - [22/Jun/2022:18:11:39 -0300] "GET /manager/html HTTP/1.1" 401 2474
111.75.246.105 - - [22/Jun/2022:18:11:40 -0300] "GET /manager/html HTTP/1.1" 401 2474
111.75.246.105 - - [22/Jun/2022:18:11:40 -0300] "GET /manager/html HTTP/1.1" 401 2474
111.75.246.105 - - [22/Jun/2022:18:11:40 -0300] "GET /manager/html HTTP/1.1" 401 2474
190.171.142.42 - - [22/Jun/2022:18:11:40 -0300] "GET /cormun/servlet/hlogin HTTP/1.1" 200 1728
111.75.246.105 - - [22/Jun/2022:18:11:40 -0300] "GET /manager/html HTTP/1.1" 401 2474
111.75.246.105 - - [22/Jun/2022:18:11:41 -0300] "GET /manager/html HTTP/1.1" 401 2474
111.75.246.105 - - [22/Jun/2022:18:11:41 -0300] "GET /manager/html HTTP/1.1" 401 2474
111.75.246.105 - - [22/Jun/2022:18:11:41 -0300] "GET /manager/html HTTP/1.1" 401 2474
190.171.141.90 - - [22/Jun/2022:18:11:41 -0300] "POST /cormun/servlet/trsolicitudot?3b7a24f1a397bd8eca9cca0e9b687435,,gx-no-cache=1655931490294 HTTP/1.1" 200 9917
111.75.246.105 - - [22/Jun/2022:18:11:42 -0300] "GET /manager/html HTTP/1.1" 401 2474
111.75.246.105 - - [22/Jun/2022:18:11:42 -0300] "GET /manager/html HTTP/1.1" 401 2474
111.75.246.105 - - [22/Jun/2022:18:11:42 -0300] "GET /manager/html HTTP/1.1" 401 2474
111.75.246.105 - - [22/Jun/2022:18:11:43 -0300] "GET /manager/html HTTP/1.1" 401 2474
111.75.246.105 - - [22/Jun/2022:18:11:43 -0300] "GET /manager/html HTTP/1.1" 401 2474
111.75.246.105 - - [22/Jun/2022:18:11:43 -0300] "GET /manager/html HTTP/1.1" 401 2474
111.75.246.105 - - [22/Jun/2022:18:11:43 -0300] "GET /manager/html HTTP/1.1" 401 2474
111.75.246.105 - - [22/Jun/2022:18:11:44 -0300] "GET /manager/html HTTP/1.1" 401 2474
111.75.246.105 - - [22/Jun/2022:18:11:44 -0300] "GET /manager/html HTTP/1.1" 401 2474
111.75.246.105 - - [22/Jun/2022:18:11:44 -0300] "GET /manager/html HTTP/1.1" 401 2474
111.75.246.105 - - [22/Jun/2022:18:11:45 -0300] "GET /manager/html HTTP/1.1" 401 2474
111.75.246.105 - - [22/Jun/2022:18:11:45 -0300] "GET /manager/html HTTP/1.1" 401 2474
111.75.246.105 - - [22/Jun/2022:18:11:45 -0300] "GET /manager/html HTTP/1.1" 401 2474
111.75.246.105 - - [22/Jun/2022:18:11:46 -0300] "GET /manager/html HTTP/1.1" 401 2474
111.75.246.105 - - [22/Jun/2022:18:11:46 -0300] "GET /manager/html HTTP/1.1" 401 2474
111.75.246.105 - - [22/Jun/2022:18:11:46 -0300] "GET /manager/html HTTP/1.1" 401 2474
111.75.246.105 - - [22/Jun/2022:18:11:46 -0300] "GET /manager/html HTTP/1.1" 401 2474
111.75.246.105 - - [22/Jun/2022:18:11:47 -0300] "GET /manager/html HTTP/1.1" 401 2474
111.75.246.105 - - [22/Jun/2022:18:11:47 -0300] "GET /manager/html HTTP/1.1" 401 2474
111.75.246.105 - - [22/Jun/2022:18:11:47 -0300] "GET /manager/html HTTP/1.1" 401 2474
111.75.246.105 - - [22/Jun/2022:18:11:48 -0300] "GET /manager/html HTTP/1.1" 401 2474
111.75.246.105 - - [22/Jun/2022:18:11:48 -0300] "GET /manager/html HTTP/1.1" 401 2474
190.171.142.42 - - [22/Jun/2022:18:11:48 -0300] "POST /cormun/servlet/hlogin?1d493a88928767618f6a76fb89b0f2da,gx-no-cache=1655931497122 HTTP/1.1" 200 90
111.75.246.105 - - [22/Jun/2022:18:11:48 -0300] "GET /manager/html HTTP/1.1" 401 2474
190.171.142.42 - - [22/Jun/2022:18:11:48 -0300] "GET /cormun/servlet/hpexe_link HTTP/1.1" 200 954
190.171.142.42 - - [22/Jun/2022:18:11:48 -0300] "GET /cormun/servlet/hhome HTTP/1.1" 200 4254
190.171.142.42 - - [22/Jun/2022:18:11:48 -0300] "GET /cormun/servlet/hhome HTTP/1.1" 200 4252
111.75.246.105 - - [22/Jun/2022:18:11:49 -0300] "GET /manager/html HTTP/1.1" 401 2474
111.75.246.105 - - [22/Jun/2022:18:11:49 -0300] "GET /manager/html HTTP/1.1" 401 2474
111.75.246.105 - - [22/Jun/2022:18:11:49 -0300] "GET /manager/html HTTP/1.1" 401 2474
191.125.32.242 - - [22/Jun/2022:18:11:49 -0300] "POST /cormun/servlet/hlogin?60c2a32e667bfbe7cfb705c8ec25b4d5,gx-no-cache=1655931499830 HTTP/1.1" 200 90
111.75.246.105 - - [22/Jun/2022:18:11:49 -0300] "GET /manager/html HTTP/1.1" 401 2474
191.125.32.242 - - [22/Jun/2022:18:11:50 -0300] "GET /cormun/servlet/hpexe_link HTTP/1.1" 200 951
111.75.246.105 - - [22/Jun/2022:18:11:50 -0300] "GET /manager/html HTTP/1.1" 401 2474
111.75.246.105 - - [22/Jun/2022:18:11:50 -0300] "GET /manager/html HTTP/1.1" 401 2474
111.75.246.105 - - [22/Jun/2022:18:11:50 -0300] "GET /manager/html HTTP/1.1" 401 2474
111.75.246.105 - - [22/Jun/2022:18:11:51 -0300] "GET /manager/html HTTP/1.1" 401 2474
190.171.142.42 - - [22/Jun/2022:18:11:51 -0300] "GET /cormun/servlet/trlicencias? HTTP/1.1" 200 13036
111.75.246.105 - - [22/Jun/2022:18:11:51 -0300] "GET /manager/html HTTP/1.1" 401 2474
190.171.142.42 - - [22/Jun/2022:18:11:51 -0300] "GET /cormun/servlet/trlicencias? HTTP/1.1" 200 13035
191.125.32.242 - - [22/Jun/2022:18:11:51 -0300] "GET /cormun/servlet/hhome HTTP/1.1" 200 3970
111.75.246.105 - - [22/Jun/2022:18:11:51 -0300] "GET /manager/html HTTP/1.1" 401 2474
111.75.246.105 - - [22/Jun/2022:18:11:51 -0300] "GET /manager/html HTTP/1.1" 401 2474
111.75.246.105 - - [22/Jun/2022:18:11:52 -0300] "GET /manager/html HTTP/1.1" 401 2474
190.171.141.90 - - [22/Jun/2022:18:11:52 -0300] "POST /cormun/servlet/trsolicitudot?3b7a24f1a397bd8eca9cca0e9b687435,,gx-no-cache=1655931500829 HTTP/1.1" 200 9918
111.75.246.105 - - [22/Jun/2022:18:11:52 -0300] "GET /manager/html HTTP/1.1" 401 2474
111.75.246.105 - - [22/Jun/2022:18:11:52 -0300] "GET /manager/html HTTP/1.1" 401 2474
111.75.246.105 - - [22/Jun/2022:18:11:53 -0300] "GET /manager/html HTTP/1.1" 401 2474
111.75.246.105 - - [22/Jun/2022:18:11:53 -0300] "GET /manager/html HTTP/1.1" 401 2474
111.75.246.105 - - [22/Jun/2022:18:11:53 -0300] "GET /manager/html HTTP/1.1" 401 2474
191.125.32.242 - - [22/Jun/2022:18:11:53 -0300] "GET /cormun/static/SmoothNavMenu/resources/ddsmoothmenu.css?1112540 HTTP/1.1" 200 2223
191.125.32.242 - - [22/Jun/2022:18:11:53 -0300] "GET /cormun/static/SmoothNavMenu/resources/ddsmoothmenu-v.css?1112540 HTTP/1.1" 200 1188
191.125.32.242 - - [22/Jun/2022:18:11:53 -0300] "GET /cormun/static/scaMessage/css/jquery.pnotify.default.css?1816380 HTTP/1.1" 200 1707
191.125.32.242 - - [22/Jun/2022:18:11:53 -0300] "GET /cormun/static/PXToolsJavascripts/pexe_autoreload.js HTTP/1.1" 200 1762
191.125.32.242 - - [22/Jun/2022:18:11:53 -0300] "GET /cormun/static/Shared/jqueryui/jquery-ui.min.css?1345370 HTTP/1.1" 200 30288
111.75.246.105 - - [22/Jun/2022:18:11:54 -0300] "GET /manager/html HTTP/1.1" 401 2474
111.75.246.105 - - [22/Jun/2022:18:11:54 -0300] "GET /manager/html HTTP/1.1" 401 2474
111.75.246.105 - - [22/Jun/2022:18:11:54 -0300] "GET /manager/html HTTP/1.1" 401 2474
191.125.32.242 - - [22/Jun/2022:18:11:54 -0300] "GET /cormun/static/PXToolsJavascripts/pexe_grid.js HTTP/1.1" 200 7559
191.125.32.242 - - [22/Jun/2022:18:11:54 -0300] "GET /cormun/static/PXToolsJavascripts/pexe_windows.js HTTP/1.1" 200 15207
191.125.32.242 - - [22/Jun/2022:18:11:54 -0300] "GET /cormun/static/PXToolsJavascripts/pexe_griddivfix.js HTTP/1.1" 200 6644
191.125.32.242 - - [22/Jun/2022:18:11:54 -0300] "GET /cormun/static/PXToolsJavascripts/pexe_link.js HTTP/1.1" 200 5671
111.75.246.105 - - [22/Jun/2022:18:11:54 -0300] "GET /manager/html HTTP/1.1" 401 2474
111.75.246.105 - - [22/Jun/2022:18:11:55 -0300] "GET /manager/html HTTP/1.1" 401 2474
111.75.246.105 - - [22/Jun/2022:18:11:55 -0300] "GET /manager/html HTTP/1.1" 401 2474
191.125.32.242 - - [22/Jun/2022:18:11:55 -0300] "GET /cormun/static/PXToolsJavascripts/pexe_menus.js HTTP/1.1" 200 1286
111.75.246.105 - - [22/Jun/2022:18:11:55 -0300] "GET /manager/html HTTP/1.1" 401 2474
111.75.246.105 - - [22/Jun/2022:18:11:56 -0300] "GET /manager/html HTTP/1.1" 401 2474
191.125.32.242 - - [22/Jun/2022:18:11:56 -0300] "GET /cormun/static/PXToolsJavascripts/pexe_layers.js HTTP/1.1" 200 4114
111.75.246.105 - - [22/Jun/2022:18:11:56 -0300] "GET /manager/html HTTP/1.1" 401 2474
191.125.32.242 - - [22/Jun/2022:18:11:56 -0300] "GET /cormun/static/PXToolsJavascripts/pexe_popup.js HTTP/1.1" 200 13458
111.75.246.105 - - [22/Jun/2022:18:11:56 -0300] "GET /manager/html HTTP/1.1" 401 2474
191.125.32.242 - - [22/Jun/2022:18:11:57 -0300] "GET /cormun/static/PXToolsJavascripts/pexe_scrolldiv.js HTTP/1.1" 200 4138
191.125.32.242 - - [22/Jun/2022:18:11:57 -0300] "GET /cormun/static/PXToolsJavascripts/pexe_tabs.js HTTP/1.1" 200 3748
191.125.32.242 - - [22/Jun/2022:18:11:57 -0300] "GET /cormun/static/PXToolsJavascripts/pexe_upload.js HTTP/1.1" 200 1423
111.75.246.105 - - [22/Jun/2022:18:11:57 -0300] "GET /manager/html HTTP/1.1" 401 2474
111.75.246.105 - - [22/Jun/2022:18:11:57 -0300] "GET /manager/html HTTP/1.1" 401 2474
111.75.246.105 - - [22/Jun/2022:18:11:58 -0300] "GET /manager/html HTTP/1.1" 401 2474
111.75.246.105 - - [22/Jun/2022:18:11:58 -0300] "GET /manager/html HTTP/1.1" 401 2474
111.75.246.105 - - [22/Jun/2022:18:11:58 -0300] "GET /manager/html HTTP/1.1" 401 2474
111.75.246.105 - - [22/Jun/2022:18:11:59 -0300] "GET /manager/html HTTP/1.1" 401 2474
111.75.246.105 - - [22/Jun/2022:18:11:59 -0300] "GET /manager/html HTTP/1.1" 401 2474
111.75.246.105 - - [22/Jun/2022:18:11:59 -0300] "GET /manager/html HTTP/1.1" 401 2474
111.75.246.105 - - [22/Jun/2022:18:11:59 -0300] "GET /manager/html HTTP/1.1" 401 2474
111.75.246.105 - - [22/Jun/2022:18:12:00 -0300] "GET /manager/html HTTP/1.1" 401 2474
111.75.246.105 - - [22/Jun/2022:18:12:00 -0300] "GET /manager/html HTTP/1.1" 401 2474
191.125.32.242 - - [22/Jun/2022:18:12:00 -0300] "GET /cormun/static/Resources/Spanish/PXTools.css?14345360 HTTP/1.1" 200 100853
111.75.246.105 - - [22/Jun/2022:18:12:00 -0300] "GET /manager/html HTTP/1.1" 401 2474
111.75.246.105 - - [22/Jun/2022:18:12:01 -0300] "GET /manager/html HTTP/1.1" 401 2474
190.171.141.90 - - [22/Jun/2022:18:12:01 -0300] "GET /cormun/servlet/treventos?2022,18819, HTTP/1.1" 200 8491
190.171.141.90 - - [22/Jun/2022:18:12:01 -0300] "GET /cormun/static/gxcfg.js?20201215584657 HTTP/1.1" 200 953
190.171.141.90 - - [22/Jun/2022:18:12:01 -0300] "GET /cormun/static/treventos.js?2020121558506 HTTP/1.1" 200 16064
111.75.246.105 - - [22/Jun/2022:18:12:01 -0300] "GET /manager/html HTTP/1.1" 401 2474
190.171.141.90 - - [22/Jun/2022:18:12:01 -0300] "GET /cormun/servlet/treventos?2022,18819, HTTP/1.1" 200 8495
111.75.246.105 - - [22/Jun/2022:18:12:01 -0300] "GET /manager/html HTTP/1.1" 401 2474
191.125.32.242 - - [22/Jun/2022:18:12:01 -0300] "GET /cormun/static/Shared/ext/locale/ext-lang-en.js HTTP/1.1" 200 10940
191.125.32.242 - - [22/Jun/2022:18:12:01 -0300] "GET /cormun/static/hpexe_recentlink.js?20201214471090 HTTP/1.1" 200 2144
191.125.32.242 - - [22/Jun/2022:18:12:01 -0300] "GET /cormun/static/hpexe_scripts.js?20201214471411 HTTP/1.1" 200 1544
191.125.32.242 - - [22/Jun/2022:18:12:01 -0300] "GET /cormun/static/cmcontrolpreferences.js?20199141926336 HTTP/1.1" 200 1375
111.75.246.105 - - [22/Jun/2022:18:12:02 -0300] "GET /manager/html HTTP/1.1" 401 2474
111.75.246.105 - - [22/Jun/2022:18:12:02 -0300] "GET /manager/html HTTP/1.1" 401 2474
111.75.246.105 - - [22/Jun/2022:18:12:02 -0300] "GET /manager/html HTTP/1.1" 401 2474
111.75.246.105 - - [22/Jun/2022:18:12:02 -0300] "GET /manager/html HTTP/1.1" 401 2474
111.75.246.105 - - [22/Jun/2022:18:12:03 -0300] "GET /manager/html HTTP/1.1" 401 2474
111.75.246.105 - - [22/Jun/2022:18:12:03 -0300] "GET /manager/html HTTP/1.1" 401 2474
190.171.142.42 - - [22/Jun/2022:18:12:03 -0300] "POST /cormun/servlet/trlicencias?1d493a88928767618f6a76fb89b0f2da,,gx-no-cache=1655931511770 HTTP/1.1" 200 10799
191.125.32.242 - - [22/Jun/2022:18:12:03 -0300] "GET /cormun/static/Resources/Llave.png HTTP/1.1" 200 1395
111.75.246.105 - - [22/Jun/2022:18:12:03 -0300] "GET /manager/html HTTP/1.1" 401 2474
191.125.32.242 - - [22/Jun/2022:18:12:03 -0300] "GET /cormun/static/Resources/Logo2019_Small.png HTTP/1.1" 200 10855
191.125.32.242 - - [22/Jun/2022:18:12:04 -0300] "GET /cormun/static/Resources/ImgLogin.png HTTP/1.1" 200 1432
111.75.246.105 - - [22/Jun/2022:18:12:04 -0300] "GET /manager/html HTTP/1.1" 401 2474
191.125.32.242 - - [22/Jun/2022:18:12:04 -0300] "GET /cormun/static/Resources/ImgHome.png HTTP/1.1" 200 1364
111.75.246.105 - - [22/Jun/2022:18:12:04 -0300] "GET /manager/html HTTP/1.1" 401 2474
111.75.246.105 - - [22/Jun/2022:18:12:04 -0300] "GET /manager/html HTTP/1.1" 401 2474
111.75.246.105 - - [22/Jun/2022:18:12:04 -0300] "GET /manager/html HTTP/1.1" 401 2474
111.75.246.105 - - [22/Jun/2022:18:12:05 -0300] "GET /manager/html HTTP/1.1" 401 2474
190.171.142.42 - - [22/Jun/2022:18:12:05 -0300] "POST /cormun/servlet/trlicencias?1d493a88928767618f6a76fb89b0f2da,,gx-no-cache=1655931513792 HTTP/1.1" 200 10799
111.75.246.105 - - [22/Jun/2022:18:12:05 -0300] "GET /manager/html HTTP/1.1" 401 2474
191.125.32.242 - - [22/Jun/2022:18:12:05 -0300] "GET /cormun/static/gxui/gxui-all.js HTTP/1.1" 200 107772
111.75.246.105 - - [22/Jun/2022:18:12:05 -0300] "GET /manager/html HTTP/1.1" 401 2474
111.75.246.105 - - [22/Jun/2022:18:12:06 -0300] "GET /manager/html HTTP/1.1" 401 2474
191.125.32.242 - - [22/Jun/2022:18:12:06 -0300] "GET /cormun/static/SmoothNavMenu/resources/ddsmoothmenu.js HTTP/1.1" 200 12712
111.75.246.105 - - [22/Jun/2022:18:12:06 -0300] "GET /manager/html HTTP/1.1" 401 2474
111.75.246.105 - - [22/Jun/2022:18:12:06 -0300] "GET /manager/html HTTP/1.1" 401 2474
111.75.246.105 - - [22/Jun/2022:18:12:07 -0300] "GET /manager/html HTTP/1.1" 401 2474
111.75.246.105 - - [22/Jun/2022:18:12:07 -0300] "GET /manager/html HTTP/1.1" 401 2474
111.75.246.105 - - [22/Jun/2022:18:12:07 -0300] "GET /manager/html HTTP/1.1" 401 2474
111.75.246.105 - - [22/Jun/2022:18:12:07 -0300] "GET /manager/html HTTP/1.1" 401 2474
111.75.246.105 - - [22/Jun/2022:18:12:08 -0300] "GET /manager/html HTTP/1.1" 401 2474
190.171.141.90 - - [22/Jun/2022:18:12:08 -0300] "GET /cormun/servlet/trsolicitudot? HTTP/1.1" 200 12682
190.171.141.90 - - [22/Jun/2022:18:12:08 -0300] "GET /cormun/servlet/trsolicitudot? HTTP/1.1" 200 12680
111.75.246.105 - - [22/Jun/2022:18:12:08 -0300] "GET /manager/html HTTP/1.1" 401 2474
111.75.246.105 - - [22/Jun/2022:18:12:09 -0300] "GET /manager/html HTTP/1.1" 401 2474
111.75.246.105 - - [22/Jun/2022:18:12:09 -0300] "GET /manager/html HTTP/1.1" 401 2474
111.75.246.105 - - [22/Jun/2022:18:12:09 -0300] "GET /manager/html HTTP/1.1" 401 2474
111.75.246.105 - - [22/Jun/2022:18:12:10 -0300] "GET /manager/html HTTP/1.1" 401 2474
111.75.246.105 - - [22/Jun/2022:18:12:10 -0300] "GET /manager/html HTTP/1.1" 401 2474
191.125.32.242 - - [22/Jun/2022:18:12:10 -0300] "GET /cormun/static/SmoothNavMenu/resources/SmoothNavMenuRender.js HTTP/1.1" 200 5951
111.75.246.105 - - [22/Jun/2022:18:12:10 -0300] "GET /manager/html HTTP/1.1" 401 2474
111.75.246.105 - - [22/Jun/2022:18:12:10 -0300] "GET /manager/html HTTP/1.1" 401 2474
111.75.246.105 - - [22/Jun/2022:18:12:11 -0300] "GET /manager/html HTTP/1.1" 401 2474
111.75.246.105 - - [22/Jun/2022:18:12:11 -0300] "GET /manager/html HTTP/1.1" 401 2474
111.75.246.105 - - [22/Jun/2022:18:12:11 -0300] "GET /manager/html HTTP/1.1" 401 2474
191.125.32.242 - - [22/Jun/2022:18:12:11 -0300] "GET /cormun/static/scaMessage/js/jquery.pnotify.min.js HTTP/1.1" 200 13038
111.75.246.105 - - [22/Jun/2022:18:12:12 -0300] "GET /manager/html HTTP/1.1" 401 2474
111.75.246.105 - - [22/Jun/2022:18:12:12 -0300] "GET /manager/html HTTP/1.1" 401 2474
111.75.246.105 - - [22/Jun/2022:18:12:12 -0300] "GET /manager/html HTTP/1.1" 401 2474
111.75.246.105 - - [22/Jun/2022:18:12:12 -0300] "GET /manager/html HTTP/1.1" 401 2474
111.75.246.105 - - [22/Jun/2022:18:12:13 -0300] "GET /manager/html HTTP/1.1" 401 2474
111.75.246.105 - - [22/Jun/2022:18:12:13 -0300] "GET /manager/html HTTP/1.1" 401 2474
111.75.246.105 - - [22/Jun/2022:18:12:13 -0300] "GET /manager/html HTTP/1.1" 401 2474
111.75.246.105 - - [22/Jun/2022:18:12:14 -0300] "GET /manager/html HTTP/1.1" 401 2474
111.75.246.105 - - [22/Jun/2022:18:12:14 -0300] "GET /manager/html HTTP/1.1" 401 2474
191.125.32.242 - - [22/Jun/2022:18:12:14 -0300] "GET /cormun/static/scaMessage/scaMessageRender.js HTTP/1.1" 200 11977
111.75.246.105 - - [22/Jun/2022:18:12:14 -0300] "GET /manager/html HTTP/1.1" 401 2474
111.75.246.105 - - [22/Jun/2022:18:12:15 -0300] "GET /manager/html HTTP/1.1" 401 2474
111.75.246.105 - - [22/Jun/2022:18:12:15 -0300] "GET /manager/html HTTP/1.1" 401 2474
111.75.246.105 - - [22/Jun/2022:18:12:15 -0300] "GET /manager/html HTTP/1.1" 401 2474
111.75.246.105 - - [22/Jun/2022:18:12:15 -0300] "GET /manager/html HTTP/1.1" 401 2474
111.75.246.105 - - [22/Jun/2022:18:12:16 -0300] "GET /manager/html HTTP/1.1" 401 2474
111.75.246.105 - - [22/Jun/2022:18:12:16 -0300] "GET /manager/html HTTP/1.1" 401 2474
111.75.246.105 - - [22/Jun/2022:18:12:16 -0300] "GET /manager/html HTTP/1.1" 401 2474
111.75.246.105 - - [22/Jun/2022:18:12:17 -0300] "GET /manager/html HTTP/1.1" 401 2474
191.125.32.242 - - [22/Jun/2022:18:12:17 -0300] "GET /cormun/servlet/hhome HTTP/1.1" 200 3970
111.75.246.105 - - [22/Jun/2022:18:12:17 -0300] "GET /manager/html HTTP/1.1" 401 2474
111.75.246.105 - - [22/Jun/2022:18:12:17 -0300] "GET /manager/html HTTP/1.1" 401 2474
111.75.246.105 - - [22/Jun/2022:18:12:17 -0300] "GET /manager/html HTTP/1.1" 401 2474
111.75.246.105 - - [22/Jun/2022:18:12:18 -0300] "GET /manager/html HTTP/1.1" 401 2474
111.75.246.105 - - [22/Jun/2022:18:12:18 -0300] "GET /manager/html HTTP/1.1" 401 2474
111.75.246.105 - - [22/Jun/2022:18:12:18 -0300] "GET /manager/html HTTP/1.1" 401 2474
111.75.246.105 - - [22/Jun/2022:18:12:19 -0300] "GET /manager/html HTTP/1.1" 401 2474
111.75.246.105 - - [22/Jun/2022:18:12:19 -0300] "GET /manager/html HTTP/1.1" 401 2474
111.75.246.105 - - [22/Jun/2022:18:12:19 -0300] "GET /manager/html HTTP/1.1" 401 2474
111.75.246.105 - - [22/Jun/2022:18:12:20 -0300] "GET /manager/html HTTP/1.1" 401 2474
111.75.246.105 - - [22/Jun/2022:18:12:20 -0300] "GET /manager/html HTTP/1.1" 401 2474
111.75.246.105 - - [22/Jun/2022:18:12:20 -0300] "GET /manager/html HTTP/1.1" 401 2474
111.75.246.105 - - [22/Jun/2022:18:12:20 -0300] "GET /manager/html HTTP/1.1" 401 2474
111.75.246.105 - - [22/Jun/2022:18:12:21 -0300] "GET /manager/html HTTP/1.1" 401 2474
111.75.246.105 - - [22/Jun/2022:18:12:21 -0300] "GET /manager/html HTTP/1.1" 401 2474
111.75.246.105 - - [22/Jun/2022:18:12:21 -0300] "GET /manager/html HTTP/1.1" 401 2474
111.75.246.105 - - [22/Jun/2022:18:12:22 -0300] "GET /manager/html HTTP/1.1" 401 2474
111.75.246.105 - - [22/Jun/2022:18:12:22 -0300] "GET /manager/html HTTP/1.1" 401 2474
111.75.246.105 - - [22/Jun/2022:18:12:22 -0300] "GET /manager/html HTTP/1.1" 401 2474
111.75.246.105 - - [22/Jun/2022:18:12:22 -0300] "GET /manager/html HTTP/1.1" 401 2474
111.75.246.105 - - [22/Jun/2022:18:12:23 -0300] "GET /manager/html HTTP/1.1" 401 2474
111.75.246.105 - - [22/Jun/2022:18:12:23 -0300] "GET /manager/html HTTP/1.1" 401 2474
111.75.246.105 - - [22/Jun/2022:18:12:23 -0300] "GET /manager/html HTTP/1.1" 401 2474
191.125.32.242 - - [22/Jun/2022:18:12:23 -0300] "GET /cormun/static/hmpwkw03.js?20201215501896 HTTP/1.1" 200 3973
111.75.246.105 - - [22/Jun/2022:18:12:24 -0300] "GET /manager/html HTTP/1.1" 401 2474
111.75.246.105 - - [22/Jun/2022:18:12:24 -0300] "GET /manager/html HTTP/1.1" 401 2474
111.75.246.105 - - [22/Jun/2022:18:12:24 -0300] "GET /manager/html HTTP/1.1" 401 2474
111.75.246.105 - - [22/Jun/2022:18:12:25 -0300] "GET /manager/html HTTP/1.1" 401 2474
191.125.32.242 - - [22/Jun/2022:18:12:25 -0300] "GET /cormun/static/Shared/ext/ext-all.js HTTP/1.1" 200 1289687
191.125.32.242 - - [22/Jun/2022:18:12:25 -0300] "GET /cormun/static/Shared/ext/ext-all.js HTTP/1.1" 206 1
111.75.246.105 - - [22/Jun/2022:18:12:25 -0300] "GET /manager/html HTTP/1.1" 401 2474
111.75.246.105 - - [22/Jun/2022:18:12:25 -0300] "GET /manager/html HTTP/1.1" 401 2474
111.75.246.105 - - [22/Jun/2022:18:12:25 -0300] "GET /manager/html HTTP/1.1" 401 2474
111.75.246.105 - - [22/Jun/2022:18:12:26 -0300] "GET /manager/html HTTP/1.1" 401 2474
111.75.246.105 - - [22/Jun/2022:18:12:26 -0300] "GET /manager/html HTTP/1.1" 401 2474
111.75.246.105 - - [22/Jun/2022:18:12:26 -0300] "GET /manager/html HTTP/1.1" 401 2474
111.75.246.105 - - [22/Jun/2022:18:12:27 -0300] "GET /manager/html HTTP/1.1" 401 2474
111.75.246.105 - - [22/Jun/2022:18:12:27 -0300] "GET /manager/html HTTP/1.1" 401 2474
191.125.32.242 - - [22/Jun/2022:18:12:27 -0300] "GET /cormun/static/Shared/jquery/jquery-1.4.2.min.js HTTP/1.1" 200 40960
191.125.32.242 - - [22/Jun/2022:18:12:27 -0300] "GET /cormun/static/Shared/jquery/jquery-1.10.2.min.js HTTP/1.1" 200 57344
191.125.32.242 - - [22/Jun/2022:18:12:27 -0300] "GET /cormun/static/Shared/jqueryui/jquery-ui.min.js HTTP/1.1" 200 139264
191.125.32.242 - - [22/Jun/2022:18:12:27 -0300] "GET /cormun/static/hmpwkw03.js?20201215501896 HTTP/1.1" 200 3973
191.125.32.242 - - [22/Jun/2022:18:12:27 -0300] "GET /cormun/static/Shared/jquery/jquery-1.10.2.min.js HTTP/1.1" 206 1
191.125.32.242 - - [22/Jun/2022:18:12:27 -0300] "GET /cormun/static/Shared/jqueryui/jquery-ui.min.js HTTP/1.1" 206 1
191.125.32.242 - - [22/Jun/2022:18:12:27 -0300] "GET /cormun/static/Shared/jquery/jquery-1.4.2.min.js HTTP/1.1" 206 1
111.75.246.105 - - [22/Jun/2022:18:12:27 -0300] "GET /manager/html HTTP/1.1" 401 2474
191.125.32.242 - - [22/Jun/2022:18:12:27 -0300] "GET /cormun/static/Shared/jquery/jquery-1.4.2.min.js HTTP/1.1" 206 48149
191.125.32.242 - - [22/Jun/2022:18:12:27 -0300] "GET /cormun/static/Shared/jquery/jquery-1.10.2.min.js HTTP/1.1" 206 249176
111.75.246.105 - - [22/Jun/2022:18:12:27 -0300] "GET /manager/html HTTP/1.1" 401 2474
191.125.32.242 - - [22/Jun/2022:18:12:28 -0300] "GET /cormun/static/Shared/jqueryui/jquery-ui.min.js HTTP/1.1" 206 187256
111.75.246.105 - - [22/Jun/2022:18:12:28 -0300] "GET /manager/html HTTP/1.1" 401 2474
111.75.246.105 - - [22/Jun/2022:18:12:28 -0300] "GET /manager/html HTTP/1.1" 401 2474
191.125.32.242 - - [22/Jun/2022:18:12:28 -0300] "GET /cormun/static/Shared/ext/ext-all.js HTTP/1.1" 206 601574
111.75.246.105 - - [22/Jun/2022:18:12:28 -0300] "GET /manager/html HTTP/1.1" 401 2474
111.75.246.105 - - [22/Jun/2022:18:12:29 -0300] "GET /manager/html HTTP/1.1" 401 2474
111.75.246.105 - - [22/Jun/2022:18:12:29 -0300] "GET /manager/html HTTP/1.1" 401 2474
111.75.246.105 - - [22/Jun/2022:18:12:29 -0300] "GET /manager/html HTTP/1.1" 401 2474
111.75.246.105 - - [22/Jun/2022:18:12:30 -0300] "GET /manager/html HTTP/1.1" 401 2474
111.75.246.105 - - [22/Jun/2022:18:12:30 -0300] "GET /manager/html HTTP/1.1" 401 2474
111.75.246.105 - - [22/Jun/2022:18:12:30 -0300] "GET /manager/html HTTP/1.1" 401 2474
191.125.32.242 - - [22/Jun/2022:18:12:30 -0300] "GET /cormun/servlet/hhome HTTP/1.1" 200 3966
111.75.246.105 - - [22/Jun/2022:18:12:30 -0300] "GET /manager/html HTTP/1.1" 401 2474
111.75.246.105 - - [22/Jun/2022:18:12:31 -0300] "GET /manager/html HTTP/1.1" 401 2474
111.75.246.105 - - [22/Jun/2022:18:12:31 -0300] "GET /manager/html HTTP/1.1" 401 2474
111.75.246.105 - - [22/Jun/2022:18:12:31 -0300] "GET /manager/html HTTP/1.1" 401 2474
111.75.246.105 - - [22/Jun/2022:18:12:32 -0300] "GET /manager/html HTTP/1.1" 401 2474
111.75.246.105 - - [22/Jun/2022:18:12:32 -0300] "GET /manager/html HTTP/1.1" 401 2474
111.75.246.105 - - [22/Jun/2022:18:12:32 -0300] "GET /manager/html HTTP/1.1" 401 2474
111.75.246.105 - - [22/Jun/2022:18:12:33 -0300] "GET /manager/html HTTP/1.1" 401 2474
111.75.246.105 - - [22/Jun/2022:18:12:33 -0300] "GET /manager/html HTTP/1.1" 401 2474
111.75.246.105 - - [22/Jun/2022:18:12:33 -0300] "GET /manager/html HTTP/1.1" 401 2474
111.75.246.105 - - [22/Jun/2022:18:12:33 -0300] "GET /manager/html HTTP/1.1" 401 2474
111.75.246.105 - - [22/Jun/2022:18:12:34 -0300] "GET /manager/html HTTP/1.1" 401 2474
111.75.246.105 - - [22/Jun/2022:18:12:34 -0300] "GET /manager/html HTTP/1.1" 401 2474
111.75.246.105 - - [22/Jun/2022:18:12:34 -0300] "GET /manager/html HTTP/1.1" 401 2474
111.75.246.105 - - [22/Jun/2022:18:12:35 -0300] "GET /manager/html HTTP/1.1" 401 2474
111.75.246.105 - - [22/Jun/2022:18:12:35 -0300] "GET /manager/html HTTP/1.1" 401 2474
111.75.246.105 - - [22/Jun/2022:18:12:35 -0300] "GET /manager/html HTTP/1.1" 401 2474
111.75.246.105 - - [22/Jun/2022:18:12:35 -0300] "GET /manager/html HTTP/1.1" 401 2474
111.75.246.105 - - [22/Jun/2022:18:12:36 -0300] "GET /manager/html HTTP/1.1" 401 2474
111.75.246.105 - - [22/Jun/2022:18:12:36 -0300] "GET /manager/html HTTP/1.1" 401 2474
111.75.246.105 - - [22/Jun/2022:18:12:36 -0300] "GET /manager/html HTTP/1.1" 401 2474
111.75.246.105 - - [22/Jun/2022:18:12:37 -0300] "GET /manager/html HTTP/1.1" 401 2474
111.75.246.105 - - [22/Jun/2022:18:12:37 -0300] "GET /manager/html HTTP/1.1" 401 2474
111.75.246.105 - - [22/Jun/2022:18:12:37 -0300] "GET /manager/html HTTP/1.1" 401 2474
111.75.246.105 - - [22/Jun/2022:18:12:38 -0300] "GET /manager/html HTTP/1.1" 401 2474
111.75.246.105 - - [22/Jun/2022:18:12:38 -0300] "GET /manager/html HTTP/1.1" 401 2474
191.125.32.242 - - [22/Jun/2022:18:12:38 -0300] "GET /cormun/servlet/trvisualizadoreventos? HTTP/1.1" 200 6707
111.75.246.105 - - [22/Jun/2022:18:12:38 -0300] "GET /manager/html HTTP/1.1" 401 2474
111.75.246.105 - - [22/Jun/2022:18:12:39 -0300] "GET /manager/html HTTP/1.1" 401 2474
191.125.32.242 - - [22/Jun/2022:18:12:39 -0300] "GET /cormun/static/gxui/gxui-all.css?110300 HTTP/1.1" 200 2179
111.75.246.105 - - [22/Jun/2022:18:12:39 -0300] "GET /manager/html HTTP/1.1" 401 2474
191.125.32.242 - - [22/Jun/2022:18:12:39 -0300] "GET /cormun/static/calendar-system.css?75620 HTTP/1.1" 200 5572
191.125.32.242 - - [22/Jun/2022:18:12:39 -0300] "GET /cormun/static/gxcfg.js?20199142243133 HTTP/1.1" 200 953
191.125.32.242 - - [22/Jun/2022:18:12:39 -0300] "GET /cormun/static/calendar.js?85251 HTTP/1.1" 200 26246
191.125.32.242 - - [22/Jun/2022:18:12:39 -0300] "GET /cormun/static/calendar-es.js?85251 HTTP/1.1" 200 1901
191.125.32.242 - - [22/Jun/2022:18:12:39 -0300] "GET /cormun/static/calendar-setup.js?85251 HTTP/1.1" 200 2588
191.125.32.242 - - [22/Jun/2022:18:12:39 -0300] "GET /cormun/static/gxdec.js?85251 HTTP/1.1" 200 19579
111.75.246.105 - - [22/Jun/2022:18:12:39 -0300] "GET /manager/html HTTP/1.1" 401 2474
191.125.32.242 - - [22/Jun/2022:18:12:39 -0300] "GET /cormun/static/trvisualizadoreventos.js?201991422431650 HTTP/1.1" 200 19318
191.125.32.242 - - [22/Jun/2022:18:12:40 -0300] "GET /cormun/static/Shared/ext/resources/css/ext-all.css?205870 HTTP/1.1" 200 416045
191.125.32.242 - - [22/Jun/2022:18:12:40 -0300] "GET /cormun/static/Resources/PXTools/calendar.png HTTP/1.1" 200 1306
111.75.246.105 - - [22/Jun/2022:18:12:40 -0300] "GET /manager/html HTTP/1.1" 401 2474
111.75.246.105 - - [22/Jun/2022:18:12:40 -0300] "GET /manager/html HTTP/1.1" 401 2474
111.75.246.105 - - [22/Jun/2022:18:12:40 -0300] "GET /manager/html HTTP/1.1" 401 2474
191.125.32.242 - - [22/Jun/2022:18:12:40 -0300] "GET /cormun/static/Resources/PXToolsActionPrint.png HTTP/1.1" 200 404
191.125.32.242 - - [22/Jun/2022:18:12:41 -0300] "GET /cormun/static/Shared/ext/resources/themes/images/default/tools/tool-sprites.gif HTTP/1.1" 200 5434
191.125.32.242 - - [22/Jun/2022:18:12:41 -0300] "GET /cormun/servlet/trvisualizadoreventos? HTTP/1.1" 200 6706
111.75.246.105 - - [22/Jun/2022:18:12:42 -0300] "GET /manager/html HTTP/1.1" 401 2474
111.75.246.105 - - [22/Jun/2022:18:12:42 -0300] "GET /manager/html HTTP/1.1" 401 2474
111.75.246.105 - - [22/Jun/2022:18:12:42 -0300] "GET /manager/html HTTP/1.1" 401 2474
111.75.246.105 - - [22/Jun/2022:18:12:43 -0300] "GET /manager/html HTTP/1.1" 401 2474
111.75.246.105 - - [22/Jun/2022:18:12:43 -0300] "GET /manager/html HTTP/1.1" 401 2474
111.75.246.105 - - [22/Jun/2022:18:12:43 -0300] "GET /manager/html HTTP/1.1" 401 2474
111.75.246.105 - - [22/Jun/2022:18:12:44 -0300] "GET /manager/html HTTP/1.1" 401 2474
111.75.246.105 - - [22/Jun/2022:18:12:44 -0300] "GET /manager/html HTTP/1.1" 401 2474
111.75.246.105 - - [22/Jun/2022:18:12:44 -0300] "GET /manager/html HTTP/1.1" 401 2474
111.75.246.105 - - [22/Jun/2022:18:12:44 -0300] "GET /manager/html HTTP/1.1" 401 2474
111.75.246.105 - - [22/Jun/2022:18:12:45 -0300] "GET /manager/html HTTP/1.1" 401 2474
111.75.246.105 - - [22/Jun/2022:18:12:45 -0300] "GET /manager/html HTTP/1.1" 401 2474
111.75.246.105 - - [22/Jun/2022:18:12:45 -0300] "GET /manager/html HTTP/1.1" 401 2474
111.75.246.105 - - [22/Jun/2022:18:12:46 -0300] "GET /manager/html HTTP/1.1" 401 2474
111.75.246.105 - - [22/Jun/2022:18:12:46 -0300] "GET /manager/html HTTP/1.1" 401 2474
111.75.246.105 - - [22/Jun/2022:18:12:46 -0300] "GET /manager/html HTTP/1.1" 401 2474
111.75.246.105 - - [22/Jun/2022:18:12:47 -0300] "GET /manager/html HTTP/1.1" 401 2474
111.75.246.105 - - [22/Jun/2022:18:12:47 -0300] "GET /manager/html HTTP/1.1" 401 2474
111.75.246.105 - - [22/Jun/2022:18:12:47 -0300] "GET /manager/html HTTP/1.1" 401 2474
111.75.246.105 - - [22/Jun/2022:18:12:47 -0300] "GET /manager/html HTTP/1.1" 401 2474
111.75.246.105 - - [22/Jun/2022:18:12:48 -0300] "GET /manager/html HTTP/1.1" 401 2474
111.75.246.105 - - [22/Jun/2022:18:12:48 -0300] "GET /manager/html HTTP/1.1" 401 2474
111.75.246.105 - - [22/Jun/2022:18:12:48 -0300] "GET /manager/html HTTP/1.1" 401 2474
111.75.246.105 - - [22/Jun/2022:18:12:49 -0300] "GET /manager/html HTTP/1.1" 401 2474
111.75.246.105 - - [22/Jun/2022:18:12:49 -0300] "GET /manager/html HTTP/1.1" 401 2474
111.75.246.105 - - [22/Jun/2022:18:12:49 -0300] "GET /manager/html HTTP/1.1" 401 2474
111.75.246.105 - - [22/Jun/2022:18:12:50 -0300] "GET /manager/html HTTP/1.1" 401 2474
111.75.246.105 - - [22/Jun/2022:18:12:50 -0300] "GET /manager/html HTTP/1.1" 401 2474
111.75.246.105 - - [22/Jun/2022:18:12:50 -0300] "GET /manager/html HTTP/1.1" 401 2474
111.75.246.105 - - [22/Jun/2022:18:12:50 -0300] "GET /manager/html HTTP/1.1" 401 2474
111.75.246.105 - - [22/Jun/2022:18:12:51 -0300] "GET /manager/html HTTP/1.1" 401 2474
111.75.246.105 - - [22/Jun/2022:18:12:51 -0300] "GET /manager/html HTTP/1.1" 401 2474
111.75.246.105 - - [22/Jun/2022:18:12:51 -0300] "GET /manager/html HTTP/1.1" 401 2474
111.75.246.105 - - [22/Jun/2022:18:12:52 -0300] "GET /manager/html HTTP/1.1" 401 2474
111.75.246.105 - - [22/Jun/2022:18:12:52 -0300] "GET /manager/html HTTP/1.1" 401 2474
111.75.246.105 - - [22/Jun/2022:18:12:52 -0300] "GET /manager/html HTTP/1.1" 401 2474
111.75.246.105 - - [22/Jun/2022:18:12:53 -0300] "GET /manager/html HTTP/1.1" 401 2474
111.75.246.105 - - [22/Jun/2022:18:12:53 -0300] "GET /manager/html HTTP/1.1" 401 2474
191.125.32.242 - - [22/Jun/2022:18:12:53 -0300] "POST /cormun/servlet/trvisualizadoreventos?60c2a32e667bfbe7cfb705c8ec25b4d5,,gx-no-cache=1655931563295 HTTP/1.1" 200 4001
111.75.246.105 - - [22/Jun/2022:18:12:53 -0300] "GET /manager/html HTTP/1.1" 401 2474
111.75.246.105 - - [22/Jun/2022:18:12:53 -0300] "GET /manager/html HTTP/1.1" 401 2474
111.75.246.105 - - [22/Jun/2022:18:12:54 -0300] "GET /manager/html HTTP/1.1" 401 2474
111.75.246.105 - - [22/Jun/2022:18:12:54 -0300] "GET /manager/html HTTP/1.1" 401 2474
111.75.246.105 - - [22/Jun/2022:18:12:54 -0300] "GET /manager/html HTTP/1.1" 401 2474
111.75.246.105 - - [22/Jun/2022:18:12:55 -0300] "GET /manager/html HTTP/1.1" 401 2474
111.75.246.105 - - [22/Jun/2022:18:12:55 -0300] "GET /manager/html HTTP/1.1" 401 2474
111.75.246.105 - - [22/Jun/2022:18:12:55 -0300] "GET /manager/html HTTP/1.1" 401 2474
111.75.246.105 - - [22/Jun/2022:18:12:55 -0300] "GET /manager/html HTTP/1.1" 401 2474
111.75.246.105 - - [22/Jun/2022:18:12:56 -0300] "GET /manager/html HTTP/1.1" 401 2474
111.75.246.105 - - [22/Jun/2022:18:12:56 -0300] "GET /manager/html HTTP/1.1" 401 2474
111.75.246.105 - - [22/Jun/2022:18:12:56 -0300] "GET /manager/html HTTP/1.1" 401 2474
111.75.246.105 - - [22/Jun/2022:18:12:57 -0300] "GET /manager/html HTTP/1.1" 401 2474
191.125.32.242 - - [22/Jun/2022:18:12:57 -0300] "GET /cormun/static/menuarrow.gif HTTP/1.1" 404 1015
111.75.246.105 - - [22/Jun/2022:18:12:57 -0300] "GET /manager/html HTTP/1.1" 401 2474
111.75.246.105 - - [22/Jun/2022:18:12:57 -0300] "GET /manager/html HTTP/1.1" 401 2474
111.75.246.105 - - [22/Jun/2022:18:12:58 -0300] "GET /manager/html HTTP/1.1" 401 2474
111.75.246.105 - - [22/Jun/2022:18:12:58 -0300] "GET /manager/html HTTP/1.1" 401 2474
111.75.246.105 - - [22/Jun/2022:18:12:58 -0300] "GET /manager/html HTTP/1.1" 401 2474
111.75.246.105 - - [22/Jun/2022:18:12:58 -0300] "GET /manager/html HTTP/1.1" 401 2474
111.75.246.105 - - [22/Jun/2022:18:12:59 -0300] "GET /manager/html HTTP/1.1" 401 2474
111.75.246.105 - - [22/Jun/2022:18:12:59 -0300] "GET /manager/html HTTP/1.1" 401 2474
111.75.246.105 - - [22/Jun/2022:18:12:59 -0300] "GET /manager/html HTTP/1.1" 401 2474
111.75.246.105 - - [22/Jun/2022:18:13:00 -0300] "GET /manager/html HTTP/1.1" 401 2474
111.75.246.105 - - [22/Jun/2022:18:13:00 -0300] "GET /manager/html HTTP/1.1" 401 2474
111.75.246.105 - - [22/Jun/2022:18:13:00 -0300] "GET /manager/html HTTP/1.1" 401 2474
111.75.246.105 - - [22/Jun/2022:18:13:01 -0300] "GET /manager/html HTTP/1.1" 401 2474
111.75.246.105 - - [22/Jun/2022:18:13:01 -0300] "GET /manager/html HTTP/1.1" 401 2474
111.75.246.105 - - [22/Jun/2022:18:13:01 -0300] "GET /manager/html HTTP/1.1" 401 2474
111.75.246.105 - - [22/Jun/2022:18:13:01 -0300] "GET /manager/html HTTP/1.1" 401 2474
111.75.246.105 - - [22/Jun/2022:18:13:02 -0300] "GET /manager/html HTTP/1.1" 401 2474
111.75.246.105 - - [22/Jun/2022:18:13:02 -0300] "GET /manager/html HTTP/1.1" 401 2474
111.75.246.105 - - [22/Jun/2022:18:13:02 -0300] "GET /manager/html HTTP/1.1" 401 2474
111.75.246.105 - - [22/Jun/2022:18:13:03 -0300] "GET /manager/html HTTP/1.1" 401 2474
111.75.246.105 - - [22/Jun/2022:18:13:03 -0300] "GET /manager/html HTTP/1.1" 401 2474
111.75.246.105 - - [22/Jun/2022:18:13:03 -0300] "GET /manager/html HTTP/1.1" 401 2474
111.75.246.105 - - [22/Jun/2022:18:13:04 -0300] "GET /manager/html HTTP/1.1" 401 2474
111.75.246.105 - - [22/Jun/2022:18:13:04 -0300] "GET /manager/html HTTP/1.1" 401 2474
111.75.246.105 - - [22/Jun/2022:18:13:04 -0300] "GET /manager/html HTTP/1.1" 401 2474
111.75.246.105 - - [22/Jun/2022:18:13:04 -0300] "GET /manager/html HTTP/1.1" 401 2474
111.75.246.105 - - [22/Jun/2022:18:13:05 -0300] "GET /manager/html HTTP/1.1" 401 2474
111.75.246.105 - - [22/Jun/2022:18:13:05 -0300] "GET /manager/html HTTP/1.1" 401 2474
111.75.246.105 - - [22/Jun/2022:18:13:05 -0300] "GET /manager/html HTTP/1.1" 401 2474
111.75.246.105 - - [22/Jun/2022:18:13:06 -0300] "GET /manager/html HTTP/1.1" 401 2474
111.75.246.105 - - [22/Jun/2022:18:13:06 -0300] "GET /manager/html HTTP/1.1" 401 2474
111.75.246.105 - - [22/Jun/2022:18:13:06 -0300] "GET /manager/html HTTP/1.1" 401 2474
111.75.246.105 - - [22/Jun/2022:18:13:06 -0300] "GET /manager/html HTTP/1.1" 401 2474
111.75.246.105 - - [22/Jun/2022:18:13:07 -0300] "GET /manager/html HTTP/1.1" 401 2474
111.75.246.105 - - [22/Jun/2022:18:13:07 -0300] "GET /manager/html HTTP/1.1" 401 2474
111.75.246.105 - - [22/Jun/2022:18:13:07 -0300] "GET /manager/html HTTP/1.1" 401 2474
111.75.246.105 - - [22/Jun/2022:18:13:08 -0300] "GET /manager/html HTTP/1.1" 401 2474
111.75.246.105 - - [22/Jun/2022:18:13:08 -0300] "GET /manager/html HTTP/1.1" 401 2474
111.75.246.105 - - [22/Jun/2022:18:13:08 -0300] "GET /manager/html HTTP/1.1" 401 2474
111.75.246.105 - - [22/Jun/2022:18:13:09 -0300] "GET /manager/html HTTP/1.1" 401 2474
111.75.246.105 - - [22/Jun/2022:18:13:09 -0300] "GET /manager/html HTTP/1.1" 401 2474
111.75.246.105 - - [22/Jun/2022:18:13:09 -0300] "GET /manager/html HTTP/1.1" 401 2474
111.75.246.105 - - [22/Jun/2022:18:13:10 -0300] "GET /manager/html HTTP/1.1" 401 2474
111.75.246.105 - - [22/Jun/2022:18:13:10 -0300] "GET /manager/html HTTP/1.1" 401 2474
111.75.246.105 - - [22/Jun/2022:18:13:10 -0300] "GET /manager/html HTTP/1.1" 401 2474
