190.171.149.82 - - [17/Jun/2022:12:20:02 -0300] "GET /cormun/servlet/hpexe_link HTTP/1.1" 200 959
190.171.149.82 - - [17/Jun/2022:12:20:02 -0300] "GET /cormun/servlet/hhome HTTP/1.1" 200 3894
190.171.149.82 - - [17/Jun/2022:12:20:03 -0300] "GET /cormun/servlet/hhome HTTP/1.1" 200 3891
190.171.149.82 - - [17/Jun/2022:12:20:07 -0300] "GET /cormun/servlet/trpermisosgoce? HTTP/1.1" 200 9889
190.171.149.82 - - [17/Jun/2022:12:20:08 -0300] "GET /cormun/servlet/trpermisosgoce? HTTP/1.1" 200 9887
190.171.149.82 - - [17/Jun/2022:12:21:34 -0300] "GET /cormun/servlet/trpermisosadjuntos?17503180,20220610112514,P, HTTP/1.1" 200 6215
190.171.149.82 - - [17/Jun/2022:12:21:34 -0300] "GET /cormun/static/gxcfg.js?2020121641683 HTTP/1.1" 200 953
190.171.149.82 - - [17/Jun/2022:12:21:35 -0300] "GET /cormun/static/trpermisosadjuntos.js?2020121642996 HTTP/1.1" 200 20158
190.171.149.82 - - [17/Jun/2022:12:21:35 -0300] "GET /cormun/servlet/trpermisosadjuntos?17503180,20220610112514,P, HTTP/1.1" 200 6215
190.171.149.82 - - [17/Jun/2022:12:21:37 -0300] "GET /cormun/servlet/permisosadjuntos?INS,17503180,P,20220610112514,, HTTP/1.1" 200 5532
190.171.149.82 - - [17/Jun/2022:12:21:37 -0300] "GET /cormun/static/gxcfg.js?20201215134212 HTTP/1.1" 200 953
190.171.149.82 - - [17/Jun/2022:12:21:37 -0300] "GET /cormun/static/permisosadjuntos.js?20201215134285 HTTP/1.1" 200 8724
190.171.149.82 - - [17/Jun/2022:12:21:37 -0300] "GET /cormun/static/about:blank HTTP/1.1" 404 1011
190.171.149.82 - - [17/Jun/2022:12:21:37 -0300] "GET /cormun/servlet/permisosadjuntos?INS,17503180,P,20220610112514,, HTTP/1.1" 200 5523
190.171.149.82 - - [17/Jun/2022:12:21:46 -0300] "POST /cormun/servlet/permisosadjuntos?7936e5c9df6cec29f48c4aab52497af1,INS,17503180,P,20220610112514,, HTTP/1.1" 200 116
190.171.149.82 - - [17/Jun/2022:12:21:46 -0300] "GET /cormun/servlet/hpexe_return? HTTP/1.1" 200 1045
190.171.149.82 - - [17/Jun/2022:12:21:46 -0300] "GET /cormun/servlet/trpermisosadjuntos?17503180,20220610112514,P, HTTP/1.1" 200 6675
190.171.149.82 - - [17/Jun/2022:12:21:47 -0300] "GET /cormun/servlet/trpermisosadjuntos?17503180,20220610112514,P, HTTP/1.1" 200 6673
190.171.149.82 - - [17/Jun/2022:12:21:51 -0300] "POST /cormun/servlet/trpermisosadjuntos?7936e5c9df6cec29f48c4aab52497af1,17503180,20220610112514,P,,gx-no-cache=1655478509780 HTTP/1.1" 200 90
190.171.149.82 - - [17/Jun/2022:12:21:52 -0300] "GET /cormun/servlet/hpexe_link HTTP/1.1" 200 991
190.171.149.82 - - [17/Jun/2022:12:21:52 -0300] "GET /cormun/servlet/trpermisosgoce HTTP/1.1" 200 9889
190.171.149.82 - - [17/Jun/2022:12:21:52 -0300] "GET /cormun/servlet/trpermisosgoce HTTP/1.1" 200 9887
190.171.149.82 - - [17/Jun/2022:12:21:57 -0300] "POST /cormun/servlet/trpermisosgoce?7936e5c9df6cec29f48c4aab52497af1,gx-no-cache=1655478514877 HTTP/1.1" 200 7333
190.171.149.82 - - [17/Jun/2022:12:21:57 -0300] "GET /cormun/static/Shared/jqueryui/images/ui-bg_highlight-soft_100_c6c2c8_1x100.png HTTP/1.1" 404 1117
190.171.149.82 - - [17/Jun/2022:12:21:57 -0300] "GET /cormun/static/Shared/jqueryui/images/ui-icons_82798d_256x240.png HTTP/1.1" 404 1089
190.171.149.82 - - [17/Jun/2022:12:21:57 -0300] "GET /cormun/static/Shared/jqueryui/images/ui-bg_flat_55_fafafa_40x100.png HTTP/1.1" 404 1097
190.171.149.82 - - [17/Jun/2022:12:21:57 -0300] "GET /cormun/static/Shared/jqueryui/images/ui-icons_8d78a5_256x240.png HTTP/1.1" 404 1089
200.83.117.48 - - [17/Jun/2022:12:22:28 -0300] "GET /cormun/servlet/prbanco?,MD,,gxPopupLevel%3D0%3B HTTP/1.1" 200 6526
192.168.10.96 - - [17/Jun/2022:12:22:33 -0300] "GET /cormun/servlet/hlogin HTTP/1.1" 200 1731
192.168.10.96 - - [17/Jun/2022:12:22:33 -0300] "GET /cormun/servlet/hlogin HTTP/1.1" 200 1742
192.168.10.96 - - [17/Jun/2022:12:22:36 -0300] "POST /cormun/servlet/hlogin?fc516461e3e827a85bab8719f7cac1ad,gx-no-cache=1655478379590 HTTP/1.1" 200 90
192.168.10.96 - - [17/Jun/2022:12:22:36 -0300] "GET /cormun/servlet/hpexe_link HTTP/1.1" 200 957
192.168.10.96 - - [17/Jun/2022:12:22:36 -0300] "GET /cormun/servlet/hhome HTTP/1.1" 200 3792
192.168.10.96 - - [17/Jun/2022:12:22:36 -0300] "GET /cormun/servlet/hhome HTTP/1.1" 200 3789
200.83.117.48 - - [17/Jun/2022:12:22:38 -0300] "GET /cormun/servlet/solicitudot?21e2eefbbb6f2ae950cdd38c261e8dd3e4ed3c962ebeaeff0784b44e29d3966c485ca2174fc598c2b99ac8bf2c5a6c2773e7fd3ef99e63d85cbe05af5ed624ce,gx-no-cache=1655478555444 HTTP/1.1" 200 30
200.83.117.48 - - [17/Jun/2022:12:22:39 -0300] "GET /cormun/servlet/solicitudot?21e2eefbbb6f2ae950cdd38c261e8dd36ffcba9ad8a6a01be9edc03ac81a9afd,gx-no-cache=1655478556162 HTTP/1.1" 200 53
192.168.10.96 - - [17/Jun/2022:12:22:42 -0300] "GET /cormun/servlet/trsolicitudgral? HTTP/1.1" 200 29179
192.168.10.96 - - [17/Jun/2022:12:22:43 -0300] "GET /cormun/servlet/trsolicitudgral? HTTP/1.1" 200 29177
200.83.117.48 - - [17/Jun/2022:12:22:50 -0300] "POST /cormun/servlet/solicitudot?gx-no-cache=1655478567078 HTTP/1.1" 200 297
200.83.117.48 - - [17/Jun/2022:12:22:51 -0300] "GET /cormun/servlet/solicitudot?21e2eefbbb6f2ae950cdd38c261e8dd30719b508bb03488192412e4ff85278ffc29a93667fc4559ca4be9a502d25c8c46dddc2b6bd8e42901558c53f0682b9774ae87b4777a7b1081d206953e54bd1b841c85904e1007dbaed9a4b265c88624adbaa3ae02fb089cccf2e55a1f8992f6d327c36867083d191a91a7f509e6c182a294ad3c5659b4c396aaa0633986ec21b48f61705592c388d4b3eb7b97e470485008d0b453a4931b0a1a823b6aa39db3bf39a04d806a2e1678718509deb0b86783dc1bc1152bbca89097f93f24aedf76bf46a490985dace14394679798817ec465ac06b9140b665e27c2f86cb8377d8367a6ad0854c04f98231f1bad0fadda9827be7517d3bc427f0c8619931d69c60b2e99b9e66f1b8f0724910a17ffba38902424e1a2b899a61fb127298d433b4d98fd85ae9fb47463ce146e7419fc35b4f14017a71bff8270b0fa00cae66eee2919e7e5031dca5f1a32dd7d7057fd535eade89ec84ff9eca888f46797f83cf8d7ad4098d7ffc06b53ac67bb31415dbe4a1c4850fd939e644839ea3f34c8410d148f8,gx-no-cache=1655478568292 HTTP/1.1" 200 30
200.83.117.48 - - [17/Jun/2022:12:22:53 -0300] "POST /cormun/servlet/solicitudot?gx-no-cache=1655478570251 HTTP/1.1" 200 30
200.83.117.48 - - [17/Jun/2022:12:22:55 -0300] "GET /cormun/servlet/prfichaempleado?,MD,,gxPopupLevel%3D0%3B HTTP/1.1" 200 9270
192.168.10.96 - - [17/Jun/2022:12:23:02 -0300] "POST /cormun/servlet/trsolicitudgral?fc516461e3e827a85bab8719f7cac1ad,,gx-no-cache=1655478406006 HTTP/1.1" 200 5263
200.83.117.48 - - [17/Jun/2022:12:23:03 -0300] "POST /cormun/servlet/prfichaempleado?f0fa2df0ed62f3524c760ad0721ba812,,MD,,gxPopupLevel%3D0%3B,gx-no-cache=1655478580130 HTTP/1.1" 200 5486
192.168.10.96 - - [17/Jun/2022:12:23:07 -0300] "POST /cormun/servlet/trsolicitudgral?fc516461e3e827a85bab8719f7cac1ad,,gx-no-cache=1655478411297 HTTP/1.1" 200 7332
192.168.10.96 - - [17/Jun/2022:12:23:12 -0300] "GET /cormun/servlet/vesolicitudgral?2022,18394,, HTTP/1.1" 200 8373
192.168.10.96 - - [17/Jun/2022:12:23:13 -0300] "GET /cormun/pexe_scrolldiv.js HTTP/1.1" 404 1009
192.168.10.96 - - [17/Jun/2022:12:23:13 -0300] "GET /cormun/servlet/vesolicitudgral?2022,18394,, HTTP/1.1" 200 8372
200.83.117.48 - - [17/Jun/2022:12:23:14 -0300] "POST /cormun/servlet/prfichaempleado?f0fa2df0ed62f3524c760ad0721ba812,,MD,,gxPopupLevel%3D0%3B,gx-no-cache=1655478590750 HTTP/1.1" 200 3401
200.83.117.48 - - [17/Jun/2022:12:23:16 -0300] "POST /cormun/servlet/solicitudot?gx-no-cache=1655478593538 HTTP/1.1" 200 1455
200.83.117.48 - - [17/Jun/2022:12:23:18 -0300] "GET /cormun/servlet/prlicenciaspermisos?6214363,L,,MD,,gxPopupLevel%3D0%3B HTTP/1.1" 200 6938
200.83.117.48 - - [17/Jun/2022:12:23:19 -0300] "GET /cormun/static/gxcfg.js?2020121559567 HTTP/1.1" 200 953
200.83.117.48 - - [17/Jun/2022:12:23:19 -0300] "GET /cormun/static/prlicenciaspermisos.js?2020121559821 HTTP/1.1" 200 13379
200.83.117.48 - - [17/Jun/2022:12:23:26 -0300] "POST /cormun/servlet/solicitudot?gx-no-cache=1655478603096 HTTP/1.1" 200 41
200.83.117.48 - - [17/Jun/2022:12:23:36 -0300] "GET /cormun/servlet/solicitudot?21e2eefbbb6f2ae950cdd38c261e8dd37025d8595d3c3c7e3b9e651a2e0f8760e1ce415d81ba74c7ce92ed2fa0cf37079b2020d9cb52f675b09a133ba05ce30dee09f00e667495c37205e678be1e0fc5374a137c67aeb2516d1a3c99cdb9c686d5dde4cc109fde7f8202f0ba8532e7bf,gx-no-cache=1655478613440 HTTP/1.1" 200 110
200.83.117.48 - - [17/Jun/2022:12:23:36 -0300] "POST /cormun/servlet/solicitudot?gx-no-cache=1655478613493 HTTP/1.1" 200 79
200.83.117.48 - - [17/Jun/2022:12:23:39 -0300] "GET /cormun/servlet/solicitudot?21e2eefbbb6f2ae950cdd38c261e8dd3cdaa01acf76b189871d1c5f562d7d9035dc2d76807802209873452fc210266eeaf2ba0eba8cb655fa1679f88a5d68fe3cdb6b285ae49163afab0690c77e91021d7a15decdce74d5a747f584569ec107f38a11694f81c6f9ee1d0c12084fb63ab,gx-no-cache=1655478615940 HTTP/1.1" 200 29
200.83.117.48 - - [17/Jun/2022:12:23:39 -0300] "GET /cormun/static/menuarrow.gif HTTP/1.1" 404 1015
200.83.117.48 - - [17/Jun/2022:12:24:06 -0300] "GET /cormun/servlet/solicitudot?21e2eefbbb6f2ae950cdd38c261e8dd335a59305269bf5f5d5e7624f904bdda3fecdcd0e7726c3369c0fc42cb69fcc3b,gx-no-cache=1655478643445 HTTP/1.1" 200 30
200.83.117.48 - - [17/Jun/2022:12:24:06 -0300] "POST /cormun/servlet/solicitudot?gx-no-cache=1655478643547 HTTP/1.1" 200 34
190.171.149.82 - - [17/Jun/2022:12:24:18 -0300] "GET /cormun/servlet/trpermisosadjuntos?17503180,20220616132234,P, HTTP/1.1" 200 6217
190.171.149.82 - - [17/Jun/2022:12:24:19 -0300] "GET /cormun/servlet/trpermisosadjuntos?17503180,20220616132234,P, HTTP/1.1" 200 6217
200.83.117.48 - - [17/Jun/2022:12:24:20 -0300] "POST /cormun/servlet/solicitudot?f0fa2df0ed62f3524c760ad0721ba812,INS,0,0,false,,gx-no-cache=1655478657201 HTTP/1.1" 200 93
200.83.117.48 - - [17/Jun/2022:12:24:20 -0300] "GET /cormun/servlet/hpexe_return? HTTP/1.1" 200 1011
190.171.149.82 - - [17/Jun/2022:12:24:21 -0300] "GET /cormun/servlet/permisosadjuntos?INS,17503180,P,20220616132234,, HTTP/1.1" 200 5536
200.83.117.48 - - [17/Jun/2022:12:24:21 -0300] "GET /cormun/servlet/trsolicitudot HTTP/1.1" 200 8608
190.171.149.82 - - [17/Jun/2022:12:24:21 -0300] "GET /cormun/static/about:blank HTTP/1.1" 404 1011
190.171.149.82 - - [17/Jun/2022:12:24:21 -0300] "GET /cormun/servlet/permisosadjuntos?INS,17503180,P,20220616132234,, HTTP/1.1" 200 5526
200.83.117.48 - - [17/Jun/2022:12:24:21 -0300] "GET /cormun/servlet/trsolicitudot HTTP/1.1" 200 8606
200.83.117.48 - - [17/Jun/2022:12:24:23 -0300] "POST /cormun/servlet/trsolicitudot?f0fa2df0ed62f3524c760ad0721ba812,gx-no-cache=1655478660501 HTTP/1.1" 200 106
200.83.117.48 - - [17/Jun/2022:12:24:23 -0300] "GET /cormun/servlet/trsolicitudadjuntos?2022,18891, HTTP/1.1" 200 6073
200.83.117.48 - - [17/Jun/2022:12:24:24 -0300] "GET /cormun/static/gxcfg.js?20201215574222 HTTP/1.1" 200 953
200.83.117.48 - - [17/Jun/2022:12:24:24 -0300] "GET /cormun/static/trsolicitudadjuntos.js?20201215574932 HTTP/1.1" 200 17922
200.83.117.48 - - [17/Jun/2022:12:24:24 -0300] "GET /cormun/servlet/trsolicitudadjuntos?2022,18891, HTTP/1.1" 200 6073
192.168.10.96 - - [17/Jun/2022:12:24:24 -0300] "GET /cormun/servlet/trsolicitudgral? HTTP/1.1" 200 10367
192.168.10.96 - - [17/Jun/2022:12:24:24 -0300] "GET /cormun/servlet/trsolicitudgral? HTTP/1.1" 200 10365
200.83.117.48 - - [17/Jun/2022:12:24:25 -0300] "GET /cormun/servlet/solicitudotadjuntos?INS,2022,18891,,1, HTTP/1.1" 200 6019
200.83.117.48 - - [17/Jun/2022:12:24:26 -0300] "GET /cormun/static/gxcfg.js?202012157947 HTTP/1.1" 200 953
200.83.117.48 - - [17/Jun/2022:12:24:26 -0300] "GET /cormun/static/solicitudotadjuntos.js?202012157966 HTTP/1.1" 200 11771
200.83.117.48 - - [17/Jun/2022:12:24:26 -0300] "GET /cormun/static/about:blank HTTP/1.1" 404 1011
200.83.117.48 - - [17/Jun/2022:12:24:26 -0300] "GET /cormun/servlet/solicitudotadjuntos?INS,2022,18891,,1, HTTP/1.1" 200 6012
200.83.117.48 - - [17/Jun/2022:12:24:26 -0300] "GET /cormun/servlet/solicitudotadjuntos?21e2eefbbb6f2ae950cdd38c261e8dd3f8f63d58907096edee9eb458a0509ba09bfbb643cfd13d68f7054359aa33448b,gx-no-cache=1655478663478 HTTP/1.1" 200 30
200.83.117.48 - - [17/Jun/2022:12:24:26 -0300] "POST /cormun/servlet/solicitudotadjuntos?f0fa2df0ed62f3524c760ad0721ba812,INS,2022,18891,,1,,gx-no-cache=1655478663522 HTTP/1.1" 200 3870
190.171.149.82 - - [17/Jun/2022:12:24:27 -0300] "POST /cormun/servlet/permisosadjuntos?7936e5c9df6cec29f48c4aab52497af1,INS,17503180,P,20220616132234,, HTTP/1.1" 200 116
190.171.149.82 - - [17/Jun/2022:12:24:27 -0300] "GET /cormun/servlet/hpexe_return? HTTP/1.1" 200 1044
190.171.149.82 - - [17/Jun/2022:12:24:28 -0300] "GET /cormun/servlet/trpermisosadjuntos?17503180,20220616132234,P, HTTP/1.1" 200 6677
200.83.117.48 - - [17/Jun/2022:12:24:28 -0300] "POST /cormun/servlet/solicitudotadjuntos?gx-no-cache=1655478665168 HTTP/1.1" 200 26
190.171.149.82 - - [17/Jun/2022:12:24:28 -0300] "GET /cormun/servlet/trpermisosadjuntos?17503180,20220616132234,P, HTTP/1.1" 200 6674
192.168.10.96 - - [17/Jun/2022:12:24:28 -0300] "GET /cormun/servlet/vesolicitudgral?2022,18593,, HTTP/1.1" 200 8353
192.168.10.96 - - [17/Jun/2022:12:24:28 -0300] "GET /cormun/pexe_scrolldiv.js HTTP/1.1" 404 1009
192.168.10.96 - - [17/Jun/2022:12:24:29 -0300] "GET /cormun/servlet/vesolicitudgral?2022,18593,, HTTP/1.1" 200 8352
190.171.149.82 - - [17/Jun/2022:12:24:32 -0300] "POST /cormun/servlet/trpermisosadjuntos?7936e5c9df6cec29f48c4aab52497af1,17503180,20220616132234,P,,gx-no-cache=1655478670204 HTTP/1.1" 200 90
190.171.149.82 - - [17/Jun/2022:12:24:32 -0300] "GET /cormun/servlet/hpexe_link HTTP/1.1" 200 1013
190.171.149.82 - - [17/Jun/2022:12:24:32 -0300] "GET /cormun/servlet/trpermisosgoce?gx-no-cache=1655478514877 HTTP/1.1" 200 9894
190.171.149.82 - - [17/Jun/2022:12:24:32 -0300] "GET /cormun/servlet/trpermisosgoce?gx-no-cache=1655478514877 HTTP/1.1" 200 9914
190.171.149.82 - - [17/Jun/2022:12:24:35 -0300] "POST /cormun/servlet/trpermisosgoce?7936e5c9df6cec29f48c4aab52497af1,gx-no-cache=1655478514877,gx-no-cache=1655478673206 HTTP/1.1" 200 7339
190.171.149.82 - - [17/Jun/2022:12:24:35 -0300] "GET /cormun/static/Shared/jqueryui/images/ui-bg_highlight-soft_100_c6c2c8_1x100.png HTTP/1.1" 404 1117
190.171.149.82 - - [17/Jun/2022:12:24:35 -0300] "GET /cormun/static/Shared/jqueryui/images/ui-icons_82798d_256x240.png HTTP/1.1" 404 1089
190.171.149.82 - - [17/Jun/2022:12:24:35 -0300] "GET /cormun/static/Shared/jqueryui/images/ui-bg_flat_55_fafafa_40x100.png HTTP/1.1" 404 1097
190.171.149.82 - - [17/Jun/2022:12:24:35 -0300] "GET /cormun/static/Shared/jqueryui/images/ui-icons_8d78a5_256x240.png HTTP/1.1" 404 1089
200.83.117.48 - - [17/Jun/2022:12:24:36 -0300] "POST /cormun/servlet/solicitudotadjuntos?gx-no-cache=1655478673070 HTTP/1.1" 200 26
200.83.117.48 - - [17/Jun/2022:12:24:41 -0300] "GET /cormun/servlet/solicitudotadjuntos?21e2eefbbb6f2ae950cdd38c261e8dd3878be453402d8ed74e5ca25029a83ed2,gx-no-cache=1655478677876 HTTP/1.1" 200 30
200.83.117.48 - - [17/Jun/2022:12:24:41 -0300] "GET /cormun/servlet/solicitudotadjuntos?21e2eefbbb6f2ae950cdd38c261e8dd3878be453402d8ed74e5ca25029a83ed2,gx-no-cache=1655478677907 HTTP/1.1" 200 30
200.83.117.48 - - [17/Jun/2022:12:24:41 -0300] "POST /cormun/servlet/solicitudotadjuntos?f0fa2df0ed62f3524c760ad0721ba812,INS,2022,18891,,1, HTTP/1.1" 200 116
200.83.117.48 - - [17/Jun/2022:12:24:41 -0300] "GET /cormun/servlet/hpexe_return? HTTP/1.1" 200 1029
200.83.117.48 - - [17/Jun/2022:12:24:41 -0300] "GET /cormun/servlet/trsolicitudadjuntos?2022,18891, HTTP/1.1" 200 8812
200.83.117.48 - - [17/Jun/2022:12:24:41 -0300] "GET /cormun/servlet/trsolicitudadjuntos?2022,18891, HTTP/1.1" 200 8808
200.83.117.48 - - [17/Jun/2022:12:24:43 -0300] "GET /cormun/servlet/solicitudotadjuntos?INS,2022,18891,,1, HTTP/1.1" 200 6019
200.83.117.48 - - [17/Jun/2022:12:24:43 -0300] "GET /cormun/static/about:blank HTTP/1.1" 404 1011
200.83.117.48 - - [17/Jun/2022:12:24:44 -0300] "GET /cormun/servlet/solicitudotadjuntos?INS,2022,18891,,1, HTTP/1.1" 200 6012
200.83.117.48 - - [17/Jun/2022:12:24:44 -0300] "GET /cormun/servlet/solicitudotadjuntos?21e2eefbbb6f2ae950cdd38c261e8dd3f8f63d58907096edee9eb458a0509ba09bfbb643cfd13d68f7054359aa33448b,gx-no-cache=1655478681241 HTTP/1.1" 200 30
200.83.117.48 - - [17/Jun/2022:12:24:44 -0300] "POST /cormun/servlet/solicitudotadjuntos?f0fa2df0ed62f3524c760ad0721ba812,INS,2022,18891,,1,,gx-no-cache=1655478681461 HTTP/1.1" 200 3870
192.168.10.96 - - [17/Jun/2022:12:24:47 -0300] "GET /cormun/servlet/trsolicitudgral? HTTP/1.1" 200 10367
192.168.10.96 - - [17/Jun/2022:12:24:47 -0300] "GET /cormun/servlet/trsolicitudgral? HTTP/1.1" 200 10365
200.83.117.48 - - [17/Jun/2022:12:24:48 -0300] "POST /cormun/servlet/solicitudotadjuntos?gx-no-cache=1655478685606 HTTP/1.1" 200 26
192.168.10.96 - - [17/Jun/2022:12:24:49 -0300] "GET /cormun/servlet/vesolicitudgral?2022,18636,, HTTP/1.1" 200 8372
192.168.10.96 - - [17/Jun/2022:12:24:49 -0300] "GET /cormun/pexe_scrolldiv.js HTTP/1.1" 404 1009
192.168.10.96 - - [17/Jun/2022:12:24:49 -0300] "GET /cormun/servlet/vesolicitudgral?2022,18636,, HTTP/1.1" 200 8369
200.83.117.48 - - [17/Jun/2022:12:24:53 -0300] "GET /cormun/servlet/solicitudotadjuntos?21e2eefbbb6f2ae950cdd38c261e8dd3878be453402d8ed74e5ca25029a83ed2,gx-no-cache=1655478690580 HTTP/1.1" 200 30
200.83.117.48 - - [17/Jun/2022:12:24:53 -0300] "GET /cormun/servlet/solicitudotadjuntos?21e2eefbbb6f2ae950cdd38c261e8dd3878be453402d8ed74e5ca25029a83ed2,gx-no-cache=1655478690613 HTTP/1.1" 200 30
200.83.117.48 - - [17/Jun/2022:12:24:54 -0300] "POST /cormun/servlet/solicitudotadjuntos?f0fa2df0ed62f3524c760ad0721ba812,INS,2022,18891,,1, HTTP/1.1" 200 116
200.83.117.48 - - [17/Jun/2022:12:24:54 -0300] "GET /cormun/servlet/hpexe_return? HTTP/1.1" 200 1029
200.83.117.48 - - [17/Jun/2022:12:24:55 -0300] "GET /cormun/servlet/trsolicitudadjuntos?2022,18891, HTTP/1.1" 200 9067
200.83.117.48 - - [17/Jun/2022:12:24:55 -0300] "GET /cormun/servlet/trsolicitudadjuntos?2022,18891, HTTP/1.1" 200 9066
200.83.117.48 - - [17/Jun/2022:12:25:32 -0300] "GET /cormun/servlet/solicitudotadjuntos?INS,2022,18891,,1, HTTP/1.1" 200 6019
200.83.117.48 - - [17/Jun/2022:12:25:32 -0300] "GET /cormun/static/about:blank HTTP/1.1" 404 1011
200.83.117.48 - - [17/Jun/2022:12:25:32 -0300] "GET /cormun/servlet/solicitudotadjuntos?INS,2022,18891,,1, HTTP/1.1" 200 6012
200.83.117.48 - - [17/Jun/2022:12:25:33 -0300] "GET /cormun/servlet/solicitudotadjuntos?21e2eefbbb6f2ae950cdd38c261e8dd3f8f63d58907096edee9eb458a0509ba09bfbb643cfd13d68f7054359aa33448b,gx-no-cache=1655478730162 HTTP/1.1" 200 30
200.83.117.48 - - [17/Jun/2022:12:25:33 -0300] "POST /cormun/servlet/solicitudotadjuntos?f0fa2df0ed62f3524c760ad0721ba812,INS,2022,18891,,1,,gx-no-cache=1655478730212 HTTP/1.1" 200 3870
200.83.117.48 - - [17/Jun/2022:12:25:35 -0300] "POST /cormun/servlet/solicitudotadjuntos?gx-no-cache=1655478732636 HTTP/1.1" 200 26
200.83.117.48 - - [17/Jun/2022:12:25:39 -0300] "GET /cormun/servlet/solicitudotadjuntos?21e2eefbbb6f2ae950cdd38c261e8dd3878be453402d8ed74e5ca25029a83ed2,gx-no-cache=1655478736243 HTTP/1.1" 200 30
200.83.117.48 - - [17/Jun/2022:12:25:39 -0300] "GET /cormun/servlet/solicitudotadjuntos?21e2eefbbb6f2ae950cdd38c261e8dd3878be453402d8ed74e5ca25029a83ed2,gx-no-cache=1655478736323 HTTP/1.1" 200 30
200.83.117.48 - - [17/Jun/2022:12:25:39 -0300] "POST /cormun/servlet/solicitudotadjuntos?f0fa2df0ed62f3524c760ad0721ba812,INS,2022,18891,,1, HTTP/1.1" 200 116
200.83.117.48 - - [17/Jun/2022:12:25:40 -0300] "GET /cormun/servlet/hpexe_return? HTTP/1.1" 200 1029
200.83.117.48 - - [17/Jun/2022:12:25:40 -0300] "GET /cormun/servlet/trsolicitudadjuntos?2022,18891, HTTP/1.1" 200 9249
200.83.117.48 - - [17/Jun/2022:12:25:40 -0300] "GET /cormun/servlet/trsolicitudadjuntos?2022,18891, HTTP/1.1" 200 9246
200.83.117.48 - - [17/Jun/2022:12:25:42 -0300] "GET /cormun/servlet/solicitudotadjuntos?INS,2022,18891,,1, HTTP/1.1" 200 6019
200.83.117.48 - - [17/Jun/2022:12:25:42 -0300] "GET /cormun/static/about:blank HTTP/1.1" 404 1011
200.83.117.48 - - [17/Jun/2022:12:25:43 -0300] "GET /cormun/servlet/solicitudotadjuntos?INS,2022,18891,,1, HTTP/1.1" 200 6012
200.83.117.48 - - [17/Jun/2022:12:25:43 -0300] "GET /cormun/servlet/solicitudotadjuntos?21e2eefbbb6f2ae950cdd38c261e8dd3f8f63d58907096edee9eb458a0509ba09bfbb643cfd13d68f7054359aa33448b,gx-no-cache=1655478740214 HTTP/1.1" 200 30
200.83.117.48 - - [17/Jun/2022:12:25:43 -0300] "POST /cormun/servlet/solicitudotadjuntos?f0fa2df0ed62f3524c760ad0721ba812,INS,2022,18891,,1,,gx-no-cache=1655478740262 HTTP/1.1" 200 3870
200.83.117.48 - - [17/Jun/2022:12:25:45 -0300] "POST /cormun/servlet/solicitudotadjuntos?gx-no-cache=1655478742506 HTTP/1.1" 200 26
192.168.10.96 - - [17/Jun/2022:12:25:47 -0300] "GET /cormun/servlet/trsolicitudgral? HTTP/1.1" 200 10367
192.168.10.96 - - [17/Jun/2022:12:25:47 -0300] "GET /cormun/servlet/trsolicitudgral? HTTP/1.1" 200 10365
200.83.117.48 - - [17/Jun/2022:12:26:17 -0300] "GET /cormun/servlet/solicitudotadjuntos?21e2eefbbb6f2ae950cdd38c261e8dd3878be453402d8ed74e5ca25029a83ed2,gx-no-cache=1655478774419 HTTP/1.1" 200 30
200.83.117.48 - - [17/Jun/2022:12:26:17 -0300] "GET /cormun/servlet/solicitudotadjuntos?21e2eefbbb6f2ae950cdd38c261e8dd3878be453402d8ed74e5ca25029a83ed2,gx-no-cache=1655478774491 HTTP/1.1" 200 30
200.83.117.48 - - [17/Jun/2022:12:26:18 -0300] "POST /cormun/servlet/solicitudotadjuntos?f0fa2df0ed62f3524c760ad0721ba812,INS,2022,18891,,1, HTTP/1.1" 200 116
200.83.117.48 - - [17/Jun/2022:12:26:18 -0300] "GET /cormun/servlet/hpexe_return? HTTP/1.1" 200 1029
200.83.117.48 - - [17/Jun/2022:12:26:18 -0300] "GET /cormun/servlet/trsolicitudadjuntos?2022,18891, HTTP/1.1" 200 9496
200.83.117.48 - - [17/Jun/2022:12:26:19 -0300] "GET /cormun/servlet/trsolicitudadjuntos?2022,18891, HTTP/1.1" 200 9494
200.83.117.48 - - [17/Jun/2022:12:26:28 -0300] "GET /cormun/servlet/solicitudotadjuntos?DLT,2022,18891,CERTIF3,0, HTTP/1.1" 200 5968
200.83.117.48 - - [17/Jun/2022:12:26:29 -0300] "GET /cormun/static/Shared/jqueryui/images/ui-bg_highlight-soft_100_c6c2c8_1x100.png HTTP/1.1" 404 1117
200.83.117.48 - - [17/Jun/2022:12:26:29 -0300] "GET /cormun/static/Shared/jqueryui/images/ui-icons_82798d_256x240.png HTTP/1.1" 404 1089
200.83.117.48 - - [17/Jun/2022:12:26:29 -0300] "GET /cormun/static/Shared/jqueryui/images/ui-bg_flat_55_fafafa_40x100.png HTTP/1.1" 404 1097
200.83.117.48 - - [17/Jun/2022:12:26:29 -0300] "GET /cormun/static/Shared/jqueryui/images/ui-icons_8d78a5_256x240.png HTTP/1.1" 404 1089
200.83.117.48 - - [17/Jun/2022:12:26:29 -0300] "GET /cormun/PublicTempStorage/afp3589978.docx HTTP/1.1" 200 83542
200.83.117.48 - - [17/Jun/2022:12:26:29 -0300] "GET /cormun/servlet/solicitudotadjuntos?DLT,2022,18891,CERTIF3,0, HTTP/1.1" 200 5961
200.83.117.48 - - [17/Jun/2022:12:26:31 -0300] "POST /cormun/servlet/solicitudotadjuntos?f0fa2df0ed62f3524c760ad0721ba812,DLT,2022,18891,CERTIF3,0,,gx-no-cache=1655478788110 HTTP/1.1" 200 93
200.83.117.48 - - [17/Jun/2022:12:26:31 -0300] "GET /cormun/servlet/hpexe_return? HTTP/1.1" 200 1035
200.83.117.48 - - [17/Jun/2022:12:26:31 -0300] "GET /cormun/servlet/trsolicitudadjuntos?2022,18891, HTTP/1.1" 200 9244
200.83.117.48 - - [17/Jun/2022:12:26:32 -0300] "GET /cormun/servlet/trsolicitudadjuntos?2022,18891, HTTP/1.1" 200 9242
190.171.149.82 - - [17/Jun/2022:12:27:02 -0300] "GET /cormun/servlet/trpermisosadjuntos?9523283,20220616145404,P, HTTP/1.1" 200 6238
190.171.149.82 - - [17/Jun/2022:12:27:03 -0300] "GET /cormun/servlet/trpermisosadjuntos?9523283,20220616145404,P, HTTP/1.1" 200 6217
200.83.117.48 - - [17/Jun/2022:12:27:03 -0300] "GET /cormun/servlet/solicitudotadjuntos?INS,2022,18891,,1, HTTP/1.1" 200 6018
200.83.117.48 - - [17/Jun/2022:12:27:04 -0300] "GET /cormun/static/about:blank HTTP/1.1" 404 1011
200.83.117.48 - - [17/Jun/2022:12:27:04 -0300] "GET /cormun/servlet/solicitudotadjuntos?INS,2022,18891,,1, HTTP/1.1" 200 6012
200.83.117.48 - - [17/Jun/2022:12:27:04 -0300] "GET /cormun/servlet/solicitudotadjuntos?21e2eefbbb6f2ae950cdd38c261e8dd3f8f63d58907096edee9eb458a0509ba09bfbb643cfd13d68f7054359aa33448b,gx-no-cache=1655478821303 HTTP/1.1" 200 30
200.83.117.48 - - [17/Jun/2022:12:27:04 -0300] "POST /cormun/servlet/solicitudotadjuntos?f0fa2df0ed62f3524c760ad0721ba812,INS,2022,18891,,1,,gx-no-cache=1655478821336 HTTP/1.1" 200 3870
190.171.149.82 - - [17/Jun/2022:12:27:05 -0300] "GET /cormun/servlet/permisosadjuntos?INS,9523283,P,20220616145404,, HTTP/1.1" 200 5538
190.171.149.82 - - [17/Jun/2022:12:27:05 -0300] "GET /cormun/static/about:blank HTTP/1.1" 404 1011
190.171.149.82 - - [17/Jun/2022:12:27:05 -0300] "GET /cormun/servlet/permisosadjuntos?INS,9523283,P,20220616145404,, HTTP/1.1" 200 5528
200.83.117.48 - - [17/Jun/2022:12:27:07 -0300] "POST /cormun/servlet/solicitudotadjuntos?gx-no-cache=1655478824252 HTTP/1.1" 200 26
200.83.117.48 - - [17/Jun/2022:12:27:12 -0300] "GET /cormun/servlet/solicitudotadjuntos?21e2eefbbb6f2ae950cdd38c261e8dd3878be453402d8ed74e5ca25029a83ed2,gx-no-cache=1655478829251 HTTP/1.1" 200 30
200.83.117.48 - - [17/Jun/2022:12:27:12 -0300] "GET /cormun/servlet/solicitudotadjuntos?21e2eefbbb6f2ae950cdd38c261e8dd3878be453402d8ed74e5ca25029a83ed2,gx-no-cache=1655478829287 HTTP/1.1" 200 30
200.83.117.48 - - [17/Jun/2022:12:27:12 -0300] "POST /cormun/servlet/solicitudotadjuntos?f0fa2df0ed62f3524c760ad0721ba812,INS,2022,18891,,1, HTTP/1.1" 200 116
200.83.117.48 - - [17/Jun/2022:12:27:12 -0300] "GET /cormun/servlet/hpexe_return? HTTP/1.1" 200 1029
200.83.117.48 - - [17/Jun/2022:12:27:13 -0300] "GET /cormun/servlet/trsolicitudadjuntos?2022,18891, HTTP/1.1" 200 9488
200.83.117.48 - - [17/Jun/2022:12:27:13 -0300] "GET /cormun/servlet/trsolicitudadjuntos?2022,18891, HTTP/1.1" 200 9486
190.171.149.82 - - [17/Jun/2022:12:27:14 -0300] "POST /cormun/servlet/permisosadjuntos?7936e5c9df6cec29f48c4aab52497af1,INS,9523283,P,20220616145404,, HTTP/1.1" 200 116
190.171.149.82 - - [17/Jun/2022:12:27:14 -0300] "GET /cormun/servlet/hpexe_return? HTTP/1.1" 200 1043
190.171.149.82 - - [17/Jun/2022:12:27:14 -0300] "GET /cormun/servlet/trpermisosadjuntos?9523283,20220616145404,P, HTTP/1.1" 200 6698
200.83.117.48 - - [17/Jun/2022:12:27:14 -0300] "GET /cormun/servlet/solicitudotadjuntos?INS,2022,18891,,1, HTTP/1.1" 200 6018
190.171.149.82 - - [17/Jun/2022:12:27:15 -0300] "GET /cormun/servlet/trpermisosadjuntos?9523283,20220616145404,P, HTTP/1.1" 200 6694
200.83.117.48 - - [17/Jun/2022:12:27:15 -0300] "GET /cormun/static/about:blank HTTP/1.1" 404 1011
200.83.117.48 - - [17/Jun/2022:12:27:15 -0300] "GET /cormun/servlet/solicitudotadjuntos?INS,2022,18891,,1, HTTP/1.1" 200 6012
200.83.117.48 - - [17/Jun/2022:12:27:15 -0300] "GET /cormun/servlet/solicitudotadjuntos?21e2eefbbb6f2ae950cdd38c261e8dd3f8f63d58907096edee9eb458a0509ba09bfbb643cfd13d68f7054359aa33448b,gx-no-cache=1655478832451 HTTP/1.1" 200 30
200.83.117.48 - - [17/Jun/2022:12:27:15 -0300] "POST /cormun/servlet/solicitudotadjuntos?f0fa2df0ed62f3524c760ad0721ba812,INS,2022,18891,,1,,gx-no-cache=1655478832491 HTTP/1.1" 200 3870
190.171.149.82 - - [17/Jun/2022:12:27:17 -0300] "POST /cormun/servlet/trpermisosadjuntos?7936e5c9df6cec29f48c4aab52497af1,9523283,20220616145404,P,,gx-no-cache=1655478835116 HTTP/1.1" 200 90
190.171.149.82 - - [17/Jun/2022:12:27:17 -0300] "GET /cormun/servlet/hpexe_link HTTP/1.1" 200 1012
190.171.149.82 - - [17/Jun/2022:12:27:17 -0300] "GET /cormun/servlet/trpermisosgoce?gx-no-cache=1655478514877 HTTP/1.1" 200 9905
190.171.149.82 - - [17/Jun/2022:12:27:18 -0300] "GET /cormun/servlet/trpermisosgoce?gx-no-cache=1655478514877 HTTP/1.1" 200 9924
190.171.149.82 - - [17/Jun/2022:12:27:20 -0300] "POST /cormun/servlet/trpermisosgoce?7936e5c9df6cec29f48c4aab52497af1,gx-no-cache=1655478514877,gx-no-cache=1655478838517 HTTP/1.1" 200 7321
190.171.149.82 - - [17/Jun/2022:12:27:20 -0300] "GET /cormun/static/Shared/jqueryui/images/ui-bg_highlight-soft_100_c6c2c8_1x100.png HTTP/1.1" 404 1117
190.171.149.82 - - [17/Jun/2022:12:27:20 -0300] "GET /cormun/static/Shared/jqueryui/images/ui-icons_82798d_256x240.png HTTP/1.1" 404 1089
190.171.149.82 - - [17/Jun/2022:12:27:20 -0300] "GET /cormun/static/Shared/jqueryui/images/ui-icons_8d78a5_256x240.png HTTP/1.1" 404 1089
190.171.149.82 - - [17/Jun/2022:12:27:20 -0300] "GET /cormun/static/Shared/jqueryui/images/ui-bg_flat_55_fafafa_40x100.png HTTP/1.1" 404 1097
190.171.149.82 - - [17/Jun/2022:12:28:52 -0300] "GET /cormun/servlet/trpermisosadjuntos?17295959,20220616132552,P, HTTP/1.1" 200 6235
190.171.149.82 - - [17/Jun/2022:12:28:53 -0300] "GET /cormun/servlet/trpermisosadjuntos?17295959,20220616132552,P, HTTP/1.1" 200 6214
190.171.149.82 - - [17/Jun/2022:12:28:54 -0300] "GET /cormun/servlet/permisosadjuntos?INS,17295959,P,20220616132552,, HTTP/1.1" 200 5536
190.171.149.82 - - [17/Jun/2022:12:28:55 -0300] "GET /cormun/static/about:blank HTTP/1.1" 404 1011
190.171.149.82 - - [17/Jun/2022:12:28:55 -0300] "GET /cormun/servlet/permisosadjuntos?INS,17295959,P,20220616132552,, HTTP/1.1" 200 5526
190.171.149.82 - - [17/Jun/2022:12:29:02 -0300] "POST /cormun/servlet/permisosadjuntos?7936e5c9df6cec29f48c4aab52497af1,INS,17295959,P,20220616132552,, HTTP/1.1" 200 6205
190.171.149.82 - - [17/Jun/2022:12:29:02 -0300] "GET /cormun/static/Shared/jqueryui/images/ui-bg_highlight-soft_100_c6c2c8_1x100.png HTTP/1.1" 404 1117
190.171.149.82 - - [17/Jun/2022:12:29:02 -0300] "GET /cormun/static/Shared/jqueryui/images/ui-icons_82798d_256x240.png HTTP/1.1" 404 1089
190.171.149.82 - - [17/Jun/2022:12:29:02 -0300] "GET /cormun/static/Shared/jqueryui/images/ui-bg_flat_55_994d53_40x100.png HTTP/1.1" 404 1097
190.171.149.82 - - [17/Jun/2022:12:29:02 -0300] "GET /cormun/static/Shared/jqueryui/images/ui-icons_ebccce_256x240.png HTTP/1.1" 404 1089
190.171.149.82 - - [17/Jun/2022:12:29:03 -0300] "GET /cormun/PrivateTempStorage/upload_00004238.jpg HTTP/1.1" 200 407245
190.171.149.82 - - [17/Jun/2022:12:29:09 -0300] "GET /cormun/servlet/trpermisosgoce? HTTP/1.1" 200 9892
190.171.149.82 - - [17/Jun/2022:12:29:09 -0300] "GET /cormun/servlet/trpermisosgoce? HTTP/1.1" 200 9884
190.171.149.82 - - [17/Jun/2022:12:29:12 -0300] "GET /cormun/servlet/trpermisosadjuntos?17295959,20220616132552,P, HTTP/1.1" 200 6213
190.171.149.82 - - [17/Jun/2022:12:29:13 -0300] "GET /cormun/servlet/trpermisosadjuntos?17295959,20220616132552,P, HTTP/1.1" 200 6214
190.171.149.82 - - [17/Jun/2022:12:29:14 -0300] "GET /cormun/servlet/permisosadjuntos?INS,17295959,P,20220616132552,, HTTP/1.1" 200 5536
190.171.149.82 - - [17/Jun/2022:12:29:14 -0300] "GET /cormun/static/about:blank HTTP/1.1" 404 1011
190.171.149.82 - - [17/Jun/2022:12:29:14 -0300] "GET /cormun/servlet/permisosadjuntos?INS,17295959,P,20220616132552,, HTTP/1.1" 200 5526
190.171.149.82 - - [17/Jun/2022:12:29:21 -0300] "POST /cormun/servlet/permisosadjuntos?7936e5c9df6cec29f48c4aab52497af1,INS,17295959,P,20220616132552,, HTTP/1.1" 200 116
190.171.149.82 - - [17/Jun/2022:12:29:21 -0300] "GET /cormun/servlet/hpexe_return? HTTP/1.1" 200 1045
190.171.149.82 - - [17/Jun/2022:12:29:22 -0300] "GET /cormun/servlet/trpermisosadjuntos?17295959,20220616132552,P, HTTP/1.1" 200 6696
190.171.149.82 - - [17/Jun/2022:12:29:22 -0300] "GET /cormun/servlet/trpermisosadjuntos?17295959,20220616132552,P, HTTP/1.1" 200 6694
190.171.149.82 - - [17/Jun/2022:12:29:23 -0300] "POST /cormun/servlet/trpermisosadjuntos?7936e5c9df6cec29f48c4aab52497af1,17295959,20220616132552,P,,gx-no-cache=1655478961667 HTTP/1.1" 200 90
190.171.149.82 - - [17/Jun/2022:12:29:23 -0300] "GET /cormun/servlet/hpexe_link HTTP/1.1" 200 991
190.171.149.82 - - [17/Jun/2022:12:29:24 -0300] "GET /cormun/servlet/trpermisosgoce HTTP/1.1" 200 9886
190.171.149.82 - - [17/Jun/2022:12:29:24 -0300] "GET /cormun/servlet/trpermisosgoce HTTP/1.1" 200 9884
190.171.149.82 - - [17/Jun/2022:12:29:26 -0300] "POST /cormun/servlet/trpermisosgoce?7936e5c9df6cec29f48c4aab52497af1,gx-no-cache=1655478964157 HTTP/1.1" 200 7272
190.171.149.82 - - [17/Jun/2022:12:29:26 -0300] "GET /cormun/static/Shared/jqueryui/images/ui-bg_highlight-soft_100_c6c2c8_1x100.png HTTP/1.1" 404 1117
190.171.149.82 - - [17/Jun/2022:12:29:26 -0300] "GET /cormun/static/Shared/jqueryui/images/ui-icons_82798d_256x240.png HTTP/1.1" 404 1089
190.171.149.82 - - [17/Jun/2022:12:29:26 -0300] "GET /cormun/static/Shared/jqueryui/images/ui-bg_flat_55_fafafa_40x100.png HTTP/1.1" 404 1097
190.171.149.82 - - [17/Jun/2022:12:29:26 -0300] "GET /cormun/static/Shared/jqueryui/images/ui-icons_8d78a5_256x240.png HTTP/1.1" 404 1089
200.83.117.48 - - [17/Jun/2022:12:29:29 -0300] "POST /cormun/servlet/solicitudotadjuntos?gx-no-cache=1655478965767 HTTP/1.1" 200 26
200.83.117.48 - - [17/Jun/2022:12:29:33 -0300] "GET /cormun/servlet/solicitudotadjuntos?21e2eefbbb6f2ae950cdd38c261e8dd3878be453402d8ed74e5ca25029a83ed2,gx-no-cache=1655478970637 HTTP/1.1" 200 30
200.83.117.48 - - [17/Jun/2022:12:29:33 -0300] "GET /cormun/servlet/solicitudotadjuntos?21e2eefbbb6f2ae950cdd38c261e8dd3878be453402d8ed74e5ca25029a83ed2,gx-no-cache=1655478970686 HTTP/1.1" 200 30
200.83.117.48 - - [17/Jun/2022:12:29:34 -0300] "POST /cormun/servlet/solicitudotadjuntos?f0fa2df0ed62f3524c760ad0721ba812,INS,2022,18891,,1, HTTP/1.1" 200 116
200.83.117.48 - - [17/Jun/2022:12:29:34 -0300] "GET /cormun/servlet/hpexe_return? HTTP/1.1" 200 1029
200.83.117.48 - - [17/Jun/2022:12:29:35 -0300] "GET /cormun/servlet/trsolicitudadjuntos?2022,18891, HTTP/1.1" 200 9791
190.171.149.82 - - [17/Jun/2022:12:29:35 -0300] "POST /cormun/servlet/trpermisosgoce?7936e5c9df6cec29f48c4aab52497af1,gx-no-cache=1655478973004 HTTP/1.1" 200 90
190.171.149.82 - - [17/Jun/2022:12:29:35 -0300] "GET /cormun/servlet/hpexe_link HTTP/1.1" 200 965
190.171.149.82 - - [17/Jun/2022:12:29:35 -0300] "GET /cormun/servlet/hhome HTTP/1.1" 200 3894
200.83.117.48 - - [17/Jun/2022:12:29:35 -0300] "GET /cormun/servlet/trsolicitudadjuntos?2022,18891, HTTP/1.1" 200 9784
190.171.149.82 - - [17/Jun/2022:12:29:35 -0300] "GET /cormun/servlet/hhome HTTP/1.1" 200 3891
190.171.149.82 - - [17/Jun/2022:12:29:36 -0300] "GET /cormun/servlet/hlogin HTTP/1.1" 200 1744
200.83.117.48 - - [17/Jun/2022:12:29:58 -0300] "GET /cormun/servlet/trsolicitudot? HTTP/1.1" 200 8613
200.83.117.48 - - [17/Jun/2022:12:29:58 -0300] "GET /cormun/servlet/trsolicitudot? HTTP/1.1" 200 8606
200.83.117.48 - - [17/Jun/2022:12:30:02 -0300] "POST /cormun/servlet/trsolicitudot?f0fa2df0ed62f3524c760ad0721ba812,,gx-no-cache=1655478998831 HTTP/1.1" 200 5818
200.83.117.48 - - [17/Jun/2022:12:30:02 -0300] "GET /cormun/static/Shared/jqueryui/images/ui-bg_highlight-soft_100_c6c2c8_1x100.png HTTP/1.1" 404 1117
200.83.117.48 - - [17/Jun/2022:12:30:02 -0300] "GET /cormun/static/Shared/jqueryui/images/ui-icons_82798d_256x240.png HTTP/1.1" 404 1089
200.83.117.48 - - [17/Jun/2022:12:30:02 -0300] "GET /cormun/static/Shared/jqueryui/images/ui-icons_8d78a5_256x240.png HTTP/1.1" 404 1089
200.83.117.48 - - [17/Jun/2022:12:30:02 -0300] "GET /cormun/static/Shared/jqueryui/images/ui-bg_flat_55_fafafa_40x100.png HTTP/1.1" 404 1097
200.83.117.48 - - [17/Jun/2022:12:30:05 -0300] "POST /cormun/servlet/trsolicitudot?f0fa2df0ed62f3524c760ad0721ba812,,gx-no-cache=1655479002119 HTTP/1.1" 200 106
200.83.117.48 - - [17/Jun/2022:12:30:05 -0300] "GET /cormun/servlet/trsolicitudadjuntos?2022,18891, HTTP/1.1" 200 9785
200.83.117.48 - - [17/Jun/2022:12:30:06 -0300] "GET /cormun/servlet/trsolicitudadjuntos?2022,18891, HTTP/1.1" 200 9787
200.83.117.48 - - [17/Jun/2022:12:30:08 -0300] "GET /cormun/servlet/solicitudotadjuntos?INS,2022,18891,,1, HTTP/1.1" 200 6019
200.83.117.48 - - [17/Jun/2022:12:30:08 -0300] "GET /cormun/static/about:blank HTTP/1.1" 404 1011
200.83.117.48 - - [17/Jun/2022:12:30:08 -0300] "GET /cormun/servlet/solicitudotadjuntos?INS,2022,18891,,1, HTTP/1.1" 200 6012
200.83.117.48 - - [17/Jun/2022:12:30:08 -0300] "GET /cormun/servlet/solicitudotadjuntos?21e2eefbbb6f2ae950cdd38c261e8dd3f8f63d58907096edee9eb458a0509ba09bfbb643cfd13d68f7054359aa33448b,gx-no-cache=1655479005490 HTTP/1.1" 200 30
200.83.117.48 - - [17/Jun/2022:12:30:08 -0300] "POST /cormun/servlet/solicitudotadjuntos?f0fa2df0ed62f3524c760ad0721ba812,INS,2022,18891,,1,,gx-no-cache=1655479005522 HTTP/1.1" 200 3869
200.83.117.48 - - [17/Jun/2022:12:30:11 -0300] "POST /cormun/servlet/solicitudotadjuntos?gx-no-cache=1655479008183 HTTP/1.1" 200 26
200.83.117.48 - - [17/Jun/2022:12:30:17 -0300] "GET /cormun/servlet/solicitudotadjuntos?21e2eefbbb6f2ae950cdd38c261e8dd3878be453402d8ed74e5ca25029a83ed2,gx-no-cache=1655479013971 HTTP/1.1" 200 30
200.83.117.48 - - [17/Jun/2022:12:30:17 -0300] "GET /cormun/servlet/solicitudotadjuntos?21e2eefbbb6f2ae950cdd38c261e8dd3878be453402d8ed74e5ca25029a83ed2,gx-no-cache=1655479014002 HTTP/1.1" 200 30
200.83.117.48 - - [17/Jun/2022:12:30:17 -0300] "POST /cormun/servlet/solicitudotadjuntos?f0fa2df0ed62f3524c760ad0721ba812,INS,2022,18891,,1, HTTP/1.1" 200 116
200.83.117.48 - - [17/Jun/2022:12:30:17 -0300] "GET /cormun/servlet/hpexe_return? HTTP/1.1" 200 1029
200.83.117.48 - - [17/Jun/2022:12:30:18 -0300] "GET /cormun/servlet/trsolicitudadjuntos?2022,18891, HTTP/1.1" 200 9941
200.83.117.48 - - [17/Jun/2022:12:30:18 -0300] "GET /cormun/servlet/trsolicitudadjuntos?2022,18891, HTTP/1.1" 200 9938
200.83.117.48 - - [17/Jun/2022:12:30:20 -0300] "GET /cormun/servlet/trsolicitudot? HTTP/1.1" 200 8613
200.83.117.48 - - [17/Jun/2022:12:30:21 -0300] "GET /cormun/servlet/trsolicitudot? HTTP/1.1" 200 8606
200.83.117.48 - - [17/Jun/2022:12:30:24 -0300] "POST /cormun/servlet/trsolicitudot?f0fa2df0ed62f3524c760ad0721ba812,,gx-no-cache=1655479020743 HTTP/1.1" 200 4595
200.83.117.48 - - [17/Jun/2022:12:30:24 -0300] "GET /cormun/static/Shared/jqueryui/images/ui-bg_highlight-soft_100_c6c2c8_1x100.png HTTP/1.1" 404 1117
200.83.117.48 - - [17/Jun/2022:12:30:24 -0300] "POST /cormun/servlet/trsolicitudot?f0fa2df0ed62f3524c760ad0721ba812,,gx-no-cache=1655479021180 HTTP/1.1" 200 4342
200.83.117.48 - - [17/Jun/2022:12:30:24 -0300] "GET /cormun/static/Shared/jqueryui/images/ui-icons_8d78a5_256x240.png HTTP/1.1" 404 1089
200.83.117.48 - - [17/Jun/2022:12:30:24 -0300] "GET /cormun/static/Shared/jqueryui/images/ui-bg_flat_55_fafafa_40x100.png HTTP/1.1" 404 1097
200.83.117.48 - - [17/Jun/2022:12:30:24 -0300] "GET /cormun/static/Shared/jqueryui/images/ui-icons_82798d_256x240.png HTTP/1.1" 404 1089
200.83.117.48 - - [17/Jun/2022:12:30:26 -0300] "GET /cormun/servlet/trsolicitudot? HTTP/1.1" 200 7186
200.83.117.48 - - [17/Jun/2022:12:30:27 -0300] "GET /cormun/servlet/trsolicitudot? HTTP/1.1" 200 7186
200.83.117.48 - - [17/Jun/2022:12:30:28 -0300] "GET /cormun/servlet/hlogin HTTP/1.1" 200 1748
190.171.149.82 - - [17/Jun/2022:12:30:28 -0300] "POST /cormun/servlet/hlogin?7936e5c9df6cec29f48c4aab52497af1,gx-no-cache=1655479026795 HTTP/1.1" 200 447
200.83.117.48 - - [17/Jun/2022:12:30:37 -0300] "POST /cormun/servlet/hlogin?f0fa2df0ed62f3524c760ad0721ba812,gx-no-cache=1655479034026 HTTP/1.1" 200 90
200.83.117.48 - - [17/Jun/2022:12:30:37 -0300] "GET /cormun/servlet/hpexe_link HTTP/1.1" 200 954
200.83.117.48 - - [17/Jun/2022:12:30:37 -0300] "GET /cormun/servlet/hhome HTTP/1.1" 200 4338
200.83.117.48 - - [17/Jun/2022:12:30:37 -0300] "GET /cormun/servlet/hhome HTTP/1.1" 200 4335
200.83.117.48 - - [17/Jun/2022:12:30:40 -0300] "GET /cormun/servlet/trautorizarsolicitud? HTTP/1.1" 200 8860
200.83.117.48 - - [17/Jun/2022:12:30:40 -0300] "GET /cormun/servlet/trautorizarsolicitud? HTTP/1.1" 200 8858
190.171.149.82 - - [17/Jun/2022:12:30:44 -0300] "POST /cormun/servlet/hlogin?7936e5c9df6cec29f48c4aab52497af1,gx-no-cache=1655479041986 HTTP/1.1" 200 447
200.83.117.48 - - [17/Jun/2022:12:30:46 -0300] "POST /cormun/servlet/trautorizarsolicitud?f0fa2df0ed62f3524c760ad0721ba812,,gx-no-cache=1655479042606 HTTP/1.1" 200 4788
200.83.117.48 - - [17/Jun/2022:12:30:46 -0300] "GET /cormun/static/Shared/jqueryui/images/ui-bg_highlight-soft_100_c6c2c8_1x100.png HTTP/1.1" 404 1117
200.83.117.48 - - [17/Jun/2022:12:30:46 -0300] "GET /cormun/static/Shared/jqueryui/images/ui-bg_flat_55_fafafa_40x100.png HTTP/1.1" 404 1097
200.83.117.48 - - [17/Jun/2022:12:30:46 -0300] "GET /cormun/static/Shared/jqueryui/images/ui-icons_8d78a5_256x240.png HTTP/1.1" 404 1089
200.83.117.48 - - [17/Jun/2022:12:30:46 -0300] "GET /cormun/static/Shared/jqueryui/images/ui-icons_82798d_256x240.png HTTP/1.1" 404 1089
200.83.117.48 - - [17/Jun/2022:12:30:46 -0300] "POST /cormun/servlet/trautorizarsolicitud?f0fa2df0ed62f3524c760ad0721ba812,,gx-no-cache=1655479042854 HTTP/1.1" 200 4531
200.83.117.48 - - [17/Jun/2022:12:30:50 -0300] "GET /cormun/servlet/trlicencias? HTTP/1.1" 200 18707
200.83.117.48 - - [17/Jun/2022:12:30:50 -0300] "GET /cormun/servlet/trlicencias? HTTP/1.1" 200 18706
190.171.149.82 - - [17/Jun/2022:12:30:58 -0300] "POST /cormun/servlet/hlogin?7936e5c9df6cec29f48c4aab52497af1,gx-no-cache=1655479056073 HTTP/1.1" 200 447
190.171.149.82 - - [17/Jun/2022:12:31:36 -0300] "POST /cormun/servlet/hlogin?7936e5c9df6cec29f48c4aab52497af1,gx-no-cache=1655479094001 HTTP/1.1" 200 447
190.171.149.82 - - [17/Jun/2022:12:31:45 -0300] "POST /cormun/servlet/hlogin?7936e5c9df6cec29f48c4aab52497af1,gx-no-cache=1655479102961 HTTP/1.1" 200 447
190.171.149.82 - - [17/Jun/2022:12:31:59 -0300] "POST /cormun/servlet/hlogin?7936e5c9df6cec29f48c4aab52497af1,gx-no-cache=1655479117233 HTTP/1.1" 200 448
190.171.149.82 - - [17/Jun/2022:12:32:03 -0300] "POST /cormun/servlet/hlogin?7936e5c9df6cec29f48c4aab52497af1,gx-no-cache=1655479121809 HTTP/1.1" 200 448
190.171.149.82 - - [17/Jun/2022:12:33:14 -0300] "GET /cormun/servlet/hlogin HTTP/1.1" 200 1732
190.171.149.82 - - [17/Jun/2022:12:33:25 -0300] "POST /cormun/servlet/hlogin?7936e5c9df6cec29f48c4aab52497af1,gx-no-cache=1655479203428 HTTP/1.1" 200 429
190.171.149.82 - - [17/Jun/2022:12:33:29 -0300] "POST /cormun/servlet/hlogin?7936e5c9df6cec29f48c4aab52497af1,gx-no-cache=1655479207841 HTTP/1.1" 200 429
190.171.149.82 - - [17/Jun/2022:12:33:34 -0300] "POST /cormun/servlet/hlogin?7936e5c9df6cec29f48c4aab52497af1,gx-no-cache=1655479212761 HTTP/1.1" 200 429
190.171.149.82 - - [17/Jun/2022:12:33:44 -0300] "POST /cormun/servlet/hlogin?7936e5c9df6cec29f48c4aab52497af1,gx-no-cache=1655479222513 HTTP/1.1" 200 429
185.7.214.104 - - [17/Jun/2022:12:36:37 -0300] "GET /console/ HTTP/1.1" 404 977
190.171.149.74 - - [17/Jun/2022:12:41:44 -0300] "POST /cormun/servlet/trlicencias?1434dd487da72e8577146824b1628308,,gx-no-cache=1655479701723 HTTP/1.1" 440 972
190.171.149.74 - - [17/Jun/2022:12:41:45 -0300] "GET /cormun/servlet/trlicencias? HTTP/1.1" 200 7230
190.171.149.74 - - [17/Jun/2022:12:41:46 -0300] "GET /cormun/servlet/hlogin HTTP/1.1" 200 1745
190.171.149.74 - - [17/Jun/2022:12:41:46 -0300] "GET /cormun/servlet/trlicencias? HTTP/1.1" 200 7230
190.171.149.74 - - [17/Jun/2022:12:41:46 -0300] "GET /cormun/servlet/trlicencias? HTTP/1.1" 200 7230
190.171.149.74 - - [17/Jun/2022:12:41:52 -0300] "POST /cormun/servlet/hlogin?867e57ba38784c50e4db479a06ed6820,gx-no-cache=1655479709919 HTTP/1.1" 200 90
190.171.149.74 - - [17/Jun/2022:12:41:52 -0300] "GET /cormun/servlet/hpexe_link HTTP/1.1" 200 959
190.171.149.74 - - [17/Jun/2022:12:41:52 -0300] "GET /cormun/servlet/trlicencias HTTP/1.1" 200 13383
190.171.149.74 - - [17/Jun/2022:12:41:53 -0300] "GET /cormun/servlet/trlicencias HTTP/1.1" 200 13381
200.83.224.3 - - [17/Jun/2022:12:42:07 -0300] "GET /cormun/servlet/hlogin HTTP/1.1" 200 1726
200.83.224.3 - - [17/Jun/2022:12:42:08 -0300] "GET /cormun/servlet/hlogin HTTP/1.1" 200 1736
200.83.224.3 - - [17/Jun/2022:12:42:16 -0300] "POST /cormun/servlet/hlogin?f6a50e82228913c9a7f67cf8a99d1df2,gx-no-cache=1655479733921 HTTP/1.1" 200 90
200.83.224.3 - - [17/Jun/2022:12:42:16 -0300] "GET /cormun/servlet/hpexe_link HTTP/1.1" 200 952
200.83.224.3 - - [17/Jun/2022:12:42:16 -0300] "GET /cormun/servlet/hhome HTTP/1.1" 200 4314
200.83.224.3 - - [17/Jun/2022:12:42:17 -0300] "GET /cormun/servlet/hhome HTTP/1.1" 200 4310
200.83.224.3 - - [17/Jun/2022:12:42:20 -0300] "GET /cormun/servlet/trlicencias? HTTP/1.1" 200 12025
200.83.224.3 - - [17/Jun/2022:12:42:21 -0300] "GET /cormun/servlet/trlicencias? HTTP/1.1" 200 12023
190.171.142.50 - - [17/Jun/2022:12:42:58 -0300] "GET /cormun/servlet/hlogin HTTP/1.1" 200 1730
190.171.142.50 - - [17/Jun/2022:12:42:58 -0300] "GET /cormun/servlet/hlogin HTTP/1.1" 200 1740
190.171.142.50 - - [17/Jun/2022:12:43:04 -0300] "POST /cormun/servlet/hlogin?01733e18017548f1707f1d875e0974bb,gx-no-cache=1655482094109 HTTP/1.1" 200 90
190.171.142.50 - - [17/Jun/2022:12:43:04 -0300] "GET /cormun/servlet/hpexe_link HTTP/1.1" 200 955
190.171.142.50 - - [17/Jun/2022:12:43:04 -0300] "GET /cormun/servlet/hhome HTTP/1.1" 200 3948
190.171.142.50 - - [17/Jun/2022:12:43:04 -0300] "GET /cormun/servlet/hhome HTTP/1.1" 200 3944
190.171.142.50 - - [17/Jun/2022:12:43:07 -0300] "GET /cormun/servlet/trpermisosgoce? HTTP/1.1" 200 11841
190.171.142.50 - - [17/Jun/2022:12:43:07 -0300] "GET /cormun/servlet/trpermisosgoce? HTTP/1.1" 200 11839
190.171.142.50 - - [17/Jun/2022:12:43:11 -0300] "GET /cormun/servlet/trpermisosadjuntos?8161957,20220616160530,P, HTTP/1.1" 200 6270
190.171.142.50 - - [17/Jun/2022:12:43:11 -0300] "GET /cormun/servlet/trpermisosadjuntos?8161957,20220616160530,P, HTTP/1.1" 200 6271
190.171.142.50 - - [17/Jun/2022:12:43:12 -0300] "GET /cormun/servlet/permisosadjuntos?INS,8161957,P,20220616160530,, HTTP/1.1" 200 5592
190.171.142.50 - - [17/Jun/2022:12:43:13 -0300] "GET /cormun/static/about:blank HTTP/1.1" 404 1011
190.171.142.50 - - [17/Jun/2022:12:43:13 -0300] "GET /cormun/servlet/permisosadjuntos?INS,8161957,P,20220616160530,, HTTP/1.1" 200 5582
190.171.144.234 - - [17/Jun/2022:12:43:14 -0300] "GET /cormun/servlet/hlogin HTTP/1.1" 200 1731
190.171.144.234 - - [17/Jun/2022:12:43:20 -0300] "POST /cormun/servlet/hlogin?2dff60aeca487211bab2354f1f3c27e7,gx-no-cache=1655479796512 HTTP/1.1" 200 90
190.171.144.234 - - [17/Jun/2022:12:43:20 -0300] "GET /cormun/servlet/hpexe_link HTTP/1.1" 200 959
190.171.144.234 - - [17/Jun/2022:12:43:20 -0300] "GET /cormun/servlet/hhome HTTP/1.1" 200 3996
190.171.144.234 - - [17/Jun/2022:12:43:21 -0300] "GET /cormun/servlet/hhome HTTP/1.1" 200 3992
190.171.144.234 - - [17/Jun/2022:12:43:23 -0300] "GET /cormun/servlet/trpermisosgoce? HTTP/1.1" 200 12353
190.171.142.50 - - [17/Jun/2022:12:43:23 -0300] "POST /cormun/servlet/permisosadjuntos?01733e18017548f1707f1d875e0974bb,INS,8161957,P,20220616160530,, HTTP/1.1" 200 116
190.171.142.50 - - [17/Jun/2022:12:43:23 -0300] "GET /cormun/servlet/hpexe_return? HTTP/1.1" 200 1039
190.171.142.50 - - [17/Jun/2022:12:43:23 -0300] "GET /cormun/servlet/trpermisosadjuntos?8161957,20220616160530,P, HTTP/1.1" 200 6752
190.171.144.234 - - [17/Jun/2022:12:43:23 -0300] "GET /cormun/servlet/trpermisosgoce? HTTP/1.1" 200 12351
190.171.142.50 - - [17/Jun/2022:12:43:23 -0300] "GET /cormun/servlet/trpermisosadjuntos?8161957,20220616160530,P, HTTP/1.1" 200 6748
190.171.142.50 - - [17/Jun/2022:12:43:26 -0300] "POST /cormun/servlet/trpermisosadjuntos?01733e18017548f1707f1d875e0974bb,8161957,20220616160530,P,,gx-no-cache=1655482115817 HTTP/1.1" 200 90
190.171.142.50 - - [17/Jun/2022:12:43:26 -0300] "GET /cormun/servlet/hpexe_link HTTP/1.1" 200 986
190.171.142.50 - - [17/Jun/2022:12:43:26 -0300] "GET /cormun/servlet/trpermisosgoce HTTP/1.1" 200 11840
190.171.142.50 - - [17/Jun/2022:12:43:26 -0300] "GET /cormun/servlet/trpermisosgoce HTTP/1.1" 200 11839
190.171.144.234 - - [17/Jun/2022:12:43:27 -0300] "GET /cormun/servlet/trpermisosadjuntos?9869447,20220616175945,P, HTTP/1.1" 200 6320
190.171.144.234 - - [17/Jun/2022:12:43:28 -0300] "GET /cormun/servlet/trpermisosadjuntos?9869447,20220616175945,P, HTTP/1.1" 200 6320
190.171.144.234 - - [17/Jun/2022:12:43:29 -0300] "GET /cormun/servlet/permisosadjuntos?INS,9869447,P,20220616175945,, HTTP/1.1" 200 5639
190.171.144.234 - - [17/Jun/2022:12:43:30 -0300] "GET /cormun/static/about:blank HTTP/1.1" 404 1011
190.171.144.234 - - [17/Jun/2022:12:43:30 -0300] "GET /cormun/servlet/permisosadjuntos?INS,9869447,P,20220616175945,, HTTP/1.1" 200 5629
190.171.142.50 - - [17/Jun/2022:12:43:30 -0300] "GET /cormun/servlet/trpermisosadjuntos?17724338,20220616114339,P, HTTP/1.1" 200 6273
190.171.142.50 - - [17/Jun/2022:12:43:30 -0300] "GET /cormun/servlet/trpermisosadjuntos?17724338,20220616114339,P, HTTP/1.1" 200 6273
190.171.142.50 - - [17/Jun/2022:12:43:32 -0300] "GET /cormun/servlet/permisosadjuntos?INS,17724338,P,20220616114339,, HTTP/1.1" 200 5597
190.171.142.50 - - [17/Jun/2022:12:43:32 -0300] "GET /cormun/static/about:blank HTTP/1.1" 404 1011
190.171.142.50 - - [17/Jun/2022:12:43:32 -0300] "GET /cormun/servlet/permisosadjuntos?INS,17724338,P,20220616114339,, HTTP/1.1" 200 5588
190.171.144.234 - - [17/Jun/2022:12:43:37 -0300] "POST /cormun/servlet/permisosadjuntos?2dff60aeca487211bab2354f1f3c27e7,INS,9869447,P,20220616175945,, HTTP/1.1" 200 116
190.171.144.234 - - [17/Jun/2022:12:43:37 -0300] "GET /cormun/servlet/hpexe_return? HTTP/1.1" 200 1042
190.171.144.234 - - [17/Jun/2022:12:43:37 -0300] "GET /cormun/servlet/trpermisosadjuntos?9869447,20220616175945,P, HTTP/1.1" 200 6797
190.171.144.234 - - [17/Jun/2022:12:43:37 -0300] "GET /cormun/servlet/trpermisosadjuntos?9869447,20220616175945,P, HTTP/1.1" 200 6795
190.171.144.234 - - [17/Jun/2022:12:43:38 -0300] "POST /cormun/servlet/trpermisosadjuntos?2dff60aeca487211bab2354f1f3c27e7,9869447,20220616175945,P,,gx-no-cache=1655479814592 HTTP/1.1" 200 90
190.171.144.234 - - [17/Jun/2022:12:43:38 -0300] "GET /cormun/servlet/hpexe_link HTTP/1.1" 200 989
190.171.144.234 - - [17/Jun/2022:12:43:38 -0300] "GET /cormun/servlet/trpermisosgoce HTTP/1.1" 200 12352
190.171.144.234 - - [17/Jun/2022:12:43:39 -0300] "GET /cormun/servlet/trpermisosgoce HTTP/1.1" 200 12351
190.171.142.50 - - [17/Jun/2022:12:43:40 -0300] "POST /cormun/servlet/permisosadjuntos?01733e18017548f1707f1d875e0974bb,INS,17724338,P,20220616114339,, HTTP/1.1" 200 116
190.171.142.50 - - [17/Jun/2022:12:43:40 -0300] "GET /cormun/servlet/hpexe_return? HTTP/1.1" 200 1041
190.171.142.50 - - [17/Jun/2022:12:43:40 -0300] "GET /cormun/servlet/trpermisosadjuntos?17724338,20220616114339,P, HTTP/1.1" 200 6751
190.171.142.50 - - [17/Jun/2022:12:43:40 -0300] "GET /cormun/servlet/trpermisosadjuntos?17724338,20220616114339,P, HTTP/1.1" 200 6747
190.171.144.234 - - [17/Jun/2022:12:43:43 -0300] "POST /cormun/servlet/trpermisosgoce?2dff60aeca487211bab2354f1f3c27e7,gx-no-cache=1655479818595 HTTP/1.1" 200 9566
190.171.144.234 - - [17/Jun/2022:12:43:43 -0300] "GET /cormun/static/Shared/jqueryui/images/ui-bg_highlight-soft_100_c6c2c8_1x100.png HTTP/1.1" 404 1117
