190.171.149.90 - - [01/Jun/2022:11:57:18 -0300] "GET /cormun/static/Shared/jqueryui/images/ui-bg_flat_55_994d53_40x100.png HTTP/1.1" 404 1097
190.171.149.90 - - [01/Jun/2022:11:57:18 -0300] "GET /cormun/static/Shared/jqueryui/images/ui-icons_82798d_256x240.png HTTP/1.1" 404 1089
190.171.149.90 - - [01/Jun/2022:11:57:18 -0300] "GET /cormun/static/Shared/jqueryui/images/ui-icons_ebccce_256x240.png HTTP/1.1" 404 1089
190.171.149.90 - - [01/Jun/2022:11:57:27 -0300] "POST /cormun/servlet/solicitudot?gx-no-cache=1654094649111 HTTP/1.1" 200 3850
190.171.149.90 - - [01/Jun/2022:11:57:27 -0300] "POST /cormun/servlet/solicitudot?029a2fffa5909cd6378691bd4db91c5e,INS,0,0,false,,gx-no-cache=1654094649249 HTTP/1.1" 200 12449
190.171.149.90 - - [01/Jun/2022:11:57:27 -0300] "GET /cormun/servlet/solicitudot?a169fa6d25aa244e2e0a84c955fdaeb22a81f5291afc16dfa6ea680c473367ebcec14c0e20832884f128268518b9ade9,gx-no-cache=1654094649438 HTTP/1.1" 200 111
190.171.149.90 - - [01/Jun/2022:11:57:34 -0300] "POST /cormun/servlet/solicitudot?gx-no-cache=1654094656492 HTTP/1.1" 200 3977
190.171.149.90 - - [01/Jun/2022:11:57:34 -0300] "POST /cormun/servlet/solicitudot?029a2fffa5909cd6378691bd4db91c5e,INS,0,0,false,,gx-no-cache=1654094656644 HTTP/1.1" 200 12641
190.171.149.90 - - [01/Jun/2022:11:57:38 -0300] "GET /cormun/servlet/solicitudot?a169fa6d25aa244e2e0a84c955fdaeb2efa4d43476435772bb70cd8b7dada322d60247f79ebf125f29d31035d2f0dd19,gx-no-cache=1654094661033 HTTP/1.1" 200 30
190.171.149.90 - - [01/Jun/2022:11:57:45 -0300] "GET /cormun/servlet/solicitudot?a169fa6d25aa244e2e0a84c955fdaeb20c99bdbab54d769b91c2194d9ae375444bfe832758c3eef96e995b20833b9d708ce02c6916e318012cc365706850141d,gx-no-cache=1654094667927 HTTP/1.1" 200 30
190.171.149.90 - - [01/Jun/2022:11:57:45 -0300] "GET /cormun/servlet/solicitudot?a169fa6d25aa244e2e0a84c955fdaeb2ee73fb92c935ec58cf1d03ace33414da,gx-no-cache=1654094667956 HTTP/1.1" 200 51
190.171.149.90 - - [01/Jun/2022:11:57:45 -0300] "POST /cormun/servlet/solicitudot?gx-no-cache=1654094667997 HTTP/1.1" 200 255
190.171.149.90 - - [01/Jun/2022:11:57:45 -0300] "GET /cormun/servlet/solicitudot?a169fa6d25aa244e2e0a84c955fdaeb2dd75f2f0d8ae521bc904a5832f9b0863caede48d360372663b5dc8b07e46f33ce41735256137a2d7dc3bef433376dafddffba8494e13d488e217eb1e650a81bda331611fc88106566bf093226523ebeac6d04d7d9d5165f13744204ca80596d1e4ad4bfcc685bfd37482dda671965caf89311014c97708325782e56d9a4176ace92a6634cbc7a7d3c34a12c7f598accc19f61317cee1df400be60f1f373f95359b11bb205041ee3d17d3ebbd23fbd96fccc37f34a61dbce4da1e836ba6d00e25895c4f8408c3fbee176f03d880faa9f5c339f53c23bc402a2311e7aec1d1cd81e39d169b898073cea9507a77c4e32d07e005cb383f397da869d5806c4ae3efa040ffe2a1bec94fa73b66779b6b84cbdb29aceabc848959e99de5b45af741b04709487e60d465259e838d17dc222ca15d312589da5d9f73686978f9d8cc20fe60a772b34904a138a582688a203c339e427c47d03f8595c09c11501257d4bd2b6ab6a62501561e5679c53fd26409649be7,gx-no-cache=1654094668050 HTTP/1.1" 200 30
190.171.149.90 - - [01/Jun/2022:11:57:48 -0300] "POST /cormun/servlet/solicitudot?gx-no-cache=1654094671034 HTTP/1.1" 200 30
190.171.149.90 - - [01/Jun/2022:11:57:50 -0300] "GET /cormun/servlet/prcontratosol?13295278,,,,,MD,,gxPopupLevel%3D0%3B HTTP/1.1" 200 7768
190.171.149.90 - - [01/Jun/2022:11:57:52 -0300] "POST /cormun/servlet/solicitudot?gx-no-cache=1654094674757 HTTP/1.1" 200 1536
190.171.149.90 - - [01/Jun/2022:11:57:52 -0300] "POST /cormun/servlet/solicitudot?gx-no-cache=1654094674827 HTTP/1.1" 200 117
190.171.149.90 - - [01/Jun/2022:11:57:52 -0300] "GET /cormun/servlet/solicitudot?a169fa6d25aa244e2e0a84c955fdaeb2a1525d7d78cca2dd82328a88c07b29f982b966721a27edf1373e396402b1d4fc97d47be3773560f61fbf9db0736e726f8a3d169f936f268ef83d76f55169407ae0f296efac173e496ebb9012234ac9b5b94e7aec65c6c89adb83fa89cdb137ce,gx-no-cache=1654094674858 HTTP/1.1" 200 110
190.171.149.90 - - [01/Jun/2022:11:57:52 -0300] "POST /cormun/servlet/solicitudot?gx-no-cache=1654094674940 HTTP/1.1" 200 64
190.171.149.90 - - [01/Jun/2022:11:57:52 -0300] "GET /cormun/servlet/solicitudot?a169fa6d25aa244e2e0a84c955fdaeb247862dc7519360b41a2ffc97d884a1f69af70ed375621080efa6260348c8f2bc917b67e03cf64a3a52c4686bdd83b4029756ac84cfff71e2c839f00b2a0ca20a3dab8da6489d595c33d09591eb46c555540899fe7fd5ccb7b429139ddad8d5a5caf5c410a163c18d5a7a19f117d021a5f43e7d048a68b50eb670fb491045040e2b94e1eee5f085502f82c48ae954d30f,gx-no-cache=1654094674982 HTTP/1.1" 200 29
190.171.149.90 - - [01/Jun/2022:11:57:52 -0300] "GET /cormun/servlet/solicitudot?a169fa6d25aa244e2e0a84c955fdaeb2483d7bb389d4bb1c4a380ab93dd4ffd74275644328cc1f0188d6fa98eabe914a,gx-no-cache=1654094675007 HTTP/1.1" 200 134
190.171.149.90 - - [01/Jun/2022:11:57:57 -0300] "GET /cormun/servlet/prfichaempleado?,MD,,gxPopupLevel%3D0%3B HTTP/1.1" 200 9244
190.171.149.90 - - [01/Jun/2022:11:58:04 -0300] "POST /cormun/servlet/prfichaempleado?029a2fffa5909cd6378691bd4db91c5e,,MD,,gxPopupLevel%3D0%3B,gx-no-cache=1654094686662 HTTP/1.1" 200 6229
190.171.149.90 - - [01/Jun/2022:11:58:21 -0300] "POST /cormun/servlet/solicitudot?gx-no-cache=1654094703244 HTTP/1.1" 200 1454
190.171.149.90 - - [01/Jun/2022:11:58:21 -0300] "GET /cormun/static/menuarrow.gif HTTP/1.1" 404 1015
190.171.149.90 - - [01/Jun/2022:11:58:27 -0300] "POST /cormun/servlet/solicitudot?gx-no-cache=1654094709857 HTTP/1.1" 200 41
190.171.149.90 - - [01/Jun/2022:11:58:27 -0300] "GET /cormun/servlet/solicitudot?a169fa6d25aa244e2e0a84c955fdaeb2a1525d7d78cca2dd82328a88c07b29f982b966721a27edf1373e396402b1d4fc97d47be3773560f61fbf9db0736e726f8a3d169f936f268ef83d76f55169407ae0f296efac173e496ebb9012234ac9b5b94e7aec65c6c89adb83fa89cdb137ce,gx-no-cache=1654094709890 HTTP/1.1" 200 110
190.171.149.90 - - [01/Jun/2022:11:58:27 -0300] "POST /cormun/servlet/solicitudot?gx-no-cache=1654094709921 HTTP/1.1" 200 97
190.171.149.90 - - [01/Jun/2022:11:58:53 -0300] "GET /cormun/servlet/solicitudot?a169fa6d25aa244e2e0a84c955fdaeb2b495ede861781c45a41e0546a7bb0cfbc7f4183c2821274f9ae62f133dd96798,gx-no-cache=1654094735680 HTTP/1.1" 200 30
190.171.149.90 - - [01/Jun/2022:11:58:53 -0300] "POST /cormun/servlet/solicitudot?gx-no-cache=1654094735731 HTTP/1.1" 200 107
190.171.149.90 - - [01/Jun/2022:11:59:14 -0300] "POST /cormun/servlet/solicitudot?gx-no-cache=1654094756312 HTTP/1.1" 200 135
186.103.157.42 - - [01/Jun/2022:11:59:42 -0300] "GET /cormun/servlet/trcontratounov2? HTTP/1.1" 200 5927
186.103.157.42 - - [01/Jun/2022:11:59:43 -0300] "GET /cormun/static/gxcfg.js?2020121614367 HTTP/1.1" 200 953
186.103.157.42 - - [01/Jun/2022:11:59:43 -0300] "GET /cormun/static/Resources/PXToolsAddSelectedAction.png HTTP/1.1" 200 523
186.103.157.42 - - [01/Jun/2022:11:59:43 -0300] "GET /cormun/static/trcontratounov2.js?20201216143065 HTTP/1.1" 200 38486
190.171.149.90 - - [01/Jun/2022:11:59:43 -0300] "POST /cormun/servlet/solicitudot?gx-no-cache=1654094785317 HTTP/1.1" 200 146
186.103.157.42 - - [01/Jun/2022:11:59:43 -0300] "GET /cormun/servlet/hlogin HTTP/1.1" 200 1749
186.103.157.42 - - [01/Jun/2022:11:59:43 -0300] "GET /cormun/servlet/trcontratounov2? HTTP/1.1" 200 5924
186.103.157.42 - - [01/Jun/2022:11:59:57 -0300] "POST /cormun/servlet/hlogin?c9fc700ab0be62e4fb75678b5818860a,gx-no-cache=1654094799515 HTTP/1.1" 200 90
186.103.157.42 - - [01/Jun/2022:11:59:57 -0300] "GET /cormun/servlet/hpexe_link HTTP/1.1" 200 963
186.103.157.42 - - [01/Jun/2022:11:59:57 -0300] "GET /cormun/servlet/trcontratounov2 HTTP/1.1" 200 17912
186.103.157.42 - - [01/Jun/2022:11:59:58 -0300] "GET /cormun/servlet/trcontratounov2 HTTP/1.1" 200 17906
186.103.157.42 - - [01/Jun/2022:12:00:12 -0300] "GET /cormun/servlet/trvisualizadoreventos? HTTP/1.1" 200 7160
186.103.157.42 - - [01/Jun/2022:12:00:12 -0300] "GET /cormun/static/gxcfg.js?20199142243133 HTTP/1.1" 200 953
186.103.157.42 - - [01/Jun/2022:12:00:12 -0300] "GET /cormun/static/trvisualizadoreventos.js?201991422431650 HTTP/1.1" 200 19318
186.103.157.42 - - [01/Jun/2022:12:00:12 -0300] "GET /cormun/static/Resources/PXToolsActionPrint.png HTTP/1.1" 200 404
186.103.157.42 - - [01/Jun/2022:12:00:13 -0300] "GET /cormun/servlet/trvisualizadoreventos? HTTP/1.1" 200 7160
190.171.149.90 - - [01/Jun/2022:12:00:21 -0300] "POST /cormun/servlet/solicitudot?gx-no-cache=1654094823427 HTTP/1.1" 200 135
190.171.149.90 - - [01/Jun/2022:12:00:26 -0300] "POST /cormun/servlet/solicitudot?gx-no-cache=1654094828578 HTTP/1.1" 200 146
186.103.157.42 - - [01/Jun/2022:12:00:27 -0300] "GET /cormun/servlet/trcontratounov2? HTTP/1.1" 200 17911
186.103.157.42 - - [01/Jun/2022:12:00:28 -0300] "GET /cormun/servlet/trcontratounov2? HTTP/1.1" 200 17909
190.171.149.90 - - [01/Jun/2022:12:00:34 -0300] "POST /cormun/servlet/solicitudot?gx-no-cache=1654094837077 HTTP/1.1" 200 135
186.103.157.42 - - [01/Jun/2022:12:00:41 -0300] "GET /cormun/servlet/trsolicitudot? HTTP/1.1" 200 7603
186.103.157.42 - - [01/Jun/2022:12:00:41 -0300] "GET /cormun/servlet/trsolicitudot? HTTP/1.1" 200 7603
186.103.157.42 - - [01/Jun/2022:12:00:47 -0300] "GET /cormun/static/menuarrow.gif HTTP/1.1" 404 1015
190.171.149.90 - - [01/Jun/2022:12:01:02 -0300] "POST /cormun/servlet/solicitudot?gx-no-cache=1654094864526 HTTP/1.1" 200 135
186.103.157.42 - - [01/Jun/2022:12:01:35 -0300] "POST /cormun/servlet/trsolicitudot?c9fc700ab0be62e4fb75678b5818860a,,gx-no-cache=1654094897709 HTTP/1.1" 200 12125
190.171.149.90 - - [01/Jun/2022:12:01:41 -0300] "POST /cormun/servlet/solicitudot?gx-no-cache=1654094903408 HTTP/1.1" 200 146
190.171.149.90 - - [01/Jun/2022:12:04:47 -0300] "GET /cormun/servlet/trlicencias? HTTP/1.1" 200 10413
190.171.149.90 - - [01/Jun/2022:12:04:47 -0300] "GET /cormun/servlet/trlicencias? HTTP/1.1" 200 10407
190.171.149.90 - - [01/Jun/2022:12:05:00 -0300] "GET /cormun/servlet/trsolicitudot? HTTP/1.1" 200 7162
190.171.149.90 - - [01/Jun/2022:12:05:00 -0300] "GET /cormun/servlet/trsolicitudot? HTTP/1.1" 200 7163
190.171.149.90 - - [01/Jun/2022:12:05:03 -0300] "GET /cormun/servlet/solicitudot?INS,0,0,false, HTTP/1.1" 200 15683
190.171.149.90 - - [01/Jun/2022:12:05:03 -0300] "GET /cormun/servlet/solicitudot?INS,0,0,false, HTTP/1.1" 200 15690
190.171.149.90 - - [01/Jun/2022:12:05:30 -0300] "POST /cormun/servlet/solicitudot?gx-no-cache=1654095132861 HTTP/1.1" 200 3977
190.171.149.90 - - [01/Jun/2022:12:05:31 -0300] "POST /cormun/servlet/solicitudot?029a2fffa5909cd6378691bd4db91c5e,INS,0,0,false,,gx-no-cache=1654095133051 HTTP/1.1" 200 12534
190.171.149.90 - - [01/Jun/2022:12:05:33 -0300] "GET /cormun/servlet/solicitudot?a169fa6d25aa244e2e0a84c955fdaeb2efa4d43476435772bb70cd8b7dada322d60247f79ebf125f29d31035d2f0dd19,gx-no-cache=1654095136125 HTTP/1.1" 200 30
190.171.149.90 - - [01/Jun/2022:12:05:40 -0300] "GET /cormun/servlet/solicitudot?a169fa6d25aa244e2e0a84c955fdaeb20c99bdbab54d769b91c2194d9ae375444bfe832758c3eef96e995b20833b9d708ce02c6916e318012cc365706850141d,gx-no-cache=1654095142254 HTTP/1.1" 200 30
190.171.149.90 - - [01/Jun/2022:12:05:40 -0300] "GET /cormun/servlet/solicitudot?a169fa6d25aa244e2e0a84c955fdaeb2ee73fb92c935ec58cf1d03ace33414da,gx-no-cache=1654095142291 HTTP/1.1" 200 51
190.171.149.90 - - [01/Jun/2022:12:05:40 -0300] "POST /cormun/servlet/solicitudot?gx-no-cache=1654095142333 HTTP/1.1" 200 255
190.171.149.90 - - [01/Jun/2022:12:05:40 -0300] "GET /cormun/servlet/solicitudot?a169fa6d25aa244e2e0a84c955fdaeb2dd75f2f0d8ae521bc904a5832f9b0863caede48d360372663b5dc8b07e46f33ce41735256137a2d7dc3bef433376dafddffba8494e13d488e217eb1e650a81bda331611fc88106566bf093226523ebeac6d04d7d9d5165f13744204ca80596d1e4ad4bfcc685bfd37482dda671965caf89311014c97708325782e56d9a4176ace92a6634cbc7a7d3c34a12c7f598accc19f61317cee1df400be60f1f373f95359b11bb205041ee3d17d3ebbd23fbd96fccc37f34a61dbce4da1e836ba6d00e25895c4f8408c3fbee176f03d880faa9f5c339f53c23bc402a2311e7aec1d1cd81e39d169b898073cea9507a77c4e32d07e005cb383f397da869d5806c4ae3efa040ffe2a1bec94fa73b66779b6b84cbdb29aceabc848959e99de5b45af741b04709487e60d465259e838d17dc222ca15d312589da5d9f73686978f9d8cc20fe60a772b34904a138a582688a203c339e427c47d03f8595c09c11501257d4bd2b6ab6a62501561e5679c53fd26409649be7,gx-no-cache=1654095142375 HTTP/1.1" 200 30
190.171.149.90 - - [01/Jun/2022:12:05:43 -0300] "POST /cormun/servlet/solicitudot?gx-no-cache=1654095145213 HTTP/1.1" 200 30
190.171.149.90 - - [01/Jun/2022:12:05:45 -0300] "GET /cormun/servlet/prcontratosol?13295278,,,,,MD,,gxPopupLevel%3D0%3B HTTP/1.1" 200 7768
190.171.149.90 - - [01/Jun/2022:12:05:46 -0300] "POST /cormun/servlet/solicitudot?gx-no-cache=1654095149100 HTTP/1.1" 200 1536
190.171.149.90 - - [01/Jun/2022:12:05:47 -0300] "GET /cormun/static/Shared/jqueryui/images/ui-bg_highlight-soft_100_c6c2c8_1x100.png HTTP/1.1" 404 1117
190.171.149.90 - - [01/Jun/2022:12:05:47 -0300] "GET /cormun/static/Shared/jqueryui/images/ui-icons_82798d_256x240.png HTTP/1.1" 404 1089
190.171.149.90 - - [01/Jun/2022:12:05:47 -0300] "GET /cormun/static/Shared/jqueryui/images/ui-bg_flat_55_994d53_40x100.png HTTP/1.1" 404 1097
190.171.149.90 - - [01/Jun/2022:12:05:47 -0300] "GET /cormun/static/Shared/jqueryui/images/ui-icons_ebccce_256x240.png HTTP/1.1" 404 1089
190.171.149.90 - - [01/Jun/2022:12:05:47 -0300] "POST /cormun/servlet/solicitudot?gx-no-cache=1654095149155 HTTP/1.1" 200 117
190.171.149.90 - - [01/Jun/2022:12:05:47 -0300] "GET /cormun/servlet/solicitudot?a169fa6d25aa244e2e0a84c955fdaeb2a1525d7d78cca2dd82328a88c07b29f982b966721a27edf1373e396402b1d4fc97d47be3773560f61fbf9db0736e726f8a3d169f936f268ef83d76f55169407ae0f296efac173e496ebb9012234ac9b5b94e7aec65c6c89adb83fa89cdb137ce,gx-no-cache=1654095149189 HTTP/1.1" 200 110
190.171.149.90 - - [01/Jun/2022:12:05:47 -0300] "POST /cormun/servlet/solicitudot?gx-no-cache=1654095149219 HTTP/1.1" 200 64
190.171.149.90 - - [01/Jun/2022:12:05:47 -0300] "GET /cormun/servlet/solicitudot?a169fa6d25aa244e2e0a84c955fdaeb247862dc7519360b41a2ffc97d884a1f69af70ed375621080efa6260348c8f2bc15936ac3ca2bd861c3c62b302c8d6afb9756ac84cfff71e2c839f00b2a0ca20a3dab8da6489d595c33d09591eb46c555540899fe7fd5ccb7b429139ddad8d5a5caf5c410a163c18d5a7a19f117d021a5f43e7d048a68b50eb670fb491045040e2b94e1eee5f085502f82c48ae954d30f,gx-no-cache=1654095149261 HTTP/1.1" 200 29
190.171.149.90 - - [01/Jun/2022:12:05:47 -0300] "GET /cormun/servlet/solicitudot?a169fa6d25aa244e2e0a84c955fdaeb2483d7bb389d4bb1c4a380ab93dd4ffd74275644328cc1f0188d6fa98eabe914a,gx-no-cache=1654095149293 HTTP/1.1" 200 134
190.171.149.90 - - [01/Jun/2022:12:05:50 -0300] "GET /cormun/servlet/prfichaempleado?,MD,,gxPopupLevel%3D0%3B HTTP/1.1" 200 9244
190.171.149.90 - - [01/Jun/2022:12:05:59 -0300] "POST /cormun/servlet/prfichaempleado?029a2fffa5909cd6378691bd4db91c5e,,MD,,gxPopupLevel%3D0%3B,gx-no-cache=1654095161229 HTTP/1.1" 200 3467
190.171.149.90 - - [01/Jun/2022:12:06:05 -0300] "POST /cormun/servlet/solicitudot?gx-no-cache=1654095167939 HTTP/1.1" 200 1454
190.171.149.90 - - [01/Jun/2022:12:06:05 -0300] "GET /cormun/static/menuarrow.gif HTTP/1.1" 404 1015
190.171.149.90 - - [01/Jun/2022:12:06:11 -0300] "GET /cormun/servlet/prlicenciaspermisos?17134268,L,,MD,,gxPopupLevel%3D0%3B HTTP/1.1" 200 5768
190.171.149.90 - - [01/Jun/2022:12:06:11 -0300] "GET /cormun/static/gxcfg.js?2020121559567 HTTP/1.1" 200 953
190.171.149.90 - - [01/Jun/2022:12:06:11 -0300] "GET /cormun/static/prlicenciaspermisos.js?2020121559821 HTTP/1.1" 200 13379
190.171.149.90 - - [01/Jun/2022:12:06:19 -0300] "POST /cormun/servlet/solicitudot?gx-no-cache=1654095181831 HTTP/1.1" 200 41
190.171.149.90 - - [01/Jun/2022:12:06:19 -0300] "GET /cormun/servlet/solicitudot?a169fa6d25aa244e2e0a84c955fdaeb2a1525d7d78cca2dd82328a88c07b29f982b966721a27edf1373e396402b1d4fc97d47be3773560f61fbf9db0736e726f8a3d169f936f268ef83d76f55169407ae0f296efac173e496ebb9012234ac9b5b94e7aec65c6c89adb83fa89cdb137ce,gx-no-cache=1654095181873 HTTP/1.1" 200 110
190.171.149.90 - - [01/Jun/2022:12:06:19 -0300] "POST /cormun/servlet/solicitudot?gx-no-cache=1654095181911 HTTP/1.1" 200 97
190.171.149.90 - - [01/Jun/2022:12:06:41 -0300] "GET /cormun/servlet/solicitudot?a169fa6d25aa244e2e0a84c955fdaeb2b495ede861781c45a41e0546a7bb0cfbc7f4183c2821274f9ae62f133dd96798,gx-no-cache=1654095203536 HTTP/1.1" 200 30
190.171.149.90 - - [01/Jun/2022:12:06:45 -0300] "POST /cormun/servlet/solicitudot?gx-no-cache=1654095207546 HTTP/1.1" 200 107
190.171.149.90 - - [01/Jun/2022:12:06:57 -0300] "POST /cormun/servlet/solicitudot?gx-no-cache=1654095219280 HTTP/1.1" 200 135
190.171.149.90 - - [01/Jun/2022:12:07:15 -0300] "POST /cormun/servlet/solicitudot?gx-no-cache=1654095237998 HTTP/1.1" 200 135
190.171.149.90 - - [01/Jun/2022:12:07:21 -0300] "GET /cormun/servlet/prlicenciaspermisos?17134268,L,,MD,,gxPopupLevel%3D0%3B HTTP/1.1" 200 5768
200.54.103.162 - - [01/Jun/2022:12:07:22 -0300] "GET /cormun/servlet/hlogin HTTP/1.1" 200 1724
200.54.103.162 - - [01/Jun/2022:12:07:31 -0300] "POST /cormun/servlet/hlogin?50c4d1b747e0f940eaeaa1a263c1869c,gx-no-cache=1654095254891 HTTP/1.1" 200 90
200.54.103.162 - - [01/Jun/2022:12:07:31 -0300] "GET /cormun/servlet/hpexe_link HTTP/1.1" 200 951
200.54.103.162 - - [01/Jun/2022:12:07:31 -0300] "GET /cormun/servlet/hhome HTTP/1.1" 200 4339
190.171.149.90 - - [01/Jun/2022:12:07:32 -0300] "POST /cormun/servlet/solicitudot?gx-no-cache=1654095254915 HTTP/1.1" 200 41
190.171.149.90 - - [01/Jun/2022:12:07:32 -0300] "GET /cormun/servlet/solicitudot?a169fa6d25aa244e2e0a84c955fdaeb2a1525d7d78cca2dd82328a88c07b29f982b966721a27edf1373e396402b1d4fc97d47be3773560f61fbf9db0736e726f8a3d169f936f268ef83d76f55169407ae0f296efac173e496ebb9012234ac9b5b94e7aec65c6c89adb83fa89cdb137ce,gx-no-cache=1654095254954 HTTP/1.1" 200 110
200.54.103.162 - - [01/Jun/2022:12:07:32 -0300] "GET /cormun/servlet/hhome HTTP/1.1" 200 4335
190.171.149.90 - - [01/Jun/2022:12:07:35 -0300] "GET /cormun/servlet/solicitudot?a169fa6d25aa244e2e0a84c955fdaeb2a1525d7d78cca2dd82328a88c07b29f982b966721a27edf1373e396402b1d4fc97d47be3773560f61fbf9db0736e726f8a3d169f936f268ef83d76f55169407ae0f296efac173e496ebb9012234ac9b5b94e7aec65c6c89adb83fa89cdb137ce,gx-no-cache=1654095257154 HTTP/1.1" 200 110
190.171.149.90 - - [01/Jun/2022:12:07:40 -0300] "POST /cormun/servlet/solicitudot?gx-no-cache=1654095262847 HTTP/1.1" 200 146
200.54.103.162 - - [01/Jun/2022:12:07:41 -0300] "GET /cormun/servlet/trlicencias? HTTP/1.1" 200 12950
200.54.103.162 - - [01/Jun/2022:12:07:42 -0300] "GET /cormun/servlet/trlicencias? HTTP/1.1" 200 12941
200.54.103.162 - - [01/Jun/2022:12:07:45 -0300] "POST /cormun/servlet/trlicencias?50c4d1b747e0f940eaeaa1a263c1869c,,gx-no-cache=1654095268280 HTTP/1.1" 200 10576
190.171.149.90 - - [01/Jun/2022:12:07:48 -0300] "POST /cormun/servlet/solicitudot?gx-no-cache=1654095270114 HTTP/1.1" 200 135
190.171.149.90 - - [01/Jun/2022:12:07:54 -0300] "POST /cormun/servlet/solicitudot?gx-no-cache=1654095276330 HTTP/1.1" 200 135
190.171.149.90 - - [01/Jun/2022:12:07:59 -0300] "POST /cormun/servlet/solicitudot?gx-no-cache=1654095281685 HTTP/1.1" 200 135
190.171.149.90 - - [01/Jun/2022:12:08:12 -0300] "POST /cormun/servlet/solicitudot?029a2fffa5909cd6378691bd4db91c5e,INS,0,0,false,,gx-no-cache=1654095294840 HTTP/1.1" 200 12927
190.171.149.90 - - [01/Jun/2022:12:08:25 -0300] "GET /cormun/servlet/solicitudot?a169fa6d25aa244e2e0a84c955fdaeb2562ca0599e618524c106636e8733eb32c7f4183c2821274f9ae62f133dd96798,gx-no-cache=1654095307444 HTTP/1.1" 200 134
190.171.149.90 - - [01/Jun/2022:12:08:25 -0300] "POST /cormun/servlet/solicitudot?gx-no-cache=1654095307494 HTTP/1.1" 200 135
190.171.149.90 - - [01/Jun/2022:12:08:34 -0300] "GET /cormun/servlet/solicitudot?a169fa6d25aa244e2e0a84c955fdaeb2b495ede861781c45a41e0546a7bb0cfbc7f4183c2821274f9ae62f133dd96798,gx-no-cache=1654095316674 HTTP/1.1" 200 30
190.171.149.90 - - [01/Jun/2022:12:08:34 -0300] "POST /cormun/servlet/solicitudot?gx-no-cache=1654095316703 HTTP/1.1" 200 135
200.54.103.162 - - [01/Jun/2022:12:08:39 -0300] "GET /cormun/servlet/trsolicitudot? HTTP/1.1" 200 7555
200.54.103.162 - - [01/Jun/2022:12:08:40 -0300] "GET /cormun/servlet/trsolicitudot? HTTP/1.1" 200 7555
200.54.103.162 - - [01/Jun/2022:12:08:43 -0300] "GET /cormun/servlet/solicitudot?INS,0,0,false, HTTP/1.1" 200 16048
200.54.103.162 - - [01/Jun/2022:12:08:44 -0300] "GET /cormun/servlet/solicitudot?INS,0,0,false, HTTP/1.1" 200 16056
190.171.149.90 - - [01/Jun/2022:12:08:44 -0300] "POST /cormun/servlet/solicitudot?gx-no-cache=1654095327048 HTTP/1.1" 200 145
200.54.103.162 - - [01/Jun/2022:12:08:49 -0300] "POST /cormun/servlet/solicitudot?gx-no-cache=1654095333010 HTTP/1.1" 200 3959
190.171.149.90 - - [01/Jun/2022:12:08:50 -0300] "POST /cormun/servlet/solicitudot?gx-no-cache=1654095332178 HTTP/1.1" 200 145
200.54.103.162 - - [01/Jun/2022:12:08:50 -0300] "POST /cormun/servlet/solicitudot?50c4d1b747e0f940eaeaa1a263c1869c,INS,0,0,false,,gx-no-cache=1654095333261 HTTP/1.1" 200 12780
200.54.103.162 - - [01/Jun/2022:12:08:52 -0300] "GET /cormun/servlet/solicitudot?c5478a657fc6e7272d07070fe4ba329a5311fe62cedf77afa9b782c1a335d9b2e8c6c4651b416d413144124fb10824ea,gx-no-cache=1654095335971 HTTP/1.1" 200 30
200.54.103.162 - - [01/Jun/2022:12:08:52 -0300] "GET /cormun/servlet/solicitudot?c5478a657fc6e7272d07070fe4ba329a814995d1642b99538080ad447196067a4ac8a39e95ef1c356e18bb99797c0c49e8c6c4651b416d413144124fb10824ea,gx-no-cache=1654095336044 HTTP/1.1" 200 30
200.54.103.162 - - [01/Jun/2022:12:08:52 -0300] "GET /cormun/servlet/solicitudot?c5478a657fc6e7272d07070fe4ba329a824a774df2162a7022ec0e921b7a0aa8,gx-no-cache=1654095336077 HTTP/1.1" 200 53
200.54.103.162 - - [01/Jun/2022:12:08:52 -0300] "POST /cormun/servlet/solicitudot?gx-no-cache=1654095336119 HTTP/1.1" 200 297
200.54.103.162 - - [01/Jun/2022:12:08:52 -0300] "GET /cormun/servlet/solicitudot?c5478a657fc6e7272d07070fe4ba329a8fd62dcb70363e711dbe2ed35ae3a2fee335ddd5c81d83b981ca41b23defd1d0a8075bef67d5f56c924db7e09695182a03f07cf6b0daa09f08ee0b817198c8bd0b789483214c87b55c88f2bd92a13456cc7d95a8c0ca17b1ccd8c12eb23fbdb30a9115fd2396a7dcf97f77546a4026c20b04e77d8dff4ecbf8a3b22850398bf0d0ecd45ae5c59399bf415ae027700089e21bf0841b26542e2534d7753fa366ff413e146204974edb7c8b5d4300b30769318d4ed1c266a332e6eea6eafd374f6c604f4e7679a2a1bfa6521f27e1bac9559f8305b3c063aa513f4f9605aac1e4d3141c67dbeee211ef4affacf2ffca1ca60d098c5addb38ae13a855377a49f7680964216e302cc279b40ce79a23aba181fa607a554efe0f5c2a3a85316481b2f5384d29a174f1bdc31e11b4f5f0fa28889871f5ac9e9da01c9c255591c66b07fc7af515e29219d9e16a227ac8ec764fcba5e74852f3a28e7ef2ea41cd0c630c2a29eeb80b6981f355e5b849fb84e656c1e10916f17e1c901b136aeeefb7bc680fb,gx-no-cache=1654095336181 HTTP/1.1" 200 30
200.54.103.162 - - [01/Jun/2022:12:08:55 -0300] "POST /cormun/servlet/solicitudot?gx-no-cache=1654095338428 HTTP/1.1" 200 30
200.54.103.162 - - [01/Jun/2022:12:09:01 -0300] "GET /cormun/servlet/prlicenciaspermisos?9781383,L,,MD,,gxPopupLevel%3D0%3B HTTP/1.1" 200 6021
190.171.149.90 - - [01/Jun/2022:12:09:21 -0300] "GET /cormun/servlet/prlicenciaspermisos?17134268,L,,MD,,gxPopupLevel%3D0%3B HTTP/1.1" 200 5768
77.92.154.212 - - [01/Jun/2022:12:09:24 -0300] "CONNECT proxy.shoreline.cf:443 HTTP/1.1" 400 -
190.171.149.90 - - [01/Jun/2022:12:09:27 -0300] "POST /cormun/servlet/solicitudot?gx-no-cache=1654095370078 HTTP/1.1" 200 30
190.171.149.90 - - [01/Jun/2022:12:09:28 -0300] "POST /cormun/servlet/solicitudot?gx-no-cache=1654095370111 HTTP/1.1" 200 1454
190.171.149.90 - - [01/Jun/2022:12:09:32 -0300] "POST /cormun/servlet/solicitudot?gx-no-cache=1654095374895 HTTP/1.1" 200 40
190.171.149.90 - - [01/Jun/2022:12:09:32 -0300] "GET /cormun/servlet/solicitudot?a169fa6d25aa244e2e0a84c955fdaeb2a1525d7d78cca2dd82328a88c07b29f982b966721a27edf1373e396402b1d4fc97d47be3773560f61fbf9db0736e726f8a3d169f936f268ef83d76f55169407ae0f296efac173e496ebb9012234ac9b5b94e7aec65c6c89adb83fa89cdb137ce,gx-no-cache=1654095374936 HTTP/1.1" 200 110
190.171.149.90 - - [01/Jun/2022:12:09:32 -0300] "POST /cormun/servlet/solicitudot?gx-no-cache=1654095374974 HTTP/1.1" 200 97
190.171.149.90 - - [01/Jun/2022:12:09:34 -0300] "GET /cormun/servlet/solicitudot?a169fa6d25aa244e2e0a84c955fdaeb2a1525d7d78cca2dd82328a88c07b29f982b966721a27edf1373e396402b1d4fc97d47be3773560f61fbf9db0736e726f8a3d169f936f268ef83d76f55169407ae0f296efac173e496ebb9012234ac9b5b94e7aec65c6c89adb83fa89cdb137ce,gx-no-cache=1654095376597 HTTP/1.1" 200 110
190.171.149.90 - - [01/Jun/2022:12:09:39 -0300] "POST /cormun/servlet/solicitudot?gx-no-cache=1654095381784 HTTP/1.1" 200 135
200.54.103.162 - - [01/Jun/2022:12:09:46 -0300] "POST /cormun/servlet/solicitudot?gx-no-cache=1654095389305 HTTP/1.1" 200 1455
200.54.103.162 - - [01/Jun/2022:12:09:48 -0300] "GET /cormun/servlet/hlogin HTTP/1.1" 200 1750
120.85.93.36 - - [01/Jun/2022:12:10:07 -0300] "POST /GponForm/diag_Form?images/ HTTP/1.1" 404 997
190.171.149.90 - - [01/Jun/2022:12:10:12 -0300] "POST /cormun/servlet/solicitudot?gx-no-cache=1654095414684 HTTP/1.1" 200 146
190.171.149.90 - - [01/Jun/2022:12:10:17 -0300] "POST /cormun/servlet/solicitudot?gx-no-cache=1654095419573 HTTP/1.1" 200 146
190.171.149.90 - - [01/Jun/2022:12:10:21 -0300] "POST /cormun/servlet/solicitudot?gx-no-cache=1654095423097 HTTP/1.1" 200 146
190.171.149.90 - - [01/Jun/2022:12:10:25 -0300] "POST /cormun/servlet/solicitudot?gx-no-cache=1654095427386 HTTP/1.1" 200 135
190.171.149.90 - - [01/Jun/2022:12:11:34 -0300] "GET /cormun/servlet/prlicenciaspermisos?17134268,L,,MD,,gxPopupLevel%3D0%3B HTTP/1.1" 200 5768
190.171.149.74 - - [01/Jun/2022:12:15:41 -0300] "POST /cormun/servlet/trlicencias?cee30afc5786b3e1c777103ef12af759,,gx-no-cache=1654095744261 HTTP/1.1" 440 972
190.171.149.74 - - [01/Jun/2022:12:15:42 -0300] "GET /cormun/servlet/trlicencias? HTTP/1.1" 200 6044
190.171.149.74 - - [01/Jun/2022:12:15:42 -0300] "GET /cormun/servlet/hlogin HTTP/1.1" 200 1743
190.171.149.74 - - [01/Jun/2022:12:15:43 -0300] "GET /cormun/servlet/trlicencias? HTTP/1.1" 200 6044
190.171.149.74 - - [01/Jun/2022:12:15:43 -0300] "GET /cormun/servlet/trlicencias? HTTP/1.1" 200 6044
190.171.149.74 - - [01/Jun/2022:12:15:54 -0300] "POST /cormun/servlet/hlogin?20579d0dc3b719e5266b0d420d572675,gx-no-cache=1654095756898 HTTP/1.1" 200 90
190.171.149.74 - - [01/Jun/2022:12:15:54 -0300] "GET /cormun/servlet/hpexe_link HTTP/1.1" 200 956
190.171.149.74 - - [01/Jun/2022:12:15:54 -0300] "GET /cormun/servlet/trlicencias HTTP/1.1" 200 12620
190.171.149.74 - - [01/Jun/2022:12:15:54 -0300] "GET /cormun/servlet/trlicencias HTTP/1.1" 200 12618
190.171.149.90 - - [01/Jun/2022:12:18:14 -0300] "POST /cormun/servlet/solicitudot?gx-no-cache=1654095896760 HTTP/1.1" 200 41
190.171.149.90 - - [01/Jun/2022:12:18:14 -0300] "GET /cormun/servlet/solicitudot?a169fa6d25aa244e2e0a84c955fdaeb2a1525d7d78cca2dd82328a88c07b29f982b966721a27edf1373e396402b1d4fc97d47be3773560f61fbf9db0736e726f8a3d169f936f268ef83d76f55169407ae0f296efac173e496ebb9012234ac9b5b94e7aec65c6c89adb83fa89cdb137ce,gx-no-cache=1654095896819 HTTP/1.1" 200 110
190.171.149.90 - - [01/Jun/2022:12:18:14 -0300] "POST /cormun/servlet/solicitudot?gx-no-cache=1654095896860 HTTP/1.1" 200 135
190.171.149.90 - - [01/Jun/2022:12:18:22 -0300] "POST /cormun/servlet/solicitudot?gx-no-cache=1654095904584 HTTP/1.1" 200 135
190.171.149.90 - - [01/Jun/2022:12:18:24 -0300] "POST /cormun/servlet/solicitudot?029a2fffa5909cd6378691bd4db91c5e,INS,0,0,false,,gx-no-cache=1654095906391 HTTP/1.1" 200 12978
190.171.149.90 - - [01/Jun/2022:12:18:43 -0300] "POST /cormun/servlet/solicitudot?gx-no-cache=1654095925858 HTTP/1.1" 200 30
190.171.149.90 - - [01/Jun/2022:12:18:43 -0300] "POST /cormun/servlet/solicitudot?gx-no-cache=1654095925913 HTTP/1.1" 200 1454
190.171.149.90 - - [01/Jun/2022:12:18:43 -0300] "POST /cormun/servlet/solicitudot?gx-no-cache=1654095926014 HTTP/1.1" 200 41
190.171.149.90 - - [01/Jun/2022:12:18:43 -0300] "GET /cormun/servlet/solicitudot?a169fa6d25aa244e2e0a84c955fdaeb2a1525d7d78cca2dd82328a88c07b29f982b966721a27edf1373e396402b1d4fc97d47be3773560f61fbf9db0736e726f8a3d169f936f268ef83d76f55169407ae0f296efac173e496ebb9012234ac9b5b94e7aec65c6c89adb83fa89cdb137ce,gx-no-cache=1654095926056 HTTP/1.1" 200 110
190.171.149.90 - - [01/Jun/2022:12:18:43 -0300] "POST /cormun/servlet/solicitudot?gx-no-cache=1654095926096 HTTP/1.1" 200 97
190.171.149.90 - - [01/Jun/2022:12:18:45 -0300] "POST /cormun/servlet/solicitudot?gx-no-cache=1654095927295 HTTP/1.1" 200 30
190.171.149.90 - - [01/Jun/2022:12:18:45 -0300] "POST /cormun/servlet/solicitudot?gx-no-cache=1654095927337 HTTP/1.1" 200 1454
190.171.149.90 - - [01/Jun/2022:12:18:45 -0300] "POST /cormun/servlet/solicitudot?gx-no-cache=1654095927427 HTTP/1.1" 200 41
190.171.149.90 - - [01/Jun/2022:12:18:45 -0300] "GET /cormun/servlet/solicitudot?a169fa6d25aa244e2e0a84c955fdaeb2a1525d7d78cca2dd82328a88c07b29f982b966721a27edf1373e396402b1d4fc97d47be3773560f61fbf9db0736e726f8a3d169f936f268ef83d76f55169407ae0f296efac173e496ebb9012234ac9b5b94e7aec65c6c89adb83fa89cdb137ce,gx-no-cache=1654095927461 HTTP/1.1" 200 110
190.171.149.90 - - [01/Jun/2022:12:18:45 -0300] "POST /cormun/servlet/solicitudot?gx-no-cache=1654095927499 HTTP/1.1" 200 97
190.171.149.90 - - [01/Jun/2022:12:18:49 -0300] "POST /cormun/servlet/solicitudot?gx-no-cache=1654095932007 HTTP/1.1" 200 135
190.171.144.234 - - [01/Jun/2022:12:23:46 -0300] "GET /cormun/servlet/hlogin HTTP/1.1" 200 1731
190.171.144.234 - - [01/Jun/2022:12:23:49 -0300] "POST /cormun/servlet/hlogin?8188abfccb61e2a960b573c612f07c7c,gx-no-cache=1654096231229 HTTP/1.1" 200 90
190.171.144.234 - - [01/Jun/2022:12:23:49 -0300] "GET /cormun/servlet/hpexe_link HTTP/1.1" 200 959
190.171.144.234 - - [01/Jun/2022:12:23:49 -0300] "GET /cormun/servlet/hhome HTTP/1.1" 200 4127
190.171.144.234 - - [01/Jun/2022:12:23:50 -0300] "GET /cormun/servlet/hhome HTTP/1.1" 200 4123
190.171.144.234 - - [01/Jun/2022:12:23:58 -0300] "GET /cormun/servlet/trsolicitudot? HTTP/1.1" 200 7347
190.171.144.234 - - [01/Jun/2022:12:23:59 -0300] "GET /cormun/servlet/trsolicitudot? HTTP/1.1" 200 7346
190.171.144.234 - - [01/Jun/2022:12:24:15 -0300] "GET /cormun/servlet/trbonoreemplazo? HTTP/1.1" 500 10
190.171.144.234 - - [01/Jun/2022:12:24:17 -0300] "GET /cormun/servlet/trbonoreemplazo? HTTP/1.1" 500 10
190.171.144.234 - - [01/Jun/2022:12:24:22 -0300] "GET /cormun/servlet/trsolicitudot? HTTP/1.1" 200 7347
190.171.144.234 - - [01/Jun/2022:12:24:22 -0300] "GET /cormun/servlet/trsolicitudot? HTTP/1.1" 200 7346
190.171.144.234 - - [01/Jun/2022:12:24:26 -0300] "GET /cormun/servlet/trbonoreemplazoaut? HTTP/1.1" 500 10
190.171.144.234 - - [01/Jun/2022:12:24:27 -0300] "GET /cormun/servlet/trbonoreemplazoaut? HTTP/1.1" 500 10
190.171.144.234 - - [01/Jun/2022:12:24:29 -0300] "GET /cormun/servlet/trsolicitudot? HTTP/1.1" 200 7347
190.171.144.234 - - [01/Jun/2022:12:24:29 -0300] "GET /cormun/servlet/trsolicitudot? HTTP/1.1" 200 7346
190.171.144.234 - - [01/Jun/2022:12:29:55 -0300] "GET /cormun/servlet/hlogin HTTP/1.1" 200 1752
190.171.144.234 - - [01/Jun/2022:12:29:58 -0300] "POST /cormun/servlet/hlogin?8188abfccb61e2a960b573c612f07c7c,gx-no-cache=1654096600823 HTTP/1.1" 200 90
190.171.144.234 - - [01/Jun/2022:12:29:58 -0300] "GET /cormun/servlet/hpexe_link HTTP/1.1" 200 959
190.171.144.234 - - [01/Jun/2022:12:29:58 -0300] "GET /cormun/servlet/hhome HTTP/1.1" 200 3992
190.171.144.234 - - [01/Jun/2022:12:29:59 -0300] "GET /cormun/servlet/hhome HTTP/1.1" 200 3988
190.171.144.234 - - [01/Jun/2022:12:30:01 -0300] "GET /cormun/servlet/trbonoreemplazo? HTTP/1.1" 500 10
190.171.144.234 - - [01/Jun/2022:12:30:02 -0300] "GET /cormun/servlet/trbonoreemplazo? HTTP/1.1" 500 10
190.171.144.234 - - [01/Jun/2022:12:30:04 -0300] "GET /cormun/servlet/trbonoreemplazo? HTTP/1.1" 500 10
190.171.144.234 - - [01/Jun/2022:12:30:04 -0300] "GET /cormun/servlet/trbonoreemplazo? HTTP/1.1" 500 10
190.171.144.234 - - [01/Jun/2022:12:30:05 -0300] "GET /cormun/servlet/trbonoreemplazo? HTTP/1.1" 500 10
190.171.144.234 - - [01/Jun/2022:12:30:05 -0300] "GET /cormun/servlet/trbonoreemplazo? HTTP/1.1" 500 10
190.171.144.234 - - [01/Jun/2022:12:30:05 -0300] "GET /cormun/servlet/trbonoreemplazo? HTTP/1.1" 500 10
190.171.144.234 - - [01/Jun/2022:12:30:07 -0300] "GET /cormun/servlet/hhome HTTP/1.1" 200 3992
190.171.144.234 - - [01/Jun/2022:12:30:08 -0300] "GET /cormun/servlet/hhome HTTP/1.1" 200 3988
190.171.144.234 - - [01/Jun/2022:12:30:10 -0300] "GET /cormun/servlet/trsolicitudot? HTTP/1.1" 200 7214
190.171.144.234 - - [01/Jun/2022:12:30:10 -0300] "GET /cormun/servlet/trsolicitudot? HTTP/1.1" 200 7213
190.171.144.234 - - [01/Jun/2022:12:30:13 -0300] "GET /cormun/servlet/trbonoreemplazo? HTTP/1.1" 500 10
186.67.172.234 - - [01/Jun/2022:12:30:23 -0300] "GET /cormun/servlet/hlogin HTTP/1.1" 200 1723
186.67.172.234 - - [01/Jun/2022:12:30:29 -0300] "POST /cormun/servlet/hlogin?da6b969b59667409dbbe102971e5ca3e,gx-no-cache=1654096741862 HTTP/1.1" 200 90
186.67.172.234 - - [01/Jun/2022:12:30:29 -0300] "GET /cormun/servlet/hpexe_link HTTP/1.1" 200 949
186.67.172.234 - - [01/Jun/2022:12:30:29 -0300] "GET /cormun/servlet/hhome HTTP/1.1" 200 4366
186.67.172.234 - - [01/Jun/2022:12:30:30 -0300] "GET /cormun/servlet/hhome HTTP/1.1" 200 4362
186.67.172.234 - - [01/Jun/2022:12:30:37 -0300] "GET /cormun/servlet/trlicencias? HTTP/1.1" 200 18279
186.67.172.234 - - [01/Jun/2022:12:30:38 -0300] "GET /cormun/servlet/trlicencias? HTTP/1.1" 200 18287
190.171.144.234 - - [01/Jun/2022:12:38:12 -0300] "GET /cormun/servlet/hlogin HTTP/1.1" 200 1731
190.171.144.234 - - [01/Jun/2022:12:38:17 -0300] "POST /cormun/servlet/hlogin?8188abfccb61e2a960b573c612f07c7c,gx-no-cache=1654097099190 HTTP/1.1" 200 90
190.171.144.234 - - [01/Jun/2022:12:38:17 -0300] "GET /cormun/servlet/hpexe_link HTTP/1.1" 200 967
190.171.144.234 - - [01/Jun/2022:12:38:17 -0300] "GET /cormun/servlet/trbonoreemplazo HTTP/1.1" 500 10
190.171.144.234 - - [01/Jun/2022:12:38:18 -0300] "GET /cormun/servlet/trbonoreemplazo HTTP/1.1" 500 10
190.171.144.234 - - [01/Jun/2022:12:38:20 -0300] "GET /cormun/servlet/trbonoreemplazo HTTP/1.1" 500 10
190.171.144.234 - - [01/Jun/2022:12:38:20 -0300] "GET /cormun/servlet/trbonoreemplazo HTTP/1.1" 500 10
190.171.144.234 - - [01/Jun/2022:12:38:21 -0300] "GET /cormun/servlet/trbonoreemplazo HTTP/1.1" 500 10
190.171.144.234 - - [01/Jun/2022:12:38:22 -0300] "GET /cormun/servlet/hlogin HTTP/1.1" 200 1731
190.171.144.234 - - [01/Jun/2022:12:38:26 -0300] "POST /cormun/servlet/hlogin?8188abfccb61e2a960b573c612f07c7c,gx-no-cache=1654097108832 HTTP/1.1" 200 90
190.171.144.234 - - [01/Jun/2022:12:38:26 -0300] "GET /cormun/servlet/hpexe_link HTTP/1.1" 200 967
190.171.144.234 - - [01/Jun/2022:12:38:26 -0300] "GET /cormun/servlet/trbonoreemplazo HTTP/1.1" 500 10
190.171.144.234 - - [01/Jun/2022:12:38:28 -0300] "GET /cormun/servlet/trbonoreemplazo HTTP/1.1" 500 10
190.171.144.234 - - [01/Jun/2022:12:38:29 -0300] "GET /cormun/servlet/hlogin HTTP/1.1" 200 1731
190.171.144.234 - - [01/Jun/2022:12:38:32 -0300] "GET /cormun/servlet/hlogin HTTP/1.1" 200 1731
190.171.144.234 - - [01/Jun/2022:12:38:36 -0300] "POST /cormun/servlet/hlogin?8188abfccb61e2a960b573c612f07c7c,gx-no-cache=1654097118121 HTTP/1.1" 200 90
190.171.144.234 - - [01/Jun/2022:12:38:36 -0300] "GET /cormun/servlet/hpexe_link HTTP/1.1" 200 967
190.171.144.234 - - [01/Jun/2022:12:38:36 -0300] "GET /cormun/servlet/trbonoreemplazo HTTP/1.1" 500 10
190.171.144.234 - - [01/Jun/2022:12:38:37 -0300] "GET /cormun/servlet/trbonoreemplazo HTTP/1.1" 500 10
190.171.144.234 - - [01/Jun/2022:12:38:40 -0300] "GET /cormun/servlet/hlogin HTTP/1.1" 200 1731
190.171.144.234 - - [01/Jun/2022:12:38:44 -0300] "POST /cormun/servlet/hlogin?8188abfccb61e2a960b573c612f07c7c,gx-no-cache=1654097126743 HTTP/1.1" 200 90
190.171.144.234 - - [01/Jun/2022:12:38:44 -0300] "GET /cormun/servlet/hpexe_link HTTP/1.1" 200 959
190.171.144.234 - - [01/Jun/2022:12:38:44 -0300] "GET /cormun/servlet/hhome HTTP/1.1" 200 4127
190.171.144.234 - - [01/Jun/2022:12:38:45 -0300] "GET /cormun/servlet/hhome HTTP/1.1" 200 4123
190.171.141.82 - - [01/Jun/2022:12:39:19 -0300] "GET /cormun/servlet/trpermisosgoce? HTTP/1.1" 200 6060
190.171.141.82 - - [01/Jun/2022:12:39:19 -0300] "GET /cormun/servlet/hlogin HTTP/1.1" 200 1748
190.171.141.82 - - [01/Jun/2022:12:39:19 -0300] "GET /cormun/servlet/trpermisosgoce? HTTP/1.1" 200 6032
190.171.141.82 - - [01/Jun/2022:12:39:19 -0300] "GET /cormun/servlet/trpermisosgoce? HTTP/1.1" 200 6032
190.171.141.82 - - [01/Jun/2022:12:39:27 -0300] "POST /cormun/servlet/hlogin?6dee56d77f71ec210d93b071daac9071,gx-no-cache=1654097169522 HTTP/1.1" 200 90
190.171.141.82 - - [01/Jun/2022:12:39:27 -0300] "GET /cormun/servlet/hpexe_link HTTP/1.1" 200 964
190.171.141.82 - - [01/Jun/2022:12:39:27 -0300] "GET /cormun/servlet/trpermisosgoce HTTP/1.1" 200 12324
190.171.141.82 - - [01/Jun/2022:12:39:28 -0300] "GET /cormun/servlet/trpermisosgoce HTTP/1.1" 200 12323
190.171.149.90 - - [01/Jun/2022:12:39:57 -0300] "POST /cormun/servlet/solicitudot?gx-no-cache=1654097199456 HTTP/1.1" 200 135
190.171.149.90 - - [01/Jun/2022:12:39:57 -0300] "POST /cormun/servlet/solicitudot?029a2fffa5909cd6378691bd4db91c5e,INS,0,0,false,,gx-no-cache=1654097199555 HTTP/1.1" 200 13066
190.171.141.82 - - [01/Jun/2022:12:39:59 -0300] "GET /cormun/servlet/trpermisosgoce? HTTP/1.1" 200 12323
190.171.141.82 - - [01/Jun/2022:12:40:00 -0300] "GET /cormun/servlet/trpermisosgoce? HTTP/1.1" 200 12319
190.171.141.82 - - [01/Jun/2022:12:40:03 -0300] "GET /cormun/servlet/permisogoce?INS,0,,, HTTP/1.1" 200 6818
190.171.141.82 - - [01/Jun/2022:12:40:04 -0300] "GET /cormun/servlet/permisogoce?INS,0,,, HTTP/1.1" 200 6818
190.171.141.82 - - [01/Jun/2022:12:40:27 -0300] "GET /cormun/servlet/permisogoce?199aa0a68d1c4c7068d2a5f54ec587840b1e17548d855b6b4a4b06b4cd58e0de278d053f4c595e31c80e1e348be57e444d784b43f93f5701e3a6cb29f24d7811,gx-no-cache=1654097229622 HTTP/1.1" 200 76
190.171.141.82 - - [01/Jun/2022:12:40:39 -0300] "GET /cormun/servlet/permisogoce?199aa0a68d1c4c7068d2a5f54ec58784ac79dd53ff9137c0fa3db5746cf33636fd55d6b5fd3895cea1803adef40f638de8b6d4d9a03ab0f07b1cbfa5c836e7b6,gx-no-cache=1654097241625 HTTP/1.1" 200 47
190.171.141.82 - - [01/Jun/2022:12:40:47 -0300] "POST /cormun/servlet/permisogoce?6dee56d77f71ec210d93b071daac9071,INS,0,,,,gx-no-cache=1654097249069 HTTP/1.1" 200 93
190.171.141.82 - - [01/Jun/2022:12:40:47 -0300] "GET /cormun/servlet/hpexe_return? HTTP/1.1" 200 1016
190.171.141.82 - - [01/Jun/2022:12:40:47 -0300] "GET /cormun/servlet/trpermisosgoce HTTP/1.1" 200 12610
190.171.141.82 - - [01/Jun/2022:12:40:48 -0300] "GET /cormun/servlet/trpermisosgoce HTTP/1.1" 200 12595
190.171.141.82 - - [01/Jun/2022:12:40:57 -0300] "GET /cormun/servlet/apermisogoceprn?17651056,P,20220601112351,PU HTTP/1.1" 200 1660
190.171.141.82 - - [01/Jun/2022:12:41:13 -0300] "GET /cormun/servlet/permisogoce?INS,0,,, HTTP/1.1" 200 6818
190.171.141.82 - - [01/Jun/2022:12:41:13 -0300] "GET /cormun/servlet/permisogoce?INS,0,,, HTTP/1.1" 200 6818
190.171.141.82 - - [01/Jun/2022:12:41:27 -0300] "GET /cormun/servlet/permisogoce?199aa0a68d1c4c7068d2a5f54ec587847748a8e54d67d11fcbf693f421bdb84c278d053f4c595e31c80e1e348be57e444d784b43f93f5701e3a6cb29f24d7811,gx-no-cache=1654097289389 HTTP/1.1" 200 83
190.171.141.82 - - [01/Jun/2022:12:41:37 -0300] "GET /cormun/servlet/permisogoce?199aa0a68d1c4c7068d2a5f54ec587847e2c80b1e9c542ff43536ae21393fceedf5e242cec930f66e4f84abb0115fca9e8b6d4d9a03ab0f07b1cbfa5c836e7b6,gx-no-cache=1654097299980 HTTP/1.1" 200 48
190.171.141.82 - - [01/Jun/2022:12:41:41 -0300] "POST /cormun/servlet/permisogoce?6dee56d77f71ec210d93b071daac9071,INS,0,,,,gx-no-cache=1654097303926 HTTP/1.1" 200 93
190.171.141.82 - - [01/Jun/2022:12:41:41 -0300] "GET /cormun/servlet/hpexe_return? HTTP/1.1" 200 1016
190.171.141.82 - - [01/Jun/2022:12:41:42 -0300] "GET /cormun/servlet/trpermisosgoce HTTP/1.1" 200 12840
190.171.141.82 - - [01/Jun/2022:12:41:42 -0300] "GET /cormun/servlet/trpermisosgoce HTTP/1.1" 200 12836
190.171.141.82 - - [01/Jun/2022:12:41:46 -0300] "GET /cormun/servlet/apermisogoceprn?17811729,P,20220601112501,PU HTTP/1.1" 200 1649
190.171.141.82 - - [01/Jun/2022:12:42:50 -0300] "GET /cormun/servlet/permisogoce?INS,0,,, HTTP/1.1" 200 6819
190.171.141.82 - - [01/Jun/2022:12:42:50 -0300] "GET /cormun/servlet/permisogoce?INS,0,,, HTTP/1.1" 200 6818
190.171.141.82 - - [01/Jun/2022:12:43:19 -0300] "GET /cormun/servlet/permisogoce?199aa0a68d1c4c7068d2a5f54ec58784ed7878b11a781c51f438be40827a74a7278d053f4c595e31c80e1e348be57e444d784b43f93f5701e3a6cb29f24d7811,gx-no-cache=1654097402009 HTTP/1.1" 200 79
186.103.157.98 - - [01/Jun/2022:12:43:21 -0300] "GET /cormun/servlet/hlogin HTTP/1.1" 200 1742
186.103.157.98 - - [01/Jun/2022:12:43:21 -0300] "GET /cormun/static/gxtimezone.js?85251 HTTP/1.1" 200 5781
186.103.157.98 - - [01/Jun/2022:12:43:21 -0300] "GET /cormun/static/Resources/Spanish/PXTools.css?2294816 HTTP/1.1" 200 100853
186.103.157.98 - - [01/Jun/2022:12:43:23 -0300] "GET /cormun/static/gxgral.js?85251 HTTP/1.1" 200 384558
186.103.157.98 - - [01/Jun/2022:12:43:25 -0300] "GET /cormun/static/gxcfg.js?201910216285969 HTTP/1.1" 200 953
186.103.157.98 - - [01/Jun/2022:12:43:25 -0300] "GET /cormun/static/messages.spa.js?85251 HTTP/1.1" 200 30736
186.103.157.98 - - [01/Jun/2022:12:43:26 -0300] "GET /cormun/static/hlogin.js?201910216285995 HTTP/1.1" 200 2136
186.103.157.98 - - [01/Jun/2022:12:43:26 -0300] "GET /cormun/static/Resources/Logo2019_Grande.png HTTP/1.1" 200 31733
186.103.157.98 - - [01/Jun/2022:12:43:26 -0300] "GET /cormun/static/Resources/PXToolsLoginBackground.png HTTP/1.1" 200 1164
186.103.157.98 - - [01/Jun/2022:12:43:27 -0300] "GET /cormun/static/Resources/PXToolsLoginTop.png HTTP/1.1" 200 1337
186.103.157.98 - - [01/Jun/2022:12:43:27 -0300] "GET /cormun/static/Resources/PXToolsLoginBottom.png HTTP/1.1" 200 1389
186.103.157.98 - - [01/Jun/2022:12:43:27 -0300] "GET /cormun/static/Resources/PXToolsButtonLeft.png HTTP/1.1" 200 1310
186.103.157.98 - - [01/Jun/2022:12:43:27 -0300] "GET /cormun/static/Resources/PXToolsButtonRight.png HTTP/1.1" 200 1294
186.103.157.98 - - [01/Jun/2022:12:43:27 -0300] "GET /cormun/static/Resources/PXToolsButtonBackground.png HTTP/1.1" 200 1176
186.103.157.98 - - [01/Jun/2022:12:43:27 -0300] "GET /cormun/static/Resources/indicator.gif HTTP/1.1" 200 1553
190.171.141.82 - - [01/Jun/2022:12:43:28 -0300] "GET /cormun/servlet/permisogoce?199aa0a68d1c4c7068d2a5f54ec587846afb92cda46c29e9ea7550347cee0a214595ce278bc60c47d724a082dec2e0ade8b6d4d9a03ab0f07b1cbfa5c836e7b6,gx-no-cache=1654097411055 HTTP/1.1" 200 48
190.171.141.82 - - [01/Jun/2022:12:43:35 -0300] "POST /cormun/servlet/permisogoce?6dee56d77f71ec210d93b071daac9071,INS,0,,,,gx-no-cache=1654097417661 HTTP/1.1" 200 93
190.171.141.82 - - [01/Jun/2022:12:43:35 -0300] "GET /cormun/servlet/hpexe_return? HTTP/1.1" 200 1016
190.171.141.82 - - [01/Jun/2022:12:43:35 -0300] "GET /cormun/servlet/trpermisosgoce HTTP/1.1" 200 13037
190.171.141.82 - - [01/Jun/2022:12:43:36 -0300] "GET /cormun/servlet/trpermisosgoce HTTP/1.1" 200 13033
192.168.10.17 - - [01/Jun/2022:12:43:40 -0300] "GET /cormun/servlet/hlogin HTTP/1.1" 200 1733
190.171.141.82 - - [01/Jun/2022:12:43:44 -0300] "GET /cormun/servlet/permisogoce?INS,0,,, HTTP/1.1" 200 6819
190.171.141.82 - - [01/Jun/2022:12:43:44 -0300] "GET /cormun/servlet/permisogoce?INS,0,,, HTTP/1.1" 200 6818
192.168.10.17 - - [01/Jun/2022:12:43:47 -0300] "POST /cormun/servlet/hlogin?438f1871fbf056cf7fc2d0d97b2299a3,gx-no-cache=1654097255484 HTTP/1.1" 200 90
192.168.10.17 - - [01/Jun/2022:12:43:47 -0300] "GET /cormun/servlet/hpexe_link HTTP/1.1" 200 958
192.168.10.17 - - [01/Jun/2022:12:43:47 -0300] "GET /cormun/servlet/hhome HTTP/1.1" 200 3793
192.168.10.17 - - [01/Jun/2022:12:43:47 -0300] "GET /cormun/servlet/hhome HTTP/1.1" 200 3790
192.168.10.17 - - [01/Jun/2022:12:43:50 -0300] "GET /cormun/servlet/trsolicitudgral? HTTP/1.1" 200 28777
192.168.10.17 - - [01/Jun/2022:12:43:51 -0300] "GET /cormun/servlet/trsolicitudgral? HTTP/1.1" 200 28774
190.171.149.90 - - [01/Jun/2022:12:44:06 -0300] "POST /cormun/servlet/solicitudot?gx-no-cache=1654097448659 HTTP/1.1" 200 135
190.171.141.82 - - [01/Jun/2022:12:44:13 -0300] "GET /cormun/servlet/permisogoce?199aa0a68d1c4c7068d2a5f54ec5878488c890cec134c7d5143aed4fe0cb2ad3278d053f4c595e31c80e1e348be57e444d784b43f93f5701e3a6cb29f24d7811,gx-no-cache=1654097456073 HTTP/1.1" 200 84
190.171.149.90 - - [01/Jun/2022:12:44:14 -0300] "POST /cormun/servlet/solicitudot?gx-no-cache=1654097456997 HTTP/1.1" 200 135
192.168.10.17 - - [01/Jun/2022:12:44:15 -0300] "POST /cormun/servlet/trsolicitudgral?438f1871fbf056cf7fc2d0d97b2299a3,,gx-no-cache=1654097283818 HTTP/1.1" 200 6673
190.171.149.90 - - [01/Jun/2022:12:44:18 -0300] "GET /cormun/servlet/prcontratosol?13295278,,,,,MD,,gxPopupLevel%3D0%3B HTTP/1.1" 200 7768
190.171.149.90 - - [01/Jun/2022:12:44:21 -0300] "GET /cormun/servlet/solicitudot?a169fa6d25aa244e2e0a84c955fdaeb2a1525d7d78cca2dd82328a88c07b29f982b966721a27edf1373e396402b1d4fc97d47be3773560f61fbf9db0736e726f8a3d169f936f268ef83d76f55169407ae0f296efac173e496ebb9012234ac9b5b94e7aec65c6c89adb83fa89cdb137ce,gx-no-cache=1654097463450 HTTP/1.1" 200 110
190.171.149.90 - - [01/Jun/2022:12:44:21 -0300] "GET /cormun/servlet/solicitudot?a169fa6d25aa244e2e0a84c955fdaeb2483d7bb389d4bb1c4a380ab93dd4ffd7c7f4183c2821274f9ae62f133dd96798,gx-no-cache=1654097463481 HTTP/1.1" 200 134
190.171.141.82 - - [01/Jun/2022:12:44:24 -0300] "GET /cormun/servlet/permisogoce?199aa0a68d1c4c7068d2a5f54ec58784f28cfaa802df4afc45a69cc4f2cbf5edffb101de8ae3349adf29951a13537bbee8b6d4d9a03ab0f07b1cbfa5c836e7b6,gx-no-cache=1654097466441 HTTP/1.1" 200 47
190.171.149.90 - - [01/Jun/2022:12:44:25 -0300] "POST /cormun/servlet/solicitudot?gx-no-cache=1654097467363 HTTP/1.1" 200 122
190.171.141.82 - - [01/Jun/2022:12:44:29 -0300] "POST /cormun/servlet/permisogoce?6dee56d77f71ec210d93b071daac9071,INS,0,,,,gx-no-cache=1654097471149 HTTP/1.1" 200 93
190.171.141.82 - - [01/Jun/2022:12:44:29 -0300] "GET /cormun/servlet/hpexe_return? HTTP/1.1" 200 1016
190.171.141.82 - - [01/Jun/2022:12:44:29 -0300] "GET /cormun/servlet/trpermisosgoce HTTP/1.1" 200 13251
190.171.141.82 - - [01/Jun/2022:12:44:29 -0300] "GET /cormun/servlet/trpermisosgoce HTTP/1.1" 200 13247
192.168.10.17 - - [01/Jun/2022:12:44:31 -0300] "POST /cormun/servlet/trsolicitudgral?438f1871fbf056cf7fc2d0d97b2299a3,,gx-no-cache=1654097299573 HTTP/1.1" 200 6677
190.171.149.90 - - [01/Jun/2022:12:44:32 -0300] "GET /cormun/servlet/prfichaempleado?,MD,,gxPopupLevel%3D0%3B HTTP/1.1" 200 9244
190.171.141.82 - - [01/Jun/2022:12:44:33 -0300] "GET /cormun/servlet/apermisogoceprn?15805592,P,20220601112732,PU HTTP/1.1" 200 1650
190.171.141.82 - - [01/Jun/2022:12:44:45 -0300] "GET /cormun/servlet/apermisogoceprn?17517724,P,20220601112638,PU HTTP/1.1" 200 1652
190.171.141.82 - - [01/Jun/2022:12:44:58 -0300] "GET /cormun/servlet/permisogoce?INS,0,,, HTTP/1.1" 200 6819
190.171.141.82 - - [01/Jun/2022:12:44:59 -0300] "GET /cormun/servlet/permisogoce?INS,0,,, HTTP/1.1" 200 6818
190.171.149.90 - - [01/Jun/2022:12:45:02 -0300] "POST /cormun/servlet/prfichaempleado?029a2fffa5909cd6378691bd4db91c5e,,MD,,gxPopupLevel%3D0%3B,gx-no-cache=1654097504590 HTTP/1.1" 200 3467
190.171.152.138 - - [01/Jun/2022:12:45:08 -0300] "POST /cormun/servlet/hlogin?bf8b4c0ab51080a7772e13f543ad3391,gx-no-cache=1654097512714 HTTP/1.1" 440 972
190.171.149.90 - - [01/Jun/2022:12:45:12 -0300] "POST /cormun/servlet/solicitudot?gx-no-cache=1654097514707 HTTP/1.1" 200 1454
190.171.149.90 - - [01/Jun/2022:12:45:12 -0300] "GET /cormun/servlet/solicitudot?a169fa6d25aa244e2e0a84c955fdaeb2a1525d7d78cca2dd82328a88c07b29f982b966721a27edf1373e396402b1d4fc97d47be3773560f61fbf9db0736e726f8a3d169f936f268ef83d76f55169407ae0f296efac173e496ebb9012234ac9b5b94e7aec65c6c89adb83fa89cdb137ce,gx-no-cache=1654097514806 HTTP/1.1" 200 110
190.171.149.90 - - [01/Jun/2022:12:45:12 -0300] "POST /cormun/servlet/solicitudot?gx-no-cache=1654097514837 HTTP/1.1" 200 97
190.171.149.90 - - [01/Jun/2022:12:45:12 -0300] "GET /cormun/servlet/solicitudot?a169fa6d25aa244e2e0a84c955fdaeb2483d7bb389d4bb1c4a380ab93dd4ffd7c7f4183c2821274f9ae62f133dd96798,gx-no-cache=1654097514874 HTTP/1.1" 200 134
190.171.149.90 - - [01/Jun/2022:12:45:12 -0300] "POST /cormun/servlet/solicitudot?gx-no-cache=1654097514931 HTTP/1.1" 200 122
190.171.141.82 - - [01/Jun/2022:12:45:16 -0300] "GET /cormun/servlet/permisogoce?199aa0a68d1c4c7068d2a5f54ec587842c9b68021f2963b17c935230bbf550d0278d053f4c595e31c80e1e348be57e444d784b43f93f5701e3a6cb29f24d7811,gx-no-cache=1654097518382 HTTP/1.1" 200 72
190.171.152.138 - - [01/Jun/2022:12:45:18 -0300] "GET /cormun/servlet/hlogin HTTP/1.1" 200 1736
190.171.149.90 - - [01/Jun/2022:12:45:24 -0300] "GET /cormun/servlet/solicitudot?a169fa6d25aa244e2e0a84c955fdaeb2562ca0599e618524c106636e8733eb32c7f4183c2821274f9ae62f133dd96798,gx-no-cache=1654097526299 HTTP/1.1" 200 134
190.171.149.90 - - [01/Jun/2022:12:45:24 -0300] "POST /cormun/servlet/solicitudot?gx-no-cache=1654097526347 HTTP/1.1" 200 107
190.171.149.90 - - [01/Jun/2022:12:45:33 -0300] "GET /cormun/servlet/solicitudot?a169fa6d25aa244e2e0a84c955fdaeb20cc2f2f0def63f7155d88ee5b33d6cbf6f3555391497e1a898533b3bb53543e4,gx-no-cache=1654097535785 HTTP/1.1" 200 134
190.171.149.90 - - [01/Jun/2022:12:45:33 -0300] "POST /cormun/servlet/solicitudot?gx-no-cache=1654097535831 HTTP/1.1" 200 134
190.171.141.82 - - [01/Jun/2022:12:45:36 -0300] "GET /cormun/servlet/permisogoce?199aa0a68d1c4c7068d2a5f54ec5878489090c2191436677dc837a70b803862d33864a3ab7c359d2b3c58fa8771f638be8b6d4d9a03ab0f07b1cbfa5c836e7b6,gx-no-cache=1654097539208 HTTP/1.1" 200 44
190.171.152.138 - - [01/Jun/2022:12:45:37 -0300] "POST /cormun/servlet/hlogin?b9e4cc9eb8aaf8f0298a7b6d5f9ed9e5,gx-no-cache=1654097541290 HTTP/1.1" 200 90
190.171.152.138 - - [01/Jun/2022:12:45:37 -0300] "GET /cormun/servlet/hpexe_link HTTP/1.1" 200 950
190.171.152.138 - - [01/Jun/2022:12:45:38 -0300] "GET /cormun/servlet/hhome HTTP/1.1" 200 3852
190.171.152.138 - - [01/Jun/2022:12:45:38 -0300] "GET /cormun/servlet/hhome HTTP/1.1" 200 3848
190.171.149.90 - - [01/Jun/2022:12:45:41 -0300] "GET /cormun/servlet/solicitudot?a169fa6d25aa244e2e0a84c955fdaeb2562ca0599e618524c106636e8733eb326f3555391497e1a898533b3bb53543e4,gx-no-cache=1654097543541 HTTP/1.1" 200 134
190.171.149.90 - - [01/Jun/2022:12:45:41 -0300] "POST /cormun/servlet/solicitudot?gx-no-cache=1654097543590 HTTP/1.1" 200 107
190.171.152.138 - - [01/Jun/2022:12:45:44 -0300] "GET /cormun/servlet/trlicencias? HTTP/1.1" 200 11229
