190.171.152.242 - - [30/May/2022:17:01:26 -0300] "GET /cormun/servlet/trsolicitudot?gx-no-cache=1653938938235 HTTP/1.1" 200 8677
190.171.152.242 - - [30/May/2022:17:01:28 -0300] "POST /cormun/servlet/trsolicitudot?36ddb8c7bac3bd3eb692819bb21fefb3,gx-no-cache=1653938938235,gx-no-cache=1653940095128 HTTP/1.1" 200 4585
190.171.152.242 - - [30/May/2022:17:01:28 -0300] "GET /cormun/static/Shared/jqueryui/images/ui-icons_82798d_256x240.png HTTP/1.1" 404 1089
190.171.152.242 - - [30/May/2022:17:01:28 -0300] "GET /cormun/static/Shared/jqueryui/images/ui-bg_highlight-soft_100_c6c2c8_1x100.png HTTP/1.1" 404 1117
190.171.152.242 - - [30/May/2022:17:01:28 -0300] "GET /cormun/static/Shared/jqueryui/images/ui-bg_flat_55_fafafa_40x100.png HTTP/1.1" 404 1097
190.171.152.242 - - [30/May/2022:17:01:28 -0300] "GET /cormun/static/Shared/jqueryui/images/ui-icons_8d78a5_256x240.png HTTP/1.1" 404 1089
190.171.152.242 - - [30/May/2022:17:01:29 -0300] "POST /cormun/servlet/trsolicitudot?36ddb8c7bac3bd3eb692819bb21fefb3,gx-no-cache=1653938938235,gx-no-cache=1653940095356 HTTP/1.1" 200 4336
190.171.152.242 - - [30/May/2022:17:01:45 -0300] "GET /cormun/servlet/solicitudot?INS,0,0,false, HTTP/1.1" 200 15741
190.171.152.242 - - [30/May/2022:17:01:46 -0300] "GET /cormun/servlet/solicitudot?INS,0,0,false, HTTP/1.1" 200 15727
190.171.152.242 - - [30/May/2022:17:02:11 -0300] "GET /cormun/servlet/prfichaempleado?,MD,,gxPopupLevel%3D0%3B HTTP/1.1" 200 9301
190.171.152.242 - - [30/May/2022:17:02:23 -0300] "POST /cormun/servlet/prfichaempleado?36ddb8c7bac3bd3eb692819bb21fefb3,,MD,,gxPopupLevel%3D0%3B,gx-no-cache=1653940149560 HTTP/1.1" 200 3177
190.171.152.234 - - [30/May/2022:17:02:24 -0300] "GET /cormun/servlet/prbanco?,MD,,gxPopupLevel%3D0%3B HTTP/1.1" 200 6564
190.171.152.234 - - [30/May/2022:17:02:28 -0300] "GET /cormun/servlet/solicitudot?0dac697048d75aba153316e451181a6c294db827af8dbaceb9178233bf2340a5bd5607176a062e9fd0b90835e604c7ea0846df60b6d63fc119e3ee9345d23e2b,gx-no-cache=1653936578551 HTTP/1.1" 200 30
190.171.152.234 - - [30/May/2022:17:02:30 -0300] "GET /cormun/servlet/solicitudot?0dac697048d75aba153316e451181a6c94e6d916567f1c57cdc3f9bc81d0523e,gx-no-cache=1653936580006 HTTP/1.1" 200 53
190.171.152.242 - - [30/May/2022:17:02:34 -0300] "POST /cormun/servlet/prfichaempleado?36ddb8c7bac3bd3eb692819bb21fefb3,,MD,,gxPopupLevel%3D0%3B,gx-no-cache=1653940160605 HTTP/1.1" 200 3410
190.171.152.242 - - [30/May/2022:17:02:38 -0300] "POST /cormun/servlet/solicitudot?gx-no-cache=1653940164370 HTTP/1.1" 200 3938
190.171.152.242 - - [30/May/2022:17:02:38 -0300] "POST /cormun/servlet/solicitudot?36ddb8c7bac3bd3eb692819bb21fefb3,INS,0,0,false,,gx-no-cache=1653940164576 HTTP/1.1" 200 12509
190.171.152.242 - - [30/May/2022:17:02:38 -0300] "GET /cormun/servlet/solicitudot?5538a56145056b1b83a2ba1c3cc05c4a16c2486cb33fdc2d96a521a891e98cc68de5ec3387f350314e84218fe4821e3d,gx-no-cache=1653940164784 HTTP/1.1" 200 30
190.171.152.234 - - [30/May/2022:17:02:52 -0300] "POST /cormun/servlet/solicitudot?gx-no-cache=1653936601784 HTTP/1.1" 200 255
190.171.152.234 - - [30/May/2022:17:02:53 -0300] "GET /cormun/servlet/solicitudot?0dac697048d75aba153316e451181a6c2e1abdd7ff425911e5e9b3f230a25b6acd2a33331df148ab70b3574f9469cf5a5a72e08c27d6bb872278ce9205586c72fa494172bb2a161cd9d160853ce0d5118eabbeda783c09a08ac83a7a6435998dc08613e2cbc345d1c37304965dbb31889ead210dc3f6c07f63f05e91c52704548ee7323ebb7d89cf68dd1720e447c95e67ae05ecf70ef67ac0f224905d1425f06cf6475ed5786d64a2c7336843ab2635af9f95d35036a30c8e38b307277340a80004833854af1c60bc0438170723eccfbbde5c25faca77b14526bb927bad26ba9c1df7da6182bc16a6cc34476522623811a6dd795e79681c01e4989b829708a7e33f113b3d0cdcba31406ff47331e2fd08ff2831d36457ae079815663819ef7e6982abd43fa90c5025d5123a76bfbabcd259dc38b18e9a62221a0ef956fdc94d513f3987fe06469a2a81d31e62ee7d0a41a01c6b23086dee20257bee68066c61203363b81a0dc22e6802b97658d592a4b0f3c301024748794577df01ffd4a26a,gx-no-cache=1653936603602 HTTP/1.1" 200 30
190.171.152.234 - - [30/May/2022:17:02:58 -0300] "POST /cormun/servlet/solicitudot?gx-no-cache=1653936608359 HTTP/1.1" 200 30
190.171.152.234 - - [30/May/2022:17:03:13 -0300] "POST /cormun/servlet/solicitudot?gx-no-cache=1653936623593 HTTP/1.1" 200 1452
190.171.152.234 - - [30/May/2022:17:03:14 -0300] "POST /cormun/servlet/solicitudot?gx-no-cache=1653936623622 HTTP/1.1" 200 38
190.171.152.242 - - [30/May/2022:17:03:31 -0300] "GET /cormun/servlet/solicitudot?5538a56145056b1b83a2ba1c3cc05c4a80b77f8c06255041fa82f3d0814ebc907cf42cd84891a6b0c7cc912d6a40a8530f7a6b2e027f522c7a063d5f04bf9e38b2fb1a987db6ad769b140062085db64d,gx-no-cache=1653940217656 HTTP/1.1" 200 30
190.171.152.242 - - [30/May/2022:17:03:31 -0300] "GET /cormun/servlet/solicitudot?5538a56145056b1b83a2ba1c3cc05c4a6c3fde214657eed057602c4d1462b909,gx-no-cache=1653940217701 HTTP/1.1" 200 53
190.171.152.242 - - [30/May/2022:17:03:31 -0300] "POST /cormun/servlet/solicitudot?gx-no-cache=1653940217739 HTTP/1.1" 200 255
190.171.152.242 - - [30/May/2022:17:03:31 -0300] "GET /cormun/servlet/solicitudot?5538a56145056b1b83a2ba1c3cc05c4ae6e2d274991c28dcbe28539e41a12e00afec4238b9550780d2a9df6639752e3e5849a5704780c3c78e6436bc5a9539541aabb30ed6e377d41b3a85f21e377d7a51e28a1ba1256821788729c8d1933ac738b85b2f296bd5cf8788beacc172815e85d6748c490b59a2dedc24d573241f837c770ab309f8ff03035c69cd85ccc70c3346e8279b5464011fb01ab767750a68a40ff973a01fa968eeb68719133fe9bf359ae8230eaf55cbd99a1c46ad44456d8e4cfd20c5fb1dffe5afc318aae39e4f156615cc8e8f2af0aecaf1447fe0bd7de48cce9da8588709318f9953ee142ecb6eea430f4894bcba8878f02a15aba70ac6b41bdf76a23480e3becb83b0d24ce229a4f65ea1bdf2b3d267ea2a46cf266f35b568967cfa7a221d86d8f4b6aebd96f7a17a58802fdcc8daa11470612339d48d70cba556b95862621a5bb344dff15dc6a722f2513d032a079a5c3e8d0aaa75ab1ccc7ec8cac5f3585ae15cf6e6756f2336121f3beab4064118eb9471150449,gx-no-cache=1653940217765 HTTP/1.1" 200 30
190.171.152.242 - - [30/May/2022:17:03:33 -0300] "POST /cormun/servlet/solicitudot?gx-no-cache=1653940219573 HTTP/1.1" 200 30
190.171.152.242 - - [30/May/2022:17:03:35 -0300] "GET /cormun/servlet/prcontratosol?15105506,,,,,MD,,gxPopupLevel%3D0%3B HTTP/1.1" 200 8661
190.171.152.242 - - [30/May/2022:17:03:37 -0300] "POST /cormun/servlet/solicitudot?gx-no-cache=1653940223472 HTTP/1.1" 200 1454
190.171.152.242 - - [30/May/2022:17:03:37 -0300] "POST /cormun/servlet/solicitudot?gx-no-cache=1653940223510 HTTP/1.1" 200 38
190.171.152.242 - - [30/May/2022:17:03:37 -0300] "GET /cormun/servlet/solicitudot?5538a56145056b1b83a2ba1c3cc05c4a07de5f3f8f7d128bb67167ffcfc36ce83e567760c1f6a8c5ac14e2e72b4a0de0f265718d37c4914397e12de84740a50238302685b9e05c86df118cb819fb7a698f154b994bd0c176c56667faa4ced288dfc8236f32bffe4c661cf840a7a9b2c0,gx-no-cache=1653940223543 HTTP/1.1" 200 110
190.171.152.242 - - [30/May/2022:17:03:37 -0300] "POST /cormun/servlet/solicitudot?gx-no-cache=1653940223578 HTTP/1.1" 200 97
190.171.152.242 - - [30/May/2022:17:03:37 -0300] "GET /cormun/servlet/solicitudot?5538a56145056b1b83a2ba1c3cc05c4a939e070b3f12c9c6d47c57b62fd9234da8f4bb9c4ad9f2836c3057a5f3fde152683fa74f1ed80f69f64f1352bf1cf4f997c0f6fc19a3167d5a8da4a8f862dbdf6a3541051c7ab1878a2b419b3d0a7e4cc8c1053499ddebe6f7e7c9052bf02e32c41a130d29a34a504d375268b5f9cf84f9f5bd05cf1b2d672283996f698c95e8b26253b17f86c6222859fbe9fed78b29,gx-no-cache=1653940223616 HTTP/1.1" 200 29
190.171.152.242 - - [30/May/2022:17:03:37 -0300] "GET /cormun/servlet/solicitudot?5538a56145056b1b83a2ba1c3cc05c4afc9a36c0fa49a52a1b91dbe7fa76940b48608ec50de0c4cb28ca02d16898542f,gx-no-cache=1653940223645 HTTP/1.1" 200 134
190.171.152.242 - - [30/May/2022:17:03:37 -0300] "GET /cormun/static/Shared/jqueryui/images/ui-bg_highlight-soft_100_c6c2c8_1x100.png HTTP/1.1" 404 1117
190.171.152.242 - - [30/May/2022:17:03:37 -0300] "GET /cormun/static/Shared/jqueryui/images/ui-icons_82798d_256x240.png HTTP/1.1" 404 1089
190.171.152.242 - - [30/May/2022:17:03:37 -0300] "GET /cormun/static/Shared/jqueryui/images/ui-bg_flat_55_994d53_40x100.png HTTP/1.1" 404 1097
190.171.152.242 - - [30/May/2022:17:03:37 -0300] "GET /cormun/static/Shared/jqueryui/images/ui-icons_ebccce_256x240.png HTTP/1.1" 404 1089
190.171.152.242 - - [30/May/2022:17:03:50 -0300] "GET /cormun/static/menuarrow.gif HTTP/1.1" 404 1015
190.171.152.242 - - [30/May/2022:17:04:04 -0300] "GET /cormun/servlet/solicitudot?5538a56145056b1b83a2ba1c3cc05c4acd71dca5ea58cfc901f87cf34494f5dc37505b946f5f58246218094a0540e92c,gx-no-cache=1653940250474 HTTP/1.1" 200 30
190.171.152.242 - - [30/May/2022:17:04:04 -0300] "POST /cormun/servlet/solicitudot?gx-no-cache=1653940250518 HTTP/1.1" 200 33
190.171.152.234 - - [30/May/2022:17:04:05 -0300] "GET /cormun/servlet/solicitudot?0dac697048d75aba153316e451181a6c656ef1a791666e1fccc6755f854bcbb2ecc0bb63d9af9daceaab75b877ab834971fc7436a6535dae04dc509e72a11e77d134e61ad4826676d484085a328d200bd9e221fb3b12b5cc72c0374cd64ae6ee8ad1b0a53376e3a543d8ec572e20a2fa,gx-no-cache=1653936674902 HTTP/1.1" 200 110
190.171.152.242 - - [30/May/2022:17:04:10 -0300] "POST /cormun/servlet/solicitudot?36ddb8c7bac3bd3eb692819bb21fefb3,INS,0,0,false,,gx-no-cache=1653940256103 HTTP/1.1" 200 93
190.171.152.242 - - [30/May/2022:17:04:10 -0300] "GET /cormun/servlet/hpexe_return? HTTP/1.1" 200 1032
190.171.152.242 - - [30/May/2022:17:04:10 -0300] "GET /cormun/servlet/trsolicitudot?gx-no-cache=1653938938235 HTTP/1.1" 200 8643
190.171.152.242 - - [30/May/2022:17:04:10 -0300] "GET /cormun/servlet/trsolicitudot?gx-no-cache=1653938938235 HTTP/1.1" 200 8660
190.171.152.242 - - [30/May/2022:17:04:12 -0300] "POST /cormun/servlet/trsolicitudot?36ddb8c7bac3bd3eb692819bb21fefb3,gx-no-cache=1653938938235,gx-no-cache=1653940258800 HTTP/1.1" 200 4574
190.171.152.242 - - [30/May/2022:17:04:12 -0300] "GET /cormun/static/Shared/jqueryui/images/ui-bg_highlight-soft_100_c6c2c8_1x100.png HTTP/1.1" 404 1117
190.171.152.242 - - [30/May/2022:17:04:12 -0300] "GET /cormun/static/Shared/jqueryui/images/ui-icons_82798d_256x240.png HTTP/1.1" 404 1089
190.171.152.242 - - [30/May/2022:17:04:12 -0300] "GET /cormun/static/Shared/jqueryui/images/ui-bg_flat_55_fafafa_40x100.png HTTP/1.1" 404 1097
190.171.152.242 - - [30/May/2022:17:04:12 -0300] "GET /cormun/static/Shared/jqueryui/images/ui-icons_8d78a5_256x240.png HTTP/1.1" 404 1089
190.171.152.242 - - [30/May/2022:17:04:12 -0300] "POST /cormun/servlet/trsolicitudot?36ddb8c7bac3bd3eb692819bb21fefb3,gx-no-cache=1653938938235,gx-no-cache=1653940258975 HTTP/1.1" 200 4336
190.171.152.234 - - [30/May/2022:17:04:20 -0300] "POST /cormun/servlet/solicitudot?gx-no-cache=1653936690497 HTTP/1.1" 200 110
190.171.152.242 - - [30/May/2022:17:04:26 -0300] "GET /cormun/servlet/solicitudot?INS,0,0,false, HTTP/1.1" 200 15741
190.171.152.242 - - [30/May/2022:17:04:26 -0300] "GET /cormun/servlet/solicitudot?INS,0,0,false, HTTP/1.1" 200 15727
190.171.152.242 - - [30/May/2022:17:04:31 -0300] "GET /cormun/servlet/prfichaempleado?,MD,,gxPopupLevel%3D0%3B HTTP/1.1" 200 9301
190.171.152.242 - - [30/May/2022:17:04:42 -0300] "POST /cormun/servlet/prfichaempleado?36ddb8c7bac3bd3eb692819bb21fefb3,,MD,,gxPopupLevel%3D0%3B,gx-no-cache=1653940288775 HTTP/1.1" 200 3413
190.171.152.242 - - [30/May/2022:17:04:46 -0300] "POST /cormun/servlet/solicitudot?gx-no-cache=1653940292654 HTTP/1.1" 200 3964
190.171.152.242 - - [30/May/2022:17:04:46 -0300] "POST /cormun/servlet/solicitudot?36ddb8c7bac3bd3eb692819bb21fefb3,INS,0,0,false,,gx-no-cache=1653940292790 HTTP/1.1" 200 12546
190.171.152.242 - - [30/May/2022:17:04:48 -0300] "GET /cormun/servlet/solicitudot?5538a56145056b1b83a2ba1c3cc05c4a705aad9b91ed13f09f2301509a6855bc8de5ec3387f350314e84218fe4821e3d,gx-no-cache=1653940295146 HTTP/1.1" 200 30
190.171.152.242 - - [30/May/2022:17:04:55 -0300] "GET /cormun/servlet/solicitudot?5538a56145056b1b83a2ba1c3cc05c4ad728e75e6904acd1a4a805784ba5e9f05b86bc7fbb4c1a5eab7086cb1c9cb611421c8ef969fe20170bc5e542710dbbf4,gx-no-cache=1653940301517 HTTP/1.1" 200 30
190.171.152.242 - - [30/May/2022:17:04:55 -0300] "GET /cormun/servlet/solicitudot?5538a56145056b1b83a2ba1c3cc05c4a6c3fde214657eed057602c4d1462b909,gx-no-cache=1653940301551 HTTP/1.1" 200 53
190.171.152.242 - - [30/May/2022:17:04:55 -0300] "POST /cormun/servlet/solicitudot?gx-no-cache=1653940301581 HTTP/1.1" 200 255
190.171.152.242 - - [30/May/2022:17:04:55 -0300] "GET /cormun/servlet/solicitudot?5538a56145056b1b83a2ba1c3cc05c4ae6e2d274991c28dcbe28539e41a12e00afec4238b9550780d2a9df6639752e3e5849a5704780c3c78e6436bc5a9539541aabb30ed6e377d41b3a85f21e377d7a51e28a1ba1256821788729c8d1933ac738b85b2f296bd5cf8788beacc172815e85d6748c490b59a2dedc24d573241f837c770ab309f8ff03035c69cd85ccc70c3346e8279b5464011fb01ab767750a68a40ff973a01fa968eeb68719133fe9bf359ae8230eaf55cbd99a1c46ad44456d8e4cfd20c5fb1dffe5afc318aae39e4f156615cc8e8f2af0aecaf1447fe0bd7de48cce9da8588709318f9953ee142ecb6eea430f4894bcba8878f02a15aba70ac6b41bdf76a23480e3becb83b0d24ce229a4f65ea1bdf2b3d267ea2a46cf266f35b568967cfa7a221d86d8f4b6aebd96f7a17a58802fdcc8daa11470612339d48d70cba556b95862621a5bb344dff15dc6a722f2513d032a079a5c3e8d0aaa75ab1ccc7ec8cac5f3585ae15cf6e6756f2336121f3beab4064118eb9471150449,gx-no-cache=1653940301613 HTTP/1.1" 200 30
190.171.152.242 - - [30/May/2022:17:04:57 -0300] "POST /cormun/servlet/solicitudot?gx-no-cache=1653940303558 HTTP/1.1" 200 30
190.171.152.242 - - [30/May/2022:17:04:59 -0300] "GET /cormun/servlet/prcontratosol?11278530,,,,,MD,,gxPopupLevel%3D0%3B HTTP/1.1" 200 9246
190.171.152.242 - - [30/May/2022:17:05:01 -0300] "POST /cormun/servlet/solicitudot?gx-no-cache=1653940308017 HTTP/1.1" 200 1536
190.171.152.242 - - [30/May/2022:17:05:01 -0300] "GET /cormun/static/Shared/jqueryui/images/ui-bg_highlight-soft_100_c6c2c8_1x100.png HTTP/1.1" 404 1117
190.171.152.242 - - [30/May/2022:17:05:01 -0300] "GET /cormun/static/Shared/jqueryui/images/ui-icons_82798d_256x240.png HTTP/1.1" 404 1089
190.171.152.242 - - [30/May/2022:17:05:01 -0300] "GET /cormun/static/Shared/jqueryui/images/ui-icons_ebccce_256x240.png HTTP/1.1" 404 1089
190.171.152.242 - - [30/May/2022:17:05:01 -0300] "GET /cormun/static/Shared/jqueryui/images/ui-bg_flat_55_994d53_40x100.png HTTP/1.1" 404 1097
190.171.152.242 - - [30/May/2022:17:05:01 -0300] "POST /cormun/servlet/solicitudot?gx-no-cache=1653940308065 HTTP/1.1" 200 117
190.171.152.242 - - [30/May/2022:17:05:01 -0300] "GET /cormun/servlet/solicitudot?5538a56145056b1b83a2ba1c3cc05c4a07de5f3f8f7d128bb67167ffcfc36ce83e567760c1f6a8c5ac14e2e72b4a0de0f265718d37c4914397e12de84740a50238302685b9e05c86df118cb819fb7a698f154b994bd0c176c56667faa4ced288dfc8236f32bffe4c661cf840a7a9b2c0,gx-no-cache=1653940308094 HTTP/1.1" 200 110
190.171.152.242 - - [30/May/2022:17:05:01 -0300] "POST /cormun/servlet/solicitudot?gx-no-cache=1653940308124 HTTP/1.1" 200 64
190.171.152.242 - - [30/May/2022:17:05:01 -0300] "GET /cormun/servlet/solicitudot?5538a56145056b1b83a2ba1c3cc05c4a939e070b3f12c9c6d47c57b62fd9234da8f4bb9c4ad9f2836c3057a5f3fde152683fa74f1ed80f69f64f1352bf1cf4f997c0f6fc19a3167d5a8da4a8f862dbdf6a3541051c7ab1878a2b419b3d0a7e4cc8c1053499ddebe6f7e7c9052bf02e32c41a130d29a34a504d375268b5f9cf84f9f5bd05cf1b2d672283996f698c95e8b26253b17f86c6222859fbe9fed78b29,gx-no-cache=1653940308151 HTTP/1.1" 200 29
190.171.152.242 - - [30/May/2022:17:05:01 -0300] "GET /cormun/servlet/solicitudot?5538a56145056b1b83a2ba1c3cc05c4a2c2a2814a6993e451f3d6715d60e656e48608ec50de0c4cb28ca02d16898542f,gx-no-cache=1653940308178 HTTP/1.1" 200 134
190.171.152.242 - - [30/May/2022:17:05:08 -0300] "GET /cormun/servlet/prcontratosol?11278530,,,,,MD,,gxPopupLevel%3D0%3B HTTP/1.1" 200 9246
190.171.152.242 - - [30/May/2022:17:05:11 -0300] "POST /cormun/servlet/solicitudot?gx-no-cache=1653940318098 HTTP/1.1" 200 1536
190.171.152.242 - - [30/May/2022:17:05:11 -0300] "POST /cormun/servlet/solicitudot?gx-no-cache=1653940318129 HTTP/1.1" 200 121
190.171.152.242 - - [30/May/2022:17:05:11 -0300] "GET /cormun/servlet/solicitudot?5538a56145056b1b83a2ba1c3cc05c4a07de5f3f8f7d128bb67167ffcfc36ce83e567760c1f6a8c5ac14e2e72b4a0de0f265718d37c4914397e12de84740a50238302685b9e05c86df118cb819fb7a698f154b994bd0c176c56667faa4ced288dfc8236f32bffe4c661cf840a7a9b2c0,gx-no-cache=1653940318152 HTTP/1.1" 200 110
190.171.152.242 - - [30/May/2022:17:05:11 -0300] "GET /cormun/servlet/solicitudot?5538a56145056b1b83a2ba1c3cc05c4a2c2a2814a6993e451f3d6715d60e656e48608ec50de0c4cb28ca02d16898542f,gx-no-cache=1653940318176 HTTP/1.1" 200 134
190.171.152.242 - - [30/May/2022:17:05:19 -0300] "POST /cormun/servlet/solicitudot?gx-no-cache=1653940325888 HTTP/1.1" 200 30
190.171.152.242 - - [30/May/2022:17:05:21 -0300] "GET /cormun/servlet/prcontratosol?11278530,,,,,MD,,gxPopupLevel%3D0%3B HTTP/1.1" 200 9246
190.171.152.242 - - [30/May/2022:17:05:23 -0300] "POST /cormun/servlet/solicitudot?gx-no-cache=1653940329862 HTTP/1.1" 200 1454
190.171.152.242 - - [30/May/2022:17:05:23 -0300] "POST /cormun/servlet/solicitudot?gx-no-cache=1653940329892 HTTP/1.1" 200 41
190.171.152.242 - - [30/May/2022:17:05:23 -0300] "GET /cormun/servlet/solicitudot?5538a56145056b1b83a2ba1c3cc05c4a07de5f3f8f7d128bb67167ffcfc36ce83e567760c1f6a8c5ac14e2e72b4a0de0f265718d37c4914397e12de84740a50238302685b9e05c86df118cb819fb7a698f154b994bd0c176c56667faa4ced288dfc8236f32bffe4c661cf840a7a9b2c0,gx-no-cache=1653940329911 HTTP/1.1" 200 110
190.171.152.242 - - [30/May/2022:17:05:23 -0300] "POST /cormun/servlet/solicitudot?gx-no-cache=1653940329931 HTTP/1.1" 200 97
190.171.152.242 - - [30/May/2022:17:05:23 -0300] "GET /cormun/servlet/solicitudot?5538a56145056b1b83a2ba1c3cc05c4a2c2a2814a6993e451f3d6715d60e656e48608ec50de0c4cb28ca02d16898542f,gx-no-cache=1653940329959 HTTP/1.1" 200 134
190.171.152.242 - - [30/May/2022:17:05:36 -0300] "GET /cormun/static/menuarrow.gif HTTP/1.1" 404 1015
190.171.152.234 - - [30/May/2022:17:05:48 -0300] "POST /cormun/servlet/solicitudot?gx-no-cache=1653936778191 HTTP/1.1" 200 109
190.171.152.242 - - [30/May/2022:17:05:50 -0300] "GET /cormun/servlet/solicitudot?5538a56145056b1b83a2ba1c3cc05c4acd71dca5ea58cfc901f87cf34494f5dc37505b946f5f58246218094a0540e92c,gx-no-cache=1653940356442 HTTP/1.1" 200 30
190.171.152.242 - - [30/May/2022:17:05:50 -0300] "POST /cormun/servlet/solicitudot?gx-no-cache=1653940356481 HTTP/1.1" 200 33
190.171.152.234 - - [30/May/2022:17:05:55 -0300] "GET /cormun/servlet/solicitudot?0dac697048d75aba153316e451181a6c3b51a4c24f7f66e48b79ef9812b6e3b34199704c8f71b7718a84e5373e78ef5419568dcfcf333b7afb084e0433286787155f575e4ee5673820ba7f05de421a3341ad56d63abf40028880892a3dedcf4dd32041e5e35da7cc7595c793e48c1662,gx-no-cache=1653936785263 HTTP/1.1" 200 29
190.171.152.234 - - [30/May/2022:17:05:55 -0300] "GET /cormun/static/menuarrow.gif HTTP/1.1" 404 1015
190.171.141.90 - - [30/May/2022:17:05:55 -0300] "POST /cormun/servlet/trlicencias?d9164c11d8d8a363bd2037f03434b658,gx-no-cache=1653940359429 HTTP/1.1" 440 972
190.171.141.90 - - [30/May/2022:17:05:57 -0300] "GET /cormun/servlet/trlicencias HTTP/1.1" 200 16332
190.171.141.90 - - [30/May/2022:17:05:57 -0300] "GET /cormun/static/gxcfg.js?2020121613995 HTTP/1.1" 200 953
190.171.141.90 - - [30/May/2022:17:05:57 -0300] "GET /cormun/static/trlicencias.js?202012162481 HTTP/1.1" 200 41883
190.171.141.90 - - [30/May/2022:17:05:57 -0300] "GET /cormun/servlet/trlicencias HTTP/1.1" 200 16332
190.171.141.90 - - [30/May/2022:17:05:59 -0300] "GET /cormun/servlet/licenciaspermisos?INS,0,,, HTTP/1.1" 200 7579
190.171.141.90 - - [30/May/2022:17:05:59 -0300] "GET /cormun/static/gxcfg.js?202012153173 HTTP/1.1" 200 953
190.171.141.90 - - [30/May/2022:17:05:59 -0300] "GET /cormun/static/licenciaspermisos.js?2020121532136 HTTP/1.1" 200 38824
190.171.141.90 - - [30/May/2022:17:05:59 -0300] "GET /cormun/servlet/licenciaspermisos?INS,0,,, HTTP/1.1" 200 7587
190.171.152.242 - - [30/May/2022:17:05:59 -0300] "POST /cormun/servlet/solicitudot?36ddb8c7bac3bd3eb692819bb21fefb3,INS,0,0,false,,gx-no-cache=1653940365489 HTTP/1.1" 200 93
190.171.152.242 - - [30/May/2022:17:05:59 -0300] "GET /cormun/servlet/hpexe_return? HTTP/1.1" 200 1032
190.171.152.242 - - [30/May/2022:17:05:59 -0300] "GET /cormun/servlet/trsolicitudot?gx-no-cache=1653938938235 HTTP/1.1" 200 8633
190.171.152.242 - - [30/May/2022:17:05:59 -0300] "GET /cormun/servlet/trsolicitudot?gx-no-cache=1653938938235 HTTP/1.1" 200 8650
190.171.141.90 - - [30/May/2022:17:06:02 -0300] "GET /cormun/servlet/trpermisosgoce? HTTP/1.1" 200 18973
190.171.152.242 - - [30/May/2022:17:06:02 -0300] "POST /cormun/servlet/trsolicitudot?36ddb8c7bac3bd3eb692819bb21fefb3,gx-no-cache=1653938938235,gx-no-cache=1653940368704 HTTP/1.1" 200 4571
190.171.152.242 - - [30/May/2022:17:06:02 -0300] "GET /cormun/static/Shared/jqueryui/images/ui-bg_highlight-soft_100_c6c2c8_1x100.png HTTP/1.1" 404 1117
190.171.152.242 - - [30/May/2022:17:06:02 -0300] "GET /cormun/static/Shared/jqueryui/images/ui-icons_82798d_256x240.png HTTP/1.1" 404 1089
190.171.152.242 - - [30/May/2022:17:06:02 -0300] "GET /cormun/static/Shared/jqueryui/images/ui-bg_flat_55_fafafa_40x100.png HTTP/1.1" 404 1097
190.171.152.242 - - [30/May/2022:17:06:02 -0300] "GET /cormun/static/Shared/jqueryui/images/ui-icons_8d78a5_256x240.png HTTP/1.1" 404 1089
190.171.152.242 - - [30/May/2022:17:06:02 -0300] "POST /cormun/servlet/trsolicitudot?36ddb8c7bac3bd3eb692819bb21fefb3,gx-no-cache=1653938938235,gx-no-cache=1653940368892 HTTP/1.1" 200 4336
190.171.141.90 - - [30/May/2022:17:06:02 -0300] "GET /cormun/servlet/trpermisosgoce? HTTP/1.1" 200 18972
190.171.152.234 - - [30/May/2022:17:06:03 -0300] "GET /cormun/servlet/solicitudot?0dac697048d75aba153316e451181a6c5c3a2e4f4fb94dc56aed96a0ceeb1321e0d461b95b9487a9d87a5f1131918c38,gx-no-cache=1653936792917 HTTP/1.1" 200 30
190.171.141.90 - - [30/May/2022:17:06:05 -0300] "GET /cormun/servlet/permisogoce?INS,0,,, HTTP/1.1" 200 6832
190.171.141.90 - - [30/May/2022:17:06:05 -0300] "GET /cormun/servlet/permisogoce?INS,0,,, HTTP/1.1" 200 6832
190.171.152.242 - - [30/May/2022:17:06:06 -0300] "GET /cormun/servlet/solicitudot?INS,0,0,false, HTTP/1.1" 200 15741
190.171.152.242 - - [30/May/2022:17:06:06 -0300] "GET /cormun/servlet/solicitudot?INS,0,0,false, HTTP/1.1" 200 15725
190.171.141.90 - - [30/May/2022:17:06:09 -0300] "GET /cormun/servlet/prfichaempleado?,MD,,gxPopupLevel%3D0%3B HTTP/1.1" 200 9269
190.171.152.234 - - [30/May/2022:17:06:10 -0300] "POST /cormun/servlet/solicitudot?gx-no-cache=1653936799751 HTTP/1.1" 200 30
190.171.152.242 - - [30/May/2022:17:06:10 -0300] "GET /cormun/servlet/prfichaempleado?,MD,,gxPopupLevel%3D0%3B HTTP/1.1" 200 9301
190.171.142.50 - - [30/May/2022:17:06:18 -0300] "GET /cormun/servlet/hlogin HTTP/1.1" 200 1727
190.171.141.90 - - [30/May/2022:17:06:20 -0300] "POST /cormun/servlet/prfichaempleado?5153fc49d51dd606dc03d6e995aea310,,MD,,gxPopupLevel%3D0%3B,gx-no-cache=1653940383752 HTTP/1.1" 200 6234
190.171.152.242 - - [30/May/2022:17:06:24 -0300] "POST /cormun/servlet/prfichaempleado?36ddb8c7bac3bd3eb692819bb21fefb3,,MD,,gxPopupLevel%3D0%3B,gx-no-cache=1653940391055 HTTP/1.1" 200 3180
190.171.142.50 - - [30/May/2022:17:06:24 -0300] "POST /cormun/servlet/hlogin?d62f09ef5cf59d86af8c5b05e9e1fe05,gx-no-cache=1653942723544 HTTP/1.1" 200 90
190.171.142.50 - - [30/May/2022:17:06:24 -0300] "GET /cormun/servlet/hpexe_link HTTP/1.1" 200 953
190.171.142.50 - - [30/May/2022:17:06:25 -0300] "GET /cormun/servlet/hhome HTTP/1.1" 200 3946
190.171.142.50 - - [30/May/2022:17:06:25 -0300] "GET /cormun/servlet/hhome HTTP/1.1" 200 3942
190.171.152.242 - - [30/May/2022:17:06:27 -0300] "POST /cormun/servlet/prfichaempleado?36ddb8c7bac3bd3eb692819bb21fefb3,,MD,,gxPopupLevel%3D0%3B,gx-no-cache=1653940393453 HTTP/1.1" 200 3180
190.171.142.50 - - [30/May/2022:17:06:28 -0300] "GET /cormun/servlet/trsolicitudot? HTTP/1.1" 200 7164
190.171.142.50 - - [30/May/2022:17:06:28 -0300] "GET /cormun/servlet/trsolicitudot? HTTP/1.1" 200 7163
190.171.142.50 - - [30/May/2022:17:06:32 -0300] "GET /cormun/servlet/solicitudot?INS,0,0,false, HTTP/1.1" 200 15669
190.171.142.50 - - [30/May/2022:17:06:32 -0300] "GET /cormun/servlet/solicitudot?INS,0,0,false, HTTP/1.1" 200 15677
190.171.142.50 - - [30/May/2022:17:06:46 -0300] "POST /cormun/servlet/solicitudot?gx-no-cache=1653942745505 HTTP/1.1" 200 3858
190.171.142.50 - - [30/May/2022:17:06:47 -0300] "POST /cormun/servlet/solicitudot?d62f09ef5cf59d86af8c5b05e9e1fe05,INS,0,0,false,,gx-no-cache=1653942745617 HTTP/1.1" 200 12393
190.171.142.50 - - [30/May/2022:17:06:49 -0300] "GET /cormun/servlet/solicitudot?5f4a42cec6362bd20ad996dae1f45efbd4510ac48c85e90194508d3c1a08cac9a696998f3a53180fbea6e906d4028102,gx-no-cache=1653942748170 HTTP/1.1" 200 30
190.171.141.90 - - [30/May/2022:17:06:50 -0300] "POST /cormun/servlet/prfichaempleado?5153fc49d51dd606dc03d6e995aea310,,MD,,gxPopupLevel%3D0%3B,gx-no-cache=1653940414245 HTTP/1.1" 200 3407
190.171.141.90 - - [30/May/2022:17:06:55 -0300] "GET /cormun/servlet/permisogoce?f58d98f302bc64f895d6e895cffa9d5b2335c6ad1254b94a174063f835a5ad0ae0e88fea703b498246aa42934e7e4079d34d27ff1d24ca14dd1eb794b1a26af4,gx-no-cache=1653940418873 HTTP/1.1" 200 87
190.171.141.90 - - [30/May/2022:17:06:55 -0300] "GET /cormun/static/menuarrow.gif HTTP/1.1" 404 1015
190.171.141.90 - - [30/May/2022:17:07:07 -0300] "GET /cormun/servlet/permisogoce?f58d98f302bc64f895d6e895cffa9d5bedb550eab718e921e205f51a96121163c2f228d9fb77142377bb17f12291434b0861cfed7e6827b7badb90104f4371a4,gx-no-cache=1653940431033 HTTP/1.1" 200 45
190.171.141.90 - - [30/May/2022:17:07:19 -0300] "POST /cormun/servlet/permisogoce?5153fc49d51dd606dc03d6e995aea310,INS,0,,,,gx-no-cache=1653940443263 HTTP/1.1" 200 93
190.171.141.90 - - [30/May/2022:17:07:19 -0300] "GET /cormun/servlet/hpexe_return? HTTP/1.1" 200 1008
190.171.141.90 - - [30/May/2022:17:07:20 -0300] "GET /cormun/servlet/trpermisosgoce HTTP/1.1" 200 19048
190.171.141.90 - - [30/May/2022:17:07:20 -0300] "GET /cormun/servlet/trpermisosgoce HTTP/1.1" 200 19036
190.171.152.242 - - [30/May/2022:17:07:31 -0300] "POST /cormun/servlet/solicitudot?gx-no-cache=1653940457999 HTTP/1.1" 200 3858
190.171.152.242 - - [30/May/2022:17:07:31 -0300] "POST /cormun/servlet/solicitudot?36ddb8c7bac3bd3eb692819bb21fefb3,INS,0,0,false,,gx-no-cache=1653940458208 HTTP/1.1" 200 12423
190.171.152.242 - - [30/May/2022:17:07:34 -0300] "GET /cormun/servlet/solicitudot?5538a56145056b1b83a2ba1c3cc05c4a15430c6446e62160575f69c0b00e300c8de5ec3387f350314e84218fe4821e3d,gx-no-cache=1653940460514 HTTP/1.1" 200 30
190.171.142.50 - - [30/May/2022:17:07:44 -0300] "GET /cormun/servlet/prbanco?,MD,,gxPopupLevel%3D0%3B HTTP/1.1" 200 6503
190.171.142.50 - - [30/May/2022:17:07:47 -0300] "GET /cormun/servlet/solicitudot?5f4a42cec6362bd20ad996dae1f45efbb51de75780f7c6efcc3a33bcdcabe465a9a0bfb6a8aef4af5f05493f9b71d3fcd8ae95a98ac4d7adb185b32d7da449ad,gx-no-cache=1653942806616 HTTP/1.1" 200 30
190.171.142.50 - - [30/May/2022:17:07:49 -0300] "GET /cormun/servlet/solicitudot?5f4a42cec6362bd20ad996dae1f45efb6f686c4e9d9da4a14eeec73b6cacafbd,gx-no-cache=1653942807732 HTTP/1.1" 200 53
190.171.142.50 - - [30/May/2022:17:08:02 -0300] "POST /cormun/servlet/solicitudot?gx-no-cache=1653942821068 HTTP/1.1" 200 240
190.171.142.50 - - [30/May/2022:17:08:04 -0300] "GET /cormun/servlet/solicitudot?5f4a42cec6362bd20ad996dae1f45efbe6a4c312f393856aa59a3c26e5bee648927446a53b2b4d7e90d7774223631fdf80c03c5916aa9a3bfab217e76d01badf69d3df912fa84bd8bac24739ae4e8380b8419ad019b5d01db2387b6e74e651c699b8eb4e4676e9bf0e6cffa1b87ad23db60b67c3afa03f7335cfd60de7bf960b84bd0f85fc0462c92fb0f617634f3e3f1b9ef1228fe4b01040530956e50e310dd266d592f29f4bdd68c374266ec25a66462894ac0c59bfa879935149e10cdc086bfdad7346a852561cc7cb9542e5d3b4ab175f7cbdfd6b4786c1ecc806c85a4a7af88b748cd4bca4994bbf8ff73b334e8f2586e1af20e0125917a0de1c725ddf0b8576339aba112d67b48056bb42885f17a97ba618fc12ac82913e94490eb3ef8cbf0cf68566dbabf26b484cac3d3a1c4ceaf42f78e603e1015c960b05f01c20d8db1ce9e29219b23e97724d50457bd9d71ed7a7c7609ca41e48f8d5d24edb767a7dea3117cb22aef88944bf0fd0307591ad3564423b72546aba8406ff29bbe8,gx-no-cache=1653942822925 HTTP/1.1" 200 30
190.171.142.50 - - [30/May/2022:17:08:06 -0300] "POST /cormun/servlet/solicitudot?gx-no-cache=1653942825139 HTTP/1.1" 200 30
190.171.142.50 - - [30/May/2022:17:08:08 -0300] "GET /cormun/servlet/prfichaempleado?,MD,,gxPopupLevel%3D0%3B HTTP/1.1" 200 9245
190.171.152.242 - - [30/May/2022:17:08:14 -0300] "GET /cormun/servlet/prbanco?,MD,,gxPopupLevel%3D0%3B HTTP/1.1" 200 6556
190.171.142.50 - - [30/May/2022:17:08:20 -0300] "POST /cormun/servlet/prfichaempleado?d62f09ef5cf59d86af8c5b05e9e1fe05,,MD,,gxPopupLevel%3D0%3B,gx-no-cache=1653942838691 HTTP/1.1" 200 3404
190.171.142.50 - - [30/May/2022:17:08:23 -0300] "GET /cormun/servlet/prlicenciaspermisos?15125128,L,,MD,,gxPopupLevel%3D0%3B HTTP/1.1" 200 6127
190.171.142.50 - - [30/May/2022:17:08:25 -0300] "POST /cormun/servlet/solicitudot?gx-no-cache=1653942844460 HTTP/1.1" 200 1454
190.171.152.242 - - [30/May/2022:17:08:26 -0300] "GET /cormun/servlet/solicitudot?5538a56145056b1b83a2ba1c3cc05c4a357ac24f78d8dec3b6d63d0602872f04,gx-no-cache=1653940512438 HTTP/1.1" 200 94
190.171.152.242 - - [30/May/2022:17:08:26 -0300] "GET /cormun/static/Shared/jqueryui/images/ui-bg_highlight-soft_100_c6c2c8_1x100.png HTTP/1.1" 404 1117
190.171.152.242 - - [30/May/2022:17:08:26 -0300] "GET /cormun/static/Shared/jqueryui/images/ui-bg_flat_55_994d53_40x100.png HTTP/1.1" 404 1097
190.171.152.242 - - [30/May/2022:17:08:26 -0300] "GET /cormun/static/Shared/jqueryui/images/ui-icons_82798d_256x240.png HTTP/1.1" 404 1089
190.171.152.242 - - [30/May/2022:17:08:26 -0300] "GET /cormun/static/Shared/jqueryui/images/ui-icons_ebccce_256x240.png HTTP/1.1" 404 1089
190.171.142.50 - - [30/May/2022:17:08:26 -0300] "POST /cormun/servlet/solicitudot?gx-no-cache=1653942845683 HTTP/1.1" 200 41
190.171.152.242 - - [30/May/2022:17:08:28 -0300] "GET /cormun/servlet/solicitudot?5538a56145056b1b83a2ba1c3cc05c4a6c3fde214657eed057602c4d1462b909,gx-no-cache=1653940514422 HTTP/1.1" 200 53
190.171.142.50 - - [30/May/2022:17:08:32 -0300] "GET /cormun/servlet/solicitudot?5f4a42cec6362bd20ad996dae1f45efbd5189247ebb14b284b20128cdd32c6ba5b12f540fb050015cad2b37465bfdf26e0abb5668b09672c622a4da4cf9aa12f2144643071abbaf3c089a9dde770257463973c1d93844279fc0897d0e8f03c75046af9eddd67fe82c48cd035dc2edcac,gx-no-cache=1653942850857 HTTP/1.1" 200 110
190.171.142.50 - - [30/May/2022:17:08:32 -0300] "POST /cormun/servlet/solicitudot?gx-no-cache=1653942850878 HTTP/1.1" 200 97
190.171.141.90 - - [30/May/2022:17:08:35 -0300] "GET /cormun/servlet/trpermisosadjuntos?17505641,20220530154958,P, HTTP/1.1" 200 6298
190.171.141.90 - - [30/May/2022:17:08:35 -0300] "GET /cormun/servlet/trpermisosadjuntos?17505641,20220530154958,P, HTTP/1.1" 200 6298
190.171.142.50 - - [30/May/2022:17:08:36 -0300] "GET /cormun/servlet/solicitudot?5f4a42cec6362bd20ad996dae1f45efbb1a2ed2029cd9f37f671ec95f393e53952fffb73f24ba5878a955b6294aac2e74d0e4b331b206710de8fb2839604939d43641d10746b748f7cd6a271b978fc9994b8d1ba0227a79930a304f74251a7df7a0c3e9aa19cc8b4a4cb13e40d336476,gx-no-cache=1653942855177 HTTP/1.1" 200 29
190.171.142.50 - - [30/May/2022:17:08:36 -0300] "GET /cormun/static/menuarrow.gif HTTP/1.1" 404 1015
190.171.141.90 - - [30/May/2022:17:08:37 -0300] "GET /cormun/servlet/permisosadjuntos?INS,17505641,P,20220530154958,, HTTP/1.1" 200 5618
190.171.141.90 - - [30/May/2022:17:08:37 -0300] "GET /cormun/static/about:blank HTTP/1.1" 404 1011
190.171.141.90 - - [30/May/2022:17:08:37 -0300] "GET /cormun/servlet/permisosadjuntos?INS,17505641,P,20220530154958,, HTTP/1.1" 200 5608
190.171.142.50 - - [30/May/2022:17:08:39 -0300] "GET /cormun/servlet/solicitudot?5f4a42cec6362bd20ad996dae1f45efb6db6ad0b9cb88409f1773ca9d86a218398196f2805186f311c41a96452841d8f,gx-no-cache=1653942857714 HTTP/1.1" 200 30
190.171.142.50 - - [30/May/2022:17:08:39 -0300] "POST /cormun/servlet/solicitudot?gx-no-cache=1653942857734 HTTP/1.1" 200 34
190.171.152.242 - - [30/May/2022:17:08:42 -0300] "POST /cormun/servlet/solicitudot?gx-no-cache=1653940529326 HTTP/1.1" 200 255
190.171.152.234 - - [30/May/2022:17:08:44 -0300] "POST /cormun/servlet/solicitudot?bb0e6e537e388f48cbd1fde9c8d4aefd,INS,0,0,false,,gx-no-cache=1653936954225 HTTP/1.1" 200 93
190.171.152.234 - - [30/May/2022:17:08:44 -0300] "GET /cormun/servlet/hpexe_return? HTTP/1.1" 200 1013
190.171.152.234 - - [30/May/2022:17:08:45 -0300] "GET /cormun/servlet/trsolicitudot HTTP/1.1" 200 8896
190.171.152.234 - - [30/May/2022:17:08:45 -0300] "GET /cormun/servlet/trsolicitudot HTTP/1.1" 200 8892
190.171.141.90 - - [30/May/2022:17:08:45 -0300] "POST /cormun/servlet/permisosadjuntos?5153fc49d51dd606dc03d6e995aea310,INS,17505641,P,20220530154958,, HTTP/1.1" 200 116
190.171.141.90 - - [30/May/2022:17:08:45 -0300] "GET /cormun/servlet/hpexe_return? HTTP/1.1" 200 1037
190.171.141.90 - - [30/May/2022:17:08:45 -0300] "GET /cormun/servlet/trpermisosadjuntos?17505641,20220530154958,P, HTTP/1.1" 200 6787
190.171.141.90 - - [30/May/2022:17:08:46 -0300] "GET /cormun/servlet/trpermisosadjuntos?17505641,20220530154958,P, HTTP/1.1" 200 6785
190.171.141.90 - - [30/May/2022:17:08:48 -0300] "POST /cormun/servlet/trpermisosadjuntos?5153fc49d51dd606dc03d6e995aea310,17505641,20220530154958,P,,gx-no-cache=1653940531967 HTTP/1.1" 200 90
190.171.141.90 - - [30/May/2022:17:08:48 -0300] "GET /cormun/servlet/hpexe_link HTTP/1.1" 200 983
190.171.141.90 - - [30/May/2022:17:08:48 -0300] "GET /cormun/servlet/trpermisosgoce HTTP/1.1" 200 19039
190.171.152.242 - - [30/May/2022:17:08:48 -0300] "GET /cormun/servlet/solicitudot?5538a56145056b1b83a2ba1c3cc05c4ae6e2d274991c28dcbe28539e41a12e00afec4238b9550780d2a9df6639752e3e5849a5704780c3c78e6436bc5a9539541aabb30ed6e377d41b3a85f21e377d7a51e28a1ba1256821788729c8d1933ac738b85b2f296bd5cf8788beacc172815e85d6748c490b59a2dedc24d573241f837c770ab309f8ff03035c69cd85ccc70c3346e8279b5464011fb01ab767750a68a40ff973a01fa968eeb68719133fe9bf359ae8230eaf55cbd99a1c46ad44456d8e4cfd20c5fb1dffe5afc318aae39e4f156615cc8e8f2af0aecaf1447fe0bd7de48cce9da8588709318f9953ee142ecb6eea430f4894bcba8878f02a15aba70ac6b41bdf76a23480e3becb83b0d24ce229a4f65ea1bdf2b3d267ea2a46cf266f35b568967cfa7a221d86d8f4b6aebd96f7a17a58802fdcc8daa11470612339d48d70cba556b95862621a5bb344dff15dc6a722f2513d032a079a5c3e8d0aaa75ab1ccc7ec8cac5f3585ae15cf6e6756f2336121f3beab4064118eb9471150449,gx-no-cache=1653940535305 HTTP/1.1" 200 30
190.171.141.90 - - [30/May/2022:17:08:49 -0300] "GET /cormun/servlet/trpermisosgoce HTTP/1.1" 200 19032
190.171.152.242 - - [30/May/2022:17:08:52 -0300] "POST /cormun/servlet/solicitudot?gx-no-cache=1653940538526 HTTP/1.1" 200 30
190.171.141.90 - - [30/May/2022:17:08:53 -0300] "POST /cormun/servlet/trpermisosgoce?5153fc49d51dd606dc03d6e995aea310,gx-no-cache=1653940536684 HTTP/1.1" 200 16342
190.171.141.90 - - [30/May/2022:17:08:53 -0300] "GET /cormun/static/Shared/jqueryui/images/ui-bg_highlight-soft_100_c6c2c8_1x100.png HTTP/1.1" 404 1117
190.171.141.90 - - [30/May/2022:17:08:53 -0300] "GET /cormun/static/Shared/jqueryui/images/ui-icons_82798d_256x240.png HTTP/1.1" 404 1089
190.171.141.90 - - [30/May/2022:17:08:53 -0300] "GET /cormun/static/Shared/jqueryui/images/ui-icons_8d78a5_256x240.png HTTP/1.1" 404 1089
190.171.141.90 - - [30/May/2022:17:08:53 -0300] "GET /cormun/static/Shared/jqueryui/images/ui-bg_flat_55_fafafa_40x100.png HTTP/1.1" 404 1097
190.171.152.242 - - [30/May/2022:17:08:54 -0300] "POST /cormun/servlet/solicitudot?gx-no-cache=1653940541217 HTTP/1.1" 200 1454
190.171.152.242 - - [30/May/2022:17:08:54 -0300] "POST /cormun/servlet/solicitudot?gx-no-cache=1653940541267 HTTP/1.1" 200 38
190.171.152.242 - - [30/May/2022:17:09:00 -0300] "GET /cormun/servlet/prcontratosol?15153399,,,,,MD,,gxPopupLevel%3D0%3B HTTP/1.1" 200 9078
190.171.152.242 - - [30/May/2022:17:09:03 -0300] "POST /cormun/servlet/solicitudot?gx-no-cache=1653940549497 HTTP/1.1" 200 1454
190.171.152.242 - - [30/May/2022:17:09:03 -0300] "POST /cormun/servlet/solicitudot?gx-no-cache=1653940549559 HTTP/1.1" 200 38
190.171.152.242 - - [30/May/2022:17:09:03 -0300] "GET /cormun/servlet/solicitudot?5538a56145056b1b83a2ba1c3cc05c4a07de5f3f8f7d128bb67167ffcfc36ce83e567760c1f6a8c5ac14e2e72b4a0de0f265718d37c4914397e12de84740a50238302685b9e05c86df118cb819fb7a698f154b994bd0c176c56667faa4ced288dfc8236f32bffe4c661cf840a7a9b2c0,gx-no-cache=1653940549584 HTTP/1.1" 200 110
190.171.152.242 - - [30/May/2022:17:09:03 -0300] "POST /cormun/servlet/solicitudot?gx-no-cache=1653940549619 HTTP/1.1" 200 97
190.171.152.242 - - [30/May/2022:17:09:03 -0300] "GET /cormun/servlet/solicitudot?5538a56145056b1b83a2ba1c3cc05c4a939e070b3f12c9c6d47c57b62fd9234da8f4bb9c4ad9f2836c3057a5f3fde1523fe4e7f3775269fe86322cb8609ff58e06930c597cdf4020153e99ea5f3f878ba33040dad6285a9288281f534bbcda0a5c0f7cf44c6999fd8afdcaa0e0097286,gx-no-cache=1653940549653 HTTP/1.1" 200 29
190.171.152.242 - - [30/May/2022:17:09:03 -0300] "GET /cormun/servlet/solicitudot?5538a56145056b1b83a2ba1c3cc05c4afc9a36c0fa49a52a1b91dbe7fa76940b48608ec50de0c4cb28ca02d16898542f,gx-no-cache=1653940549680 HTTP/1.1" 200 134
190.171.142.50 - - [30/May/2022:17:09:05 -0300] "POST /cormun/servlet/solicitudot?d62f09ef5cf59d86af8c5b05e9e1fe05,INS,0,0,false,,gx-no-cache=1653942883531 HTTP/1.1" 200 93
190.171.142.50 - - [30/May/2022:17:09:05 -0300] "GET /cormun/servlet/hpexe_return? HTTP/1.1" 200 1012
190.171.142.50 - - [30/May/2022:17:09:05 -0300] "GET /cormun/servlet/trsolicitudot HTTP/1.1" 200 8580
190.171.142.50 - - [30/May/2022:17:09:05 -0300] "GET /cormun/servlet/trsolicitudot HTTP/1.1" 200 8579
190.171.152.242 - - [30/May/2022:17:09:15 -0300] "GET /cormun/static/menuarrow.gif HTTP/1.1" 404 1015
190.171.152.242 - - [30/May/2022:17:09:23 -0300] "GET /cormun/servlet/solicitudot?5538a56145056b1b83a2ba1c3cc05c4acd71dca5ea58cfc901f87cf34494f5dc37505b946f5f58246218094a0540e92c,gx-no-cache=1653940570249 HTTP/1.1" 200 30
190.171.152.242 - - [30/May/2022:17:09:23 -0300] "POST /cormun/servlet/solicitudot?gx-no-cache=1653940570285 HTTP/1.1" 200 33
190.171.152.242 - - [30/May/2022:17:09:29 -0300] "POST /cormun/servlet/solicitudot?36ddb8c7bac3bd3eb692819bb21fefb3,INS,0,0,false,,gx-no-cache=1653940575567 HTTP/1.1" 200 12808
190.171.142.50 - - [30/May/2022:17:09:52 -0300] "GET /cormun/servlet/solicitudot?INS,0,0,false, HTTP/1.1" 200 15671
190.171.142.50 - - [30/May/2022:17:09:52 -0300] "GET /cormun/servlet/solicitudot?INS,0,0,false, HTTP/1.1" 200 15678
190.171.142.50 - - [30/May/2022:17:10:01 -0300] "POST /cormun/servlet/solicitudot?gx-no-cache=1653942939829 HTTP/1.1" 200 3858
190.171.142.50 - - [30/May/2022:17:10:01 -0300] "POST /cormun/servlet/solicitudot?d62f09ef5cf59d86af8c5b05e9e1fe05,INS,0,0,false,,gx-no-cache=1653942939925 HTTP/1.1" 200 12392
190.171.142.50 - - [30/May/2022:17:10:03 -0300] "GET /cormun/servlet/solicitudot?5f4a42cec6362bd20ad996dae1f45efbd4510ac48c85e90194508d3c1a08cac9a696998f3a53180fbea6e906d4028102,gx-no-cache=1653942942293 HTTP/1.1" 200 30
190.171.141.90 - - [30/May/2022:17:10:18 -0300] "GET /cormun/servlet/permisogoce?INS,0,,, HTTP/1.1" 200 6832
190.171.141.90 - - [30/May/2022:17:10:19 -0300] "GET /cormun/servlet/permisogoce?INS,0,,, HTTP/1.1" 200 6832
190.171.141.90 - - [30/May/2022:17:10:21 -0300] "GET /cormun/servlet/prfichaempleado?,MD,,gxPopupLevel%3D0%3B HTTP/1.1" 200 9269
190.171.152.242 - - [30/May/2022:17:10:26 -0300] "GET /cormun/servlet/solicitudot?5538a56145056b1b83a2ba1c3cc05c4a80913ae7a45d7c959fbff8714f5d29617a785f84452d3ab5df66ad77df734e8f7400c1de40fd438aaf260e77b0611cfe,gx-no-cache=1653940633252 HTTP/1.1" 200 103
190.171.152.242 - - [30/May/2022:17:10:26 -0300] "GET /cormun/servlet/solicitudot?5538a56145056b1b83a2ba1c3cc05c4ae6e2d274991c28dcbe28539e41a12e00afec4238b9550780d2a9df6639752e3e5849a5704780c3c78e6436bc5a9539541aabb30ed6e377d41b3a85f21e377d7a51e28a1ba1256821788729c8d1933ac738b85b2f296bd5cf8788beacc172815e85d6748c490b59a2dedc24d573241f837c770ab309f8ff03035c69cd85ccc70c3346e8279b5464011fb01ab767750a68a40ff973a01fa968eeb68719133fe9bf359ae8230eaf55cbd99a1c46ad44456d8e4cfd20c5fb1dffe5afc318aae39e4f156615cc8e8f2af0aecaf1447fe0bd7de48cce9da8588709318f9953ee142ecb6eea430f4894bcba8878f02a15aba70ac6b41bdf76a23480e3becb83b0d24ce229a4f65ea1bdf2b3d267ea2a46cf266f35b568967cfa7a221d86d8f4b6aebd96f7a17a58802fdcc8daa11470612339d48d70cba556b95862621a5bb344dff15dc6a722f2513d032a079a5c3e8d0aaa75ab1ccc7ec8cac5f3585ae15cf6e6756feab402e823a2c10df16e53831a0e5220,gx-no-cache=1653940633298 HTTP/1.1" 200 30
190.171.152.242 - - [30/May/2022:17:10:26 -0300] "POST /cormun/servlet/solicitudot?gx-no-cache=1653940633324 HTTP/1.1" 200 30
190.171.152.242 - - [30/May/2022:17:10:27 -0300] "POST /cormun/servlet/solicitudot?gx-no-cache=1653940633371 HTTP/1.1" 200 1454
190.171.152.242 - - [30/May/2022:17:10:27 -0300] "POST /cormun/servlet/solicitudot?gx-no-cache=1653940633430 HTTP/1.1" 200 41
190.171.152.242 - - [30/May/2022:17:10:27 -0300] "GET /cormun/servlet/solicitudot?5538a56145056b1b83a2ba1c3cc05c4a07de5f3f8f7d128bb67167ffcfc36ce83e567760c1f6a8c5ac14e2e72b4a0de0f265718d37c4914397e12de84740a50238302685b9e05c86df118cb819fb7a698f154b994bd0c176c56667faa4ced288dfc8236f32bffe4c661cf840a7a9b2c0,gx-no-cache=1653940633477 HTTP/1.1" 200 110
190.171.152.242 - - [30/May/2022:17:10:27 -0300] "POST /cormun/servlet/solicitudot?gx-no-cache=1653940633527 HTTP/1.1" 200 97
190.171.152.242 - - [30/May/2022:17:10:27 -0300] "GET /cormun/servlet/solicitudot?5538a56145056b1b83a2ba1c3cc05c4acd71dca5ea58cfc901f87cf34494f5dc37505b946f5f58246218094a0540e92c,gx-no-cache=1653940633576 HTTP/1.1" 200 30
190.171.152.242 - - [30/May/2022:17:10:27 -0300] "POST /cormun/servlet/solicitudot?gx-no-cache=1653940633617 HTTP/1.1" 200 33
190.171.152.242 - - [30/May/2022:17:10:27 -0300] "POST /cormun/servlet/solicitudot?36ddb8c7bac3bd3eb692819bb21fefb3,INS,0,0,false,,gx-no-cache=1653940633695 HTTP/1.1" 200 12890
190.171.141.90 - - [30/May/2022:17:10:30 -0300] "POST /cormun/servlet/prfichaempleado?5153fc49d51dd606dc03d6e995aea310,,MD,,gxPopupLevel%3D0%3B,gx-no-cache=1653940634415 HTTP/1.1" 200 6271
190.171.141.90 - - [30/May/2022:17:10:37 -0300] "POST /cormun/servlet/prfichaempleado?5153fc49d51dd606dc03d6e995aea310,,MD,,gxPopupLevel%3D0%3B,gx-no-cache=1653940640758 HTTP/1.1" 200 3410
190.171.152.242 - - [30/May/2022:17:10:38 -0300] "GET /cormun/servlet/solicitudot?5538a56145056b1b83a2ba1c3cc05c4a80913ae7a45d7c959fbff8714f5d296115e51645a98328945f6c2f5912b793a5440230391539fe73f1a433fb0e8942c68de5ec3387f350314e84218fe4821e3d,gx-no-cache=1653940644796 HTTP/1.1" 200 30
190.171.152.242 - - [30/May/2022:17:10:38 -0300] "GET /cormun/servlet/solicitudot?5538a56145056b1b83a2ba1c3cc05c4ae6e2d274991c28dcbe28539e41a12e00afec4238b9550780d2a9df6639752e3e5849a5704780c3c78e6436bc5a9539541aabb30ed6e377d41b3a85f21e377d7a51e28a1ba1256821788729c8d1933ac738b85b2f296bd5cf8788beacc172815e85d6748c490b59a2dedc24d573241f837c770ab309f8ff03035c69cd85ccc70c3346e8279b5464011fb01ab767750a68a40ff973a01fa968eeb68719133fe9bf359ae8230eaf55cbd99a1c46ad44456d8e4cfd20c5fb1dffe5afc318aae39e4f156615cc8e8f2af0aecaf1447fe0bd7de48cce9da8588709318f9953ee142ecb6eea430f4894bcba8878f02a15aba70ac6b41bdf76a23480e3becb83b0d24ce229a4f65ea1bdf2b3d267ea2a46cf266f35b568967cfa7a221d86d8f4b6aebd96f7a17a58802fdcc8daa11470612339d48d70cba556b95862621a5bb344dff15dc6a722f2513d032a079a5c3e8d0aaa75ab1ccc7ec8cac5f3585ae15cf6e6756feab402e823a2c10df16e53831a0e5220,gx-no-cache=1653940644884 HTTP/1.1" 200 30
190.171.152.242 - - [30/May/2022:17:10:38 -0300] "POST /cormun/servlet/solicitudot?gx-no-cache=1653940644972 HTTP/1.1" 200 30
190.171.152.242 - - [30/May/2022:17:10:38 -0300] "POST /cormun/servlet/solicitudot?gx-no-cache=1653940645062 HTTP/1.1" 200 1454
190.171.152.242 - - [30/May/2022:17:10:38 -0300] "POST /cormun/servlet/solicitudot?gx-no-cache=1653940645162 HTTP/1.1" 200 41
190.171.152.242 - - [30/May/2022:17:10:38 -0300] "GET /cormun/servlet/solicitudot?5538a56145056b1b83a2ba1c3cc05c4a07de5f3f8f7d128bb67167ffcfc36ce83e567760c1f6a8c5ac14e2e72b4a0de0f265718d37c4914397e12de84740a50238302685b9e05c86df118cb819fb7a698f154b994bd0c176c56667faa4ced288dfc8236f32bffe4c661cf840a7a9b2c0,gx-no-cache=1653940645250 HTTP/1.1" 200 110
190.171.152.242 - - [30/May/2022:17:10:39 -0300] "POST /cormun/servlet/solicitudot?gx-no-cache=1653940645342 HTTP/1.1" 200 97
190.171.152.242 - - [30/May/2022:17:10:39 -0300] "GET /cormun/servlet/solicitudot?5538a56145056b1b83a2ba1c3cc05c4acd71dca5ea58cfc901f87cf34494f5dc37505b946f5f58246218094a0540e92c,gx-no-cache=1653940645433 HTTP/1.1" 200 30
190.171.152.242 - - [30/May/2022:17:10:39 -0300] "POST /cormun/servlet/solicitudot?gx-no-cache=1653940645521 HTTP/1.1" 200 33
190.171.152.242 - - [30/May/2022:17:10:39 -0300] "POST /cormun/servlet/solicitudot?36ddb8c7bac3bd3eb692819bb21fefb3,INS,0,0,false,,gx-no-cache=1653940645646 HTTP/1.1" 200 93
190.171.152.242 - - [30/May/2022:17:10:39 -0300] "GET /cormun/servlet/hpexe_return? HTTP/1.1" 200 1032
190.171.152.242 - - [30/May/2022:17:10:40 -0300] "GET /cormun/servlet/trsolicitudot?gx-no-cache=1653938938235 HTTP/1.1" 200 8654
190.171.152.242 - - [30/May/2022:17:10:40 -0300] "GET /cormun/servlet/trsolicitudot?gx-no-cache=1653938938235 HTTP/1.1" 200 8669
190.171.152.242 - - [30/May/2022:17:10:42 -0300] "POST /cormun/servlet/trsolicitudot?36ddb8c7bac3bd3eb692819bb21fefb3,gx-no-cache=1653938938235,gx-no-cache=1653940648457 HTTP/1.1" 200 4584
190.171.152.242 - - [30/May/2022:17:10:42 -0300] "GET /cormun/static/Shared/jqueryui/images/ui-icons_82798d_256x240.png HTTP/1.1" 404 1089
190.171.152.242 - - [30/May/2022:17:10:42 -0300] "GET /cormun/static/Shared/jqueryui/images/ui-bg_highlight-soft_100_c6c2c8_1x100.png HTTP/1.1" 404 1117
190.171.152.242 - - [30/May/2022:17:10:42 -0300] "GET /cormun/static/Shared/jqueryui/images/ui-bg_flat_55_fafafa_40x100.png HTTP/1.1" 404 1097
190.171.152.242 - - [30/May/2022:17:10:42 -0300] "GET /cormun/static/Shared/jqueryui/images/ui-icons_8d78a5_256x240.png HTTP/1.1" 404 1089
190.171.152.242 - - [30/May/2022:17:10:42 -0300] "POST /cormun/servlet/trsolicitudot?36ddb8c7bac3bd3eb692819bb21fefb3,gx-no-cache=1653938938235,gx-no-cache=1653940648692 HTTP/1.1" 200 4336
190.171.141.90 - - [30/May/2022:17:10:45 -0300] "GET /cormun/servlet/permisogoce?f58d98f302bc64f895d6e895cffa9d5b55c116da3efe5999e60776f9a0156e25e0e88fea703b498246aa42934e7e4079d34d27ff1d24ca14dd1eb794b1a26af4,gx-no-cache=1653940648716 HTTP/1.1" 200 89
190.171.142.50 - - [30/May/2022:17:10:47 -0300] "GET /cormun/servlet/solicitudot?5f4a42cec6362bd20ad996dae1f45efbb51de75780f7c6efcc3a33bcdcabe465a9a0bfb6a8aef4af5f05493f9b71d3fcd8ae95a98ac4d7adb185b32d7da449ad,gx-no-cache=1653942986071 HTTP/1.1" 200 30
190.171.142.50 - - [30/May/2022:17:10:47 -0300] "GET /cormun/servlet/solicitudot?5f4a42cec6362bd20ad996dae1f45efb457b086d1ddda2c7a1732cba0a297555,gx-no-cache=1653942986098 HTTP/1.1" 200 29
190.171.142.50 - - [30/May/2022:17:10:48 -0300] "POST /cormun/servlet/solicitudot?gx-no-cache=1653942987726 HTTP/1.1" 200 240
190.171.142.50 - - [30/May/2022:17:10:50 -0300] "GET /cormun/servlet/solicitudot?5f4a42cec6362bd20ad996dae1f45efbe6a4c312f393856aa59a3c26e5bee648927446a53b2b4d7e90d7774223631fdf80c03c5916aa9a3bfab217e76d01badf69d3df912fa84bd8bac24739ae4e8380b8419ad019b5d01db2387b6e74e651c699b8eb4e4676e9bf0e6cffa1b87ad23db60b67c3afa03f7335cfd60de7bf960b84bd0f85fc0462c92fb0f617634f3e3f1b9ef1228fe4b01040530956e50e310dd266d592f29f4bdd68c374266ec25a66462894ac0c59bfa879935149e10cdc086bfdad7346a852561cc7cb9542e5d3b4ab175f7cbdfd6b4786c1ecc806c85a4a7af88b748cd4bca4994bbf8ff73b334e8f2586e1af20e0125917a0de1c725ddf0b8576339aba112d67b48056bb42885f17a97ba618fc12ac82913e94490eb3ef8cbf0cf68566dbabf26b484cac3d3a1c4ceaf42f78e603e1015c960b05f01c20d8db1ce9e29219b23e97724d50457bd9d71ed7a7c7609ca41e48f8d5d24edb767a7dea3117cb22aef88944bf0fd0307591ad3564423b72546aba8406ff29bbe8,gx-no-cache=1653942989735 HTTP/1.1" 200 30
190.171.141.90 - - [30/May/2022:17:10:51 -0300] "GET /cormun/servlet/permisogoce?f58d98f302bc64f895d6e895cffa9d5b8b1f4b2369445fd9bc4c6f6b88ecf23ded5e6fbe3f178b351926c2f4aaa2e3f10861cfed7e6827b7badb90104f4371a4,gx-no-cache=1653940655136 HTTP/1.1" 200 47
190.171.142.50 - - [30/May/2022:17:10:53 -0300] "POST /cormun/servlet/solicitudot?gx-no-cache=1653942992590 HTTP/1.1" 200 30
190.171.152.242 - - [30/May/2022:17:10:54 -0300] "GET /cormun/servlet/hlogin HTTP/1.1" 200 1766
190.171.142.50 - - [30/May/2022:17:10:56 -0300] "GET /cormun/servlet/prsolicitudot?20030377,,,,,MD,,gxPopupLevel%3D0%3B HTTP/1.1" 200 5944
190.171.142.50 - - [30/May/2022:17:10:56 -0300] "GET /cormun/static/gxcfg.js?20201215593468 HTTP/1.1" 200 953
190.171.142.50 - - [30/May/2022:17:10:56 -0300] "GET /cormun/static/prsolicitudot.js?20201215593721 HTTP/1.1" 200 13680
190.171.141.90 - - [30/May/2022:17:10:56 -0300] "POST /cormun/servlet/permisogoce?5153fc49d51dd606dc03d6e995aea310,INS,0,,,,gx-no-cache=1653940660265 HTTP/1.1" 200 93
190.171.141.90 - - [30/May/2022:17:10:56 -0300] "GET /cormun/servlet/hpexe_return? HTTP/1.1" 200 1030
190.171.141.90 - - [30/May/2022:17:10:57 -0300] "GET /cormun/servlet/trpermisosgoce?gx-no-cache=1653940536684 HTTP/1.1" 200 19027
190.171.141.90 - - [30/May/2022:17:10:57 -0300] "GET /cormun/servlet/trpermisosgoce?gx-no-cache=1653940536684 HTTP/1.1" 200 19048
190.171.142.50 - - [30/May/2022:17:10:59 -0300] "POST /cormun/servlet/solicitudot?gx-no-cache=1653942998461 HTTP/1.1" 200 1535
190.171.142.50 - - [30/May/2022:17:10:59 -0300] "GET /cormun/static/Shared/jqueryui/images/ui-bg_highlight-soft_100_c6c2c8_1x100.png HTTP/1.1" 404 1117
190.171.142.50 - - [30/May/2022:17:10:59 -0300] "GET /cormun/static/Shared/jqueryui/images/ui-icons_82798d_256x240.png HTTP/1.1" 404 1089
190.171.142.50 - - [30/May/2022:17:10:59 -0300] "GET /cormun/static/Shared/jqueryui/images/ui-icons_ebccce_256x240.png HTTP/1.1" 404 1089
190.171.142.50 - - [30/May/2022:17:10:59 -0300] "GET /cormun/static/Shared/jqueryui/images/ui-bg_flat_55_994d53_40x100.png HTTP/1.1" 404 1097
190.171.142.50 - - [30/May/2022:17:10:59 -0300] "POST /cormun/servlet/solicitudot?gx-no-cache=1653942998539 HTTP/1.1" 200 117
190.171.142.50 - - [30/May/2022:17:10:59 -0300] "GET /cormun/servlet/solicitudot?5f4a42cec6362bd20ad996dae1f45efbd5189247ebb14b284b20128cdd32c6ba5b12f540fb050015cad2b37465bfdf26e0abb5668b09672c622a4da4cf9aa12f2144643071abbaf3c089a9dde770257463973c1d93844279fc0897d0e8f03c75046af9eddd67fe82c48cd035dc2edcac,gx-no-cache=1653942998615 HTTP/1.1" 200 110
