190.171.152.242 - - [30/May/2022:16:53:39 -0300] "GET /cormun/servlet/solicitudot?5538a56145056b1b83a2ba1c3cc05c4ae6e2d274991c28dcbe28539e41a12e00afec4238b9550780d2a9df6639752e3e5849a5704780c3c78e6436bc5a9539541aabb30ed6e377d41b3a85f21e377d7a51e28a1ba1256821788729c8d1933ac738b85b2f296bd5cf8788beacc172815e85d6748c490b59a2dedc24d573241f837c770ab309f8ff03035c69cd85ccc70c3346e8279b5464011fb01ab767750a68a40ff973a01fa968eeb68719133fe9bf359ae8230eaf55cbd99a1c46ad44456d8e4cfd20c5fb1dffe5afc318aae39e4f156615cc8e8f2af0aecaf1447fe0bd7de48cce9da8588709318f9953ee142ecb6eea430f4894bcba8878f02a15aba70ac6b41bdf76a23480e3becb83b0d24ce229a4f65ea1bdf2b3d267ea2a46cf266f35b568967cfa7a221d86d8f4b6aebd96f7a17a58802fdcc8daa11470612339d48d70cba556b95862621a5bb344dff15dc6a722f2513d032a079a5c3e8d0aaa75ab1ccc7ec8cac5f3585ae15cf6e6756f2336121f3beab4064118eb9471150449,gx-no-cache=1653939625974 HTTP/1.1" 200 30
190.171.152.242 - - [30/May/2022:16:53:46 -0300] "POST /cormun/servlet/solicitudot?gx-no-cache=1653939632982 HTTP/1.1" 200 30
190.171.152.242 - - [30/May/2022:16:53:48 -0300] "GET /cormun/servlet/prcontratosol?17058015,,,,,MD,,gxPopupLevel%3D0%3B HTTP/1.1" 200 9315
190.171.152.242 - - [30/May/2022:16:53:53 -0300] "POST /cormun/servlet/solicitudot?gx-no-cache=1653939640321 HTTP/1.1" 200 1454
190.171.152.242 - - [30/May/2022:16:53:54 -0300] "POST /cormun/servlet/solicitudot?gx-no-cache=1653939640355 HTTP/1.1" 200 38
190.171.152.242 - - [30/May/2022:16:53:54 -0300] "GET /cormun/servlet/solicitudot?5538a56145056b1b83a2ba1c3cc05c4a07de5f3f8f7d128bb67167ffcfc36ce83e567760c1f6a8c5ac14e2e72b4a0de0f265718d37c4914397e12de84740a50238302685b9e05c86df118cb819fb7a698f154b994bd0c176c56667faa4ced288dfc8236f32bffe4c661cf840a7a9b2c0,gx-no-cache=1653939640380 HTTP/1.1" 200 110
190.171.152.242 - - [30/May/2022:16:53:54 -0300] "POST /cormun/servlet/solicitudot?gx-no-cache=1653939640408 HTTP/1.1" 200 97
190.171.152.242 - - [30/May/2022:16:53:54 -0300] "GET /cormun/servlet/solicitudot?5538a56145056b1b83a2ba1c3cc05c4a939e070b3f12c9c6d47c57b62fd9234da8f4bb9c4ad9f2836c3057a5f3fde152683fa74f1ed80f69f64f1352bf1cf4f997c0f6fc19a3167d5a8da4a8f862dbdf6a3541051c7ab1878a2b419b3d0a7e4cc8c1053499ddebe6f7e7c9052bf02e32c41a130d29a34a504d375268b5f9cf84f9f5bd05cf1b2d672283996f698c95e8b26253b17f86c6222859fbe9fed78b29,gx-no-cache=1653939640465 HTTP/1.1" 200 29
190.171.152.242 - - [30/May/2022:16:53:54 -0300] "GET /cormun/servlet/solicitudot?5538a56145056b1b83a2ba1c3cc05c4aaf9f4cb12db71af3335640d72480511e48608ec50de0c4cb28ca02d16898542f,gx-no-cache=1653939640514 HTTP/1.1" 200 134
190.171.152.242 - - [30/May/2022:16:53:54 -0300] "GET /cormun/static/Shared/jqueryui/images/ui-bg_highlight-soft_100_c6c2c8_1x100.png HTTP/1.1" 404 1117
190.171.152.242 - - [30/May/2022:16:53:54 -0300] "GET /cormun/static/Shared/jqueryui/images/ui-icons_82798d_256x240.png HTTP/1.1" 404 1089
190.171.152.242 - - [30/May/2022:16:53:54 -0300] "GET /cormun/static/Shared/jqueryui/images/ui-bg_flat_55_994d53_40x100.png HTTP/1.1" 404 1097
190.171.152.242 - - [30/May/2022:16:53:54 -0300] "GET /cormun/static/Shared/jqueryui/images/ui-icons_ebccce_256x240.png HTTP/1.1" 404 1089
190.171.152.242 - - [30/May/2022:16:54:11 -0300] "GET /cormun/static/menuarrow.gif HTTP/1.1" 404 1015
40.77.190.249 - - [30/May/2022:16:54:12 -0300] "GET /cormun/static/hpexe_messagegenexuscomponent.js?2020121447173 HTTP/1.1" 200 587
40.77.189.250 - - [30/May/2022:16:54:13 -0300] "GET /cormun/static/hpexe_messagepopupcomponent.js?2020121447232 HTTP/1.1" 200 605
40.77.188.0 - - [30/May/2022:16:54:16 -0300] "GET /cormun/servlet/hlogin HTTP/1.1" 200 5106
40.77.188.250 - - [30/May/2022:16:54:16 -0300] "GET /cormun/static/hlogin.js?201910216285995 HTTP/1.1" 200 2136
40.77.190.151 - - [30/May/2022:16:54:19 -0300] "GET /cormun/static/gxcfg.js?201910216285969 HTTP/1.1" 200 953
190.171.152.242 - - [30/May/2022:16:54:32 -0300] "GET /cormun/servlet/solicitudot?5538a56145056b1b83a2ba1c3cc05c4a94133cae5826fa4cbd2d8cea14e03fd437505b946f5f58246218094a0540e92c,gx-no-cache=1653939678716 HTTP/1.1" 200 134
190.171.152.242 - - [30/May/2022:16:54:51 -0300] "GET /cormun/servlet/solicitudot?5538a56145056b1b83a2ba1c3cc05c4acd71dca5ea58cfc901f87cf34494f5dc37505b946f5f58246218094a0540e92c,gx-no-cache=1653939697500 HTTP/1.1" 200 30
190.171.142.50 - - [30/May/2022:16:54:55 -0300] "GET /cormun/servlet/hlogin HTTP/1.1" 200 1730
190.171.152.234 - - [30/May/2022:16:55:01 -0300] "POST /cormun/servlet/trsolicitudot?bb0e6e537e388f48cbd1fde9c8d4aefd,,gx-no-cache=1653936130607 HTTP/1.1" 200 107
190.171.152.234 - - [30/May/2022:16:55:01 -0300] "GET /cormun/servlet/trsolicitudadjuntos?2022,18791, HTTP/1.1" 200 6377
190.171.152.242 - - [30/May/2022:16:55:01 -0300] "POST /cormun/servlet/solicitudot?gx-no-cache=1653939707644 HTTP/1.1" 200 30
190.171.152.234 - - [30/May/2022:16:55:01 -0300] "GET /cormun/servlet/trsolicitudadjuntos?2022,18791, HTTP/1.1" 200 6377
190.171.142.50 - - [30/May/2022:16:55:01 -0300] "POST /cormun/servlet/hlogin?742a0a490aeaf7b8dc0c4f73d49f8e95,gx-no-cache=1653942040579 HTTP/1.1" 200 90
190.171.142.50 - - [30/May/2022:16:55:01 -0300] "GET /cormun/servlet/hpexe_link HTTP/1.1" 200 981
190.171.142.50 - - [30/May/2022:16:55:01 -0300] "GET /cormun/servlet/prlicenciaspermisos?15125128,L,,MD, HTTP/1.1" 200 6124
190.171.152.234 - - [30/May/2022:16:55:03 -0300] "GET /cormun/servlet/solicitudotadjuntos?INS,2022,18791,,1, HTTP/1.1" 200 6325
190.171.152.234 - - [30/May/2022:16:55:04 -0300] "GET /cormun/static/about:blank HTTP/1.1" 404 1011
190.171.152.234 - - [30/May/2022:16:55:04 -0300] "GET /cormun/servlet/solicitudotadjuntos?INS,2022,18791,,1, HTTP/1.1" 200 6319
190.171.152.234 - - [30/May/2022:16:55:04 -0300] "GET /cormun/servlet/solicitudotadjuntos?0dac697048d75aba153316e451181a6c5edd92a91c41a180b5d5e9b9b2f04f3f506be4a2e4d71aff72cd6582aba9b800,gx-no-cache=1653936134158 HTTP/1.1" 200 30
190.171.152.234 - - [30/May/2022:16:55:04 -0300] "POST /cormun/servlet/solicitudotadjuntos?bb0e6e537e388f48cbd1fde9c8d4aefd,INS,2022,18791,,1,,gx-no-cache=1653936134199 HTTP/1.1" 200 4200
190.171.152.234 - - [30/May/2022:16:55:05 -0300] "POST /cormun/servlet/solicitudotadjuntos?gx-no-cache=1653936135605 HTTP/1.1" 200 26
190.171.142.50 - - [30/May/2022:16:55:06 -0300] "POST /cormun/servlet/acontrolpreferencessavestate?None,CD-35,true HTTP/1.1" 200 35
190.171.152.242 - - [30/May/2022:16:55:07 -0300] "POST /cormun/servlet/solicitudot?36ddb8c7bac3bd3eb692819bb21fefb3,INS,0,0,false,,gx-no-cache=1653939713392 HTTP/1.1" 200 93
190.171.152.242 - - [30/May/2022:16:55:07 -0300] "GET /cormun/servlet/hpexe_return? HTTP/1.1" 200 1032
190.171.152.242 - - [30/May/2022:16:55:07 -0300] "GET /cormun/servlet/trsolicitudot?gx-no-cache=1653938938235 HTTP/1.1" 200 8660
190.171.152.242 - - [30/May/2022:16:55:07 -0300] "GET /cormun/servlet/trsolicitudot?gx-no-cache=1653938938235 HTTP/1.1" 200 8677
190.171.152.242 - - [30/May/2022:16:55:10 -0300] "POST /cormun/servlet/trsolicitudot?36ddb8c7bac3bd3eb692819bb21fefb3,gx-no-cache=1653938938235,gx-no-cache=1653939716425 HTTP/1.1" 200 4585
190.171.152.242 - - [30/May/2022:16:55:10 -0300] "GET /cormun/static/Shared/jqueryui/images/ui-icons_82798d_256x240.png HTTP/1.1" 404 1089
190.171.152.242 - - [30/May/2022:16:55:10 -0300] "GET /cormun/static/Shared/jqueryui/images/ui-bg_highlight-soft_100_c6c2c8_1x100.png HTTP/1.1" 404 1117
190.171.152.242 - - [30/May/2022:16:55:10 -0300] "GET /cormun/static/Shared/jqueryui/images/ui-bg_flat_55_fafafa_40x100.png HTTP/1.1" 404 1097
190.171.152.242 - - [30/May/2022:16:55:10 -0300] "GET /cormun/static/Shared/jqueryui/images/ui-icons_8d78a5_256x240.png HTTP/1.1" 404 1089
190.171.152.242 - - [30/May/2022:16:55:10 -0300] "POST /cormun/servlet/trsolicitudot?36ddb8c7bac3bd3eb692819bb21fefb3,gx-no-cache=1653938938235,gx-no-cache=1653939716590 HTTP/1.1" 200 4336
190.171.142.50 - - [30/May/2022:16:55:11 -0300] "GET /cormun/servlet/hlogin HTTP/1.1" 200 1730
190.171.142.50 - - [30/May/2022:16:55:15 -0300] "POST /cormun/servlet/hlogin?742a0a490aeaf7b8dc0c4f73d49f8e95,gx-no-cache=1653942054052 HTTP/1.1" 200 90
190.171.142.50 - - [30/May/2022:16:55:15 -0300] "GET /cormun/servlet/hpexe_link HTTP/1.1" 200 981
190.171.142.50 - - [30/May/2022:16:55:15 -0300] "GET /cormun/servlet/prlicenciaspermisos?15125128,L,,MD, HTTP/1.1" 200 6129
190.171.142.50 - - [30/May/2022:16:55:22 -0300] "GET /cormun/servlet/hlogin HTTP/1.1" 200 1766
190.171.142.50 - - [30/May/2022:16:55:29 -0300] "POST /cormun/servlet/hlogin?742a0a490aeaf7b8dc0c4f73d49f8e95,gx-no-cache=1653942068043 HTTP/1.1" 200 90
190.171.142.50 - - [30/May/2022:16:55:29 -0300] "GET /cormun/servlet/hpexe_link HTTP/1.1" 200 981
190.171.142.50 - - [30/May/2022:16:55:29 -0300] "GET /cormun/servlet/prlicenciaspermisos?15125128,L,,MD, HTTP/1.1" 200 6129
190.171.152.234 - - [30/May/2022:16:55:35 -0300] "GET /cormun/servlet/solicitudotadjuntos?0dac697048d75aba153316e451181a6cc749b9f0c72a3267f3719e93b232faba,gx-no-cache=1653936164670 HTTP/1.1" 200 30
190.171.152.234 - - [30/May/2022:16:55:35 -0300] "GET /cormun/servlet/solicitudotadjuntos?0dac697048d75aba153316e451181a6cc749b9f0c72a3267f3719e93b232faba,gx-no-cache=1653936164687 HTTP/1.1" 200 30
190.171.152.234 - - [30/May/2022:16:55:35 -0300] "POST /cormun/servlet/solicitudotadjuntos?bb0e6e537e388f48cbd1fde9c8d4aefd,INS,2022,18791,,1, HTTP/1.1" 200 116
190.171.152.234 - - [30/May/2022:16:55:35 -0300] "GET /cormun/servlet/hpexe_return? HTTP/1.1" 200 1031
190.171.152.234 - - [30/May/2022:16:55:35 -0300] "GET /cormun/servlet/trsolicitudadjuntos?2022,18791, HTTP/1.1" 200 9132
190.171.152.234 - - [30/May/2022:16:55:35 -0300] "GET /cormun/servlet/trsolicitudadjuntos?2022,18791, HTTP/1.1" 200 9131
190.171.152.234 - - [30/May/2022:16:55:37 -0300] "GET /cormun/servlet/solicitudotadjuntos?INS,2022,18791,,1, HTTP/1.1" 200 6325
190.171.152.234 - - [30/May/2022:16:55:37 -0300] "GET /cormun/static/about:blank HTTP/1.1" 404 1011
190.171.152.234 - - [30/May/2022:16:55:37 -0300] "GET /cormun/servlet/solicitudotadjuntos?INS,2022,18791,,1, HTTP/1.1" 200 6319
190.171.152.234 - - [30/May/2022:16:55:38 -0300] "GET /cormun/servlet/solicitudotadjuntos?0dac697048d75aba153316e451181a6c5edd92a91c41a180b5d5e9b9b2f04f3f506be4a2e4d71aff72cd6582aba9b800,gx-no-cache=1653936167854 HTTP/1.1" 200 30
190.171.152.234 - - [30/May/2022:16:55:38 -0300] "POST /cormun/servlet/solicitudotadjuntos?bb0e6e537e388f48cbd1fde9c8d4aefd,INS,2022,18791,,1,,gx-no-cache=1653936167870 HTTP/1.1" 200 4200
190.171.142.50 - - [30/May/2022:16:55:45 -0300] "GET /cormun/servlet/hlogin HTTP/1.1" 200 1730
190.171.152.234 - - [30/May/2022:16:55:46 -0300] "POST /cormun/servlet/solicitudotadjuntos?gx-no-cache=1653936176006 HTTP/1.1" 200 26
190.171.152.234 - - [30/May/2022:16:55:50 -0300] "GET /cormun/servlet/solicitudotadjuntos?0dac697048d75aba153316e451181a6cc749b9f0c72a3267f3719e93b232faba,gx-no-cache=1653936179765 HTTP/1.1" 200 30
190.171.152.234 - - [30/May/2022:16:55:50 -0300] "GET /cormun/servlet/solicitudotadjuntos?0dac697048d75aba153316e451181a6cc749b9f0c72a3267f3719e93b232faba,gx-no-cache=1653936179777 HTTP/1.1" 200 30
190.171.152.234 - - [30/May/2022:16:55:50 -0300] "POST /cormun/servlet/solicitudotadjuntos?bb0e6e537e388f48cbd1fde9c8d4aefd,INS,2022,18791,,1, HTTP/1.1" 200 116
190.171.152.234 - - [30/May/2022:16:55:50 -0300] "GET /cormun/servlet/hpexe_return? HTTP/1.1" 200 1031
190.171.152.234 - - [30/May/2022:16:55:50 -0300] "GET /cormun/servlet/trsolicitudadjuntos?2022,18791, HTTP/1.1" 200 9356
190.171.152.234 - - [30/May/2022:16:55:50 -0300] "GET /cormun/servlet/trsolicitudadjuntos?2022,18791, HTTP/1.1" 200 9354
190.171.142.50 - - [30/May/2022:16:55:51 -0300] "POST /cormun/servlet/hlogin?742a0a490aeaf7b8dc0c4f73d49f8e95,gx-no-cache=1653942090627 HTTP/1.1" 200 90
190.171.142.50 - - [30/May/2022:16:55:51 -0300] "GET /cormun/servlet/hpexe_link HTTP/1.1" 200 981
190.171.142.50 - - [30/May/2022:16:55:52 -0300] "GET /cormun/servlet/prlicenciaspermisos?15125128,L,,MD, HTTP/1.1" 200 6129
190.171.152.234 - - [30/May/2022:16:55:52 -0300] "GET /cormun/servlet/solicitudotadjuntos?INS,2022,18791,,1, HTTP/1.1" 200 6325
190.171.152.234 - - [30/May/2022:16:55:52 -0300] "GET /cormun/static/about:blank HTTP/1.1" 404 1011
190.171.152.234 - - [30/May/2022:16:55:52 -0300] "GET /cormun/servlet/solicitudotadjuntos?INS,2022,18791,,1, HTTP/1.1" 200 6319
190.171.152.234 - - [30/May/2022:16:55:53 -0300] "GET /cormun/servlet/solicitudotadjuntos?0dac697048d75aba153316e451181a6c5edd92a91c41a180b5d5e9b9b2f04f3f506be4a2e4d71aff72cd6582aba9b800,gx-no-cache=1653936183024 HTTP/1.1" 200 30
190.171.152.234 - - [30/May/2022:16:55:53 -0300] "POST /cormun/servlet/solicitudotadjuntos?bb0e6e537e388f48cbd1fde9c8d4aefd,INS,2022,18791,,1,,gx-no-cache=1653936183041 HTTP/1.1" 200 4200
190.171.142.50 - - [30/May/2022:16:55:56 -0300] "POST /cormun/servlet/acontrolpreferencessavestate?None,CD-35,true HTTP/1.1" 200 35
190.171.152.234 - - [30/May/2022:16:55:58 -0300] "POST /cormun/servlet/solicitudotadjuntos?gx-no-cache=1653936187928 HTTP/1.1" 200 26
190.171.142.50 - - [30/May/2022:16:55:59 -0300] "POST /cormun/servlet/prlicenciaspermisos?742a0a490aeaf7b8dc0c4f73d49f8e95,15125128,L,,MD,,gx-no-cache=1653942098180 HTTP/1.1" 200 3697
190.171.152.234 - - [30/May/2022:16:56:01 -0300] "GET /cormun/servlet/solicitudotadjuntos?0dac697048d75aba153316e451181a6cc749b9f0c72a3267f3719e93b232faba,gx-no-cache=1653936191462 HTTP/1.1" 200 30
190.171.152.234 - - [30/May/2022:16:56:01 -0300] "GET /cormun/servlet/solicitudotadjuntos?0dac697048d75aba153316e451181a6cc749b9f0c72a3267f3719e93b232faba,gx-no-cache=1653936191474 HTTP/1.1" 200 30
190.171.152.234 - - [30/May/2022:16:56:02 -0300] "POST /cormun/servlet/solicitudotadjuntos?bb0e6e537e388f48cbd1fde9c8d4aefd,INS,2022,18791,,1, HTTP/1.1" 200 116
190.171.152.234 - - [30/May/2022:16:56:02 -0300] "GET /cormun/servlet/hpexe_return? HTTP/1.1" 200 1031
190.171.152.234 - - [30/May/2022:16:56:02 -0300] "GET /cormun/servlet/trsolicitudadjuntos?2022,18791, HTTP/1.1" 200 9578
190.171.152.234 - - [30/May/2022:16:56:02 -0300] "GET /cormun/servlet/trsolicitudadjuntos?2022,18791, HTTP/1.1" 200 9576
190.171.152.234 - - [30/May/2022:16:56:04 -0300] "GET /cormun/servlet/solicitudotadjuntos?INS,2022,18791,,1, HTTP/1.1" 200 6325
190.171.152.234 - - [30/May/2022:16:56:04 -0300] "GET /cormun/static/about:blank HTTP/1.1" 404 1011
190.171.152.234 - - [30/May/2022:16:56:04 -0300] "GET /cormun/servlet/solicitudotadjuntos?INS,2022,18791,,1, HTTP/1.1" 200 6319
190.171.152.234 - - [30/May/2022:16:56:05 -0300] "GET /cormun/servlet/solicitudotadjuntos?0dac697048d75aba153316e451181a6c5edd92a91c41a180b5d5e9b9b2f04f3f506be4a2e4d71aff72cd6582aba9b800,gx-no-cache=1653936194976 HTTP/1.1" 200 30
190.171.152.234 - - [30/May/2022:16:56:05 -0300] "POST /cormun/servlet/solicitudotadjuntos?bb0e6e537e388f48cbd1fde9c8d4aefd,INS,2022,18791,,1,,gx-no-cache=1653936194992 HTTP/1.1" 200 4200
190.171.142.50 - - [30/May/2022:16:56:08 -0300] "GET /cormun/servlet/hlogin HTTP/1.1" 200 1730
190.171.152.234 - - [30/May/2022:16:56:10 -0300] "POST /cormun/servlet/solicitudotadjuntos?gx-no-cache=1653936199656 HTTP/1.1" 200 26
190.171.142.50 - - [30/May/2022:16:56:14 -0300] "POST /cormun/servlet/hlogin?742a0a490aeaf7b8dc0c4f73d49f8e95,gx-no-cache=1653942113331 HTTP/1.1" 200 90
190.171.142.50 - - [30/May/2022:16:56:14 -0300] "GET /cormun/servlet/hpexe_link HTTP/1.1" 200 981
190.171.142.50 - - [30/May/2022:16:56:14 -0300] "GET /cormun/servlet/prlicenciaspermisos?15125128,L,,MD, HTTP/1.1" 200 6124
190.171.152.234 - - [30/May/2022:16:56:15 -0300] "GET /cormun/servlet/solicitudotadjuntos?0dac697048d75aba153316e451181a6cc749b9f0c72a3267f3719e93b232faba,gx-no-cache=1653936205294 HTTP/1.1" 200 30
190.171.152.234 - - [30/May/2022:16:56:15 -0300] "GET /cormun/servlet/solicitudotadjuntos?0dac697048d75aba153316e451181a6cc749b9f0c72a3267f3719e93b232faba,gx-no-cache=1653936205317 HTTP/1.1" 200 30
190.171.152.234 - - [30/May/2022:16:56:15 -0300] "POST /cormun/servlet/solicitudotadjuntos?bb0e6e537e388f48cbd1fde9c8d4aefd,INS,2022,18791,,1, HTTP/1.1" 200 116
190.171.152.234 - - [30/May/2022:16:56:15 -0300] "GET /cormun/servlet/hpexe_return? HTTP/1.1" 200 1031
190.171.152.234 - - [30/May/2022:16:56:16 -0300] "GET /cormun/servlet/trsolicitudadjuntos?2022,18791, HTTP/1.1" 200 9783
190.171.152.234 - - [30/May/2022:16:56:16 -0300] "GET /cormun/servlet/trsolicitudadjuntos?2022,18791, HTTP/1.1" 200 9782
190.171.152.234 - - [30/May/2022:16:56:19 -0300] "GET /cormun/servlet/solicitudotadjuntos?INS,2022,18791,,1, HTTP/1.1" 200 6326
190.171.152.234 - - [30/May/2022:16:56:19 -0300] "GET /cormun/static/about:blank HTTP/1.1" 404 1011
190.171.152.234 - - [30/May/2022:16:56:19 -0300] "GET /cormun/servlet/solicitudotadjuntos?INS,2022,18791,,1, HTTP/1.1" 200 6320
190.171.152.234 - - [30/May/2022:16:56:19 -0300] "GET /cormun/servlet/solicitudotadjuntos?0dac697048d75aba153316e451181a6c5edd92a91c41a180b5d5e9b9b2f04f3f506be4a2e4d71aff72cd6582aba9b800,gx-no-cache=1653936209330 HTTP/1.1" 200 30
190.171.152.234 - - [30/May/2022:16:56:19 -0300] "POST /cormun/servlet/solicitudotadjuntos?bb0e6e537e388f48cbd1fde9c8d4aefd,INS,2022,18791,,1,,gx-no-cache=1653936209348 HTTP/1.1" 200 4199
190.171.152.234 - - [30/May/2022:16:56:22 -0300] "POST /cormun/servlet/solicitudotadjuntos?gx-no-cache=1653936212126 HTTP/1.1" 200 26
190.171.152.234 - - [30/May/2022:16:56:26 -0300] "GET /cormun/servlet/solicitudotadjuntos?0dac697048d75aba153316e451181a6cc749b9f0c72a3267f3719e93b232faba,gx-no-cache=1653936216237 HTTP/1.1" 200 30
190.171.152.234 - - [30/May/2022:16:56:26 -0300] "GET /cormun/servlet/solicitudotadjuntos?0dac697048d75aba153316e451181a6cc749b9f0c72a3267f3719e93b232faba,gx-no-cache=1653936216248 HTTP/1.1" 200 30
190.171.152.234 - - [30/May/2022:16:56:26 -0300] "POST /cormun/servlet/solicitudotadjuntos?bb0e6e537e388f48cbd1fde9c8d4aefd,INS,2022,18791,,1, HTTP/1.1" 200 116
190.171.152.234 - - [30/May/2022:16:56:26 -0300] "GET /cormun/servlet/hpexe_return? HTTP/1.1" 200 1031
190.171.152.234 - - [30/May/2022:16:56:27 -0300] "GET /cormun/servlet/trsolicitudadjuntos?2022,18791, HTTP/1.1" 200 10064
190.171.152.234 - - [30/May/2022:16:56:27 -0300] "GET /cormun/servlet/trsolicitudadjuntos?2022,18791, HTTP/1.1" 200 10063
190.171.152.234 - - [30/May/2022:16:56:29 -0300] "GET /cormun/servlet/solicitudotadjuntos?INS,2022,18791,,1, HTTP/1.1" 200 6326
190.171.152.234 - - [30/May/2022:16:56:29 -0300] "GET /cormun/static/about:blank HTTP/1.1" 404 1011
190.171.152.234 - - [30/May/2022:16:56:29 -0300] "GET /cormun/servlet/solicitudotadjuntos?INS,2022,18791,,1, HTTP/1.1" 200 6320
190.171.152.234 - - [30/May/2022:16:56:30 -0300] "GET /cormun/servlet/solicitudotadjuntos?0dac697048d75aba153316e451181a6c5edd92a91c41a180b5d5e9b9b2f04f3f506be4a2e4d71aff72cd6582aba9b800,gx-no-cache=1653936219754 HTTP/1.1" 200 30
190.171.152.234 - - [30/May/2022:16:56:30 -0300] "POST /cormun/servlet/solicitudotadjuntos?bb0e6e537e388f48cbd1fde9c8d4aefd,INS,2022,18791,,1,,gx-no-cache=1653936219770 HTTP/1.1" 200 4199
190.171.152.234 - - [30/May/2022:16:56:39 -0300] "POST /cormun/servlet/solicitudotadjuntos?gx-no-cache=1653936228943 HTTP/1.1" 200 26
190.171.152.234 - - [30/May/2022:16:56:45 -0300] "GET /cormun/servlet/solicitudotadjuntos?0dac697048d75aba153316e451181a6cc749b9f0c72a3267f3719e93b232faba,gx-no-cache=1653936234782 HTTP/1.1" 200 30
190.171.152.234 - - [30/May/2022:16:56:45 -0300] "GET /cormun/servlet/solicitudotadjuntos?0dac697048d75aba153316e451181a6cc749b9f0c72a3267f3719e93b232faba,gx-no-cache=1653936234794 HTTP/1.1" 200 30
190.171.152.234 - - [30/May/2022:16:56:45 -0300] "POST /cormun/servlet/solicitudotadjuntos?bb0e6e537e388f48cbd1fde9c8d4aefd,INS,2022,18791,,1, HTTP/1.1" 200 116
190.171.152.234 - - [30/May/2022:16:56:45 -0300] "GET /cormun/servlet/hpexe_return? HTTP/1.1" 200 1031
190.171.152.234 - - [30/May/2022:16:56:45 -0300] "GET /cormun/servlet/trsolicitudadjuntos?2022,18791, HTTP/1.1" 200 10253
190.171.152.234 - - [30/May/2022:16:56:46 -0300] "GET /cormun/servlet/trsolicitudadjuntos?2022,18791, HTTP/1.1" 200 10250
190.171.152.242 - - [30/May/2022:16:56:49 -0300] "GET /cormun/servlet/solicitudot?INS,0,0,false, HTTP/1.1" 200 15739
190.171.152.234 - - [30/May/2022:16:56:49 -0300] "GET /cormun/servlet/trsolicitudot? HTTP/1.1" 200 8914
190.171.152.234 - - [30/May/2022:16:56:49 -0300] "GET /cormun/servlet/trsolicitudot? HTTP/1.1" 200 8907
190.171.152.242 - - [30/May/2022:16:56:49 -0300] "GET /cormun/servlet/solicitudot?INS,0,0,false, HTTP/1.1" 200 15725
190.171.142.50 - - [30/May/2022:16:56:50 -0300] "GET /cormun/servlet/hlogin HTTP/1.1" 200 1730
190.171.152.242 - - [30/May/2022:16:56:56 -0300] "GET /cormun/servlet/prfichaempleado?,MD,,gxPopupLevel%3D0%3B HTTP/1.1" 200 9301
190.171.142.50 - - [30/May/2022:16:56:58 -0300] "POST /cormun/servlet/hlogin?742a0a490aeaf7b8dc0c4f73d49f8e95,gx-no-cache=1653942157011 HTTP/1.1" 200 90
190.171.142.50 - - [30/May/2022:16:56:58 -0300] "GET /cormun/servlet/hpexe_link HTTP/1.1" 200 981
190.171.142.50 - - [30/May/2022:16:56:58 -0300] "GET /cormun/servlet/prlicenciaspermisos?15125128,L,,MD, HTTP/1.1" 200 6124
190.171.152.234 - - [30/May/2022:16:57:00 -0300] "POST /cormun/servlet/trsolicitudot?bb0e6e537e388f48cbd1fde9c8d4aefd,,gx-no-cache=1653936250232 HTTP/1.1" 200 4883
190.171.152.234 - - [30/May/2022:16:57:00 -0300] "GET /cormun/static/Shared/jqueryui/images/ui-icons_82798d_256x240.png HTTP/1.1" 404 1089
190.171.152.234 - - [30/May/2022:16:57:00 -0300] "GET /cormun/static/Shared/jqueryui/images/ui-bg_highlight-soft_100_c6c2c8_1x100.png HTTP/1.1" 404 1117
190.171.152.234 - - [30/May/2022:16:57:00 -0300] "GET /cormun/static/Shared/jqueryui/images/ui-bg_flat_55_fafafa_40x100.png HTTP/1.1" 404 1097
190.171.152.234 - - [30/May/2022:16:57:00 -0300] "GET /cormun/static/Shared/jqueryui/images/ui-icons_8d78a5_256x240.png HTTP/1.1" 404 1089
190.171.152.234 - - [30/May/2022:16:57:00 -0300] "POST /cormun/servlet/trsolicitudot?bb0e6e537e388f48cbd1fde9c8d4aefd,,gx-no-cache=1653936250398 HTTP/1.1" 200 4641
190.171.142.50 - - [30/May/2022:16:57:04 -0300] "GET /cormun/servlet/hlogin HTTP/1.1" 200 1766
190.171.152.234 - - [30/May/2022:16:57:04 -0300] "GET /cormun/servlet/trautorizarsolicitud? HTTP/1.1" 200 8793
190.171.152.234 - - [30/May/2022:16:57:04 -0300] "GET /cormun/static/gxcfg.js?201991422414522 HTTP/1.1" 200 953
190.171.152.234 - - [30/May/2022:16:57:04 -0300] "GET /cormun/static/trautorizarsolicitud.js?201991422415463 HTTP/1.1" 200 53910
190.171.152.234 - - [30/May/2022:16:57:05 -0300] "GET /cormun/servlet/trautorizarsolicitud? HTTP/1.1" 200 8793
190.171.152.242 - - [30/May/2022:16:57:08 -0300] "POST /cormun/servlet/prfichaempleado?36ddb8c7bac3bd3eb692819bb21fefb3,,MD,,gxPopupLevel%3D0%3B,gx-no-cache=1653939834536 HTTP/1.1" 200 3417
190.171.141.90 - - [30/May/2022:16:57:08 -0300] "GET /cormun/servlet/hlogin HTTP/1.1" 200 1724
190.171.141.90 - - [30/May/2022:16:57:09 -0300] "GET /cormun/static/gxtimezone.js?85251 HTTP/1.1" 200 5781
190.171.141.90 - - [30/May/2022:16:57:09 -0300] "GET /cormun/static/Resources/Spanish/PXTools.css?2294816 HTTP/1.1" 200 100853
190.171.141.90 - - [30/May/2022:16:57:09 -0300] "GET /cormun/static/gxcfg.js?201910216285969 HTTP/1.1" 200 953
190.171.141.90 - - [30/May/2022:16:57:09 -0300] "GET /cormun/static/gxgral.js?85251 HTTP/1.1" 200 384558
190.171.141.90 - - [30/May/2022:16:57:09 -0300] "GET /cormun/static/messages.spa.js?85251 HTTP/1.1" 200 30736
190.171.141.90 - - [30/May/2022:16:57:09 -0300] "GET /cormun/static/hlogin.js?201910216285995 HTTP/1.1" 200 2136
190.171.141.90 - - [30/May/2022:16:57:09 -0300] "GET /cormun/static/Resources/Logo2019_Grande.png HTTP/1.1" 200 31733
190.171.141.90 - - [30/May/2022:16:57:09 -0300] "GET /cormun/static/Resources/PXToolsLoginTop.png HTTP/1.1" 200 1337
190.171.141.90 - - [30/May/2022:16:57:09 -0300] "GET /cormun/static/Resources/PXToolsLoginBackground.png HTTP/1.1" 200 1164
190.171.141.90 - - [30/May/2022:16:57:09 -0300] "GET /cormun/static/Resources/PXToolsButtonBackground.png HTTP/1.1" 200 1176
190.171.141.90 - - [30/May/2022:16:57:09 -0300] "GET /cormun/static/Resources/PXToolsButtonRight.png HTTP/1.1" 200 1294
190.171.141.90 - - [30/May/2022:16:57:09 -0300] "GET /cormun/static/Resources/PXToolsLoginBottom.png HTTP/1.1" 200 1389
190.171.141.90 - - [30/May/2022:16:57:09 -0300] "GET /cormun/static/Resources/PXToolsButtonLeft.png HTTP/1.1" 200 1310
190.171.141.90 - - [30/May/2022:16:57:09 -0300] "GET /cormun/servlet/hlogin HTTP/1.1" 200 1733
190.171.141.90 - - [30/May/2022:16:57:09 -0300] "GET /cormun/static/Resources/indicator.gif HTTP/1.1" 200 1553
190.171.141.90 - - [30/May/2022:16:57:09 -0300] "GET /favicon.ico HTTP/1.1" 200 21630
190.171.141.90 - - [30/May/2022:16:57:14 -0300] "POST /cormun/servlet/hlogin?5153fc49d51dd606dc03d6e995aea310,gx-no-cache=1653939838086 HTTP/1.1" 200 90
190.171.141.90 - - [30/May/2022:16:57:14 -0300] "GET /cormun/servlet/hpexe_link HTTP/1.1" 200 950
190.171.141.90 - - [30/May/2022:16:57:14 -0300] "GET /cormun/static/gxcfg.js?201991422392958 HTTP/1.1" 200 953
190.171.141.90 - - [30/May/2022:16:57:14 -0300] "GET /cormun/static/hpexe_link.js?201991422392963 HTTP/1.1" 200 625
190.171.141.90 - - [30/May/2022:16:57:14 -0300] "GET /cormun/servlet/hhome HTTP/1.1" 200 3971
190.171.141.90 - - [30/May/2022:16:57:14 -0300] "GET /cormun/static/SmoothNavMenu/resources/ddsmoothmenu.css?1112540 HTTP/1.1" 200 2223
190.171.141.90 - - [30/May/2022:16:57:14 -0300] "GET /cormun/static/SmoothNavMenu/resources/ddsmoothmenu-v.css?1112540 HTTP/1.1" 200 1188
190.171.141.90 - - [30/May/2022:16:57:14 -0300] "GET /cormun/static/Shared/jqueryui/jquery-ui.min.css?1345370 HTTP/1.1" 200 30288
190.171.141.90 - - [30/May/2022:16:57:14 -0300] "GET /cormun/static/gxcfg.js?20201215495537 HTTP/1.1" 200 953
190.171.141.90 - - [30/May/2022:16:57:14 -0300] "GET /cormun/static/scaMessage/css/jquery.pnotify.default.css?1816380 HTTP/1.1" 200 1707
190.171.141.90 - - [30/May/2022:16:57:14 -0300] "GET /cormun/static/Resources/Spanish/PXTools.css?14345360 HTTP/1.1" 200 100853
190.171.141.90 - - [30/May/2022:16:57:14 -0300] "GET /cormun/static/PXToolsJavascripts/pexe_autoreload.js HTTP/1.1" 200 1762
190.171.141.90 - - [30/May/2022:16:57:14 -0300] "GET /cormun/static/PXToolsJavascripts/pexe_cookies.js HTTP/1.1" 200 792
190.171.141.90 - - [30/May/2022:16:57:14 -0300] "GET /cormun/static/PXToolsJavascripts/pexe_windows.js HTTP/1.1" 200 15207
190.171.141.90 - - [30/May/2022:16:57:14 -0300] "GET /cormun/static/PXToolsJavascripts/pexe_grid.js HTTP/1.1" 200 7559
190.171.141.90 - - [30/May/2022:16:57:14 -0300] "GET /cormun/static/PXToolsJavascripts/pexe_griddivfix.js HTTP/1.1" 200 6644
190.171.141.90 - - [30/May/2022:16:57:14 -0300] "GET /cormun/static/PXToolsJavascripts/pexe_menudivfix.js HTTP/1.1" 200 333
190.171.141.90 - - [30/May/2022:16:57:14 -0300] "GET /cormun/static/PXToolsJavascripts/pexe_oav.js HTTP/1.1" 200 645
190.171.141.90 - - [30/May/2022:16:57:14 -0300] "GET /cormun/static/PXToolsJavascripts/pexe_layers.js HTTP/1.1" 200 4114
190.171.141.90 - - [30/May/2022:16:57:14 -0300] "GET /cormun/static/PXToolsJavascripts/pexe_oavdivfix.js HTTP/1.1" 200 639
190.171.141.90 - - [30/May/2022:16:57:14 -0300] "GET /cormun/static/PXToolsJavascripts/pexe_picture.js HTTP/1.1" 200 689
190.171.141.90 - - [30/May/2022:16:57:14 -0300] "GET /cormun/static/PXToolsJavascripts/pexe_link.js HTTP/1.1" 200 5671
190.171.141.90 - - [30/May/2022:16:57:14 -0300] "GET /cormun/static/PXToolsJavascripts/pexe_popup.js HTTP/1.1" 200 13458
190.171.141.90 - - [30/May/2022:16:57:14 -0300] "GET /cormun/static/PXToolsJavascripts/pexe_tabdivfix.js HTTP/1.1" 200 876
190.171.141.90 - - [30/May/2022:16:57:14 -0300] "GET /cormun/static/PXToolsJavascripts/pexe_scrolldiv.js HTTP/1.1" 200 4138
190.171.141.90 - - [30/May/2022:16:57:14 -0300] "GET /cormun/static/PXToolsJavascripts/pexe_tabs.js HTTP/1.1" 200 3748
190.171.141.90 - - [30/May/2022:16:57:14 -0300] "GET /cormun/static/PXToolsJavascripts/pexe_upload.js HTTP/1.1" 200 1423
190.171.141.90 - - [30/May/2022:16:57:14 -0300] "GET /cormun/static/PXToolsJavascripts/PXToolsJavascriptsRender.js HTTP/1.1" 200 367
190.171.141.90 - - [30/May/2022:16:57:14 -0300] "GET /cormun/static/RunJS/RunJS.js HTTP/1.1" 200 288
190.171.141.90 - - [30/May/2022:16:57:14 -0300] "GET /cormun/static/PXToolsJavascripts/pexe_menus.js HTTP/1.1" 200 1286
190.171.141.90 - - [30/May/2022:16:57:14 -0300] "GET /cormun/static/Shared/ext/locale/ext-lang-en.js HTTP/1.1" 200 10940
190.171.141.90 - - [30/May/2022:16:57:14 -0300] "GET /cormun/static/hpexe_recentlink.js?20201214471090 HTTP/1.1" 200 2144
190.171.141.90 - - [30/May/2022:16:57:14 -0300] "GET /cormun/static/hhome.js?20201215495544 HTTP/1.1" 200 777
190.171.141.90 - - [30/May/2022:16:57:14 -0300] "GET /cormun/static/hwchdr01.js?20201214473739 HTTP/1.1" 200 996
190.171.141.90 - - [30/May/2022:16:57:14 -0300] "GET /cormun/static/gxui/gxui-all.js HTTP/1.1" 200 107772
190.171.141.90 - - [30/May/2022:16:57:14 -0300] "GET /cormun/static/hpexe_scripts.js?20201214471411 HTTP/1.1" 200 1544
190.171.141.90 - - [30/May/2022:16:57:14 -0300] "GET /cormun/static/hpexe_messagecontroller.js?201991422154126 HTTP/1.1" 200 870
190.171.141.90 - - [30/May/2022:16:57:14 -0300] "GET /cormun/static/hpexe_messagepopupcomponent.js?2020121447232 HTTP/1.1" 200 605
190.171.141.90 - - [30/May/2022:16:57:14 -0300] "GET /cormun/static/hpexe_messagegenexuscomponent.js?2020121447173 HTTP/1.1" 200 587
190.171.141.90 - - [30/May/2022:16:57:14 -0300] "GET /cormun/static/Resources/ImgLogin.png HTTP/1.1" 200 1432
190.171.141.90 - - [30/May/2022:16:57:14 -0300] "GET /cormun/static/Resources/PXToolsDataTitle.png HTTP/1.1" 200 1173
190.171.141.90 - - [30/May/2022:16:57:14 -0300] "GET /cormun/static/Resources/Logo2019_Small.png HTTP/1.1" 200 10855
190.171.141.90 - - [30/May/2022:16:57:14 -0300] "GET /cormun/static/Resources/Llave.png HTTP/1.1" 200 1395
190.171.141.90 - - [30/May/2022:16:57:14 -0300] "GET /cormun/static/Resources/ImgHome.png HTTP/1.1" 200 1364
190.171.141.90 - - [30/May/2022:16:57:14 -0300] "GET /cormun/static/cmcontrolpreferences.js?20199141926336 HTTP/1.1" 200 1375
190.171.141.90 - - [30/May/2022:16:57:14 -0300] "GET /cormun/static/Shared/jquery/jquery-1.4.2.min.js HTTP/1.1" 200 72174
190.171.141.90 - - [30/May/2022:16:57:14 -0300] "GET /cormun/static/SmoothNavMenu/resources/ddsmoothmenu.js HTTP/1.1" 200 12712
190.171.141.90 - - [30/May/2022:16:57:14 -0300] "GET /cormun/static/SmoothNavMenu/resources/SmoothNavMenuRender.js HTTP/1.1" 200 5951
190.171.141.90 - - [30/May/2022:16:57:14 -0300] "GET /cormun/static/scaMessage/js/jquery.pnotify.min.js HTTP/1.1" 200 13038
190.171.141.90 - - [30/May/2022:16:57:14 -0300] "GET /cormun/static/scaMessage/scaMessageRender.js HTTP/1.1" 200 11977
190.171.141.90 - - [30/May/2022:16:57:14 -0300] "GET /cormun/static/hmpwkw03.js?20201215501896 HTTP/1.1" 200 3973
190.171.141.90 - - [30/May/2022:16:57:14 -0300] "GET /cormun/static/Shared/jqueryui/jquery-ui.min.js HTTP/1.1" 200 240427
190.171.141.90 - - [30/May/2022:16:57:14 -0300] "GET /cormun/static/Shared/jquery/jquery-1.10.2.min.js HTTP/1.1" 200 273199
190.171.141.90 - - [30/May/2022:16:57:14 -0300] "GET /cormun/static/Shared/ext/ext-all.js HTTP/1.1" 200 1289687
190.171.141.90 - - [30/May/2022:16:57:15 -0300] "GET /cormun/static/SmoothNavMenu/resources/images/down.gif HTTP/1.1" 200 854
190.171.141.90 - - [30/May/2022:16:57:15 -0300] "GET /cormun/servlet/hhome HTTP/1.1" 200 3967
190.171.152.242 - - [30/May/2022:16:57:16 -0300] "POST /cormun/servlet/solicitudot?gx-no-cache=1653939842541 HTTP/1.1" 200 3949
190.171.152.242 - - [30/May/2022:16:57:16 -0300] "POST /cormun/servlet/solicitudot?36ddb8c7bac3bd3eb692819bb21fefb3,INS,0,0,false,,gx-no-cache=1653939842698 HTTP/1.1" 200 12523
190.171.152.234 - - [30/May/2022:16:57:17 -0300] "POST /cormun/servlet/trautorizarsolicitud?bb0e6e537e388f48cbd1fde9c8d4aefd,,gx-no-cache=1653936266703 HTTP/1.1" 200 4800
190.171.152.234 - - [30/May/2022:16:57:17 -0300] "GET /cormun/static/Shared/jqueryui/images/ui-bg_highlight-soft_100_c6c2c8_1x100.png HTTP/1.1" 404 1117
190.171.152.234 - - [30/May/2022:16:57:17 -0300] "GET /cormun/static/Shared/jqueryui/images/ui-icons_82798d_256x240.png HTTP/1.1" 404 1089
190.171.152.234 - - [30/May/2022:16:57:17 -0300] "GET /cormun/static/Shared/jqueryui/images/ui-bg_flat_55_fafafa_40x100.png HTTP/1.1" 404 1097
190.171.152.234 - - [30/May/2022:16:57:17 -0300] "GET /cormun/static/Shared/jqueryui/images/ui-icons_8d78a5_256x240.png HTTP/1.1" 404 1089
190.171.152.234 - - [30/May/2022:16:57:17 -0300] "POST /cormun/servlet/trautorizarsolicitud?bb0e6e537e388f48cbd1fde9c8d4aefd,,gx-no-cache=1653936266854 HTTP/1.1" 200 4557
190.171.152.242 - - [30/May/2022:16:57:18 -0300] "GET /cormun/servlet/solicitudot?5538a56145056b1b83a2ba1c3cc05c4a75010c3df9dbfba88da72243bfc63c7a8de5ec3387f350314e84218fe4821e3d,gx-no-cache=1653939845097 HTTP/1.1" 200 30
190.171.141.90 - - [30/May/2022:16:57:19 -0300] "GET /cormun/servlet/trpermisosgoce? HTTP/1.1" 200 18911
190.171.141.90 - - [30/May/2022:16:57:19 -0300] "GET /cormun/static/gxui/gxui-all.css?120300 HTTP/1.1" 200 2179
190.171.141.90 - - [30/May/2022:16:57:19 -0300] "GET /cormun/static/calendar-setup.js?85251 HTTP/1.1" 200 2588
190.171.141.90 - - [30/May/2022:16:57:19 -0300] "GET /cormun/static/calendar-system.css?85620 HTTP/1.1" 200 5572
190.171.141.90 - - [30/May/2022:16:57:19 -0300] "GET /cormun/static/calendar-es.js?85251 HTTP/1.1" 200 1901
190.171.141.90 - - [30/May/2022:16:57:19 -0300] "GET /cormun/static/calendar.js?85251 HTTP/1.1" 200 26246
190.171.141.90 - - [30/May/2022:16:57:20 -0300] "GET /cormun/static/gxdec.js?85251 HTTP/1.1" 200 19579
190.171.141.90 - - [30/May/2022:16:57:20 -0300] "GET /cormun/static/Shared/ext/resources/css/ext-all.css?215870 HTTP/1.1" 200 416045
190.171.141.90 - - [30/May/2022:16:57:20 -0300] "GET /cormun/static/Resources/PXTools/calendar.png HTTP/1.1" 200 1306
190.171.141.90 - - [30/May/2022:16:57:20 -0300] "GET /cormun/static/Resources/PXToolsDataSearch.png HTTP/1.1" 200 435
190.171.141.90 - - [30/May/2022:16:57:20 -0300] "GET /cormun/static/Resources/PXToolsGridFirstDisabled.gif HTTP/1.1" 200 100
190.171.141.90 - - [30/May/2022:16:57:20 -0300] "GET /cormun/static/Resources/PXToolsGridLastDisabled.gif HTTP/1.1" 200 98
190.171.141.90 - - [30/May/2022:16:57:20 -0300] "GET /cormun/static/Resources/PXToolsAddAllAction.png HTTP/1.1" 200 495
190.171.141.90 - - [30/May/2022:16:57:20 -0300] "GET /cormun/static/Resources/PXToolsGridPage.gif HTTP/1.1" 200 725
190.171.141.90 - - [30/May/2022:16:57:20 -0300] "GET /cormun/static/Resources/PXToolsGridNextDisabled.gif HTTP/1.1" 200 90
190.171.141.90 - - [30/May/2022:16:57:20 -0300] "GET /cormun/static/Resources/PXToolsGridPreviousDisabled.gif HTTP/1.1" 200 90
190.171.141.90 - - [30/May/2022:16:57:20 -0300] "GET /cormun/static/Resources/PXToolsActionExcel.png HTTP/1.1" 200 727
190.171.141.90 - - [30/May/2022:16:57:20 -0300] "GET /cormun//static/Resources/PXToolsActionDisabled.gif HTTP/1.1" 200 53
190.171.141.90 - - [30/May/2022:16:57:20 -0300] "GET /cormun//static/Resources/PXToolsGridDisplay.png HTTP/1.1" 200 525
190.171.141.90 - - [30/May/2022:16:57:20 -0300] "GET /cormun/static/Resources/desc.gif HTTP/1.1" 200 65
190.171.141.90 - - [30/May/2022:16:57:20 -0300] "GET /cormun/static/Resources/asc.gif HTTP/1.1" 200 67
190.171.141.90 - - [30/May/2022:16:57:20 -0300] "GET /cormun//static/Resources/PXTools/ActionInsert.png HTTP/1.1" 200 1482
190.171.141.90 - - [30/May/2022:16:57:20 -0300] "GET /cormun//static/Resources/PXToolsActionPrint.png HTTP/1.1" 200 404
190.171.141.90 - - [30/May/2022:16:57:20 -0300] "GET /cormun//static/Resources/PXToolsGridDelete.png HTTP/1.1" 200 538
190.171.141.90 - - [30/May/2022:16:57:20 -0300] "GET /cormun//static/Resources/PXToolsHeaderHelp.png HTTP/1.1" 200 1333
190.171.141.90 - - [30/May/2022:16:57:20 -0300] "GET /cormun//static/Resources/PXToolsGridUpdate.png HTTP/1.1" 200 470
190.171.141.90 - - [30/May/2022:16:57:20 -0300] "GET /cormun//static/Resources/PXToolsHeaderFavorites.png HTTP/1.1" 200 1414
190.171.141.90 - - [30/May/2022:16:57:20 -0300] "GET /cormun/static/Shared/ext/resources/themes/images/default/panel/bg-headersPanel.png HTTP/1.1" 200 255
190.171.141.90 - - [30/May/2022:16:57:20 -0300] "GET /cormun/static/Shared/ext/resources/themes/images/default/tools/tool-sprites.gif HTTP/1.1" 200 5434
190.171.141.90 - - [30/May/2022:16:57:20 -0300] "GET /cormun/servlet/trpermisosgoce? HTTP/1.1" 200 18908
190.171.141.90 - - [30/May/2022:16:57:23 -0300] "GET /cormun/servlet/permisogoce?INS,0,,, HTTP/1.1" 200 6833
190.171.141.90 - - [30/May/2022:16:57:23 -0300] "GET /cormun/static/Resources/prompt.gif HTTP/1.1" 200 902
201.186.225.185 - - [30/May/2022:16:57:23 -0300] "GET /cormun/servlet/hlogin HTTP/1.1" 200 1725
190.171.141.90 - - [30/May/2022:16:57:23 -0300] "GET /cormun/servlet/permisogoce?INS,0,,, HTTP/1.1" 200 6832
201.186.225.185 - - [30/May/2022:16:57:24 -0300] "GET /cormun/servlet/hlogin HTTP/1.1" 200 1736
190.171.152.242 - - [30/May/2022:16:57:26 -0300] "GET /cormun/servlet/solicitudot?5538a56145056b1b83a2ba1c3cc05c4ab55f6536df541eccc4c9d3651c8895082a928ddcb86470207e60e320efe6315f2a87f623f446d3e7f2e87f1fa6cbf7dc,gx-no-cache=1653939852798 HTTP/1.1" 200 30
190.171.152.242 - - [30/May/2022:16:57:26 -0300] "GET /cormun/servlet/solicitudot?5538a56145056b1b83a2ba1c3cc05c4a24688a03ed62d5a8162cd46b05372f0f,gx-no-cache=1653939852850 HTTP/1.1" 200 51
190.171.152.242 - - [30/May/2022:16:57:26 -0300] "POST /cormun/servlet/solicitudot?gx-no-cache=1653939852896 HTTP/1.1" 200 255
190.171.152.242 - - [30/May/2022:16:57:26 -0300] "GET /cormun/servlet/solicitudot?5538a56145056b1b83a2ba1c3cc05c4ae6e2d274991c28dcbe28539e41a12e00afec4238b9550780d2a9df6639752e3e5849a5704780c3c78e6436bc5a9539541aabb30ed6e377d41b3a85f21e377d7a51e28a1ba1256821788729c8d1933ac738b85b2f296bd5cf8788beacc172815e85d6748c490b59a2dedc24d573241f837c770ab309f8ff03035c69cd85ccc70c3346e8279b5464011fb01ab767750a68a40ff973a01fa968eeb68719133fe9bf359ae8230eaf55cbd99a1c46ad44456d8e4cfd20c5fb1dffe5afc318aae39e4f156615cc8e8f2af0aecaf1447fe0bd7de48cce9da8588709318f9953ee142ecb6eea430f4894bcba8878f02a15aba70ac6b41bdf76a23480e3becb83b0d24ce229a4f65ea1bdf2b3d267ea2a46cf266f35b568967cfa7a221d86d8f4b6aebd96f7a17a58802fdcc8daa11470612339d48d70cba556b95862621a5bb344dff15dc6a722f2513d032a079a5c3e8d0aaa75ab1ccc7ec8cac5f3585ae15cf6e6756f2336121f3beab4064118eb9471150449,gx-no-cache=1653939852957 HTTP/1.1" 200 30
190.171.141.90 - - [30/May/2022:16:57:26 -0300] "GET /cormun/servlet/prfichaempleado?,MD,,gxPopupLevel%3D0%3B HTTP/1.1" 200 9269
190.171.141.90 - - [30/May/2022:16:57:31 -0300] "POST /cormun/servlet/prfichaempleado?5153fc49d51dd606dc03d6e995aea310,,MD,,gxPopupLevel%3D0%3B,gx-no-cache=1653939855623 HTTP/1.1" 200 4949
190.171.152.242 - - [30/May/2022:16:57:34 -0300] "POST /cormun/servlet/solicitudot?gx-no-cache=1653939860382 HTTP/1.1" 200 30
190.171.152.242 - - [30/May/2022:16:57:36 -0300] "GET /cormun/servlet/prcontratosol?17058015,,,,,MD,,gxPopupLevel%3D0%3B HTTP/1.1" 200 9315
190.171.152.242 - - [30/May/2022:16:57:39 -0300] "POST /cormun/servlet/solicitudot?gx-no-cache=1653939865550 HTTP/1.1" 200 1454
190.171.152.242 - - [30/May/2022:16:57:39 -0300] "POST /cormun/servlet/solicitudot?gx-no-cache=1653939865587 HTTP/1.1" 200 38
190.171.152.242 - - [30/May/2022:16:57:39 -0300] "GET /cormun/servlet/solicitudot?5538a56145056b1b83a2ba1c3cc05c4a07de5f3f8f7d128bb67167ffcfc36ce83e567760c1f6a8c5ac14e2e72b4a0de0f265718d37c4914397e12de84740a50238302685b9e05c86df118cb819fb7a698f154b994bd0c176c56667faa4ced288dfc8236f32bffe4c661cf840a7a9b2c0,gx-no-cache=1653939865624 HTTP/1.1" 200 110
190.171.152.242 - - [30/May/2022:16:57:39 -0300] "POST /cormun/servlet/solicitudot?gx-no-cache=1653939865662 HTTP/1.1" 200 97
190.171.152.242 - - [30/May/2022:16:57:39 -0300] "GET /cormun/servlet/solicitudot?5538a56145056b1b83a2ba1c3cc05c4a939e070b3f12c9c6d47c57b62fd9234da8f4bb9c4ad9f2836c3057a5f3fde152683fa74f1ed80f69f64f1352bf1cf4f997c0f6fc19a3167d5a8da4a8f862dbdf6a3541051c7ab1878a2b419b3d0a7e4cc8c1053499ddebe6f7e7c9052bf02e32c41a130d29a34a504d375268b5f9cf84f9f5bd05cf1b2d672283996f698c95e8b26253b17f86c6222859fbe9fed78b29,gx-no-cache=1653939865706 HTTP/1.1" 200 29
190.171.152.242 - - [30/May/2022:16:57:39 -0300] "GET /cormun/servlet/solicitudot?5538a56145056b1b83a2ba1c3cc05c4aaf9f4cb12db71af3335640d72480511e48608ec50de0c4cb28ca02d16898542f,gx-no-cache=1653939865736 HTTP/1.1" 200 134
190.171.152.242 - - [30/May/2022:16:57:39 -0300] "GET /cormun/static/Shared/jqueryui/images/ui-bg_highlight-soft_100_c6c2c8_1x100.png HTTP/1.1" 404 1117
190.171.152.242 - - [30/May/2022:16:57:39 -0300] "GET /cormun/static/Shared/jqueryui/images/ui-bg_flat_55_994d53_40x100.png HTTP/1.1" 404 1097
190.171.152.242 - - [30/May/2022:16:57:39 -0300] "GET /cormun/static/Shared/jqueryui/images/ui-icons_ebccce_256x240.png HTTP/1.1" 404 1089
190.171.152.242 - - [30/May/2022:16:57:39 -0300] "GET /cormun/static/Shared/jqueryui/images/ui-icons_82798d_256x240.png HTTP/1.1" 404 1089
201.186.225.185 - - [30/May/2022:16:57:45 -0300] "POST /cormun/servlet/hlogin?18a4e125deacc28804314db82ccb76a3,gx-no-cache=1653939868793 HTTP/1.1" 200 452
201.186.225.185 - - [30/May/2022:16:57:50 -0300] "POST /cormun/servlet/hlogin?18a4e125deacc28804314db82ccb76a3,gx-no-cache=1653939874063 HTTP/1.1" 200 452
190.171.141.90 - - [30/May/2022:16:57:56 -0300] "GET /cormun/servlet/prfichaempleado?,MD,,gxPopupLevel%3D0%3B HTTP/1.1" 200 9269
201.186.225.185 - - [30/May/2022:16:57:59 -0300] "POST /cormun/servlet/hlogin?18a4e125deacc28804314db82ccb76a3,gx-no-cache=1653939883293 HTTP/1.1" 200 452
190.171.141.90 - - [30/May/2022:16:58:01 -0300] "POST /cormun/servlet/prfichaempleado?5153fc49d51dd606dc03d6e995aea310,,MD,,gxPopupLevel%3D0%3B,gx-no-cache=1653939885553 HTTP/1.1" 200 4949
190.171.142.50 - - [30/May/2022:16:58:07 -0300] "GET /cormun/servlet/hlogin HTTP/1.1" 200 1730
201.186.225.185 - - [30/May/2022:16:58:09 -0300] "POST /cormun/servlet/hlogin?18a4e125deacc28804314db82ccb76a3,gx-no-cache=1653939893231 HTTP/1.1" 200 90
201.186.225.185 - - [30/May/2022:16:58:10 -0300] "GET /cormun/servlet/hpexe_link HTTP/1.1" 200 954
201.186.225.185 - - [30/May/2022:16:58:10 -0300] "GET /cormun/servlet/hhome HTTP/1.1" 200 3991
190.171.141.90 - - [30/May/2022:16:58:11 -0300] "POST /cormun/servlet/prfichaempleado?5153fc49d51dd606dc03d6e995aea310,,MD,,gxPopupLevel%3D0%3B,gx-no-cache=1653939894673 HTTP/1.1" 200 3454
190.171.142.50 - - [30/May/2022:16:58:13 -0300] "POST /cormun/servlet/hlogin?742a0a490aeaf7b8dc0c4f73d49f8e95,gx-no-cache=1653942232442 HTTP/1.1" 200 90
201.186.225.185 - - [30/May/2022:16:58:13 -0300] "GET /cormun/servlet/hhome HTTP/1.1" 200 3987
190.171.142.50 - - [30/May/2022:16:58:13 -0300] "GET /cormun/servlet/hpexe_link HTTP/1.1" 200 981
190.171.142.50 - - [30/May/2022:16:58:13 -0300] "GET /cormun/servlet/prlicenciaspermisos?15125128,L,,MD, HTTP/1.1" 200 6124
190.171.141.90 - - [30/May/2022:16:58:14 -0300] "GET /cormun/servlet/permisogoce?f58d98f302bc64f895d6e895cffa9d5b799c78602eb5a58afc4f59e8e76c3113e0e88fea703b498246aa42934e7e4079d34d27ff1d24ca14dd1eb794b1a26af4,gx-no-cache=1653939898648 HTTP/1.1" 200 77
190.171.141.90 - - [30/May/2022:16:58:14 -0300] "GET /cormun/static/menuarrow.gif HTTP/1.1" 404 1015
201.186.225.185 - - [30/May/2022:16:58:16 -0300] "GET /cormun/servlet/trlicencias? HTTP/1.1" 200 15033
190.171.142.50 - - [30/May/2022:16:58:16 -0300] "GET /cormun/servlet/hlogin HTTP/1.1" 200 1766
201.186.225.185 - - [30/May/2022:16:58:17 -0300] "GET /cormun/servlet/trlicencias? HTTP/1.1" 200 15030
190.171.141.90 - - [30/May/2022:16:58:21 -0300] "GET /cormun/servlet/permisogoce?f58d98f302bc64f895d6e895cffa9d5b5daef42ef09cc39a6262daac7ab5e7782172c406dd8ade8a9b7d35804ea96acf0861cfed7e6827b7badb90104f4371a4,gx-no-cache=1653939904946 HTTP/1.1" 200 46
190.171.141.90 - - [30/May/2022:16:58:24 -0300] "POST /cormun/servlet/permisogoce?5153fc49d51dd606dc03d6e995aea310,INS,0,,,,gx-no-cache=1653939908153 HTTP/1.1" 200 93
190.171.141.90 - - [30/May/2022:16:58:24 -0300] "GET /cormun/servlet/hpexe_return? HTTP/1.1" 200 1008
190.171.141.90 - - [30/May/2022:16:58:25 -0300] "GET /cormun/servlet/trpermisosgoce HTTP/1.1" 200 19021
190.171.141.90 - - [30/May/2022:16:58:25 -0300] "GET /cormun/servlet/trpermisosgoce HTTP/1.1" 200 19046
190.171.152.234 - - [30/May/2022:16:59:30 -0300] "GET /cormun/servlet/hlogin HTTP/1.1" 200 1728
190.171.152.234 - - [30/May/2022:16:59:39 -0300] "POST /cormun/servlet/hlogin?bb0e6e537e388f48cbd1fde9c8d4aefd,gx-no-cache=1653936408926 HTTP/1.1" 200 90
190.171.152.234 - - [30/May/2022:16:59:39 -0300] "GET /cormun/servlet/hpexe_link HTTP/1.1" 200 968
190.171.152.234 - - [30/May/2022:16:59:39 -0300] "GET /cormun/servlet/trautorizarsolicitud? HTTP/1.1" 200 7391
190.171.152.234 - - [30/May/2022:16:59:39 -0300] "GET /cormun/servlet/trautorizarsolicitud? HTTP/1.1" 200 7389
190.171.141.90 - - [30/May/2022:16:59:59 -0300] "GET /cormun/servlet/apermisogoceprn?15113113,P,20220530154117,PU HTTP/1.1" 200 1664
190.171.141.90 - - [30/May/2022:17:00:04 -0300] "GET /cormun/servlet/trpermisosadjuntos?15113113,20220530154117,P, HTTP/1.1" 200 6291
190.171.141.90 - - [30/May/2022:17:00:05 -0300] "GET /cormun/servlet/trpermisosadjuntos?15113113,20220530154117,P, HTTP/1.1" 200 6291
190.171.141.90 - - [30/May/2022:17:00:06 -0300] "GET /cormun/servlet/permisosadjuntos?INS,15113113,P,20220530154117,, HTTP/1.1" 200 5608
190.171.141.90 - - [30/May/2022:17:00:06 -0300] "GET /cormun/static/about:blank HTTP/1.1" 404 1011
190.171.141.90 - - [30/May/2022:17:00:06 -0300] "GET /cormun/servlet/permisosadjuntos?INS,15113113,P,20220530154117,, HTTP/1.1" 200 5595
190.171.141.90 - - [30/May/2022:17:00:12 -0300] "POST /cormun/servlet/permisosadjuntos?5153fc49d51dd606dc03d6e995aea310,INS,15113113,P,20220530154117,, HTTP/1.1" 200 116
190.171.141.90 - - [30/May/2022:17:00:12 -0300] "GET /cormun/servlet/hpexe_return? HTTP/1.1" 200 1036
190.171.141.90 - - [30/May/2022:17:00:13 -0300] "GET /cormun/servlet/trpermisosadjuntos?15113113,20220530154117,P, HTTP/1.1" 200 6776
190.171.141.90 - - [30/May/2022:17:00:13 -0300] "GET /cormun/servlet/trpermisosadjuntos?15113113,20220530154117,P, HTTP/1.1" 200 6773
190.171.141.90 - - [30/May/2022:17:00:15 -0300] "POST /cormun/servlet/trpermisosadjuntos?5153fc49d51dd606dc03d6e995aea310,15113113,20220530154117,P,,gx-no-cache=1653940019319 HTTP/1.1" 200 90
190.171.141.90 - - [30/May/2022:17:00:15 -0300] "GET /cormun/servlet/hpexe_link HTTP/1.1" 200 982
190.171.141.90 - - [30/May/2022:17:00:16 -0300] "GET /cormun/servlet/trpermisosgoce HTTP/1.1" 200 19010
190.171.141.90 - - [30/May/2022:17:00:16 -0300] "GET /cormun/servlet/trpermisosgoce HTTP/1.1" 200 19041
190.171.141.90 - - [30/May/2022:17:00:18 -0300] "POST /cormun/servlet/trpermisosgoce?5153fc49d51dd606dc03d6e995aea310,gx-no-cache=1653940022242 HTTP/1.1" 200 16324
190.171.141.90 - - [30/May/2022:17:00:19 -0300] "GET /cormun/static/Shared/jqueryui/images/ui-bg_highlight-soft_100_c6c2c8_1x100.png HTTP/1.1" 404 1117
190.171.141.90 - - [30/May/2022:17:00:19 -0300] "GET /cormun/static/Shared/jqueryui/images/ui-icons_82798d_256x240.png HTTP/1.1" 404 1089
190.171.141.90 - - [30/May/2022:17:00:19 -0300] "GET /cormun/static/Shared/jqueryui/images/ui-bg_flat_55_fafafa_40x100.png HTTP/1.1" 404 1097
190.171.141.90 - - [30/May/2022:17:00:19 -0300] "GET /cormun/static/Shared/jqueryui/images/ui-icons_8d78a5_256x240.png HTTP/1.1" 404 1089
190.171.152.234 - - [30/May/2022:17:00:22 -0300] "GET /cormun/servlet/hlogin HTTP/1.1" 200 1728
190.171.152.234 - - [30/May/2022:17:00:29 -0300] "POST /cormun/servlet/hlogin?bb0e6e537e388f48cbd1fde9c8d4aefd,gx-no-cache=1653936458959 HTTP/1.1" 200 90
190.171.152.234 - - [30/May/2022:17:00:29 -0300] "GET /cormun/servlet/hpexe_link HTTP/1.1" 200 967
190.171.152.234 - - [30/May/2022:17:00:29 -0300] "GET /cormun/servlet/trautorizarsolicitud HTTP/1.1" 200 7391
190.171.152.242 - - [30/May/2022:17:00:29 -0300] "GET /cormun/servlet/solicitudot?5538a56145056b1b83a2ba1c3cc05c4aaf9f4cb12db71af3335640d72480511e48608ec50de0c4cb28ca02d16898542f,gx-no-cache=1653940036188 HTTP/1.1" 200 134
190.171.152.234 - - [30/May/2022:17:00:29 -0300] "GET /cormun/servlet/trautorizarsolicitud HTTP/1.1" 200 7390
190.171.152.242 - - [30/May/2022:17:00:29 -0300] "POST /cormun/servlet/solicitudot?gx-no-cache=1653940036255 HTTP/1.1" 200 125
190.171.152.234 - - [30/May/2022:17:00:34 -0300] "GET /cormun/servlet/trsolicitudot? HTTP/1.1" 200 7492
190.171.152.234 - - [30/May/2022:17:00:34 -0300] "GET /cormun/servlet/trsolicitudot? HTTP/1.1" 200 7491
190.171.152.234 - - [30/May/2022:17:00:41 -0300] "GET /cormun/servlet/solicitudot?INS,0,0,false, HTTP/1.1" 200 16001
190.171.152.234 - - [30/May/2022:17:00:41 -0300] "GET /cormun/servlet/solicitudot?INS,0,0,false, HTTP/1.1" 200 16009
190.171.152.242 - - [30/May/2022:17:00:47 -0300] "GET /cormun/static/menuarrow.gif HTTP/1.1" 404 1015
190.171.152.242 - - [30/May/2022:17:00:59 -0300] "GET /cormun/servlet/solicitudot?5538a56145056b1b83a2ba1c3cc05c4acd71dca5ea58cfc901f87cf34494f5dc37505b946f5f58246218094a0540e92c,gx-no-cache=1653940066091 HTTP/1.1" 200 30
190.171.152.242 - - [30/May/2022:17:01:08 -0300] "POST /cormun/servlet/solicitudot?gx-no-cache=1653940074666 HTTP/1.1" 200 30
190.171.152.234 - - [30/May/2022:17:01:14 -0300] "POST /cormun/servlet/solicitudot?gx-no-cache=1653936504232 HTTP/1.1" 200 3850
190.171.152.234 - - [30/May/2022:17:01:14 -0300] "POST /cormun/servlet/solicitudot?bb0e6e537e388f48cbd1fde9c8d4aefd,INS,0,0,false,,gx-no-cache=1653936504364 HTTP/1.1" 200 12676
190.171.152.234 - - [30/May/2022:17:01:16 -0300] "GET /cormun/servlet/solicitudot?0dac697048d75aba153316e451181a6cc1c486b1060590ee1ec3bce087c890c7f131d5425d6266513f20238657e154d2,gx-no-cache=1653936505791 HTTP/1.1" 200 30
190.171.152.242 - - [30/May/2022:17:01:25 -0300] "POST /cormun/servlet/solicitudot?36ddb8c7bac3bd3eb692819bb21fefb3,INS,0,0,false,,gx-no-cache=1653940091311 HTTP/1.1" 200 93
190.171.152.242 - - [30/May/2022:17:01:25 -0300] "GET /cormun/servlet/hpexe_return? HTTP/1.1" 200 1032
190.171.152.242 - - [30/May/2022:17:01:25 -0300] "GET /cormun/servlet/trsolicitudot?gx-no-cache=1653938938235 HTTP/1.1" 200 8661
