190.171.149.74 - - [30/May/2022:17:33:04 -0300] "GET /cormun/static/Shared/jqueryui/images/ui-bg_flat_55_994d53_40x100.png HTTP/1.1" 404 1097
190.171.149.74 - - [30/May/2022:17:33:04 -0300] "GET /cormun/static/Shared/jqueryui/images/ui-icons_ebccce_256x240.png HTTP/1.1" 404 1089
186.103.159.189 - - [30/May/2022:17:33:20 -0300] "GET /cormun/servlet/permisosadjuntos?INS,8510071,P,20220530080348,, HTTP/1.1" 200 5651
186.103.159.189 - - [30/May/2022:17:33:20 -0300] "GET /cormun/static/about:blank HTTP/1.1" 404 1011
186.103.159.189 - - [30/May/2022:17:33:20 -0300] "GET /cormun/servlet/permisosadjuntos?INS,8510071,P,20220530080348,, HTTP/1.1" 200 5641
186.67.172.234 - - [30/May/2022:17:33:25 -0300] "POST /cormun/servlet/solicitudot?gx-no-cache=1653942011272 HTTP/1.1" 200 297
186.67.172.234 - - [30/May/2022:17:33:26 -0300] "GET /cormun/servlet/solicitudot?f4dcfeb0176e0083615632a6d3262977456da85aa0735cd80b288c62146502f58b281f58aead8d8cac831b57e4d6066998d521c39fb0efac6da0c7bd1ef27e0fed45a70c02f76713e84c61b741897a484cb7a8935ecf9672d288008dd9df729f6d718eda3f6e8a9b0d603815154a7a124226a20a9b386e95f9294bf86a7d2ff43b5c4185352a6b13fead071fbf2c9256f46b3e1278009e354337d3fd26e88e5236389b696797dda3634cf780789480a972a7393611f30a73be0e217264b55eb54c9356fd309f04fb91412d60573bf0c9f706e9f1464027f4b501374b8eb3e47cee8d556e6f1e94d99a13b2f675913e4fc6ae897ae73e8813bb2c9bf0b5a6262c71cfca3c4459270687b5b82d518d34caf911cdda870679ed6cd89e81af05c20e8bc86cfebec244e0b816bdfea921fdb08fcfb83899f9a6c0a00e5e47f590c9cc48cf598e1a004326cc4b86acc2f85a5b443df014098298a9a9248197d3063efb7340224214ca879d3e019e0da188b34909f844845dbeb5ddd45fd86fd283c2b2678aef582efb78f0446d7aeffbc751a4,gx-no-cache=1653942012045 HTTP/1.1" 200 30
186.103.159.189 - - [30/May/2022:17:33:31 -0300] "POST /cormun/servlet/permisosadjuntos?96bb3a10460995874d8305fa72aa9f9c,INS,8510071,P,20220530080348,, HTTP/1.1" 200 116
186.103.159.189 - - [30/May/2022:17:33:31 -0300] "GET /cormun/servlet/hpexe_return? HTTP/1.1" 200 1036
186.103.159.189 - - [30/May/2022:17:33:31 -0300] "GET /cormun/servlet/trpermisosadjuntos?8510071,20220530080348,P, HTTP/1.1" 200 6809
186.103.159.189 - - [30/May/2022:17:33:31 -0300] "GET /cormun/servlet/trpermisosadjuntos?8510071,20220530080348,P, HTTP/1.1" 200 6804
190.171.141.90 - - [30/May/2022:17:33:32 -0300] "GET /cormun/servlet/hlogin HTTP/1.1" 200 1732
190.171.141.90 - - [30/May/2022:17:33:32 -0300] "GET /cormun/servlet/hlogin HTTP/1.1" 200 1742
190.171.141.90 - - [30/May/2022:17:33:32 -0300] "GET /favicon.ico HTTP/1.1" 200 21630
186.103.159.189 - - [30/May/2022:17:33:42 -0300] "GET /cormun/servlet/permisosadjuntos?INS,8510071,P,20220530080348,, HTTP/1.1" 200 5651
186.103.159.189 - - [30/May/2022:17:33:42 -0300] "GET /cormun/static/about:blank HTTP/1.1" 404 1011
186.103.159.189 - - [30/May/2022:17:33:42 -0300] "GET /cormun/servlet/permisosadjuntos?INS,8510071,P,20220530080348,, HTTP/1.1" 200 5641
186.103.159.189 - - [30/May/2022:17:33:43 -0300] "GET /cormun/servlet/trpermisosadjuntos?8510071,20220530080348,P, HTTP/1.1" 200 6803
186.103.159.189 - - [30/May/2022:17:33:44 -0300] "GET /cormun/servlet/trpermisosadjuntos?8510071,20220530080348,P, HTTP/1.1" 200 6803
190.171.141.90 - - [30/May/2022:17:33:45 -0300] "POST /cormun/servlet/hlogin?7ad4494246d469d1617e547c5773d4c4,gx-no-cache=1653942029482 HTTP/1.1" 200 90
190.171.141.90 - - [30/May/2022:17:33:45 -0300] "GET /cormun/servlet/hpexe_link HTTP/1.1" 200 957
186.103.159.189 - - [30/May/2022:17:33:45 -0300] "GET /cormun/servlet/trpermisosgoce? HTTP/1.1" 200 11254
190.171.141.90 - - [30/May/2022:17:33:45 -0300] "GET /cormun/servlet/hhome HTTP/1.1" 200 4198
190.171.141.90 - - [30/May/2022:17:33:45 -0300] "GET /cormun/servlet/hhome HTTP/1.1" 200 4194
186.103.159.189 - - [30/May/2022:17:33:45 -0300] "GET /cormun/servlet/trpermisosgoce? HTTP/1.1" 200 11248
190.171.141.90 - - [30/May/2022:17:33:49 -0300] "GET /cormun/servlet/trlicencias? HTTP/1.1" 200 16550
190.171.141.90 - - [30/May/2022:17:33:50 -0300] "GET /cormun/servlet/trlicencias? HTTP/1.1" 200 16546
186.103.159.189 - - [30/May/2022:17:33:53 -0300] "GET /cormun/servlet/trpermisosadjuntos?8510071,20220530080348,P, HTTP/1.1" 200 6804
186.103.159.189 - - [30/May/2022:17:33:53 -0300] "GET /cormun/servlet/trpermisosadjuntos?8510071,20220530080348,P, HTTP/1.1" 200 6804
190.171.149.74 - - [30/May/2022:17:33:55 -0300] "GET /cormun/servlet/solicitudot?c068b8d14fdb53c628e25277d9fb65e0cd477fcc5d294fa9aa0fc03aa8ece1c31850e1c5c1f95e5dbfdb9936a9456b698d11beb4cd21c466770c355822fb21aaf0b7d951b7dd05fc8e602ffc9ee0fe20387c3092856f002b4551ba997c3a56fe7568bad65c0c99ab4708afdb15addab4,gx-no-cache=1653942042301 HTTP/1.1" 200 110
186.103.159.189 - - [30/May/2022:17:34:00 -0300] "GET /cormun/servlet/permisosadjuntos?INS,8510071,P,20220530080348,, HTTP/1.1" 200 5651
186.103.159.189 - - [30/May/2022:17:34:00 -0300] "GET /cormun/static/about:blank HTTP/1.1" 404 1011
186.103.159.189 - - [30/May/2022:17:34:00 -0300] "GET /cormun/servlet/permisosadjuntos?INS,8510071,P,20220530080348,, HTTP/1.1" 200 5641
190.171.149.74 - - [30/May/2022:17:34:02 -0300] "GET /cormun/static/menuarrow.gif HTTP/1.1" 404 1015
190.171.149.74 - - [30/May/2022:17:34:06 -0300] "GET /cormun/servlet/solicitudot?c068b8d14fdb53c628e25277d9fb65e00558ce262c8a98f4a839e5deb3b6aa3f25dadfe192a4183c2558a85e57119902,gx-no-cache=1653942053219 HTTP/1.1" 200 30
190.171.149.74 - - [30/May/2022:17:34:06 -0300] "POST /cormun/servlet/solicitudot?gx-no-cache=1653942053249 HTTP/1.1" 200 33
190.171.149.74 - - [30/May/2022:17:34:20 -0300] "POST /cormun/servlet/solicitudot?0cf56f2e7ba51432d8ec7ee63f8a5ff6,INS,0,0,false,,gx-no-cache=1653942066921 HTTP/1.1" 200 93
190.171.149.74 - - [30/May/2022:17:34:20 -0300] "GET /cormun/servlet/hpexe_return? HTTP/1.1" 200 1009
190.171.149.74 - - [30/May/2022:17:34:20 -0300] "GET /cormun/servlet/trsolicitudot HTTP/1.1" 200 8614
190.171.149.74 - - [30/May/2022:17:34:21 -0300] "GET /cormun/servlet/trsolicitudot HTTP/1.1" 200 8611
190.171.141.106 - - [30/May/2022:17:34:25 -0300] "GET /cormun/servlet/trautorizarsolicitud? HTTP/1.1" 200 6209
190.171.141.106 - - [30/May/2022:17:34:25 -0300] "GET /cormun/servlet/hlogin HTTP/1.1" 200 1752
190.171.141.106 - - [30/May/2022:17:34:25 -0300] "GET /cormun/static/Resources/indicator.gif HTTP/1.1" 304 -
190.171.141.106 - - [30/May/2022:17:34:25 -0300] "GET /cormun/servlet/trautorizarsolicitud? HTTP/1.1" 200 6220
190.171.141.106 - - [30/May/2022:17:34:25 -0300] "GET /cormun/static/Resources/Logo2019_Grande.png HTTP/1.1" 304 -
190.171.141.106 - - [30/May/2022:17:34:25 -0300] "GET /cormun/static/Resources/PXToolsLoginTop.png HTTP/1.1" 304 -
190.171.141.106 - - [30/May/2022:17:34:25 -0300] "GET /cormun/static/Resources/PXToolsLoginBackground.png HTTP/1.1" 304 -
190.171.141.106 - - [30/May/2022:17:34:25 -0300] "GET /cormun/static/Resources/PXToolsButtonRight.png HTTP/1.1" 304 -
190.171.141.106 - - [30/May/2022:17:34:25 -0300] "GET /cormun/static/Resources/PXToolsButtonBackground.png HTTP/1.1" 304 -
190.171.141.106 - - [30/May/2022:17:34:25 -0300] "GET /cormun/static/Resources/PXToolsLoginBottom.png HTTP/1.1" 304 -
190.171.141.106 - - [30/May/2022:17:34:25 -0300] "GET /cormun/static/Resources/PXToolsButtonLeft.png HTTP/1.1" 304 -
190.171.141.106 - - [30/May/2022:17:34:28 -0300] "POST /cormun/servlet/hlogin?ecc4b64c1a5f825f24b78dec71fe4b37,gx-no-cache=1653942074551 HTTP/1.1" 200 90
190.171.141.106 - - [30/May/2022:17:34:28 -0300] "GET /cormun/servlet/hpexe_link HTTP/1.1" 200 967
190.171.141.106 - - [30/May/2022:17:34:28 -0300] "GET /cormun/servlet/trautorizarsolicitud HTTP/1.1" 200 8625
190.171.141.106 - - [30/May/2022:17:34:28 -0300] "GET /cormun/servlet/trautorizarsolicitud HTTP/1.1" 200 8624
190.171.141.106 - - [30/May/2022:17:34:32 -0300] "POST /cormun/servlet/trautorizarsolicitud?ecc4b64c1a5f825f24b78dec71fe4b37,gx-no-cache=1653942078055 HTTP/1.1" 200 4511
190.171.141.106 - - [30/May/2022:17:34:32 -0300] "GET /cormun/static/Shared/jqueryui/images/ui-bg_highlight-soft_100_c6c2c8_1x100.png HTTP/1.1" 404 1117
190.171.141.106 - - [30/May/2022:17:34:32 -0300] "GET /cormun/static/Shared/jqueryui/images/ui-icons_82798d_256x240.png HTTP/1.1" 404 1089
190.171.141.106 - - [30/May/2022:17:34:32 -0300] "GET /cormun/static/Shared/jqueryui/images/ui-bg_flat_55_fafafa_40x100.png HTTP/1.1" 404 1097
190.171.141.106 - - [30/May/2022:17:34:32 -0300] "GET /cormun/static/Shared/jqueryui/images/ui-icons_8d78a5_256x240.png HTTP/1.1" 404 1089
190.171.141.106 - - [30/May/2022:17:34:32 -0300] "POST /cormun/servlet/trautorizarsolicitud?ecc4b64c1a5f825f24b78dec71fe4b37,gx-no-cache=1653942078561 HTTP/1.1" 200 4273
190.171.149.74 - - [30/May/2022:17:34:43 -0300] "POST /cormun/servlet/trsolicitudot?0cf56f2e7ba51432d8ec7ee63f8a5ff6,gx-no-cache=1653942089844 HTTP/1.1" 200 112
190.171.149.74 - - [30/May/2022:17:34:43 -0300] "GET /cormun/servlet/solicitudot?UPD,2022,18807,false, HTTP/1.1" 200 16369
190.171.149.74 - - [30/May/2022:17:34:43 -0300] "GET /cormun/servlet/solicitudot?UPD,2022,18807,false, HTTP/1.1" 200 16379
190.171.149.74 - - [30/May/2022:17:34:44 -0300] "POST /cormun/servlet/solicitudot?gx-no-cache=1653942090924 HTTP/1.1" 200 3921
190.171.149.74 - - [30/May/2022:17:34:44 -0300] "POST /cormun/servlet/solicitudot?0cf56f2e7ba51432d8ec7ee63f8a5ff6,UPD,2022,18807,false,,gx-no-cache=1653942091077 HTTP/1.1" 200 12560
190.171.149.74 - - [30/May/2022:17:34:44 -0300] "GET /cormun/servlet/solicitudot?c068b8d14fdb53c628e25277d9fb65e09e797866e30c64e876f68c82df6bc37f3994b8eba2c6e4a41386a06a594bf9b6,gx-no-cache=1653942091275 HTTP/1.1" 200 30
190.171.149.74 - - [30/May/2022:17:34:44 -0300] "GET /cormun/servlet/solicitudot?c068b8d14fdb53c628e25277d9fb65e0a84dd9d772ca8c75628020f1ffd6b9e8d06dbf518e86a2f303ac3d8758f40a7a,gx-no-cache=1653942091301 HTTP/1.1" 200 30
190.171.149.74 - - [30/May/2022:17:34:44 -0300] "GET /cormun/servlet/solicitudot?c068b8d14fdb53c628e25277d9fb65e0651a63ff1515c8bad4916af34368782dfbbcb14b4e5205479a30068725d0302312a0c9d1f6271493618f1be0f55c46f3,gx-no-cache=1653942091319 HTTP/1.1" 200 51
190.171.149.74 - - [30/May/2022:17:34:44 -0300] "POST /cormun/servlet/solicitudot?gx-no-cache=1653942091342 HTTP/1.1" 200 256
190.171.149.74 - - [30/May/2022:17:34:44 -0300] "GET /cormun/servlet/solicitudot?c068b8d14fdb53c628e25277d9fb65e02c7812e504a34ef6aa6e80c9abe3e40957cbcc7a27a002fc8345af1073a81e5c4c4bb47edc0423460f56b0aa0509747629816682a01e42b693d5d683a39623f301ab2f0fea72ba04175679a999aa49eb1a3f4b15b21e648ba5d7659fd92c45eed64497dbc2cf3af91f72138a6df831e832e62ec79f807c9d7a95ab30b92edeec25c464ee8f77dcca41a4c9019b685f88fdfeb06d49283638c2c7fd720094f188d27ffda697698df7153b258eadb722bcd8cce41f57f1fb1e79fb3094f93d43b7fea25180dfe8186743c5dccecb888e36d8f327c6f738e93eb012da7d2338f8c5dca7cd6685a20d442512f44dc66a943b924f5ecd75a932d762b78632af46a4be06e1130a1ade3a6e11b74cca31e32b133de054c1af8aa0e3d4b8d7b17e026c2c2d10fa37e0213c6dbeab917987b316df1db5cf444c791d801851d278608d09fde946e9dd033cacd165fa2932b4b52dcd6b2219fd98675905f62e7e8e9cdcb8a409a3eb2c4523d3da166d35861ecf3a9f,gx-no-cache=1653942091374 HTTP/1.1" 200 30
190.171.149.74 - - [30/May/2022:17:34:44 -0300] "POST /cormun/servlet/solicitudot?gx-no-cache=1653942091459 HTTP/1.1" 200 30
190.171.149.74 - - [30/May/2022:17:34:44 -0300] "POST /cormun/servlet/solicitudot?gx-no-cache=1653942091501 HTTP/1.1" 200 1454
190.171.149.74 - - [30/May/2022:17:34:44 -0300] "POST /cormun/servlet/solicitudot?gx-no-cache=1653942091531 HTTP/1.1" 200 41
190.171.149.74 - - [30/May/2022:17:35:00 -0300] "GET /cormun/servlet/solicitudot?c068b8d14fdb53c628e25277d9fb65e0cd477fcc5d294fa9aa0fc03aa8ece1c31850e1c5c1f95e5dbfdb9936a9456b698d11beb4cd21c466770c355822fb21aaf0b7d951b7dd05fc8e602ffc9ee0fe20387c3092856f002b4551ba997c3a56fe7568bad65c0c99ab4708afdb15addab4,gx-no-cache=1653942106698 HTTP/1.1" 200 110
190.171.149.74 - - [30/May/2022:17:35:00 -0300] "POST /cormun/servlet/solicitudot?gx-no-cache=1653942106719 HTTP/1.1" 200 109
190.171.149.74 - - [30/May/2022:17:35:00 -0300] "GET /cormun/servlet/solicitudot?c068b8d14fdb53c628e25277d9fb65e004f1e5ece259827eb3bbe029b38b1c430d40923b3a8f7b215b983005693f8d4d4a5ac78239bd6066766a634e3dd2c5d8c8cd00df1cad88d3f9aee001f8050292b1490782bc906b07b59dfe8c7d635cd9ec3203c1e248fec3c7cc61b193fba7625d6674bb6cd3cda2e1366b0c88415c887d62b4371168a53b78fbc6ee7e428f3ab87e56efc2e2d955d6472ae1665e3b3c,gx-no-cache=1653942106750 HTTP/1.1" 200 29
190.171.149.74 - - [30/May/2022:17:35:00 -0300] "GET /cormun/servlet/solicitudot?c068b8d14fdb53c628e25277d9fb65e00558ce262c8a98f4a839e5deb3b6aa3f25dadfe192a4183c2558a85e57119902,gx-no-cache=1653942106772 HTTP/1.1" 200 30
190.171.149.74 - - [30/May/2022:17:35:00 -0300] "POST /cormun/servlet/solicitudot?gx-no-cache=1653942106797 HTTP/1.1" 200 33
190.171.149.74 - - [30/May/2022:17:35:00 -0300] "POST /cormun/servlet/solicitudot?0cf56f2e7ba51432d8ec7ee63f8a5ff6,UPD,2022,18807,false,,gx-no-cache=1653942106866 HTTP/1.1" 200 93
190.171.149.74 - - [30/May/2022:17:35:00 -0300] "GET /cormun/servlet/hpexe_return? HTTP/1.1" 200 1015
190.171.149.74 - - [30/May/2022:17:35:00 -0300] "GET /cormun/servlet/trsolicitudot HTTP/1.1" 200 8618
190.171.149.74 - - [30/May/2022:17:35:01 -0300] "GET /cormun/servlet/trsolicitudot HTTP/1.1" 200 8614
190.171.149.74 - - [30/May/2022:17:35:19 -0300] "POST /cormun/servlet/trsolicitudot?0cf56f2e7ba51432d8ec7ee63f8a5ff6,gx-no-cache=1653942126444 HTTP/1.1" 200 4562
190.171.149.74 - - [30/May/2022:17:35:20 -0300] "GET /cormun/static/Shared/jqueryui/images/ui-bg_highlight-soft_100_c6c2c8_1x100.png HTTP/1.1" 404 1117
190.171.149.74 - - [30/May/2022:17:35:20 -0300] "GET /cormun/static/Shared/jqueryui/images/ui-icons_82798d_256x240.png HTTP/1.1" 404 1089
190.171.149.74 - - [30/May/2022:17:35:20 -0300] "GET /cormun/static/Shared/jqueryui/images/ui-bg_flat_55_fafafa_40x100.png HTTP/1.1" 404 1097
190.171.149.74 - - [30/May/2022:17:35:20 -0300] "GET /cormun/static/Shared/jqueryui/images/ui-icons_8d78a5_256x240.png HTTP/1.1" 404 1089
190.171.149.74 - - [30/May/2022:17:35:20 -0300] "POST /cormun/servlet/trsolicitudot?0cf56f2e7ba51432d8ec7ee63f8a5ff6,gx-no-cache=1653942126641 HTTP/1.1" 200 4327
186.103.159.189 - - [30/May/2022:17:35:24 -0300] "POST /cormun/servlet/permisosadjuntos?96bb3a10460995874d8305fa72aa9f9c,INS,8510071,P,20220530080348,, HTTP/1.1" 200 116
186.103.159.189 - - [30/May/2022:17:35:24 -0300] "GET /cormun/servlet/hpexe_return? HTTP/1.1" 200 1036
186.103.159.189 - - [30/May/2022:17:35:25 -0300] "GET /cormun/servlet/trpermisosadjuntos?8510071,20220530080348,P, HTTP/1.1" 200 6903
186.103.159.189 - - [30/May/2022:17:35:25 -0300] "GET /cormun/servlet/trpermisosadjuntos?8510071,20220530080348,P, HTTP/1.1" 200 6900
190.171.149.74 - - [30/May/2022:17:35:29 -0300] "GET /cormun/servlet/hlogin HTTP/1.1" 200 1743
190.95.2.157 - - [30/May/2022:17:35:30 -0300] "GET /cormun/servlet/hlogin HTTP/1.1" 200 1728
190.95.2.157 - - [30/May/2022:17:35:30 -0300] "GET /cormun/static/Resources/Logo2019_Grande.png HTTP/1.1" 304 -
190.95.2.157 - - [30/May/2022:17:35:30 -0300] "GET /cormun/static/Resources/PXToolsLoginBackground.png HTTP/1.1" 304 -
190.95.2.157 - - [30/May/2022:17:35:30 -0300] "GET /cormun/static/Resources/PXToolsLoginTop.png HTTP/1.1" 304 -
190.95.2.157 - - [30/May/2022:17:35:30 -0300] "GET /cormun/static/Resources/PXToolsButtonLeft.png HTTP/1.1" 304 -
190.95.2.157 - - [30/May/2022:17:35:30 -0300] "GET /cormun/static/Resources/PXToolsButtonRight.png HTTP/1.1" 304 -
190.95.2.157 - - [30/May/2022:17:35:30 -0300] "GET /cormun/static/Resources/PXToolsButtonBackground.png HTTP/1.1" 304 -
190.95.2.157 - - [30/May/2022:17:35:30 -0300] "GET /cormun/static/Resources/PXToolsLoginBottom.png HTTP/1.1" 304 -
190.95.2.157 - - [30/May/2022:17:35:30 -0300] "GET /cormun/servlet/hlogin HTTP/1.1" 200 1739
186.103.159.189 - - [30/May/2022:17:35:37 -0300] "GET /cormun/servlet/permisosadjuntos?DLT,8510071,P,20220530080348,20220530161634, HTTP/1.1" 200 5687
186.103.159.189 - - [30/May/2022:17:35:38 -0300] "GET /cormun/static/Shared/jqueryui/images/ui-bg_highlight-soft_100_c6c2c8_1x100.png HTTP/1.1" 404 1117
186.103.159.189 - - [30/May/2022:17:35:38 -0300] "GET /cormun/static/Shared/jqueryui/images/ui-icons_82798d_256x240.png HTTP/1.1" 404 1089
186.103.159.189 - - [30/May/2022:17:35:38 -0300] "GET /cormun/static/Shared/jqueryui/images/ui-bg_flat_55_fafafa_40x100.png HTTP/1.1" 404 1097
186.103.159.189 - - [30/May/2022:17:35:38 -0300] "GET /cormun/static/Shared/jqueryui/images/ui-icons_8d78a5_256x240.png HTTP/1.1" 404 1089
186.103.159.189 - - [30/May/2022:17:35:38 -0300] "GET /cormun/PublicTempStorage/permiso_irene_valenzuela7326243.pdf HTTP/1.1" 200 131642
186.103.159.189 - - [30/May/2022:17:35:38 -0300] "GET /cormun/servlet/permisosadjuntos?DLT,8510071,P,20220530080348,20220530161634, HTTP/1.1" 200 5676
190.171.149.74 - - [30/May/2022:17:35:39 -0300] "POST /cormun/servlet/hlogin?0cf56f2e7ba51432d8ec7ee63f8a5ff6,gx-no-cache=1653942145691 HTTP/1.1" 200 90
190.171.149.74 - - [30/May/2022:17:35:39 -0300] "GET /cormun/servlet/hpexe_link HTTP/1.1" 200 952
190.171.149.74 - - [30/May/2022:17:35:39 -0300] "GET /cormun/servlet/hhome HTTP/1.1" 200 4229
190.171.149.74 - - [30/May/2022:17:35:39 -0300] "GET /cormun/servlet/hhome HTTP/1.1" 200 4226
186.103.159.189 - - [30/May/2022:17:35:40 -0300] "POST /cormun/servlet/permisosadjuntos?96bb3a10460995874d8305fa72aa9f9c,DLT,8510071,P,20220530080348,20220530161634,,gx-no-cache=1653942146350 HTTP/1.1" 200 93
186.103.159.189 - - [30/May/2022:17:35:40 -0300] "GET /cormun/servlet/hpexe_return? HTTP/1.1" 200 1044
186.103.159.189 - - [30/May/2022:17:35:40 -0300] "GET /cormun/servlet/trpermisosadjuntos?8510071,20220530080348,P, HTTP/1.1" 200 6904
186.103.159.189 - - [30/May/2022:17:35:41 -0300] "GET /cormun/servlet/trpermisosadjuntos?8510071,20220530080348,P, HTTP/1.1" 200 6901
190.171.149.74 - - [30/May/2022:17:35:42 -0300] "GET /cormun/servlet/trautorizarsolicitud? HTTP/1.1" 200 8746
190.171.149.74 - - [30/May/2022:17:35:43 -0300] "GET /cormun/servlet/trautorizarsolicitud? HTTP/1.1" 200 8744
186.103.159.189 - - [30/May/2022:17:35:44 -0300] "GET /cormun/servlet/permisosadjuntos?DLT,8510071,P,20220530080348,20220530161634, HTTP/1.1" 200 5686
186.103.159.189 - - [30/May/2022:17:35:44 -0300] "GET /cormun/PublicTempStorage/permiso_irene_valenzuela527635.pdf HTTP/1.1" 200 131642
186.103.159.189 - - [30/May/2022:17:35:44 -0300] "GET /cormun/servlet/permisosadjuntos?DLT,8510071,P,20220530080348,20220530161634, HTTP/1.1" 200 5676
190.95.2.157 - - [30/May/2022:17:35:52 -0300] "POST /cormun/servlet/hlogin?c8b46de5c472728e47854c0d511ca023,gx-no-cache=1653942158168 HTTP/1.1" 200 90
190.95.2.157 - - [30/May/2022:17:35:52 -0300] "GET /cormun/servlet/hpexe_link HTTP/1.1" 200 954
190.95.2.157 - - [30/May/2022:17:35:52 -0300] "GET /cormun/servlet/hhome HTTP/1.1" 200 4298
190.95.2.157 - - [30/May/2022:17:35:53 -0300] "GET /cormun/static/Resources/Logo2019_Small.png HTTP/1.1" 304 -
190.95.2.157 - - [30/May/2022:17:35:53 -0300] "GET /cormun/static/Resources/Llave.png HTTP/1.1" 304 -
190.95.2.157 - - [30/May/2022:17:35:53 -0300] "GET /cormun/static/Resources/ImgHome.png HTTP/1.1" 304 -
190.95.2.157 - - [30/May/2022:17:35:53 -0300] "GET /cormun/static/Resources/ImgLogin.png HTTP/1.1" 304 -
190.95.2.157 - - [30/May/2022:17:35:53 -0300] "GET /cormun/static/Resources/PXToolsDataTitle.png HTTP/1.1" 304 -
190.95.2.157 - - [30/May/2022:17:35:53 -0300] "GET /cormun/servlet/hhome HTTP/1.1" 200 4294
190.171.149.74 - - [30/May/2022:17:36:00 -0300] "POST /cormun/servlet/trautorizarsolicitud?0cf56f2e7ba51432d8ec7ee63f8a5ff6,,gx-no-cache=1653942167142 HTTP/1.1" 200 4764
190.171.149.74 - - [30/May/2022:17:36:00 -0300] "GET /cormun/static/Shared/jqueryui/images/ui-bg_highlight-soft_100_c6c2c8_1x100.png HTTP/1.1" 404 1117
190.171.149.74 - - [30/May/2022:17:36:00 -0300] "GET /cormun/static/Shared/jqueryui/images/ui-icons_82798d_256x240.png HTTP/1.1" 404 1089
190.171.149.74 - - [30/May/2022:17:36:00 -0300] "GET /cormun/static/Shared/jqueryui/images/ui-bg_flat_55_fafafa_40x100.png HTTP/1.1" 404 1097
190.171.149.74 - - [30/May/2022:17:36:00 -0300] "GET /cormun/static/Shared/jqueryui/images/ui-icons_8d78a5_256x240.png HTTP/1.1" 404 1089
190.171.149.74 - - [30/May/2022:17:36:00 -0300] "POST /cormun/servlet/trautorizarsolicitud?0cf56f2e7ba51432d8ec7ee63f8a5ff6,,gx-no-cache=1653942167327 HTTP/1.1" 200 4529
186.103.159.189 - - [30/May/2022:17:36:03 -0300] "POST /cormun/servlet/permisosadjuntos?96bb3a10460995874d8305fa72aa9f9c,DLT,8510071,P,20220530080348,20220530161634,,gx-no-cache=1653942169587 HTTP/1.1" 200 93
186.103.159.189 - - [30/May/2022:17:36:03 -0300] "GET /cormun/servlet/hpexe_return? HTTP/1.1" 200 1044
186.103.159.189 - - [30/May/2022:17:36:04 -0300] "GET /cormun/servlet/trpermisosadjuntos?8510071,20220530080348,P, HTTP/1.1" 200 6808
186.103.159.189 - - [30/May/2022:17:36:04 -0300] "GET /cormun/servlet/trpermisosadjuntos?8510071,20220530080348,P, HTTP/1.1" 200 6805
190.171.143.90 - - [30/May/2022:17:36:08 -0300] "GET /cormun/servlet/hlogin HTTP/1.1" 200 1726
190.171.143.90 - - [30/May/2022:17:36:18 -0300] "POST /cormun/servlet/hlogin?84a3081fca8f4b8be02b73ddbf8132c4,gx-no-cache=1653942184826 HTTP/1.1" 200 431
186.67.172.234 - - [30/May/2022:17:36:28 -0300] "POST /cormun/servlet/solicitudot?gx-no-cache=1653942194338 HTTP/1.1" 200 30
190.171.143.90 - - [30/May/2022:17:36:29 -0300] "POST /cormun/servlet/hlogin?84a3081fca8f4b8be02b73ddbf8132c4,gx-no-cache=1653942195617 HTTP/1.1" 200 90
190.171.143.90 - - [30/May/2022:17:36:29 -0300] "GET /cormun/servlet/hpexe_link HTTP/1.1" 200 954
190.171.143.90 - - [30/May/2022:17:36:29 -0300] "GET /cormun/servlet/hhome HTTP/1.1" 200 4304
190.171.143.90 - - [30/May/2022:17:36:29 -0300] "GET /cormun/servlet/hhome HTTP/1.1" 200 4300
186.67.172.234 - - [30/May/2022:17:36:32 -0300] "POST /cormun/servlet/solicitudot?gx-no-cache=1653942198442 HTTP/1.1" 200 30
186.67.172.234 - - [30/May/2022:17:36:41 -0300] "POST /cormun/servlet/solicitudot?gx-no-cache=1653942206818 HTTP/1.1" 200 30
186.67.172.234 - - [30/May/2022:17:36:42 -0300] "POST /cormun/servlet/solicitudot?gx-no-cache=1653942208015 HTTP/1.1" 200 1452
186.67.172.234 - - [30/May/2022:17:36:42 -0300] "POST /cormun/servlet/solicitudot?gx-no-cache=1653942208044 HTTP/1.1" 200 38
190.171.143.90 - - [30/May/2022:17:36:43 -0300] "GET /cormun/servlet/trlicencias? HTTP/1.1" 200 13256
190.171.143.90 - - [30/May/2022:17:36:44 -0300] "GET /cormun/servlet/trlicencias? HTTP/1.1" 200 13253
190.95.2.157 - - [30/May/2022:17:36:51 -0300] "GET /cormun/servlet/trpermisosgoce? HTTP/1.1" 200 10262
190.95.2.157 - - [30/May/2022:17:36:51 -0300] "GET /cormun/static/Resources/PXToolsDataSearch.png HTTP/1.1" 304 -
190.95.2.157 - - [30/May/2022:17:36:51 -0300] "GET /cormun/static/Resources/PXTools/calendar.png HTTP/1.1" 304 -
190.95.2.157 - - [30/May/2022:17:36:51 -0300] "GET /cormun/static/Resources/PXToolsGridPreviousDisabled.gif HTTP/1.1" 304 -
190.95.2.157 - - [30/May/2022:17:36:51 -0300] "GET /cormun/static/Resources/PXToolsGridFirstDisabled.gif HTTP/1.1" 304 -
190.95.2.157 - - [30/May/2022:17:36:51 -0300] "GET /cormun/static/Resources/PXToolsGridNextDisabled.gif HTTP/1.1" 304 -
190.95.2.157 - - [30/May/2022:17:36:51 -0300] "GET /cormun/static/Resources/PXToolsGridPage.gif HTTP/1.1" 304 -
190.95.2.157 - - [30/May/2022:17:36:51 -0300] "GET /cormun/static/Resources/PXToolsGridLastDisabled.gif HTTP/1.1" 304 -
190.95.2.157 - - [30/May/2022:17:36:51 -0300] "GET /cormun/static/Resources/PXToolsAddAllAction.png HTTP/1.1" 304 -
190.95.2.157 - - [30/May/2022:17:36:51 -0300] "GET /cormun/static/Resources/PXToolsActionExcel.png HTTP/1.1" 304 -
190.95.2.157 - - [30/May/2022:17:36:51 -0300] "GET /cormun//static/Resources/PXToolsActionDisabled.gif HTTP/1.1" 304 -
190.95.2.157 - - [30/May/2022:17:36:51 -0300] "GET /cormun/static/Resources/desc.gif HTTP/1.1" 304 -
190.95.2.157 - - [30/May/2022:17:36:51 -0300] "GET /cormun//static/Resources/PXToolsGridDisplay.png HTTP/1.1" 304 -
190.95.2.157 - - [30/May/2022:17:36:51 -0300] "GET /cormun//static/Resources/PXTools/ActionInsert.png HTTP/1.1" 304 -
190.95.2.157 - - [30/May/2022:17:36:51 -0300] "GET /cormun/static/Resources/asc.gif HTTP/1.1" 304 -
190.95.2.157 - - [30/May/2022:17:36:51 -0300] "GET /cormun//static/Resources/PXToolsHeaderHelp.png HTTP/1.1" 304 -
190.95.2.157 - - [30/May/2022:17:36:51 -0300] "GET /cormun//static/Resources/PXToolsGridDelete.png HTTP/1.1" 304 -
190.95.2.157 - - [30/May/2022:17:36:51 -0300] "GET /cormun//static/Resources/PXToolsActionPrint.png HTTP/1.1" 304 -
190.95.2.157 - - [30/May/2022:17:36:51 -0300] "GET /cormun//static/Resources/PXToolsGridUpdate.png HTTP/1.1" 304 -
190.95.2.157 - - [30/May/2022:17:36:51 -0300] "GET /cormun//static/Resources/PXToolsHeaderFavorites.png HTTP/1.1" 304 -
190.95.2.157 - - [30/May/2022:17:36:51 -0300] "GET /cormun/servlet/trpermisosgoce? HTTP/1.1" 200 10264
186.67.172.234 - - [30/May/2022:17:36:53 -0300] "GET /cormun/servlet/solicitudot?f4dcfeb0176e0083615632a6d32629778eb3f52744e58c51f4344e3822095120287ae0b9e942c7f7fb98e2d6cda76c48f6db7f91c1a883061d2d742c042b15e2be6f45a5b9201ba16f84e73040ae4b9264dd64527ac7991952c6ec2b9e1322e8d4d6ec974d60b3e98e4ee881045799bc,gx-no-cache=1653942219586 HTTP/1.1" 200 110
190.95.2.157 - - [30/May/2022:17:36:58 -0300] "GET /cormun/servlet/permisogoce?INS,0,,, HTTP/1.1" 200 7186
190.95.2.157 - - [30/May/2022:17:36:58 -0300] "GET /cormun/static/Resources/prompt.gif HTTP/1.1" 304 -
190.95.2.157 - - [30/May/2022:17:36:59 -0300] "GET /cormun/servlet/permisogoce?INS,0,,, HTTP/1.1" 200 7186
186.67.172.234 - - [30/May/2022:17:37:05 -0300] "POST /cormun/servlet/solicitudot?gx-no-cache=1653942231485 HTTP/1.1" 200 110
186.67.172.234 - - [30/May/2022:17:37:13 -0300] "GET /cormun/servlet/solicitudot?f4dcfeb0176e0083615632a6d3262977bcd75de830ddca73f278c6ce313a128ce96412781aecdeeca1303e393ed2c5bb5cb033f9e13e59a1b1b45d8df508f1dc3c8e15b528430ce208bd2bce0ad1223adf67db725235f0a469bfa3863cb0079a90e7fecda3b62f08bf13b63c31d07f72,gx-no-cache=1653942239314 HTTP/1.1" 200 29
186.67.172.234 - - [30/May/2022:17:37:13 -0300] "GET /cormun/static/menuarrow.gif HTTP/1.1" 404 1015
190.95.2.157 - - [30/May/2022:17:37:17 -0300] "GET /cormun/servlet/permisogoce?d66f72ea5eb8a80362255ea67aee0b12767f8d4c3181a8548536567f6eb84e2e26fddc472bc871b76b81ff4aa8f64399a9c20859102e6c660f7a6d68276e905c,gx-no-cache=1653942243081 HTTP/1.1" 200 85
190.95.2.157 - - [30/May/2022:17:37:17 -0300] "GET /cormun/static/menuarrow.gif HTTP/1.1" 404 1015
190.171.152.242 - - [30/May/2022:17:37:21 -0300] "GET /cormun/servlet/hlogin HTTP/1.1" 200 1731
186.67.172.234 - - [30/May/2022:17:37:24 -0300] "GET /cormun/servlet/solicitudot?f4dcfeb0176e0083615632a6d326297797be80f9ae9bf4c9db859e1af08f1de19e0a474f07ce109876501b8c1378cc7a,gx-no-cache=1653942250386 HTTP/1.1" 200 30
186.103.159.189 - - [30/May/2022:17:37:25 -0300] "GET /cormun/servlet/trpermisosgoce? HTTP/1.1" 200 11254
186.103.159.189 - - [30/May/2022:17:37:26 -0300] "GET /cormun/servlet/trpermisosgoce? HTTP/1.1" 200 11252
190.171.152.242 - - [30/May/2022:17:37:26 -0300] "POST /cormun/servlet/hlogin?680f93776a281d1ae4ebcd0899958483,gx-no-cache=1653942252525 HTTP/1.1" 200 90
190.171.152.242 - - [30/May/2022:17:37:26 -0300] "GET /cormun/servlet/hpexe_link HTTP/1.1" 200 957
190.171.152.242 - - [30/May/2022:17:37:26 -0300] "GET /cormun/servlet/hhome HTTP/1.1" 200 4001
190.171.152.242 - - [30/May/2022:17:37:26 -0300] "GET /cormun/servlet/hhome HTTP/1.1" 200 3997
190.95.2.157 - - [30/May/2022:17:37:29 -0300] "GET /cormun/servlet/permisogoce?d66f72ea5eb8a80362255ea67aee0b12550d0e4241578bf7144086b239eb54252a9fde2800a93aa393b04d82b253ba0795c80b6378239eafa0e0f16f814dd051,gx-no-cache=1653942255086 HTTP/1.1" 200 47
190.171.152.242 - - [30/May/2022:17:37:30 -0300] "GET /cormun/servlet/trsolicitudot? HTTP/1.1" 200 7222
190.171.152.242 - - [30/May/2022:17:37:30 -0300] "GET /cormun/static/gxcfg.js?201991910464971 HTTP/1.1" 304 -
190.171.152.242 - - [30/May/2022:17:37:30 -0300] "GET /cormun/static/trsolicitudot.js?201991910465845 HTTP/1.1" 304 -
190.171.152.242 - - [30/May/2022:17:37:31 -0300] "GET /cormun/servlet/trsolicitudot? HTTP/1.1" 200 7221
190.95.2.157 - - [30/May/2022:17:37:33 -0300] "POST /cormun/servlet/permisogoce?c8b46de5c472728e47854c0d511ca023,INS,0,,,,gx-no-cache=1653942258890 HTTP/1.1" 200 93
190.95.2.157 - - [30/May/2022:17:37:33 -0300] "GET /cormun/servlet/hpexe_return? HTTP/1.1" 200 1012
190.95.2.157 - - [30/May/2022:17:37:34 -0300] "GET /cormun/servlet/trpermisosgoce HTTP/1.1" 200 10579
190.95.2.157 - - [30/May/2022:17:37:34 -0300] "GET /cormun/servlet/trpermisosgoce HTTP/1.1" 200 10574
190.171.152.242 - - [30/May/2022:17:37:35 -0300] "GET /cormun/servlet/solicitudot?INS,0,0,false, HTTP/1.1" 200 15723
186.67.172.234 - - [30/May/2022:17:37:35 -0300] "POST /cormun/servlet/solicitudot?gx-no-cache=1653942261046 HTTP/1.1" 200 30
190.171.152.242 - - [30/May/2022:17:37:35 -0300] "GET /cormun/static/gxcfg.js?20203414241232 HTTP/1.1" 200 953
190.171.152.242 - - [30/May/2022:17:37:35 -0300] "GET /cormun/static/solicitudot.js?20203414242792 HTTP/1.1" 200 74114
190.171.152.242 - - [30/May/2022:17:37:35 -0300] "GET /cormun/servlet/solicitudot?INS,0,0,false, HTTP/1.1" 200 15730
186.103.159.189 - - [30/May/2022:17:37:38 -0300] "GET /cormun/servlet/trpermisosadjuntos?19017699,20220530122434,P, HTTP/1.1" 200 6325
186.103.159.189 - - [30/May/2022:17:37:39 -0300] "GET /cormun/servlet/trpermisosadjuntos?19017699,20220530122434,P, HTTP/1.1" 200 6326
190.95.2.157 - - [30/May/2022:17:37:39 -0300] "GET /cormun/servlet/trpermisosadjuntos?9543879,20220530162051,P, HTTP/1.1" 200 6618
190.95.2.157 - - [30/May/2022:17:37:39 -0300] "GET /cormun/servlet/trpermisosadjuntos?9543879,20220530162051,P, HTTP/1.1" 200 6619
190.95.2.157 - - [30/May/2022:17:37:41 -0300] "GET /cormun/servlet/permisosadjuntos?INS,9543879,P,20220530162051,, HTTP/1.1" 200 5944
190.95.2.157 - - [30/May/2022:17:37:41 -0300] "GET /cormun/static/about:blank HTTP/1.1" 404 1011
190.95.2.157 - - [30/May/2022:17:37:41 -0300] "GET /cormun/servlet/permisosadjuntos?INS,9543879,P,20220530162051,, HTTP/1.1" 200 5934
190.171.152.242 - - [30/May/2022:17:37:48 -0300] "POST /cormun/servlet/solicitudot?gx-no-cache=1653942274257 HTTP/1.1" 200 3850
190.171.152.242 - - [30/May/2022:17:37:48 -0300] "POST /cormun/servlet/solicitudot?680f93776a281d1ae4ebcd0899958483,INS,0,0,false,,gx-no-cache=1653942274400 HTTP/1.1" 200 12401
190.95.2.157 - - [30/May/2022:17:37:49 -0300] "POST /cormun/servlet/permisosadjuntos?c8b46de5c472728e47854c0d511ca023,INS,9543879,P,20220530162051,, HTTP/1.1" 200 116
190.95.2.157 - - [30/May/2022:17:37:49 -0300] "GET /cormun/servlet/hpexe_return? HTTP/1.1" 200 1038
190.95.2.157 - - [30/May/2022:17:37:49 -0300] "GET /cormun/servlet/trpermisosadjuntos?9543879,20220530162051,P, HTTP/1.1" 200 7121
190.95.2.157 - - [30/May/2022:17:37:49 -0300] "GET /cormun/servlet/trpermisosadjuntos?9543879,20220530162051,P, HTTP/1.1" 200 7117
190.95.2.157 - - [30/May/2022:17:37:52 -0300] "POST /cormun/servlet/trpermisosadjuntos?c8b46de5c472728e47854c0d511ca023,9543879,20220530162051,P,,gx-no-cache=1653942277386 HTTP/1.1" 200 90
190.95.2.157 - - [30/May/2022:17:37:52 -0300] "GET /cormun/servlet/hpexe_link HTTP/1.1" 200 985
190.95.2.157 - - [30/May/2022:17:37:52 -0300] "GET /cormun/servlet/trpermisosgoce HTTP/1.1" 200 10575
190.95.2.157 - - [30/May/2022:17:37:52 -0300] "GET /cormun/servlet/trpermisosgoce HTTP/1.1" 200 10573
190.171.152.242 - - [30/May/2022:17:37:55 -0300] "POST /cormun/servlet/solicitudot?gx-no-cache=1653942282107 HTTP/1.1" 200 3850
190.171.152.242 - - [30/May/2022:17:37:55 -0300] "POST /cormun/servlet/solicitudot?680f93776a281d1ae4ebcd0899958483,INS,0,0,false,,gx-no-cache=1653942282208 HTTP/1.1" 200 12454
190.95.2.157 - - [30/May/2022:17:37:57 -0300] "POST /cormun/servlet/trpermisosgoce?c8b46de5c472728e47854c0d511ca023,gx-no-cache=1653942282388 HTTP/1.1" 200 7835
190.95.2.157 - - [30/May/2022:17:37:57 -0300] "GET /cormun/static/Shared/jqueryui/images/ui-icons_82798d_256x240.png HTTP/1.1" 404 1089
190.95.2.157 - - [30/May/2022:17:37:57 -0300] "GET /cormun/static/Shared/jqueryui/images/ui-bg_highlight-soft_100_c6c2c8_1x100.png HTTP/1.1" 404 1117
190.95.2.157 - - [30/May/2022:17:37:57 -0300] "GET /cormun/static/Shared/jqueryui/images/ui-icons_8d78a5_256x240.png HTTP/1.1" 404 1089
190.95.2.157 - - [30/May/2022:17:37:57 -0300] "GET /cormun/static/Shared/jqueryui/images/ui-bg_flat_55_fafafa_40x100.png HTTP/1.1" 404 1097
190.95.2.157 - - [30/May/2022:17:37:58 -0300] "GET /cormun/servlet/apermisogoceprn?9543879,P,20220530162051,PU HTTP/1.1" 200 1654
190.171.152.242 - - [30/May/2022:17:38:02 -0300] "GET /cormun/servlet/solicitudot?eb251aa97ff1e16bf6cec6d2c9d4436c93866dead6748fb0493d69fb74799cf85cf72d385157782a8a553254a7cdbd7d,gx-no-cache=1653942289078 HTTP/1.1" 200 30
190.95.2.157 - - [30/May/2022:17:38:12 -0300] "GET /cormun/servlet/trautorizarpermisogoce? HTTP/1.1" 200 8719
190.95.2.157 - - [30/May/2022:17:38:12 -0300] "GET /cormun/servlet/trautorizarpermisogoce? HTTP/1.1" 200 8718
190.95.2.157 - - [30/May/2022:17:38:17 -0300] "POST /cormun/servlet/trautorizarpermisogoce?c8b46de5c472728e47854c0d511ca023,,gx-no-cache=1653942302876 HTTP/1.1" 200 5771
190.95.2.157 - - [30/May/2022:17:38:17 -0300] "GET /cormun/static/Shared/jqueryui/images/ui-bg_highlight-soft_100_c6c2c8_1x100.png HTTP/1.1" 404 1117
190.95.2.157 - - [30/May/2022:17:38:17 -0300] "GET /cormun/static/Shared/jqueryui/images/ui-icons_82798d_256x240.png HTTP/1.1" 404 1089
190.95.2.157 - - [30/May/2022:17:38:17 -0300] "GET /cormun/static/Shared/jqueryui/images/ui-bg_flat_55_fafafa_40x100.png HTTP/1.1" 404 1097
190.95.2.157 - - [30/May/2022:17:38:17 -0300] "GET /cormun/static/Shared/jqueryui/images/ui-icons_8d78a5_256x240.png HTTP/1.1" 404 1089
190.95.2.157 - - [30/May/2022:17:38:19 -0300] "POST /cormun/servlet/trautorizarpermisogoce?c8b46de5c472728e47854c0d511ca023,,gx-no-cache=1653942304279 HTTP/1.1" 200 5544
190.95.2.157 - - [30/May/2022:17:38:20 -0300] "POST /cormun/servlet/trautorizarpermisogoce?c8b46de5c472728e47854c0d511ca023,,gx-no-cache=1653942305303 HTTP/1.1" 200 5286
190.95.2.157 - - [30/May/2022:17:38:21 -0300] "POST /cormun/servlet/trautorizarpermisogoce?c8b46de5c472728e47854c0d511ca023,,gx-no-cache=1653942306375 HTTP/1.1" 200 4528
186.67.172.234 - - [30/May/2022:17:38:36 -0300] "POST /cormun/servlet/solicitudot?a1a1f64f39a4e58501db516878ab10f2,INS,0,0,false,,gx-no-cache=1653942321679 HTTP/1.1" 200 93
186.67.172.234 - - [30/May/2022:17:38:36 -0300] "GET /cormun/servlet/hpexe_return? HTTP/1.1" 200 1030
186.67.172.234 - - [30/May/2022:17:38:36 -0300] "GET /cormun/servlet/trsolicitudot?gx-no-cache=1653941271817 HTTP/1.1" 200 8853
186.67.172.234 - - [30/May/2022:17:38:36 -0300] "GET /cormun/servlet/trsolicitudot?gx-no-cache=1653941271817 HTTP/1.1" 200 8870
186.67.172.234 - - [30/May/2022:17:38:39 -0300] "POST /cormun/servlet/trsolicitudot?a1a1f64f39a4e58501db516878ab10f2,gx-no-cache=1653941271817,gx-no-cache=1653942324936 HTTP/1.1" 200 106
186.67.172.234 - - [30/May/2022:17:38:39 -0300] "GET /cormun/servlet/trsolicitudadjuntos?2022,18808, HTTP/1.1" 200 6494
186.67.172.234 - - [30/May/2022:17:38:39 -0300] "GET /cormun/servlet/trsolicitudadjuntos?2022,18808, HTTP/1.1" 200 6472
186.67.172.234 - - [30/May/2022:17:38:52 -0300] "GET /cormun/servlet/solicitudotadjuntos?INS,2022,18808,,1, HTTP/1.1" 200 6410
186.67.172.234 - - [30/May/2022:17:38:52 -0300] "GET /cormun/static/about:blank HTTP/1.1" 404 1011
186.67.172.234 - - [30/May/2022:17:38:52 -0300] "GET /cormun/servlet/solicitudotadjuntos?INS,2022,18808,,1, HTTP/1.1" 200 6403
186.67.172.234 - - [30/May/2022:17:38:52 -0300] "GET /cormun/servlet/solicitudotadjuntos?f4dcfeb0176e0083615632a6d32629774a546a27dd296765469754e318f6c0596304c4eee0442d9599ee89d147d016a7,gx-no-cache=1653942338693 HTTP/1.1" 200 30
186.67.172.234 - - [30/May/2022:17:38:52 -0300] "POST /cormun/servlet/solicitudotadjuntos?a1a1f64f39a4e58501db516878ab10f2,INS,2022,18808,,1,,gx-no-cache=1653942338707 HTTP/1.1" 200 4145
186.67.172.234 - - [30/May/2022:17:38:55 -0300] "POST /cormun/servlet/solicitudotadjuntos?gx-no-cache=1653942341142 HTTP/1.1" 200 26
186.67.172.234 - - [30/May/2022:17:39:08 -0300] "GET /cormun/servlet/solicitudotadjuntos?f4dcfeb0176e0083615632a6d32629778984b45a9ff035c4e3262d5bccf75c98,gx-no-cache=1653942354755 HTTP/1.1" 200 30
186.67.172.234 - - [30/May/2022:17:39:08 -0300] "GET /cormun/servlet/solicitudotadjuntos?f4dcfeb0176e0083615632a6d32629778984b45a9ff035c4e3262d5bccf75c98,gx-no-cache=1653942354766 HTTP/1.1" 200 30
186.67.172.234 - - [30/May/2022:17:39:09 -0300] "POST /cormun/servlet/solicitudotadjuntos?a1a1f64f39a4e58501db516878ab10f2,INS,2022,18808,,1, HTTP/1.1" 200 116
186.67.172.234 - - [30/May/2022:17:39:09 -0300] "GET /cormun/servlet/hpexe_return? HTTP/1.1" 200 1027
186.67.172.234 - - [30/May/2022:17:39:09 -0300] "GET /cormun/servlet/trsolicitudadjuntos?2022,18808, HTTP/1.1" 200 9247
186.67.172.234 - - [30/May/2022:17:39:09 -0300] "GET /cormun/servlet/trsolicitudadjuntos?2022,18808, HTTP/1.1" 200 9245
200.54.103.162 - - [30/May/2022:17:39:10 -0300] "GET /cormun/servlet/trlicencias HTTP/1.1" 200 6027
200.54.103.162 - - [30/May/2022:17:39:10 -0300] "GET /cormun/servlet/hlogin HTTP/1.1" 200 1734
200.54.103.162 - - [30/May/2022:17:39:10 -0300] "GET /cormun/servlet/trlicencias HTTP/1.1" 200 6036
186.67.172.234 - - [30/May/2022:17:39:10 -0300] "POST /cormun/servlet/trsolicitudadjuntos?a1a1f64f39a4e58501db516878ab10f2,2022,18808,,gx-no-cache=1653942356686 HTTP/1.1" 200 90
186.67.172.234 - - [30/May/2022:17:39:10 -0300] "GET /cormun/servlet/hpexe_link HTTP/1.1" 200 991
186.67.172.234 - - [30/May/2022:17:39:11 -0300] "GET /cormun/servlet/trsolicitudot?gx-no-cache=1653941271817 HTTP/1.1" 200 8851
186.67.172.234 - - [30/May/2022:17:39:11 -0300] "GET /cormun/servlet/trsolicitudot?gx-no-cache=1653941271817 HTTP/1.1" 200 8870
186.67.172.234 - - [30/May/2022:17:39:15 -0300] "POST /cormun/servlet/trsolicitudot?a1a1f64f39a4e58501db516878ab10f2,gx-no-cache=1653941271817,gx-no-cache=1653942360887 HTTP/1.1" 200 106
186.67.172.234 - - [30/May/2022:17:39:15 -0300] "GET /cormun/servlet/trsolicitudadjuntos?2022,18808, HTTP/1.1" 200 9262
186.67.172.234 - - [30/May/2022:17:39:15 -0300] "GET /cormun/servlet/trsolicitudadjuntos?2022,18808, HTTP/1.1" 200 9245
200.54.103.162 - - [30/May/2022:17:39:17 -0300] "POST /cormun/servlet/hlogin?a476ab93b183ff3ef8b090e857b69325,gx-no-cache=1653942363146 HTTP/1.1" 200 90
200.54.103.162 - - [30/May/2022:17:39:17 -0300] "GET /cormun/servlet/hpexe_link HTTP/1.1" 200 951
200.54.103.162 - - [30/May/2022:17:39:17 -0300] "GET /cormun/servlet/trlicencias HTTP/1.1" 200 13244
200.54.103.162 - - [30/May/2022:17:39:18 -0300] "GET /cormun/servlet/trlicencias HTTP/1.1" 200 13241
181.162.164.156 - - [30/May/2022:17:39:22 -0300] "GET /cormun/servlet/hlogin HTTP/1.1" 200 1727
181.162.164.156 - - [30/May/2022:17:39:22 -0300] "GET /cormun/static/gxtimezone.js?85251 HTTP/1.1" 200 5781
181.162.164.156 - - [30/May/2022:17:39:22 -0300] "GET /cormun/static/hlogin.js?201910216285995 HTTP/1.1" 200 2136
181.162.164.156 - - [30/May/2022:17:39:22 -0300] "GET /cormun/static/gxcfg.js?201910216285969 HTTP/1.1" 200 953
181.162.164.156 - - [30/May/2022:17:39:22 -0300] "GET /cormun/static/messages.spa.js?85251 HTTP/1.1" 200 30736
181.162.164.156 - - [30/May/2022:17:39:22 -0300] "GET /cormun/static/Resources/Spanish/PXTools.css?2294816 HTTP/1.1" 200 100853
181.162.164.156 - - [30/May/2022:17:39:22 -0300] "GET /cormun/static/Resources/Logo2019_Grande.png HTTP/1.1" 200 31733
181.162.164.156 - - [30/May/2022:17:39:22 -0300] "GET /cormun/static/gxgral.js?85251 HTTP/1.1" 200 384558
181.162.164.156 - - [30/May/2022:17:39:22 -0300] "GET /cormun/static/Resources/indicator.gif HTTP/1.1" 200 1553
181.162.164.156 - - [30/May/2022:17:39:22 -0300] "GET /cormun/static/Resources/PXToolsLoginTop.png HTTP/1.1" 200 1337
181.162.164.156 - - [30/May/2022:17:39:22 -0300] "GET /cormun/static/Resources/PXToolsLoginBackground.png HTTP/1.1" 200 1164
181.162.164.156 - - [30/May/2022:17:39:22 -0300] "GET /cormun/static/Resources/PXToolsButtonLeft.png HTTP/1.1" 200 1310
181.162.164.156 - - [30/May/2022:17:39:22 -0300] "GET /cormun/static/Resources/PXToolsButtonRight.png HTTP/1.1" 200 1294
181.162.164.156 - - [30/May/2022:17:39:22 -0300] "GET /cormun/static/Resources/PXToolsLoginBottom.png HTTP/1.1" 200 1389
181.162.164.156 - - [30/May/2022:17:39:22 -0300] "GET /cormun/static/Resources/PXToolsButtonBackground.png HTTP/1.1" 200 1176
181.162.164.156 - - [30/May/2022:17:39:22 -0300] "GET /cormun/servlet/hlogin HTTP/1.1" 200 1738
181.162.164.156 - - [30/May/2022:17:39:22 -0300] "GET /cormun/static/Resources/PXToolsButtonBackground.png HTTP/1.1" 200 1176
181.162.164.156 - - [30/May/2022:17:39:22 -0300] "GET /favicon.ico HTTP/1.1" 200 21630
190.171.152.242 - - [30/May/2022:17:39:23 -0300] "GET /cormun/servlet/prbanco?,MD,,gxPopupLevel%3D0%3B HTTP/1.1" 200 6558
190.171.152.242 - - [30/May/2022:17:39:23 -0300] "GET /cormun/static/gxcfg.js?20201216131581 HTTP/1.1" 200 953
190.171.152.242 - - [30/May/2022:17:39:23 -0300] "GET /cormun/static/prbanco.js?20201216132311 HTTP/1.1" 200 10693
190.171.152.242 - - [30/May/2022:17:39:26 -0300] "GET /cormun/servlet/solicitudot?eb251aa97ff1e16bf6cec6d2c9d4436ce2a3bfebd60f87876e57c003487e8563214bcc20a1a3a1d6d99031b38408dab4eaf0157033546ee73ed439ee54e2e60d,gx-no-cache=1653942373347 HTTP/1.1" 200 30
190.171.152.242 - - [30/May/2022:17:39:28 -0300] "GET /cormun/servlet/solicitudot?eb251aa97ff1e16bf6cec6d2c9d4436c8c40dd7d623c212bea1313d0fb11d81e,gx-no-cache=1653942374783 HTTP/1.1" 200 45
186.103.157.42 - - [30/May/2022:17:39:40 -0300] "GET /cormun/servlet/hlogin HTTP/1.1" 200 1728
190.171.152.242 - - [30/May/2022:17:39:53 -0300] "POST /cormun/servlet/solicitudot?gx-no-cache=1653942399581 HTTP/1.1" 200 255
190.171.152.242 - - [30/May/2022:17:39:54 -0300] "GET /cormun/servlet/solicitudot?eb251aa97ff1e16bf6cec6d2c9d4436c169d1377e0c0cc85efdaa8b3397b0ebe789a8a544fef108a66c6931412e153d5a63bf5a6da51af2f41f155a363b5430d53b1a6618b4327e815e7ed57f5b2ae7eb86450a0286dc9eb85625caa5a12599b105be5efb4f9559cb980776b6a2d1e8538427eaac51fc8927674e02a9068bb72f2eb7abc07a436bd51328598ed79e12a7b8194de38fbf24ed0439b5137a42314816ac84a9eff5db726f3e2f1934b54cc65eb111f0520b9b62b84d914ac394dbeed9afeca47053629adb116b07877f19d61f6972b0a6cf6318c96281bcd678cdbf103ee927750203d8bb1bba36df21375f384fd057ef234674582d749dc412ae5157e42d01b217296eee1bdfc75d5c1e48515b855e6ff8b3d246c006a327426f62392b2cff137ab57d8db246d380acba1436e8d4e6715be451fe2eafa95c3a52b00501f40d5096878ffa8cdd5f8e9a7755e264a79431451a266c5870251159408601b7e1ce3f2b5e0184003ddaacc73d5af7b583a637d37fc958851153a08978b,gx-no-cache=1653942401289 HTTP/1.1" 200 30
186.103.157.42 - - [30/May/2022:17:39:55 -0300] "POST /cormun/servlet/hlogin?b6e64f84227fbffd176067590df33bc0,gx-no-cache=1653942401572 HTTP/1.1" 200 90
186.103.157.42 - - [30/May/2022:17:39:55 -0300] "GET /cormun/servlet/hpexe_link HTTP/1.1" 200 954
186.103.157.42 - - [30/May/2022:17:39:55 -0300] "GET /cormun/servlet/hhome HTTP/1.1" 200 4379
186.103.157.42 - - [30/May/2022:17:39:56 -0300] "GET /cormun/servlet/hhome HTTP/1.1" 200 4375
190.171.152.242 - - [30/May/2022:17:39:57 -0300] "POST /cormun/servlet/solicitudot?gx-no-cache=1653942404013 HTTP/1.1" 200 30
190.171.152.242 - - [30/May/2022:17:39:59 -0300] "POST /cormun/servlet/solicitudot?gx-no-cache=1653942405630 HTTP/1.1" 200 1452
190.171.152.242 - - [30/May/2022:17:39:59 -0300] "POST /cormun/servlet/solicitudot?gx-no-cache=1653942405680 HTTP/1.1" 200 38
186.103.157.42 - - [30/May/2022:17:39:59 -0300] "GET /cormun/servlet/trlicencias? HTTP/1.1" 200 13102
186.103.157.42 - - [30/May/2022:17:40:00 -0300] "GET /cormun/servlet/trlicencias? HTTP/1.1" 200 13098
190.171.152.242 - - [30/May/2022:17:40:25 -0300] "GET /cormun/servlet/solicitudot?eb251aa97ff1e16bf6cec6d2c9d4436c8b2364bda085cfff027c2acd7ca844045fdd258851b215ea7645ab134de8b87c62d6ebd28454aeb89d74c6cfae8309bb43b65dc5d8c6fdae7fdb5bc80d12fc7895be83bdfede54286ff6805b9bd7a8278006a2d3ac8c0cc4d38364bca5345b9c,gx-no-cache=1653942431588 HTTP/1.1" 200 110
190.171.152.242 - - [30/May/2022:17:40:25 -0300] "POST /cormun/servlet/solicitudot?gx-no-cache=1653942431635 HTTP/1.1" 200 64
186.103.159.189 - - [30/May/2022:17:40:26 -0300] "GET /cormun/servlet/permisosadjuntos?INS,19017699,P,20220530122434,, HTTP/1.1" 200 5640
186.103.159.189 - - [30/May/2022:17:40:26 -0300] "GET /cormun/static/about:blank HTTP/1.1" 404 1011
186.103.159.189 - - [30/May/2022:17:40:26 -0300] "GET /cormun/servlet/permisosadjuntos?INS,19017699,P,20220530122434,, HTTP/1.1" 200 5630
190.171.152.242 - - [30/May/2022:17:40:28 -0300] "GET /cormun/servlet/solicitudot?eb251aa97ff1e16bf6cec6d2c9d4436c202dc4f3780621187bdba6ef3c8cac77d9a074727d657d7af6b4eae6cefa53018d8ab4a5bf0100a4f3e1168266a5db7a7ede42cce3fc307dd2747526f9f9c30d87df0b10792419eb6d9330b184e2af3f2c34788bf82ef208a224982d61cc18b5,gx-no-cache=1653942434780 HTTP/1.1" 200 29
190.171.152.242 - - [30/May/2022:17:40:28 -0300] "GET /cormun/static/menuarrow.gif HTTP/1.1" 404 1015
186.103.159.189 - - [30/May/2022:17:40:32 -0300] "POST /cormun/servlet/permisosadjuntos?96bb3a10460995874d8305fa72aa9f9c,INS,19017699,P,20220530122434,, HTTP/1.1" 200 116
186.103.159.189 - - [30/May/2022:17:40:32 -0300] "GET /cormun/servlet/hpexe_return? HTTP/1.1" 200 1039
186.103.159.189 - - [30/May/2022:17:40:32 -0300] "GET /cormun/servlet/trpermisosadjuntos?19017699,20220530122434,P, HTTP/1.1" 200 6811
186.103.159.189 - - [30/May/2022:17:40:32 -0300] "GET /cormun/servlet/trpermisosadjuntos?19017699,20220530122434,P, HTTP/1.1" 200 6807
190.171.152.242 - - [30/May/2022:17:40:34 -0300] "GET /cormun/servlet/solicitudot?eb251aa97ff1e16bf6cec6d2c9d4436cd65825d2355dccd61f27a4e8c06e75fc6b045b8c8f1357e3d23484d128d7ed5c,gx-no-cache=1653942440532 HTTP/1.1" 200 30
186.103.159.189 - - [30/May/2022:17:40:35 -0300] "GET /cormun/servlet/trpermisosgoce? HTTP/1.1" 200 11249
186.103.159.189 - - [30/May/2022:17:40:35 -0300] "GET /cormun/servlet/trpermisosgoce? HTTP/1.1" 200 11255
186.67.172.234 - - [30/May/2022:17:40:37 -0300] "GET /cormun/servlet/solicitudotadjuntos?INS,2022,18808,,1, HTTP/1.1" 200 6410
186.67.172.234 - - [30/May/2022:17:40:37 -0300] "GET /cormun/static/about:blank HTTP/1.1" 404 1011
186.67.172.234 - - [30/May/2022:17:40:37 -0300] "GET /cormun/servlet/solicitudotadjuntos?INS,2022,18808,,1, HTTP/1.1" 200 6403
186.67.172.234 - - [30/May/2022:17:40:38 -0300] "GET /cormun/servlet/solicitudotadjuntos?f4dcfeb0176e0083615632a6d32629774a546a27dd296765469754e318f6c0596304c4eee0442d9599ee89d147d016a7,gx-no-cache=1653942444066 HTTP/1.1" 200 30
186.67.172.234 - - [30/May/2022:17:40:38 -0300] "POST /cormun/servlet/solicitudotadjuntos?a1a1f64f39a4e58501db516878ab10f2,INS,2022,18808,,1,,gx-no-cache=1653942444080 HTTP/1.1" 200 4145
186.67.172.234 - - [30/May/2022:17:40:39 -0300] "POST /cormun/servlet/solicitudotadjuntos?gx-no-cache=1653942445715 HTTP/1.1" 200 26
186.103.157.42 - - [30/May/2022:17:40:40 -0300] "GET /cormun/servlet/trpermisosgoce? HTTP/1.1" 200 10133
186.103.157.42 - - [30/May/2022:17:40:40 -0300] "GET /cormun/servlet/trpermisosgoce? HTTP/1.1" 200 10133
186.103.159.189 - - [30/May/2022:17:40:40 -0300] "GET /cormun/servlet/hlogin HTTP/1.1" 200 1745
190.171.152.242 - - [30/May/2022:17:40:42 -0300] "POST /cormun/servlet/solicitudot?gx-no-cache=1653942449225 HTTP/1.1" 200 30
186.67.172.234 - - [30/May/2022:17:40:48 -0300] "GET /cormun/servlet/solicitudotadjuntos?f4dcfeb0176e0083615632a6d32629778984b45a9ff035c4e3262d5bccf75c98,gx-no-cache=1653942454364 HTTP/1.1" 200 30
186.67.172.234 - - [30/May/2022:17:40:48 -0300] "GET /cormun/servlet/solicitudotadjuntos?f4dcfeb0176e0083615632a6d32629778984b45a9ff035c4e3262d5bccf75c98,gx-no-cache=1653942454375 HTTP/1.1" 200 30
186.67.172.234 - - [30/May/2022:17:40:48 -0300] "POST /cormun/servlet/solicitudotadjuntos?a1a1f64f39a4e58501db516878ab10f2,INS,2022,18808,,1, HTTP/1.1" 200 116
186.67.172.234 - - [30/May/2022:17:40:48 -0300] "GET /cormun/servlet/hpexe_return? HTTP/1.1" 200 1027
186.67.172.234 - - [30/May/2022:17:40:49 -0300] "GET /cormun/servlet/trsolicitudadjuntos?2022,18808, HTTP/1.1" 200 9522
186.67.172.234 - - [30/May/2022:17:40:49 -0300] "GET /cormun/servlet/trsolicitudadjuntos?2022,18808, HTTP/1.1" 200 9522
186.67.172.234 - - [30/May/2022:17:40:51 -0300] "GET /cormun/servlet/solicitudotadjuntos?INS,2022,18808,,1, HTTP/1.1" 200 6410
186.67.172.234 - - [30/May/2022:17:40:51 -0300] "GET /cormun/static/about:blank HTTP/1.1" 404 1011
186.67.172.234 - - [30/May/2022:17:40:51 -0300] "GET /cormun/servlet/solicitudotadjuntos?INS,2022,18808,,1, HTTP/1.1" 200 6403
190.171.152.242 - - [30/May/2022:17:40:52 -0300] "POST /cormun/servlet/solicitudot?680f93776a281d1ae4ebcd0899958483,INS,0,0,false,,gx-no-cache=1653942458208 HTTP/1.1" 200 93
186.67.172.234 - - [30/May/2022:17:40:52 -0300] "GET /cormun/servlet/solicitudotadjuntos?f4dcfeb0176e0083615632a6d32629774a546a27dd296765469754e318f6c0596304c4eee0442d9599ee89d147d016a7,gx-no-cache=1653942457988 HTTP/1.1" 200 30
190.171.152.242 - - [30/May/2022:17:40:52 -0300] "GET /cormun/servlet/hpexe_return? HTTP/1.1" 200 1013
186.67.172.234 - - [30/May/2022:17:40:52 -0300] "POST /cormun/servlet/solicitudotadjuntos?a1a1f64f39a4e58501db516878ab10f2,INS,2022,18808,,1,,gx-no-cache=1653942458008 HTTP/1.1" 200 4145
190.171.152.242 - - [30/May/2022:17:40:52 -0300] "GET /cormun/servlet/trsolicitudot HTTP/1.1" 200 8611
190.171.152.242 - - [30/May/2022:17:40:52 -0300] "GET /cormun/servlet/trsolicitudot HTTP/1.1" 200 8607
186.67.172.234 - - [30/May/2022:17:40:54 -0300] "POST /cormun/servlet/solicitudotadjuntos?gx-no-cache=1653942460283 HTTP/1.1" 200 26
190.171.152.242 - - [30/May/2022:17:41:00 -0300] "POST /cormun/servlet/trsolicitudot?680f93776a281d1ae4ebcd0899958483,gx-no-cache=1653942467184 HTTP/1.1" 200 106
190.171.152.242 - - [30/May/2022:17:41:01 -0300] "GET /cormun/servlet/trsolicitudadjuntos?2022,18809, HTTP/1.1" 200 6109
190.171.152.242 - - [30/May/2022:17:41:01 -0300] "GET /cormun/static/gxcfg.js?20201215574222 HTTP/1.1" 200 953
190.171.152.242 - - [30/May/2022:17:41:01 -0300] "GET /cormun/static/trsolicitudadjuntos.js?20201215574932 HTTP/1.1" 200 17922
