190.171.149.74 - - [30/May/2022:17:18:13 -0300] "GET /cormun/servlet/solicitudot?c068b8d14fdb53c628e25277d9fb65e0594aa645c44a76ceb598841770b4bde460b8089d74e5d0aa6301ca45091f9b13,gx-no-cache=1653941100560 HTTP/1.1" 200 30
190.171.149.74 - - [30/May/2022:17:18:14 -0300] "GET /cormun/servlet/solicitudot?c068b8d14fdb53c628e25277d9fb65e01ba2e9cadd2bc253cc6e91ca5448beae9598ba202ece92ba720da188f6961912898f79fdcec6b8c1682b7c3022065784,gx-no-cache=1653941100611 HTTP/1.1" 200 103
190.171.149.74 - - [30/May/2022:17:18:14 -0300] "GET /cormun/static/Shared/jqueryui/images/ui-bg_highlight-soft_100_c6c2c8_1x100.png HTTP/1.1" 404 1117
190.171.149.74 - - [30/May/2022:17:18:14 -0300] "GET /cormun/static/Shared/jqueryui/images/ui-icons_82798d_256x240.png HTTP/1.1" 404 1089
190.171.149.74 - - [30/May/2022:17:18:14 -0300] "GET /cormun/static/Shared/jqueryui/images/ui-bg_flat_55_994d53_40x100.png HTTP/1.1" 404 1097
190.171.149.74 - - [30/May/2022:17:18:14 -0300] "GET /cormun/static/Shared/jqueryui/images/ui-icons_ebccce_256x240.png HTTP/1.1" 404 1089
190.171.149.74 - - [30/May/2022:17:18:14 -0300] "GET /cormun/servlet/solicitudot?c068b8d14fdb53c628e25277d9fb65e0cd52d4256cb95f13e14e34370cae069f,gx-no-cache=1653941100665 HTTP/1.1" 200 45
190.171.149.74 - - [30/May/2022:17:18:14 -0300] "POST /cormun/servlet/solicitudot?gx-no-cache=1653941100756 HTTP/1.1" 200 255
190.171.149.74 - - [30/May/2022:17:18:14 -0300] "GET /cormun/servlet/solicitudot?c068b8d14fdb53c628e25277d9fb65e02c7812e504a34ef6aa6e80c9abe3e40957cbcc7a27a002fc8345af1073a81e5c4c4bb47edc0423460f56b0aa0509747629816682a01e42b693d5d683a39623f301ab2f0fea72ba04175679a999aa49eb1a3f4b15b21e648ba5d7659fd92c45eed64497dbc2cf3af91f72138a6df831e832e62ec79f807c9d7a95ab30b92edeec25c464ee8f77dcca41a4c9019b685f88fdfeb06d49283638c2c7fd720094f188d27ffda697698df7153b258eadb722bcd8cce41f57f1fb1e79fb3094f93d43b7fea25180dfe8186743c5dccecb888e36d8f327c6f738e93eb012da7d2338f8c5dca7cd6685a20d442512f44dc66a943b924f5ecd75a932d762b78632af46a4be06e1130a1ade3a6e11b74cca31e32b133de054c1af8aa0e3d4b8d7b17e026c2c2d10fa37e0213c6dbeab917987b316df1db5cf444c791d801851d278608d09fde946e9dd033cacd165fa2932b4b52dcd6b2219fd98675905f62e7e8e9cdcb8a4824050e6a8a346183232ffc1bdd1c3eb,gx-no-cache=1653941100786 HTTP/1.1" 200 30
190.171.152.234 - - [30/May/2022:17:18:14 -0300] "GET /cormun/servlet/trsolicitudot? HTTP/1.1" 200 8899
190.171.152.234 - - [30/May/2022:17:18:14 -0300] "GET /cormun/servlet/trsolicitudot? HTTP/1.1" 200 8892
190.171.152.234 - - [30/May/2022:17:18:24 -0300] "POST /cormun/servlet/trsolicitudot?bb0e6e537e388f48cbd1fde9c8d4aefd,,gx-no-cache=1653937534014 HTTP/1.1" 200 4875
190.171.152.234 - - [30/May/2022:17:18:24 -0300] "GET /cormun/static/Shared/jqueryui/images/ui-bg_highlight-soft_100_c6c2c8_1x100.png HTTP/1.1" 404 1117
190.171.152.234 - - [30/May/2022:17:18:24 -0300] "GET /cormun/static/Shared/jqueryui/images/ui-icons_82798d_256x240.png HTTP/1.1" 404 1089
190.171.152.234 - - [30/May/2022:17:18:24 -0300] "GET /cormun/static/Shared/jqueryui/images/ui-bg_flat_55_fafafa_40x100.png HTTP/1.1" 404 1097
190.171.152.234 - - [30/May/2022:17:18:24 -0300] "GET /cormun/static/Shared/jqueryui/images/ui-icons_8d78a5_256x240.png HTTP/1.1" 404 1089
190.171.152.234 - - [30/May/2022:17:18:24 -0300] "POST /cormun/servlet/trsolicitudot?bb0e6e537e388f48cbd1fde9c8d4aefd,,gx-no-cache=1653937534179 HTTP/1.1" 200 4641
190.171.152.234 - - [30/May/2022:17:18:27 -0300] "GET /cormun/servlet/trautorizarsolicitud? HTTP/1.1" 200 8784
190.171.152.234 - - [30/May/2022:17:18:27 -0300] "GET /cormun/servlet/trautorizarsolicitud? HTTP/1.1" 200 8784
190.171.149.74 - - [30/May/2022:17:18:29 -0300] "GET /cormun/servlet/solicitudot?c068b8d14fdb53c628e25277d9fb65e01ba2e9cadd2bc253cc6e91ca5448beae9598ba202ece92ba720da188f696191247979cd49ce5ca9a8453c8d04258517360b8089d74e5d0aa6301ca45091f9b13,gx-no-cache=1653941116378 HTTP/1.1" 200 30
190.171.149.74 - - [30/May/2022:17:18:29 -0300] "POST /cormun/servlet/solicitudot?gx-no-cache=1653941116404 HTTP/1.1" 200 255
190.171.149.74 - - [30/May/2022:17:18:29 -0300] "GET /cormun/servlet/solicitudot?c068b8d14fdb53c628e25277d9fb65e02c7812e504a34ef6aa6e80c9abe3e40957cbcc7a27a002fc8345af1073a81e5c4c4bb47edc0423460f56b0aa0509747629816682a01e42b693d5d683a39623f301ab2f0fea72ba04175679a999aa49eb1a3f4b15b21e648ba5d7659fd92c45eed64497dbc2cf3af91f72138a6df831e832e62ec79f807c9d7a95ab30b92edeec25c464ee8f77dcca41a4c9019b685f88fdfeb06d49283638c2c7fd720094f188d27ffda697698df7153b258eadb722bcd8cce41f57f1fb1e79fb3094f93d43b7fea25180dfe8186743c5dccecb888e36d8f327c6f738e93eb012da7d2338f8c5dca7cd6685a20d442512f44dc66a943b924f5ecd75a932d762b78632af46a4be06e1130a1ade3a6e11b74cca31e32b133de054c1af8aa0e3d4b8d7b17e026c2c2d10fa37e0213c6dbeab917987b316df1db5cf444c791d801851d278608d09fde946e9dd033cacd165fa2932b4b52dcd6b2219fd98675905f62e7e8e9cdcb8a409a3eb2c4523d3da166d35861ecf3a9f,gx-no-cache=1653941116437 HTTP/1.1" 200 30
190.171.152.234 - - [30/May/2022:17:18:32 -0300] "POST /cormun/servlet/trautorizarsolicitud?bb0e6e537e388f48cbd1fde9c8d4aefd,,gx-no-cache=1653937541786 HTTP/1.1" 200 4792
190.171.152.234 - - [30/May/2022:17:18:32 -0300] "GET /cormun/static/Shared/jqueryui/images/ui-icons_82798d_256x240.png HTTP/1.1" 404 1089
190.171.152.234 - - [30/May/2022:17:18:32 -0300] "GET /cormun/static/Shared/jqueryui/images/ui-bg_highlight-soft_100_c6c2c8_1x100.png HTTP/1.1" 404 1117
190.171.152.234 - - [30/May/2022:17:18:32 -0300] "GET /cormun/static/Shared/jqueryui/images/ui-icons_8d78a5_256x240.png HTTP/1.1" 404 1089
190.171.152.234 - - [30/May/2022:17:18:32 -0300] "GET /cormun/static/Shared/jqueryui/images/ui-bg_flat_55_fafafa_40x100.png HTTP/1.1" 404 1097
190.171.152.234 - - [30/May/2022:17:18:32 -0300] "POST /cormun/servlet/trautorizarsolicitud?bb0e6e537e388f48cbd1fde9c8d4aefd,,gx-no-cache=1653937541921 HTTP/1.1" 200 4557
190.171.149.74 - - [30/May/2022:17:18:32 -0300] "POST /cormun/servlet/solicitudot?gx-no-cache=1653941119145 HTTP/1.1" 200 30
186.67.172.234 - - [30/May/2022:17:18:34 -0300] "GET /cormun/servlet/solicitudotadjuntos?f4dcfeb0176e0083615632a6d32629778984b45a9ff035c4e3262d5bccf75c98,gx-no-cache=1653941120653 HTTP/1.1" 200 30
186.67.172.234 - - [30/May/2022:17:18:34 -0300] "GET /cormun/servlet/solicitudotadjuntos?f4dcfeb0176e0083615632a6d32629778984b45a9ff035c4e3262d5bccf75c98,gx-no-cache=1653941120670 HTTP/1.1" 200 30
186.67.172.234 - - [30/May/2022:17:18:35 -0300] "POST /cormun/servlet/solicitudotadjuntos?a1a1f64f39a4e58501db516878ab10f2,INS,2022,18804,,1, HTTP/1.1" 200 116
186.67.172.234 - - [30/May/2022:17:18:35 -0300] "GET /cormun/servlet/hpexe_return? HTTP/1.1" 200 1027
186.67.172.234 - - [30/May/2022:17:18:35 -0300] "GET /cormun/servlet/trsolicitudadjuntos?2022,18804, HTTP/1.1" 200 9306
186.67.172.234 - - [30/May/2022:17:18:35 -0300] "GET /cormun/servlet/trsolicitudadjuntos?2022,18804, HTTP/1.1" 200 9303
190.171.149.74 - - [30/May/2022:17:18:36 -0300] "GET /cormun/servlet/prcontratosol?16846409,,,,,MD,,gxPopupLevel%3D0%3B HTTP/1.1" 200 9335
190.171.149.74 - - [30/May/2022:17:18:36 -0300] "GET /cormun/static/gxcfg.js?2019914201458 HTTP/1.1" 200 953
190.171.149.74 - - [30/May/2022:17:18:36 -0300] "GET /cormun/static/prcontratosol.js?20199142014772 HTTP/1.1" 200 15806
190.171.149.74 - - [30/May/2022:17:18:36 -0300] "GET /cormun/static/Resources/Spanish/PXTools.css?19172979 HTTP/1.1" 200 100853
186.67.172.234 - - [30/May/2022:17:18:37 -0300] "GET /cormun/servlet/solicitudotadjuntos?INS,2022,18804,,1, HTTP/1.1" 200 6411
186.67.172.234 - - [30/May/2022:17:18:37 -0300] "GET /cormun/static/about:blank HTTP/1.1" 404 1011
186.67.172.234 - - [30/May/2022:17:18:37 -0300] "GET /cormun/servlet/solicitudotadjuntos?INS,2022,18804,,1, HTTP/1.1" 200 6404
186.67.172.234 - - [30/May/2022:17:18:38 -0300] "GET /cormun/servlet/solicitudotadjuntos?f4dcfeb0176e0083615632a6d326297731500446acf93127f11acb86549d0ab10d728edc22f075a0196620be4774ba98,gx-no-cache=1653941124038 HTTP/1.1" 200 30
186.67.172.234 - - [30/May/2022:17:18:38 -0300] "POST /cormun/servlet/solicitudotadjuntos?a1a1f64f39a4e58501db516878ab10f2,INS,2022,18804,,1,,gx-no-cache=1653941124066 HTTP/1.1" 200 4183
190.171.152.234 - - [30/May/2022:17:18:39 -0300] "GET /cormun/servlet/trlicencias? HTTP/1.1" 200 11891
190.171.152.234 - - [30/May/2022:17:18:40 -0300] "GET /cormun/servlet/trlicencias? HTTP/1.1" 200 11889
186.67.172.234 - - [30/May/2022:17:18:42 -0300] "POST /cormun/servlet/solicitudotadjuntos?gx-no-cache=1653941127940 HTTP/1.1" 200 26
190.171.149.74 - - [30/May/2022:17:18:42 -0300] "POST /cormun/servlet/solicitudot?gx-no-cache=1653941129054 HTTP/1.1" 200 1454
190.171.149.74 - - [30/May/2022:17:18:42 -0300] "POST /cormun/servlet/solicitudot?gx-no-cache=1653941129090 HTTP/1.1" 200 38
190.171.149.74 - - [30/May/2022:17:18:42 -0300] "GET /cormun/servlet/solicitudot?c068b8d14fdb53c628e25277d9fb65e0cd477fcc5d294fa9aa0fc03aa8ece1c31850e1c5c1f95e5dbfdb9936a9456b698d11beb4cd21c466770c355822fb21aaf0b7d951b7dd05fc8e602ffc9ee0fe20387c3092856f002b4551ba997c3a56fe7568bad65c0c99ab4708afdb15addab4,gx-no-cache=1653941129113 HTTP/1.1" 200 110
190.171.149.74 - - [30/May/2022:17:18:42 -0300] "POST /cormun/servlet/solicitudot?gx-no-cache=1653941129141 HTTP/1.1" 200 110
190.171.149.74 - - [30/May/2022:17:18:42 -0300] "GET /cormun/servlet/solicitudot?c068b8d14fdb53c628e25277d9fb65e00780e4a8a694d9a469f47ca85e05fa7a9a52a14d9db9cc136b4f640b925012a0647d756e809d1e0cb069dc22ef9b87fc2549621135bc112235eb8988a628155115fc6126c19c7d51ec03bdbce833af5d0ca5a5d74dd8338736efdc1b54ce42a45210550fc1867b91d14514ac7f2c31bd5e3af9d6794fbcd66c413db4c9e87d321c24a93147755553529457c70599d44b,gx-no-cache=1653941129181 HTTP/1.1" 200 29
190.171.149.74 - - [30/May/2022:17:18:42 -0300] "GET /cormun/servlet/solicitudot?c068b8d14fdb53c628e25277d9fb65e05d1f71ea120ad1c2c174eda33ad6ba7925dadfe192a4183c2558a85e57119902,gx-no-cache=1653941129210 HTTP/1.1" 200 134
190.171.141.90 - - [30/May/2022:17:18:45 -0300] "GET /cormun/servlet/trpermisosadjuntos?18039844,20220530160107,P, HTTP/1.1" 200 6313
190.171.141.90 - - [30/May/2022:17:18:45 -0300] "GET /cormun/servlet/trpermisosadjuntos?18039844,20220530160107,P, HTTP/1.1" 200 6292
190.171.141.90 - - [30/May/2022:17:18:47 -0300] "GET /cormun/servlet/permisosadjuntos?INS,18039844,P,20220530160107,, HTTP/1.1" 200 5611
190.171.141.90 - - [30/May/2022:17:18:47 -0300] "GET /cormun/static/about:blank HTTP/1.1" 404 1011
190.171.141.90 - - [30/May/2022:17:18:47 -0300] "GET /cormun/servlet/permisosadjuntos?INS,18039844,P,20220530160107,, HTTP/1.1" 200 5601
186.67.172.234 - - [30/May/2022:17:18:48 -0300] "GET /cormun/servlet/solicitudotadjuntos?f4dcfeb0176e0083615632a6d32629778984b45a9ff035c4e3262d5bccf75c98,gx-no-cache=1653941134157 HTTP/1.1" 200 30
186.67.172.234 - - [30/May/2022:17:18:48 -0300] "GET /cormun/servlet/solicitudotadjuntos?f4dcfeb0176e0083615632a6d32629778984b45a9ff035c4e3262d5bccf75c98,gx-no-cache=1653941134168 HTTP/1.1" 200 30
186.67.172.234 - - [30/May/2022:17:18:48 -0300] "POST /cormun/servlet/solicitudotadjuntos?a1a1f64f39a4e58501db516878ab10f2,INS,2022,18804,,1, HTTP/1.1" 200 116
186.67.172.234 - - [30/May/2022:17:18:48 -0300] "GET /cormun/servlet/hpexe_return? HTTP/1.1" 200 1027
186.67.172.234 - - [30/May/2022:17:18:48 -0300] "GET /cormun/servlet/trsolicitudadjuntos?2022,18804, HTTP/1.1" 200 9554
186.67.172.234 - - [30/May/2022:17:18:48 -0300] "GET /cormun/servlet/trsolicitudadjuntos?2022,18804, HTTP/1.1" 200 9552
186.67.172.234 - - [30/May/2022:17:18:50 -0300] "GET /cormun/servlet/solicitudotadjuntos?INS,2022,18804,,1, HTTP/1.1" 200 6411
186.67.172.234 - - [30/May/2022:17:18:50 -0300] "GET /cormun/static/about:blank HTTP/1.1" 404 1011
186.67.172.234 - - [30/May/2022:17:18:50 -0300] "GET /cormun/servlet/solicitudotadjuntos?INS,2022,18804,,1, HTTP/1.1" 200 6404
186.67.172.234 - - [30/May/2022:17:18:51 -0300] "GET /cormun/servlet/solicitudotadjuntos?f4dcfeb0176e0083615632a6d326297731500446acf93127f11acb86549d0ab10d728edc22f075a0196620be4774ba98,gx-no-cache=1653941137225 HTTP/1.1" 200 30
186.67.172.234 - - [30/May/2022:17:18:51 -0300] "POST /cormun/servlet/solicitudotadjuntos?a1a1f64f39a4e58501db516878ab10f2,INS,2022,18804,,1,,gx-no-cache=1653941137243 HTTP/1.1" 200 4183
186.67.172.234 - - [30/May/2022:17:18:53 -0300] "POST /cormun/servlet/solicitudotadjuntos?gx-no-cache=1653941138899 HTTP/1.1" 200 26
190.171.149.74 - - [30/May/2022:17:18:58 -0300] "GET /cormun/static/menuarrow.gif HTTP/1.1" 404 1015
186.67.172.234 - - [30/May/2022:17:18:59 -0300] "GET /cormun/servlet/solicitudotadjuntos?f4dcfeb0176e0083615632a6d32629778984b45a9ff035c4e3262d5bccf75c98,gx-no-cache=1653941145700 HTTP/1.1" 200 30
186.67.172.234 - - [30/May/2022:17:18:59 -0300] "GET /cormun/servlet/solicitudotadjuntos?f4dcfeb0176e0083615632a6d32629778984b45a9ff035c4e3262d5bccf75c98,gx-no-cache=1653941145710 HTTP/1.1" 200 30
186.67.172.234 - - [30/May/2022:17:18:59 -0300] "POST /cormun/servlet/solicitudotadjuntos?a1a1f64f39a4e58501db516878ab10f2,INS,2022,18804,,1, HTTP/1.1" 200 116
186.67.172.234 - - [30/May/2022:17:19:00 -0300] "GET /cormun/servlet/hpexe_return? HTTP/1.1" 200 1027
186.67.172.234 - - [30/May/2022:17:19:00 -0300] "GET /cormun/servlet/trsolicitudadjuntos?2022,18804, HTTP/1.1" 200 9773
186.67.172.234 - - [30/May/2022:17:19:00 -0300] "GET /cormun/servlet/trsolicitudadjuntos?2022,18804, HTTP/1.1" 200 9771
186.67.172.234 - - [30/May/2022:17:19:02 -0300] "GET /cormun/servlet/solicitudotadjuntos?INS,2022,18804,,1, HTTP/1.1" 200 6411
186.67.172.234 - - [30/May/2022:17:19:02 -0300] "GET /cormun/static/about:blank HTTP/1.1" 404 1011
186.67.172.234 - - [30/May/2022:17:19:02 -0300] "GET /cormun/servlet/solicitudotadjuntos?INS,2022,18804,,1, HTTP/1.1" 200 6404
186.67.172.234 - - [30/May/2022:17:19:02 -0300] "GET /cormun/servlet/solicitudotadjuntos?f4dcfeb0176e0083615632a6d326297731500446acf93127f11acb86549d0ab10d728edc22f075a0196620be4774ba98,gx-no-cache=1653941148559 HTTP/1.1" 200 30
186.67.172.234 - - [30/May/2022:17:19:02 -0300] "POST /cormun/servlet/solicitudotadjuntos?a1a1f64f39a4e58501db516878ab10f2,INS,2022,18804,,1,,gx-no-cache=1653941148578 HTTP/1.1" 200 4183
186.67.172.234 - - [30/May/2022:17:19:05 -0300] "POST /cormun/servlet/solicitudotadjuntos?gx-no-cache=1653941151668 HTTP/1.1" 200 26
186.67.172.234 - - [30/May/2022:17:19:10 -0300] "GET /cormun/servlet/solicitudotadjuntos?f4dcfeb0176e0083615632a6d32629778984b45a9ff035c4e3262d5bccf75c98,gx-no-cache=1653941156812 HTTP/1.1" 200 30
186.67.172.234 - - [30/May/2022:17:19:11 -0300] "GET /cormun/servlet/solicitudotadjuntos?f4dcfeb0176e0083615632a6d32629778984b45a9ff035c4e3262d5bccf75c98,gx-no-cache=1653941156822 HTTP/1.1" 200 30
190.171.149.74 - - [30/May/2022:17:19:11 -0300] "GET /cormun/servlet/solicitudot?c068b8d14fdb53c628e25277d9fb65e00558ce262c8a98f4a839e5deb3b6aa3f25dadfe192a4183c2558a85e57119902,gx-no-cache=1653941157585 HTTP/1.1" 200 30
186.67.172.234 - - [30/May/2022:17:19:11 -0300] "POST /cormun/servlet/solicitudotadjuntos?a1a1f64f39a4e58501db516878ab10f2,INS,2022,18804,,1, HTTP/1.1" 200 116
186.67.172.234 - - [30/May/2022:17:19:11 -0300] "GET /cormun/servlet/hpexe_return? HTTP/1.1" 200 1027
186.67.172.234 - - [30/May/2022:17:19:11 -0300] "GET /cormun/servlet/trsolicitudadjuntos?2022,18804, HTTP/1.1" 200 10053
190.171.149.74 - - [30/May/2022:17:19:11 -0300] "POST /cormun/servlet/solicitudot?gx-no-cache=1653941158102 HTTP/1.1" 200 33
186.67.172.234 - - [30/May/2022:17:19:11 -0300] "GET /cormun/servlet/trsolicitudadjuntos?2022,18804, HTTP/1.1" 200 10050
186.67.172.234 - - [30/May/2022:17:19:13 -0300] "GET /cormun/servlet/solicitudotadjuntos?INS,2022,18804,,1, HTTP/1.1" 200 6411
186.67.172.234 - - [30/May/2022:17:19:13 -0300] "GET /cormun/static/about:blank HTTP/1.1" 404 1011
186.67.172.234 - - [30/May/2022:17:19:13 -0300] "GET /cormun/servlet/solicitudotadjuntos?INS,2022,18804,,1, HTTP/1.1" 200 6404
186.67.172.234 - - [30/May/2022:17:19:13 -0300] "GET /cormun/servlet/solicitudotadjuntos?f4dcfeb0176e0083615632a6d326297731500446acf93127f11acb86549d0ab10d728edc22f075a0196620be4774ba98,gx-no-cache=1653941159461 HTTP/1.1" 200 30
186.67.172.234 - - [30/May/2022:17:19:13 -0300] "POST /cormun/servlet/solicitudotadjuntos?a1a1f64f39a4e58501db516878ab10f2,INS,2022,18804,,1,,gx-no-cache=1653941159477 HTTP/1.1" 200 4184
190.171.149.74 - - [30/May/2022:17:19:14 -0300] "POST /cormun/servlet/solicitudot?0cf56f2e7ba51432d8ec7ee63f8a5ff6,INS,0,0,false,,gx-no-cache=1653941160716 HTTP/1.1" 200 93
190.171.149.74 - - [30/May/2022:17:19:14 -0300] "GET /cormun/servlet/hpexe_return? HTTP/1.1" 200 1009
190.171.149.74 - - [30/May/2022:17:19:14 -0300] "GET /cormun/servlet/trsolicitudot HTTP/1.1" 200 8644
190.171.149.74 - - [30/May/2022:17:19:15 -0300] "GET /cormun/servlet/trsolicitudot HTTP/1.1" 200 8640
186.67.172.234 - - [30/May/2022:17:19:16 -0300] "POST /cormun/servlet/solicitudotadjuntos?gx-no-cache=1653941161579 HTTP/1.1" 200 26
190.171.149.74 - - [30/May/2022:17:19:18 -0300] "GET /cormun/servlet/solicitudot?INS,0,0,false, HTTP/1.1" 200 15701
190.171.149.74 - - [30/May/2022:17:19:18 -0300] "GET /cormun/servlet/solicitudot?INS,0,0,false, HTTP/1.1" 200 15708
186.67.172.234 - - [30/May/2022:17:19:35 -0300] "GET /cormun/servlet/solicitudotadjuntos?f4dcfeb0176e0083615632a6d32629778984b45a9ff035c4e3262d5bccf75c98,gx-no-cache=1653941181286 HTTP/1.1" 200 30
186.67.172.234 - - [30/May/2022:17:19:35 -0300] "GET /cormun/servlet/solicitudotadjuntos?f4dcfeb0176e0083615632a6d32629778984b45a9ff035c4e3262d5bccf75c98,gx-no-cache=1653941181307 HTTP/1.1" 200 30
186.67.172.234 - - [30/May/2022:17:19:35 -0300] "POST /cormun/servlet/solicitudotadjuntos?a1a1f64f39a4e58501db516878ab10f2,INS,2022,18804,,1, HTTP/1.1" 200 116
186.67.172.234 - - [30/May/2022:17:19:35 -0300] "GET /cormun/servlet/hpexe_return? HTTP/1.1" 200 1027
186.67.172.234 - - [30/May/2022:17:19:36 -0300] "GET /cormun/servlet/trsolicitudadjuntos?2022,18804, HTTP/1.1" 200 10346
186.67.172.234 - - [30/May/2022:17:19:36 -0300] "GET /cormun/servlet/trsolicitudadjuntos?2022,18804, HTTP/1.1" 200 10342
190.171.149.74 - - [30/May/2022:17:19:37 -0300] "POST /cormun/servlet/solicitudot?gx-no-cache=1653941183726 HTTP/1.1" 200 3960
190.171.149.74 - - [30/May/2022:17:19:37 -0300] "POST /cormun/servlet/solicitudot?0cf56f2e7ba51432d8ec7ee63f8a5ff6,INS,0,0,false,,gx-no-cache=1653941183911 HTTP/1.1" 200 12503
186.67.172.234 - - [30/May/2022:17:19:39 -0300] "GET /cormun/servlet/solicitudotadjuntos?INS,2022,18804,,1, HTTP/1.1" 200 6411
186.67.172.234 - - [30/May/2022:17:19:39 -0300] "GET /cormun/static/about:blank HTTP/1.1" 404 1011
186.67.172.234 - - [30/May/2022:17:19:39 -0300] "GET /cormun/servlet/solicitudotadjuntos?INS,2022,18804,,1, HTTP/1.1" 200 6404
190.171.149.74 - - [30/May/2022:17:19:39 -0300] "GET /cormun/servlet/solicitudot?c068b8d14fdb53c628e25277d9fb65e09e797866e30c64e876f68c82df6bc37f60b8089d74e5d0aa6301ca45091f9b13,gx-no-cache=1653941186219 HTTP/1.1" 200 30
190.171.149.74 - - [30/May/2022:17:19:39 -0300] "GET /cormun/servlet/solicitudot?c068b8d14fdb53c628e25277d9fb65e0a84dd9d772ca8c75628020f1ffd6b9e865ee93e6ac840c4422f5c2a795c1b450,gx-no-cache=1653941186272 HTTP/1.1" 200 30
190.171.149.74 - - [30/May/2022:17:19:39 -0300] "GET /cormun/servlet/solicitudot?c068b8d14fdb53c628e25277d9fb65e0b3b00721825d789812f5161243f7a7e9,gx-no-cache=1653941186298 HTTP/1.1" 200 51
186.67.172.234 - - [30/May/2022:17:19:39 -0300] "GET /cormun/servlet/solicitudotadjuntos?f4dcfeb0176e0083615632a6d326297731500446acf93127f11acb86549d0ab10d728edc22f075a0196620be4774ba98,gx-no-cache=1653941185554 HTTP/1.1" 200 30
190.171.149.74 - - [30/May/2022:17:19:39 -0300] "POST /cormun/servlet/solicitudot?gx-no-cache=1653941186329 HTTP/1.1" 200 255
190.171.149.74 - - [30/May/2022:17:19:39 -0300] "GET /cormun/servlet/solicitudot?c068b8d14fdb53c628e25277d9fb65e02c7812e504a34ef6aa6e80c9abe3e40957cbcc7a27a002fc8345af1073a81e5c4c4bb47edc0423460f56b0aa0509747629816682a01e42b693d5d683a39623f301ab2f0fea72ba04175679a999aa49eb1a3f4b15b21e648ba5d7659fd92c45eed64497dbc2cf3af91f72138a6df831e832e62ec79f807c9d7a95ab30b92edeec25c464ee8f77dcca41a4c9019b685f88fdfeb06d49283638c2c7fd720094f188d27ffda697698df7153b258eadb722bcd8cce41f57f1fb1e79fb3094f93d43b7fea25180dfe8186743c5dccecb888e36d8f327c6f738e93eb012da7d2338f8c5dca7cd6685a20d442512f44dc66a943b924f5ecd75a932d762b78632af46a4be06e1130a1ade3a6e11b74cca31e32b133de054c1af8aa0e3d4b8d7b17e026c2c2d10fa37e0213c6dbeab917987b316df1db5cf444c791d801851d278608d09fde946e9dd033cacd165fa2932b4b52dcd6b2219fd98675905f62e7e8e9cdcb8a4824050e6a8a346183232ffc1bdd1c3eb,gx-no-cache=1653941186369 HTTP/1.1" 200 30
186.67.172.234 - - [30/May/2022:17:19:39 -0300] "POST /cormun/servlet/solicitudotadjuntos?a1a1f64f39a4e58501db516878ab10f2,INS,2022,18804,,1,,gx-no-cache=1653941185569 HTTP/1.1" 200 4184
186.67.172.234 - - [30/May/2022:17:19:42 -0300] "POST /cormun/servlet/solicitudotadjuntos?gx-no-cache=1653941187995 HTTP/1.1" 200 26
190.171.149.74 - - [30/May/2022:17:19:42 -0300] "POST /cormun/servlet/solicitudot?gx-no-cache=1653941189010 HTTP/1.1" 200 30
190.171.149.74 - - [30/May/2022:17:19:44 -0300] "GET /cormun/servlet/prcontratosol?17523103,,,,,MD,,gxPopupLevel%3D0%3B HTTP/1.1" 200 8648
190.171.149.74 - - [30/May/2022:17:19:47 -0300] "POST /cormun/servlet/solicitudot?gx-no-cache=1653941194238 HTTP/1.1" 200 1454
190.171.149.74 - - [30/May/2022:17:19:47 -0300] "POST /cormun/servlet/solicitudot?gx-no-cache=1653941194269 HTTP/1.1" 200 38
190.171.149.74 - - [30/May/2022:17:19:47 -0300] "GET /cormun/servlet/solicitudot?c068b8d14fdb53c628e25277d9fb65e0cd477fcc5d294fa9aa0fc03aa8ece1c31850e1c5c1f95e5dbfdb9936a9456b698d11beb4cd21c466770c355822fb21aaf0b7d951b7dd05fc8e602ffc9ee0fe20387c3092856f002b4551ba997c3a56fe7568bad65c0c99ab4708afdb15addab4,gx-no-cache=1653941194288 HTTP/1.1" 200 110
190.171.149.74 - - [30/May/2022:17:19:47 -0300] "POST /cormun/servlet/solicitudot?gx-no-cache=1653941194310 HTTP/1.1" 200 110
190.171.149.74 - - [30/May/2022:17:19:47 -0300] "GET /cormun/servlet/solicitudot?c068b8d14fdb53c628e25277d9fb65e00780e4a8a694d9a469f47ca85e05fa7a9a52a14d9db9cc136b4f640b925012a0647d756e809d1e0cb069dc22ef9b87fc2549621135bc112235eb8988a628155115fc6126c19c7d51ec03bdbce833af5d0ca5a5d74dd8338736efdc1b54ce42a45210550fc1867b91d14514ac7f2c31bd5e3af9d6794fbcd66c413db4c9e87d321c24a93147755553529457c70599d44b,gx-no-cache=1653941194337 HTTP/1.1" 200 29
190.171.149.74 - - [30/May/2022:17:19:47 -0300] "GET /cormun/servlet/solicitudot?c068b8d14fdb53c628e25277d9fb65e05d1f71ea120ad1c2c174eda33ad6ba7925dadfe192a4183c2558a85e57119902,gx-no-cache=1653941194363 HTTP/1.1" 200 134
190.171.149.74 - - [30/May/2022:17:19:47 -0300] "GET /cormun/static/Shared/jqueryui/images/ui-bg_highlight-soft_100_c6c2c8_1x100.png HTTP/1.1" 404 1117
190.171.149.74 - - [30/May/2022:17:19:47 -0300] "GET /cormun/static/Shared/jqueryui/images/ui-icons_82798d_256x240.png HTTP/1.1" 404 1089
190.171.149.74 - - [30/May/2022:17:19:47 -0300] "GET /cormun/static/Shared/jqueryui/images/ui-bg_flat_55_994d53_40x100.png HTTP/1.1" 404 1097
190.171.149.74 - - [30/May/2022:17:19:47 -0300] "GET /cormun/static/Shared/jqueryui/images/ui-icons_ebccce_256x240.png HTTP/1.1" 404 1089
186.67.172.234 - - [30/May/2022:17:19:48 -0300] "GET /cormun/servlet/solicitudotadjuntos?f4dcfeb0176e0083615632a6d32629778984b45a9ff035c4e3262d5bccf75c98,gx-no-cache=1653941194628 HTTP/1.1" 200 30
186.67.172.234 - - [30/May/2022:17:19:48 -0300] "GET /cormun/servlet/solicitudotadjuntos?f4dcfeb0176e0083615632a6d32629778984b45a9ff035c4e3262d5bccf75c98,gx-no-cache=1653941194640 HTTP/1.1" 200 30
186.67.172.234 - - [30/May/2022:17:19:49 -0300] "POST /cormun/servlet/solicitudotadjuntos?a1a1f64f39a4e58501db516878ab10f2,INS,2022,18804,,1, HTTP/1.1" 200 116
186.67.172.234 - - [30/May/2022:17:19:49 -0300] "GET /cormun/servlet/hpexe_return? HTTP/1.1" 200 1027
186.67.172.234 - - [30/May/2022:17:19:49 -0300] "GET /cormun/servlet/trsolicitudadjuntos?2022,18804, HTTP/1.1" 200 10534
186.67.172.234 - - [30/May/2022:17:19:49 -0300] "GET /cormun/servlet/trsolicitudadjuntos?2022,18804, HTTP/1.1" 200 10531
190.171.149.74 - - [30/May/2022:17:20:22 -0300] "GET /cormun/servlet/solicitudot?c068b8d14fdb53c628e25277d9fb65e0cd477fcc5d294fa9aa0fc03aa8ece1c31850e1c5c1f95e5dbfdb9936a9456b698d11beb4cd21c466770c355822fb21aaf0b7d951b7dd05fc8e602ffc9ee0fe20387c3092856f002b4551ba997c3a56fe7568bad65c0c99ab4708afdb15addab4,gx-no-cache=1653941229275 HTTP/1.1" 200 110
190.171.149.74 - - [30/May/2022:17:20:24 -0300] "GET /cormun/static/menuarrow.gif HTTP/1.1" 404 1015
190.171.149.74 - - [30/May/2022:17:20:25 -0300] "GET /cormun/servlet/solicitudot?c068b8d14fdb53c628e25277d9fb65e0cd477fcc5d294fa9aa0fc03aa8ece1c31850e1c5c1f95e5dbfdb9936a9456b698d11beb4cd21c466770c355822fb21aaf0b7d951b7dd05fc8e602ffc9ee0fe20387c3092856f002b4551ba997c3a56fe7568bad65c0c99ab4708afdb15addab4,gx-no-cache=1653941232547 HTTP/1.1" 200 110
190.171.149.74 - - [30/May/2022:17:20:30 -0300] "GET /cormun/servlet/solicitudot?c068b8d14fdb53c628e25277d9fb65e00558ce262c8a98f4a839e5deb3b6aa3f25dadfe192a4183c2558a85e57119902,gx-no-cache=1653941236684 HTTP/1.1" 200 30
190.171.149.74 - - [30/May/2022:17:20:30 -0300] "POST /cormun/servlet/solicitudot?gx-no-cache=1653941236718 HTTP/1.1" 200 33
186.67.172.234 - - [30/May/2022:17:20:34 -0300] "POST /cormun/servlet/trsolicitudadjuntos?a1a1f64f39a4e58501db516878ab10f2,2022,18804,,gx-no-cache=1653941240003 HTTP/1.1" 200 90
186.67.172.234 - - [30/May/2022:17:20:34 -0300] "GET /cormun/servlet/hpexe_link HTTP/1.1" 200 970
186.67.172.234 - - [30/May/2022:17:20:34 -0300] "GET /cormun/servlet/trsolicitudot HTTP/1.1" 200 8930
186.67.172.234 - - [30/May/2022:17:20:34 -0300] "GET /cormun/servlet/trsolicitudot HTTP/1.1" 200 8929
190.171.149.74 - - [30/May/2022:17:20:39 -0300] "GET /cormun/servlet/solicitudot?c068b8d14fdb53c628e25277d9fb65e00558ce262c8a98f4a839e5deb3b6aa3f25dadfe192a4183c2558a85e57119902,gx-no-cache=1653941246031 HTTP/1.1" 200 30
190.171.149.74 - - [30/May/2022:17:20:39 -0300] "POST /cormun/servlet/solicitudot?gx-no-cache=1653941246070 HTTP/1.1" 200 33
186.175.243.102 - - [30/May/2022:17:20:41 -0300] "GET /cormun/servlet/hlogin HTTP/1.1" 200 1722
186.175.243.102 - - [30/May/2022:17:20:47 -0300] "POST /cormun/servlet/hlogin?f164b77c88773009e1a1a4f4132cec2e,gx-no-cache=1653941252851 HTTP/1.1" 200 90
186.175.243.102 - - [30/May/2022:17:20:47 -0300] "GET /cormun/servlet/hpexe_link HTTP/1.1" 200 948
186.175.243.102 - - [30/May/2022:17:20:47 -0300] "GET /cormun/servlet/hhome HTTP/1.1" 200 4118
186.175.243.102 - - [30/May/2022:17:20:47 -0300] "GET /cormun/servlet/hhome HTTP/1.1" 200 4116
186.175.176.165 - - [30/May/2022:17:20:51 -0300] "GET /cormun/servlet/trlicencias? HTTP/1.1" 200 15149
186.175.176.165 - - [30/May/2022:17:20:51 -0300] "GET /cormun/servlet/trlicencias? HTTP/1.1" 200 15146
186.67.172.234 - - [30/May/2022:17:21:05 -0300] "POST /cormun/servlet/trsolicitudot?a1a1f64f39a4e58501db516878ab10f2,gx-no-cache=1653941271664 HTTP/1.1" 200 4622
186.67.172.234 - - [30/May/2022:17:21:05 -0300] "GET /cormun/static/Shared/jqueryui/images/ui-bg_highlight-soft_100_c6c2c8_1x100.png HTTP/1.1" 404 1117
186.67.172.234 - - [30/May/2022:17:21:05 -0300] "GET /cormun/static/Shared/jqueryui/images/ui-icons_82798d_256x240.png HTTP/1.1" 404 1089
186.67.172.234 - - [30/May/2022:17:21:05 -0300] "GET /cormun/static/Shared/jqueryui/images/ui-bg_flat_55_fafafa_40x100.png HTTP/1.1" 404 1097
186.67.172.234 - - [30/May/2022:17:21:05 -0300] "GET /cormun/static/Shared/jqueryui/images/ui-icons_8d78a5_256x240.png HTTP/1.1" 404 1089
186.67.172.234 - - [30/May/2022:17:21:06 -0300] "POST /cormun/servlet/trsolicitudot?a1a1f64f39a4e58501db516878ab10f2,gx-no-cache=1653941271817 HTTP/1.1" 200 4344
190.171.149.74 - - [30/May/2022:17:22:42 -0300] "POST /cormun/servlet/solicitudot?0cf56f2e7ba51432d8ec7ee63f8a5ff6,INS,0,0,false,,gx-no-cache=1653941368906 HTTP/1.1" 200 93
190.171.149.74 - - [30/May/2022:17:22:42 -0300] "GET /cormun/servlet/hpexe_return? HTTP/1.1" 200 1009
190.171.149.74 - - [30/May/2022:17:22:42 -0300] "GET /cormun/servlet/trsolicitudot HTTP/1.1" 200 9032
190.171.149.74 - - [30/May/2022:17:22:43 -0300] "GET /cormun/servlet/trsolicitudot HTTP/1.1" 200 9028
186.103.159.189 - - [30/May/2022:17:26:20 -0300] "POST /cormun/servlet/hlogin?b58beac8f1d752d74aad52cc58663d2b,gx-no-cache=1653941585871 HTTP/1.1" 440 972
186.103.159.189 - - [30/May/2022:17:26:26 -0300] "GET /cormun/servlet/hlogin HTTP/1.1" 200 1735
186.103.159.189 - - [30/May/2022:17:26:33 -0300] "POST /cormun/servlet/hlogin?96bb3a10460995874d8305fa72aa9f9c,gx-no-cache=1653941599628 HTTP/1.1" 200 90
186.103.159.189 - - [30/May/2022:17:26:33 -0300] "GET /cormun/servlet/hpexe_link HTTP/1.1" 200 952
186.103.159.189 - - [30/May/2022:17:26:34 -0300] "GET /cormun/servlet/hhome HTTP/1.1" 200 4004
186.103.159.189 - - [30/May/2022:17:26:34 -0300] "GET /cormun/servlet/hhome HTTP/1.1" 200 4000
186.103.159.189 - - [30/May/2022:17:26:43 -0300] "GET /cormun/servlet/trpermisosgoce? HTTP/1.1" 200 11250
186.103.159.189 - - [30/May/2022:17:26:43 -0300] "GET /cormun/servlet/trpermisosgoce? HTTP/1.1" 200 11255
190.171.149.74 - - [30/May/2022:17:29:10 -0300] "POST /cormun/servlet/trsolicitudot?0cf56f2e7ba51432d8ec7ee63f8a5ff6,gx-no-cache=1653941757246 HTTP/1.1" 200 5828
190.171.149.74 - - [30/May/2022:17:29:10 -0300] "GET /cormun/static/Shared/jqueryui/images/ui-bg_highlight-soft_100_c6c2c8_1x100.png HTTP/1.1" 404 1117
190.171.149.74 - - [30/May/2022:17:29:10 -0300] "GET /cormun/static/Shared/jqueryui/images/ui-icons_82798d_256x240.png HTTP/1.1" 404 1089
190.171.149.74 - - [30/May/2022:17:29:10 -0300] "GET /cormun/static/Shared/jqueryui/images/ui-icons_8d78a5_256x240.png HTTP/1.1" 404 1089
190.171.149.74 - - [30/May/2022:17:29:10 -0300] "GET /cormun/static/Shared/jqueryui/images/ui-bg_flat_55_fafafa_40x100.png HTTP/1.1" 404 1097
190.171.149.74 - - [30/May/2022:17:29:10 -0300] "POST /cormun/servlet/trsolicitudot?0cf56f2e7ba51432d8ec7ee63f8a5ff6,gx-no-cache=1653941757486 HTTP/1.1" 200 5771
190.171.149.74 - - [30/May/2022:17:29:13 -0300] "POST /cormun/servlet/trsolicitudot?0cf56f2e7ba51432d8ec7ee63f8a5ff6,gx-no-cache=1653941760039 HTTP/1.1" 200 4586
190.171.149.74 - - [30/May/2022:17:29:13 -0300] "POST /cormun/servlet/trsolicitudot?0cf56f2e7ba51432d8ec7ee63f8a5ff6,gx-no-cache=1653941760233 HTTP/1.1" 200 4327
190.171.149.74 - - [30/May/2022:17:29:22 -0300] "GET /cormun/servlet/hlogin HTTP/1.1" 200 1743
190.171.149.74 - - [30/May/2022:17:29:35 -0300] "POST /cormun/servlet/hlogin?0cf56f2e7ba51432d8ec7ee63f8a5ff6,gx-no-cache=1653941782362 HTTP/1.1" 200 90
190.171.149.74 - - [30/May/2022:17:29:35 -0300] "GET /cormun/servlet/hpexe_link HTTP/1.1" 200 952
190.171.149.74 - - [30/May/2022:17:29:35 -0300] "GET /cormun/servlet/hhome HTTP/1.1" 200 4229
190.171.149.74 - - [30/May/2022:17:29:36 -0300] "GET /cormun/servlet/hhome HTTP/1.1" 200 4226
181.212.42.153 - - [30/May/2022:17:29:38 -0300] "GET /cormun/servlet/trlicencias? HTTP/1.1" 200 6052
181.212.42.153 - - [30/May/2022:17:29:38 -0300] "GET /cormun/servlet/hlogin HTTP/1.1" 200 1748
181.212.42.153 - - [30/May/2022:17:29:38 -0300] "GET /cormun/servlet/trlicencias? HTTP/1.1" 200 6046
190.171.149.74 - - [30/May/2022:17:29:39 -0300] "GET /cormun/servlet/trautorizarsolicitud? HTTP/1.1" 200 9162
190.171.149.74 - - [30/May/2022:17:29:39 -0300] "GET /cormun/servlet/trautorizarsolicitud? HTTP/1.1" 200 9160
190.171.143.106 - - [30/May/2022:17:29:45 -0300] "GET /cormun/servlet/hlogin HTTP/1.1" 200 1730
190.171.143.106 - - [30/May/2022:17:29:45 -0300] "GET /favicon.ico HTTP/1.1" 200 21630
181.212.42.153 - - [30/May/2022:17:29:46 -0300] "POST /cormun/servlet/hlogin?ad5ea9298daf7a3d911a85201cabc834,gx-no-cache=1653941888154 HTTP/1.1" 200 90
181.212.42.153 - - [30/May/2022:17:29:46 -0300] "GET /cormun/servlet/hpexe_link HTTP/1.1" 200 961
181.212.42.153 - - [30/May/2022:17:29:46 -0300] "GET /cormun/servlet/trlicencias HTTP/1.1" 200 12828
181.212.42.153 - - [30/May/2022:17:29:46 -0300] "GET /cormun/servlet/trlicencias HTTP/1.1" 200 12826
190.171.143.106 - - [30/May/2022:17:29:47 -0300] "POST /cormun/servlet/hlogin?640e6ab2959db9acc16d339193f9f0f5,gx-no-cache=1653941795705 HTTP/1.1" 200 90
190.171.143.106 - - [30/May/2022:17:29:47 -0300] "GET /cormun/servlet/hpexe_link HTTP/1.1" 200 957
190.171.143.106 - - [30/May/2022:17:29:47 -0300] "GET /cormun/servlet/hhome HTTP/1.1" 200 3975
190.171.143.106 - - [30/May/2022:17:29:48 -0300] "GET /cormun/servlet/hhome HTTP/1.1" 200 3972
190.171.143.106 - - [30/May/2022:17:29:50 -0300] "GET /cormun/servlet/trlicencias? HTTP/1.1" 200 10200
190.171.143.106 - - [30/May/2022:17:29:50 -0300] "GET /cormun/servlet/trlicencias? HTTP/1.1" 200 10198
190.171.143.106 - - [30/May/2022:17:29:59 -0300] "GET /cormun/static/menuarrow.gif HTTP/1.1" 404 1015
190.171.143.106 - - [30/May/2022:17:30:04 -0300] "POST /cormun/servlet/trlicencias?640e6ab2959db9acc16d339193f9f0f5,,gx-no-cache=1653941811738 HTTP/1.1" 200 11585
190.171.149.74 - - [30/May/2022:17:30:10 -0300] "POST /cormun/servlet/trautorizarsolicitud?0cf56f2e7ba51432d8ec7ee63f8a5ff6,,gx-no-cache=1653941817477 HTTP/1.1" 200 116
190.171.149.74 - - [30/May/2022:17:30:11 -0300] "GET /cormun/servlet/solicitudotlog?INS,2022,18806,0,ANU, HTTP/1.1" 200 6056
190.171.149.74 - - [30/May/2022:17:30:11 -0300] "GET /cormun/static/gxcfg.js?2020121572485 HTTP/1.1" 200 953
190.171.149.74 - - [30/May/2022:17:30:11 -0300] "GET /cormun/static/solicitudotlog.js?2020121572497 HTTP/1.1" 200 8934
190.171.149.74 - - [30/May/2022:17:30:12 -0300] "GET /cormun/servlet/solicitudotlog?INS,2022,18806,0,ANU, HTTP/1.1" 200 6056
190.171.149.74 - - [30/May/2022:17:30:12 -0300] "GET /cormun/servlet/solicitudotlog?c068b8d14fdb53c628e25277d9fb65e0c3ca646562ccee306ebf9b7a8cb0d6800d40923b3a8f7b215b983005693f8d4d7ff47823d7d07f77e2f2315fc06584f46537fd177dedce1ef6fa33e1416618b412d67d49b2b5de3daf61b5105d328155f0d2bc3d6268d4554a2354c201f33a86a1b488f1c4885746350fe33a1567d8ea0cf04a4bec0b00ae863621ab72127716b7626750b85dec2fbeba89abdfb7ccc5,gx-no-cache=1653941819197 HTTP/1.1" 200 94
190.171.149.74 - - [30/May/2022:17:30:16 -0300] "POST /cormun/servlet/solicitudotlog?0cf56f2e7ba51432d8ec7ee63f8a5ff6,INS,2022,18806,0,ANU,,gx-no-cache=1653941823215 HTTP/1.1" 200 93
190.171.149.74 - - [30/May/2022:17:30:16 -0300] "GET /cormun/servlet/hpexe_return? HTTP/1.1" 200 1029
190.171.149.74 - - [30/May/2022:17:30:16 -0300] "GET /cormun/servlet/trautorizarsolicitud HTTP/1.1" 200 9164
190.171.149.74 - - [30/May/2022:17:30:17 -0300] "GET /cormun/servlet/trautorizarsolicitud HTTP/1.1" 200 9160
190.171.149.74 - - [30/May/2022:17:30:37 -0300] "GET /cormun/servlet/veautorizarsolicitud?2022,18806,, HTTP/1.1" 200 8606
190.171.149.74 - - [30/May/2022:17:30:37 -0300] "GET /cormun/static/gxcfg.js?201991422424023 HTTP/1.1" 200 953
190.171.149.74 - - [30/May/2022:17:30:37 -0300] "GET /cormun/static/veautorizarsolicitud.js?201991422424092 HTTP/1.1" 200 6140
190.171.149.74 - - [30/May/2022:17:30:37 -0300] "GET /cormun/static/hwcviewtabs.js?201991422154026 HTTP/1.1" 200 1074
190.171.149.74 - - [30/May/2022:17:30:37 -0300] "GET /cormun/pexe_scrolldiv.js HTTP/1.1" 404 1009
190.171.149.74 - - [30/May/2022:17:30:37 -0300] "GET /cormun/static/hpexe_tabsview.js?2020121447381 HTTP/1.1" 200 1661
190.171.149.74 - - [30/May/2022:17:30:37 -0300] "GET /cormun/static/tbautorizarsolicitud01.js?201991419252835 HTTP/1.1" 200 30580
190.171.149.74 - - [30/May/2022:17:30:37 -0300] "GET /cormun/static/Resources/PXToolsTabFirstSelected.png HTTP/1.1" 200 1270
190.171.149.74 - - [30/May/2022:17:30:37 -0300] "GET /cormun/static/Resources/PXToolsTabLastUnselected.png HTTP/1.1" 200 1297
190.171.149.74 - - [30/May/2022:17:30:37 -0300] "GET /cormun/static/Resources/PXToolsTabPrevious.gif HTTP/1.1" 200 172
190.171.149.74 - - [30/May/2022:17:30:37 -0300] "GET /cormun/static/Resources/PXToolsTabNext.gif HTTP/1.1" 200 168
190.171.149.74 - - [30/May/2022:17:30:37 -0300] "GET /cormun/static/calendar-system.css HTTP/1.1" 200 5572
190.171.149.74 - - [30/May/2022:17:30:37 -0300] "GET /cormun/static/Resources/PXToolsTabBackSelected.png HTTP/1.1" 200 1157
190.171.149.74 - - [30/May/2022:17:30:37 -0300] "GET /cormun/static/Resources/PXToolsTabBackUnselected.png HTTP/1.1" 200 1175
190.171.149.74 - - [30/May/2022:17:30:37 -0300] "GET /cormun/static/Resources/PXToolsTabSelectedUnselected.png HTTP/1.1" 200 1451
190.171.149.74 - - [30/May/2022:17:30:37 -0300] "GET /cormun/static/Resources/PXToolsTabUnselectedUnselected.png HTTP/1.1" 200 1470
190.171.149.74 - - [30/May/2022:17:30:37 -0300] "GET /cormun/servlet/veautorizarsolicitud?2022,18806,, HTTP/1.1" 200 8605
190.171.149.74 - - [30/May/2022:17:30:45 -0300] "POST /cormun/servlet/veautorizarsolicitud?0cf56f2e7ba51432d8ec7ee63f8a5ff6,2022,18806,,,gx-no-cache=1653941851536 HTTP/1.1" 200 93
190.171.149.74 - - [30/May/2022:17:30:45 -0300] "GET /cormun/servlet/hpexe_return? HTTP/1.1" 200 1017
190.171.149.74 - - [30/May/2022:17:30:45 -0300] "GET /cormun/servlet/trautorizarsolicitud HTTP/1.1" 200 9164
190.171.149.74 - - [30/May/2022:17:30:45 -0300] "GET /cormun/servlet/trautorizarsolicitud HTTP/1.1" 200 9160
190.171.149.74 - - [30/May/2022:17:30:50 -0300] "GET /cormun/servlet/veautorizarsolicitud?2022,18806,, HTTP/1.1" 200 8606
190.171.149.74 - - [30/May/2022:17:30:50 -0300] "GET /cormun/pexe_scrolldiv.js HTTP/1.1" 404 1009
190.171.149.74 - - [30/May/2022:17:30:51 -0300] "GET /cormun/servlet/veautorizarsolicitud?2022,18806,, HTTP/1.1" 200 8605
190.171.149.74 - - [30/May/2022:17:31:17 -0300] "POST /cormun/servlet/veautorizarsolicitud?0cf56f2e7ba51432d8ec7ee63f8a5ff6,2022,18806,,,gx-no-cache=1653941884461 HTTP/1.1" 200 93
190.171.149.74 - - [30/May/2022:17:31:17 -0300] "GET /cormun/servlet/hpexe_return? HTTP/1.1" 200 1017
190.171.149.74 - - [30/May/2022:17:31:18 -0300] "GET /cormun/servlet/trautorizarsolicitud HTTP/1.1" 200 9164
190.171.149.74 - - [30/May/2022:17:31:18 -0300] "GET /cormun/servlet/trautorizarsolicitud HTTP/1.1" 200 9160
190.171.141.90 - - [30/May/2022:17:31:22 -0300] "GET /cormun/servlet/trsolicitudot? HTTP/1.1" 200 7215
190.171.141.90 - - [30/May/2022:17:31:22 -0300] "GET /cormun/static/gxui/gxui-all.css?110300 HTTP/1.1" 200 2179
190.171.141.90 - - [30/May/2022:17:31:22 -0300] "GET /cormun/static/gxcfg.js?201991910464971 HTTP/1.1" 200 953
190.171.141.90 - - [30/May/2022:17:31:22 -0300] "GET /cormun/static/calendar-system.css?75620 HTTP/1.1" 200 5572
190.171.141.90 - - [30/May/2022:17:31:22 -0300] "GET /cormun/static/trsolicitudot.js?201991910465845 HTTP/1.1" 200 54041
190.171.141.90 - - [30/May/2022:17:31:22 -0300] "GET /cormun/static/Shared/ext/resources/css/ext-all.css?205870 HTTP/1.1" 200 416045
190.171.141.90 - - [30/May/2022:17:31:23 -0300] "GET /cormun/servlet/trsolicitudot? HTTP/1.1" 200 7193
190.171.141.90 - - [30/May/2022:17:31:28 -0300] "POST /cormun/servlet/trsolicitudot?5153fc49d51dd606dc03d6e995aea310,,gx-no-cache=1653941892285 HTTP/1.1" 200 4354
190.171.149.74 - - [30/May/2022:17:31:32 -0300] "POST /cormun/servlet/trautorizarsolicitud?0cf56f2e7ba51432d8ec7ee63f8a5ff6,gx-no-cache=1653941898980 HTTP/1.1" 200 116
190.171.141.90 - - [30/May/2022:17:31:32 -0300] "POST /cormun/servlet/trsolicitudot?5153fc49d51dd606dc03d6e995aea310,,gx-no-cache=1653941896091 HTTP/1.1" 200 4355
190.171.149.74 - - [30/May/2022:17:31:32 -0300] "GET /cormun/servlet/solicitudotlog?INS,2022,18806,0,ANU, HTTP/1.1" 200 6056
190.171.149.74 - - [30/May/2022:17:31:32 -0300] "GET /cormun/servlet/solicitudotlog?INS,2022,18806,0,ANU, HTTP/1.1" 200 6056
190.171.149.74 - - [30/May/2022:17:31:33 -0300] "GET /cormun/servlet/solicitudotlog?c068b8d14fdb53c628e25277d9fb65e0c3ca646562ccee306ebf9b7a8cb0d6800d40923b3a8f7b215b983005693f8d4d7ff47823d7d07f77e2f2315fc06584f46537fd177dedce1ef6fa33e1416618b412d67d49b2b5de3daf61b5105d328155f0d2bc3d6268d4554a2354c201f33a86a1b488f1c4885746350fe33a1567d8ea0cf04a4bec0b00ae863621ab72127716b7626750b85dec2fbeba89abdfb7ccc5,gx-no-cache=1653941899924 HTTP/1.1" 200 94
190.171.149.74 - - [30/May/2022:17:31:35 -0300] "POST /cormun/servlet/solicitudotlog?0cf56f2e7ba51432d8ec7ee63f8a5ff6,INS,2022,18806,0,ANU,,gx-no-cache=1653941901805 HTTP/1.1" 200 4063
190.171.149.74 - - [30/May/2022:17:31:35 -0300] "GET /cormun/static/Shared/jqueryui/images/ui-bg_highlight-soft_100_c6c2c8_1x100.png HTTP/1.1" 404 1117
190.171.149.74 - - [30/May/2022:17:31:35 -0300] "GET /cormun/static/Shared/jqueryui/images/ui-icons_82798d_256x240.png HTTP/1.1" 404 1089
190.171.149.74 - - [30/May/2022:17:31:35 -0300] "GET /cormun/static/Shared/jqueryui/images/ui-icons_ebccce_256x240.png HTTP/1.1" 404 1089
190.171.149.74 - - [30/May/2022:17:31:35 -0300] "GET /cormun/static/Shared/jqueryui/images/ui-bg_flat_55_994d53_40x100.png HTTP/1.1" 404 1097
190.171.141.90 - - [30/May/2022:17:31:37 -0300] "POST /cormun/servlet/trsolicitudot?5153fc49d51dd606dc03d6e995aea310,,gx-no-cache=1653941900530 HTTP/1.1" 200 11127
186.67.172.234 - - [30/May/2022:17:31:37 -0300] "GET /cormun/servlet/solicitudot?INS,0,0,false, HTTP/1.1" 200 16078
186.67.172.234 - - [30/May/2022:17:31:38 -0300] "GET /cormun/servlet/solicitudot?INS,0,0,false, HTTP/1.1" 200 16085
186.67.172.234 - - [30/May/2022:17:31:45 -0300] "POST /cormun/servlet/solicitudot?gx-no-cache=1653941911686 HTTP/1.1" 200 3850
186.67.172.234 - - [30/May/2022:17:31:46 -0300] "POST /cormun/servlet/solicitudot?a1a1f64f39a4e58501db516878ab10f2,INS,0,0,false,,gx-no-cache=1653941911801 HTTP/1.1" 200 12662
190.171.149.74 - - [30/May/2022:17:31:47 -0300] "POST /cormun/servlet/solicitudotlog?0cf56f2e7ba51432d8ec7ee63f8a5ff6,INS,2022,18806,0,ANU,,gx-no-cache=1653941914077 HTTP/1.1" 200 93
190.171.149.74 - - [30/May/2022:17:31:47 -0300] "GET /cormun/servlet/hpexe_return? HTTP/1.1" 200 1029
190.171.149.74 - - [30/May/2022:17:31:47 -0300] "GET /cormun/servlet/trautorizarsolicitud HTTP/1.1" 200 8775
190.171.149.74 - - [30/May/2022:17:31:48 -0300] "GET /cormun/servlet/trautorizarsolicitud HTTP/1.1" 200 8772
186.67.172.234 - - [30/May/2022:17:31:50 -0300] "GET /cormun/servlet/solicitudot?f4dcfeb0176e0083615632a6d32629771c4b7e04de897b9e67b3ea7e58ce3eda39df7eb6e8918821e217a43ccf6ea556,gx-no-cache=1653941916407 HTTP/1.1" 200 30
190.171.149.74 - - [30/May/2022:17:31:55 -0300] "POST /cormun/servlet/trautorizarsolicitud?0cf56f2e7ba51432d8ec7ee63f8a5ff6,gx-no-cache=1653941922305 HTTP/1.1" 200 4791
190.171.149.74 - - [30/May/2022:17:31:55 -0300] "GET /cormun/static/Shared/jqueryui/images/ui-bg_highlight-soft_100_c6c2c8_1x100.png HTTP/1.1" 404 1117
190.171.149.74 - - [30/May/2022:17:31:55 -0300] "GET /cormun/static/Shared/jqueryui/images/ui-icons_8d78a5_256x240.png HTTP/1.1" 404 1089
190.171.149.74 - - [30/May/2022:17:31:55 -0300] "GET /cormun/static/Shared/jqueryui/images/ui-icons_82798d_256x240.png HTTP/1.1" 404 1089
190.171.149.74 - - [30/May/2022:17:31:55 -0300] "GET /cormun/static/Shared/jqueryui/images/ui-bg_flat_55_fafafa_40x100.png HTTP/1.1" 404 1097
190.171.149.74 - - [30/May/2022:17:31:55 -0300] "POST /cormun/servlet/trautorizarsolicitud?0cf56f2e7ba51432d8ec7ee63f8a5ff6,gx-no-cache=1653941922487 HTTP/1.1" 200 4532
190.171.149.74 - - [30/May/2022:17:31:58 -0300] "GET /cormun/servlet/hlogin HTTP/1.1" 200 1748
190.171.152.138 - - [30/May/2022:17:32:06 -0300] "GET /cormun/servlet/hlogin HTTP/1.1" 200 1720
190.171.152.138 - - [30/May/2022:17:32:06 -0300] "GET /favicon.ico HTTP/1.1" 200 21630
190.171.149.74 - - [30/May/2022:17:32:07 -0300] "POST /cormun/servlet/hlogin?0cf56f2e7ba51432d8ec7ee63f8a5ff6,gx-no-cache=1653941933551 HTTP/1.1" 200 90
190.171.149.74 - - [30/May/2022:17:32:07 -0300] "GET /cormun/servlet/hpexe_link HTTP/1.1" 200 952
190.171.149.74 - - [30/May/2022:17:32:07 -0300] "GET /cormun/servlet/hhome HTTP/1.1" 200 3977
190.171.149.74 - - [30/May/2022:17:32:07 -0300] "GET /cormun/servlet/hhome HTTP/1.1" 200 3973
190.171.149.74 - - [30/May/2022:17:32:11 -0300] "GET /cormun/servlet/trsolicitudot? HTTP/1.1" 200 7196
190.171.149.74 - - [30/May/2022:17:32:12 -0300] "GET /cormun/servlet/trsolicitudot? HTTP/1.1" 200 7195
190.171.149.74 - - [30/May/2022:17:32:35 -0300] "GET /cormun/servlet/solicitudot?INS,0,0,false, HTTP/1.1" 200 15700
190.171.149.74 - - [30/May/2022:17:32:36 -0300] "GET /cormun/servlet/solicitudot?INS,0,0,false, HTTP/1.1" 200 15707
186.103.159.189 - - [30/May/2022:17:32:38 -0300] "GET /cormun/servlet/trpermisosadjuntos?8510071,20220530080348,P, HTTP/1.1" 200 6330
186.103.159.189 - - [30/May/2022:17:32:39 -0300] "GET /cormun/static/gxcfg.js?2020121641683 HTTP/1.1" 200 953
186.103.159.189 - - [30/May/2022:17:32:39 -0300] "GET /cormun/static/trpermisosadjuntos.js?2020121642996 HTTP/1.1" 200 20158
186.103.159.189 - - [30/May/2022:17:32:39 -0300] "GET /cormun/servlet/trpermisosadjuntos?8510071,20220530080348,P, HTTP/1.1" 200 6330
186.103.159.189 - - [30/May/2022:17:32:39 -0300] "GET /favicon.ico HTTP/1.1" 200 21630
186.103.159.189 - - [30/May/2022:17:32:41 -0300] "GET /cormun/servlet/permisosadjuntos?INS,8510071,P,20220530080348,, HTTP/1.1" 200 5650
186.103.159.189 - - [30/May/2022:17:32:41 -0300] "GET /cormun/static/gxcfg.js?20201215134212 HTTP/1.1" 200 953
186.103.159.189 - - [30/May/2022:17:32:41 -0300] "GET /cormun/static/permisosadjuntos.js?20201215134285 HTTP/1.1" 200 8724
186.103.159.189 - - [30/May/2022:17:32:41 -0300] "GET /cormun/static/about:blank HTTP/1.1" 404 1011
186.103.159.189 - - [30/May/2022:17:32:41 -0300] "GET /cormun/servlet/permisosadjuntos?INS,8510071,P,20220530080348,, HTTP/1.1" 200 5640
186.67.172.234 - - [30/May/2022:17:32:49 -0300] "GET /cormun/servlet/solicitudot?f4dcfeb0176e0083615632a6d32629779660449a2f6afec5e327c0eec0a185c4656637be45f87e05d2e2e1b1cf40dd1f,gx-no-cache=1653941975336 HTTP/1.1" 200 30
186.103.159.189 - - [30/May/2022:17:32:51 -0300] "POST /cormun/servlet/permisosadjuntos?96bb3a10460995874d8305fa72aa9f9c,INS,8510071,P,20220530080348,, HTTP/1.1" 200 116
186.103.159.189 - - [30/May/2022:17:32:51 -0300] "GET /cormun/servlet/hpexe_return? HTTP/1.1" 200 1036
186.103.159.189 - - [30/May/2022:17:32:51 -0300] "GET /cormun/servlet/trpermisosadjuntos?8510071,20220530080348,P, HTTP/1.1" 200 6808
186.103.159.189 - - [30/May/2022:17:32:52 -0300] "GET /cormun/servlet/trpermisosadjuntos?8510071,20220530080348,P, HTTP/1.1" 200 6803
186.67.172.234 - - [30/May/2022:17:32:53 -0300] "GET /cormun/servlet/solicitudot?f4dcfeb0176e0083615632a6d3262977c9898274d10781fd8e0c937cc8775635,gx-no-cache=1653941978967 HTTP/1.1" 200 51
190.171.149.74 - - [30/May/2022:17:32:55 -0300] "POST /cormun/servlet/solicitudot?gx-no-cache=1653941982135 HTTP/1.1" 200 3960
190.171.149.74 - - [30/May/2022:17:32:55 -0300] "POST /cormun/servlet/solicitudot?0cf56f2e7ba51432d8ec7ee63f8a5ff6,INS,0,0,false,,gx-no-cache=1653941982307 HTTP/1.1" 200 12507
190.171.149.74 - - [30/May/2022:17:32:58 -0300] "GET /cormun/servlet/solicitudot?c068b8d14fdb53c628e25277d9fb65e09e797866e30c64e876f68c82df6bc37f60b8089d74e5d0aa6301ca45091f9b13,gx-no-cache=1653941985261 HTTP/1.1" 200 30
190.171.149.74 - - [30/May/2022:17:32:58 -0300] "GET /cormun/servlet/solicitudot?c068b8d14fdb53c628e25277d9fb65e0a84dd9d772ca8c75628020f1ffd6b9e865ee93e6ac840c4422f5c2a795c1b450,gx-no-cache=1653941985316 HTTP/1.1" 200 30
190.171.149.74 - - [30/May/2022:17:32:58 -0300] "GET /cormun/servlet/solicitudot?c068b8d14fdb53c628e25277d9fb65e0b3b00721825d789812f5161243f7a7e9,gx-no-cache=1653941985337 HTTP/1.1" 200 51
190.171.149.74 - - [30/May/2022:17:32:58 -0300] "POST /cormun/servlet/solicitudot?gx-no-cache=1653941985362 HTTP/1.1" 200 255
190.171.149.74 - - [30/May/2022:17:32:58 -0300] "GET /cormun/servlet/solicitudot?c068b8d14fdb53c628e25277d9fb65e02c7812e504a34ef6aa6e80c9abe3e40957cbcc7a27a002fc8345af1073a81e5c4c4bb47edc0423460f56b0aa0509747629816682a01e42b693d5d683a39623f301ab2f0fea72ba04175679a999aa49eb1a3f4b15b21e648ba5d7659fd92c45eed64497dbc2cf3af91f72138a6df831e832e62ec79f807c9d7a95ab30b92edeec25c464ee8f77dcca41a4c9019b685f88fdfeb06d49283638c2c7fd720094f188d27ffda697698df7153b258eadb722bcd8cce41f57f1fb1e79fb3094f93d43b7fea25180dfe8186743c5dccecb888e36d8f327c6f738e93eb012da7d2338f8c5dca7cd6685a20d442512f44dc66a943b924f5ecd75a932d762b78632af46a4be06e1130a1ade3a6e11b74cca31e32b133de054c1af8aa0e3d4b8d7b17e026c2c2d10fa37e0213c6dbeab917987b316df1db5cf444c791d801851d278608d09fde946e9dd033cacd165fa2932b4b52dcd6b2219fd98675905f62e7e8e9cdcb8a4824050e6a8a346183232ffc1bdd1c3eb,gx-no-cache=1653941985390 HTTP/1.1" 200 30
190.171.149.74 - - [30/May/2022:17:33:00 -0300] "POST /cormun/servlet/solicitudot?gx-no-cache=1653941987152 HTTP/1.1" 200 30
190.171.149.74 - - [30/May/2022:17:33:02 -0300] "GET /cormun/servlet/prcontratosol?17523103,,,,,MD,,gxPopupLevel%3D0%3B HTTP/1.1" 200 8648
190.171.149.74 - - [30/May/2022:17:33:04 -0300] "POST /cormun/servlet/solicitudot?gx-no-cache=1653941991249 HTTP/1.1" 200 1454
190.171.149.74 - - [30/May/2022:17:33:04 -0300] "POST /cormun/servlet/solicitudot?gx-no-cache=1653941991280 HTTP/1.1" 200 38
190.171.149.74 - - [30/May/2022:17:33:04 -0300] "GET /cormun/servlet/solicitudot?c068b8d14fdb53c628e25277d9fb65e0cd477fcc5d294fa9aa0fc03aa8ece1c31850e1c5c1f95e5dbfdb9936a9456b698d11beb4cd21c466770c355822fb21aaf0b7d951b7dd05fc8e602ffc9ee0fe20387c3092856f002b4551ba997c3a56fe7568bad65c0c99ab4708afdb15addab4,gx-no-cache=1653941991302 HTTP/1.1" 200 110
190.171.149.74 - - [30/May/2022:17:33:04 -0300] "POST /cormun/servlet/solicitudot?gx-no-cache=1653941991330 HTTP/1.1" 200 110
190.171.149.74 - - [30/May/2022:17:33:04 -0300] "GET /cormun/servlet/solicitudot?c068b8d14fdb53c628e25277d9fb65e00780e4a8a694d9a469f47ca85e05fa7a9a52a14d9db9cc136b4f640b925012a0647d756e809d1e0cb069dc22ef9b87fc2549621135bc112235eb8988a628155115fc6126c19c7d51ec03bdbce833af5d0ca5a5d74dd8338736efdc1b54ce42a45210550fc1867b91d14514ac7f2c31bd5e3af9d6794fbcd66c413db4c9e87d321c24a93147755553529457c70599d44b,gx-no-cache=1653941991366 HTTP/1.1" 200 29
190.171.149.74 - - [30/May/2022:17:33:04 -0300] "GET /cormun/servlet/solicitudot?c068b8d14fdb53c628e25277d9fb65e05d1f71ea120ad1c2c174eda33ad6ba7925dadfe192a4183c2558a85e57119902,gx-no-cache=1653941991392 HTTP/1.1" 200 134
190.171.149.74 - - [30/May/2022:17:33:04 -0300] "GET /cormun/static/Shared/jqueryui/images/ui-bg_highlight-soft_100_c6c2c8_1x100.png HTTP/1.1" 404 1117
190.171.149.74 - - [30/May/2022:17:33:04 -0300] "GET /cormun/static/Shared/jqueryui/images/ui-icons_82798d_256x240.png HTTP/1.1" 404 1089
