192.168.10.96 - - [30/May/2022:12:58:03 -0300] "GET /cormun/pexe_scrolldiv.js HTTP/1.1" 404 1009
192.168.10.96 - - [30/May/2022:12:58:03 -0300] "GET /cormun/servlet/vesolicitudgral?2022,18781,, HTTP/1.1" 200 8377
192.168.10.96 - - [30/May/2022:12:58:08 -0300] "GET /cormun/servlet/trsolicitudgral? HTTP/1.1" 200 9677
192.168.10.96 - - [30/May/2022:12:58:08 -0300] "GET /cormun/servlet/trsolicitudgral? HTTP/1.1" 200 9672
192.168.10.96 - - [30/May/2022:12:58:19 -0300] "POST /cormun/servlet/trsolicitudgral?0f97b81fa6445c1e90ae7faba10ae0b2,,gx-no-cache=1653925332327 HTTP/1.1" 200 6633
192.168.10.96 - - [30/May/2022:12:58:24 -0300] "POST /cormun/servlet/trsolicitudgral?0f97b81fa6445c1e90ae7faba10ae0b2,,gx-no-cache=1653925337573 HTTP/1.1" 200 5257
192.168.10.96 - - [30/May/2022:12:58:31 -0300] "POST /cormun/servlet/trsolicitudgral?0f97b81fa6445c1e90ae7faba10ae0b2,,gx-no-cache=1653925344141 HTTP/1.1" 200 9055
192.168.10.96 - - [30/May/2022:12:58:50 -0300] "POST /cormun/servlet/trsolicitudgral?0f97b81fa6445c1e90ae7faba10ae0b2,,gx-no-cache=1653925363455 HTTP/1.1" 200 6654
192.168.10.96 - - [30/May/2022:12:58:55 -0300] "GET /cormun/servlet/vesolicitudgral?2022,18705,, HTTP/1.1" 200 8408
192.168.10.96 - - [30/May/2022:12:58:55 -0300] "GET /cormun/pexe_scrolldiv.js HTTP/1.1" 404 1009
192.168.10.96 - - [30/May/2022:12:58:55 -0300] "GET /cormun/servlet/vesolicitudgral?2022,18705,, HTTP/1.1" 200 8407
192.168.10.96 - - [30/May/2022:12:59:00 -0300] "GET /cormun/servlet/trsolicitudgral? HTTP/1.1" 200 9691
192.168.10.96 - - [30/May/2022:12:59:00 -0300] "GET /cormun/servlet/trsolicitudgral? HTTP/1.1" 200 9686
190.171.141.106 - - [30/May/2022:12:59:04 -0300] "POST /cormun/servlet/solicitudot?gx-no-cache=1653922057143 HTTP/1.1" 200 3850
190.171.141.106 - - [30/May/2022:12:59:04 -0300] "POST /cormun/servlet/solicitudot?8801ff001f1473f9adc7e82ad1723dff,INS,0,0,false,,gx-no-cache=1653922057344 HTTP/1.1" 200 12674
192.168.10.96 - - [30/May/2022:12:59:09 -0300] "POST /cormun/servlet/trsolicitudgral?0f97b81fa6445c1e90ae7faba10ae0b2,,gx-no-cache=1653925382552 HTTP/1.1" 200 8421
190.171.141.106 - - [30/May/2022:12:59:15 -0300] "GET /cormun/servlet/solicitudot?fee34f56455df8ab97022d7bbc823df33f5a16dc311a4fbb0c28c4cb800282433f0539850a34149126b504e130aaafd2,gx-no-cache=1653922067768 HTTP/1.1" 200 30
192.168.10.96 - - [30/May/2022:12:59:37 -0300] "GET /cormun/servlet/vesolicitudgral?2022,18625,, HTTP/1.1" 200 8395
192.168.10.96 - - [30/May/2022:12:59:37 -0300] "GET /cormun/pexe_scrolldiv.js HTTP/1.1" 404 1009
192.168.10.96 - - [30/May/2022:12:59:37 -0300] "GET /cormun/servlet/vesolicitudgral?2022,18625,, HTTP/1.1" 200 8395
192.168.10.96 - - [30/May/2022:12:59:42 -0300] "GET /cormun/servlet/trsolicitudgral? HTTP/1.1" 200 11388
192.168.10.96 - - [30/May/2022:12:59:42 -0300] "GET /cormun/servlet/trsolicitudgral? HTTP/1.1" 200 11384
200.54.103.162 - - [30/May/2022:13:01:57 -0300] "GET /cormun/servlet/hlogin HTTP/1.1" 200 1724
190.171.141.106 - - [30/May/2022:13:02:25 -0300] "GET /cormun/servlet/solicitudot?fee34f56455df8ab97022d7bbc823df36a20bf91347be9ff146aeb6fbae16b7ad8978b00938efa5dca5a0a54e412318d3f0539850a34149126b504e130aaafd2,gx-no-cache=1653922258560 HTTP/1.1" 200 30
190.171.141.106 - - [30/May/2022:13:02:28 -0300] "GET /cormun/servlet/solicitudot?fee34f56455df8ab97022d7bbc823df34b798216e2d1a813e59006545c067f9d,gx-no-cache=1653922261546 HTTP/1.1" 200 53
200.54.103.162 - - [30/May/2022:13:02:43 -0300] "GET /cormun/servlet/hlogin HTTP/1.1" 200 1735
200.54.103.162 - - [30/May/2022:13:02:54 -0300] "POST /cormun/servlet/hlogin?c05d217a2b6891c850887a1f70557e6a,gx-no-cache=1653925781086 HTTP/1.1" 200 90
200.54.103.162 - - [30/May/2022:13:02:54 -0300] "GET /cormun/servlet/hpexe_link HTTP/1.1" 200 951
200.54.103.162 - - [30/May/2022:13:02:55 -0300] "GET /cormun/servlet/hhome HTTP/1.1" 200 4340
200.54.103.162 - - [30/May/2022:13:02:56 -0300] "GET /cormun/servlet/hhome HTTP/1.1" 200 4336
200.54.103.162 - - [30/May/2022:13:04:25 -0300] "GET /cormun/servlet/trsolicitudot? HTTP/1.1" 200 7559
200.54.103.162 - - [30/May/2022:13:04:25 -0300] "GET /cormun/static/gxui/gxui-all.css?110300 HTTP/1.1" 200 2179
200.54.103.162 - - [30/May/2022:13:04:25 -0300] "GET /cormun/static/calendar-system.css?75620 HTTP/1.1" 200 5572
200.54.103.162 - - [30/May/2022:13:04:25 -0300] "GET /cormun/static/gxcfg.js?201991910464971 HTTP/1.1" 200 953
200.54.103.162 - - [30/May/2022:13:04:25 -0300] "GET /cormun/static/trsolicitudot.js?201991910465845 HTTP/1.1" 200 54041
200.54.103.162 - - [30/May/2022:13:04:26 -0300] "GET /cormun/static/Shared/ext/resources/css/ext-all.css?205870 HTTP/1.1" 200 416045
200.54.103.162 - - [30/May/2022:13:04:26 -0300] "GET /cormun/servlet/trsolicitudot? HTTP/1.1" 200 7557
186.103.157.98 - - [30/May/2022:13:04:28 -0300] "GET /cormun/servlet/hlogin HTTP/1.1" 200 1729
186.103.157.98 - - [30/May/2022:13:04:29 -0300] "GET /cormun/servlet/hlogin HTTP/1.1" 200 1739
186.103.157.98 - - [30/May/2022:13:04:29 -0300] "GET /cormun/static/Resources/indicator.gif HTTP/1.1" 200 1553
186.103.157.98 - - [30/May/2022:13:04:29 -0300] "GET /cormun/static/Resources/indicator.gif HTTP/1.1" 200 1553
186.103.157.98 - - [30/May/2022:13:04:37 -0300] "POST /cormun/servlet/hlogin?2ada82df7c754f2eefef300c3ed05f11,gx-no-cache=1653926252276 HTTP/1.1" 200 90
186.103.157.98 - - [30/May/2022:13:04:37 -0300] "GET /cormun/servlet/hpexe_link HTTP/1.1" 200 954
186.103.157.98 - - [30/May/2022:13:04:38 -0300] "GET /cormun/servlet/hhome HTTP/1.1" 200 4231
186.103.157.98 - - [30/May/2022:13:04:38 -0300] "GET /cormun/servlet/hhome HTTP/1.1" 200 4229
190.171.141.106 - - [30/May/2022:13:04:42 -0300] "POST /cormun/servlet/solicitudot?gx-no-cache=1653922395276 HTTP/1.1" 200 255
186.103.157.98 - - [30/May/2022:13:04:46 -0300] "GET /cormun/servlet/trlicencias? HTTP/1.1" 200 11274
190.171.141.106 - - [30/May/2022:13:04:46 -0300] "GET /cormun/servlet/solicitudot?fee34f56455df8ab97022d7bbc823df3af03dfad1d4dcbda3354a07d8c59817816bc5ac139d69a99d77b572255b326f12c6c8f8e5b453f66df5d29d42cdf8f7abdef1ad5629bdc3ce3e75a51b07df110db2520745c99ddc0a069c75931f030d7d3e6ce32a15e6b3d08587a88809e3758942233e797631a1287a00f8dfbfbd4a5fc0cd05d4f60be60f7552ef4df20a2637a00680fc6f462325952c8b7cabae21c7fd3ca1a9e10528eefb76d7e7b414119e0a90fbbbee5b8977c7020151cb0ceaf8ed3c0fda464fa1154934e808e4ca8b3badb1dd45a8a2bb79bbd505538eb50d9098e39eef792400d21ef92bcbece3593481b6906ae6fecbce9ce32fb9a81bbbac7727cde8914d65c8c0197263935637df4c9b27c18f92dbdea660f3e352dd3a2c9e4fbf290202ff7953fe533689d0d43453542a107e76387dad23a9f6db9b621953c18ad165e56b74c979f69e1510b622581752154fea63ed6763bc022481e3c73d970df5454415b9f367d861fe0428474cacb62be20813cb3d0ddbfbcefed2e,gx-no-cache=1653922398963 HTTP/1.1" 200 30
186.103.157.98 - - [30/May/2022:13:04:46 -0300] "GET /cormun/servlet/trlicencias? HTTP/1.1" 200 11272
190.171.141.106 - - [30/May/2022:13:04:53 -0300] "POST /cormun/servlet/solicitudot?gx-no-cache=1653922405632 HTTP/1.1" 200 30
192.168.10.96 - - [30/May/2022:13:04:54 -0300] "GET /cormun/servlet/vesolicitudgral?2022,18629,, HTTP/1.1" 200 8391
192.168.10.96 - - [30/May/2022:13:04:54 -0300] "GET /cormun/pexe_scrolldiv.js HTTP/1.1" 404 1009
192.168.10.96 - - [30/May/2022:13:04:54 -0300] "GET /cormun/servlet/vesolicitudgral?2022,18629,, HTTP/1.1" 200 8390
190.171.141.106 - - [30/May/2022:13:04:56 -0300] "POST /cormun/servlet/solicitudot?gx-no-cache=1653922409299 HTTP/1.1" 200 1452
190.171.141.106 - - [30/May/2022:13:04:56 -0300] "POST /cormun/servlet/solicitudot?gx-no-cache=1653922409358 HTTP/1.1" 200 38
192.168.10.96 - - [30/May/2022:13:04:57 -0300] "POST /cormun/servlet/vesolicitudgral?0f97b81fa6445c1e90ae7faba10ae0b2,2022,18629,,,gx-no-cache=1653925730203 HTTP/1.1" 200 12084
192.168.10.96 - - [30/May/2022:13:04:57 -0300] "GET /cormun/static/Shared/jqueryui/images/ui-bg_highlight-soft_100_c6c2c8_1x100.png HTTP/1.1" 404 1117
192.168.10.96 - - [30/May/2022:13:04:57 -0300] "GET /cormun/static/Shared/jqueryui/images/ui-icons_8d78a5_256x240.png HTTP/1.1" 404 1089
192.168.10.96 - - [30/May/2022:13:04:57 -0300] "GET /cormun/static/Shared/jqueryui/images/ui-icons_82798d_256x240.png HTTP/1.1" 404 1089
192.168.10.96 - - [30/May/2022:13:04:57 -0300] "GET /cormun/static/Shared/jqueryui/images/ui-bg_flat_55_fafafa_40x100.png HTTP/1.1" 404 1097
192.168.10.96 - - [30/May/2022:13:04:57 -0300] "POST /cormun/servlet/vesolicitudgral?0f97b81fa6445c1e90ae7faba10ae0b2,2022,18629,,,gx-no-cache=1653925730426 HTTP/1.1" 200 12017
192.168.10.96 - - [30/May/2022:13:04:59 -0300] "GET /cormun/servlet/trsolicitudgral? HTTP/1.1" 200 11022
192.168.10.96 - - [30/May/2022:13:04:59 -0300] "GET /cormun/servlet/trsolicitudgral? HTTP/1.1" 200 11018
192.168.10.96 - - [30/May/2022:13:05:06 -0300] "GET /cormun/servlet/vesolicitudgral?2022,18741,, HTTP/1.1" 200 8359
192.168.10.96 - - [30/May/2022:13:05:06 -0300] "GET /cormun/pexe_scrolldiv.js HTTP/1.1" 404 1009
192.168.10.96 - - [30/May/2022:13:05:06 -0300] "GET /cormun/servlet/vesolicitudgral?2022,18741,, HTTP/1.1" 200 8359
192.168.10.96 - - [30/May/2022:13:05:32 -0300] "POST /cormun/servlet/vesolicitudgral?0f97b81fa6445c1e90ae7faba10ae0b2,2022,18741,,,gx-no-cache=1653925765740 HTTP/1.1" 200 12074
192.168.10.96 - - [30/May/2022:13:05:32 -0300] "GET /cormun/static/Shared/jqueryui/images/ui-bg_highlight-soft_100_c6c2c8_1x100.png HTTP/1.1" 404 1117
192.168.10.96 - - [30/May/2022:13:05:32 -0300] "GET /cormun/static/Shared/jqueryui/images/ui-bg_flat_55_fafafa_40x100.png HTTP/1.1" 404 1097
192.168.10.96 - - [30/May/2022:13:05:32 -0300] "GET /cormun/static/Shared/jqueryui/images/ui-icons_8d78a5_256x240.png HTTP/1.1" 404 1089
192.168.10.96 - - [30/May/2022:13:05:32 -0300] "GET /cormun/static/Shared/jqueryui/images/ui-icons_82798d_256x240.png HTTP/1.1" 404 1089
192.168.10.96 - - [30/May/2022:13:05:32 -0300] "POST /cormun/servlet/vesolicitudgral?0f97b81fa6445c1e90ae7faba10ae0b2,2022,18741,,,gx-no-cache=1653925765921 HTTP/1.1" 200 12008
192.168.10.96 - - [30/May/2022:13:05:34 -0300] "GET /cormun/servlet/trsolicitudgral? HTTP/1.1" 200 10664
192.168.10.96 - - [30/May/2022:13:05:34 -0300] "GET /cormun/servlet/trsolicitudgral? HTTP/1.1" 200 10659
192.168.10.96 - - [30/May/2022:13:05:39 -0300] "GET /cormun/servlet/vesolicitudgral?2022,18756,, HTTP/1.1" 200 8337
192.168.10.96 - - [30/May/2022:13:05:39 -0300] "GET /cormun/pexe_scrolldiv.js HTTP/1.1" 404 1009
192.168.10.96 - - [30/May/2022:13:05:39 -0300] "GET /cormun/servlet/vesolicitudgral?2022,18756,, HTTP/1.1" 200 8337
190.171.141.106 - - [30/May/2022:13:05:52 -0300] "GET /cormun/servlet/solicitudot?fee34f56455df8ab97022d7bbc823df3fd659998976ba94f695876689ac3b539b838afb76dd93512f06e476d02a53cfb7ed917bd0d21ee52202fb38c348164042c2d6e7c17ba37b0877400236249e6aac7417f77f12963761dc23e18711ef2123ecbdbd9a527560dc1721a251d633383,gx-no-cache=1653922465402 HTTP/1.1" 200 110
192.168.10.96 - - [30/May/2022:13:05:57 -0300] "POST /cormun/servlet/vesolicitudgral?0f97b81fa6445c1e90ae7faba10ae0b2,2022,18756,,,gx-no-cache=1653925790782 HTTP/1.1" 200 12091
192.168.10.96 - - [30/May/2022:13:05:57 -0300] "GET /cormun/static/Shared/jqueryui/images/ui-bg_highlight-soft_100_c6c2c8_1x100.png HTTP/1.1" 404 1117
192.168.10.96 - - [30/May/2022:13:05:57 -0300] "GET /cormun/static/Shared/jqueryui/images/ui-icons_8d78a5_256x240.png HTTP/1.1" 404 1089
192.168.10.96 - - [30/May/2022:13:05:57 -0300] "GET /cormun/static/Shared/jqueryui/images/ui-icons_82798d_256x240.png HTTP/1.1" 404 1089
192.168.10.96 - - [30/May/2022:13:05:57 -0300] "GET /cormun/static/Shared/jqueryui/images/ui-bg_flat_55_fafafa_40x100.png HTTP/1.1" 404 1097
192.168.10.96 - - [30/May/2022:13:05:58 -0300] "POST /cormun/servlet/vesolicitudgral?0f97b81fa6445c1e90ae7faba10ae0b2,2022,18756,,,gx-no-cache=1653925790987 HTTP/1.1" 200 12023
192.168.10.96 - - [30/May/2022:13:05:59 -0300] "GET /cormun/servlet/trsolicitudgral? HTTP/1.1" 200 10175
192.168.10.96 - - [30/May/2022:13:05:59 -0300] "GET /cormun/servlet/trsolicitudgral? HTTP/1.1" 200 10169
192.168.10.96 - - [30/May/2022:13:06:04 -0300] "POST /cormun/servlet/trsolicitudgral?0f97b81fa6445c1e90ae7faba10ae0b2,,gx-no-cache=1653925796892 HTTP/1.1" 200 7057
190.171.141.106 - - [30/May/2022:13:06:06 -0300] "POST /cormun/servlet/solicitudot?gx-no-cache=1653922479556 HTTP/1.1" 200 110
192.168.10.96 - - [30/May/2022:13:06:10 -0300] "GET /cormun/servlet/vesolicitudgral?2022,18779,, HTTP/1.1" 200 8370
192.168.10.96 - - [30/May/2022:13:06:10 -0300] "GET /cormun/pexe_scrolldiv.js HTTP/1.1" 404 1009
192.168.10.96 - - [30/May/2022:13:06:10 -0300] "GET /cormun/servlet/vesolicitudgral?2022,18779,, HTTP/1.1" 200 8369
192.168.10.96 - - [30/May/2022:13:06:14 -0300] "GET /cormun/servlet/trsolicitudgral? HTTP/1.1" 200 10093
192.168.10.96 - - [30/May/2022:13:06:14 -0300] "GET /cormun/servlet/trsolicitudgral? HTTP/1.1" 200 10088
192.168.10.96 - - [30/May/2022:13:06:17 -0300] "GET /cormun/servlet/vesolicitudgral?2022,18779,, HTTP/1.1" 200 8370
192.168.10.96 - - [30/May/2022:13:06:17 -0300] "GET /cormun/pexe_scrolldiv.js HTTP/1.1" 404 1009
192.168.10.96 - - [30/May/2022:13:06:17 -0300] "GET /cormun/servlet/vesolicitudgral?2022,18779,, HTTP/1.1" 200 8369
190.171.149.74 - - [30/May/2022:13:06:30 -0300] "POST /cormun/servlet/trlicencias?bbe5652b9bb03d8e6cdcdccb48a0616b,gx-no-cache=1653925997047 HTTP/1.1" 440 972
190.171.149.74 - - [30/May/2022:13:06:31 -0300] "GET /cormun/servlet/trlicencias HTTP/1.1" 200 6041
190.171.149.74 - - [30/May/2022:13:06:32 -0300] "GET /cormun/servlet/hlogin HTTP/1.1" 200 1741
190.171.149.74 - - [30/May/2022:13:06:32 -0300] "GET /cormun/servlet/trlicencias HTTP/1.1" 200 6041
192.168.10.96 - - [30/May/2022:13:06:38 -0300] "GET /cormun/servlet/trsolicitudgral? HTTP/1.1" 200 10089
192.168.10.96 - - [30/May/2022:13:06:39 -0300] "GET /cormun/servlet/trsolicitudgral? HTTP/1.1" 200 10088
186.103.157.98 - - [30/May/2022:13:06:57 -0300] "GET /cormun/servlet/hlogin HTTP/1.1" 200 1745
192.168.10.96 - - [30/May/2022:13:07:12 -0300] "POST /cormun/servlet/trsolicitudgral?0f97b81fa6445c1e90ae7faba10ae0b2,,gx-no-cache=1653925865613 HTTP/1.1" 200 6666
192.168.10.96 - - [30/May/2022:13:07:21 -0300] "POST /cormun/servlet/trsolicitudgral?0f97b81fa6445c1e90ae7faba10ae0b2,,gx-no-cache=1653925874378 HTTP/1.1" 200 5257
192.168.10.96 - - [30/May/2022:13:07:24 -0300] "POST /cormun/servlet/trsolicitudgral?0f97b81fa6445c1e90ae7faba10ae0b2,,gx-no-cache=1653925877810 HTTP/1.1" 200 5258
190.171.142.26 - - [30/May/2022:13:07:29 -0300] "GET /cormun/servlet/hlogin HTTP/1.1" 200 1726
192.168.10.96 - - [30/May/2022:13:07:29 -0300] "POST /cormun/servlet/trsolicitudgral?0f97b81fa6445c1e90ae7faba10ae0b2,,gx-no-cache=1653925882163 HTTP/1.1" 200 8887
190.171.142.26 - - [30/May/2022:13:07:36 -0300] "POST /cormun/servlet/hlogin?c01e6d82cbdc316fd04654230b599ebf,gx-no-cache=1653926062066 HTTP/1.1" 200 90
190.171.142.26 - - [30/May/2022:13:07:36 -0300] "GET /cormun/servlet/hpexe_link HTTP/1.1" 200 955
190.171.142.26 - - [30/May/2022:13:07:36 -0300] "GET /cormun/servlet/hhome HTTP/1.1" 200 3974
190.171.142.26 - - [30/May/2022:13:07:36 -0300] "GET /cormun/servlet/hhome HTTP/1.1" 200 3970
190.171.142.26 - - [30/May/2022:13:07:39 -0300] "GET /cormun/servlet/trlicencias? HTTP/1.1" 200 16713
190.171.142.26 - - [30/May/2022:13:07:40 -0300] "GET /cormun/servlet/trlicencias? HTTP/1.1" 200 16710
190.171.142.50 - - [30/May/2022:13:08:51 -0300] "GET /cormun/servlet/trpermisosgoce? HTTP/1.1" 200 6031
190.171.142.50 - - [30/May/2022:13:08:51 -0300] "GET /cormun/servlet/hlogin HTTP/1.1" 200 1748
190.171.142.50 - - [30/May/2022:13:08:51 -0300] "GET /cormun/servlet/trpermisosgoce? HTTP/1.1" 200 6029
190.171.141.138 - - [30/May/2022:13:08:55 -0300] "POST /cormun/servlet/trlicencias?d28c91eee71fcf3b62c0690e6fc79eba,,gx-no-cache=1653926142525 HTTP/1.1" 440 972
190.171.141.138 - - [30/May/2022:13:08:57 -0300] "GET /cormun/servlet/trlicencias? HTTP/1.1" 200 6044
190.171.141.138 - - [30/May/2022:13:08:57 -0300] "GET /cormun/servlet/hlogin HTTP/1.1" 200 1745
190.171.141.138 - - [30/May/2022:13:08:57 -0300] "GET /cormun/servlet/trlicencias? HTTP/1.1" 200 6044
190.171.141.138 - - [30/May/2022:13:08:59 -0300] "POST /cormun/servlet/hlogin?cc0dfdc1fc80f10b298f4c00028a1aba,gx-no-cache=1653926146167 HTTP/1.1" 200 90
190.171.141.138 - - [30/May/2022:13:08:59 -0300] "GET /cormun/servlet/hpexe_link HTTP/1.1" 200 959
190.171.141.138 - - [30/May/2022:13:08:59 -0300] "GET /cormun/servlet/trlicencias HTTP/1.1" 200 12838
190.171.141.138 - - [30/May/2022:13:09:00 -0300] "GET /cormun/servlet/trlicencias HTTP/1.1" 200 12836
190.171.142.50 - - [30/May/2022:13:09:00 -0300] "POST /cormun/servlet/hlogin?7341a6726c856f6e0a0630467b2a177c,gx-no-cache=1653928478950 HTTP/1.1" 200 90
190.171.142.50 - - [30/May/2022:13:09:00 -0300] "GET /cormun/servlet/hpexe_link HTTP/1.1" 200 960
190.171.142.50 - - [30/May/2022:13:09:00 -0300] "GET /cormun/servlet/trpermisosgoce HTTP/1.1" 200 11664
190.171.142.50 - - [30/May/2022:13:09:00 -0300] "GET /cormun/servlet/trpermisosgoce HTTP/1.1" 200 11660
186.67.172.234 - - [30/May/2022:13:09:01 -0300] "POST /cormun/servlet/trlicencias?53c77d47dcd0cce99420ebb243f9353a,gx-no-cache=1653926146673 HTTP/1.1" 200 15345
190.171.142.50 - - [30/May/2022:13:09:05 -0300] "GET /cormun/servlet/trpermisosadjuntos?19591705,20220526092704,P, HTTP/1.1" 200 6271
190.171.141.106 - - [30/May/2022:13:09:05 -0300] "POST /cormun/servlet/solicitudot?gx-no-cache=1653922658098 HTTP/1.1" 200 297
190.171.142.50 - - [30/May/2022:13:09:05 -0300] "GET /cormun/servlet/trpermisosadjuntos?19591705,20220526092704,P, HTTP/1.1" 200 6272
190.171.141.138 - - [30/May/2022:13:09:06 -0300] "POST /cormun/servlet/trlicencias?cc0dfdc1fc80f10b298f4c00028a1aba,gx-no-cache=1653926153078 HTTP/1.1" 200 10199
190.171.141.138 - - [30/May/2022:13:09:06 -0300] "GET /cormun/static/Shared/jqueryui/images/ui-bg_highlight-soft_100_c6c2c8_1x100.png HTTP/1.1" 404 1117
190.171.141.138 - - [30/May/2022:13:09:06 -0300] "GET /cormun/static/Shared/jqueryui/images/ui-icons_82798d_256x240.png HTTP/1.1" 404 1089
190.171.141.138 - - [30/May/2022:13:09:06 -0300] "GET /cormun/static/Shared/jqueryui/images/ui-bg_flat_55_fafafa_40x100.png HTTP/1.1" 404 1097
190.171.141.138 - - [30/May/2022:13:09:06 -0300] "GET /cormun/static/Shared/jqueryui/images/ui-icons_8d78a5_256x240.png HTTP/1.1" 404 1089
190.171.142.50 - - [30/May/2022:13:09:07 -0300] "GET /cormun/servlet/permisosadjuntos?INS,19591705,P,20220526092704,, HTTP/1.1" 200 5589
190.171.142.50 - - [30/May/2022:13:09:07 -0300] "GET /cormun/static/about:blank HTTP/1.1" 404 1011
190.171.142.50 - - [30/May/2022:13:09:07 -0300] "GET /cormun/servlet/permisosadjuntos?INS,19591705,P,20220526092704,, HTTP/1.1" 200 5579
190.171.141.138 - - [30/May/2022:13:09:09 -0300] "GET /cormun/servlet/licenciaspermisos?DSP,18015264,L,20220523000000, HTTP/1.1" 200 7600
190.171.141.138 - - [30/May/2022:13:09:09 -0300] "GET /cormun/static/gxcfg.js?202012153173 HTTP/1.1" 200 953
190.171.141.138 - - [30/May/2022:13:09:09 -0300] "GET /cormun/static/licenciaspermisos.js?2020121532136 HTTP/1.1" 200 38824
190.171.141.138 - - [30/May/2022:13:09:09 -0300] "GET /cormun/servlet/licenciaspermisos?DSP,18015264,L,20220523000000, HTTP/1.1" 200 7619
190.171.141.106 - - [30/May/2022:13:09:15 -0300] "GET /cormun/servlet/solicitudot?fee34f56455df8ab97022d7bbc823df3af03dfad1d4dcbda3354a07d8c59817808bc56d51e60ef6bf3792cb1a781471e2c6c8f8e5b453f66df5d29d42cdf8f7abdef1ad5629bdc3ce3e75a51b07df110db2520745c99ddc0a069c75931f030d7d3e6ce32a15e6b3d08587a88809e3758942233e797631a1287a00f8dfbfbd4a5fc0cd05d4f60be60f7552ef4df20a2637a00680fc6f462325952c8b7cabae21c7fd3ca1a9e10528eefb76d7e7b414119e0a90fbbbee5b8977c7020151cb0ceaf8ed3c0fda464fa1154934e808e4ca8b3badb1dd45a8a2bb79bbd505538eb50d9098e39eef792400d21ef92bcbece359367a1bd03865db5ddf4cbfe1b44e71254c7727cde8914d65c8c0197263935637d6110bcc758fa499ddf5de5da3f76c6fd7fd66dc80b1bd1c3e7cff25ca4d93c28e8716d2601ea7cd4f7e759503b3a3479aa61d20610119a28583a96d74439b3e0a1daad048d55372654dac741d923fcfeb70191f0b6e1e9c240fd8b097265335ce1b645b5b2466aaae7fccf7a6e01db7af3229a21b71078fc08b0deea6cb12ffe,gx-no-cache=1653922668127 HTTP/1.1" 200 30
190.171.141.106 - - [30/May/2022:13:09:15 -0300] "POST /cormun/servlet/solicitudot?gx-no-cache=1653922668154 HTTP/1.1" 200 30
190.171.141.106 - - [30/May/2022:13:09:15 -0300] "POST /cormun/servlet/solicitudot?gx-no-cache=1653922668189 HTTP/1.1" 200 1454
190.171.141.106 - - [30/May/2022:13:09:15 -0300] "POST /cormun/servlet/solicitudot?gx-no-cache=1653922668242 HTTP/1.1" 200 38
190.171.141.106 - - [30/May/2022:13:09:15 -0300] "GET /cormun/servlet/solicitudot?fee34f56455df8ab97022d7bbc823df3fd659998976ba94f695876689ac3b539b838afb76dd93512f06e476d02a53cfb7ed917bd0d21ee52202fb38c348164042c2d6e7c17ba37b0877400236249e6aac7417f77f12963761dc23e18711ef2123ecbdbd9a527560dc1721a251d633383,gx-no-cache=1653922668263 HTTP/1.1" 200 110
190.171.141.106 - - [30/May/2022:13:09:15 -0300] "POST /cormun/servlet/solicitudot?gx-no-cache=1653922668288 HTTP/1.1" 200 110
200.54.107.2 - - [30/May/2022:13:09:17 -0300] "POST /cormun/servlet/trlicencias?acecf94ec4d1360378d7b43663e0a7c6,,gx-no-cache=1653926163221 HTTP/1.1" 440 972
190.171.142.50 - - [30/May/2022:13:09:17 -0300] "POST /cormun/servlet/permisosadjuntos?7341a6726c856f6e0a0630467b2a177c,INS,19591705,P,20220526092704,, HTTP/1.1" 200 116
190.171.142.50 - - [30/May/2022:13:09:17 -0300] "GET /cormun/servlet/hpexe_return? HTTP/1.1" 200 1041
190.171.142.50 - - [30/May/2022:13:09:18 -0300] "GET /cormun/servlet/trpermisosadjuntos?19591705,20220526092704,P, HTTP/1.1" 200 6749
190.171.142.50 - - [30/May/2022:13:09:18 -0300] "GET /cormun/servlet/trpermisosadjuntos?19591705,20220526092704,P, HTTP/1.1" 200 6745
190.171.142.50 - - [30/May/2022:13:09:20 -0300] "POST /cormun/servlet/trpermisosadjuntos?7341a6726c856f6e0a0630467b2a177c,19591705,20220526092704,P,,gx-no-cache=1653928499897 HTTP/1.1" 200 90
190.171.142.50 - - [30/May/2022:13:09:20 -0300] "GET /cormun/servlet/hpexe_link HTTP/1.1" 200 988
190.171.142.50 - - [30/May/2022:13:09:21 -0300] "GET /cormun/servlet/trpermisosgoce HTTP/1.1" 200 11662
190.171.142.50 - - [30/May/2022:13:09:21 -0300] "GET /cormun/servlet/trpermisosgoce HTTP/1.1" 200 11662
200.54.107.2 - - [30/May/2022:13:09:22 -0300] "GET /cormun/servlet/trlicencias? HTTP/1.1" 200 6040
200.54.107.2 - - [30/May/2022:13:09:22 -0300] "GET /cormun/servlet/hlogin HTTP/1.1" 200 1738
200.54.107.2 - - [30/May/2022:13:09:22 -0300] "GET /cormun/servlet/trlicencias? HTTP/1.1" 200 6040
190.171.141.138 - - [30/May/2022:13:09:23 -0300] "GET /cormun/servlet/trlicencias HTTP/1.1" 200 12838
190.171.141.138 - - [30/May/2022:13:09:23 -0300] "GET /cormun/servlet/trlicencias HTTP/1.1" 200 12836
190.171.142.50 - - [30/May/2022:13:09:23 -0300] "GET /cormun/servlet/trpermisosadjuntos?11143162,20220526093430,P, HTTP/1.1" 200 6266
190.171.142.50 - - [30/May/2022:13:09:24 -0300] "GET /cormun/servlet/trpermisosadjuntos?11143162,20220526093430,P, HTTP/1.1" 200 6266
190.171.141.106 - - [30/May/2022:13:09:24 -0300] "GET /cormun/servlet/solicitudot?fee34f56455df8ab97022d7bbc823df3f4f0bbc6c1bffaf6b333ff99e4c7ff403745f95fd71c421470e767e77be304a76278103d268ece8fa5ee697d28136074a2fe292fcbbbf99cf10472fe30ce739ed4e0e7805029a875abcc525304f6644e3d330ff55099a4ed1d4b12a8e4de84ef,gx-no-cache=1653922677488 HTTP/1.1" 200 29
190.171.142.50 - - [30/May/2022:13:09:25 -0300] "GET /cormun/servlet/permisosadjuntos?INS,11143162,P,20220526093430,, HTTP/1.1" 200 5589
190.171.142.50 - - [30/May/2022:13:09:25 -0300] "GET /cormun/static/about:blank HTTP/1.1" 404 1011
190.171.142.50 - - [30/May/2022:13:09:25 -0300] "GET /cormun/servlet/permisosadjuntos?INS,11143162,P,20220526093430,, HTTP/1.1" 200 5580
190.171.142.50 - - [30/May/2022:13:09:34 -0300] "POST /cormun/servlet/permisosadjuntos?7341a6726c856f6e0a0630467b2a177c,INS,11143162,P,20220526093430,, HTTP/1.1" 200 116
190.171.142.50 - - [30/May/2022:13:09:34 -0300] "GET /cormun/servlet/hpexe_return? HTTP/1.1" 200 1042
190.171.142.50 - - [30/May/2022:13:09:34 -0300] "GET /cormun/servlet/trpermisosadjuntos?11143162,20220526093430,P, HTTP/1.1" 200 6745
190.171.142.50 - - [30/May/2022:13:09:34 -0300] "GET /cormun/servlet/trpermisosadjuntos?11143162,20220526093430,P, HTTP/1.1" 200 6741
190.171.142.50 - - [30/May/2022:13:09:36 -0300] "POST /cormun/servlet/trpermisosadjuntos?7341a6726c856f6e0a0630467b2a177c,11143162,20220526093430,P,,gx-no-cache=1653928515600 HTTP/1.1" 200 90
190.171.142.50 - - [30/May/2022:13:09:36 -0300] "GET /cormun/servlet/hpexe_link HTTP/1.1" 200 988
190.171.142.50 - - [30/May/2022:13:09:36 -0300] "GET /cormun/servlet/trpermisosgoce HTTP/1.1" 200 11664
190.171.142.50 - - [30/May/2022:13:09:37 -0300] "GET /cormun/servlet/trpermisosgoce HTTP/1.1" 200 11662
190.171.141.106 - - [30/May/2022:13:09:38 -0300] "GET /cormun/servlet/solicitudot?fee34f56455df8ab97022d7bbc823df3c4334ca49981d8b1af4b130a87d5499d5d0a3ee20ea988007fffa0e21ec7793a,gx-no-cache=1653922690943 HTTP/1.1" 200 30
190.171.142.50 - - [30/May/2022:13:09:39 -0300] "GET /cormun/servlet/trpermisosadjuntos?16223523,20220525155433,P, HTTP/1.1" 200 6267
190.171.142.50 - - [30/May/2022:13:09:40 -0300] "GET /cormun/servlet/trpermisosadjuntos?16223523,20220525155433,P, HTTP/1.1" 200 6268
190.171.142.50 - - [30/May/2022:13:09:41 -0300] "GET /cormun/servlet/permisosadjuntos?INS,16223523,P,20220525155433,, HTTP/1.1" 200 5590
190.171.142.50 - - [30/May/2022:13:09:41 -0300] "GET /cormun/static/about:blank HTTP/1.1" 404 1011
190.171.142.50 - - [30/May/2022:13:09:41 -0300] "GET /cormun/servlet/permisosadjuntos?INS,16223523,P,20220525155433,, HTTP/1.1" 200 5580
200.54.107.2 - - [30/May/2022:13:09:45 -0300] "POST /cormun/servlet/hlogin?63edabe8f0d965ed206642ceb94188f5,gx-no-cache=1653926191065 HTTP/1.1" 200 90
200.54.107.2 - - [30/May/2022:13:09:45 -0300] "GET /cormun/servlet/hpexe_link HTTP/1.1" 200 955
200.54.107.2 - - [30/May/2022:13:09:45 -0300] "GET /cormun/servlet/trlicencias HTTP/1.1" 200 11276
200.54.107.2 - - [30/May/2022:13:09:46 -0300] "GET /cormun/servlet/trlicencias HTTP/1.1" 200 11274
190.171.142.50 - - [30/May/2022:13:09:51 -0300] "POST /cormun/servlet/permisosadjuntos?7341a6726c856f6e0a0630467b2a177c,INS,16223523,P,20220525155433,, HTTP/1.1" 200 116
190.171.142.50 - - [30/May/2022:13:09:51 -0300] "GET /cormun/servlet/hpexe_return? HTTP/1.1" 200 1040
190.171.142.50 - - [30/May/2022:13:09:51 -0300] "GET /cormun/servlet/trpermisosadjuntos?16223523,20220525155433,P, HTTP/1.1" 200 6752
190.171.142.50 - - [30/May/2022:13:09:52 -0300] "GET /cormun/servlet/trpermisosadjuntos?16223523,20220525155433,P, HTTP/1.1" 200 6748
190.171.142.50 - - [30/May/2022:13:09:54 -0300] "POST /cormun/servlet/trpermisosadjuntos?7341a6726c856f6e0a0630467b2a177c,16223523,20220525155433,P,,gx-no-cache=1653928533841 HTTP/1.1" 200 90
190.171.142.50 - - [30/May/2022:13:09:54 -0300] "GET /cormun/servlet/hpexe_link HTTP/1.1" 200 986
190.171.142.50 - - [30/May/2022:13:09:55 -0300] "GET /cormun/servlet/trpermisosgoce HTTP/1.1" 200 11662
190.171.142.50 - - [30/May/2022:13:09:55 -0300] "GET /cormun/servlet/trpermisosgoce HTTP/1.1" 200 11662
190.171.142.50 - - [30/May/2022:13:09:57 -0300] "GET /cormun/servlet/trpermisosadjuntos?13502425,20220525160838,P, HTTP/1.1" 200 6274
190.171.142.50 - - [30/May/2022:13:09:58 -0300] "GET /cormun/servlet/trpermisosadjuntos?13502425,20220525160838,P, HTTP/1.1" 200 6274
200.54.107.2 - - [30/May/2022:13:09:59 -0300] "POST /cormun/servlet/trlicencias?63edabe8f0d965ed206642ceb94188f5,gx-no-cache=1653926204725 HTTP/1.1" 200 12354
190.171.142.50 - - [30/May/2022:13:09:59 -0300] "GET /cormun/servlet/permisosadjuntos?INS,13502425,P,20220525160838,, HTTP/1.1" 200 5596
190.171.142.50 - - [30/May/2022:13:09:59 -0300] "GET /cormun/static/about:blank HTTP/1.1" 404 1011
190.171.142.50 - - [30/May/2022:13:10:00 -0300] "GET /cormun/servlet/permisosadjuntos?INS,13502425,P,20220525160838,, HTTP/1.1" 200 5586
190.171.142.50 - - [30/May/2022:13:10:12 -0300] "POST /cormun/servlet/permisosadjuntos?7341a6726c856f6e0a0630467b2a177c,INS,13502425,P,20220525160838,, HTTP/1.1" 200 116
190.171.142.50 - - [30/May/2022:13:10:12 -0300] "GET /cormun/servlet/hpexe_return? HTTP/1.1" 200 1040
190.171.142.50 - - [30/May/2022:13:10:13 -0300] "GET /cormun/servlet/trpermisosadjuntos?13502425,20220525160838,P, HTTP/1.1" 200 6759
190.171.142.50 - - [30/May/2022:13:10:13 -0300] "GET /cormun/servlet/trpermisosadjuntos?13502425,20220525160838,P, HTTP/1.1" 200 6756
190.171.142.50 - - [30/May/2022:13:10:15 -0300] "POST /cormun/servlet/trpermisosadjuntos?7341a6726c856f6e0a0630467b2a177c,13502425,20220525160838,P,,gx-no-cache=1653928553967 HTTP/1.1" 200 90
190.171.142.50 - - [30/May/2022:13:10:15 -0300] "GET /cormun/servlet/hpexe_link HTTP/1.1" 200 986
190.171.142.50 - - [30/May/2022:13:10:15 -0300] "GET /cormun/servlet/trpermisosgoce HTTP/1.1" 200 11662
190.171.142.50 - - [30/May/2022:13:10:15 -0300] "GET /cormun/servlet/trpermisosgoce HTTP/1.1" 200 11662
190.171.142.50 - - [30/May/2022:13:10:19 -0300] "POST /cormun/servlet/trpermisosgoce?7341a6726c856f6e0a0630467b2a177c,gx-no-cache=1653928558314 HTTP/1.1" 200 8806
190.171.142.50 - - [30/May/2022:13:10:19 -0300] "GET /cormun/static/Shared/jqueryui/images/ui-bg_highlight-soft_100_c6c2c8_1x100.png HTTP/1.1" 404 1117
190.171.142.50 - - [30/May/2022:13:10:19 -0300] "GET /cormun/static/Shared/jqueryui/images/ui-icons_82798d_256x240.png HTTP/1.1" 404 1089
190.171.142.50 - - [30/May/2022:13:10:19 -0300] "GET /cormun/static/Shared/jqueryui/images/ui-bg_flat_55_fafafa_40x100.png HTTP/1.1" 404 1097
190.171.142.50 - - [30/May/2022:13:10:19 -0300] "GET /cormun/static/Shared/jqueryui/images/ui-icons_8d78a5_256x240.png HTTP/1.1" 404 1089
190.171.142.50 - - [30/May/2022:13:10:23 -0300] "POST /cormun/servlet/trpermisosgoce?7341a6726c856f6e0a0630467b2a177c,gx-no-cache=1653928561399 HTTP/1.1" 200 8791
190.171.142.50 - - [30/May/2022:13:10:24 -0300] "POST /cormun/servlet/trpermisosgoce?7341a6726c856f6e0a0630467b2a177c,gx-no-cache=1653928563478 HTTP/1.1" 200 8782
190.171.142.50 - - [30/May/2022:13:10:26 -0300] "POST /cormun/servlet/trpermisosgoce?7341a6726c856f6e0a0630467b2a177c,gx-no-cache=1653928565702 HTTP/1.1" 200 8750
190.171.142.26 - - [30/May/2022:13:10:39 -0300] "POST /cormun/servlet/trlicencias?c01e6d82cbdc316fd04654230b599ebf,,gx-no-cache=1653926244417 HTTP/1.1" 200 101
190.171.142.26 - - [30/May/2022:13:10:39 -0300] "GET /cormun/Licencias-6754.xls HTTP/1.1" 200 15872
190.171.142.50 - - [30/May/2022:13:10:51 -0300] "GET /cormun/servlet/hlogin HTTP/1.1" 200 1745
190.171.142.50 - - [30/May/2022:13:10:58 -0300] "POST /cormun/servlet/hlogin?7341a6726c856f6e0a0630467b2a177c,gx-no-cache=1653928597053 HTTP/1.1" 200 90
190.171.142.50 - - [30/May/2022:13:10:58 -0300] "GET /cormun/servlet/hpexe_link HTTP/1.1" 200 955
190.171.142.50 - - [30/May/2022:13:10:58 -0300] "GET /cormun/servlet/hhome HTTP/1.1" 200 4214
190.171.142.50 - - [30/May/2022:13:10:58 -0300] "GET /cormun/servlet/hhome HTTP/1.1" 200 4210
190.171.142.26 - - [30/May/2022:13:11:01 -0300] "POST /cormun/servlet/trlicencias?c01e6d82cbdc316fd04654230b599ebf,,gx-no-cache=1653926266838 HTTP/1.1" 200 101
190.171.142.26 - - [30/May/2022:13:11:01 -0300] "GET /cormun/Licencias-5379.xls HTTP/1.1" 200 15872
190.171.142.50 - - [30/May/2022:13:11:02 -0300] "GET /cormun/servlet/trautorizarpermisogoce? HTTP/1.1" 200 8637
190.171.142.50 - - [30/May/2022:13:11:02 -0300] "GET /cormun/servlet/trautorizarpermisogoce? HTTP/1.1" 200 8635
190.171.142.50 - - [30/May/2022:13:11:05 -0300] "POST /cormun/servlet/trautorizarpermisogoce?7341a6726c856f6e0a0630467b2a177c,,gx-no-cache=1653928604568 HTTP/1.1" 200 5783
190.171.142.50 - - [30/May/2022:13:11:05 -0300] "GET /cormun/static/Shared/jqueryui/images/ui-bg_highlight-soft_100_c6c2c8_1x100.png HTTP/1.1" 404 1117
190.171.142.50 - - [30/May/2022:13:11:05 -0300] "GET /cormun/static/Shared/jqueryui/images/ui-icons_82798d_256x240.png HTTP/1.1" 404 1089
190.171.142.50 - - [30/May/2022:13:11:05 -0300] "GET /cormun/static/Shared/jqueryui/images/ui-bg_flat_55_fafafa_40x100.png HTTP/1.1" 404 1097
190.171.142.50 - - [30/May/2022:13:11:05 -0300] "GET /cormun/static/Shared/jqueryui/images/ui-icons_8d78a5_256x240.png HTTP/1.1" 404 1089
190.171.142.50 - - [30/May/2022:13:11:06 -0300] "POST /cormun/servlet/trautorizarpermisogoce?7341a6726c856f6e0a0630467b2a177c,,gx-no-cache=1653928605509 HTTP/1.1" 200 5558
190.171.142.50 - - [30/May/2022:13:11:07 -0300] "POST /cormun/servlet/trautorizarpermisogoce?7341a6726c856f6e0a0630467b2a177c,,gx-no-cache=1653928606421 HTTP/1.1" 200 5279
190.171.142.50 - - [30/May/2022:13:11:08 -0300] "POST /cormun/servlet/trautorizarpermisogoce?7341a6726c856f6e0a0630467b2a177c,,gx-no-cache=1653928607245 HTTP/1.1" 200 4527
190.171.141.106 - - [30/May/2022:13:11:09 -0300] "POST /cormun/servlet/solicitudot?gx-no-cache=1653922781751 HTTP/1.1" 200 30
190.171.154.42 - - [30/May/2022:13:11:23 -0300] "GET /cormun/servlet/trsolicitudot? HTTP/1.1" 200 7763
186.67.172.234 - - [30/May/2022:13:11:24 -0300] "POST /cormun/servlet/trlicencias?53c77d47dcd0cce99420ebb243f9353a,gx-no-cache=1653926290083 HTTP/1.1" 200 15345
190.171.154.42 - - [30/May/2022:13:11:26 -0300] "GET /cormun/servlet/hlogin HTTP/1.1" 200 1741
190.171.154.42 - - [30/May/2022:13:11:26 -0300] "GET /cormun/servlet/trsolicitudot? HTTP/1.1" 200 7760
190.171.154.42 - - [30/May/2022:13:11:27 -0300] "GET /favicon.ico HTTP/1.1" 200 21630
190.171.142.50 - - [30/May/2022:13:12:05 -0300] "GET /cormun/servlet/hlogin HTTP/1.1" 200 1754
190.171.141.106 - - [30/May/2022:13:12:07 -0300] "POST /cormun/servlet/solicitudot?8801ff001f1473f9adc7e82ad1723dff,INS,0,0,false,,gx-no-cache=1653922839897 HTTP/1.1" 200 93
190.171.141.106 - - [30/May/2022:13:12:08 -0300] "GET /cormun/servlet/hpexe_return? HTTP/1.1" 200 1014
190.171.141.106 - - [30/May/2022:13:12:09 -0300] "GET /cormun/servlet/trsolicitudot HTTP/1.1" 200 8867
190.171.141.106 - - [30/May/2022:13:12:09 -0300] "GET /cormun//static/Resources/PXToolsActionView.png HTTP/1.1" 200 398
190.171.141.106 - - [30/May/2022:13:12:09 -0300] "GET /cormun//static/Resources/PXToolsRemoveAllAction.png HTTP/1.1" 200 487
190.171.141.106 - - [30/May/2022:13:12:09 -0300] "GET /cormun/servlet/trsolicitudot HTTP/1.1" 200 8863
190.171.142.50 - - [30/May/2022:13:12:12 -0300] "POST /cormun/servlet/hlogin?7341a6726c856f6e0a0630467b2a177c,gx-no-cache=1653928671477 HTTP/1.1" 200 90
190.171.142.50 - - [30/May/2022:13:12:12 -0300] "GET /cormun/servlet/hpexe_link HTTP/1.1" 200 955
190.171.142.50 - - [30/May/2022:13:12:12 -0300] "GET /cormun/servlet/hhome HTTP/1.1" 200 3945
190.171.142.50 - - [30/May/2022:13:12:12 -0300] "GET /cormun/servlet/hhome HTTP/1.1" 200 3942
190.171.142.50 - - [30/May/2022:13:12:15 -0300] "GET /cormun/servlet/trlicencias? HTTP/1.1" 200 12538
190.171.142.50 - - [30/May/2022:13:12:15 -0300] "GET /cormun/servlet/trlicencias? HTTP/1.1" 200 12535
190.171.141.106 - - [30/May/2022:13:12:33 -0300] "POST /cormun/servlet/trsolicitudot?8801ff001f1473f9adc7e82ad1723dff,gx-no-cache=1653922865753 HTTP/1.1" 200 107
190.171.141.106 - - [30/May/2022:13:12:33 -0300] "GET /cormun/servlet/trsolicitudadjuntos?2022,18784, HTTP/1.1" 200 6367
190.171.141.106 - - [30/May/2022:13:12:33 -0300] "GET /cormun/static/gxcfg.js?20201215574222 HTTP/1.1" 200 953
190.171.141.106 - - [30/May/2022:13:12:33 -0300] "GET /cormun/static/Resources/PXToolsGridNew.png HTTP/1.1" 200 427
190.171.141.106 - - [30/May/2022:13:12:33 -0300] "GET /cormun/static/trsolicitudadjuntos.js?20201215574932 HTTP/1.1" 200 17922
190.171.141.106 - - [30/May/2022:13:12:33 -0300] "GET /cormun/servlet/trsolicitudadjuntos?2022,18784, HTTP/1.1" 200 6367
190.171.141.106 - - [30/May/2022:13:12:38 -0300] "GET /cormun/servlet/solicitudotadjuntos?INS,2022,18784,,1, HTTP/1.1" 200 6312
190.171.141.106 - - [30/May/2022:13:12:38 -0300] "GET /cormun/static/gxcfg.js?202012157947 HTTP/1.1" 200 953
190.171.141.106 - - [30/May/2022:13:12:38 -0300] "GET /cormun/static/solicitudotadjuntos.js?202012157966 HTTP/1.1" 200 11771
190.171.141.106 - - [30/May/2022:13:12:38 -0300] "GET /cormun/servlet/solicitudotadjuntos?INS,2022,18784,,1, HTTP/1.1" 200 6306
190.171.141.106 - - [30/May/2022:13:12:38 -0300] "GET /cormun/static/about:blank HTTP/1.1" 404 1011
190.171.141.106 - - [30/May/2022:13:12:39 -0300] "GET /cormun/servlet/solicitudotadjuntos?fee34f56455df8ab97022d7bbc823df31ba126ac4ddad06862e79b4c5a7935095ec53bc11a8a5c5f99940a9a6a681649,gx-no-cache=1653922871771 HTTP/1.1" 200 30
190.171.141.106 - - [30/May/2022:13:12:39 -0300] "POST /cormun/servlet/solicitudotadjuntos?8801ff001f1473f9adc7e82ad1723dff,INS,2022,18784,,1,,gx-no-cache=1653922871798 HTTP/1.1" 200 4160
190.171.141.106 - - [30/May/2022:13:12:45 -0300] "POST /cormun/servlet/solicitudotadjuntos?gx-no-cache=1653922877666 HTTP/1.1" 200 26
190.171.141.106 - - [30/May/2022:13:13:56 -0300] "GET /cormun/servlet/solicitudotadjuntos?fee34f56455df8ab97022d7bbc823df376dcf26e4381b440f7862ca6ea6b218c,gx-no-cache=1653922948936 HTTP/1.1" 200 30
190.171.141.106 - - [30/May/2022:13:13:56 -0300] "GET /cormun/servlet/solicitudotadjuntos?fee34f56455df8ab97022d7bbc823df376dcf26e4381b440f7862ca6ea6b218c,gx-no-cache=1653922948969 HTTP/1.1" 200 30
190.171.141.106 - - [30/May/2022:13:13:56 -0300] "POST /cormun/servlet/solicitudotadjuntos?8801ff001f1473f9adc7e82ad1723dff,INS,2022,18784,,1, HTTP/1.1" 200 116
190.171.141.114 - - [30/May/2022:13:13:56 -0300] "POST /cormun/servlet/trsolicitudot?9c9ddc302be70244f651617b6db6ec96,gx-no-cache=1653926442318 HTTP/1.1" 440 972
190.171.141.106 - - [30/May/2022:13:13:56 -0300] "GET /cormun/servlet/hpexe_return? HTTP/1.1" 200 1031
190.171.141.106 - - [30/May/2022:13:13:56 -0300] "GET /cormun/servlet/trsolicitudadjuntos?2022,18784, HTTP/1.1" 200 9137
190.171.141.106 - - [30/May/2022:13:13:57 -0300] "GET /cormun/servlet/trsolicitudadjuntos?2022,18784, HTTP/1.1" 200 9134
190.171.141.114 - - [30/May/2022:13:13:58 -0300] "GET /cormun/servlet/trsolicitudot HTTP/1.1" 200 7761
190.171.141.114 - - [30/May/2022:13:13:58 -0300] "GET /cormun/servlet/hlogin HTTP/1.1" 200 1741
190.171.141.114 - - [30/May/2022:13:13:58 -0300] "GET /cormun/servlet/trsolicitudot HTTP/1.1" 200 7761
190.171.141.106 - - [30/May/2022:13:14:02 -0300] "GET /cormun/servlet/solicitudotadjuntos?INS,2022,18784,,1, HTTP/1.1" 200 6312
190.171.141.106 - - [30/May/2022:13:14:02 -0300] "GET /cormun/static/about:blank HTTP/1.1" 404 1011
190.171.141.106 - - [30/May/2022:13:14:02 -0300] "GET /cormun/servlet/solicitudotadjuntos?INS,2022,18784,,1, HTTP/1.1" 200 6306
190.171.141.106 - - [30/May/2022:13:14:03 -0300] "GET /cormun/servlet/solicitudotadjuntos?fee34f56455df8ab97022d7bbc823df31ba126ac4ddad06862e79b4c5a7935095ec53bc11a8a5c5f99940a9a6a681649,gx-no-cache=1653922955885 HTTP/1.1" 200 30
190.171.141.106 - - [30/May/2022:13:14:03 -0300] "POST /cormun/servlet/solicitudotadjuntos?8801ff001f1473f9adc7e82ad1723dff,INS,2022,18784,,1,,gx-no-cache=1653922955926 HTTP/1.1" 200 4160
190.171.154.42 - - [30/May/2022:13:14:04 -0300] "POST /cormun/servlet/hlogin?67a8de96335f0bac25a867ff4078173a,gx-no-cache=1653926449390 HTTP/1.1" 200 90
190.171.154.42 - - [30/May/2022:13:14:04 -0300] "GET /cormun/servlet/hpexe_link HTTP/1.1" 200 954
190.171.154.42 - - [30/May/2022:13:14:04 -0300] "GET /cormun/servlet/trsolicitudot HTTP/1.1" 200 7214
190.171.141.106 - - [30/May/2022:13:14:07 -0300] "POST /cormun/servlet/solicitudotadjuntos?gx-no-cache=1653922959647 HTTP/1.1" 200 26
190.171.154.42 - - [30/May/2022:13:14:07 -0300] "GET /cormun/servlet/trsolicitudot HTTP/1.1" 200 7213
190.171.154.42 - - [30/May/2022:13:14:10 -0300] "GET /cormun/servlet/trsolicitudot? HTTP/1.1" 200 7213
190.171.141.114 - - [30/May/2022:13:14:11 -0300] "POST /cormun/servlet/hlogin?c6cab6785799769a9f2f85735bc96a9d,gx-no-cache=1653926456921 HTTP/1.1" 200 90
190.171.141.114 - - [30/May/2022:13:14:11 -0300] "GET /cormun/servlet/hpexe_link HTTP/1.1" 200 955
190.171.141.114 - - [30/May/2022:13:14:11 -0300] "GET /cormun/servlet/trsolicitudot HTTP/1.1" 200 8500
190.171.141.114 - - [30/May/2022:13:14:11 -0300] "GET /cormun/servlet/trsolicitudot HTTP/1.1" 200 8499
190.171.154.42 - - [30/May/2022:13:14:12 -0300] "GET /cormun/servlet/trsolicitudot? HTTP/1.1" 200 7213
190.171.154.42 - - [30/May/2022:13:14:30 -0300] "POST /cormun/servlet/trsolicitudot?67a8de96335f0bac25a867ff4078173a,,gx-no-cache=1653926475566 HTTP/1.1" 200 103
190.171.154.42 - - [30/May/2022:13:14:30 -0300] "POST /cormun/servlet/trsolicitudot?67a8de96335f0bac25a867ff4078173a,,gx-no-cache=1653926475761 HTTP/1.1" 200 4344
190.171.154.42 - - [30/May/2022:13:14:30 -0300] "GET /cormun/SolicitudOT-3404.xls HTTP/1.1" 200 4608
190.171.141.106 - - [30/May/2022:13:14:43 -0300] "GET /cormun/servlet/solicitudotadjuntos?fee34f56455df8ab97022d7bbc823df376dcf26e4381b440f7862ca6ea6b218c,gx-no-cache=1653922995689 HTTP/1.1" 200 30
190.171.141.106 - - [30/May/2022:13:14:43 -0300] "GET /cormun/servlet/solicitudotadjuntos?fee34f56455df8ab97022d7bbc823df376dcf26e4381b440f7862ca6ea6b218c,gx-no-cache=1653922995727 HTTP/1.1" 200 30
190.171.141.106 - - [30/May/2022:13:14:43 -0300] "POST /cormun/servlet/solicitudotadjuntos?8801ff001f1473f9adc7e82ad1723dff,INS,2022,18784,,1, HTTP/1.1" 200 116
190.171.141.106 - - [30/May/2022:13:14:43 -0300] "GET /cormun/servlet/hpexe_return? HTTP/1.1" 200 1031
190.171.141.106 - - [30/May/2022:13:14:43 -0300] "GET /cormun/servlet/trsolicitudadjuntos?2022,18784, HTTP/1.1" 200 9360
190.171.141.106 - - [30/May/2022:13:14:43 -0300] "GET /cormun/servlet/trsolicitudadjuntos?2022,18784, HTTP/1.1" 200 9360
190.171.141.106 - - [30/May/2022:13:14:46 -0300] "GET /cormun/servlet/solicitudotadjuntos?INS,2022,18784,,1, HTTP/1.1" 200 6312
190.171.141.106 - - [30/May/2022:13:14:46 -0300] "GET /cormun/static/about:blank HTTP/1.1" 404 1011
190.171.141.106 - - [30/May/2022:13:14:46 -0300] "GET /cormun/servlet/solicitudotadjuntos?INS,2022,18784,,1, HTTP/1.1" 200 6305
190.171.141.106 - - [30/May/2022:13:14:47 -0300] "GET /cormun/servlet/solicitudotadjuntos?fee34f56455df8ab97022d7bbc823df31ba126ac4ddad06862e79b4c5a7935095ec53bc11a8a5c5f99940a9a6a681649,gx-no-cache=1653922999976 HTTP/1.1" 200 30
190.171.141.106 - - [30/May/2022:13:14:47 -0300] "POST /cormun/servlet/solicitudotadjuntos?8801ff001f1473f9adc7e82ad1723dff,INS,2022,18784,,1,,gx-no-cache=1653923000009 HTTP/1.1" 200 4160
190.171.141.106 - - [30/May/2022:13:14:55 -0300] "POST /cormun/servlet/solicitudotadjuntos?gx-no-cache=1653923007969 HTTP/1.1" 200 26
190.171.141.106 - - [30/May/2022:13:15:13 -0300] "POST /cormun/servlet/solicitudotadjuntos?gx-no-cache=1653923026319 HTTP/1.1" 200 26
190.171.141.106 - - [30/May/2022:13:15:25 -0300] "GET /cormun/servlet/solicitudotadjuntos?fee34f56455df8ab97022d7bbc823df376dcf26e4381b440f7862ca6ea6b218c,gx-no-cache=1653923037863 HTTP/1.1" 200 30
190.171.141.106 - - [30/May/2022:13:15:25 -0300] "GET /cormun/servlet/solicitudotadjuntos?fee34f56455df8ab97022d7bbc823df376dcf26e4381b440f7862ca6ea6b218c,gx-no-cache=1653923037879 HTTP/1.1" 200 30
190.171.141.106 - - [30/May/2022:13:15:25 -0300] "POST /cormun/servlet/solicitudotadjuntos?8801ff001f1473f9adc7e82ad1723dff,INS,2022,18784,,1, HTTP/1.1" 200 116
190.171.141.106 - - [30/May/2022:13:15:25 -0300] "GET /cormun/servlet/hpexe_return? HTTP/1.1" 200 1031
190.171.141.106 - - [30/May/2022:13:15:25 -0300] "GET /cormun/servlet/trsolicitudadjuntos?2022,18784, HTTP/1.1" 200 9585
190.171.141.106 - - [30/May/2022:13:15:26 -0300] "GET /cormun/servlet/trsolicitudadjuntos?2022,18784, HTTP/1.1" 200 9585
190.171.141.106 - - [30/May/2022:13:15:36 -0300] "GET /cormun/servlet/solicitudotadjuntos?INS,2022,18784,,1, HTTP/1.1" 200 6312
190.171.141.106 - - [30/May/2022:13:15:36 -0300] "GET /cormun/static/about:blank HTTP/1.1" 404 1011
190.171.141.106 - - [30/May/2022:13:15:36 -0300] "GET /cormun/servlet/solicitudotadjuntos?INS,2022,18784,,1, HTTP/1.1" 200 6306
190.171.141.106 - - [30/May/2022:13:15:36 -0300] "GET /cormun/servlet/solicitudotadjuntos?fee34f56455df8ab97022d7bbc823df31ba126ac4ddad06862e79b4c5a7935095ec53bc11a8a5c5f99940a9a6a681649,gx-no-cache=1653923049483 HTTP/1.1" 200 30
190.171.141.106 - - [30/May/2022:13:15:36 -0300] "POST /cormun/servlet/solicitudotadjuntos?8801ff001f1473f9adc7e82ad1723dff,INS,2022,18784,,1,,gx-no-cache=1653923049525 HTTP/1.1" 200 4160
190.171.141.106 - - [30/May/2022:13:15:42 -0300] "POST /cormun/servlet/solicitudotadjuntos?gx-no-cache=1653923054991 HTTP/1.1" 200 26
190.171.141.106 - - [30/May/2022:13:15:50 -0300] "GET /cormun/servlet/solicitudotadjuntos?fee34f56455df8ab97022d7bbc823df376dcf26e4381b440f7862ca6ea6b218c,gx-no-cache=1653923062639 HTTP/1.1" 200 30
190.171.141.106 - - [30/May/2022:13:15:50 -0300] "GET /cormun/servlet/solicitudotadjuntos?fee34f56455df8ab97022d7bbc823df376dcf26e4381b440f7862ca6ea6b218c,gx-no-cache=1653923062666 HTTP/1.1" 200 30
190.171.141.106 - - [30/May/2022:13:15:50 -0300] "POST /cormun/servlet/solicitudotadjuntos?8801ff001f1473f9adc7e82ad1723dff,INS,2022,18784,,1, HTTP/1.1" 200 116
190.171.141.106 - - [30/May/2022:13:15:50 -0300] "GET /cormun/servlet/hpexe_return? HTTP/1.1" 200 1031
190.171.141.106 - - [30/May/2022:13:15:50 -0300] "GET /cormun/servlet/trsolicitudadjuntos?2022,18784, HTTP/1.1" 200 9789
190.171.141.106 - - [30/May/2022:13:15:50 -0300] "GET /cormun/servlet/trsolicitudadjuntos?2022,18784, HTTP/1.1" 200 9787
190.171.141.106 - - [30/May/2022:13:15:56 -0300] "GET /cormun/servlet/solicitudotadjuntos?INS,2022,18784,,1, HTTP/1.1" 200 6312
190.171.141.106 - - [30/May/2022:13:15:56 -0300] "GET /cormun/static/about:blank HTTP/1.1" 404 1011
190.171.141.106 - - [30/May/2022:13:15:56 -0300] "GET /cormun/servlet/solicitudotadjuntos?INS,2022,18784,,1, HTTP/1.1" 200 6306
190.171.141.106 - - [30/May/2022:13:15:57 -0300] "GET /cormun/servlet/solicitudotadjuntos?fee34f56455df8ab97022d7bbc823df31ba126ac4ddad06862e79b4c5a7935095ec53bc11a8a5c5f99940a9a6a681649,gx-no-cache=1653923069704 HTTP/1.1" 200 30
190.171.141.106 - - [30/May/2022:13:15:57 -0300] "POST /cormun/servlet/solicitudotadjuntos?8801ff001f1473f9adc7e82ad1723dff,INS,2022,18784,,1,,gx-no-cache=1653923069734 HTTP/1.1" 200 4160
190.171.141.106 - - [30/May/2022:13:16:02 -0300] "POST /cormun/servlet/solicitudotadjuntos?gx-no-cache=1653923075208 HTTP/1.1" 200 26
190.171.141.106 - - [30/May/2022:13:16:11 -0300] "GET /cormun/servlet/solicitudotadjuntos?fee34f56455df8ab97022d7bbc823df376dcf26e4381b440f7862ca6ea6b218c,gx-no-cache=1653923084038 HTTP/1.1" 200 30
190.171.141.106 - - [30/May/2022:13:16:11 -0300] "GET /cormun/servlet/solicitudotadjuntos?fee34f56455df8ab97022d7bbc823df376dcf26e4381b440f7862ca6ea6b218c,gx-no-cache=1653923084121 HTTP/1.1" 200 30
190.171.141.106 - - [30/May/2022:13:16:12 -0300] "POST /cormun/servlet/solicitudotadjuntos?8801ff001f1473f9adc7e82ad1723dff,INS,2022,18784,,1, HTTP/1.1" 200 116
190.171.141.106 - - [30/May/2022:13:16:12 -0300] "GET /cormun/servlet/hpexe_return? HTTP/1.1" 200 1031
190.171.141.106 - - [30/May/2022:13:16:12 -0300] "GET /cormun/servlet/trsolicitudadjuntos?2022,18784, HTTP/1.1" 200 10082
190.171.141.106 - - [30/May/2022:13:16:13 -0300] "GET /cormun/servlet/trsolicitudadjuntos?2022,18784, HTTP/1.1" 200 10083
190.171.149.74 - - [30/May/2022:13:16:20 -0300] "GET /cormun/servlet/hlogin HTTP/1.1" 200 1727
190.171.149.74 - - [30/May/2022:13:16:25 -0300] "POST /cormun/servlet/hlogin?ca3c3149fc0d7636237aa8dcd50be7e9,gx-no-cache=1653926592109 HTTP/1.1" 200 90
190.171.149.74 - - [30/May/2022:13:16:25 -0300] "GET /cormun/servlet/hpexe_link HTTP/1.1" 200 954
190.171.149.74 - - [30/May/2022:13:16:25 -0300] "GET /cormun/servlet/trlicencias HTTP/1.1" 200 13312
190.171.149.74 - - [30/May/2022:13:16:26 -0300] "GET /cormun/servlet/trlicencias HTTP/1.1" 200 13309
190.171.149.74 - - [30/May/2022:13:16:31 -0300] "GET /cormun/static/menuarrow.gif HTTP/1.1" 404 1015
190.171.141.106 - - [30/May/2022:13:16:32 -0300] "GET /cormun/servlet/solicitudotadjuntos?INS,2022,18784,,1, HTTP/1.1" 200 6311
190.171.141.106 - - [30/May/2022:13:16:32 -0300] "GET /cormun/static/about:blank HTTP/1.1" 404 1011
190.171.141.106 - - [30/May/2022:13:16:32 -0300] "GET /cormun/servlet/solicitudotadjuntos?INS,2022,18784,,1, HTTP/1.1" 200 6305
190.171.141.106 - - [30/May/2022:13:16:32 -0300] "GET /cormun/servlet/solicitudotadjuntos?fee34f56455df8ab97022d7bbc823df31ba126ac4ddad06862e79b4c5a7935095ec53bc11a8a5c5f99940a9a6a681649,gx-no-cache=1653923105584 HTTP/1.1" 200 30
190.171.141.106 - - [30/May/2022:13:16:33 -0300] "POST /cormun/servlet/solicitudotadjuntos?8801ff001f1473f9adc7e82ad1723dff,INS,2022,18784,,1,,gx-no-cache=1653923105616 HTTP/1.1" 200 4157
190.171.149.74 - - [30/May/2022:13:16:37 -0300] "POST /cormun/servlet/trlicencias?ca3c3149fc0d7636237aa8dcd50be7e9,gx-no-cache=1653926603382 HTTP/1.1" 200 18322
190.171.149.74 - - [30/May/2022:13:16:37 -0300] "GET /cormun/static/Resources/PXToolsGridLast.gif HTTP/1.1" 200 370
190.171.149.74 - - [30/May/2022:13:16:37 -0300] "GET /cormun/static/Resources/PXToolsGridNext.gif HTTP/1.1" 200 369
190.171.141.106 - - [30/May/2022:13:16:37 -0300] "POST /cormun/servlet/solicitudotadjuntos?gx-no-cache=1653923110095 HTTP/1.1" 200 26
190.171.141.106 - - [30/May/2022:13:16:57 -0300] "GET /cormun/servlet/solicitudotadjuntos?fee34f56455df8ab97022d7bbc823df376dcf26e4381b440f7862ca6ea6b218c,gx-no-cache=1653923130063 HTTP/1.1" 200 30
190.171.141.106 - - [30/May/2022:13:16:57 -0300] "GET /cormun/servlet/solicitudotadjuntos?fee34f56455df8ab97022d7bbc823df376dcf26e4381b440f7862ca6ea6b218c,gx-no-cache=1653923130083 HTTP/1.1" 200 30
190.171.141.106 - - [30/May/2022:13:16:57 -0300] "POST /cormun/servlet/solicitudotadjuntos?8801ff001f1473f9adc7e82ad1723dff,INS,2022,18784,,1, HTTP/1.1" 200 116
190.171.141.106 - - [30/May/2022:13:16:57 -0300] "GET /cormun/servlet/hpexe_return? HTTP/1.1" 200 1031
190.171.141.106 - - [30/May/2022:13:16:57 -0300] "GET /cormun/servlet/trsolicitudadjuntos?2022,18784, HTTP/1.1" 200 10245
190.171.141.106 - - [30/May/2022:13:16:58 -0300] "GET /cormun/servlet/trsolicitudadjuntos?2022,18784, HTTP/1.1" 200 10244
190.171.141.106 - - [30/May/2022:13:17:02 -0300] "GET /cormun/servlet/solicitudotadjuntos?INS,2022,18784,,2, HTTP/1.1" 200 6310
190.171.141.106 - - [30/May/2022:13:17:03 -0300] "GET /cormun/static/about:blank HTTP/1.1" 404 1011
