190.171.142.50 - - [30/May/2022:17:10:59 -0300] "POST /cormun/servlet/solicitudot?gx-no-cache=1653942998661 HTTP/1.1" 200 64
190.171.142.50 - - [30/May/2022:17:10:59 -0300] "GET /cormun/servlet/solicitudot?5f4a42cec6362bd20ad996dae1f45efbb1a2ed2029cd9f37f671ec95f393e53952fffb73f24ba5878a955b6294aac2e74d0e4b331b206710de8fb2839604939d43641d10746b748f7cd6a271b978fc9994b8d1ba0227a79930a304f74251a7df7a0c3e9aa19cc8b4a4cb13e40d336476,gx-no-cache=1653942998711 HTTP/1.1" 200 29
190.171.142.50 - - [30/May/2022:17:11:00 -0300] "GET /cormun/servlet/solicitudot?5f4a42cec6362bd20ad996dae1f45efb6db6ad0b9cb88409f1773ca9d86a218300d0912f9b15c219fa782276eded4b0a,gx-no-cache=1653942998754 HTTP/1.1" 200 30
190.171.142.50 - - [30/May/2022:17:11:03 -0300] "GET /cormun/servlet/prfichaempleado?,MD,,gxPopupLevel%3D0%3B HTTP/1.1" 200 9245
190.171.142.50 - - [30/May/2022:17:11:13 -0300] "POST /cormun/servlet/prfichaempleado?d62f09ef5cf59d86af8c5b05e9e1fe05,,MD,,gxPopupLevel%3D0%3B,gx-no-cache=1653943011352 HTTP/1.1" 200 3404
190.171.142.50 - - [30/May/2022:17:11:15 -0300] "GET /cormun/servlet/prlicenciaspermisos?15125128,L,,MD,,gxPopupLevel%3D0%3B HTTP/1.1" 200 6127
190.171.142.50 - - [30/May/2022:17:11:17 -0300] "POST /cormun/servlet/solicitudot?gx-no-cache=1653943016594 HTTP/1.1" 200 1454
190.171.142.50 - - [30/May/2022:17:11:20 -0300] "POST /cormun/servlet/solicitudot?gx-no-cache=1653943019329 HTTP/1.1" 200 41
190.171.142.50 - - [30/May/2022:17:11:26 -0300] "GET /cormun/servlet/solicitudot?5f4a42cec6362bd20ad996dae1f45efbd5189247ebb14b284b20128cdd32c6ba5b12f540fb050015cad2b37465bfdf26e0abb5668b09672c622a4da4cf9aa12f2144643071abbaf3c089a9dde770257463973c1d93844279fc0897d0e8f03c75046af9eddd67fe82c48cd035dc2edcac,gx-no-cache=1653943025534 HTTP/1.1" 200 110
190.171.142.50 - - [30/May/2022:17:11:26 -0300] "POST /cormun/servlet/solicitudot?gx-no-cache=1653943025555 HTTP/1.1" 200 97
190.171.152.242 - - [30/May/2022:17:11:28 -0300] "POST /cormun/servlet/hlogin?36ddb8c7bac3bd3eb692819bb21fefb3,gx-no-cache=1653940695045 HTTP/1.1" 200 473
190.171.142.50 - - [30/May/2022:17:11:34 -0300] "POST /cormun/servlet/solicitudot?gx-no-cache=1653943033352 HTTP/1.1" 200 32
190.171.152.242 - - [30/May/2022:17:11:38 -0300] "POST /cormun/servlet/hlogin?36ddb8c7bac3bd3eb692819bb21fefb3,gx-no-cache=1653940705212 HTTP/1.1" 200 473
190.171.141.90 - - [30/May/2022:17:11:57 -0300] "GET /cormun/servlet/permisogoce?INS,0,,, HTTP/1.1" 200 6831
190.171.141.90 - - [30/May/2022:17:11:57 -0300] "GET /cormun/servlet/permisogoce?INS,0,,, HTTP/1.1" 200 6831
190.171.141.90 - - [30/May/2022:17:11:59 -0300] "POST /cormun/servlet/permisogoce?5153fc49d51dd606dc03d6e995aea310,INS,0,,,,gx-no-cache=1653940723392 HTTP/1.1" 200 93
190.171.141.90 - - [30/May/2022:17:11:59 -0300] "GET /cormun/servlet/hpexe_return? HTTP/1.1" 200 1030
190.171.141.90 - - [30/May/2022:17:12:00 -0300] "GET /cormun/servlet/trpermisosgoce?gx-no-cache=1653940536684 HTTP/1.1" 200 19007
190.171.141.90 - - [30/May/2022:17:12:00 -0300] "GET /cormun/servlet/trpermisosgoce?gx-no-cache=1653940536684 HTTP/1.1" 200 19017
190.171.152.242 - - [30/May/2022:17:12:01 -0300] "POST /cormun/servlet/hlogin?36ddb8c7bac3bd3eb692819bb21fefb3,gx-no-cache=1653940727404 HTTP/1.1" 200 473
190.171.141.90 - - [30/May/2022:17:12:03 -0300] "GET /cormun/servlet/trpermisosadjuntos?10688062,20220530155412,P, HTTP/1.1" 200 6323
190.171.141.90 - - [30/May/2022:17:12:03 -0300] "GET /cormun/servlet/trpermisosadjuntos?10688062,20220530155412,P, HTTP/1.1" 200 6300
190.171.141.90 - - [30/May/2022:17:12:05 -0300] "GET /cormun/servlet/permisosadjuntos?INS,10688062,P,20220530155412,, HTTP/1.1" 200 5620
190.171.141.90 - - [30/May/2022:17:12:05 -0300] "GET /cormun/static/about:blank HTTP/1.1" 404 1011
190.171.141.90 - - [30/May/2022:17:12:05 -0300] "GET /cormun/servlet/permisosadjuntos?INS,10688062,P,20220530155412,, HTTP/1.1" 200 5610
190.171.152.242 - - [30/May/2022:17:12:06 -0300] "POST /cormun/servlet/hlogin?36ddb8c7bac3bd3eb692819bb21fefb3,gx-no-cache=1653940732780 HTTP/1.1" 200 473
190.171.142.50 - - [30/May/2022:17:12:12 -0300] "POST /cormun/servlet/solicitudot?d62f09ef5cf59d86af8c5b05e9e1fe05,INS,0,0,false,,gx-no-cache=1653943070567 HTTP/1.1" 200 93
190.171.142.50 - - [30/May/2022:17:12:12 -0300] "GET /cormun/servlet/hpexe_return? HTTP/1.1" 200 1012
190.171.142.50 - - [30/May/2022:17:12:12 -0300] "GET /cormun/servlet/trsolicitudot HTTP/1.1" 200 8906
190.171.142.50 - - [30/May/2022:17:12:12 -0300] "GET /cormun/servlet/trsolicitudot HTTP/1.1" 200 8902
190.171.152.242 - - [30/May/2022:17:12:13 -0300] "POST /cormun/servlet/hlogin?42b98478ac895b5d75938377faaa2bb6,gx-no-cache=1653940739670 HTTP/1.1" 440 972
190.171.141.90 - - [30/May/2022:17:12:15 -0300] "POST /cormun/servlet/permisosadjuntos?5153fc49d51dd606dc03d6e995aea310,INS,10688062,P,20220530155412,, HTTP/1.1" 200 116
190.171.141.90 - - [30/May/2022:17:12:15 -0300] "GET /cormun/servlet/hpexe_return? HTTP/1.1" 200 1037
190.171.141.90 - - [30/May/2022:17:12:15 -0300] "GET /cormun/servlet/trpermisosadjuntos?10688062,20220530155412,P, HTTP/1.1" 200 6790
190.171.152.242 - - [30/May/2022:17:12:15 -0300] "GET /cormun/servlet/hlogin HTTP/1.1" 200 1741
190.171.141.90 - - [30/May/2022:17:12:16 -0300] "GET /cormun/servlet/trpermisosadjuntos?10688062,20220530155412,P, HTTP/1.1" 200 6787
190.171.152.242 - - [30/May/2022:17:12:17 -0300] "POST /cormun/servlet/hlogin?680f93776a281d1ae4ebcd0899958483,gx-no-cache=1653940743726 HTTP/1.1" 200 440
190.171.141.90 - - [30/May/2022:17:12:18 -0300] "POST /cormun/servlet/trpermisosadjuntos?5153fc49d51dd606dc03d6e995aea310,10688062,20220530155412,P,,gx-no-cache=1653940742253 HTTP/1.1" 200 90
190.171.141.90 - - [30/May/2022:17:12:18 -0300] "GET /cormun/servlet/hpexe_link HTTP/1.1" 200 1005
190.171.141.90 - - [30/May/2022:17:12:18 -0300] "GET /cormun/servlet/trpermisosgoce?gx-no-cache=1653940536684 HTTP/1.1" 200 19017
190.171.141.90 - - [30/May/2022:17:12:19 -0300] "GET /cormun/servlet/trpermisosgoce?gx-no-cache=1653940536684 HTTP/1.1" 200 19055
190.171.152.242 - - [30/May/2022:17:12:20 -0300] "POST /cormun/servlet/hlogin?680f93776a281d1ae4ebcd0899958483,gx-no-cache=1653940746420 HTTP/1.1" 200 90
190.171.152.242 - - [30/May/2022:17:12:20 -0300] "GET /cormun/servlet/hpexe_link HTTP/1.1" 200 957
190.171.152.242 - - [30/May/2022:17:12:21 -0300] "GET /cormun/servlet/hhome HTTP/1.1" 200 4102
190.171.152.242 - - [30/May/2022:17:12:21 -0300] "GET /cormun/servlet/hhome HTTP/1.1" 200 4098
190.171.152.242 - - [30/May/2022:17:12:26 -0300] "GET /cormun/servlet/trautorizarsolicitud? HTTP/1.1" 200 11661
190.171.152.242 - - [30/May/2022:17:12:26 -0300] "GET /cormun/static/gxcfg.js?201991422414522 HTTP/1.1" 200 953
190.171.152.242 - - [30/May/2022:17:12:26 -0300] "GET /cormun/static/trautorizarsolicitud.js?201991422415463 HTTP/1.1" 200 53910
190.171.152.242 - - [30/May/2022:17:12:27 -0300] "GET /cormun//static/Resources/PXToolsActionView.png HTTP/1.1" 200 398
190.171.152.242 - - [30/May/2022:17:12:27 -0300] "GET /cormun//static/Resources/PXToolsRemoveAllAction.png HTTP/1.1" 200 487
190.171.152.242 - - [30/May/2022:17:12:27 -0300] "GET /cormun/servlet/trautorizarsolicitud? HTTP/1.1" 200 11660
190.171.141.90 - - [30/May/2022:17:12:31 -0300] "POST /cormun/servlet/trpermisosgoce?5153fc49d51dd606dc03d6e995aea310,gx-no-cache=1653940536684,gx-no-cache=1653940754698 HTTP/1.1" 200 16334
190.171.141.90 - - [30/May/2022:17:12:31 -0300] "GET /cormun/static/Shared/jqueryui/images/ui-bg_highlight-soft_100_c6c2c8_1x100.png HTTP/1.1" 404 1117
190.171.141.90 - - [30/May/2022:17:12:31 -0300] "GET /cormun/static/Shared/jqueryui/images/ui-icons_82798d_256x240.png HTTP/1.1" 404 1089
190.171.141.90 - - [30/May/2022:17:12:31 -0300] "GET /cormun/static/Shared/jqueryui/images/ui-bg_flat_55_fafafa_40x100.png HTTP/1.1" 404 1097
190.171.141.90 - - [30/May/2022:17:12:31 -0300] "GET /cormun/static/Shared/jqueryui/images/ui-icons_8d78a5_256x240.png HTTP/1.1" 404 1089
190.171.141.90 - - [30/May/2022:17:12:32 -0300] "POST /cormun/servlet/trpermisosgoce?5153fc49d51dd606dc03d6e995aea310,gx-no-cache=1653940536684,gx-no-cache=1653940755507 HTTP/1.1" 200 16326
190.171.141.90 - - [30/May/2022:17:12:37 -0300] "POST /cormun/servlet/trpermisosgoce?5153fc49d51dd606dc03d6e995aea310,gx-no-cache=1653940536684,gx-no-cache=1653940760934 HTTP/1.1" 200 16332
190.171.141.90 - - [30/May/2022:17:12:43 -0300] "POST /cormun/servlet/trpermisosgoce?5153fc49d51dd606dc03d6e995aea310,gx-no-cache=1653940536684,gx-no-cache=1653940766534 HTTP/1.1" 200 16300
190.171.141.90 - - [30/May/2022:17:12:47 -0300] "GET /cormun/servlet/permisogoce?INS,0,,, HTTP/1.1" 200 6854
190.171.141.90 - - [30/May/2022:17:12:47 -0300] "GET /cormun/servlet/permisogoce?INS,0,,, HTTP/1.1" 200 6832
190.171.142.50 - - [30/May/2022:17:12:50 -0300] "POST /cormun/servlet/trsolicitudot?d62f09ef5cf59d86af8c5b05e9e1fe05,gx-no-cache=1653943109313 HTTP/1.1" 200 5810
190.171.142.50 - - [30/May/2022:17:12:50 -0300] "GET /cormun/static/Shared/jqueryui/images/ui-bg_highlight-soft_100_c6c2c8_1x100.png HTTP/1.1" 404 1117
190.171.142.50 - - [30/May/2022:17:12:50 -0300] "GET /cormun/static/Shared/jqueryui/images/ui-icons_82798d_256x240.png HTTP/1.1" 404 1089
190.171.142.50 - - [30/May/2022:17:12:50 -0300] "GET /cormun/static/Shared/jqueryui/images/ui-bg_flat_55_fafafa_40x100.png HTTP/1.1" 404 1097
190.171.142.50 - - [30/May/2022:17:12:50 -0300] "GET /cormun/static/Shared/jqueryui/images/ui-icons_8d78a5_256x240.png HTTP/1.1" 404 1089
190.171.142.50 - - [30/May/2022:17:12:51 -0300] "POST /cormun/servlet/trsolicitudot?d62f09ef5cf59d86af8c5b05e9e1fe05,gx-no-cache=1653943109482 HTTP/1.1" 200 5754
190.171.142.50 - - [30/May/2022:17:12:52 -0300] "POST /cormun/servlet/trsolicitudot?d62f09ef5cf59d86af8c5b05e9e1fe05,gx-no-cache=1653943110766 HTTP/1.1" 200 4566
190.171.142.50 - - [30/May/2022:17:12:52 -0300] "POST /cormun/servlet/trsolicitudot?d62f09ef5cf59d86af8c5b05e9e1fe05,gx-no-cache=1653943110918 HTTP/1.1" 200 4334
190.171.152.242 - - [30/May/2022:17:12:53 -0300] "POST /cormun/servlet/trautorizarsolicitud?680f93776a281d1ae4ebcd0899958483,,gx-no-cache=1653940779849 HTTP/1.1" 200 8684
190.171.152.242 - - [30/May/2022:17:12:53 -0300] "GET /cormun/static/Shared/jqueryui/images/ui-bg_highlight-soft_100_c6c2c8_1x100.png HTTP/1.1" 404 1117
190.171.152.242 - - [30/May/2022:17:12:53 -0300] "GET /cormun/static/Shared/jqueryui/images/ui-icons_82798d_256x240.png HTTP/1.1" 404 1089
190.171.152.242 - - [30/May/2022:17:12:53 -0300] "GET /cormun/static/Shared/jqueryui/images/ui-bg_flat_55_fafafa_40x100.png HTTP/1.1" 404 1097
190.171.152.242 - - [30/May/2022:17:12:53 -0300] "GET /cormun/static/Shared/jqueryui/images/ui-icons_8d78a5_256x240.png HTTP/1.1" 404 1089
190.171.152.242 - - [30/May/2022:17:12:54 -0300] "POST /cormun/servlet/trautorizarsolicitud?680f93776a281d1ae4ebcd0899958483,,gx-no-cache=1653940780208 HTTP/1.1" 200 8628
190.171.152.242 - - [30/May/2022:17:12:55 -0300] "POST /cormun/servlet/trautorizarsolicitud?680f93776a281d1ae4ebcd0899958483,,gx-no-cache=1653940781431 HTTP/1.1" 200 8271
190.171.152.242 - - [30/May/2022:17:12:55 -0300] "POST /cormun/servlet/trautorizarsolicitud?680f93776a281d1ae4ebcd0899958483,,gx-no-cache=1653940781777 HTTP/1.1" 200 8216
190.171.152.242 - - [30/May/2022:17:12:56 -0300] "POST /cormun/servlet/trautorizarsolicitud?680f93776a281d1ae4ebcd0899958483,,gx-no-cache=1653940782710 HTTP/1.1" 200 7912
190.171.152.242 - - [30/May/2022:17:12:56 -0300] "POST /cormun/servlet/trautorizarsolicitud?680f93776a281d1ae4ebcd0899958483,,gx-no-cache=1653940783003 HTTP/1.1" 200 7856
190.171.152.242 - - [30/May/2022:17:12:58 -0300] "POST /cormun/servlet/trautorizarsolicitud?680f93776a281d1ae4ebcd0899958483,,gx-no-cache=1653940784390 HTTP/1.1" 200 7656
190.171.152.242 - - [30/May/2022:17:12:58 -0300] "POST /cormun/servlet/trautorizarsolicitud?680f93776a281d1ae4ebcd0899958483,,gx-no-cache=1653940784679 HTTP/1.1" 200 7600
186.67.172.234 - - [30/May/2022:17:12:59 -0300] "GET /cormun/servlet/trsolicitudot? HTTP/1.1" 200 7766
186.67.172.234 - - [30/May/2022:17:12:59 -0300] "GET /cormun/static/gxcfg.js?201991910464971 HTTP/1.1" 200 953
186.67.172.234 - - [30/May/2022:17:12:59 -0300] "GET /cormun/static/trsolicitudot.js?201991910465845 HTTP/1.1" 200 54041
186.67.172.234 - - [30/May/2022:17:12:59 -0300] "GET /cormun//static/Resources/PXToolsActionView.png HTTP/1.1" 200 398
186.67.172.234 - - [30/May/2022:17:12:59 -0300] "GET /cormun/servlet/hlogin HTTP/1.1" 200 1744
186.67.172.234 - - [30/May/2022:17:12:59 -0300] "GET /cormun//static/Resources/PXToolsRemoveAllAction.png HTTP/1.1" 200 487
186.67.172.234 - - [30/May/2022:17:12:59 -0300] "GET /cormun//static/Resources/PXToolsGridUpdate.png HTTP/1.1" 200 470
186.67.172.234 - - [30/May/2022:17:12:59 -0300] "GET /cormun//static/Resources/PXToolsGridDelete.png HTTP/1.1" 200 538
186.67.172.234 - - [30/May/2022:17:12:59 -0300] "GET /cormun/servlet/trsolicitudot? HTTP/1.1" 200 7764
190.171.152.242 - - [30/May/2022:17:12:59 -0300] "POST /cormun/servlet/trautorizarsolicitud?680f93776a281d1ae4ebcd0899958483,,gx-no-cache=1653940786214 HTTP/1.1" 200 7230
190.171.152.242 - - [30/May/2022:17:13:00 -0300] "POST /cormun/servlet/trautorizarsolicitud?680f93776a281d1ae4ebcd0899958483,,gx-no-cache=1653940786488 HTTP/1.1" 200 7174
190.171.152.242 - - [30/May/2022:17:13:01 -0300] "POST /cormun/servlet/trautorizarsolicitud?680f93776a281d1ae4ebcd0899958483,,gx-no-cache=1653940787733 HTTP/1.1" 200 6843
190.171.152.242 - - [30/May/2022:17:13:01 -0300] "POST /cormun/servlet/trautorizarsolicitud?680f93776a281d1ae4ebcd0899958483,,gx-no-cache=1653940788015 HTTP/1.1" 200 6788
190.171.152.242 - - [30/May/2022:17:13:02 -0300] "POST /cormun/servlet/trautorizarsolicitud?680f93776a281d1ae4ebcd0899958483,,gx-no-cache=1653940789205 HTTP/1.1" 200 6436
190.171.152.242 - - [30/May/2022:17:13:03 -0300] "POST /cormun/servlet/trautorizarsolicitud?680f93776a281d1ae4ebcd0899958483,,gx-no-cache=1653940789467 HTTP/1.1" 200 6381
190.171.152.242 - - [30/May/2022:17:13:04 -0300] "POST /cormun/servlet/trautorizarsolicitud?680f93776a281d1ae4ebcd0899958483,,gx-no-cache=1653940790645 HTTP/1.1" 200 6002
190.171.142.50 - - [30/May/2022:17:13:04 -0300] "GET /cormun/servlet/hlogin HTTP/1.1" 200 1744
190.171.152.242 - - [30/May/2022:17:13:04 -0300] "POST /cormun/servlet/trautorizarsolicitud?680f93776a281d1ae4ebcd0899958483,,gx-no-cache=1653940790884 HTTP/1.1" 200 5948
190.171.152.242 - - [30/May/2022:17:13:05 -0300] "POST /cormun/servlet/trautorizarsolicitud?680f93776a281d1ae4ebcd0899958483,,gx-no-cache=1653940791893 HTTP/1.1" 200 4772
190.171.152.242 - - [30/May/2022:17:13:05 -0300] "POST /cormun/servlet/trautorizarsolicitud?680f93776a281d1ae4ebcd0899958483,,gx-no-cache=1653940792183 HTTP/1.1" 200 4534
186.67.172.234 - - [30/May/2022:17:13:12 -0300] "POST /cormun/servlet/hlogin?a1a1f64f39a4e58501db516878ab10f2,gx-no-cache=1653940797972 HTTP/1.1" 200 90
186.67.172.234 - - [30/May/2022:17:13:12 -0300] "GET /cormun/servlet/hpexe_link HTTP/1.1" 200 957
186.67.172.234 - - [30/May/2022:17:13:12 -0300] "GET /cormun/servlet/trsolicitudot HTTP/1.1" 200 7410
190.171.142.50 - - [30/May/2022:17:13:12 -0300] "POST /cormun/servlet/hlogin?d62f09ef5cf59d86af8c5b05e9e1fe05,gx-no-cache=1653943131086 HTTP/1.1" 200 90
190.171.142.50 - - [30/May/2022:17:13:12 -0300] "GET /cormun/servlet/hpexe_link HTTP/1.1" 200 953
190.171.142.50 - - [30/May/2022:17:13:12 -0300] "GET /cormun/servlet/hhome HTTP/1.1" 200 4214
186.67.172.234 - - [30/May/2022:17:13:12 -0300] "GET /cormun/servlet/trsolicitudot HTTP/1.1" 200 7409
190.171.142.50 - - [30/May/2022:17:13:12 -0300] "GET /cormun/servlet/hhome HTTP/1.1" 200 4210
190.171.142.50 - - [30/May/2022:17:13:16 -0300] "GET /cormun/servlet/trautorizarsolicitud? HTTP/1.1" 200 9054
190.171.142.50 - - [30/May/2022:17:13:16 -0300] "GET /cormun/static/gxcfg.js?201991422414522 HTTP/1.1" 200 953
190.171.142.50 - - [30/May/2022:17:13:16 -0300] "GET /cormun/static/trautorizarsolicitud.js?201991422415463 HTTP/1.1" 200 53910
190.171.152.242 - - [30/May/2022:17:13:16 -0300] "GET /cormun/servlet/hlogin HTTP/1.1" 200 1751
190.171.142.50 - - [30/May/2022:17:13:16 -0300] "GET /cormun/servlet/trautorizarsolicitud? HTTP/1.1" 200 9054
186.67.172.234 - - [30/May/2022:17:13:17 -0300] "GET /cormun/servlet/solicitudot?INS,0,0,false, HTTP/1.1" 200 16078
186.67.172.234 - - [30/May/2022:17:13:17 -0300] "GET /cormun/static/gxcfg.js?20203414241232 HTTP/1.1" 200 953
186.67.172.234 - - [30/May/2022:17:13:17 -0300] "GET /cormun/static/Resources/prompt.gif HTTP/1.1" 200 902
186.67.172.234 - - [30/May/2022:17:13:17 -0300] "GET /cormun/static/solicitudot.js?20203414242792 HTTP/1.1" 200 74114
186.67.172.234 - - [30/May/2022:17:13:17 -0300] "GET /cormun/servlet/solicitudot?INS,0,0,false, HTTP/1.1" 200 16086
186.67.172.234 - - [30/May/2022:17:13:27 -0300] "POST /cormun/servlet/solicitudot?gx-no-cache=1653940813481 HTTP/1.1" 200 3850
186.67.172.234 - - [30/May/2022:17:13:27 -0300] "POST /cormun/servlet/solicitudot?a1a1f64f39a4e58501db516878ab10f2,INS,0,0,false,,gx-no-cache=1653940813622 HTTP/1.1" 200 12663
190.171.142.50 - - [30/May/2022:17:13:40 -0300] "POST /cormun/servlet/trautorizarsolicitud?d62f09ef5cf59d86af8c5b05e9e1fe05,,gx-no-cache=1653943159121 HTTP/1.1" 200 6005
190.171.142.50 - - [30/May/2022:17:13:40 -0300] "GET /cormun/static/Shared/jqueryui/images/ui-bg_highlight-soft_100_c6c2c8_1x100.png HTTP/1.1" 404 1117
190.171.142.50 - - [30/May/2022:17:13:40 -0300] "GET /cormun/static/Shared/jqueryui/images/ui-bg_flat_55_fafafa_40x100.png HTTP/1.1" 404 1097
190.171.142.50 - - [30/May/2022:17:13:40 -0300] "GET /cormun/static/Shared/jqueryui/images/ui-icons_8d78a5_256x240.png HTTP/1.1" 404 1089
190.171.142.50 - - [30/May/2022:17:13:40 -0300] "GET /cormun/static/Shared/jqueryui/images/ui-icons_82798d_256x240.png HTTP/1.1" 404 1089
190.171.142.50 - - [30/May/2022:17:13:40 -0300] "POST /cormun/servlet/trautorizarsolicitud?d62f09ef5cf59d86af8c5b05e9e1fe05,,gx-no-cache=1653943159323 HTTP/1.1" 200 5949
190.171.142.50 - - [30/May/2022:17:13:41 -0300] "POST /cormun/servlet/trautorizarsolicitud?d62f09ef5cf59d86af8c5b05e9e1fe05,,gx-no-cache=1653943159975 HTTP/1.1" 200 4767
190.171.142.50 - - [30/May/2022:17:13:41 -0300] "POST /cormun/servlet/trautorizarsolicitud?d62f09ef5cf59d86af8c5b05e9e1fe05,,gx-no-cache=1653943160425 HTTP/1.1" 200 4533
190.171.141.90 - - [30/May/2022:17:14:08 -0300] "GET /cormun/servlet/prfichaempleado?,MD,,gxPopupLevel%3D0%3B HTTP/1.1" 200 9269
190.171.141.90 - - [30/May/2022:17:14:17 -0300] "POST /cormun/servlet/prfichaempleado?5153fc49d51dd606dc03d6e995aea310,,MD,,gxPopupLevel%3D0%3B,gx-no-cache=1653940860868 HTTP/1.1" 200 4211
186.67.172.234 - - [30/May/2022:17:15:14 -0300] "GET /cormun/servlet/solicitudot?f4dcfeb0176e0083615632a6d32629772dfdc0329d9dc04613d3bea26d6ab6a539df7eb6e8918821e217a43ccf6ea556,gx-no-cache=1653940920202 HTTP/1.1" 200 30
190.171.141.90 - - [30/May/2022:17:15:43 -0300] "GET /cormun/servlet/permisogoce?f58d98f302bc64f895d6e895cffa9d5b79c089776ddd5bfcade9d3e00379e16ae0e88fea703b498246aa42934e7e4079d34d27ff1d24ca14dd1eb794b1a26af4,gx-no-cache=1653940947505 HTTP/1.1" 200 80
190.171.141.90 - - [30/May/2022:17:15:43 -0300] "GET /cormun/static/menuarrow.gif HTTP/1.1" 404 1015
190.171.141.90 - - [30/May/2022:17:15:55 -0300] "GET /cormun/servlet/permisogoce?f58d98f302bc64f895d6e895cffa9d5b1bf9d6ca9a8d204ba274a36be857ff54b00b283d6b8a4e1ffeca527624a0619f0861cfed7e6827b7badb90104f4371a4,gx-no-cache=1653940959452 HTTP/1.1" 200 48
190.171.141.90 - - [30/May/2022:17:15:56 -0300] "POST /cormun/servlet/permisogoce?5153fc49d51dd606dc03d6e995aea310,INS,0,,,,gx-no-cache=1653940960335 HTTP/1.1" 200 93
190.171.141.90 - - [30/May/2022:17:15:57 -0300] "GET /cormun/servlet/hpexe_return? HTTP/1.1" 200 1030
190.171.141.90 - - [30/May/2022:17:15:57 -0300] "GET /cormun/servlet/trpermisosgoce?gx-no-cache=1653940536684 HTTP/1.1" 200 19014
190.171.141.90 - - [30/May/2022:17:15:57 -0300] "GET /cormun/servlet/trpermisosgoce?gx-no-cache=1653940536684 HTTP/1.1" 200 18995
190.171.141.90 - - [30/May/2022:17:16:00 -0300] "GET /cormun/servlet/trpermisosadjuntos?15103001,20220530155640,P, HTTP/1.1" 200 6313
190.171.141.90 - - [30/May/2022:17:16:01 -0300] "GET /cormun/servlet/trpermisosadjuntos?15103001,20220530155640,P, HTTP/1.1" 200 6291
190.171.141.90 - - [30/May/2022:17:16:02 -0300] "GET /cormun/servlet/permisosadjuntos?INS,15103001,P,20220530155640,, HTTP/1.1" 200 5611
190.171.141.90 - - [30/May/2022:17:16:02 -0300] "GET /cormun/static/about:blank HTTP/1.1" 404 1011
190.171.141.90 - - [30/May/2022:17:16:02 -0300] "GET /cormun/servlet/permisosadjuntos?INS,15103001,P,20220530155640,, HTTP/1.1" 200 5601
190.171.141.90 - - [30/May/2022:17:16:09 -0300] "POST /cormun/servlet/permisosadjuntos?5153fc49d51dd606dc03d6e995aea310,INS,15103001,P,20220530155640,, HTTP/1.1" 200 116
190.171.141.90 - - [30/May/2022:17:16:09 -0300] "GET /cormun/servlet/hpexe_return? HTTP/1.1" 200 1036
190.171.141.90 - - [30/May/2022:17:16:09 -0300] "GET /cormun/servlet/trpermisosadjuntos?15103001,20220530155640,P, HTTP/1.1" 200 6778
190.171.141.90 - - [30/May/2022:17:16:10 -0300] "GET /cormun/servlet/trpermisosadjuntos?15103001,20220530155640,P, HTTP/1.1" 200 6774
190.171.141.90 - - [30/May/2022:17:16:12 -0300] "POST /cormun/servlet/trpermisosadjuntos?5153fc49d51dd606dc03d6e995aea310,15103001,20220530155640,P,,gx-no-cache=1653940975853 HTTP/1.1" 200 90
190.171.141.90 - - [30/May/2022:17:16:12 -0300] "GET /cormun/servlet/hpexe_link HTTP/1.1" 200 1004
190.171.141.90 - - [30/May/2022:17:16:12 -0300] "GET /cormun/servlet/trpermisosgoce?gx-no-cache=1653940536684 HTTP/1.1" 200 19018
190.171.141.90 - - [30/May/2022:17:16:13 -0300] "GET /cormun/servlet/trpermisosgoce?gx-no-cache=1653940536684 HTTP/1.1" 200 19028
186.67.172.234 - - [30/May/2022:17:16:24 -0300] "GET /cormun/static/Resources/resize.gif HTTP/1.1" 200 77
186.67.172.234 - - [30/May/2022:17:16:24 -0300] "GET /cormun/static/Resources/PXTools/ClosePrompt.png HTTP/1.1" 200 1036
186.67.172.234 - - [30/May/2022:17:16:24 -0300] "GET /cormun/servlet/prbanco?,MD,,gxPopupLevel%3D0%3B HTTP/1.1" 200 6671
186.67.172.234 - - [30/May/2022:17:16:24 -0300] "GET /cormun/static/gxcfg.js?20201216131581 HTTP/1.1" 200 953
186.67.172.234 - - [30/May/2022:17:16:24 -0300] "GET /cormun/static/prbanco.js?20201216132311 HTTP/1.1" 200 10693
186.67.172.234 - - [30/May/2022:17:16:24 -0300] "GET /cormun/static/menusearch.js?20201214473581 HTTP/1.1" 200 1424
186.67.172.234 - - [30/May/2022:17:16:25 -0300] "GET /cormun/static/Resources/PXToolsMenuSearch.png HTTP/1.1" 200 336
186.67.172.234 - - [30/May/2022:17:16:25 -0300] "GET /cormun/static/Resources/PXToolsMenuSearchCancel.png HTTP/1.1" 200 306
186.67.172.234 - - [30/May/2022:17:16:25 -0300] "GET /cormun/static/hmpwkw011.js?20201215495555 HTTP/1.1" 200 1968
190.171.152.234 - - [30/May/2022:17:16:32 -0300] "POST /cormun/servlet/trsolicitudot?bb0e6e537e388f48cbd1fde9c8d4aefd,gx-no-cache=1653937421815 HTTP/1.1" 200 106
190.171.152.234 - - [30/May/2022:17:16:32 -0300] "GET /cormun/servlet/trsolicitudadjuntos?2022,18800, HTTP/1.1" 200 6377
190.171.152.234 - - [30/May/2022:17:16:32 -0300] "GET /cormun/servlet/trsolicitudadjuntos?2022,18800, HTTP/1.1" 200 6377
186.67.172.234 - - [30/May/2022:17:16:34 -0300] "GET /cormun/servlet/solicitudot?f4dcfeb0176e0083615632a6d3262977d94ef5b5f21b16823f8d301c3134f3d9197772ac925bab434180816a8f1463ab5bcbbb83824b0c6b22d5e674d6537a4a,gx-no-cache=1653940999864 HTTP/1.1" 200 30
190.171.152.234 - - [30/May/2022:17:16:34 -0300] "GET /cormun/servlet/solicitudotadjuntos?INS,2022,18800,,1, HTTP/1.1" 200 6324
190.171.152.234 - - [30/May/2022:17:16:34 -0300] "GET /cormun/static/about:blank HTTP/1.1" 404 1011
190.171.152.234 - - [30/May/2022:17:16:34 -0300] "GET /cormun/servlet/solicitudotadjuntos?INS,2022,18800,,1, HTTP/1.1" 200 6317
186.67.172.234 - - [30/May/2022:17:16:35 -0300] "GET /cormun/servlet/solicitudot?f4dcfeb0176e0083615632a6d3262977c9898274d10781fd8e0c937cc8775635,gx-no-cache=1653941000839 HTTP/1.1" 200 51
190.171.152.234 - - [30/May/2022:17:16:35 -0300] "GET /cormun/servlet/solicitudotadjuntos?0dac697048d75aba153316e451181a6c8368c670be36941c0f8ee9841d0d3219506be4a2e4d71aff72cd6582aba9b800,gx-no-cache=1653937424791 HTTP/1.1" 200 30
190.171.152.234 - - [30/May/2022:17:16:35 -0300] "POST /cormun/servlet/solicitudotadjuntos?bb0e6e537e388f48cbd1fde9c8d4aefd,INS,2022,18800,,1,,gx-no-cache=1653937424807 HTTP/1.1" 200 4196
190.171.152.234 - - [30/May/2022:17:16:36 -0300] "POST /cormun/servlet/solicitudotadjuntos?gx-no-cache=1653937426413 HTTP/1.1" 200 26
190.171.141.90 - - [30/May/2022:17:16:41 -0300] "GET /cormun/servlet/trpermisosadjuntos?15103001,20220530155640,P, HTTP/1.1" 200 6796
190.171.141.90 - - [30/May/2022:17:16:42 -0300] "GET /cormun/servlet/trpermisosadjuntos?15103001,20220530155640,P, HTTP/1.1" 200 6775
190.171.141.90 - - [30/May/2022:17:16:44 -0300] "GET /cormun/servlet/permisosadjuntos?INS,15103001,P,20220530155640,, HTTP/1.1" 200 5611
190.171.141.90 - - [30/May/2022:17:16:44 -0300] "GET /cormun/static/about:blank HTTP/1.1" 404 1011
190.171.141.90 - - [30/May/2022:17:16:44 -0300] "GET /cormun/servlet/permisosadjuntos?INS,15103001,P,20220530155640,, HTTP/1.1" 200 5601
190.171.141.90 - - [30/May/2022:17:16:52 -0300] "POST /cormun/servlet/permisosadjuntos?5153fc49d51dd606dc03d6e995aea310,INS,15103001,P,20220530155640,, HTTP/1.1" 200 116
190.171.141.90 - - [30/May/2022:17:16:52 -0300] "GET /cormun/servlet/hpexe_return? HTTP/1.1" 200 1036
190.171.141.90 - - [30/May/2022:17:16:52 -0300] "GET /cormun/servlet/trpermisosadjuntos?15103001,20220530155640,P, HTTP/1.1" 200 6878
190.171.141.90 - - [30/May/2022:17:16:52 -0300] "GET /cormun/servlet/trpermisosadjuntos?15103001,20220530155640,P, HTTP/1.1" 200 6875
190.171.152.234 - - [30/May/2022:17:16:56 -0300] "GET /cormun/servlet/solicitudotadjuntos?0dac697048d75aba153316e451181a6cc749b9f0c72a3267f3719e93b232faba,gx-no-cache=1653937445637 HTTP/1.1" 200 30
190.171.152.234 - - [30/May/2022:17:16:56 -0300] "GET /cormun/servlet/solicitudotadjuntos?0dac697048d75aba153316e451181a6cc749b9f0c72a3267f3719e93b232faba,gx-no-cache=1653937445648 HTTP/1.1" 200 30
190.171.152.234 - - [30/May/2022:17:16:56 -0300] "POST /cormun/servlet/solicitudotadjuntos?bb0e6e537e388f48cbd1fde9c8d4aefd,INS,2022,18800,,1, HTTP/1.1" 200 116
190.171.141.90 - - [30/May/2022:17:16:56 -0300] "GET /cormun/servlet/permisosadjuntos?DLT,15103001,P,20220530155640,20220530160037, HTTP/1.1" 200 5653
190.171.152.234 - - [30/May/2022:17:16:56 -0300] "GET /cormun/servlet/hpexe_return? HTTP/1.1" 200 1031
190.171.141.90 - - [30/May/2022:17:16:56 -0300] "GET /cormun/PublicTempStorage/daniela_avila20220530_160045344267843.pdf HTTP/1.1" 200 18883
190.171.152.234 - - [30/May/2022:17:16:56 -0300] "GET /cormun/servlet/trsolicitudadjuntos?2022,18800, HTTP/1.1" 200 9133
190.171.141.90 - - [30/May/2022:17:16:56 -0300] "GET /cormun/static/Shared/jqueryui/images/ui-bg_highlight-soft_100_c6c2c8_1x100.png HTTP/1.1" 404 1117
190.171.141.90 - - [30/May/2022:17:16:56 -0300] "GET /cormun/static/Shared/jqueryui/images/ui-icons_82798d_256x240.png HTTP/1.1" 404 1089
190.171.141.90 - - [30/May/2022:17:16:56 -0300] "GET /cormun/static/Shared/jqueryui/images/ui-bg_flat_55_fafafa_40x100.png HTTP/1.1" 404 1097
190.171.141.90 - - [30/May/2022:17:16:56 -0300] "GET /cormun/static/Shared/jqueryui/images/ui-icons_8d78a5_256x240.png HTTP/1.1" 404 1089
190.171.141.90 - - [30/May/2022:17:16:56 -0300] "GET /cormun/servlet/permisosadjuntos?DLT,15103001,P,20220530155640,20220530160037, HTTP/1.1" 200 5641
190.171.152.234 - - [30/May/2022:17:16:56 -0300] "GET /cormun/servlet/trsolicitudadjuntos?2022,18800, HTTP/1.1" 200 9131
186.67.172.234 - - [30/May/2022:17:16:56 -0300] "POST /cormun/servlet/solicitudot?gx-no-cache=1653941022739 HTTP/1.1" 200 240
190.171.141.90 - - [30/May/2022:17:16:57 -0300] "POST /cormun/servlet/permisosadjuntos?5153fc49d51dd606dc03d6e995aea310,DLT,15103001,P,20220530155640,20220530160037,,gx-no-cache=1653941021500 HTTP/1.1" 200 90
190.171.141.90 - - [30/May/2022:17:16:57 -0300] "GET /cormun/servlet/hpexe_link HTTP/1.1" 200 996
190.171.141.90 - - [30/May/2022:17:16:57 -0300] "GET /cormun/servlet/trpermisosadjuntos?15103001,20220530155640,P, HTTP/1.1" 200 6875
190.171.141.90 - - [30/May/2022:17:16:58 -0300] "GET /cormun/servlet/trpermisosadjuntos?15103001,20220530155640,P, HTTP/1.1" 200 6875
186.67.172.234 - - [30/May/2022:17:16:58 -0300] "GET /cormun/servlet/solicitudot?f4dcfeb0176e0083615632a6d3262977456da85aa0735cd80b288c62146502f5d83d45475bcdac7da120ddebe478b7b498d521c39fb0efac6da0c7bd1ef27e0fed45a70c02f76713e84c61b741897a484cb7a8935ecf9672d288008dd9df729f6d718eda3f6e8a9b0d603815154a7a124226a20a9b386e95f9294bf86a7d2ff43b5c4185352a6b13fead071fbf2c9256f46b3e1278009e354337d3fd26e88e5236389b696797dda3634cf780789480a972a7393611f30a73be0e217264b55eb54c9356fd309f04fb91412d60573bf0c9f706e9f1464027f4b501374b8eb3e47cee8d556e6f1e94d99a13b2f675913e4faf53006b1bc5267e9561430c62b5197e71cfca3c4459270687b5b82d518d34caf911cdda870679ed6cd89e81af05c20e8bc86cfebec244e0b816bdfea921fdb08fcfb83899f9a6c0a00e5e47f590c9cccd68ab33c0c618de34d90185fde274bd9a3bca5ff3f93bf0d048c42c775058083f37ec16c13bee9820fca406c9b27217659833ad4ca4418d265a0a60124dfbb6,gx-no-cache=1653941024356 HTTP/1.1" 200 30
190.171.152.234 - - [30/May/2022:17:16:59 -0300] "GET /cormun/servlet/solicitudotadjuntos?INS,2022,18800,,1, HTTP/1.1" 200 6324
190.171.152.234 - - [30/May/2022:17:16:59 -0300] "GET /cormun/static/about:blank HTTP/1.1" 404 1011
190.171.152.234 - - [30/May/2022:17:16:59 -0300] "GET /cormun/servlet/solicitudotadjuntos?INS,2022,18800,,1, HTTP/1.1" 200 6317
190.171.152.234 - - [30/May/2022:17:17:00 -0300] "GET /cormun/servlet/solicitudotadjuntos?0dac697048d75aba153316e451181a6c8368c670be36941c0f8ee9841d0d3219506be4a2e4d71aff72cd6582aba9b800,gx-no-cache=1653937449901 HTTP/1.1" 200 30
190.171.141.90 - - [30/May/2022:17:17:00 -0300] "POST /cormun/servlet/trpermisosadjuntos?5153fc49d51dd606dc03d6e995aea310,15103001,20220530155640,P,,gx-no-cache=1653941023989 HTTP/1.1" 200 90
190.171.141.90 - - [30/May/2022:17:17:00 -0300] "GET /cormun/servlet/hpexe_link HTTP/1.1" 200 1004
190.171.152.234 - - [30/May/2022:17:17:00 -0300] "POST /cormun/servlet/solicitudotadjuntos?bb0e6e537e388f48cbd1fde9c8d4aefd,INS,2022,18800,,1,,gx-no-cache=1653937449920 HTTP/1.1" 200 4196
186.67.172.234 - - [30/May/2022:17:17:00 -0300] "POST /cormun/servlet/solicitudot?gx-no-cache=1653941026291 HTTP/1.1" 200 30
190.171.141.90 - - [30/May/2022:17:17:00 -0300] "GET /cormun/servlet/trpermisosgoce?gx-no-cache=1653940536684 HTTP/1.1" 200 19020
190.171.141.90 - - [30/May/2022:17:17:01 -0300] "GET /cormun/servlet/trpermisosgoce?gx-no-cache=1653940536684 HTTP/1.1" 200 19038
190.171.141.90 - - [30/May/2022:17:17:03 -0300] "POST /cormun/servlet/trpermisosgoce?5153fc49d51dd606dc03d6e995aea310,gx-no-cache=1653940536684,gx-no-cache=1653941027184 HTTP/1.1" 200 16320
190.171.152.234 - - [30/May/2022:17:17:03 -0300] "POST /cormun/servlet/solicitudotadjuntos?gx-no-cache=1653937453526 HTTP/1.1" 200 26
190.171.141.90 - - [30/May/2022:17:17:03 -0300] "GET /cormun/static/Shared/jqueryui/images/ui-bg_highlight-soft_100_c6c2c8_1x100.png HTTP/1.1" 404 1117
190.171.141.90 - - [30/May/2022:17:17:03 -0300] "GET /cormun/static/Shared/jqueryui/images/ui-icons_82798d_256x240.png HTTP/1.1" 404 1089
190.171.141.90 - - [30/May/2022:17:17:04 -0300] "GET /cormun/static/Shared/jqueryui/images/ui-bg_flat_55_fafafa_40x100.png HTTP/1.1" 404 1097
190.171.141.90 - - [30/May/2022:17:17:04 -0300] "GET /cormun/static/Shared/jqueryui/images/ui-icons_8d78a5_256x240.png HTTP/1.1" 404 1089
186.67.172.234 - - [30/May/2022:17:17:08 -0300] "GET /cormun/servlet/prlicenciaspermisos?6862513,L,,MD,,gxPopupLevel%3D0%3B HTTP/1.1" 200 5925
186.67.172.234 - - [30/May/2022:17:17:08 -0300] "GET /cormun/static/gxcfg.js?2020121559567 HTTP/1.1" 200 953
186.67.172.234 - - [30/May/2022:17:17:08 -0300] "GET /cormun/static/prlicenciaspermisos.js?2020121559821 HTTP/1.1" 200 13379
190.171.152.234 - - [30/May/2022:17:17:10 -0300] "GET /cormun/servlet/solicitudotadjuntos?0dac697048d75aba153316e451181a6cc749b9f0c72a3267f3719e93b232faba,gx-no-cache=1653937460229 HTTP/1.1" 200 30
190.171.152.234 - - [30/May/2022:17:17:10 -0300] "GET /cormun/servlet/solicitudotadjuntos?0dac697048d75aba153316e451181a6cc749b9f0c72a3267f3719e93b232faba,gx-no-cache=1653937460241 HTTP/1.1" 200 30
186.67.172.234 - - [30/May/2022:17:17:10 -0300] "POST /cormun/servlet/solicitudot?gx-no-cache=1653941036583 HTTP/1.1" 200 1454
190.171.152.234 - - [30/May/2022:17:17:11 -0300] "POST /cormun/servlet/solicitudotadjuntos?bb0e6e537e388f48cbd1fde9c8d4aefd,INS,2022,18800,,1, HTTP/1.1" 200 116
190.171.152.234 - - [30/May/2022:17:17:11 -0300] "GET /cormun/servlet/hpexe_return? HTTP/1.1" 200 1031
190.171.152.234 - - [30/May/2022:17:17:11 -0300] "GET /cormun/servlet/trsolicitudadjuntos?2022,18800, HTTP/1.1" 200 9360
190.171.152.234 - - [30/May/2022:17:17:11 -0300] "GET /cormun/servlet/trsolicitudadjuntos?2022,18800, HTTP/1.1" 200 9358
186.67.172.234 - - [30/May/2022:17:17:13 -0300] "POST /cormun/servlet/solicitudot?gx-no-cache=1653941039557 HTTP/1.1" 200 41
190.171.152.234 - - [30/May/2022:17:17:14 -0300] "GET /cormun/servlet/solicitudotadjuntos?INS,2022,18800,,1, HTTP/1.1" 200 6325
190.171.152.234 - - [30/May/2022:17:17:14 -0300] "GET /cormun/static/about:blank HTTP/1.1" 404 1011
190.171.152.234 - - [30/May/2022:17:17:14 -0300] "GET /cormun/servlet/solicitudotadjuntos?INS,2022,18800,,1, HTTP/1.1" 200 6319
190.171.141.90 - - [30/May/2022:17:17:14 -0300] "GET /cormun/servlet/permisogoce?INS,0,,, HTTP/1.1" 200 6854
190.171.141.90 - - [30/May/2022:17:17:14 -0300] "GET /cormun/servlet/permisogoce?INS,0,,, HTTP/1.1" 200 6832
190.171.152.234 - - [30/May/2022:17:17:14 -0300] "GET /cormun/servlet/solicitudotadjuntos?0dac697048d75aba153316e451181a6c8368c670be36941c0f8ee9841d0d3219506be4a2e4d71aff72cd6582aba9b800,gx-no-cache=1653937464376 HTTP/1.1" 200 30
190.171.152.234 - - [30/May/2022:17:17:14 -0300] "POST /cormun/servlet/solicitudotadjuntos?bb0e6e537e388f48cbd1fde9c8d4aefd,INS,2022,18800,,1,,gx-no-cache=1653937464393 HTTP/1.1" 200 4198
190.171.141.90 - - [30/May/2022:17:17:16 -0300] "GET /cormun/servlet/prfichaempleado?,MD,,gxPopupLevel%3D0%3B HTTP/1.1" 200 9269
190.171.152.234 - - [30/May/2022:17:17:25 -0300] "POST /cormun/servlet/solicitudotadjuntos?gx-no-cache=1653937474655 HTTP/1.1" 200 26
190.171.141.90 - - [30/May/2022:17:17:27 -0300] "POST /cormun/servlet/prfichaempleado?5153fc49d51dd606dc03d6e995aea310,,MD,,gxPopupLevel%3D0%3B,gx-no-cache=1653941050699 HTTP/1.1" 200 3770
186.67.172.234 - - [30/May/2022:17:17:27 -0300] "GET /cormun/servlet/solicitudot?f4dcfeb0176e0083615632a6d32629778eb3f52744e58c51f4344e3822095120287ae0b9e942c7f7fb98e2d6cda76c48f6db7f91c1a883061d2d742c042b15e2be6f45a5b9201ba16f84e73040ae4b9264dd64527ac7991952c6ec2b9e1322e8d4d6ec974d60b3e98e4ee881045799bc,gx-no-cache=1653941053801 HTTP/1.1" 200 110
186.67.172.234 - - [30/May/2022:17:17:28 -0300] "POST /cormun/servlet/solicitudot?gx-no-cache=1653941053821 HTTP/1.1" 200 97
190.171.152.234 - - [30/May/2022:17:17:30 -0300] "GET /cormun/servlet/solicitudotadjuntos?0dac697048d75aba153316e451181a6cc749b9f0c72a3267f3719e93b232faba,gx-no-cache=1653937480013 HTTP/1.1" 200 30
190.171.152.234 - - [30/May/2022:17:17:30 -0300] "GET /cormun/servlet/solicitudotadjuntos?0dac697048d75aba153316e451181a6cc749b9f0c72a3267f3719e93b232faba,gx-no-cache=1653937480026 HTTP/1.1" 200 30
190.171.152.234 - - [30/May/2022:17:17:30 -0300] "POST /cormun/servlet/solicitudotadjuntos?bb0e6e537e388f48cbd1fde9c8d4aefd,INS,2022,18800,,1, HTTP/1.1" 200 116
190.171.152.234 - - [30/May/2022:17:17:30 -0300] "GET /cormun/servlet/hpexe_return? HTTP/1.1" 200 1031
190.171.152.234 - - [30/May/2022:17:17:30 -0300] "GET /cormun/servlet/trsolicitudadjuntos?2022,18800, HTTP/1.1" 200 9569
190.171.152.234 - - [30/May/2022:17:17:31 -0300] "GET /cormun/servlet/trsolicitudadjuntos?2022,18800, HTTP/1.1" 200 9567
190.171.152.234 - - [30/May/2022:17:17:33 -0300] "GET /cormun/servlet/solicitudotadjuntos?INS,2022,18800,,1, HTTP/1.1" 200 6325
190.171.152.234 - - [30/May/2022:17:17:33 -0300] "GET /cormun/static/about:blank HTTP/1.1" 404 1011
186.67.172.234 - - [30/May/2022:17:17:33 -0300] "GET /cormun/servlet/solicitudot?f4dcfeb0176e0083615632a6d3262977bcd75de830ddca73f278c6ce313a128ce96412781aecdeeca1303e393ed2c5bb5cb033f9e13e59a1b1b45d8df508f1dc3c8e15b528430ce208bd2bce0ad1223adf67db725235f0a469bfa3863cb0079a90e7fecda3b62f08bf13b63c31d07f72,gx-no-cache=1653941059459 HTTP/1.1" 200 29
190.171.152.234 - - [30/May/2022:17:17:33 -0300] "GET /cormun/servlet/solicitudotadjuntos?INS,2022,18800,,1, HTTP/1.1" 200 6319
186.67.172.234 - - [30/May/2022:17:17:33 -0300] "GET /cormun/static/menuarrow.gif HTTP/1.1" 404 1015
190.171.152.234 - - [30/May/2022:17:17:34 -0300] "GET /cormun/servlet/solicitudotadjuntos?0dac697048d75aba153316e451181a6c8368c670be36941c0f8ee9841d0d3219506be4a2e4d71aff72cd6582aba9b800,gx-no-cache=1653937483738 HTTP/1.1" 200 30
190.171.152.234 - - [30/May/2022:17:17:34 -0300] "POST /cormun/servlet/solicitudotadjuntos?bb0e6e537e388f48cbd1fde9c8d4aefd,INS,2022,18800,,1,,gx-no-cache=1653937483755 HTTP/1.1" 200 4198
190.171.149.74 - - [30/May/2022:17:17:35 -0300] "GET /cormun/servlet/hlogin HTTP/1.1" 200 1728
190.171.141.90 - - [30/May/2022:17:17:35 -0300] "GET /cormun/servlet/permisogoce?f58d98f302bc64f895d6e895cffa9d5b0d4fa278892e9f3fdcecc83dbbb1b8c6e0e88fea703b498246aa42934e7e4079d34d27ff1d24ca14dd1eb794b1a26af4,gx-no-cache=1653941059541 HTTP/1.1" 200 77
190.171.141.90 - - [30/May/2022:17:17:35 -0300] "GET /cormun/static/menuarrow.gif HTTP/1.1" 404 1015
186.67.172.234 - - [30/May/2022:17:17:37 -0300] "GET /cormun/servlet/solicitudot?f4dcfeb0176e0083615632a6d326297797be80f9ae9bf4c9db859e1af08f1de1e89fd01a90205ee3256a532f77d13d12,gx-no-cache=1653941063080 HTTP/1.1" 200 30
186.67.172.234 - - [30/May/2022:17:17:37 -0300] "POST /cormun/servlet/solicitudot?gx-no-cache=1653941063098 HTTP/1.1" 200 34
190.171.152.234 - - [30/May/2022:17:17:38 -0300] "POST /cormun/servlet/solicitudotadjuntos?gx-no-cache=1653937487975 HTTP/1.1" 200 26
190.171.149.74 - - [30/May/2022:17:17:40 -0300] "POST /cormun/servlet/hlogin?0cf56f2e7ba51432d8ec7ee63f8a5ff6,gx-no-cache=1653941067255 HTTP/1.1" 200 90
190.171.149.74 - - [30/May/2022:17:17:40 -0300] "GET /cormun/servlet/hpexe_link HTTP/1.1" 200 952
190.171.149.74 - - [30/May/2022:17:17:40 -0300] "GET /cormun/servlet/hhome HTTP/1.1" 200 3977
190.171.149.74 - - [30/May/2022:17:17:41 -0300] "GET /cormun/servlet/hhome HTTP/1.1" 200 3973
190.171.149.74 - - [30/May/2022:17:17:44 -0300] "GET /cormun/servlet/trsolicitudot? HTTP/1.1" 200 7196
190.171.149.74 - - [30/May/2022:17:17:44 -0300] "GET /cormun/servlet/trsolicitudot? HTTP/1.1" 200 7195
190.171.152.234 - - [30/May/2022:17:17:46 -0300] "GET /cormun/servlet/solicitudotadjuntos?0dac697048d75aba153316e451181a6cc749b9f0c72a3267f3719e93b232faba,gx-no-cache=1653937496508 HTTP/1.1" 200 30
190.171.152.234 - - [30/May/2022:17:17:46 -0300] "GET /cormun/servlet/solicitudotadjuntos?0dac697048d75aba153316e451181a6cc749b9f0c72a3267f3719e93b232faba,gx-no-cache=1653937496520 HTTP/1.1" 200 30
190.171.149.74 - - [30/May/2022:17:17:47 -0300] "GET /cormun/servlet/solicitudot?INS,0,0,false, HTTP/1.1" 200 15700
186.67.172.234 - - [30/May/2022:17:17:47 -0300] "POST /cormun/servlet/solicitudot?a1a1f64f39a4e58501db516878ab10f2,INS,0,0,false,,gx-no-cache=1653941072942 HTTP/1.1" 200 13100
186.67.172.234 - - [30/May/2022:17:17:47 -0300] "GET /cormun/static/Shared/jqueryui/images/ui-bg_highlight-soft_100_c6c2c8_1x100.png HTTP/1.1" 404 1117
186.67.172.234 - - [30/May/2022:17:17:47 -0300] "GET /cormun/static/Shared/jqueryui/images/ui-icons_82798d_256x240.png HTTP/1.1" 404 1089
186.67.172.234 - - [30/May/2022:17:17:47 -0300] "GET /cormun/static/Shared/jqueryui/images/ui-bg_flat_55_994d53_40x100.png HTTP/1.1" 404 1097
186.67.172.234 - - [30/May/2022:17:17:47 -0300] "GET /cormun/static/Shared/jqueryui/images/ui-icons_ebccce_256x240.png HTTP/1.1" 404 1089
190.171.152.234 - - [30/May/2022:17:17:47 -0300] "POST /cormun/servlet/solicitudotadjuntos?bb0e6e537e388f48cbd1fde9c8d4aefd,INS,2022,18800,,1, HTTP/1.1" 200 116
190.171.152.234 - - [30/May/2022:17:17:47 -0300] "GET /cormun/servlet/hpexe_return? HTTP/1.1" 200 1031
190.171.149.74 - - [30/May/2022:17:17:47 -0300] "GET /cormun/servlet/solicitudot?INS,0,0,false, HTTP/1.1" 200 15708
190.171.152.234 - - [30/May/2022:17:17:47 -0300] "GET /cormun/servlet/trsolicitudadjuntos?2022,18800, HTTP/1.1" 200 9773
190.171.152.234 - - [30/May/2022:17:17:48 -0300] "GET /cormun/servlet/trsolicitudadjuntos?2022,18800, HTTP/1.1" 200 9770
190.171.152.234 - - [30/May/2022:17:17:49 -0300] "GET /cormun/servlet/solicitudotadjuntos?INS,2022,18800,,1, HTTP/1.1" 200 6325
190.171.141.90 - - [30/May/2022:17:17:49 -0300] "GET /cormun/servlet/permisogoce?f58d98f302bc64f895d6e895cffa9d5bd96905d44985164d456848d155ad2745bcc527b2296a1c4dfdf5490140d8052f0861cfed7e6827b7badb90104f4371a4,gx-no-cache=1653941073706 HTTP/1.1" 200 46
190.171.152.234 - - [30/May/2022:17:17:50 -0300] "GET /cormun/static/about:blank HTTP/1.1" 404 1011
190.171.152.234 - - [30/May/2022:17:17:50 -0300] "GET /cormun/servlet/solicitudotadjuntos?INS,2022,18800,,1, HTTP/1.1" 200 6319
190.171.152.234 - - [30/May/2022:17:17:50 -0300] "GET /cormun/servlet/solicitudotadjuntos?0dac697048d75aba153316e451181a6c8368c670be36941c0f8ee9841d0d3219506be4a2e4d71aff72cd6582aba9b800,gx-no-cache=1653937500167 HTTP/1.1" 200 30
190.171.152.234 - - [30/May/2022:17:17:50 -0300] "POST /cormun/servlet/solicitudotadjuntos?bb0e6e537e388f48cbd1fde9c8d4aefd,INS,2022,18800,,1,,gx-no-cache=1653937500184 HTTP/1.1" 200 4198
190.171.152.234 - - [30/May/2022:17:17:53 -0300] "POST /cormun/servlet/solicitudotadjuntos?gx-no-cache=1653937502461 HTTP/1.1" 200 26
186.67.172.234 - - [30/May/2022:17:17:53 -0300] "GET /cormun/servlet/solicitudot?f4dcfeb0176e0083615632a6d3262977456da85aa0735cd80b288c62146502f5d83d45475bcdac7da120ddebe478b7b498d521c39fb0efac6da0c7bd1ef27e0fed45a70c02f76713e84c61b741897a484cb7a8935ecf9672d288008dd9df729f6d718eda3f6e8a9b0d603815154a7a124226a20a9b386e95f9294bf86a7d2ff43b5c4185352a6b13fead071fbf2c9256f46b3e1278009e354337d3fd26e88e5236389b696797dda3634cf780789480a972a7393611f30a73be0e217264b55eb54c9356fd309f04fb91412d60573bf0c9f706e9f1464027f4b501374b8eb3e47cee8d556e6f1e94d99a13b2f675913e4faf53006b1bc5267e9561430c62b5197e71cfca3c4459270687b5b82d518d34caf911cdda870679ed6cd89e81af05c20e8bc86cfebec244e0b816bdfea921fdb08fcfb83899f9a6c0a00e5e47f590c9cccd68ab33c0c618de34d90185fde274bd9a3bca5ff3f93bf0d048c42c775058083f37ec16c13bee9820fca406c9b27217d2cd1a1d06dce05a855c3c5282e4c65b,gx-no-cache=1653941079509 HTTP/1.1" 200 30
186.67.172.234 - - [30/May/2022:17:17:53 -0300] "POST /cormun/servlet/solicitudot?gx-no-cache=1653941079551 HTTP/1.1" 200 30
186.67.172.234 - - [30/May/2022:17:17:53 -0300] "POST /cormun/servlet/solicitudot?gx-no-cache=1653941079582 HTTP/1.1" 200 1454
186.67.172.234 - - [30/May/2022:17:17:53 -0300] "POST /cormun/servlet/solicitudot?gx-no-cache=1653941079688 HTTP/1.1" 200 41
186.67.172.234 - - [30/May/2022:17:17:53 -0300] "GET /cormun/servlet/solicitudot?f4dcfeb0176e0083615632a6d32629778eb3f52744e58c51f4344e3822095120287ae0b9e942c7f7fb98e2d6cda76c48f6db7f91c1a883061d2d742c042b15e2be6f45a5b9201ba16f84e73040ae4b9264dd64527ac7991952c6ec2b9e1322e8d4d6ec974d60b3e98e4ee881045799bc,gx-no-cache=1653941079711 HTTP/1.1" 200 110
186.67.172.234 - - [30/May/2022:17:17:53 -0300] "POST /cormun/servlet/solicitudot?gx-no-cache=1653941079730 HTTP/1.1" 200 97
186.67.172.234 - - [30/May/2022:17:17:53 -0300] "GET /cormun/servlet/solicitudot?f4dcfeb0176e0083615632a6d326297797be80f9ae9bf4c9db859e1af08f1de1e89fd01a90205ee3256a532f77d13d12,gx-no-cache=1653941079750 HTTP/1.1" 200 30
186.67.172.234 - - [30/May/2022:17:17:53 -0300] "POST /cormun/servlet/solicitudot?gx-no-cache=1653941079767 HTTP/1.1" 200 34
186.67.172.234 - - [30/May/2022:17:17:54 -0300] "POST /cormun/servlet/solicitudot?a1a1f64f39a4e58501db516878ab10f2,INS,0,0,false,,gx-no-cache=1653941079789 HTTP/1.1" 200 93
186.67.172.234 - - [30/May/2022:17:17:54 -0300] "GET /cormun/servlet/hpexe_return? HTTP/1.1" 200 1009
186.67.172.234 - - [30/May/2022:17:17:54 -0300] "GET /cormun/static/hpexe_return.js?201991422392984 HTTP/1.1" 200 1633
186.67.172.234 - - [30/May/2022:17:17:54 -0300] "GET /cormun/static/gxcfg.js?201991422392976 HTTP/1.1" 200 953
186.67.172.234 - - [30/May/2022:17:17:54 -0300] "GET /cormun/servlet/trsolicitudot HTTP/1.1" 200 8933
186.67.172.234 - - [30/May/2022:17:17:54 -0300] "GET /cormun/servlet/trsolicitudot HTTP/1.1" 200 8929
190.171.152.234 - - [30/May/2022:17:17:59 -0300] "GET /cormun/servlet/solicitudotadjuntos?0dac697048d75aba153316e451181a6cc749b9f0c72a3267f3719e93b232faba,gx-no-cache=1653937508941 HTTP/1.1" 200 30
190.171.152.234 - - [30/May/2022:17:17:59 -0300] "GET /cormun/servlet/solicitudotadjuntos?0dac697048d75aba153316e451181a6cc749b9f0c72a3267f3719e93b232faba,gx-no-cache=1653937508955 HTTP/1.1" 200 30
190.171.141.90 - - [30/May/2022:17:17:59 -0300] "POST /cormun/servlet/permisogoce?5153fc49d51dd606dc03d6e995aea310,INS,0,,,,gx-no-cache=1653941082694 HTTP/1.1" 200 93
190.171.141.90 - - [30/May/2022:17:17:59 -0300] "GET /cormun/servlet/hpexe_return? HTTP/1.1" 200 1030
190.171.152.234 - - [30/May/2022:17:17:59 -0300] "POST /cormun/servlet/solicitudotadjuntos?bb0e6e537e388f48cbd1fde9c8d4aefd,INS,2022,18800,,1, HTTP/1.1" 200 116
190.171.152.234 - - [30/May/2022:17:17:59 -0300] "GET /cormun/servlet/hpexe_return? HTTP/1.1" 200 1031
190.171.141.90 - - [30/May/2022:17:17:59 -0300] "GET /cormun/servlet/trpermisosgoce?gx-no-cache=1653940536684 HTTP/1.1" 200 19038
190.171.152.234 - - [30/May/2022:17:18:00 -0300] "GET /cormun/servlet/trsolicitudadjuntos?2022,18800, HTTP/1.1" 200 10055
190.171.141.90 - - [30/May/2022:17:18:00 -0300] "GET /cormun/servlet/trpermisosgoce?gx-no-cache=1653940536684 HTTP/1.1" 200 19085
190.171.152.234 - - [30/May/2022:17:18:00 -0300] "GET /cormun/servlet/trsolicitudadjuntos?2022,18800, HTTP/1.1" 200 10054
190.171.152.234 - - [30/May/2022:17:18:02 -0300] "GET /cormun/servlet/solicitudotadjuntos?INS,2022,18800,,1, HTTP/1.1" 200 6325
190.171.152.234 - - [30/May/2022:17:18:02 -0300] "GET /cormun/static/about:blank HTTP/1.1" 404 1011
190.171.152.234 - - [30/May/2022:17:18:02 -0300] "GET /cormun/servlet/solicitudotadjuntos?INS,2022,18800,,1, HTTP/1.1" 200 6319
186.67.172.234 - - [30/May/2022:17:18:02 -0300] "POST /cormun/servlet/trsolicitudot?a1a1f64f39a4e58501db516878ab10f2,gx-no-cache=1653941088348 HTTP/1.1" 200 107
186.67.172.234 - - [30/May/2022:17:18:02 -0300] "GET /cormun/servlet/trsolicitudadjuntos?2022,18804, HTTP/1.1" 200 6474
186.67.172.234 - - [30/May/2022:17:18:02 -0300] "GET /cormun/static/gxcfg.js?20201215574222 HTTP/1.1" 200 953
186.67.172.234 - - [30/May/2022:17:18:02 -0300] "GET /cormun/static/Resources/PXToolsGridNew.png HTTP/1.1" 200 427
186.67.172.234 - - [30/May/2022:17:18:02 -0300] "GET /cormun/static/trsolicitudadjuntos.js?20201215574932 HTTP/1.1" 200 17922
186.67.172.234 - - [30/May/2022:17:18:02 -0300] "GET /cormun/servlet/trsolicitudadjuntos?2022,18804, HTTP/1.1" 200 6474
190.171.152.234 - - [30/May/2022:17:18:03 -0300] "GET /cormun/servlet/solicitudotadjuntos?0dac697048d75aba153316e451181a6c8368c670be36941c0f8ee9841d0d3219506be4a2e4d71aff72cd6582aba9b800,gx-no-cache=1653937512608 HTTP/1.1" 200 30
190.171.152.234 - - [30/May/2022:17:18:03 -0300] "POST /cormun/servlet/solicitudotadjuntos?bb0e6e537e388f48cbd1fde9c8d4aefd,INS,2022,18800,,1,,gx-no-cache=1653937512624 HTTP/1.1" 200 4198
186.67.172.234 - - [30/May/2022:17:18:04 -0300] "GET /cormun/servlet/solicitudotadjuntos?INS,2022,18804,,1, HTTP/1.1" 200 6411
186.67.172.234 - - [30/May/2022:17:18:04 -0300] "GET /cormun/static/gxcfg.js?202012157947 HTTP/1.1" 200 953
186.67.172.234 - - [30/May/2022:17:18:04 -0300] "GET /cormun/static/solicitudotadjuntos.js?202012157966 HTTP/1.1" 200 11771
186.67.172.234 - - [30/May/2022:17:18:04 -0300] "GET /cormun/static/about:blank HTTP/1.1" 404 1011
186.67.172.234 - - [30/May/2022:17:18:04 -0300] "GET /cormun/servlet/solicitudotadjuntos?INS,2022,18804,,1, HTTP/1.1" 200 6404
190.171.152.234 - - [30/May/2022:17:18:05 -0300] "POST /cormun/servlet/solicitudotadjuntos?gx-no-cache=1653937514726 HTTP/1.1" 200 26
186.67.172.234 - - [30/May/2022:17:18:05 -0300] "GET /cormun/servlet/solicitudotadjuntos?f4dcfeb0176e0083615632a6d326297731500446acf93127f11acb86549d0ab10d728edc22f075a0196620be4774ba98,gx-no-cache=1653941091135 HTTP/1.1" 200 30
186.67.172.234 - - [30/May/2022:17:18:05 -0300] "POST /cormun/servlet/solicitudotadjuntos?a1a1f64f39a4e58501db516878ab10f2,INS,2022,18804,,1,,gx-no-cache=1653941091160 HTTP/1.1" 200 4184
186.67.172.234 - - [30/May/2022:17:18:06 -0300] "POST /cormun/servlet/solicitudotadjuntos?gx-no-cache=1653941092709 HTTP/1.1" 200 26
190.171.149.74 - - [30/May/2022:17:18:09 -0300] "POST /cormun/servlet/solicitudot?gx-no-cache=1653941096444 HTTP/1.1" 200 4000
190.171.149.74 - - [30/May/2022:17:18:10 -0300] "POST /cormun/servlet/solicitudot?0cf56f2e7ba51432d8ec7ee63f8a5ff6,INS,0,0,false,,gx-no-cache=1653941096689 HTTP/1.1" 200 12543
190.171.152.234 - - [30/May/2022:17:18:10 -0300] "GET /cormun/servlet/solicitudotadjuntos?0dac697048d75aba153316e451181a6cc749b9f0c72a3267f3719e93b232faba,gx-no-cache=1653937520326 HTTP/1.1" 200 30
190.171.152.234 - - [30/May/2022:17:18:10 -0300] "GET /cormun/servlet/solicitudotadjuntos?0dac697048d75aba153316e451181a6cc749b9f0c72a3267f3719e93b232faba,gx-no-cache=1653937520337 HTTP/1.1" 200 30
190.171.152.234 - - [30/May/2022:17:18:11 -0300] "POST /cormun/servlet/solicitudotadjuntos?bb0e6e537e388f48cbd1fde9c8d4aefd,INS,2022,18800,,1, HTTP/1.1" 200 116
190.171.152.234 - - [30/May/2022:17:18:11 -0300] "GET /cormun/servlet/hpexe_return? HTTP/1.1" 200 1031
190.171.152.234 - - [30/May/2022:17:18:11 -0300] "GET /cormun/servlet/trsolicitudadjuntos?2022,18800, HTTP/1.1" 200 10211
190.171.152.234 - - [30/May/2022:17:18:12 -0300] "GET /cormun/servlet/trsolicitudadjuntos?2022,18800, HTTP/1.1" 200 10213
