192.168.10.17 - - [27/May/2022:09:44:44 -0300] "POST /cormun/servlet/vesolicitudgral?493cd471c98c91736795b1af960d7df4,2022,18773,,,gx-no-cache=1653654519038 HTTP/1.1" 200 12040
190.171.143.82 - - [27/May/2022:09:44:46 -0300] "GET /cormun/servlet/trpermisosgoce? HTTP/1.1" 200 13766
190.171.143.82 - - [27/May/2022:09:44:47 -0300] "GET /cormun/servlet/trpermisosgoce? HTTP/1.1" 200 13761
192.168.10.17 - - [27/May/2022:09:44:48 -0300] "GET /cormun/servlet/trautorizarot? HTTP/1.1" 200 9526
192.168.10.17 - - [27/May/2022:09:44:48 -0300] "GET /cormun/servlet/trautorizarot? HTTP/1.1" 200 9521
190.171.143.82 - - [27/May/2022:09:44:50 -0300] "GET /cormun/servlet/permisogoce?INS,0,,, HTTP/1.1" 200 7251
192.168.10.17 - - [27/May/2022:09:44:51 -0300] "POST /cormun/servlet/trautorizarot?493cd471c98c91736795b1af960d7df4,,gx-no-cache=1653654525662 HTTP/1.1" 200 5334
190.171.143.82 - - [27/May/2022:09:44:51 -0300] "GET /cormun/servlet/permisogoce?INS,0,,, HTTP/1.1" 200 7251
192.168.10.96 - - [27/May/2022:09:44:51 -0300] "GET /cormun/servlet/hlogin HTTP/1.1" 200 1725
192.168.10.96 - - [27/May/2022:09:44:54 -0300] "POST /cormun/servlet/hlogin?d03869fe4c832124c64ff09b5f4cc389,gx-no-cache=1653654528266 HTTP/1.1" 200 90
192.168.10.96 - - [27/May/2022:09:44:54 -0300] "GET /cormun/servlet/hpexe_link HTTP/1.1" 200 952
192.168.10.96 - - [27/May/2022:09:44:54 -0300] "GET /cormun/servlet/hhome HTTP/1.1" 200 3786
192.168.10.96 - - [27/May/2022:09:44:55 -0300] "GET /cormun/servlet/hhome HTTP/1.1" 200 3782
192.168.10.96 - - [27/May/2022:09:44:56 -0300] "GET /cormun/servlet/trsolicitudgral? HTTP/1.1" 200 28997
192.168.10.96 - - [27/May/2022:09:44:57 -0300] "GET /cormun/servlet/trsolicitudgral? HTTP/1.1" 200 28995
192.168.10.17 - - [27/May/2022:09:45:01 -0300] "GET /cormun/servlet/trsolicitudgral? HTTP/1.1" 200 10837
192.168.10.17 - - [27/May/2022:09:45:01 -0300] "GET /cormun/servlet/trsolicitudgral? HTTP/1.1" 200 10836
190.171.143.82 - - [27/May/2022:09:45:02 -0300] "GET /cormun/servlet/permisogoce?26c5a0cca34ba432077310746113b79408117a6fa440d3e3d6ee2d5c1b5e9e316212c81b69d665f8e57587f2b7e46b03ecb45a639f346fc4068999f43295a93a,gx-no-cache=1653654708897 HTTP/1.1" 200 79
190.171.143.82 - - [27/May/2022:09:45:02 -0300] "GET /cormun/static/menuarrow.gif HTTP/1.1" 404 1015
192.168.10.17 - - [27/May/2022:09:45:07 -0300] "POST /cormun/servlet/trsolicitudgral?493cd471c98c91736795b1af960d7df4,,gx-no-cache=1653654541890 HTTP/1.1" 200 6626
190.171.143.82 - - [27/May/2022:09:45:08 -0300] "GET /cormun/servlet/permisogoce?26c5a0cca34ba432077310746113b79479a7f2e9fad13e74867f285433a8d238a4c684dd02fa743881dc228d267ff17e8a0a0fc5d405b58ef9f0632fa99d1297,gx-no-cache=1653654715025 HTTP/1.1" 200 47
192.168.10.17 - - [27/May/2022:09:45:10 -0300] "GET /cormun/servlet/vesolicitudgral?2022,18773,, HTTP/1.1" 200 8375
192.168.10.17 - - [27/May/2022:09:45:10 -0300] "GET /cormun/pexe_scrolldiv.js HTTP/1.1" 404 1009
192.168.10.17 - - [27/May/2022:09:45:11 -0300] "GET /cormun/servlet/vesolicitudgral?2022,18773,, HTTP/1.1" 200 8375
192.168.10.96 - - [27/May/2022:09:45:12 -0300] "POST /cormun/servlet/trsolicitudgral?d03869fe4c832124c64ff09b5f4cc389,,gx-no-cache=1653654545728 HTTP/1.1" 200 26539
190.171.143.82 - - [27/May/2022:09:45:13 -0300] "POST /cormun/servlet/permisogoce?b345bba5c122776a4a0f0e43649a5713,INS,0,,,,gx-no-cache=1653654719905 HTTP/1.1" 200 93
190.171.143.82 - - [27/May/2022:09:45:14 -0300] "GET /cormun/servlet/hpexe_return? HTTP/1.1" 200 1013
190.171.143.82 - - [27/May/2022:09:45:14 -0300] "GET /cormun/servlet/trpermisosgoce HTTP/1.1" 200 14006
192.168.10.96 - - [27/May/2022:09:45:15 -0300] "POST /cormun/servlet/trsolicitudgral?d03869fe4c832124c64ff09b5f4cc389,,gx-no-cache=1653654548634 HTTP/1.1" 200 21933
190.171.143.82 - - [27/May/2022:09:45:17 -0300] "GET /cormun/servlet/trpermisosgoce HTTP/1.1" 200 14005
190.171.143.82 - - [27/May/2022:09:45:21 -0300] "POST /cormun/servlet/trpermisosgoce?b345bba5c122776a4a0f0e43649a5713,gx-no-cache=1653654727540 HTTP/1.1" 200 11205
192.168.10.96 - - [27/May/2022:09:45:24 -0300] "GET /cormun/servlet/vesolicitudgral?2022,18392,, HTTP/1.1" 200 8330
192.168.10.96 - - [27/May/2022:09:45:24 -0300] "GET /cormun/pexe_scrolldiv.js HTTP/1.1" 404 1009
192.168.10.96 - - [27/May/2022:09:45:24 -0300] "GET /cormun/servlet/vesolicitudgral?2022,18392,, HTTP/1.1" 200 8329
190.171.143.82 - - [27/May/2022:09:45:26 -0300] "GET /cormun/servlet/apermisogoceprn?12572811,P,20220527082844,PU HTTP/1.1" 200 1653
192.168.10.96 - - [27/May/2022:09:45:28 -0300] "POST /cormun/servlet/vesolicitudgral?d03869fe4c832124c64ff09b5f4cc389,2022,18392,,,gx-no-cache=1653654561697 HTTP/1.1" 200 90
192.168.10.96 - - [27/May/2022:09:45:28 -0300] "GET /cormun/servlet/hpexe_link HTTP/1.1" 200 969
192.168.10.96 - - [27/May/2022:09:45:28 -0300] "GET /cormun/servlet/trsolicitudgral? HTTP/1.1" 200 24779
192.168.10.96 - - [27/May/2022:09:45:29 -0300] "GET /cormun/servlet/trsolicitudgral? HTTP/1.1" 200 24778
192.168.10.96 - - [27/May/2022:09:45:39 -0300] "GET /cormun/servlet/vesolicitudgral?2022,18529,, HTTP/1.1" 200 8324
192.168.10.96 - - [27/May/2022:09:45:39 -0300] "GET /cormun/pexe_scrolldiv.js HTTP/1.1" 404 1009
192.168.10.96 - - [27/May/2022:09:45:39 -0300] "GET /cormun/servlet/vesolicitudgral?2022,18529,, HTTP/1.1" 200 8322
192.168.10.96 - - [27/May/2022:09:46:38 -0300] "POST /cormun/servlet/vesolicitudgral?d03869fe4c832124c64ff09b5f4cc389,2022,18529,,,gx-no-cache=1653654631633 HTTP/1.1" 200 12079
192.168.10.96 - - [27/May/2022:09:46:38 -0300] "GET /cormun/static/Shared/jqueryui/images/ui-icons_82798d_256x240.png HTTP/1.1" 404 1089
192.168.10.96 - - [27/May/2022:09:46:38 -0300] "GET /cormun/static/Shared/jqueryui/images/ui-bg_highlight-soft_100_c6c2c8_1x100.png HTTP/1.1" 404 1117
192.168.10.96 - - [27/May/2022:09:46:38 -0300] "GET /cormun/static/Shared/jqueryui/images/ui-bg_flat_55_fafafa_40x100.png HTTP/1.1" 404 1097
192.168.10.96 - - [27/May/2022:09:46:38 -0300] "GET /cormun/static/Shared/jqueryui/images/ui-icons_8d78a5_256x240.png HTTP/1.1" 404 1089
192.168.10.96 - - [27/May/2022:09:46:38 -0300] "POST /cormun/servlet/vesolicitudgral?d03869fe4c832124c64ff09b5f4cc389,2022,18529,,,gx-no-cache=1653654631901 HTTP/1.1" 200 12012
192.168.10.96 - - [27/May/2022:09:46:41 -0300] "GET /cormun/servlet/trsolicitudgral? HTTP/1.1" 200 24310
192.168.10.96 - - [27/May/2022:09:46:42 -0300] "GET /cormun/servlet/trsolicitudgral? HTTP/1.1" 200 24305
192.168.10.96 - - [27/May/2022:09:46:50 -0300] "GET /cormun/servlet/vesolicitudgral?2022,18533,, HTTP/1.1" 200 8363
192.168.10.96 - - [27/May/2022:09:46:50 -0300] "GET /cormun/pexe_scrolldiv.js HTTP/1.1" 404 1009
192.168.10.96 - - [27/May/2022:09:46:50 -0300] "GET /cormun/servlet/vesolicitudgral?2022,18533,, HTTP/1.1" 200 8363
192.168.10.96 - - [27/May/2022:09:46:56 -0300] "GET /cormun/servlet/trsolicitudgral? HTTP/1.1" 200 24310
192.168.10.96 - - [27/May/2022:09:46:57 -0300] "GET /cormun/servlet/trsolicitudgral? HTTP/1.1" 200 24305
192.168.10.96 - - [27/May/2022:09:47:06 -0300] "GET /cormun/servlet/vesolicitudgral?2022,18556,, HTTP/1.1" 200 8379
192.168.10.96 - - [27/May/2022:09:47:06 -0300] "GET /cormun/pexe_scrolldiv.js HTTP/1.1" 404 1009
192.168.10.96 - - [27/May/2022:09:47:06 -0300] "GET /cormun/servlet/vesolicitudgral?2022,18556,, HTTP/1.1" 200 8379
192.168.10.96 - - [27/May/2022:09:47:10 -0300] "GET /cormun/servlet/trsolicitudgral? HTTP/1.1" 200 24310
192.168.10.96 - - [27/May/2022:09:47:11 -0300] "GET /cormun/servlet/trsolicitudgral? HTTP/1.1" 200 24305
181.212.42.153 - - [27/May/2022:09:47:14 -0300] "GET /cormun/servlet/trlicencias HTTP/1.1" 200 7242
181.212.42.153 - - [27/May/2022:09:47:14 -0300] "GET /cormun/servlet/hlogin HTTP/1.1" 200 1743
181.212.42.153 - - [27/May/2022:09:47:14 -0300] "GET /cormun/servlet/trlicencias HTTP/1.1" 200 7240
181.212.42.153 - - [27/May/2022:09:47:14 -0300] "GET /favicon.ico HTTP/1.1" 200 21630
192.168.10.96 - - [27/May/2022:09:47:18 -0300] "POST /cormun/servlet/trsolicitudgral?d03869fe4c832124c64ff09b5f4cc389,,gx-no-cache=1653654671841 HTTP/1.1" 200 6637
181.212.42.153 - - [27/May/2022:09:47:19 -0300] "POST /cormun/servlet/hlogin?93ad917ea65544463fd0812f1d08688b,gx-no-cache=1653654936720 HTTP/1.1" 200 90
181.212.42.153 - - [27/May/2022:09:47:19 -0300] "GET /cormun/servlet/hpexe_link HTTP/1.1" 200 959
181.212.42.153 - - [27/May/2022:09:47:20 -0300] "GET /cormun/servlet/trlicencias HTTP/1.1" 200 13338
181.212.42.153 - - [27/May/2022:09:47:20 -0300] "GET /cormun/servlet/trlicencias HTTP/1.1" 200 13336
192.168.10.17 - - [27/May/2022:09:47:22 -0300] "GET /cormun/servlet/trsolicitudgral? HTTP/1.1" 200 8294
192.168.10.17 - - [27/May/2022:09:47:22 -0300] "GET /cormun/servlet/trsolicitudgral? HTTP/1.1" 200 8282
192.168.10.96 - - [27/May/2022:09:47:23 -0300] "POST /cormun/servlet/trsolicitudgral?d03869fe4c832124c64ff09b5f4cc389,,gx-no-cache=1653654676776 HTTP/1.1" 200 9807
192.168.10.17 - - [27/May/2022:09:47:28 -0300] "POST /cormun/servlet/trsolicitudgral?493cd471c98c91736795b1af960d7df4,,gx-no-cache=1653654682393 HTTP/1.1" 200 7820
192.168.10.96 - - [27/May/2022:09:47:31 -0300] "GET /cormun/servlet/vesolicitudgral?2022,18633,, HTTP/1.1" 200 8355
192.168.10.96 - - [27/May/2022:09:47:31 -0300] "GET /cormun/pexe_scrolldiv.js HTTP/1.1" 404 1009
192.168.10.96 - - [27/May/2022:09:47:31 -0300] "GET /cormun/servlet/vesolicitudgral?2022,18633,, HTTP/1.1" 200 8354
192.168.10.17 - - [27/May/2022:09:47:34 -0300] "GET /cormun/servlet/vesolicitudgral?2022,18775,, HTTP/1.1" 200 8365
192.168.10.17 - - [27/May/2022:09:47:34 -0300] "GET /cormun/pexe_scrolldiv.js HTTP/1.1" 404 1009
192.168.10.17 - - [27/May/2022:09:47:34 -0300] "GET /cormun/servlet/vesolicitudgral?2022,18775,, HTTP/1.1" 200 8364
190.171.142.10 - - [27/May/2022:09:47:54 -0300] "POST /cormun/servlet/trlicencias?f5e6de15793b0b72772b1051bd8df28f,,gx-no-cache=1653654880283 HTTP/1.1" 440 972
190.171.142.10 - - [27/May/2022:09:47:56 -0300] "GET /cormun/servlet/trlicencias? HTTP/1.1" 200 7239
190.171.142.10 - - [27/May/2022:09:47:56 -0300] "GET /cormun/servlet/hlogin HTTP/1.1" 200 1744
190.171.142.10 - - [27/May/2022:09:47:56 -0300] "GET /cormun/servlet/trlicencias? HTTP/1.1" 200 7239
190.171.142.10 - - [27/May/2022:09:48:04 -0300] "POST /cormun/servlet/hlogin?503b64612a0b917d54f88a7f8c60ba8c,gx-no-cache=1653654890581 HTTP/1.1" 200 90
190.171.142.10 - - [27/May/2022:09:48:04 -0300] "GET /cormun/servlet/hpexe_link HTTP/1.1" 200 959
190.171.142.10 - - [27/May/2022:09:48:04 -0300] "GET /cormun/servlet/trlicencias HTTP/1.1" 200 15155
190.171.142.10 - - [27/May/2022:09:48:05 -0300] "GET /cormun/servlet/trlicencias HTTP/1.1" 200 15153
192.168.10.17 - - [27/May/2022:09:48:18 -0300] "POST /cormun/servlet/vesolicitudgral?493cd471c98c91736795b1af960d7df4,2022,18775,,,gx-no-cache=1653654732781 HTTP/1.1" 200 12075
192.168.10.17 - - [27/May/2022:09:48:18 -0300] "GET /cormun/static/Shared/jqueryui/images/ui-bg_highlight-soft_100_c6c2c8_1x100.png HTTP/1.1" 404 1117
192.168.10.17 - - [27/May/2022:09:48:18 -0300] "GET /cormun/static/Shared/jqueryui/images/ui-icons_82798d_256x240.png HTTP/1.1" 404 1089
192.168.10.17 - - [27/May/2022:09:48:18 -0300] "GET /cormun/static/Shared/jqueryui/images/ui-icons_8d78a5_256x240.png HTTP/1.1" 404 1089
192.168.10.17 - - [27/May/2022:09:48:18 -0300] "GET /cormun/static/Shared/jqueryui/images/ui-bg_flat_55_fafafa_40x100.png HTTP/1.1" 404 1097
192.168.10.17 - - [27/May/2022:09:48:18 -0300] "POST /cormun/servlet/vesolicitudgral?493cd471c98c91736795b1af960d7df4,2022,18775,,,gx-no-cache=1653654732976 HTTP/1.1" 200 12009
192.168.10.17 - - [27/May/2022:09:48:20 -0300] "GET /cormun/servlet/trautorizarot? HTTP/1.1" 200 9518
192.168.10.17 - - [27/May/2022:09:48:20 -0300] "GET /cormun/servlet/trautorizarot? HTTP/1.1" 200 9514
192.168.10.17 - - [27/May/2022:09:48:23 -0300] "POST /cormun/servlet/trautorizarot?493cd471c98c91736795b1af960d7df4,,gx-no-cache=1653654738059 HTTP/1.1" 200 5331
192.168.10.17 - - [27/May/2022:09:48:27 -0300] "GET /cormun/servlet/trsolicitudgral? HTTP/1.1" 200 10528
192.168.10.17 - - [27/May/2022:09:48:27 -0300] "GET /cormun/servlet/trsolicitudgral? HTTP/1.1" 200 10528
192.168.10.96 - - [27/May/2022:09:48:31 -0300] "POST /cormun/servlet/vesolicitudgral?d03869fe4c832124c64ff09b5f4cc389,2022,18633,,,gx-no-cache=1653654745219 HTTP/1.1" 200 90
192.168.10.96 - - [27/May/2022:09:48:31 -0300] "GET /cormun/servlet/hpexe_link HTTP/1.1" 200 968
192.168.10.96 - - [27/May/2022:09:48:31 -0300] "GET /cormun/servlet/trsolicitudgral? HTTP/1.1" 200 12849
192.168.10.96 - - [27/May/2022:09:48:32 -0300] "GET /cormun/servlet/trsolicitudgral? HTTP/1.1" 200 12847
192.168.10.17 - - [27/May/2022:09:48:34 -0300] "POST /cormun/servlet/trsolicitudgral?493cd471c98c91736795b1af960d7df4,,gx-no-cache=1653654749098 HTTP/1.1" 200 6620
192.168.10.17 - - [27/May/2022:09:48:36 -0300] "GET /cormun/servlet/vesolicitudgral?2022,18775,, HTTP/1.1" 200 8367
192.168.10.17 - - [27/May/2022:09:48:36 -0300] "GET /cormun/pexe_scrolldiv.js HTTP/1.1" 404 1009
192.168.10.17 - - [27/May/2022:09:48:37 -0300] "GET /cormun/servlet/vesolicitudgral?2022,18775,, HTTP/1.1" 200 8364
192.168.10.96 - - [27/May/2022:09:48:50 -0300] "GET /cormun/servlet/vesolicitudgral?2022,18720,, HTTP/1.1" 200 8346
192.168.10.96 - - [27/May/2022:09:48:50 -0300] "GET /cormun/pexe_scrolldiv.js HTTP/1.1" 404 1009
192.168.10.96 - - [27/May/2022:09:48:50 -0300] "GET /cormun/servlet/vesolicitudgral?2022,18720,, HTTP/1.1" 200 8346
192.168.10.96 - - [27/May/2022:09:48:55 -0300] "POST /cormun/servlet/vesolicitudgral?d03869fe4c832124c64ff09b5f4cc389,2022,18720,,,gx-no-cache=1653654768863 HTTP/1.1" 200 12056
192.168.10.96 - - [27/May/2022:09:48:55 -0300] "GET /cormun/static/Shared/jqueryui/images/ui-icons_82798d_256x240.png HTTP/1.1" 404 1089
192.168.10.96 - - [27/May/2022:09:48:55 -0300] "GET /cormun/static/Shared/jqueryui/images/ui-bg_highlight-soft_100_c6c2c8_1x100.png HTTP/1.1" 404 1117
192.168.10.96 - - [27/May/2022:09:48:55 -0300] "GET /cormun/static/Shared/jqueryui/images/ui-icons_8d78a5_256x240.png HTTP/1.1" 404 1089
192.168.10.96 - - [27/May/2022:09:48:55 -0300] "GET /cormun/static/Shared/jqueryui/images/ui-bg_flat_55_fafafa_40x100.png HTTP/1.1" 404 1097
192.168.10.96 - - [27/May/2022:09:48:55 -0300] "POST /cormun/servlet/vesolicitudgral?d03869fe4c832124c64ff09b5f4cc389,2022,18720,,,gx-no-cache=1653654769048 HTTP/1.1" 200 11990
192.168.10.96 - - [27/May/2022:09:48:57 -0300] "GET /cormun/servlet/trautorizarot? HTTP/1.1" 200 9547
192.168.10.96 - - [27/May/2022:09:48:57 -0300] "GET /cormun/servlet/trautorizarot? HTTP/1.1" 200 9542
192.168.10.96 - - [27/May/2022:09:48:59 -0300] "POST /cormun/servlet/trautorizarot?d03869fe4c832124c64ff09b5f4cc389,,gx-no-cache=1653654773161 HTTP/1.1" 200 5344
192.168.10.96 - - [27/May/2022:09:49:14 -0300] "GET /cormun/servlet/trsolicitudgral? HTTP/1.1" 200 12374
192.168.10.96 - - [27/May/2022:09:49:14 -0300] "GET /cormun/servlet/trsolicitudgral? HTTP/1.1" 200 12374
192.168.10.96 - - [27/May/2022:09:49:17 -0300] "GET /cormun/servlet/vesolicitudgral?2022,18718,, HTTP/1.1" 200 8359
192.168.10.96 - - [27/May/2022:09:49:17 -0300] "GET /cormun/pexe_scrolldiv.js HTTP/1.1" 404 1009
192.168.10.96 - - [27/May/2022:09:49:18 -0300] "GET /cormun/servlet/vesolicitudgral?2022,18718,, HTTP/1.1" 200 8358
200.54.107.2 - - [27/May/2022:09:49:29 -0300] "GET /cormun/servlet/hlogin HTTP/1.1" 200 1729
200.54.107.2 - - [27/May/2022:09:49:39 -0300] "POST /cormun/servlet/hlogin?ac65be7450e9562e97f24002dd352a3c,gx-no-cache=1653654986208 HTTP/1.1" 200 90
200.54.107.2 - - [27/May/2022:09:49:40 -0300] "GET /cormun/servlet/hpexe_link HTTP/1.1" 200 954
200.54.107.2 - - [27/May/2022:09:49:40 -0300] "GET /cormun/servlet/hhome HTTP/1.1" 200 4353
200.54.107.2 - - [27/May/2022:09:49:41 -0300] "GET /cormun/servlet/hhome HTTP/1.1" 200 4349
200.54.107.2 - - [27/May/2022:09:49:45 -0300] "GET /cormun/servlet/trpermisosgoce? HTTP/1.1" 200 11823
200.54.107.2 - - [27/May/2022:09:49:45 -0300] "GET /cormun/static/gxcfg.js?2020121631564 HTTP/1.1" 200 953
200.54.107.2 - - [27/May/2022:09:49:45 -0300] "GET /cormun/static/trpermisosgoce.js?2020121633681 HTTP/1.1" 200 35904
200.54.107.2 - - [27/May/2022:09:49:45 -0300] "GET /cormun/servlet/trpermisosgoce? HTTP/1.1" 200 11820
200.54.107.2 - - [27/May/2022:09:50:10 -0300] "POST /cormun/servlet/trpermisosgoce?ac65be7450e9562e97f24002dd352a3c,,gx-no-cache=1653655016762 HTTP/1.1" 200 13242
192.168.10.96 - - [27/May/2022:09:50:12 -0300] "POST /cormun/servlet/vesolicitudgral?d03869fe4c832124c64ff09b5f4cc389,2022,18718,,,gx-no-cache=1653654846459 HTTP/1.1" 200 12111
192.168.10.96 - - [27/May/2022:09:50:12 -0300] "GET /cormun/static/Shared/jqueryui/images/ui-bg_highlight-soft_100_c6c2c8_1x100.png HTTP/1.1" 404 1117
192.168.10.96 - - [27/May/2022:09:50:12 -0300] "GET /cormun/static/Shared/jqueryui/images/ui-icons_82798d_256x240.png HTTP/1.1" 404 1089
192.168.10.96 - - [27/May/2022:09:50:12 -0300] "GET /cormun/static/Shared/jqueryui/images/ui-bg_flat_55_fafafa_40x100.png HTTP/1.1" 404 1097
192.168.10.96 - - [27/May/2022:09:50:12 -0300] "GET /cormun/static/Shared/jqueryui/images/ui-icons_8d78a5_256x240.png HTTP/1.1" 404 1089
192.168.10.96 - - [27/May/2022:09:50:13 -0300] "POST /cormun/servlet/vesolicitudgral?d03869fe4c832124c64ff09b5f4cc389,2022,18718,,,gx-no-cache=1653654846650 HTTP/1.1" 200 12044
192.168.10.96 - - [27/May/2022:09:50:14 -0300] "GET /cormun/servlet/trautorizarot? HTTP/1.1" 200 9558
192.168.10.96 - - [27/May/2022:09:50:15 -0300] "GET /cormun/servlet/trautorizarot? HTTP/1.1" 200 9554
192.168.10.96 - - [27/May/2022:09:50:17 -0300] "POST /cormun/servlet/trautorizarot?d03869fe4c832124c64ff09b5f4cc389,,gx-no-cache=1653654851012 HTTP/1.1" 200 5355
192.168.10.96 - - [27/May/2022:09:50:18 -0300] "GET /cormun/servlet/trsolicitudgral? HTTP/1.1" 200 11825
192.168.10.96 - - [27/May/2022:09:50:18 -0300] "GET /cormun/servlet/trsolicitudgral? HTTP/1.1" 200 11824
200.54.237.82 - - [27/May/2022:09:50:43 -0300] "GET /cormun/servlet/trcontratounov2? HTTP/1.1" 200 5906
200.54.237.82 - - [27/May/2022:09:50:45 -0300] "GET /cormun/servlet/trcontratounov2? HTTP/1.1" 200 5917
200.54.237.82 - - [27/May/2022:09:50:45 -0300] "GET /cormun/servlet/hlogin HTTP/1.1" 200 1741
192.168.10.17 - - [27/May/2022:09:50:50 -0300] "GET /cormun/servlet/trsolicitudgral? HTTP/1.1" 200 8294
192.168.10.17 - - [27/May/2022:09:50:50 -0300] "GET /cormun/servlet/trsolicitudgral? HTTP/1.1" 200 8282
200.54.237.82 - - [27/May/2022:09:50:57 -0300] "POST /cormun/servlet/hlogin?55fb16d25530495850177112f8eb5ad7,gx-no-cache=1653655064244 HTTP/1.1" 200 90
200.54.237.82 - - [27/May/2022:09:50:57 -0300] "GET /cormun/servlet/hpexe_link HTTP/1.1" 200 954
200.54.237.82 - - [27/May/2022:09:50:57 -0300] "GET /cormun/servlet/trcontratounov2 HTTP/1.1" 200 17648
192.168.10.17 - - [27/May/2022:09:50:58 -0300] "POST /cormun/servlet/trsolicitudgral?493cd471c98c91736795b1af960d7df4,,gx-no-cache=1653654892729 HTTP/1.1" 200 7509
200.54.237.82 - - [27/May/2022:09:50:58 -0300] "GET /cormun/servlet/trcontratounov2 HTTP/1.1" 200 17646
192.168.10.17 - - [27/May/2022:09:51:15 -0300] "POST /cormun/servlet/trsolicitudgral?493cd471c98c91736795b1af960d7df4,,gx-no-cache=1653654909408 HTTP/1.1" 200 7630
200.54.237.82 - - [27/May/2022:09:51:15 -0300] "GET /cormun/servlet/trlicencias? HTTP/1.1" 200 12356
200.54.237.82 - - [27/May/2022:09:51:15 -0300] "GET /cormun/servlet/trlicencias? HTTP/1.1" 200 12355
192.168.10.96 - - [27/May/2022:09:51:20 -0300] "POST /cormun/servlet/trsolicitudgral?d03869fe4c832124c64ff09b5f4cc389,,gx-no-cache=1653654913500 HTTP/1.1" 200 8612
192.168.10.96 - - [27/May/2022:09:51:28 -0300] "GET /cormun/servlet/vesolicitudgral?2022,18581,, HTTP/1.1" 200 8316
192.168.10.96 - - [27/May/2022:09:51:28 -0300] "GET /cormun/pexe_scrolldiv.js HTTP/1.1" 404 1009
192.168.10.96 - - [27/May/2022:09:51:28 -0300] "GET /cormun/servlet/vesolicitudgral?2022,18581,, HTTP/1.1" 200 8316
192.168.10.96 - - [27/May/2022:09:51:52 -0300] "POST /cormun/servlet/vesolicitudgral?d03869fe4c832124c64ff09b5f4cc389,2022,18581,,,gx-no-cache=1653654945940 HTTP/1.1" 200 12067
192.168.10.96 - - [27/May/2022:09:51:52 -0300] "GET /cormun/static/Shared/jqueryui/images/ui-bg_highlight-soft_100_c6c2c8_1x100.png HTTP/1.1" 404 1117
192.168.10.96 - - [27/May/2022:09:51:52 -0300] "GET /cormun/static/Shared/jqueryui/images/ui-icons_82798d_256x240.png HTTP/1.1" 404 1089
192.168.10.96 - - [27/May/2022:09:51:52 -0300] "GET /cormun/static/Shared/jqueryui/images/ui-bg_flat_55_fafafa_40x100.png HTTP/1.1" 404 1097
192.168.10.96 - - [27/May/2022:09:51:52 -0300] "GET /cormun/static/Shared/jqueryui/images/ui-icons_8d78a5_256x240.png HTTP/1.1" 404 1089
192.168.10.96 - - [27/May/2022:09:51:52 -0300] "POST /cormun/servlet/vesolicitudgral?d03869fe4c832124c64ff09b5f4cc389,2022,18581,,,gx-no-cache=1653654946130 HTTP/1.1" 200 12000
192.168.10.96 - - [27/May/2022:09:51:54 -0300] "GET /cormun/servlet/trautorizarot? HTTP/1.1" 200 9555
192.168.10.96 - - [27/May/2022:09:51:54 -0300] "GET /cormun/servlet/trautorizarot? HTTP/1.1" 200 9550
192.168.10.96 - - [27/May/2022:09:51:56 -0300] "POST /cormun/servlet/trautorizarot?d03869fe4c832124c64ff09b5f4cc389,,gx-no-cache=1653654950444 HTTP/1.1" 200 5353
192.168.10.96 - - [27/May/2022:09:51:58 -0300] "GET /cormun/servlet/trsolicitudgral? HTTP/1.1" 200 11344
192.168.10.96 - - [27/May/2022:09:51:59 -0300] "GET /cormun/servlet/trsolicitudgral? HTTP/1.1" 200 11344
192.168.10.96 - - [27/May/2022:09:52:02 -0300] "POST /cormun/servlet/trsolicitudgral?d03869fe4c832124c64ff09b5f4cc389,,gx-no-cache=1653654956332 HTTP/1.1" 200 7963
192.168.10.96 - - [27/May/2022:09:52:02 -0300] "GET /cormun/static/Shared/jqueryui/images/ui-icons_82798d_256x240.png HTTP/1.1" 404 1089
192.168.10.96 - - [27/May/2022:09:52:02 -0300] "GET /cormun/static/Shared/jqueryui/images/ui-bg_highlight-soft_100_c6c2c8_1x100.png HTTP/1.1" 404 1117
192.168.10.96 - - [27/May/2022:09:52:02 -0300] "GET /cormun/static/Shared/jqueryui/images/ui-bg_flat_55_fafafa_40x100.png HTTP/1.1" 404 1097
192.168.10.96 - - [27/May/2022:09:52:02 -0300] "GET /cormun/static/Shared/jqueryui/images/ui-icons_8d78a5_256x240.png HTTP/1.1" 404 1089
192.168.10.96 - - [27/May/2022:09:52:05 -0300] "GET /cormun/servlet/vesolicitudgral?2022,18641,, HTTP/1.1" 200 8324
192.168.10.96 - - [27/May/2022:09:52:05 -0300] "GET /cormun/pexe_scrolldiv.js HTTP/1.1" 404 1009
192.168.10.96 - - [27/May/2022:09:52:05 -0300] "GET /cormun/servlet/vesolicitudgral?2022,18641,, HTTP/1.1" 200 8324
190.171.141.82 - - [27/May/2022:09:52:21 -0300] "GET /cormun/servlet/hlogin HTTP/1.1" 200 1737
192.168.10.17 - - [27/May/2022:09:52:23 -0300] "POST /cormun/servlet/trsolicitudgral?493cd471c98c91736795b1af960d7df4,,gx-no-cache=1653654977720 HTTP/1.1" 200 7935
192.168.10.96 - - [27/May/2022:09:52:25 -0300] "POST /cormun/servlet/vesolicitudgral?d03869fe4c832124c64ff09b5f4cc389,2022,18641,,,gx-no-cache=1653654978868 HTTP/1.1" 200 12054
192.168.10.96 - - [27/May/2022:09:52:25 -0300] "GET /cormun/static/Shared/jqueryui/images/ui-bg_highlight-soft_100_c6c2c8_1x100.png HTTP/1.1" 404 1117
192.168.10.96 - - [27/May/2022:09:52:25 -0300] "GET /cormun/static/Shared/jqueryui/images/ui-icons_82798d_256x240.png HTTP/1.1" 404 1089
192.168.10.96 - - [27/May/2022:09:52:25 -0300] "GET /cormun/static/Shared/jqueryui/images/ui-icons_8d78a5_256x240.png HTTP/1.1" 404 1089
192.168.10.96 - - [27/May/2022:09:52:25 -0300] "GET /cormun/static/Shared/jqueryui/images/ui-bg_flat_55_fafafa_40x100.png HTTP/1.1" 404 1097
192.168.10.96 - - [27/May/2022:09:52:25 -0300] "POST /cormun/servlet/vesolicitudgral?d03869fe4c832124c64ff09b5f4cc389,2022,18641,,,gx-no-cache=1653654979069 HTTP/1.1" 200 11988
192.168.10.96 - - [27/May/2022:09:52:27 -0300] "GET /cormun/servlet/trautorizarot? HTTP/1.1" 200 10026
192.168.10.96 - - [27/May/2022:09:52:27 -0300] "GET /cormun/servlet/trautorizarot? HTTP/1.1" 200 10022
192.168.10.96 - - [27/May/2022:09:52:29 -0300] "POST /cormun/servlet/trautorizarot?d03869fe4c832124c64ff09b5f4cc389,,gx-no-cache=1653654983312 HTTP/1.1" 200 5346
192.168.10.96 - - [27/May/2022:09:52:30 -0300] "GET /cormun/servlet/trsolicitudgral? HTTP/1.1" 200 10489
192.168.10.96 - - [27/May/2022:09:52:31 -0300] "GET /cormun/servlet/trsolicitudgral? HTTP/1.1" 200 10489
192.168.10.96 - - [27/May/2022:09:52:37 -0300] "GET /cormun/servlet/vesolicitudgral?2022,18696,, HTTP/1.1" 200 8359
192.168.10.96 - - [27/May/2022:09:52:37 -0300] "GET /cormun/pexe_scrolldiv.js HTTP/1.1" 404 1009
192.168.10.96 - - [27/May/2022:09:52:38 -0300] "GET /cormun/servlet/vesolicitudgral?2022,18696,, HTTP/1.1" 200 8358
192.168.10.96 - - [27/May/2022:09:52:42 -0300] "GET /cormun/servlet/trsolicitudgral? HTTP/1.1" 200 10489
192.168.10.96 - - [27/May/2022:09:52:42 -0300] "GET /cormun/servlet/trsolicitudgral? HTTP/1.1" 200 10489
192.168.10.17 - - [27/May/2022:09:53:11 -0300] "POST /cormun/servlet/trsolicitudgral?493cd471c98c91736795b1af960d7df4,,gx-no-cache=1653655025960 HTTP/1.1" 200 6656
192.168.10.17 - - [27/May/2022:09:53:29 -0300] "POST /cormun/servlet/trsolicitudgral?493cd471c98c91736795b1af960d7df4,,gx-no-cache=1653655043407 HTTP/1.1" 200 7853
192.168.10.96 - - [27/May/2022:09:54:32 -0300] "GET /cormun/servlet/trautorizarot? HTTP/1.1" 200 8111
192.168.10.96 - - [27/May/2022:09:54:32 -0300] "GET /cormun/servlet/trautorizarot? HTTP/1.1" 200 8111
192.168.10.96 - - [27/May/2022:09:54:36 -0300] "POST /cormun/servlet/trautorizarot?d03869fe4c832124c64ff09b5f4cc389,,gx-no-cache=1653655110285 HTTP/1.1" 200 6540
192.168.10.96 - - [27/May/2022:09:54:37 -0300] "POST /cormun/servlet/trautorizarot?d03869fe4c832124c64ff09b5f4cc389,,gx-no-cache=1653655110622 HTTP/1.1" 200 6540
192.168.10.96 - - [27/May/2022:09:54:39 -0300] "POST /cormun/servlet/trautorizarot?d03869fe4c832124c64ff09b5f4cc389,,gx-no-cache=1653655112814 HTTP/1.1" 200 5330
192.168.10.96 - - [27/May/2022:09:54:47 -0300] "GET /cormun/servlet/trsolicitudgral? HTTP/1.1" 200 10489
192.168.10.96 - - [27/May/2022:09:54:48 -0300] "GET /cormun/servlet/trsolicitudgral? HTTP/1.1" 200 10489
192.168.10.96 - - [27/May/2022:09:54:51 -0300] "POST /cormun/servlet/trsolicitudgral?d03869fe4c832124c64ff09b5f4cc389,,gx-no-cache=1653655124961 HTTP/1.1" 200 7434
192.168.10.96 - - [27/May/2022:09:55:02 -0300] "POST /cormun/servlet/trsolicitudgral?d03869fe4c832124c64ff09b5f4cc389,,gx-no-cache=1653655135928 HTTP/1.1" 200 7841
192.168.10.96 - - [27/May/2022:09:55:03 -0300] "GET /cormun/servlet/vesolicitudgral?2022,18529,, HTTP/1.1" 200 8324
192.168.10.96 - - [27/May/2022:09:55:03 -0300] "GET /cormun/pexe_scrolldiv.js HTTP/1.1" 404 1009
192.168.10.96 - - [27/May/2022:09:55:04 -0300] "GET /cormun/servlet/vesolicitudgral?2022,18529,, HTTP/1.1" 200 8322
192.168.10.96 - - [27/May/2022:09:55:05 -0300] "GET /cormun/servlet/vesolicitudgral?2022,18529,,SolicitudOTAdjuntos HTTP/1.1" 200 10907
192.168.10.96 - - [27/May/2022:09:55:05 -0300] "GET /cormun/pexe_scrolldiv.js HTTP/1.1" 404 1009
192.168.10.96 - - [27/May/2022:09:55:06 -0300] "GET /cormun/servlet/vesolicitudgral?2022,18529,,SolicitudOTAdjuntos HTTP/1.1" 200 10912
192.168.10.96 - - [27/May/2022:09:55:06 -0300] "POST /cormun/servlet/acontrolpreferencessavestate?None,RRHH+DANIELA,true HTTP/1.1" 200 35
192.168.10.96 - - [27/May/2022:09:55:08 -0300] "GET /cormun/PublicTempStorage/certificado_de_antecedentes_javier_soto4565063.pdf HTTP/1.1" 200 34478
192.168.10.17 - - [27/May/2022:09:55:18 -0300] "POST /cormun/servlet/trsolicitudgral?493cd471c98c91736795b1af960d7df4,,gx-no-cache=1653655152769 HTTP/1.1" 200 7092
192.168.10.96 - - [27/May/2022:09:55:30 -0300] "GET /cormun/servlet/vesolicitudgral?2022,18529,,SolicitudOTAdjuntos HTTP/1.1" 200 10912
192.168.10.96 - - [27/May/2022:09:55:30 -0300] "GET /cormun/servlet/vesolicitudgral?2022,18529,,SolicitudOTAdjuntos HTTP/1.1" 200 10912
200.54.107.2 - - [27/May/2022:09:55:30 -0300] "GET /cormun/servlet/permisogoce?INS,0,,, HTTP/1.1" 200 7248
200.54.107.2 - - [27/May/2022:09:55:31 -0300] "GET /cormun/static/gxcfg.js?20201215124560 HTTP/1.1" 200 953
200.54.107.2 - - [27/May/2022:09:55:31 -0300] "GET /cormun/static/permisogoce.js?20201215124939 HTTP/1.1" 200 27919
192.168.10.96 - - [27/May/2022:09:55:31 -0300] "POST /cormun/servlet/acontrolpreferencessavestate?None,RRHH+DANIELA,true HTTP/1.1" 200 35
200.54.107.2 - - [27/May/2022:09:55:31 -0300] "GET /cormun/servlet/permisogoce?INS,0,,, HTTP/1.1" 200 7248
192.168.10.96 - - [27/May/2022:09:55:35 -0300] "GET /cormun/PublicTempStorage/curriculum_javier_soto_becerra4560224.pdf HTTP/1.1" 200 86322
192.168.10.17 - - [27/May/2022:09:55:44 -0300] "POST /cormun/servlet/trsolicitudgral?493cd471c98c91736795b1af960d7df4,,gx-no-cache=1653655178409 HTTP/1.1" 200 5261
192.168.10.17 - - [27/May/2022:09:55:55 -0300] "POST /cormun/servlet/trsolicitudgral?493cd471c98c91736795b1af960d7df4,,gx-no-cache=1653655189625 HTTP/1.1" 200 5258
192.168.10.96 - - [27/May/2022:09:56:02 -0300] "GET /cormun/servlet/vesolicitudgral?2022,18529,,SolicitudOTAdjuntos HTTP/1.1" 200 10910
192.168.10.96 - - [27/May/2022:09:56:03 -0300] "GET /cormun/servlet/vesolicitudgral?2022,18529,,SolicitudOTAdjuntos HTTP/1.1" 200 10915
192.168.10.96 - - [27/May/2022:09:56:04 -0300] "POST /cormun/servlet/acontrolpreferencessavestate?None,RRHH+DANIELA,true HTTP/1.1" 200 35
192.168.10.96 - - [27/May/2022:09:56:04 -0300] "GET /cormun/PublicTempStorage/certificado_afiliacion_afp1452713.pdf HTTP/1.1" 200 25635
200.54.107.2 - - [27/May/2022:09:56:08 -0300] "GET /cormun/servlet/permisogoce?9ebf18582404a8b965363d5c6298a2ce84bfb2013df18bdd3ab2bb3e3e38414e6f07fd475e445b9608702433cfcce874282691a829e663bb35776edc20dc1a58,gx-no-cache=1653655375058 HTTP/1.1" 200 81
200.54.107.2 - - [27/May/2022:09:56:08 -0300] "GET /cormun/static/menuarrow.gif HTTP/1.1" 404 1015
192.168.10.96 - - [27/May/2022:09:56:16 -0300] "GET /cormun/servlet/vesolicitudgral?2022,18529,,SolicitudOTAdjuntos HTTP/1.1" 200 10914
192.168.10.96 - - [27/May/2022:09:56:16 -0300] "GET /cormun/servlet/vesolicitudgral?2022,18529,,SolicitudOTAdjuntos HTTP/1.1" 200 10910
192.168.10.96 - - [27/May/2022:09:56:17 -0300] "POST /cormun/servlet/acontrolpreferencessavestate?None,RRHH+DANIELA,true HTTP/1.1" 200 35
200.54.107.2 - - [27/May/2022:09:56:20 -0300] "GET /cormun/servlet/permisogoce?9ebf18582404a8b965363d5c6298a2ce86db69fb898f8368b22eae07b0ee17686e08475928a79f9b6b5bb8a89c2ad24ffc429fd1d0f1f2bce374201d44557e67,gx-no-cache=1653655386663 HTTP/1.1" 200 47
192.168.10.96 - - [27/May/2022:09:56:20 -0300] "GET /cormun/PublicTempStorage/certificado_filiacion_fonasa_javier_soto7498970.pdf HTTP/1.1" 200 71797
200.54.107.2 - - [27/May/2022:09:56:23 -0300] "POST /cormun/servlet/permisogoce?ac65be7450e9562e97f24002dd352a3c,INS,0,,,,gx-no-cache=1653655389299 HTTP/1.1" 200 93
200.54.107.2 - - [27/May/2022:09:56:23 -0300] "GET /cormun/servlet/hpexe_return? HTTP/1.1" 200 1012
200.54.107.2 - - [27/May/2022:09:56:23 -0300] "GET /cormun/servlet/trpermisosgoce? HTTP/1.1" 200 16255
200.54.107.2 - - [27/May/2022:09:56:24 -0300] "GET /cormun/servlet/trpermisosgoce? HTTP/1.1" 200 16248
200.54.107.2 - - [27/May/2022:09:56:27 -0300] "GET /cormun/servlet/apermisogoceprn?16911147,P,20220527083924,PU HTTP/1.1" 200 1666
192.168.10.96 - - [27/May/2022:09:56:31 -0300] "GET /cormun/servlet/vesolicitudgral?2022,18529,,SolicitudOTAdjuntos HTTP/1.1" 200 10908
192.168.10.96 - - [27/May/2022:09:56:32 -0300] "GET /cormun/servlet/vesolicitudgral?2022,18529,,SolicitudOTAdjuntos HTTP/1.1" 200 10911
192.168.10.96 - - [27/May/2022:09:56:33 -0300] "POST /cormun/servlet/acontrolpreferencessavestate?None,RRHH+DANIELA,true HTTP/1.1" 200 35
192.168.10.96 - - [27/May/2022:09:56:33 -0300] "GET /cormun/servlet/vesolicitudgral?2022,18529,,General HTTP/1.1" 200 8329
192.168.10.96 - - [27/May/2022:09:56:33 -0300] "GET /cormun/pexe_scrolldiv.js HTTP/1.1" 404 1009
192.168.10.96 - - [27/May/2022:09:56:33 -0300] "GET /cormun/servlet/vesolicitudgral?2022,18529,,General HTTP/1.1" 200 8329
192.168.10.17 - - [27/May/2022:09:56:59 -0300] "POST /cormun/servlet/trsolicitudgral?493cd471c98c91736795b1af960d7df4,,gx-no-cache=1653655253174 HTTP/1.1" 200 5260
192.168.10.17 - - [27/May/2022:09:57:03 -0300] "POST /cormun/servlet/trsolicitudgral?493cd471c98c91736795b1af960d7df4,,gx-no-cache=1653655256989 HTTP/1.1" 200 5261
192.168.10.17 - - [27/May/2022:09:57:20 -0300] "POST /cormun/servlet/trsolicitudgral?493cd471c98c91736795b1af960d7df4,,gx-no-cache=1653655273656 HTTP/1.1" 200 6638
190.171.141.90 - - [27/May/2022:09:57:20 -0300] "POST /cormun/servlet/trlicencias?8d43ec3ee1743bae3efe968abfa79cd0,gx-no-cache=1653655447053 HTTP/1.1" 440 972
190.171.141.90 - - [27/May/2022:09:57:22 -0300] "GET /cormun/servlet/trlicencias HTTP/1.1" 200 7240
190.171.141.90 - - [27/May/2022:09:57:22 -0300] "GET /cormun/servlet/hlogin HTTP/1.1" 200 1745
190.171.141.90 - - [27/May/2022:09:57:22 -0300] "GET /cormun/servlet/trlicencias HTTP/1.1" 200 7240
190.171.141.90 - - [27/May/2022:09:57:29 -0300] "POST /cormun/servlet/hlogin?5d9b313a1e16a0becd9d9b4fc4ab6e13,gx-no-cache=1653655455749 HTTP/1.1" 200 447
190.171.141.90 - - [27/May/2022:09:57:36 -0300] "POST /cormun/servlet/hlogin?5d9b313a1e16a0becd9d9b4fc4ab6e13,gx-no-cache=1653655462556 HTTP/1.1" 200 90
190.171.141.90 - - [27/May/2022:09:57:36 -0300] "GET /cormun/servlet/hpexe_link HTTP/1.1" 200 959
190.171.141.90 - - [27/May/2022:09:57:36 -0300] "GET /cormun/servlet/trlicencias HTTP/1.1" 200 15975
190.171.141.90 - - [27/May/2022:09:57:37 -0300] "GET /cormun/servlet/trlicencias HTTP/1.1" 200 15973
192.168.10.96 - - [27/May/2022:09:57:45 -0300] "GET /cormun/servlet/vesolicitudgral?2022,18529,,SolicitudOTAdjuntos HTTP/1.1" 200 10920
192.168.10.96 - - [27/May/2022:09:57:45 -0300] "GET /cormun/pexe_scrolldiv.js HTTP/1.1" 404 1009
192.168.10.96 - - [27/May/2022:09:57:45 -0300] "GET /cormun/servlet/vesolicitudgral?2022,18529,,SolicitudOTAdjuntos HTTP/1.1" 200 10918
192.168.10.96 - - [27/May/2022:09:57:46 -0300] "POST /cormun/servlet/acontrolpreferencessavestate?None,RRHH+DANIELA,true HTTP/1.1" 200 35
192.168.10.17 - - [27/May/2022:09:57:46 -0300] "POST /cormun/servlet/trsolicitudgral?493cd471c98c91736795b1af960d7df4,,gx-no-cache=1653655300328 HTTP/1.1" 200 5259
192.168.10.96 - - [27/May/2022:09:57:50 -0300] "GET /cormun/PublicTempStorage/certificado_licenciatura_javier_soto9155393.pdf HTTP/1.1" 200 515548
192.168.10.96 - - [27/May/2022:09:57:54 -0300] "GET /cormun/servlet/vesolicitudgral?2022,18529,,SolicitudOTAdjuntos HTTP/1.1" 200 10919
192.168.10.96 - - [27/May/2022:09:57:55 -0300] "GET /cormun/servlet/vesolicitudgral?2022,18529,,SolicitudOTAdjuntos HTTP/1.1" 200 10919
192.168.10.96 - - [27/May/2022:09:57:55 -0300] "POST /cormun/servlet/acontrolpreferencessavestate?None,RRHH+DANIELA,true HTTP/1.1" 200 35
192.168.10.17 - - [27/May/2022:09:57:58 -0300] "POST /cormun/servlet/trsolicitudgral?493cd471c98c91736795b1af960d7df4,,gx-no-cache=1653655311961 HTTP/1.1" 200 6637
190.171.141.122 - - [27/May/2022:09:58:28 -0300] "GET /cormun/servlet/hlogin HTTP/1.1" 200 1728
192.168.10.17 - - [27/May/2022:09:58:56 -0300] "POST /cormun/servlet/trsolicitudgral?493cd471c98c91736795b1af960d7df4,,gx-no-cache=1653655370048 HTTP/1.1" 200 8743
190.171.141.122 - - [27/May/2022:09:59:08 -0300] "POST /cormun/servlet/hlogin?c047c89b4ecd53e49448223738dbc5fe,gx-no-cache=1653655554783 HTTP/1.1" 200 90
190.171.141.122 - - [27/May/2022:09:59:08 -0300] "GET /cormun/servlet/hpexe_link HTTP/1.1" 200 952
190.171.141.122 - - [27/May/2022:09:59:08 -0300] "GET /cormun/servlet/hhome HTTP/1.1" 200 3866
190.171.141.122 - - [27/May/2022:09:59:10 -0300] "GET /cormun/servlet/hhome HTTP/1.1" 200 3863
192.168.10.96 - - [27/May/2022:09:59:11 -0300] "GET /cormun/servlet/trsolicitudgral? HTTP/1.1" 200 10441
192.168.10.96 - - [27/May/2022:09:59:11 -0300] "GET /cormun/servlet/trsolicitudgral? HTTP/1.1" 200 10432
192.168.10.96 - - [27/May/2022:09:59:15 -0300] "GET /cormun/servlet/vesolicitudgral?2022,18581,, HTTP/1.1" 200 8320
192.168.10.96 - - [27/May/2022:09:59:15 -0300] "GET /cormun/pexe_scrolldiv.js HTTP/1.1" 404 1009
192.168.10.96 - - [27/May/2022:09:59:15 -0300] "GET /cormun/servlet/vesolicitudgral?2022,18581,, HTTP/1.1" 200 8320
190.171.141.122 - - [27/May/2022:09:59:15 -0300] "GET /cormun/servlet/trpermisosgoce? HTTP/1.1" 200 9128
190.171.141.122 - - [27/May/2022:09:59:16 -0300] "GET /cormun/servlet/trpermisosgoce? HTTP/1.1" 200 9126
192.168.10.96 - - [27/May/2022:09:59:18 -0300] "GET /cormun/servlet/trsolicitudgral? HTTP/1.1" 200 10441
192.168.10.96 - - [27/May/2022:09:59:18 -0300] "GET /cormun/servlet/trsolicitudgral? HTTP/1.1" 200 10432
192.168.10.96 - - [27/May/2022:09:59:20 -0300] "GET /cormun/servlet/vesolicitudgral?2022,18582,, HTTP/1.1" 200 8313
192.168.10.96 - - [27/May/2022:09:59:20 -0300] "GET /cormun/pexe_scrolldiv.js HTTP/1.1" 404 1009
192.168.10.96 - - [27/May/2022:09:59:21 -0300] "GET /cormun/servlet/vesolicitudgral?2022,18582,, HTTP/1.1" 200 8312
190.171.141.122 - - [27/May/2022:09:59:22 -0300] "GET /cormun/static/menuarrow.gif HTTP/1.1" 404 1015
192.168.10.96 - - [27/May/2022:09:59:24 -0300] "GET /cormun/servlet/trsolicitudgral? HTTP/1.1" 200 10441
192.168.10.96 - - [27/May/2022:09:59:24 -0300] "GET /cormun/servlet/trsolicitudgral? HTTP/1.1" 200 10432
192.168.10.17 - - [27/May/2022:10:00:38 -0300] "POST /cormun/servlet/trsolicitudgral?493cd471c98c91736795b1af960d7df4,,gx-no-cache=1653655471825 HTTP/1.1" 200 5259
192.168.10.17 - - [27/May/2022:10:00:58 -0300] "POST /cormun/servlet/trsolicitudgral?493cd471c98c91736795b1af960d7df4,,gx-no-cache=1653655491656 HTTP/1.1" 200 9556
190.171.141.122 - - [27/May/2022:10:01:08 -0300] "GET /cormun/servlet/permisogoce?INS,0,,, HTTP/1.1" 200 6727
190.171.141.122 - - [27/May/2022:10:01:08 -0300] "GET /cormun/static/gxcfg.js?20201215124560 HTTP/1.1" 200 953
190.171.141.122 - - [27/May/2022:10:01:09 -0300] "GET /cormun/static/permisogoce.js?20201215124939 HTTP/1.1" 200 27919
190.171.141.122 - - [27/May/2022:10:01:10 -0300] "GET /cormun/servlet/permisogoce?INS,0,,, HTTP/1.1" 200 6727
190.171.141.122 - - [27/May/2022:10:01:23 -0300] "GET /cormun/servlet/permisogoce?b8d4ec4dd3d2676c0e022129dd88daee2ceaa7894d364e55459f1ce8d29d26b1460657a7d3f49eb41352c8dc239b504787888b2af272b9b4c0f5f7f5cb703ab4,gx-no-cache=1653655689958 HTTP/1.1" 200 82
190.171.141.122 - - [27/May/2022:10:01:24 -0300] "GET /cormun/static/menuarrow.gif HTTP/1.1" 404 1015
190.171.141.122 - - [27/May/2022:10:01:37 -0300] "GET /cormun/servlet/permisogoce?b8d4ec4dd3d2676c0e022129dd88daeeb7ebc5ede54626863870bc51fdf29743c18fbdcdc1c5713a7dcb0de3930222fa7ce9995de4fa966053982f8278754893,gx-no-cache=1653655703740 HTTP/1.1" 200 47
190.171.141.122 - - [27/May/2022:10:01:46 -0300] "POST /cormun/servlet/permisogoce?c047c89b4ecd53e49448223738dbc5fe,INS,0,,,,gx-no-cache=1653655711944 HTTP/1.1" 200 93
190.171.141.122 - - [27/May/2022:10:01:46 -0300] "GET /cormun/servlet/hpexe_return? HTTP/1.1" 200 1010
190.171.141.122 - - [27/May/2022:10:01:47 -0300] "GET /cormun/servlet/trpermisosgoce HTTP/1.1" 200 9364
190.171.141.122 - - [27/May/2022:10:01:47 -0300] "GET /cormun/servlet/trpermisosgoce HTTP/1.1" 200 9359
192.168.10.17 - - [27/May/2022:10:01:52 -0300] "POST /cormun/servlet/trsolicitudgral?493cd471c98c91736795b1af960d7df4,,gx-no-cache=1653655545578 HTTP/1.1" 200 8452
190.171.141.122 - - [27/May/2022:10:01:56 -0300] "GET /cormun/servlet/apermisogoceprn?13344089,P,20220527084502,PU HTTP/1.1" 200 1650
192.168.10.17 - - [27/May/2022:10:02:19 -0300] "POST /cormun/servlet/trsolicitudgral?493cd471c98c91736795b1af960d7df4,,gx-no-cache=1653655572841 HTTP/1.1" 200 5261
192.168.10.17 - - [27/May/2022:10:02:35 -0300] "POST /cormun/servlet/trsolicitudgral?493cd471c98c91736795b1af960d7df4,,gx-no-cache=1653655589023 HTTP/1.1" 200 7098
192.168.10.96 - - [27/May/2022:10:02:40 -0300] "POST /cormun/servlet/trsolicitudgral?d03869fe4c832124c64ff09b5f4cc389,,gx-no-cache=1653655593393 HTTP/1.1" 200 26365
192.168.10.96 - - [27/May/2022:10:02:47 -0300] "POST /cormun/servlet/trsolicitudgral?d03869fe4c832124c64ff09b5f4cc389,,gx-no-cache=1653655601149 HTTP/1.1" 200 7495
192.168.10.17 - - [27/May/2022:10:02:49 -0300] "POST /cormun/servlet/trsolicitudgral?493cd471c98c91736795b1af960d7df4,,gx-no-cache=1653655603025 HTTP/1.1" 200 7839
192.168.10.96 - - [27/May/2022:10:02:56 -0300] "GET /cormun/servlet/vesolicitudgral?2022,18730,, HTTP/1.1" 200 8365
192.168.10.96 - - [27/May/2022:10:02:56 -0300] "GET /cormun/pexe_scrolldiv.js HTTP/1.1" 404 1009
192.168.10.96 - - [27/May/2022:10:02:56 -0300] "GET /cormun/servlet/vesolicitudgral?2022,18730,, HTTP/1.1" 200 8364
192.168.10.96 - - [27/May/2022:10:03:21 -0300] "POST /cormun/servlet/vesolicitudgral?d03869fe4c832124c64ff09b5f4cc389,2022,18730,,,gx-no-cache=1653655635320 HTTP/1.1" 200 90
192.168.10.96 - - [27/May/2022:10:03:21 -0300] "GET /cormun/servlet/hpexe_link HTTP/1.1" 200 969
192.168.10.96 - - [27/May/2022:10:03:21 -0300] "GET /cormun/servlet/trsolicitudgral? HTTP/1.1" 200 10490
192.168.10.96 - - [27/May/2022:10:03:22 -0300] "GET /cormun/servlet/trsolicitudgral? HTTP/1.1" 200 10489
192.168.10.96 - - [27/May/2022:10:03:28 -0300] "POST /cormun/servlet/trsolicitudgral?d03869fe4c832124c64ff09b5f4cc389,,gx-no-cache=1653655642107 HTTP/1.1" 200 6717
192.168.10.96 - - [27/May/2022:10:03:28 -0300] "GET /cormun/static/Shared/jqueryui/images/ui-icons_82798d_256x240.png HTTP/1.1" 404 1089
192.168.10.96 - - [27/May/2022:10:03:28 -0300] "GET /cormun/static/Shared/jqueryui/images/ui-bg_highlight-soft_100_c6c2c8_1x100.png HTTP/1.1" 404 1117
192.168.10.96 - - [27/May/2022:10:03:28 -0300] "GET /cormun/static/Shared/jqueryui/images/ui-icons_8d78a5_256x240.png HTTP/1.1" 404 1089
192.168.10.96 - - [27/May/2022:10:03:28 -0300] "GET /cormun/static/Shared/jqueryui/images/ui-bg_flat_55_fafafa_40x100.png HTTP/1.1" 404 1097
192.168.10.96 - - [27/May/2022:10:03:32 -0300] "GET /cormun/servlet/vesolicitudgral?2022,18696,, HTTP/1.1" 200 8359
192.168.10.96 - - [27/May/2022:10:03:32 -0300] "GET /cormun/pexe_scrolldiv.js HTTP/1.1" 404 1009
192.168.10.96 - - [27/May/2022:10:03:33 -0300] "GET /cormun/servlet/vesolicitudgral?2022,18696,, HTTP/1.1" 200 8358
192.168.10.17 - - [27/May/2022:10:03:41 -0300] "POST /cormun/servlet/trsolicitudgral?493cd471c98c91736795b1af960d7df4,,gx-no-cache=1653655654553 HTTP/1.1" 200 7856
192.168.10.96 - - [27/May/2022:10:04:25 -0300] "POST /cormun/servlet/vesolicitudgral?d03869fe4c832124c64ff09b5f4cc389,2022,18696,,,gx-no-cache=1653655699499 HTTP/1.1" 200 12101
192.168.10.96 - - [27/May/2022:10:04:26 -0300] "GET /cormun/static/Shared/jqueryui/images/ui-bg_highlight-soft_100_c6c2c8_1x100.png HTTP/1.1" 404 1117
192.168.10.96 - - [27/May/2022:10:04:26 -0300] "GET /cormun/static/Shared/jqueryui/images/ui-icons_82798d_256x240.png HTTP/1.1" 404 1089
192.168.10.96 - - [27/May/2022:10:04:26 -0300] "GET /cormun/static/Shared/jqueryui/images/ui-icons_8d78a5_256x240.png HTTP/1.1" 404 1089
192.168.10.96 - - [27/May/2022:10:04:26 -0300] "GET /cormun/static/Shared/jqueryui/images/ui-bg_flat_55_fafafa_40x100.png HTTP/1.1" 404 1097
192.168.10.96 - - [27/May/2022:10:04:26 -0300] "POST /cormun/servlet/vesolicitudgral?d03869fe4c832124c64ff09b5f4cc389,2022,18696,,,gx-no-cache=1653655699698 HTTP/1.1" 200 12035
192.168.10.96 - - [27/May/2022:10:04:27 -0300] "GET /cormun/servlet/trsolicitudgral? HTTP/1.1" 200 8294
192.168.10.96 - - [27/May/2022:10:04:28 -0300] "GET /cormun/servlet/trsolicitudgral? HTTP/1.1" 200 8282
192.168.10.96 - - [27/May/2022:10:04:31 -0300] "GET /cormun/servlet/trautorizarot? HTTP/1.1" 200 10336
192.168.10.96 - - [27/May/2022:10:04:31 -0300] "GET /cormun/servlet/trautorizarot? HTTP/1.1" 200 10336
192.168.10.96 - - [27/May/2022:10:04:34 -0300] "POST /cormun/servlet/trautorizarot?d03869fe4c832124c64ff09b5f4cc389,,gx-no-cache=1653655708207 HTTP/1.1" 200 5349
192.168.10.96 - - [27/May/2022:10:04:36 -0300] "GET /cormun/servlet/trsolicitudgral? HTTP/1.1" 200 8282
192.168.10.96 - - [27/May/2022:10:04:36 -0300] "GET /cormun/servlet/trsolicitudgral? HTTP/1.1" 200 8282
192.168.10.17 - - [27/May/2022:10:04:37 -0300] "POST /cormun/servlet/trsolicitudgral?493cd471c98c91736795b1af960d7df4,,gx-no-cache=1653655710792 HTTP/1.1" 200 5260
192.168.10.96 - - [27/May/2022:10:04:42 -0300] "POST /cormun/servlet/trsolicitudgral?d03869fe4c832124c64ff09b5f4cc389,,gx-no-cache=1653655716376 HTTP/1.1" 200 5252
190.171.144.234 - - [27/May/2022:10:04:47 -0300] "GET /cormun/servlet/hlogin HTTP/1.1" 200 1749
192.168.10.17 - - [27/May/2022:10:04:48 -0300] "POST /cormun/servlet/trsolicitudgral?493cd471c98c91736795b1af960d7df4,,gx-no-cache=1653655722528 HTTP/1.1" 200 8885
190.171.144.234 - - [27/May/2022:10:07:17 -0300] "POST /cormun/servlet/hlogin?2b307d362c0ca1d316e722f5cba8b75d,gx-no-cache=1653656044561 HTTP/1.1" 200 90
190.171.144.234 - - [27/May/2022:10:07:18 -0300] "GET /cormun/servlet/hpexe_link HTTP/1.1" 200 956
190.171.144.234 - - [27/May/2022:10:07:18 -0300] "GET /cormun/servlet/hhome HTTP/1.1" 200 3990
190.171.144.234 - - [27/May/2022:10:07:18 -0300] "GET /cormun/servlet/hhome HTTP/1.1" 200 3986
192.168.10.96 - - [27/May/2022:10:07:26 -0300] "POST /cormun/servlet/trsolicitudgral?d03869fe4c832124c64ff09b5f4cc389,,gx-no-cache=1653655879767 HTTP/1.1" 200 8444
192.168.10.96 - - [27/May/2022:10:07:44 -0300] "GET /cormun/servlet/vesolicitudgral?2022,18614,, HTTP/1.1" 200 8360
192.168.10.96 - - [27/May/2022:10:07:44 -0300] "GET /cormun/pexe_scrolldiv.js HTTP/1.1" 404 1009
192.168.10.96 - - [27/May/2022:10:07:44 -0300] "GET /cormun/servlet/vesolicitudgral?2022,18614,, HTTP/1.1" 200 8359
192.168.10.17 - - [27/May/2022:10:07:56 -0300] "GET /cormun/servlet/vesolicitudgral?2022,18690,, HTTP/1.1" 200 8358
192.168.10.17 - - [27/May/2022:10:07:56 -0300] "GET /cormun/pexe_scrolldiv.js HTTP/1.1" 404 1009
192.168.10.17 - - [27/May/2022:10:07:57 -0300] "GET /cormun/servlet/vesolicitudgral?2022,18690,, HTTP/1.1" 200 8358
192.168.10.17 - - [27/May/2022:10:07:58 -0300] "GET /cormun/servlet/vesolicitudgral?2022,18690,,SolicitudOTAdjuntos HTTP/1.1" 200 10842
192.168.10.17 - - [27/May/2022:10:07:58 -0300] "GET /cormun/pexe_scrolldiv.js HTTP/1.1" 404 1009
192.168.10.17 - - [27/May/2022:10:07:58 -0300] "GET /cormun/servlet/vesolicitudgral?2022,18690,,SolicitudOTAdjuntos HTTP/1.1" 200 10844
192.168.10.17 - - [27/May/2022:10:07:59 -0300] "POST /cormun/servlet/acontrolpreferencessavestate?None,RRHH+DANIELA,true HTTP/1.1" 200 35
192.168.10.17 - - [27/May/2022:10:08:05 -0300] "GET /cormun/servlet/vesolicitudgral?2022,18690,,General HTTP/1.1" 200 8360
192.168.10.17 - - [27/May/2022:10:08:05 -0300] "GET /cormun/pexe_scrolldiv.js HTTP/1.1" 404 1009
192.168.10.17 - - [27/May/2022:10:08:05 -0300] "GET /cormun/servlet/vesolicitudgral?2022,18690,,General HTTP/1.1" 200 8359
192.168.10.17 - - [27/May/2022:10:08:11 -0300] "GET /cormun/servlet/vesolicitudgral?2022,18690,,SolicitudOTAdjuntos HTTP/1.1" 200 10842
192.168.10.17 - - [27/May/2022:10:08:11 -0300] "GET /cormun/servlet/vesolicitudgral?2022,18690,,SolicitudOTAdjuntos HTTP/1.1" 200 10839
192.168.10.17 - - [27/May/2022:10:08:12 -0300] "POST /cormun/servlet/acontrolpreferencessavestate?None,RRHH+DANIELA,true HTTP/1.1" 200 35
192.168.10.17 - - [27/May/2022:10:08:13 -0300] "GET /cormun/servlet/trsolicitudgral? HTTP/1.1" 200 11831
192.168.10.17 - - [27/May/2022:10:08:14 -0300] "GET /cormun/servlet/trsolicitudgral? HTTP/1.1" 200 11823
192.168.10.96 - - [27/May/2022:10:08:19 -0300] "POST /cormun/servlet/vesolicitudgral?d03869fe4c832124c64ff09b5f4cc389,2022,18614,,,gx-no-cache=1653655933318 HTTP/1.1" 200 12072
192.168.10.96 - - [27/May/2022:10:08:19 -0300] "GET /cormun/static/Shared/jqueryui/images/ui-icons_82798d_256x240.png HTTP/1.1" 404 1089
192.168.10.96 - - [27/May/2022:10:08:19 -0300] "GET /cormun/static/Shared/jqueryui/images/ui-bg_highlight-soft_100_c6c2c8_1x100.png HTTP/1.1" 404 1117
192.168.10.96 - - [27/May/2022:10:08:19 -0300] "GET /cormun/static/Shared/jqueryui/images/ui-icons_8d78a5_256x240.png HTTP/1.1" 404 1089
192.168.10.96 - - [27/May/2022:10:08:19 -0300] "GET /cormun/static/Shared/jqueryui/images/ui-bg_flat_55_fafafa_40x100.png HTTP/1.1" 404 1097
192.168.10.96 - - [27/May/2022:10:08:19 -0300] "POST /cormun/servlet/vesolicitudgral?d03869fe4c832124c64ff09b5f4cc389,2022,18614,,,gx-no-cache=1653655933528 HTTP/1.1" 200 12005
192.168.10.96 - - [27/May/2022:10:08:22 -0300] "GET /cormun/servlet/trsolicitudgral? HTTP/1.1" 200 11046
192.168.10.96 - - [27/May/2022:10:08:23 -0300] "GET /cormun/servlet/trsolicitudgral? HTTP/1.1" 200 11041
192.168.10.96 - - [27/May/2022:10:08:27 -0300] "GET /cormun/servlet/vesolicitudgral?2022,18686,, HTTP/1.1" 200 8381
192.168.10.96 - - [27/May/2022:10:08:27 -0300] "GET /cormun/pexe_scrolldiv.js HTTP/1.1" 404 1009
192.168.10.96 - - [27/May/2022:10:08:27 -0300] "GET /cormun/servlet/vesolicitudgral?2022,18686,, HTTP/1.1" 200 8381
192.168.10.96 - - [27/May/2022:10:08:30 -0300] "POST /cormun/servlet/vesolicitudgral?d03869fe4c832124c64ff09b5f4cc389,2022,18686,,,gx-no-cache=1653655943825 HTTP/1.1" 200 12083
192.168.10.96 - - [27/May/2022:10:08:30 -0300] "GET /cormun/static/Shared/jqueryui/images/ui-icons_82798d_256x240.png HTTP/1.1" 404 1089
192.168.10.96 - - [27/May/2022:10:08:30 -0300] "GET /cormun/static/Shared/jqueryui/images/ui-bg_highlight-soft_100_c6c2c8_1x100.png HTTP/1.1" 404 1117
192.168.10.96 - - [27/May/2022:10:08:30 -0300] "GET /cormun/static/Shared/jqueryui/images/ui-bg_flat_55_fafafa_40x100.png HTTP/1.1" 404 1097
192.168.10.96 - - [27/May/2022:10:08:30 -0300] "GET /cormun/static/Shared/jqueryui/images/ui-icons_8d78a5_256x240.png HTTP/1.1" 404 1089
192.168.10.96 - - [27/May/2022:10:08:30 -0300] "POST /cormun/servlet/vesolicitudgral?d03869fe4c832124c64ff09b5f4cc389,2022,18686,,,gx-no-cache=1653655944046 HTTP/1.1" 200 12017
192.168.10.96 - - [27/May/2022:10:08:31 -0300] "GET /cormun/servlet/trsolicitudgral? HTTP/1.1" 200 10665
192.168.10.96 - - [27/May/2022:10:08:32 -0300] "GET /cormun/servlet/trsolicitudgral? HTTP/1.1" 200 10660
192.168.10.96 - - [27/May/2022:10:08:47 -0300] "GET /cormun/servlet/vesolicitudgral?2022,18749,, HTTP/1.1" 200 8371
192.168.10.96 - - [27/May/2022:10:08:47 -0300] "GET /cormun/pexe_scrolldiv.js HTTP/1.1" 404 1009
192.168.10.96 - - [27/May/2022:10:08:47 -0300] "GET /cormun/servlet/vesolicitudgral?2022,18749,, HTTP/1.1" 200 8371
