190.171.144.234 - - [24/May/2022:10:03:35 -0300] "GET /cormun/servlet/hpexe_link HTTP/1.1" 200 954
190.171.144.234 - - [24/May/2022:10:03:35 -0300] "GET /cormun/servlet/hhome HTTP/1.1" 200 4110
190.171.144.234 - - [24/May/2022:10:03:36 -0300] "GET /cormun/static/SmoothNavMenu/resources/images/right.gif HTTP/1.1" 200 860
190.171.144.234 - - [24/May/2022:10:03:36 -0300] "GET /cormun/servlet/hhome HTTP/1.1" 200 4109
190.171.141.90 - - [24/May/2022:10:03:49 -0300] "GET /cormun/servlet/hlogin HTTP/1.1" 200 1724
190.171.141.90 - - [24/May/2022:10:03:54 -0300] "POST /cormun/servlet/hlogin?ad34f2f25e62bf69043202ef0960ba6b,gx-no-cache=1653396639439 HTTP/1.1" 200 90
190.171.141.90 - - [24/May/2022:10:03:54 -0300] "GET /cormun/servlet/hpexe_link HTTP/1.1" 200 959
190.171.141.90 - - [24/May/2022:10:03:55 -0300] "GET /cormun/servlet/trbonoreemplazo HTTP/1.1" 500 10
190.171.141.90 - - [24/May/2022:10:03:56 -0300] "GET /cormun/servlet/trbonoreemplazo HTTP/1.1" 500 10
190.171.141.90 - - [24/May/2022:10:03:57 -0300] "GET /cormun/servlet/hlogin HTTP/1.1" 200 1724
190.171.144.234 - - [24/May/2022:10:04:01 -0300] "GET /cormun/servlet/trautorizarsolicitud? HTTP/1.1" 200 8609
190.171.144.234 - - [24/May/2022:10:04:01 -0300] "GET /cormun/static/gxui/gxui-all.css?110300 HTTP/1.1" 200 2179
190.171.144.234 - - [24/May/2022:10:04:01 -0300] "GET /cormun/static/calendar-system.css?75620 HTTP/1.1" 200 5572
190.171.144.234 - - [24/May/2022:10:04:01 -0300] "GET /cormun/static/gxcfg.js?201991422414522 HTTP/1.1" 200 953
190.171.144.234 - - [24/May/2022:10:04:01 -0300] "GET /cormun/static/trautorizarsolicitud.js?201991422415463 HTTP/1.1" 200 53910
190.171.144.234 - - [24/May/2022:10:04:01 -0300] "GET /cormun/static/Shared/ext/resources/css/ext-all.css?205870 HTTP/1.1" 200 416045
190.171.144.234 - - [24/May/2022:10:04:01 -0300] "GET /cormun//static/Resources/PXToolsActionView.png HTTP/1.1" 200 398
190.171.144.234 - - [24/May/2022:10:04:01 -0300] "GET /cormun//static/Resources/PXToolsRemoveAllAction.png HTTP/1.1" 200 487
190.171.144.234 - - [24/May/2022:10:04:01 -0300] "GET /cormun/servlet/trautorizarsolicitud? HTTP/1.1" 200 8607
190.171.141.90 - - [24/May/2022:10:04:03 -0300] "POST /cormun/servlet/hlogin?ad34f2f25e62bf69043202ef0960ba6b,gx-no-cache=1653396647568 HTTP/1.1" 200 90
190.171.141.90 - - [24/May/2022:10:04:03 -0300] "GET /cormun/servlet/hpexe_link HTTP/1.1" 200 959
190.171.141.90 - - [24/May/2022:10:04:03 -0300] "GET /cormun/servlet/trbonoreemplazo HTTP/1.1" 500 10
190.171.141.90 - - [24/May/2022:10:04:04 -0300] "GET /cormun/servlet/trbonoreemplazo HTTP/1.1" 500 10
190.171.141.90 - - [24/May/2022:10:04:05 -0300] "GET /cormun/servlet/trbonoreemplazo HTTP/1.1" 500 10
190.171.144.234 - - [24/May/2022:10:04:17 -0300] "POST /cormun/servlet/trautorizarsolicitud?17c94388ef38b690af27f151c376080a,,gx-no-cache=1653396664006 HTTP/1.1" 200 4775
190.171.144.234 - - [24/May/2022:10:04:17 -0300] "GET /cormun/static/Shared/jqueryui/images/ui-bg_highlight-soft_100_c6c2c8_1x100.png HTTP/1.1" 404 1117
190.171.144.234 - - [24/May/2022:10:04:17 -0300] "GET /cormun/static/Shared/jqueryui/images/ui-icons_82798d_256x240.png HTTP/1.1" 404 1089
190.171.144.234 - - [24/May/2022:10:04:17 -0300] "GET /cormun/static/Shared/jqueryui/images/ui-bg_flat_55_fafafa_40x100.png HTTP/1.1" 404 1097
190.171.144.234 - - [24/May/2022:10:04:17 -0300] "GET /cormun/static/Shared/jqueryui/images/ui-icons_8d78a5_256x240.png HTTP/1.1" 404 1089
190.171.144.234 - - [24/May/2022:10:04:17 -0300] "POST /cormun/servlet/trautorizarsolicitud?17c94388ef38b690af27f151c376080a,,gx-no-cache=1653396664212 HTTP/1.1" 200 4531
190.171.144.234 - - [24/May/2022:10:04:24 -0300] "GET /cormun/servlet/trvisualizadoreventos? HTTP/1.1" 200 6866
190.171.144.234 - - [24/May/2022:10:04:24 -0300] "GET /cormun/static/gxcfg.js?20199142243133 HTTP/1.1" 200 953
190.171.144.234 - - [24/May/2022:10:04:24 -0300] "GET /cormun/static/Resources/PXToolsActionPrint.png HTTP/1.1" 200 404
190.171.144.234 - - [24/May/2022:10:04:24 -0300] "GET /cormun/static/trvisualizadoreventos.js?201991422431650 HTTP/1.1" 200 19318
190.171.144.234 - - [24/May/2022:10:04:25 -0300] "GET /cormun/servlet/trvisualizadoreventos? HTTP/1.1" 200 6866
190.171.144.234 - - [24/May/2022:10:04:43 -0300] "GET /cormun/servlet/trbonoreemplazo? HTTP/1.1" 500 10
190.171.144.234 - - [24/May/2022:10:04:45 -0300] "GET /cormun/servlet/trvisualizadoreventos? HTTP/1.1" 200 6866
190.171.144.234 - - [24/May/2022:10:04:45 -0300] "GET /cormun/servlet/trvisualizadoreventos? HTTP/1.1" 200 6866
190.171.142.10 - - [24/May/2022:10:04:55 -0300] "GET /cormun/servlet/hlogin HTTP/1.1" 200 1722
190.171.142.10 - - [24/May/2022:10:04:56 -0300] "GET /cormun/servlet/hlogin HTTP/1.1" 200 1733
190.171.141.90 - - [24/May/2022:10:04:59 -0300] "GET /cormun/servlet/trbonoreemplazo HTTP/1.1" 500 10
85.119.151.250 - - [24/May/2022:10:05:00 -0300] "CONNECT host64.ru:443 HTTP/1.1" 400 -
190.171.141.90 - - [24/May/2022:10:05:03 -0300] "GET /cormun/servlet/hlogin HTTP/1.1" 200 1724
190.171.144.234 - - [24/May/2022:10:05:04 -0300] "GET /cormun/servlet/trautorizarpermisogoce? HTTP/1.1" 200 9266
190.171.144.234 - - [24/May/2022:10:05:04 -0300] "GET /cormun/static/gxcfg.js?2020121645532 HTTP/1.1" 200 953
190.171.144.234 - - [24/May/2022:10:05:04 -0300] "GET /cormun/static/trautorizarpermisogoce.js?2020121651492 HTTP/1.1" 200 34948
190.171.144.234 - - [24/May/2022:10:05:05 -0300] "GET /cormun/servlet/trautorizarpermisogoce? HTTP/1.1" 200 9265
85.119.151.251 - - [24/May/2022:10:05:06 -0300] "GET /rb/getip.php?Z79498556572Q1 HTTP/1.1" 404 985
190.171.142.10 - - [24/May/2022:10:05:07 -0300] "POST /cormun/servlet/hlogin?2f40cb2d07bb65af13e5b4ac76921f48,gx-no-cache=1653396712643 HTTP/1.1" 200 90
190.171.142.10 - - [24/May/2022:10:05:07 -0300] "GET /cormun/servlet/hpexe_link HTTP/1.1" 200 949
190.171.142.10 - - [24/May/2022:10:05:07 -0300] "GET /cormun/servlet/hhome HTTP/1.1" 200 3984
190.171.142.10 - - [24/May/2022:10:05:08 -0300] "GET /cormun/servlet/hhome HTTP/1.1" 200 3980
190.171.141.90 - - [24/May/2022:10:05:09 -0300] "POST /cormun/servlet/hlogin?ad34f2f25e62bf69043202ef0960ba6b,gx-no-cache=1653396714168 HTTP/1.1" 200 90
190.171.141.90 - - [24/May/2022:10:05:09 -0300] "GET /cormun/servlet/hpexe_link HTTP/1.1" 200 959
190.171.141.90 - - [24/May/2022:10:05:09 -0300] "GET /cormun/servlet/trbonoreemplazo HTTP/1.1" 500 10
190.171.141.90 - - [24/May/2022:10:05:10 -0300] "GET /cormun/servlet/trbonoreemplazo HTTP/1.1" 500 10
190.171.142.10 - - [24/May/2022:10:05:12 -0300] "GET /cormun/servlet/trsolicitudot? HTTP/1.1" 200 7208
190.171.142.10 - - [24/May/2022:10:05:12 -0300] "GET /cormun/servlet/trsolicitudot? HTTP/1.1" 200 7207
190.171.142.10 - - [24/May/2022:10:05:19 -0300] "POST /cormun/servlet/trsolicitudot?2f40cb2d07bb65af13e5b4ac76921f48,,gx-no-cache=1653396725260 HTTP/1.1" 200 9215
190.171.144.234 - - [24/May/2022:10:05:20 -0300] "POST /cormun/servlet/trautorizarpermisogoce?17c94388ef38b690af27f151c376080a,,gx-no-cache=1653396727241 HTTP/1.1" 200 6592
190.171.144.234 - - [24/May/2022:10:05:20 -0300] "GET /cormun/static/Shared/jqueryui/images/ui-bg_highlight-soft_100_c6c2c8_1x100.png HTTP/1.1" 404 1117
190.171.144.234 - - [24/May/2022:10:05:20 -0300] "GET /cormun/static/Shared/jqueryui/images/ui-icons_82798d_256x240.png HTTP/1.1" 404 1089
190.171.144.234 - - [24/May/2022:10:05:20 -0300] "GET /cormun/static/Shared/jqueryui/images/ui-bg_flat_55_fafafa_40x100.png HTTP/1.1" 404 1097
190.171.144.234 - - [24/May/2022:10:05:20 -0300] "GET /cormun/static/Shared/jqueryui/images/ui-icons_8d78a5_256x240.png HTTP/1.1" 404 1089
190.171.144.234 - - [24/May/2022:10:05:28 -0300] "POST /cormun/servlet/trautorizarpermisogoce?17c94388ef38b690af27f151c376080a,,gx-no-cache=1653396735046 HTTP/1.1" 200 6368
190.171.142.10 - - [24/May/2022:10:05:31 -0300] "GET /cormun/servlet/treventos?2022,18584, HTTP/1.1" 200 8795
190.171.142.10 - - [24/May/2022:10:05:31 -0300] "GET /cormun/static/gxcfg.js?20201215584657 HTTP/1.1" 200 953
190.171.142.10 - - [24/May/2022:10:05:31 -0300] "GET /cormun/static/treventos.js?2020121558506 HTTP/1.1" 200 16064
190.171.142.10 - - [24/May/2022:10:05:31 -0300] "GET /cormun/servlet/treventos?2022,18584, HTTP/1.1" 200 8802
190.171.144.234 - - [24/May/2022:10:05:32 -0300] "POST /cormun/servlet/trautorizarpermisogoce?17c94388ef38b690af27f151c376080a,,gx-no-cache=1653396739126 HTTP/1.1" 200 6149
190.171.144.234 - - [24/May/2022:10:05:34 -0300] "POST /cormun/servlet/trautorizarpermisogoce?17c94388ef38b690af27f151c376080a,,gx-no-cache=1653396741194 HTTP/1.1" 200 5785
190.171.141.90 - - [24/May/2022:10:05:36 -0300] "GET /cormun/servlet/hlogin HTTP/1.1" 200 1724
190.171.144.234 - - [24/May/2022:10:05:40 -0300] "POST /cormun/servlet/trautorizarpermisogoce?17c94388ef38b690af27f151c376080a,,gx-no-cache=1653396747335 HTTP/1.1" 200 5544
190.171.144.234 - - [24/May/2022:10:05:42 -0300] "POST /cormun/servlet/trautorizarpermisogoce?17c94388ef38b690af27f151c376080a,,gx-no-cache=1653396749283 HTTP/1.1" 200 5273
190.171.141.90 - - [24/May/2022:10:05:43 -0300] "POST /cormun/servlet/hlogin?ad34f2f25e62bf69043202ef0960ba6b,gx-no-cache=1653396747589 HTTP/1.1" 200 90
190.171.141.90 - - [24/May/2022:10:05:43 -0300] "GET /cormun/servlet/hpexe_link HTTP/1.1" 200 959
190.171.141.90 - - [24/May/2022:10:05:43 -0300] "GET /cormun/servlet/trbonoreemplazo HTTP/1.1" 500 10
190.171.141.90 - - [24/May/2022:10:05:44 -0300] "GET /cormun/servlet/trbonoreemplazo HTTP/1.1" 500 10
190.171.144.234 - - [24/May/2022:10:05:45 -0300] "POST /cormun/servlet/trautorizarpermisogoce?17c94388ef38b690af27f151c376080a,,gx-no-cache=1653396752227 HTTP/1.1" 200 4520
190.171.144.234 - - [24/May/2022:10:06:12 -0300] "GET /cormun/servlet/trcontratounov2? HTTP/1.1" 200 17355
190.171.144.234 - - [24/May/2022:10:06:12 -0300] "GET /cormun/static/gxcfg.js?2020121614367 HTTP/1.1" 200 953
190.171.144.234 - - [24/May/2022:10:06:12 -0300] "GET /cormun/static/trcontratounov2.js?20201216143065 HTTP/1.1" 200 38486
190.171.144.234 - - [24/May/2022:10:06:12 -0300] "GET /cormun/static/Resources/PXToolsAddSelectedAction.png HTTP/1.1" 200 523
190.171.144.234 - - [24/May/2022:10:06:13 -0300] "GET /cormun/servlet/trcontratounov2? HTTP/1.1" 200 17355
190.171.144.234 - - [24/May/2022:10:06:14 -0300] "POST /cormun/servlet/acontrolpreferencessavestate?None,OPOBLETE,true HTTP/1.1" 200 35
190.95.2.157 - - [24/May/2022:10:06:24 -0300] "GET /cormun/servlet/hlogin HTTP/1.1" 200 1725
190.95.2.157 - - [24/May/2022:10:06:33 -0300] "POST /cormun/servlet/hlogin?b6ff99d50b05f6d7ce268e43cf4b40b7,gx-no-cache=1653396800422 HTTP/1.1" 200 90
190.95.2.157 - - [24/May/2022:10:06:33 -0300] "GET /cormun/servlet/hpexe_link HTTP/1.1" 200 950
190.95.2.157 - - [24/May/2022:10:06:33 -0300] "GET /cormun/servlet/hhome HTTP/1.1" 200 4292
190.95.2.157 - - [24/May/2022:10:06:33 -0300] "GET /cormun/servlet/hhome HTTP/1.1" 200 4288
190.95.2.157 - - [24/May/2022:10:06:45 -0300] "GET /cormun/servlet/trpermisosgoce? HTTP/1.1" 200 9758
190.171.142.10 - - [24/May/2022:10:06:45 -0300] "POST /cormun/servlet/treventos?2f40cb2d07bb65af13e5b4ac76921f48,2022,18584,,gx-no-cache=1653396811299 HTTP/1.1" 200 90
190.171.142.10 - - [24/May/2022:10:06:45 -0300] "GET /cormun/servlet/hpexe_link HTTP/1.1" 200 966
190.95.2.157 - - [24/May/2022:10:06:45 -0300] "GET /cormun/servlet/trpermisosgoce? HTTP/1.1" 200 9755
190.171.142.10 - - [24/May/2022:10:06:45 -0300] "GET /cormun/servlet/trsolicitudot? HTTP/1.1" 200 12076
190.171.142.10 - - [24/May/2022:10:06:46 -0300] "GET /cormun/servlet/trsolicitudot? HTTP/1.1" 200 12074
190.95.2.157 - - [24/May/2022:10:06:48 -0300] "GET /cormun/servlet/permisogoce?INS,0,,, HTTP/1.1" 200 7180
190.95.2.157 - - [24/May/2022:10:06:48 -0300] "GET /cormun/servlet/permisogoce?INS,0,,, HTTP/1.1" 200 7180
186.103.157.42 - - [24/May/2022:10:07:10 -0300] "GET /cormun/servlet/hlogin HTTP/1.1" 200 1727
190.95.2.157 - - [24/May/2022:10:07:15 -0300] "GET /cormun/servlet/permisogoce?0ac5ffc13ce6a227157d017b7415ffa6a98245bbd1a323880bb828763e3374570dc8569210917beea991ea1337e1d077571d8897ae4f7c98e3de54f1b6943c1e,gx-no-cache=1653396842383 HTTP/1.1" 200 87
190.95.2.157 - - [24/May/2022:10:07:15 -0300] "GET /cormun/static/menuarrow.gif HTTP/1.1" 404 1015
190.171.142.10 - - [24/May/2022:10:07:16 -0300] "GET /cormun/servlet/vesolicitudot?2022,18584,, HTTP/1.1" 200 8346
190.171.142.10 - - [24/May/2022:10:07:17 -0300] "GET /cormun/pexe_scrolldiv.js HTTP/1.1" 404 1009
190.171.141.90 - - [24/May/2022:10:07:17 -0300] "GET /cormun/servlet/hlogin HTTP/1.1" 200 1724
190.171.142.10 - - [24/May/2022:10:07:17 -0300] "GET /cormun/servlet/vesolicitudot?2022,18584,, HTTP/1.1" 200 8346
190.171.141.90 - - [24/May/2022:10:07:22 -0300] "POST /cormun/servlet/hlogin?ad34f2f25e62bf69043202ef0960ba6b,gx-no-cache=1653396847533 HTTP/1.1" 200 90
190.171.141.90 - - [24/May/2022:10:07:23 -0300] "GET /cormun/servlet/hpexe_link HTTP/1.1" 200 959
190.171.141.90 - - [24/May/2022:10:07:23 -0300] "GET /cormun/servlet/trbonoreemplazo HTTP/1.1" 500 10
190.171.141.90 - - [24/May/2022:10:07:24 -0300] "GET /cormun/servlet/trbonoreemplazo HTTP/1.1" 500 10
190.95.2.157 - - [24/May/2022:10:07:24 -0300] "GET /cormun/servlet/permisogoce?0ac5ffc13ce6a227157d017b7415ffa6dea089a2bc88e62880b3c10dbbb4cf21511db318dbac2c50924e02a31dcd1e853ba3d3d12af9ee0c5d48baa01d9cdad5,gx-no-cache=1653396851917 HTTP/1.1" 200 47
190.171.141.90 - - [24/May/2022:10:07:28 -0300] "GET /cormun/servlet/trbonoreemplazo HTTP/1.1" 500 10
190.95.2.157 - - [24/May/2022:10:07:35 -0300] "POST /cormun/servlet/permisogoce?b6ff99d50b05f6d7ce268e43cf4b40b7,INS,0,,,,gx-no-cache=1653396862217 HTTP/1.1" 200 93
190.95.2.157 - - [24/May/2022:10:07:35 -0300] "GET /cormun/servlet/hpexe_return? HTTP/1.1" 200 1008
190.95.2.157 - - [24/May/2022:10:07:35 -0300] "GET /cormun/servlet/trpermisosgoce HTTP/1.1" 200 10021
190.95.2.157 - - [24/May/2022:10:07:36 -0300] "GET /cormun/servlet/trpermisosgoce HTTP/1.1" 200 10016
190.171.141.90 - - [24/May/2022:10:07:39 -0300] "GET /cormun/servlet/hlogin HTTP/1.1" 200 1724
186.103.157.42 - - [24/May/2022:10:07:40 -0300] "POST /cormun/servlet/hlogin?48b2cf1fd0067c398920a97dceb76b2d,gx-no-cache=1653396867634 HTTP/1.1" 200 90
186.103.157.42 - - [24/May/2022:10:07:40 -0300] "GET /cormun/servlet/hpexe_link HTTP/1.1" 200 953
186.103.157.42 - - [24/May/2022:10:07:40 -0300] "GET /cormun/servlet/hhome HTTP/1.1" 200 4370
186.103.157.42 - - [24/May/2022:10:07:42 -0300] "GET /cormun/servlet/hhome HTTP/1.1" 200 4369
190.171.141.90 - - [24/May/2022:10:07:45 -0300] "POST /cormun/servlet/hlogin?ad34f2f25e62bf69043202ef0960ba6b,gx-no-cache=1653396870445 HTTP/1.1" 200 90
190.171.141.90 - - [24/May/2022:10:07:45 -0300] "GET /cormun/servlet/hpexe_link HTTP/1.1" 200 959
190.171.141.90 - - [24/May/2022:10:07:46 -0300] "GET /cormun/servlet/trbonoreemplazo HTTP/1.1" 500 10
190.95.2.157 - - [24/May/2022:10:07:46 -0300] "GET /cormun/servlet/trpermisosadjuntos?9551647,20220524085042,P, HTTP/1.1" 200 6615
190.95.2.157 - - [24/May/2022:10:07:46 -0300] "GET /cormun/servlet/trpermisosadjuntos?9551647,20220524085042,P, HTTP/1.1" 200 6616
190.171.141.90 - - [24/May/2022:10:07:47 -0300] "GET /cormun/servlet/trbonoreemplazo HTTP/1.1" 500 10
190.171.141.90 - - [24/May/2022:10:07:48 -0300] "GET /cormun/servlet/trbonoreemplazo HTTP/1.1" 500 10
190.95.2.157 - - [24/May/2022:10:07:48 -0300] "GET /cormun/servlet/permisosadjuntos?INS,9551647,P,20220524085042,, HTTP/1.1" 200 5941
190.95.2.157 - - [24/May/2022:10:07:48 -0300] "GET /cormun/static/about:blank HTTP/1.1" 404 1011
190.171.141.90 - - [24/May/2022:10:07:48 -0300] "GET /cormun/servlet/trbonoreemplazo HTTP/1.1" 500 10
190.95.2.157 - - [24/May/2022:10:07:48 -0300] "GET /cormun/servlet/permisosadjuntos?INS,9551647,P,20220524085042,, HTTP/1.1" 200 5931
190.171.141.90 - - [24/May/2022:10:07:49 -0300] "GET /cormun/servlet/trbonoreemplazo HTTP/1.1" 500 10
190.171.141.90 - - [24/May/2022:10:07:50 -0300] "GET /cormun/servlet/hlogin HTTP/1.1" 200 1724
190.171.141.90 - - [24/May/2022:10:07:55 -0300] "GET /cormun/servlet/hlogin HTTP/1.1" 200 1724
190.95.2.157 - - [24/May/2022:10:07:57 -0300] "POST /cormun/servlet/permisosadjuntos?b6ff99d50b05f6d7ce268e43cf4b40b7,INS,9551647,P,20220524085042,, HTTP/1.1" 200 116
190.95.2.157 - - [24/May/2022:10:07:57 -0300] "GET /cormun/servlet/hpexe_return? HTTP/1.1" 200 1036
190.95.2.157 - - [24/May/2022:10:07:57 -0300] "GET /cormun/servlet/trpermisosadjuntos?9551647,20220524085042,P, HTTP/1.1" 200 7114
190.95.2.157 - - [24/May/2022:10:07:58 -0300] "GET /cormun/servlet/trpermisosadjuntos?9551647,20220524085042,P, HTTP/1.1" 200 7111
190.95.2.157 - - [24/May/2022:10:08:01 -0300] "POST /cormun/servlet/trpermisosadjuntos?b6ff99d50b05f6d7ce268e43cf4b40b7,9551647,20220524085042,P,,gx-no-cache=1653396889240 HTTP/1.1" 200 90
190.95.2.157 - - [24/May/2022:10:08:01 -0300] "GET /cormun/servlet/hpexe_link HTTP/1.1" 200 983
190.95.2.157 - - [24/May/2022:10:08:02 -0300] "GET /cormun/servlet/trpermisosgoce HTTP/1.1" 200 10018
190.95.2.157 - - [24/May/2022:10:08:02 -0300] "GET /cormun/servlet/trpermisosgoce HTTP/1.1" 200 10018
190.95.2.157 - - [24/May/2022:10:08:10 -0300] "POST /cormun/servlet/trpermisosgoce?b6ff99d50b05f6d7ce268e43cf4b40b7,gx-no-cache=1653396898173 HTTP/1.1" 200 7305
190.95.2.157 - - [24/May/2022:10:08:11 -0300] "GET /cormun/static/Shared/jqueryui/images/ui-bg_highlight-soft_100_c6c2c8_1x100.png HTTP/1.1" 404 1117
190.95.2.157 - - [24/May/2022:10:08:11 -0300] "GET /cormun/static/Shared/jqueryui/images/ui-icons_82798d_256x240.png HTTP/1.1" 404 1089
190.95.2.157 - - [24/May/2022:10:08:11 -0300] "GET /cormun/static/Shared/jqueryui/images/ui-icons_8d78a5_256x240.png HTTP/1.1" 404 1089
190.95.2.157 - - [24/May/2022:10:08:11 -0300] "GET /cormun/static/Shared/jqueryui/images/ui-bg_flat_55_fafafa_40x100.png HTTP/1.1" 404 1097
190.95.2.157 - - [24/May/2022:10:08:12 -0300] "GET /cormun/servlet/apermisogoceprn?9551647,P,20220524085042,PU HTTP/1.1" 200 1663
190.171.141.90 - - [24/May/2022:10:08:43 -0300] "POST /cormun/servlet/hlogin?ad34f2f25e62bf69043202ef0960ba6b,gx-no-cache=1653396927709 HTTP/1.1" 200 90
190.171.141.90 - - [24/May/2022:10:08:43 -0300] "GET /cormun/servlet/hpexe_link HTTP/1.1" 200 959
190.171.141.90 - - [24/May/2022:10:08:43 -0300] "GET /cormun/servlet/trbonoreemplazo HTTP/1.1" 500 10
190.171.152.242 - - [24/May/2022:10:08:46 -0300] "GET /cormun/servlet/hlogin HTTP/1.1" 200 1727
190.171.152.242 - - [24/May/2022:10:08:46 -0300] "GET /cormun/static/gxcfg.js?201910216285969 HTTP/1.1" 304 -
190.171.152.242 - - [24/May/2022:10:08:46 -0300] "GET /cormun/static/messages.spa.js?85251 HTTP/1.1" 304 -
190.171.152.242 - - [24/May/2022:10:08:47 -0300] "GET /cormun/servlet/hlogin HTTP/1.1" 200 1738
190.171.141.90 - - [24/May/2022:10:08:50 -0300] "GET /cormun/servlet/trbonoreemplazo HTTP/1.1" 500 10
190.171.152.242 - - [24/May/2022:10:08:50 -0300] "POST /cormun/servlet/hlogin?71b26077175357b057e0ae592be7705b,gx-no-cache=1653396936868 HTTP/1.1" 200 90
190.171.152.242 - - [24/May/2022:10:08:50 -0300] "GET /cormun/servlet/hpexe_link HTTP/1.1" 200 955
190.171.152.242 - - [24/May/2022:10:08:50 -0300] "GET /cormun/static/gxcfg.js?201991422392958 HTTP/1.1" 304 -
190.171.152.242 - - [24/May/2022:10:08:51 -0300] "GET /cormun/servlet/hhome HTTP/1.1" 200 4000
190.171.152.242 - - [24/May/2022:10:08:51 -0300] "GET /cormun/static/gxcfg.js?20201215495537 HTTP/1.1" 304 -
190.171.152.242 - - [24/May/2022:10:08:51 -0300] "GET /cormun/servlet/hhome HTTP/1.1" 200 3996
190.171.141.90 - - [24/May/2022:10:08:52 -0300] "GET /cormun/servlet/trbonoreemplazo HTTP/1.1" 500 10
190.171.141.90 - - [24/May/2022:10:08:53 -0300] "GET /cormun/servlet/trbonoreemplazo HTTP/1.1" 500 10
190.171.152.242 - - [24/May/2022:10:08:54 -0300] "GET /cormun/servlet/trlicencias? HTTP/1.1" 200 10205
190.171.152.242 - - [24/May/2022:10:08:55 -0300] "GET /cormun/servlet/trlicencias? HTTP/1.1" 200 10203
190.171.144.234 - - [24/May/2022:10:08:55 -0300] "GET /cormun/servlet/trfichaempleado? HTTP/1.1" 200 14788
190.171.152.242 - - [24/May/2022:10:09:00 -0300] "GET /cormun/servlet/licenciaspermisos?INS,0,,, HTTP/1.1" 200 7613
190.171.152.242 - - [24/May/2022:10:09:00 -0300] "GET /cormun/servlet/licenciaspermisos?INS,0,,, HTTP/1.1" 200 7621
190.171.152.242 - - [24/May/2022:10:09:04 -0300] "GET /cormun/servlet/prfichaempleado?,MD,,gxPopupLevel%3D0%3B HTTP/1.1" 200 9304
190.171.141.90 - - [24/May/2022:10:09:04 -0300] "GET /cormun/servlet/hlogin HTTP/1.1" 200 1724
190.171.152.242 - - [24/May/2022:10:09:04 -0300] "GET /cormun/static/gxcfg.js?20201215571085 HTTP/1.1" 304 -
190.171.141.90 - - [24/May/2022:10:09:11 -0300] "POST /cormun/servlet/hlogin?ad34f2f25e62bf69043202ef0960ba6b,gx-no-cache=1653396956485 HTTP/1.1" 200 90
190.171.141.90 - - [24/May/2022:10:09:11 -0300] "GET /cormun/servlet/hpexe_link HTTP/1.1" 200 959
190.171.141.90 - - [24/May/2022:10:09:12 -0300] "GET /cormun/servlet/trbonoreemplazo HTTP/1.1" 500 10
190.171.141.90 - - [24/May/2022:10:09:13 -0300] "GET /cormun/servlet/trbonoreemplazo HTTP/1.1" 500 10
190.171.141.90 - - [24/May/2022:10:09:14 -0300] "GET /cormun/servlet/hlogin HTTP/1.1" 200 1724
190.171.141.90 - - [24/May/2022:10:09:20 -0300] "POST /cormun/servlet/hlogin?ad34f2f25e62bf69043202ef0960ba6b,gx-no-cache=1653396965204 HTTP/1.1" 200 90
190.171.141.90 - - [24/May/2022:10:09:20 -0300] "GET /cormun/servlet/hpexe_link HTTP/1.1" 200 959
190.171.141.90 - - [24/May/2022:10:09:20 -0300] "GET /cormun/servlet/trbonoreemplazo HTTP/1.1" 500 10
190.171.152.242 - - [24/May/2022:10:09:21 -0300] "POST /cormun/servlet/prfichaempleado?71b26077175357b057e0ae592be7705b,,MD,,gxPopupLevel%3D0%3B,gx-no-cache=1653396967701 HTTP/1.1" 200 3415
190.171.141.90 - - [24/May/2022:10:09:22 -0300] "GET /cormun/servlet/trbonoreemplazo HTTP/1.1" 500 10
190.171.141.90 - - [24/May/2022:10:09:25 -0300] "GET /cormun/servlet/trbonoreemplazo HTTP/1.1" 500 10
190.171.141.90 - - [24/May/2022:10:09:27 -0300] "GET /cormun/servlet/hlogin HTTP/1.1" 200 1724
190.171.152.242 - - [24/May/2022:10:09:29 -0300] "GET /cormun/servlet/licenciaspermisos?fc34b1540e3cac0653fb93a22bebc2df966d37e6efe3ca2a82a16aa59f3c3500c58ffb175fc6622de2e0aa3c899097cfbca47f386eaf88729e64a2a3cf216133,gx-no-cache=1653396976176 HTTP/1.1" 200 102
190.171.152.242 - - [24/May/2022:10:09:29 -0300] "POST /cormun/servlet/licenciaspermisos?71b26077175357b057e0ae592be7705b,INS,0,,,,gx-no-cache=1653396976230 HTTP/1.1" 200 4842
186.103.157.42 - - [24/May/2022:10:09:36 -0300] "GET /cormun/servlet/trlicencias? HTTP/1.1" 200 11169
190.171.144.234 - - [24/May/2022:10:09:36 -0300] "GET /cormun/servlet/trfichaempleado? HTTP/1.1" 200 14788
186.103.157.42 - - [24/May/2022:10:09:37 -0300] "GET /cormun/servlet/trlicencias? HTTP/1.1" 200 11169
190.171.141.90 - - [24/May/2022:10:09:37 -0300] "POST /cormun/servlet/hlogin?ad34f2f25e62bf69043202ef0960ba6b,gx-no-cache=1653396981941 HTTP/1.1" 200 90
190.171.141.90 - - [24/May/2022:10:09:37 -0300] "GET /cormun/servlet/hpexe_link HTTP/1.1" 200 959
190.171.141.90 - - [24/May/2022:10:09:37 -0300] "GET /cormun/servlet/trbonoreemplazo HTTP/1.1" 500 10
190.171.144.234 - - [24/May/2022:10:09:39 -0300] "GET /cormun/servlet/trfichaempleado? HTTP/1.1" 200 14788
186.103.157.42 - - [24/May/2022:10:09:49 -0300] "GET /cormun/servlet/alicenciaprn?16792637,L,20220524000000,PU HTTP/1.1" 200 1548
186.103.157.42 - - [24/May/2022:10:09:49 -0300] "GET /cormun/servlet/alicenciaprn?16792637,L,20220524000000,PU HTTP/1.1" 200 1547
190.171.141.90 - - [24/May/2022:10:10:21 -0300] "GET /cormun/servlet/trbonoreemplazo HTTP/1.1" 500 10
190.171.141.90 - - [24/May/2022:10:10:22 -0300] "GET /cormun/servlet/trbonoreemplazo HTTP/1.1" 500 10
190.171.141.90 - - [24/May/2022:10:10:24 -0300] "GET /cormun/servlet/hlogin HTTP/1.1" 200 1724
190.171.141.90 - - [24/May/2022:10:10:30 -0300] "POST /cormun/servlet/hlogin?ad34f2f25e62bf69043202ef0960ba6b,gx-no-cache=1653397035349 HTTP/1.1" 200 90
190.171.141.90 - - [24/May/2022:10:10:30 -0300] "GET /cormun/servlet/hpexe_link HTTP/1.1" 200 959
190.171.141.90 - - [24/May/2022:10:10:30 -0300] "GET /cormun/servlet/trbonoreemplazo HTTP/1.1" 500 10
190.171.141.90 - - [24/May/2022:10:10:31 -0300] "GET /cormun/servlet/trbonoreemplazo HTTP/1.1" 500 10
190.171.144.234 - - [24/May/2022:10:10:32 -0300] "POST /cormun/servlet/trcontratounov2?17c94388ef38b690af27f151c376080a,,gx-no-cache=1653397038906 HTTP/1.1" 200 16936
190.171.144.234 - - [24/May/2022:10:10:32 -0300] "GET /cormun/static/Resources/PXToolsGridNext.gif HTTP/1.1" 200 369
190.171.144.234 - - [24/May/2022:10:10:32 -0300] "GET /cormun/static/Resources/PXToolsGridLast.gif HTTP/1.1" 200 370
190.171.141.90 - - [24/May/2022:10:10:32 -0300] "GET /cormun/servlet/trbonoreemplazo HTTP/1.1" 500 10
190.171.144.234 - - [24/May/2022:10:10:34 -0300] "POST /cormun/servlet/trcontratounov2?17c94388ef38b690af27f151c376080a,,gx-no-cache=1653397041245 HTTP/1.1" 200 16915
190.171.141.90 - - [24/May/2022:10:10:34 -0300] "GET /cormun/servlet/hlogin HTTP/1.1" 200 1724
190.171.144.234 - - [24/May/2022:10:10:38 -0300] "POST /cormun/servlet/trcontratounov2?17c94388ef38b690af27f151c376080a,,gx-no-cache=1653397045247 HTTP/1.1" 200 16930
190.171.144.234 - - [24/May/2022:10:10:44 -0300] "POST /cormun/servlet/trcontratounov2?17c94388ef38b690af27f151c376080a,,gx-no-cache=1653397051550 HTTP/1.1" 200 16936
190.171.144.234 - - [24/May/2022:10:10:52 -0300] "POST /cormun/servlet/trcontratounov2?17c94388ef38b690af27f151c376080a,,gx-no-cache=1653397058986 HTTP/1.1" 200 16042
190.171.144.234 - - [24/May/2022:10:10:52 -0300] "GET /cormun/static/Resources/PXToolsGridFirst.gif HTTP/1.1" 200 379
190.171.144.234 - - [24/May/2022:10:10:52 -0300] "GET /cormun/static/Resources/PXToolsGridPrevious.gif HTTP/1.1" 200 369
186.103.157.42 - - [24/May/2022:10:10:59 -0300] "GET /cormun/servlet/alicenciaprn?17526155,L,20220524000000,PU HTTP/1.1" 200 1548
186.103.157.42 - - [24/May/2022:10:10:59 -0300] "GET /cormun/servlet/alicenciaprn?17526155,L,20220524000000,PU HTTP/1.1" 200 1550
190.171.144.234 - - [24/May/2022:10:11:11 -0300] "GET /cormun/servlet/trfichaempleado? HTTP/1.1" 200 14864
190.171.144.234 - - [24/May/2022:10:11:16 -0300] "GET /cormun/servlet/trfichaempleado? HTTP/1.1" 200 14864
190.171.152.242 - - [24/May/2022:10:11:28 -0300] "GET /cormun/static/menuarrow.gif HTTP/1.1" 404 1015
190.171.152.242 - - [24/May/2022:10:12:00 -0300] "GET /cormun/servlet/licenciaspermisos?fc34b1540e3cac0653fb93a22bebc2dfca6b7918e35865422617c498d7572a432bf57cf2593d6296c5cf2be968155aec34ffb27d1f9ca32654b1d998bb9559ec8b7a0adba31a4edd6c85353ef4127f20b0fc2807cbb0ade14ffd4f9bf39d4d315f0326fb143b907a595f79647dedfbb618df868d8cda55ba8edfee3609599afbbb99b66c2aa70622769dd14db7faa482ff221a293d1b3328e51009df36a797b6e97c32afeefab264a5384c9455ea24ae,gx-no-cache=1653397127685 HTTP/1.1" 200 30
190.171.152.242 - - [24/May/2022:10:12:00 -0300] "GET /cormun/servlet/licenciaspermisos?fc34b1540e3cac0653fb93a22bebc2dfd6c6860d954c4a4b27dace15d8b9261fb048bb3fec97ee9c8135426adff0bc0d82e1b5a45deae4bc5f7aeca61875cc3a4650d34ce737d9f8a7c048d149433f6911f08ef3d15da65178218a050d5735837344d66239a86eb517602ecb0af3ce3172907179fe304cf2a21a04a6a3f30268450b2ad5a02d09be9335ea52acc41b427b83d174902f55bb60407c1085023134394039e504d2cbf37983f087786ca7ba,gx-no-cache=1653397127711 HTTP/1.1" 200 29
190.171.152.242 - - [24/May/2022:10:12:01 -0300] "POST /cormun/servlet/licenciaspermisos?71b26077175357b057e0ae592be7705b,INS,0,,,,gx-no-cache=1653397127730 HTTP/1.1" 200 93
190.171.152.242 - - [24/May/2022:10:12:01 -0300] "GET /cormun/servlet/hpexe_return? HTTP/1.1" 200 1014
190.171.152.242 - - [24/May/2022:10:12:01 -0300] "GET /cormun/static/gxcfg.js?201991422392976 HTTP/1.1" 304 -
190.171.152.242 - - [24/May/2022:10:12:01 -0300] "GET /cormun/servlet/trlicencias HTTP/1.1" 200 10678
190.171.152.242 - - [24/May/2022:10:12:02 -0300] "GET /cormun/servlet/trlicencias HTTP/1.1" 200 10673
190.171.152.242 - - [24/May/2022:10:12:18 -0300] "GET /cormun/servlet/trlicenciaspermisosadjuntos?16180340,20220524000000,L, HTTP/1.1" 200 6361
190.171.152.242 - - [24/May/2022:10:12:18 -0300] "GET /cormun/servlet/trlicenciaspermisosadjuntos?16180340,20220524000000,L, HTTP/1.1" 200 6361
190.171.152.242 - - [24/May/2022:10:12:20 -0300] "GET /cormun/servlet/licenciaspermisosadjuntos?INS,16180340,L,20220524000000,, HTTP/1.1" 200 5652
190.171.152.242 - - [24/May/2022:10:12:20 -0300] "GET /cormun/servlet/licenciaspermisosadjuntos?INS,16180340,L,20220524000000,, HTTP/1.1" 200 5642
190.171.152.242 - - [24/May/2022:10:12:20 -0300] "GET /cormun/static/about:blank HTTP/1.1" 404 1011
190.171.149.82 - - [24/May/2022:10:12:30 -0300] "GET /cormun/servlet/hlogin HTTP/1.1" 200 1723
190.171.149.82 - - [24/May/2022:10:12:30 -0300] "GET /cormun/servlet/hlogin HTTP/1.1" 200 1734
190.171.149.82 - - [24/May/2022:10:12:35 -0300] "POST /cormun/servlet/hlogin?0e15d0da53fc9786698055e4f56cb2a8,gx-no-cache=1653397162653 HTTP/1.1" 200 90
190.171.149.82 - - [24/May/2022:10:12:35 -0300] "GET /cormun/servlet/hpexe_link HTTP/1.1" 200 950
190.171.149.82 - - [24/May/2022:10:12:36 -0300] "GET /cormun/servlet/hhome HTTP/1.1" 200 3855
190.171.149.82 - - [24/May/2022:10:12:38 -0300] "GET /cormun/servlet/hhome HTTP/1.1" 200 3851
190.171.149.82 - - [24/May/2022:10:12:41 -0300] "GET /cormun/servlet/trsolicitudot? HTTP/1.1" 200 7064
190.171.149.82 - - [24/May/2022:10:12:42 -0300] "GET /cormun/servlet/trsolicitudot? HTTP/1.1" 200 7063
190.171.152.242 - - [24/May/2022:10:12:43 -0300] "POST /cormun/servlet/licenciaspermisosadjuntos?71b26077175357b057e0ae592be7705b,INS,16180340,L,20220524000000,, HTTP/1.1" 200 116
190.171.152.242 - - [24/May/2022:10:12:43 -0300] "GET /cormun/servlet/hpexe_return? HTTP/1.1" 200 1045
190.171.152.242 - - [24/May/2022:10:12:44 -0300] "GET /cormun/servlet/trlicenciaspermisosadjuntos?16180340,20220524000000,L, HTTP/1.1" 200 6833
190.171.152.242 - - [24/May/2022:10:12:44 -0300] "GET /cormun/servlet/trlicenciaspermisosadjuntos?16180340,20220524000000,L, HTTP/1.1" 200 6830
190.171.149.82 - - [24/May/2022:10:12:45 -0300] "GET /cormun/servlet/solicitudot?INS,0,0,false, HTTP/1.1" 200 15584
190.171.149.82 - - [24/May/2022:10:12:45 -0300] "GET /cormun/servlet/solicitudot?INS,0,0,false, HTTP/1.1" 200 15591
190.171.144.234 - - [24/May/2022:10:12:47 -0300] "GET /cormun/servlet/trautorizarpermisogoce? HTTP/1.1" 200 6938
190.171.152.242 - - [24/May/2022:10:12:48 -0300] "GET /cormun/servlet/trlicencias? HTTP/1.1" 200 10675
190.171.144.234 - - [24/May/2022:10:12:48 -0300] "GET /cormun/servlet/trautorizarpermisogoce? HTTP/1.1" 200 6937
190.171.152.242 - - [24/May/2022:10:12:48 -0300] "GET /cormun/servlet/trlicencias? HTTP/1.1" 200 10673
190.171.144.234 - - [24/May/2022:10:12:54 -0300] "GET /cormun/servlet/trvisualizadoreventos? HTTP/1.1" 200 6874
190.171.144.234 - - [24/May/2022:10:12:54 -0300] "GET /cormun/servlet/trvisualizadoreventos? HTTP/1.1" 200 6874
190.171.144.234 - - [24/May/2022:10:12:54 -0300] "GET /cormun/servlet/trautorizarsolicitud? HTTP/1.1" 200 7234
190.171.144.234 - - [24/May/2022:10:12:55 -0300] "GET /cormun/servlet/trautorizarsolicitud? HTTP/1.1" 200 7234
190.171.144.234 - - [24/May/2022:10:12:55 -0300] "GET /cormun/servlet/hhome HTTP/1.1" 200 4119
190.171.144.234 - - [24/May/2022:10:12:55 -0300] "GET /cormun/servlet/hlogin HTTP/1.1" 200 1729
190.171.152.242 - - [24/May/2022:10:12:56 -0300] "POST /cormun/servlet/trlicencias?71b26077175357b057e0ae592be7705b,,gx-no-cache=1653397183377 HTTP/1.1" 200 8027
190.171.152.242 - - [24/May/2022:10:12:56 -0300] "GET /cormun/static/Shared/jqueryui/images/ui-bg_highlight-soft_100_c6c2c8_1x100.png HTTP/1.1" 404 1117
190.171.152.242 - - [24/May/2022:10:12:56 -0300] "GET /cormun/static/Shared/jqueryui/images/ui-icons_82798d_256x240.png HTTP/1.1" 404 1089
190.171.152.242 - - [24/May/2022:10:12:57 -0300] "GET /cormun/static/Shared/jqueryui/images/ui-bg_flat_55_fafafa_40x100.png HTTP/1.1" 404 1097
190.171.152.242 - - [24/May/2022:10:12:57 -0300] "GET /cormun/static/Shared/jqueryui/images/ui-icons_8d78a5_256x240.png HTTP/1.1" 404 1089
190.171.152.242 - - [24/May/2022:10:12:59 -0300] "GET /cormun/servlet/alicenciaprn?16180340,L,20220524000000,PU HTTP/1.1" 200 1542
190.171.149.82 - - [24/May/2022:10:13:01 -0300] "POST /cormun/servlet/solicitudot?0e15d0da53fc9786698055e4f56cb2a8,INS,0,0,false,,gx-no-cache=1653397188410 HTTP/1.1" 200 12733
190.171.149.82 - - [24/May/2022:10:13:02 -0300] "GET /cormun/static/Shared/jqueryui/images/ui-bg_highlight-soft_100_c6c2c8_1x100.png HTTP/1.1" 404 1117
190.171.149.82 - - [24/May/2022:10:13:02 -0300] "GET /cormun/static/Shared/jqueryui/images/ui-icons_82798d_256x240.png HTTP/1.1" 404 1089
190.171.149.82 - - [24/May/2022:10:13:02 -0300] "GET /cormun/static/Shared/jqueryui/images/ui-bg_flat_55_994d53_40x100.png HTTP/1.1" 404 1097
190.171.149.82 - - [24/May/2022:10:13:02 -0300] "GET /cormun/static/Shared/jqueryui/images/ui-icons_ebccce_256x240.png HTTP/1.1" 404 1089
190.171.149.82 - - [24/May/2022:10:13:04 -0300] "POST /cormun/servlet/solicitudot?gx-no-cache=1653397191636 HTTP/1.1" 200 3858
190.171.149.82 - - [24/May/2022:10:13:04 -0300] "POST /cormun/servlet/solicitudot?0e15d0da53fc9786698055e4f56cb2a8,INS,0,0,false,,gx-no-cache=1653397191817 HTTP/1.1" 200 12473
190.171.149.82 - - [24/May/2022:10:13:08 -0300] "GET /cormun/servlet/solicitudot?10c63cbf84f43765232bd932697fbe509d0b9a6346b0f3cee125f418bdfb23c9d0824f8dbb0cde1c71578b2b29ac6e65,gx-no-cache=1653397195594 HTTP/1.1" 200 30
181.212.42.153 - - [24/May/2022:10:13:16 -0300] "GET /cormun/servlet/licenciaspermisos?INS,0,,, HTTP/1.1" 200 6783
181.212.42.153 - - [24/May/2022:10:13:16 -0300] "GET /cormun/static/gxcfg.js?202012153173 HTTP/1.1" 200 953
181.212.42.153 - - [24/May/2022:10:13:16 -0300] "GET /cormun/static/licenciaspermisos.js?2020121532136 HTTP/1.1" 200 38824
181.212.42.153 - - [24/May/2022:10:13:16 -0300] "GET /cormun/servlet/hlogin HTTP/1.1" 200 1757
181.212.42.153 - - [24/May/2022:10:13:16 -0300] "GET /cormun/servlet/licenciaspermisos?INS,0,,, HTTP/1.1" 200 6780
190.171.142.10 - - [24/May/2022:10:13:17 -0300] "GET /cormun/servlet/trlicencias? HTTP/1.1" 200 15495
190.171.142.10 - - [24/May/2022:10:13:17 -0300] "GET /cormun/servlet/trlicencias? HTTP/1.1" 200 15482
181.212.42.153 - - [24/May/2022:10:13:26 -0300] "POST /cormun/servlet/hlogin?180cf0aeb70c49cfdf275b41b5f71f24,gx-no-cache=1653397298906 HTTP/1.1" 200 90
181.212.42.153 - - [24/May/2022:10:13:26 -0300] "GET /cormun/servlet/hpexe_link HTTP/1.1" 200 955
181.212.42.153 - - [24/May/2022:10:13:26 -0300] "GET /cormun/servlet/hhome HTTP/1.1" 200 3967
181.212.42.153 - - [24/May/2022:10:13:26 -0300] "GET /cormun/servlet/hhome HTTP/1.1" 200 3963
181.212.42.153 - - [24/May/2022:10:13:35 -0300] "GET /cormun/servlet/trpermisosgoce? HTTP/1.1" 200 13505
181.212.42.153 - - [24/May/2022:10:13:35 -0300] "GET /cormun/servlet/trpermisosgoce? HTTP/1.1" 200 13507
181.212.42.153 - - [24/May/2022:10:13:36 -0300] "GET /cormun/servlet/permisogoce?INS,0,,, HTTP/1.1" 200 6829
181.212.42.153 - - [24/May/2022:10:13:37 -0300] "GET /cormun/servlet/permisogoce?INS,0,,, HTTP/1.1" 200 6829
181.212.42.153 - - [24/May/2022:10:14:19 -0300] "GET /cormun/servlet/permisogoce?03dd0192cb873b678bc57f76bb005ac05bdb4d9da18d8083c382b5a7f2474a37c1ce5e72e66e4c52d30af59f9ea727ad8c874e5c4096c45f64d75c6f3c2a3bf4,gx-no-cache=1653397351805 HTTP/1.1" 200 174
181.212.42.153 - - [24/May/2022:10:14:19 -0300] "GET /cormun/static/Shared/jqueryui/images/ui-bg_highlight-soft_100_c6c2c8_1x100.png HTTP/1.1" 404 1117
181.212.42.153 - - [24/May/2022:10:14:19 -0300] "GET /cormun/static/Shared/jqueryui/images/ui-icons_82798d_256x240.png HTTP/1.1" 404 1089
181.212.42.153 - - [24/May/2022:10:14:19 -0300] "GET /cormun/static/Shared/jqueryui/images/ui-bg_flat_55_994d53_40x100.png HTTP/1.1" 404 1097
181.212.42.153 - - [24/May/2022:10:14:19 -0300] "GET /cormun/static/Shared/jqueryui/images/ui-icons_ebccce_256x240.png HTTP/1.1" 404 1089
181.212.42.153 - - [24/May/2022:10:14:29 -0300] "GET /cormun/static/Resources/resize.gif HTTP/1.1" 200 77
181.212.42.153 - - [24/May/2022:10:14:29 -0300] "GET /cormun/static/Resources/PXTools/ClosePrompt.png HTTP/1.1" 200 1036
181.212.42.153 - - [24/May/2022:10:14:30 -0300] "GET /cormun/servlet/prfichaempleado?,MD,,gxPopupLevel%3D0%3B HTTP/1.1" 200 9273
181.212.42.153 - - [24/May/2022:10:14:30 -0300] "GET /cormun/static/gxcfg.js?20201215571085 HTTP/1.1" 200 953
181.212.42.153 - - [24/May/2022:10:14:30 -0300] "GET /cormun/static/prfichaempleado.js?20201215572193 HTTP/1.1" 200 16006
181.212.42.153 - - [24/May/2022:10:14:36 -0300] "POST /cormun/servlet/prfichaempleado?180cf0aeb70c49cfdf275b41b5f71f24,,MD,,gxPopupLevel%3D0%3B,gx-no-cache=1653397368613 HTTP/1.1" 200 5970
190.171.149.82 - - [24/May/2022:10:14:37 -0300] "GET /cormun/servlet/solicitudot?10c63cbf84f43765232bd932697fbe50120e085ef270eb4a989ea08f6925c78a7715304ae1e55c9ae1911a56849e6ba86c82af81dd055d7539d0e1bbdf5ee35a10bf4e2b3bbd5d5d61e1a8f4af29eb0a,gx-no-cache=1653397285300 HTTP/1.1" 200 30
190.171.149.82 - - [24/May/2022:10:14:39 -0300] "GET /cormun/servlet/prbanco?,MD,,gxPopupLevel%3D0%3B HTTP/1.1" 200 6409
181.212.42.153 - - [24/May/2022:10:14:45 -0300] "POST /cormun/servlet/prfichaempleado?180cf0aeb70c49cfdf275b41b5f71f24,,MD,,gxPopupLevel%3D0%3B,gx-no-cache=1653397377899 HTTP/1.1" 200 3392
190.171.149.82 - - [24/May/2022:10:14:46 -0300] "GET /cormun/servlet/solicitudot?10c63cbf84f43765232bd932697fbe50ec630498a57003c0c9f5e7c185d1fff5,gx-no-cache=1653397293535 HTTP/1.1" 200 45
181.212.42.153 - - [24/May/2022:10:14:48 -0300] "GET /cormun/servlet/permisogoce?03dd0192cb873b678bc57f76bb005ac05bdb4d9da18d8083c382b5a7f2474a37c1ce5e72e66e4c52d30af59f9ea727ad8c874e5c4096c45f64d75c6f3c2a3bf4,gx-no-cache=1653397380591 HTTP/1.1" 200 174
190.171.152.242 - - [24/May/2022:10:15:29 -0300] "GET /cormun/servlet/hlogin HTTP/1.1" 200 1743
190.171.154.42 - - [24/May/2022:10:17:02 -0300] "GET /cormun/servlet/hlogin HTTP/1.1" 200 1721
190.171.154.42 - - [24/May/2022:10:17:10 -0300] "POST /cormun/servlet/hlogin?ab118b08d18a81d139dd7d480e44d52b,gx-no-cache=1653397436065 HTTP/1.1" 200 90
190.171.154.42 - - [24/May/2022:10:17:11 -0300] "GET /cormun/servlet/hpexe_link HTTP/1.1" 200 948
190.171.154.42 - - [24/May/2022:10:17:11 -0300] "GET /cormun/servlet/hhome HTTP/1.1" 200 4174
190.171.154.42 - - [24/May/2022:10:17:13 -0300] "GET /cormun/servlet/hhome HTTP/1.1" 200 4170
190.171.154.42 - - [24/May/2022:10:17:18 -0300] "GET /cormun/servlet/trlicencias? HTTP/1.1" 200 13355
190.171.154.42 - - [24/May/2022:10:17:20 -0300] "GET /cormun/servlet/trlicencias? HTTP/1.1" 200 13366
190.171.154.42 - - [24/May/2022:10:17:35 -0300] "GET /cormun/servlet/trlicencias? HTTP/1.1" 200 13362
190.171.154.42 - - [24/May/2022:10:17:37 -0300] "GET /cormun/servlet/trlicencias? HTTP/1.1" 200 13371
200.54.107.2 - - [24/May/2022:10:17:37 -0300] "GET /cormun/servlet/hlogin HTTP/1.1" 200 1723
200.54.107.2 - - [24/May/2022:10:17:49 -0300] "POST /cormun/servlet/hlogin?859a0785fc1891c7342f14918738ea07,gx-no-cache=1653397477028 HTTP/1.1" 200 90
200.54.107.2 - - [24/May/2022:10:17:50 -0300] "GET /cormun/servlet/hpexe_link HTTP/1.1" 200 950
200.54.107.2 - - [24/May/2022:10:17:50 -0300] "GET /cormun/servlet/hhome HTTP/1.1" 200 4349
200.54.107.2 - - [24/May/2022:10:17:50 -0300] "GET /cormun/servlet/hhome HTTP/1.1" 200 4345
200.54.107.2 - - [24/May/2022:10:17:55 -0300] "GET /cormun/servlet/trpermisosgoce? HTTP/1.1" 200 12022
200.54.107.2 - - [24/May/2022:10:17:56 -0300] "GET /cormun/servlet/trpermisosgoce? HTTP/1.1" 200 12020
200.54.107.2 - - [24/May/2022:10:18:07 -0300] "GET /cormun/servlet/permisogoce?INS,0,,, HTTP/1.1" 200 7243
200.54.107.2 - - [24/May/2022:10:18:07 -0300] "GET /cormun/servlet/permisogoce?INS,0,,, HTTP/1.1" 200 7243
200.54.107.2 - - [24/May/2022:10:18:27 -0300] "GET /cormun/servlet/permisogoce?335d41585a77b78963649200c7d56d6194493545d543cbb3035735b08022a52835ceaad8ffd04ccde1ef7d4c2905f94fe9d9e2ebd177b5a04b4855bc994a37f4,gx-no-cache=1653397514250 HTTP/1.1" 200 84
200.54.107.2 - - [24/May/2022:10:18:27 -0300] "GET /cormun/static/menuarrow.gif HTTP/1.1" 404 1015
200.54.107.2 - - [24/May/2022:10:18:33 -0300] "GET /cormun/servlet/permisogoce?335d41585a77b78963649200c7d56d614a98a9acc6ceb236d36fff3b52dcc403e1d66c2438f374898e45ba454713fdbdfa23a51542a974aa45de4f5584c9d014,gx-no-cache=1653397520764 HTTP/1.1" 200 47
200.54.107.2 - - [24/May/2022:10:18:37 -0300] "POST /cormun/servlet/permisogoce?859a0785fc1891c7342f14918738ea07,INS,0,,,,gx-no-cache=1653397523799 HTTP/1.1" 200 93
200.54.107.2 - - [24/May/2022:10:18:37 -0300] "GET /cormun/servlet/hpexe_return? HTTP/1.1" 200 1007
200.54.107.2 - - [24/May/2022:10:18:37 -0300] "GET /cormun/servlet/trpermisosgoce HTTP/1.1" 200 12299
200.54.107.2 - - [24/May/2022:10:18:37 -0300] "GET /cormun/servlet/trpermisosgoce HTTP/1.1" 200 12303
200.54.107.2 - - [24/May/2022:10:18:41 -0300] "GET /cormun/servlet/apermisogoceprn?11890009,P,20220524090201,PU HTTP/1.1" 200 1656
200.54.107.2 - - [24/May/2022:10:19:28 -0300] "POST /cormun/servlet/trpermisosgoce?859a0785fc1891c7342f14918738ea07,gx-no-cache=1653397575461 HTTP/1.1" 200 9503
190.171.142.50 - - [24/May/2022:10:24:58 -0300] "GET /cormun/servlet/hlogin HTTP/1.1" 200 1730
190.171.142.50 - - [24/May/2022:10:25:05 -0300] "POST /cormun/servlet/hlogin?cef0e7f89bd197a79dc81b761818566f,gx-no-cache=1653400252339 HTTP/1.1" 200 90
190.171.142.50 - - [24/May/2022:10:25:05 -0300] "GET /cormun/servlet/hpexe_link HTTP/1.1" 200 956
190.171.142.50 - - [24/May/2022:10:25:05 -0300] "GET /cormun/servlet/hhome HTTP/1.1" 200 3949
190.171.142.50 - - [24/May/2022:10:25:05 -0300] "GET /cormun/servlet/hhome HTTP/1.1" 200 3946
190.171.142.50 - - [24/May/2022:10:25:26 -0300] "GET /cormun/servlet/trlicencias? HTTP/1.1" 200 13024
190.171.142.50 - - [24/May/2022:10:25:26 -0300] "GET /cormun/servlet/trlicencias? HTTP/1.1" 200 12990
190.171.142.50 - - [24/May/2022:10:26:12 -0300] "GET /cormun/servlet/trsolicitudot? HTTP/1.1" 200 7163
190.171.142.50 - - [24/May/2022:10:26:12 -0300] "GET /cormun/static/gxui/gxui-all.css?110300 HTTP/1.1" 200 2179
190.171.142.50 - - [24/May/2022:10:26:12 -0300] "GET /cormun/static/gxcfg.js?201991910464971 HTTP/1.1" 200 953
190.171.142.50 - - [24/May/2022:10:26:12 -0300] "GET /cormun/static/calendar-system.css?75620 HTTP/1.1" 200 5572
190.171.142.50 - - [24/May/2022:10:26:12 -0300] "GET /cormun/static/trsolicitudot.js?201991910465845 HTTP/1.1" 200 54041
190.171.142.50 - - [24/May/2022:10:26:12 -0300] "GET /cormun/static/Shared/ext/resources/css/ext-all.css?205870 HTTP/1.1" 200 416045
190.171.142.50 - - [24/May/2022:10:26:12 -0300] "GET /cormun/servlet/trsolicitudot? HTTP/1.1" 200 7163
190.171.142.50 - - [24/May/2022:10:26:15 -0300] "GET /cormun/servlet/solicitudot?INS,0,0,false, HTTP/1.1" 200 15675
190.171.142.50 - - [24/May/2022:10:26:15 -0300] "GET /cormun/static/gxcfg.js?20203414241232 HTTP/1.1" 200 953
190.171.142.50 - - [24/May/2022:10:26:15 -0300] "GET /cormun/static/Resources/prompt.gif HTTP/1.1" 200 902
190.171.142.50 - - [24/May/2022:10:26:15 -0300] "GET /cormun/static/solicitudot.js?20203414242792 HTTP/1.1" 200 74114
190.171.142.50 - - [24/May/2022:10:26:15 -0300] "GET /cormun/servlet/solicitudot?INS,0,0,false, HTTP/1.1" 200 15682
190.171.142.50 - - [24/May/2022:10:26:40 -0300] "POST /cormun/servlet/solicitudot?gx-no-cache=1653400347133 HTTP/1.1" 200 3850
190.171.142.50 - - [24/May/2022:10:26:40 -0300] "POST /cormun/servlet/solicitudot?cef0e7f89bd197a79dc81b761818566f,INS,0,0,false,,gx-no-cache=1653400347253 HTTP/1.1" 200 12394
190.171.142.50 - - [24/May/2022:10:26:43 -0300] "GET /cormun/servlet/solicitudot?1454bee6bcd2fc3bc0bb39dbeeb750ff723c5b3aa2b92259bfa8615e75fd9ec1f368a5a458e4cad3fe86f833c4d7f2e3,gx-no-cache=1653400350870 HTTP/1.1" 200 30
190.171.143.90 - - [24/May/2022:10:27:36 -0300] "GET /cormun/servlet/hlogin HTTP/1.1" 200 1716
190.171.143.90 - - [24/May/2022:10:27:48 -0300] "POST /cormun/servlet/hlogin?e880bd6dc00298bec545e6d19eba19ec,gx-no-cache=1653398076006 HTTP/1.1" 200 90
190.171.143.90 - - [24/May/2022:10:27:48 -0300] "GET /cormun/servlet/hpexe_link HTTP/1.1" 200 944
190.171.143.90 - - [24/May/2022:10:27:48 -0300] "GET /cormun/servlet/hhome HTTP/1.1" 200 4292
190.171.143.90 - - [24/May/2022:10:27:49 -0300] "GET /cormun/servlet/hhome HTTP/1.1" 200 4288
190.171.143.90 - - [24/May/2022:10:27:52 -0300] "GET /cormun/servlet/trlicencias? HTTP/1.1" 200 12762
190.171.143.90 - - [24/May/2022:10:27:52 -0300] "GET /cormun/servlet/trlicencias? HTTP/1.1" 200 12755
190.171.142.50 - - [24/May/2022:10:29:05 -0300] "GET /cormun/static/Resources/PXTools/ClosePrompt.png HTTP/1.1" 200 1036
190.171.142.50 - - [24/May/2022:10:29:05 -0300] "GET /cormun/static/Resources/resize.gif HTTP/1.1" 200 77
190.171.142.50 - - [24/May/2022:10:29:05 -0300] "GET /cormun/servlet/prbanco?,MD,,gxPopupLevel%3D0%3B HTTP/1.1" 200 6506
190.171.142.50 - - [24/May/2022:10:29:05 -0300] "GET /cormun/static/gxcfg.js?20201216131581 HTTP/1.1" 200 953
190.171.142.50 - - [24/May/2022:10:29:05 -0300] "GET /cormun/static/menusearch.js?20201214473581 HTTP/1.1" 200 1424
190.171.142.50 - - [24/May/2022:10:29:05 -0300] "GET /cormun/static/prbanco.js?20201216132311 HTTP/1.1" 200 10693
190.171.142.50 - - [24/May/2022:10:29:05 -0300] "GET /cormun/static/Resources/PXToolsMenuSearch.png HTTP/1.1" 200 336
190.171.142.50 - - [24/May/2022:10:29:05 -0300] "GET /cormun/static/hmpwkw011.js?20201215495555 HTTP/1.1" 200 1968
190.171.142.50 - - [24/May/2022:10:29:05 -0300] "GET /cormun/static/Resources/PXToolsMenuSearchCancel.png HTTP/1.1" 200 306
190.171.142.50 - - [24/May/2022:10:29:20 -0300] "GET /cormun/servlet/solicitudot?1454bee6bcd2fc3bc0bb39dbeeb750ff725fc9cd70d6418277de6b3440794a5616a8a90487990246566b907d3478caa607c9e3d0ffb7eaf436e223affcee5e11,gx-no-cache=1653400507961 HTTP/1.1" 200 30
190.171.142.50 - - [24/May/2022:10:29:22 -0300] "GET /cormun/servlet/solicitudot?1454bee6bcd2fc3bc0bb39dbeeb750ffc2a14c803f0d64c455484e815ddda1c1,gx-no-cache=1653400509370 HTTP/1.1" 200 70
190.171.142.50 - - [24/May/2022:10:29:47 -0300] "POST /cormun/servlet/solicitudot?gx-no-cache=1653400534939 HTTP/1.1" 200 240
190.171.142.50 - - [24/May/2022:10:29:50 -0300] "GET /cormun/servlet/solicitudot?1454bee6bcd2fc3bc0bb39dbeeb750ff7e884f3a321507a75bd18cd51867aa9f80292b34ab7a6710ac1839680abb729262d0443c8bbf2b82ebdde37c5d4c24fb19c092805cc5770e8c42fd488d2f446f25f27e8012fbd0737e0cacd8a60e33e508496f5fd04b59a48a6f5fbc24232d077e36a9fc435353a6919b592cac0a1cba5bc5cc2fe730f48ebc1fa94c97b460bcaf5c2860cba4b13093e59ff5df9b9e5b27ba53dca6122aa57f60ac0257e3c174cac79883998a91ac9bb45d23b4711a9340d17b28eb105e881271033b2f7bde1a3e3bc6eec5879e43bdd0585c6195a70222427407b3af761d364e2bcfb0efcbe5d381f9435f2628d5df595afc18a207123fff410e9cf11dd0a7093c8f14a2e90e3939c9b838f548e774085a341775f6c48f598c0dd170b56e51d1e3444ff08d471e343ce6bfa9c8b2872a64dff60b9ec9cc79493e81139362f9826051cb2b92dd53d6546a3df9253e4864febcb2f534d0705d2ee8cc14990a5479d3315463b80eeb53a50c2c017e0a39d1e0fcd76367cb,gx-no-cache=1653400538068 HTTP/1.1" 200 30
190.171.142.50 - - [24/May/2022:10:29:53 -0300] "POST /cormun/servlet/solicitudot?gx-no-cache=1653400540402 HTTP/1.1" 200 30
190.171.142.50 - - [24/May/2022:10:29:55 -0300] "GET /cormun/servlet/prfichaempleado?,MD,,gxPopupLevel%3D0%3B HTTP/1.1" 200 9249
190.171.142.50 - - [24/May/2022:10:29:55 -0300] "GET /cormun/static/gxcfg.js?20201215571085 HTTP/1.1" 200 953
190.171.142.50 - - [24/May/2022:10:29:55 -0300] "GET /cormun/static/prfichaempleado.js?20201215572193 HTTP/1.1" 200 16006
190.171.142.50 - - [24/May/2022:10:30:06 -0300] "POST /cormun/servlet/prfichaempleado?cef0e7f89bd197a79dc81b761818566f,,MD,,gxPopupLevel%3D0%3B,gx-no-cache=1653400553252 HTTP/1.1" 200 3420
190.171.142.50 - - [24/May/2022:10:30:09 -0300] "GET /cormun/servlet/prlicenciaspermisos?15126684,L,,MD,,gxPopupLevel%3D0%3B HTTP/1.1" 200 6544
190.171.142.50 - - [24/May/2022:10:30:09 -0300] "GET /cormun/static/gxcfg.js?2020121559567 HTTP/1.1" 200 953
190.171.142.50 - - [24/May/2022:10:30:09 -0300] "GET /cormun/static/prlicenciaspermisos.js?2020121559821 HTTP/1.1" 200 13379
190.171.142.50 - - [24/May/2022:10:30:13 -0300] "POST /cormun/servlet/solicitudot?gx-no-cache=1653400560526 HTTP/1.1" 200 1454
190.171.142.50 - - [24/May/2022:10:30:16 -0300] "POST /cormun/servlet/solicitudot?gx-no-cache=1653400562812 HTTP/1.1" 200 41
190.171.143.90 - - [24/May/2022:10:30:19 -0300] "GET /cormun/servlet/hlogin HTTP/1.1" 200 1733
190.171.142.50 - - [24/May/2022:10:30:23 -0300] "GET /cormun/servlet/solicitudot?1454bee6bcd2fc3bc0bb39dbeeb750ff4b044ac45bab15ed1683976bbe93d111aee86ab05322b2d0bd4ec883b9f5cb4845722ffc4e837b93820b5030de6fed355de553dbd71fd62686dc822cca0e955636026207c545d8fa2e41b189a383c651cfe61ea5c2912a79d5d57b210a62d65d,gx-no-cache=1653400570738 HTTP/1.1" 200 110
190.171.142.50 - - [24/May/2022:10:30:23 -0300] "POST /cormun/servlet/solicitudot?gx-no-cache=1653400570759 HTTP/1.1" 200 97
190.171.142.50 - - [24/May/2022:10:30:32 -0300] "GET /cormun/servlet/solicitudot?1454bee6bcd2fc3bc0bb39dbeeb750ff6a35b37d8b3f106ed44744dbc5b7807e68cfe612bda6adc29c97c9966dc3ed6f4e7f8f13955cb9c5f6dabe6599bd275d9f4115677136dea436ccbe714af878ef1d3bc5bd5385705a627309731fa68a1309634ca343df88884cd575ca93d8f557,gx-no-cache=1653400579914 HTTP/1.1" 200 29
190.171.142.50 - - [24/May/2022:10:30:32 -0300] "GET /cormun/static/menuarrow.gif HTTP/1.1" 404 1015
190.171.143.90 - - [24/May/2022:10:30:51 -0300] "POST /cormun/servlet/hlogin?73c85a49261e208fd4fe46c5ff017943,gx-no-cache=1653398258999 HTTP/1.1" 200 90
190.171.143.90 - - [24/May/2022:10:30:51 -0300] "GET /cormun/servlet/hpexe_link HTTP/1.1" 200 957
190.171.143.90 - - [24/May/2022:10:30:51 -0300] "GET /cormun/servlet/hhome HTTP/1.1" 200 4309
190.171.143.90 - - [24/May/2022:10:30:52 -0300] "GET /cormun/servlet/hhome HTTP/1.1" 200 4305
190.171.143.90 - - [24/May/2022:10:30:59 -0300] "GET /cormun/servlet/trsolicitudot? HTTP/1.1" 200 9288
190.171.143.90 - - [24/May/2022:10:30:59 -0300] "GET /cormun/servlet/trsolicitudot? HTTP/1.1" 200 9286
190.171.143.90 - - [24/May/2022:10:31:10 -0300] "GET /cormun/servlet/solicitudot?INS,0,0,false, HTTP/1.1" 200 16026
190.171.143.90 - - [24/May/2022:10:31:10 -0300] "GET /cormun/servlet/solicitudot?INS,0,0,false, HTTP/1.1" 200 16034
