190.171.143.90 - - [24/May/2022:10:31:41 -0300] "POST /cormun/servlet/solicitudot?gx-no-cache=1653398309229 HTTP/1.1" 200 3858
190.171.143.90 - - [24/May/2022:10:31:42 -0300] "POST /cormun/servlet/solicitudot?73c85a49261e208fd4fe46c5ff017943,INS,0,0,false,,gx-no-cache=1653398309365 HTTP/1.1" 200 12682
190.171.143.90 - - [24/May/2022:10:31:45 -0300] "GET /cormun/servlet/solicitudot?87dcb94c74e083595ff8d2038c7fb561006f9bf943890132b9de0d2028d336b7a39abea91ae19d9e4aac11c9a76e99c7,gx-no-cache=1653398313017 HTTP/1.1" 200 30
190.171.142.50 - - [24/May/2022:10:32:38 -0300] "GET /cormun/servlet/solicitudot?1454bee6bcd2fc3bc0bb39dbeeb750ff84da1c38bc97e28c27825b4f5b6bd6000fd78a3f250cc8b2da0c71c4c142093b,gx-no-cache=1653400705180 HTTP/1.1" 200 30
190.171.142.50 - - [24/May/2022:10:32:38 -0300] "POST /cormun/servlet/solicitudot?gx-no-cache=1653400705225 HTTP/1.1" 200 34
185.191.171.26 - - [24/May/2022:10:32:44 -0300] "GET /robots.txt HTTP/1.1" 404 981
185.191.171.35 - - [24/May/2022:10:32:44 -0300] "GET /cormun/servlet/hlogin HTTP/1.1" 200 1717
190.171.142.50 - - [24/May/2022:10:33:18 -0300] "POST /cormun/servlet/solicitudot?cef0e7f89bd197a79dc81b761818566f,INS,0,0,false,,gx-no-cache=1653400745267 HTTP/1.1" 200 93
190.171.142.50 - - [24/May/2022:10:33:18 -0300] "GET /cormun/servlet/hpexe_return? HTTP/1.1" 200 1014
190.171.142.50 - - [24/May/2022:10:33:18 -0300] "GET /cormun/servlet/trsolicitudot HTTP/1.1" 200 8562
190.171.142.50 - - [24/May/2022:10:33:18 -0300] "GET /cormun//static/Resources/PXToolsActionView.png HTTP/1.1" 200 398
190.171.142.50 - - [24/May/2022:10:33:18 -0300] "GET /cormun//static/Resources/PXToolsRemoveAllAction.png HTTP/1.1" 200 487
190.171.142.50 - - [24/May/2022:10:33:18 -0300] "GET /cormun/servlet/trsolicitudot HTTP/1.1" 200 8556
190.171.142.50 - - [24/May/2022:10:33:25 -0300] "POST /cormun/servlet/trsolicitudot?cef0e7f89bd197a79dc81b761818566f,gx-no-cache=1653400752240 HTTP/1.1" 200 107
190.171.142.50 - - [24/May/2022:10:33:25 -0300] "GET /cormun/servlet/trsolicitudadjuntos?2022,18749, HTTP/1.1" 200 6061
190.171.142.50 - - [24/May/2022:10:33:25 -0300] "GET /cormun/static/gxcfg.js?20201215574222 HTTP/1.1" 200 953
190.171.142.50 - - [24/May/2022:10:33:25 -0300] "GET /cormun/static/Resources/PXToolsGridNew.png HTTP/1.1" 200 427
190.171.142.50 - - [24/May/2022:10:33:25 -0300] "GET /cormun/static/trsolicitudadjuntos.js?20201215574932 HTTP/1.1" 200 17922
190.171.142.50 - - [24/May/2022:10:33:25 -0300] "GET /cormun/servlet/trsolicitudadjuntos?2022,18749, HTTP/1.1" 200 6061
190.171.142.50 - - [24/May/2022:10:33:28 -0300] "GET /cormun/servlet/solicitudotadjuntos?INS,2022,18749,,1, HTTP/1.1" 200 6005
190.171.142.50 - - [24/May/2022:10:33:28 -0300] "GET /cormun/static/gxcfg.js?202012157947 HTTP/1.1" 200 953
190.171.142.50 - - [24/May/2022:10:33:28 -0300] "GET /cormun/static/solicitudotadjuntos.js?202012157966 HTTP/1.1" 200 11771
190.171.142.50 - - [24/May/2022:10:33:28 -0300] "GET /cormun/static/about:blank HTTP/1.1" 404 1011
190.171.142.50 - - [24/May/2022:10:33:28 -0300] "GET /cormun/servlet/solicitudotadjuntos?INS,2022,18749,,1, HTTP/1.1" 200 5998
190.171.142.50 - - [24/May/2022:10:33:29 -0300] "GET /cormun/servlet/solicitudotadjuntos?1454bee6bcd2fc3bc0bb39dbeeb750ffdef8b3c2f256a7af6b731f4caae621c55e657bdd070bd1bbc45fea62992682bd,gx-no-cache=1653400756404 HTTP/1.1" 200 30
190.171.142.50 - - [24/May/2022:10:33:29 -0300] "POST /cormun/servlet/solicitudotadjuntos?cef0e7f89bd197a79dc81b761818566f,INS,2022,18749,,1,,gx-no-cache=1653400756420 HTTP/1.1" 200 3880
190.171.142.50 - - [24/May/2022:10:33:32 -0300] "POST /cormun/servlet/solicitudotadjuntos?gx-no-cache=1653400759744 HTTP/1.1" 200 26
190.171.142.50 - - [24/May/2022:10:33:42 -0300] "GET /cormun/servlet/solicitudotadjuntos?1454bee6bcd2fc3bc0bb39dbeeb750ffbe1cc206ff98a1bf8cb8437a88c9a7ae,gx-no-cache=1653400769529 HTTP/1.1" 200 30
190.171.142.50 - - [24/May/2022:10:33:42 -0300] "GET /cormun/servlet/solicitudotadjuntos?1454bee6bcd2fc3bc0bb39dbeeb750ffbe1cc206ff98a1bf8cb8437a88c9a7ae,gx-no-cache=1653400769542 HTTP/1.1" 200 30
190.171.142.50 - - [24/May/2022:10:33:42 -0300] "POST /cormun/servlet/solicitudotadjuntos?cef0e7f89bd197a79dc81b761818566f,INS,2022,18749,,1, HTTP/1.1" 200 116
190.171.142.50 - - [24/May/2022:10:33:42 -0300] "GET /cormun/servlet/hpexe_return? HTTP/1.1" 200 1032
190.171.142.50 - - [24/May/2022:10:33:42 -0300] "GET /cormun/servlet/trsolicitudadjuntos?2022,18749, HTTP/1.1" 200 8828
190.171.142.50 - - [24/May/2022:10:33:43 -0300] "GET /cormun/servlet/trsolicitudadjuntos?2022,18749, HTTP/1.1" 200 8823
190.171.142.50 - - [24/May/2022:10:33:46 -0300] "GET /cormun/servlet/solicitudotadjuntos?INS,2022,18749,,1, HTTP/1.1" 200 6005
190.171.142.50 - - [24/May/2022:10:33:46 -0300] "GET /cormun/static/about:blank HTTP/1.1" 404 1011
190.171.142.50 - - [24/May/2022:10:33:46 -0300] "GET /cormun/servlet/solicitudotadjuntos?INS,2022,18749,,1, HTTP/1.1" 200 5998
190.171.142.50 - - [24/May/2022:10:33:46 -0300] "GET /cormun/servlet/solicitudotadjuntos?1454bee6bcd2fc3bc0bb39dbeeb750ffdef8b3c2f256a7af6b731f4caae621c55e657bdd070bd1bbc45fea62992682bd,gx-no-cache=1653400773852 HTTP/1.1" 200 30
190.171.142.50 - - [24/May/2022:10:33:46 -0300] "POST /cormun/servlet/solicitudotadjuntos?cef0e7f89bd197a79dc81b761818566f,INS,2022,18749,,1,,gx-no-cache=1653400773868 HTTP/1.1" 200 3880
190.171.142.50 - - [24/May/2022:10:33:50 -0300] "POST /cormun/servlet/solicitudotadjuntos?gx-no-cache=1653400777840 HTTP/1.1" 200 26
190.171.142.50 - - [24/May/2022:10:33:59 -0300] "GET /cormun/servlet/solicitudotadjuntos?1454bee6bcd2fc3bc0bb39dbeeb750ffbe1cc206ff98a1bf8cb8437a88c9a7ae,gx-no-cache=1653400786537 HTTP/1.1" 200 30
190.171.142.50 - - [24/May/2022:10:33:59 -0300] "GET /cormun/servlet/solicitudotadjuntos?1454bee6bcd2fc3bc0bb39dbeeb750ffbe1cc206ff98a1bf8cb8437a88c9a7ae,gx-no-cache=1653400786548 HTTP/1.1" 200 30
190.171.142.50 - - [24/May/2022:10:33:59 -0300] "POST /cormun/servlet/solicitudotadjuntos?cef0e7f89bd197a79dc81b761818566f,INS,2022,18749,,1, HTTP/1.1" 200 116
190.171.142.50 - - [24/May/2022:10:33:59 -0300] "GET /cormun/servlet/hpexe_return? HTTP/1.1" 200 1032
190.171.142.50 - - [24/May/2022:10:34:00 -0300] "GET /cormun/servlet/trsolicitudadjuntos?2022,18749, HTTP/1.1" 200 9058
190.171.142.50 - - [24/May/2022:10:34:00 -0300] "GET /cormun/servlet/trsolicitudadjuntos?2022,18749, HTTP/1.1" 200 9056
190.171.142.50 - - [24/May/2022:10:34:01 -0300] "GET /cormun/servlet/solicitudotadjuntos?INS,2022,18749,,1, HTTP/1.1" 200 6005
190.171.142.50 - - [24/May/2022:10:34:02 -0300] "GET /cormun/static/about:blank HTTP/1.1" 404 1011
190.171.142.50 - - [24/May/2022:10:34:02 -0300] "GET /cormun/servlet/solicitudotadjuntos?INS,2022,18749,,1, HTTP/1.1" 200 5998
190.171.142.50 - - [24/May/2022:10:34:02 -0300] "GET /cormun/servlet/solicitudotadjuntos?1454bee6bcd2fc3bc0bb39dbeeb750ffdef8b3c2f256a7af6b731f4caae621c55e657bdd070bd1bbc45fea62992682bd,gx-no-cache=1653400789709 HTTP/1.1" 200 30
190.171.142.50 - - [24/May/2022:10:34:02 -0300] "POST /cormun/servlet/solicitudotadjuntos?cef0e7f89bd197a79dc81b761818566f,INS,2022,18749,,1,,gx-no-cache=1653400789726 HTTP/1.1" 200 3880
190.171.142.50 - - [24/May/2022:10:34:05 -0300] "POST /cormun/servlet/solicitudotadjuntos?gx-no-cache=1653400792616 HTTP/1.1" 200 26
190.171.142.50 - - [24/May/2022:10:34:14 -0300] "GET /cormun/servlet/solicitudotadjuntos?1454bee6bcd2fc3bc0bb39dbeeb750ffbe1cc206ff98a1bf8cb8437a88c9a7ae,gx-no-cache=1653400801520 HTTP/1.1" 200 30
190.171.142.50 - - [24/May/2022:10:34:14 -0300] "GET /cormun/servlet/solicitudotadjuntos?1454bee6bcd2fc3bc0bb39dbeeb750ffbe1cc206ff98a1bf8cb8437a88c9a7ae,gx-no-cache=1653400801533 HTTP/1.1" 200 30
190.171.142.50 - - [24/May/2022:10:34:14 -0300] "POST /cormun/servlet/solicitudotadjuntos?cef0e7f89bd197a79dc81b761818566f,INS,2022,18749,,1, HTTP/1.1" 200 116
190.171.142.50 - - [24/May/2022:10:34:14 -0300] "GET /cormun/servlet/hpexe_return? HTTP/1.1" 200 1032
190.171.142.50 - - [24/May/2022:10:34:14 -0300] "GET /cormun/servlet/trsolicitudadjuntos?2022,18749, HTTP/1.1" 200 9228
190.171.142.50 - - [24/May/2022:10:34:15 -0300] "GET /cormun/servlet/trsolicitudadjuntos?2022,18749, HTTP/1.1" 200 9227
190.171.142.50 - - [24/May/2022:10:34:17 -0300] "GET /cormun/servlet/solicitudotadjuntos?INS,2022,18749,,1, HTTP/1.1" 200 6004
190.171.142.50 - - [24/May/2022:10:34:17 -0300] "GET /cormun/static/about:blank HTTP/1.1" 404 1011
190.171.142.50 - - [24/May/2022:10:34:17 -0300] "GET /cormun/servlet/solicitudotadjuntos?INS,2022,18749,,1, HTTP/1.1" 200 5997
190.171.142.50 - - [24/May/2022:10:34:17 -0300] "GET /cormun/servlet/solicitudotadjuntos?1454bee6bcd2fc3bc0bb39dbeeb750ffdef8b3c2f256a7af6b731f4caae621c55e657bdd070bd1bbc45fea62992682bd,gx-no-cache=1653400804905 HTTP/1.1" 200 30
190.171.142.50 - - [24/May/2022:10:34:17 -0300] "POST /cormun/servlet/solicitudotadjuntos?cef0e7f89bd197a79dc81b761818566f,INS,2022,18749,,1,,gx-no-cache=1653400804921 HTTP/1.1" 200 3879
190.171.141.90 - - [24/May/2022:10:34:18 -0300] "POST /cormun/servlet/hlogin?ad34f2f25e62bf69043202ef0960ba6b,gx-no-cache=1653398463426 HTTP/1.1" 200 90
190.171.141.90 - - [24/May/2022:10:34:18 -0300] "GET /cormun/servlet/hpexe_link HTTP/1.1" 200 959
190.171.141.90 - - [24/May/2022:10:34:19 -0300] "GET /cormun/servlet/trbonoreemplazo HTTP/1.1" 500 10
190.171.142.50 - - [24/May/2022:10:34:19 -0300] "POST /cormun/servlet/solicitudotadjuntos?gx-no-cache=1653400806928 HTTP/1.1" 200 26
190.171.141.90 - - [24/May/2022:10:34:20 -0300] "GET /cormun/servlet/trbonoreemplazo HTTP/1.1" 500 10
190.171.141.90 - - [24/May/2022:10:34:21 -0300] "GET /cormun/servlet/hlogin HTTP/1.1" 200 1724
190.171.141.90 - - [24/May/2022:10:34:26 -0300] "POST /cormun/servlet/hlogin?ad34f2f25e62bf69043202ef0960ba6b,gx-no-cache=1653398471234 HTTP/1.1" 200 90
190.171.141.90 - - [24/May/2022:10:34:26 -0300] "GET /cormun/servlet/hpexe_link HTTP/1.1" 200 959
190.171.141.90 - - [24/May/2022:10:34:26 -0300] "GET /cormun/servlet/trbonoreemplazo HTTP/1.1" 500 10
190.171.142.50 - - [24/May/2022:10:34:27 -0300] "GET /cormun/servlet/solicitudotadjuntos?1454bee6bcd2fc3bc0bb39dbeeb750ffbe1cc206ff98a1bf8cb8437a88c9a7ae,gx-no-cache=1653400814217 HTTP/1.1" 200 30
190.171.142.50 - - [24/May/2022:10:34:27 -0300] "GET /cormun/servlet/solicitudotadjuntos?1454bee6bcd2fc3bc0bb39dbeeb750ffbe1cc206ff98a1bf8cb8437a88c9a7ae,gx-no-cache=1653400814230 HTTP/1.1" 200 30
190.171.142.50 - - [24/May/2022:10:34:27 -0300] "POST /cormun/servlet/solicitudotadjuntos?cef0e7f89bd197a79dc81b761818566f,INS,2022,18749,,1, HTTP/1.1" 200 116
190.171.142.50 - - [24/May/2022:10:34:27 -0300] "GET /cormun/servlet/hpexe_return? HTTP/1.1" 200 1032
190.171.142.50 - - [24/May/2022:10:34:27 -0300] "GET /cormun/servlet/trsolicitudadjuntos?2022,18749, HTTP/1.1" 200 9485
190.171.142.50 - - [24/May/2022:10:34:28 -0300] "GET /cormun/servlet/trsolicitudadjuntos?2022,18749, HTTP/1.1" 200 9482
190.171.142.50 - - [24/May/2022:10:34:30 -0300] "GET /cormun/servlet/solicitudotadjuntos?INS,2022,18749,,1, HTTP/1.1" 200 6004
190.171.142.50 - - [24/May/2022:10:34:30 -0300] "GET /cormun/static/about:blank HTTP/1.1" 404 1011
190.171.142.50 - - [24/May/2022:10:34:30 -0300] "GET /cormun/servlet/solicitudotadjuntos?INS,2022,18749,,1, HTTP/1.1" 200 5997
190.171.142.50 - - [24/May/2022:10:34:30 -0300] "GET /cormun/servlet/solicitudotadjuntos?1454bee6bcd2fc3bc0bb39dbeeb750ffdef8b3c2f256a7af6b731f4caae621c55e657bdd070bd1bbc45fea62992682bd,gx-no-cache=1653400817926 HTTP/1.1" 200 30
190.171.142.50 - - [24/May/2022:10:34:30 -0300] "POST /cormun/servlet/solicitudotadjuntos?cef0e7f89bd197a79dc81b761818566f,INS,2022,18749,,1,,gx-no-cache=1653400817942 HTTP/1.1" 200 3879
190.171.142.50 - - [24/May/2022:10:34:34 -0300] "POST /cormun/servlet/solicitudotadjuntos?gx-no-cache=1653400821569 HTTP/1.1" 200 26
190.171.142.50 - - [24/May/2022:10:34:41 -0300] "GET /cormun/servlet/solicitudotadjuntos?1454bee6bcd2fc3bc0bb39dbeeb750ffbe1cc206ff98a1bf8cb8437a88c9a7ae,gx-no-cache=1653400828680 HTTP/1.1" 200 30
190.171.142.50 - - [24/May/2022:10:34:41 -0300] "GET /cormun/servlet/solicitudotadjuntos?1454bee6bcd2fc3bc0bb39dbeeb750ffbe1cc206ff98a1bf8cb8437a88c9a7ae,gx-no-cache=1653400828693 HTTP/1.1" 200 30
190.171.142.50 - - [24/May/2022:10:34:41 -0300] "POST /cormun/servlet/solicitudotadjuntos?cef0e7f89bd197a79dc81b761818566f,INS,2022,18749,,1, HTTP/1.1" 200 116
190.171.142.50 - - [24/May/2022:10:34:41 -0300] "GET /cormun/servlet/hpexe_return? HTTP/1.1" 200 1032
190.171.142.50 - - [24/May/2022:10:34:42 -0300] "GET /cormun/servlet/trsolicitudadjuntos?2022,18749, HTTP/1.1" 200 9775
190.171.142.50 - - [24/May/2022:10:34:42 -0300] "GET /cormun/servlet/trsolicitudadjuntos?2022,18749, HTTP/1.1" 200 9772
190.171.142.50 - - [24/May/2022:10:34:46 -0300] "GET /cormun/servlet/solicitudotadjuntos?INS,2022,18749,,1, HTTP/1.1" 200 6004
190.171.142.50 - - [24/May/2022:10:34:46 -0300] "GET /cormun/static/about:blank HTTP/1.1" 404 1011
190.171.142.50 - - [24/May/2022:10:34:46 -0300] "GET /cormun/servlet/solicitudotadjuntos?INS,2022,18749,,1, HTTP/1.1" 200 5997
190.171.142.50 - - [24/May/2022:10:34:47 -0300] "GET /cormun/servlet/solicitudotadjuntos?1454bee6bcd2fc3bc0bb39dbeeb750ffdef8b3c2f256a7af6b731f4caae621c55e657bdd070bd1bbc45fea62992682bd,gx-no-cache=1653400834492 HTTP/1.1" 200 30
190.171.142.50 - - [24/May/2022:10:34:47 -0300] "POST /cormun/servlet/solicitudotadjuntos?cef0e7f89bd197a79dc81b761818566f,INS,2022,18749,,1,,gx-no-cache=1653400834507 HTTP/1.1" 200 3879
190.171.142.50 - - [24/May/2022:10:34:49 -0300] "POST /cormun/servlet/solicitudotadjuntos?gx-no-cache=1653400836336 HTTP/1.1" 200 26
190.171.142.50 - - [24/May/2022:10:34:56 -0300] "GET /cormun/servlet/solicitudotadjuntos?1454bee6bcd2fc3bc0bb39dbeeb750ffbe1cc206ff98a1bf8cb8437a88c9a7ae,gx-no-cache=1653400843304 HTTP/1.1" 200 30
190.171.142.50 - - [24/May/2022:10:34:56 -0300] "GET /cormun/servlet/solicitudotadjuntos?1454bee6bcd2fc3bc0bb39dbeeb750ffbe1cc206ff98a1bf8cb8437a88c9a7ae,gx-no-cache=1653400843316 HTTP/1.1" 200 30
190.171.142.50 - - [24/May/2022:10:34:56 -0300] "POST /cormun/servlet/solicitudotadjuntos?cef0e7f89bd197a79dc81b761818566f,INS,2022,18749,,1, HTTP/1.1" 200 116
190.171.142.50 - - [24/May/2022:10:34:56 -0300] "GET /cormun/servlet/hpexe_return? HTTP/1.1" 200 1032
190.171.142.50 - - [24/May/2022:10:34:57 -0300] "GET /cormun/servlet/trsolicitudadjuntos?2022,18749, HTTP/1.1" 200 9939
190.171.142.50 - - [24/May/2022:10:34:58 -0300] "GET /cormun/servlet/trsolicitudadjuntos?2022,18749, HTTP/1.1" 200 9938
190.171.143.90 - - [24/May/2022:10:35:06 -0300] "GET /cormun/servlet/solicitudot?87dcb94c74e083595ff8d2038c7fb561a15522bd9ed42cf36488ef0807f46ef367d7fabc29a2c83cd37b0a5088d15a198ce4eb59203f99a92084eeb36d78d661b70f68f71124cbce5fc821bb887ba6e0,gx-no-cache=1653398514018 HTTP/1.1" 200 30
190.171.143.90 - - [24/May/2022:10:35:14 -0300] "GET /cormun/servlet/prbanco?,MD,,gxPopupLevel%3D0%3B HTTP/1.1" 200 6599
190.171.143.90 - - [24/May/2022:10:35:23 -0300] "GET /cormun/servlet/solicitudot?87dcb94c74e083595ff8d2038c7fb561766a904810b80db708cca4ac8ced8d16,gx-no-cache=1653398530472 HTTP/1.1" 200 70
190.171.142.50 - - [24/May/2022:10:35:25 -0300] "POST /cormun/servlet/trsolicitudadjuntos?cef0e7f89bd197a79dc81b761818566f,2022,18749,,gx-no-cache=1653400872724 HTTP/1.1" 200 90
190.171.142.50 - - [24/May/2022:10:35:25 -0300] "GET /cormun/servlet/hpexe_link HTTP/1.1" 200 974
190.171.142.50 - - [24/May/2022:10:35:25 -0300] "GET /cormun/servlet/trsolicitudot HTTP/1.1" 200 8557
190.171.142.50 - - [24/May/2022:10:35:26 -0300] "GET /cormun/servlet/trsolicitudot HTTP/1.1" 200 8556
190.171.143.90 - - [24/May/2022:10:36:07 -0300] "POST /cormun/servlet/solicitudot?gx-no-cache=1653398574357 HTTP/1.1" 200 255
190.171.143.90 - - [24/May/2022:10:36:10 -0300] "GET /cormun/servlet/solicitudot?87dcb94c74e083595ff8d2038c7fb5611726591b51a68dab951f775fe8a049989713724b2ee14722c0c112807aeaba5439d8829759298590df34bc1c9de897ef035770fbb07f91e3edb2a69525e126f01885704e3c1cbd1c0e74c5642acbb7b16d8b1897841930776006e0f880b86e138dd412c5ca1fab2f400e8eafffe19c9d8bfb31c51ad9e0dca63aec92a1c93fb6b940c511bae294dc9a836091bdd262e2e87cebef5c8c13cd7550ff0b69e6fe8dcdaeb33fd7a5b3cd3b8c0b904305d8467a6f5f1fd172cb7910b85060596e48c7ebe857648e2f796499728ead33e13ab27e2bee4a06584abfd52e79b215419759a7dde413d60ca0826c5bb4ee098b89096f99018a943901ba2d33611699b50b3484239dfd608ca162e5469078caaab8005172fb56f9bd10ef58ec22e29e869f2bb3fb9d7fb9e098e11eb8c9d7da8fbe08546f276f5252497900eabc26770b2893649b3f7f7aa99e25dad4b6a75cee440a5cb5e4371e793a1f9fa63a0ac982bd223e68843d79d994cf8e58632bcf42e6c7,gx-no-cache=1653398578021 HTTP/1.1" 200 30
190.171.143.90 - - [24/May/2022:10:36:37 -0300] "POST /cormun/servlet/solicitudot?gx-no-cache=1653398604992 HTTP/1.1" 200 30
190.171.143.90 - - [24/May/2022:10:36:39 -0300] "GET /cormun/servlet/prcontratosol?19097567,,,,,MD,,gxPopupLevel%3D0%3B HTTP/1.1" 200 8221
190.171.143.90 - - [24/May/2022:10:36:58 -0300] "POST /cormun/servlet/solicitudot?gx-no-cache=1653398625465 HTTP/1.1" 200 1536
190.171.143.90 - - [24/May/2022:10:36:58 -0300] "GET /cormun/static/Shared/jqueryui/images/ui-bg_highlight-soft_100_c6c2c8_1x100.png HTTP/1.1" 404 1117
190.171.143.90 - - [24/May/2022:10:36:58 -0300] "GET /cormun/static/Shared/jqueryui/images/ui-icons_ebccce_256x240.png HTTP/1.1" 404 1089
190.171.143.90 - - [24/May/2022:10:36:58 -0300] "POST /cormun/servlet/solicitudot?gx-no-cache=1653398625530 HTTP/1.1" 200 117
190.171.143.90 - - [24/May/2022:10:36:58 -0300] "GET /cormun/static/Shared/jqueryui/images/ui-bg_flat_55_994d53_40x100.png HTTP/1.1" 404 1097
190.171.143.90 - - [24/May/2022:10:36:58 -0300] "GET /cormun/static/Shared/jqueryui/images/ui-icons_82798d_256x240.png HTTP/1.1" 404 1089
190.171.143.90 - - [24/May/2022:10:36:58 -0300] "GET /cormun/servlet/solicitudot?87dcb94c74e083595ff8d2038c7fb56105f367b4dad5e72aaa5f4cdca81e49b46309573b24490cff605ba2bfbd5dc779be4bf891b4d3097caef9330f6293b7f773756f3b62e924b307b1a97354490abb4594f7e47d0af28fe1e212f2223856468f65a602d35fe096a33cf6c9efbf6e66,gx-no-cache=1653398625563 HTTP/1.1" 200 110
190.171.143.90 - - [24/May/2022:10:36:58 -0300] "POST /cormun/servlet/solicitudot?gx-no-cache=1653398625589 HTTP/1.1" 200 64
190.171.143.90 - - [24/May/2022:10:36:58 -0300] "GET /cormun/servlet/solicitudot?87dcb94c74e083595ff8d2038c7fb5619b3bb0cbd24820448988e1b45ae8f2a73db34e8a41ab046ccb4ed529091fcea3dabcef16e629f355566d728510ca795f1e37b30ac10e028b790024943f74a70c85aa01860ffd20a0efbbf2d3d1016e1da3651e92cd3f063bf7fdf70a6ff0dc29,gx-no-cache=1653398625612 HTTP/1.1" 200 29
190.171.143.90 - - [24/May/2022:10:36:58 -0300] "GET /cormun/servlet/solicitudot?87dcb94c74e083595ff8d2038c7fb561bea34669ee78bea2b5602cdaea9a1644,gx-no-cache=1653398625630 HTTP/1.1" 200 30
190.171.143.90 - - [24/May/2022:10:37:31 -0300] "GET /cormun/servlet/prcontratosol?19097567,,,,,MD,,gxPopupLevel%3D0%3B HTTP/1.1" 200 8221
190.171.143.90 - - [24/May/2022:10:37:34 -0300] "POST /cormun/servlet/solicitudot?gx-no-cache=1653398661882 HTTP/1.1" 200 1536
190.171.143.90 - - [24/May/2022:10:37:34 -0300] "POST /cormun/servlet/solicitudot?gx-no-cache=1653398661926 HTTP/1.1" 200 117
190.171.143.90 - - [24/May/2022:10:37:34 -0300] "GET /cormun/servlet/solicitudot?87dcb94c74e083595ff8d2038c7fb56105f367b4dad5e72aaa5f4cdca81e49b46309573b24490cff605ba2bfbd5dc779be4bf891b4d3097caef9330f6293b7f773756f3b62e924b307b1a97354490abb4594f7e47d0af28fe1e212f2223856468f65a602d35fe096a33cf6c9efbf6e66,gx-no-cache=1653398661948 HTTP/1.1" 200 110
190.171.143.90 - - [24/May/2022:10:37:34 -0300] "GET /cormun/servlet/solicitudot?87dcb94c74e083595ff8d2038c7fb56168b050f11b4b4ad88cb2520d9ea849750386ebbf288faa9c98e29f1e0618e180,gx-no-cache=1653398661972 HTTP/1.1" 200 134
190.171.149.82 - - [24/May/2022:10:37:48 -0300] "POST /cormun/servlet/solicitudot?gx-no-cache=1653398675970 HTTP/1.1" 200 297
190.171.149.82 - - [24/May/2022:10:37:51 -0300] "GET /cormun/servlet/solicitudot?10c63cbf84f43765232bd932697fbe50286e406fc1164ba306b86fd64a3619e885aee7f4180150582e3e25e94e52179e0a3f2fe560a1e509bb2d7015439c2d19080f0c11b4409c2c04d6e72dc90a289090b84a45df0864e72e66dd5cb8f5bff0260bbf551e202371da7c5651b8f5f829639a445481857917b48270eef98f57759dc5e825cc32083da01d8006cd2c0899d948c2f1ea32db79fba4a31c711424dc63c476e8c67a352696d1541eebf69ce348e512e0bb13ab715bb22b7f6509d91fa3253d113aa2aa0ee08dbfab484c761b9642fad2700e2007ee9bdefc862db5a3943bd457c50f2a72133f9fe6a8bec81751a0090421df0a66cf129dbfb68a818e5f42d6a072dd1935b185abbb6ee732eaefdc64f56a26392fe3f97e76905f090cfad03e036470e0ae4a413dfdd67be55f588241b0f40ce13c2e6f715527a6335024a18f52c25fc38f5b84e83cc285b90b6fb24f9190f23437cc1791ee3f4bf4c15587dddb3ae967c5a3794b4fdeb37d0a89bfb7370818de45a4d22770a7a5459be9d0d9bcadbc78dd13276f078675bdaf,gx-no-cache=1653398678768 HTTP/1.1" 200 30
190.171.143.90 - - [24/May/2022:10:37:58 -0300] "POST /cormun/servlet/solicitudot?gx-no-cache=1653398685890 HTTP/1.1" 200 1454
190.171.149.82 - - [24/May/2022:10:37:59 -0300] "POST /cormun/servlet/solicitudot?gx-no-cache=1653398687423 HTTP/1.1" 200 30
190.171.143.90 - - [24/May/2022:10:38:02 -0300] "GET /cormun/static/menuarrow.gif HTTP/1.1" 404 1015
190.171.149.82 - - [24/May/2022:10:38:02 -0300] "GET /cormun/servlet/prsolicitudot?19018603,,,,,MD,,gxPopupLevel%3D0%3B HTTP/1.1" 200 6001
190.171.143.90 - - [24/May/2022:10:38:08 -0300] "POST /cormun/servlet/solicitudot?gx-no-cache=1653398696240 HTTP/1.1" 200 122
190.171.149.82 - - [24/May/2022:10:38:11 -0300] "POST /cormun/servlet/solicitudot?gx-no-cache=1653398699195 HTTP/1.1" 200 1454
190.171.149.82 - - [24/May/2022:10:38:11 -0300] "POST /cormun/servlet/solicitudot?gx-no-cache=1653398699232 HTTP/1.1" 200 38
190.171.149.82 - - [24/May/2022:10:38:11 -0300] "GET /cormun/servlet/solicitudot?10c63cbf84f43765232bd932697fbe5033e3e4f60268682e79c4b0a2b3ee509b2f035aa7092dcac375400c39631f174273e812298dd1a34e4aeeb4f567fb8c29abdae1a3c40504769ae683705a32f01c3272a9da48fd3c2dea1030fb7130e9b005f8a22145fe98422983a12204af809c,gx-no-cache=1653398699271 HTTP/1.1" 200 110
190.171.149.82 - - [24/May/2022:10:38:11 -0300] "POST /cormun/servlet/solicitudot?gx-no-cache=1653398699409 HTTP/1.1" 200 109
190.171.149.82 - - [24/May/2022:10:38:12 -0300] "GET /cormun/servlet/solicitudot?10c63cbf84f43765232bd932697fbe50c470a0b5ce0b45db57ac342c368d5bad143fd73173f89c168664c7d250ba221ee03b1c50788994078c56604973c6bb58ef0df9aa23f0c691cbf2fa8f7cd0fca2551049f0eaa79eff37895204950894bcef386b20198203d70f624c1383080b1c,gx-no-cache=1653398699463 HTTP/1.1" 200 29
190.171.149.82 - - [24/May/2022:10:38:12 -0300] "GET /cormun/servlet/solicitudot?10c63cbf84f43765232bd932697fbe50ee46c8406471f637ea86d0767a04f26f,gx-no-cache=1653398699490 HTTP/1.1" 200 30
190.171.149.82 - - [24/May/2022:10:38:19 -0300] "GET /cormun/servlet/prcontratosol?19018603,,,,,MD,,gxPopupLevel%3D0%3B HTTP/1.1" 200 8026
190.171.149.82 - - [24/May/2022:10:38:19 -0300] "GET /cormun/static/gxcfg.js?2019914201458 HTTP/1.1" 200 953
190.171.149.82 - - [24/May/2022:10:38:20 -0300] "GET /cormun/static/prcontratosol.js?20199142014772 HTTP/1.1" 200 15806
190.171.149.82 - - [24/May/2022:10:38:21 -0300] "POST /cormun/servlet/acontrolpreferencessavestate?None,CG-27,true HTTP/1.1" 200 35
190.171.143.90 - - [24/May/2022:10:38:25 -0300] "GET /cormun/servlet/solicitudot?87dcb94c74e083595ff8d2038c7fb56105f367b4dad5e72aaa5f4cdca81e49b46309573b24490cff605ba2bfbd5dc779be4bf891b4d3097caef9330f6293b7f773756f3b62e924b307b1a97354490abb4594f7e47d0af28fe1e212f2223856468f65a602d35fe096a33cf6c9efbf6e66,gx-no-cache=1653398712469 HTTP/1.1" 200 110
190.171.143.90 - - [24/May/2022:10:38:25 -0300] "POST /cormun/servlet/solicitudot?gx-no-cache=1653398712535 HTTP/1.1" 200 97
190.171.149.82 - - [24/May/2022:10:38:37 -0300] "POST /cormun/servlet/solicitudot?gx-no-cache=1653398724986 HTTP/1.1" 200 1454
190.171.149.82 - - [24/May/2022:10:38:37 -0300] "POST /cormun/servlet/solicitudot?gx-no-cache=1653398725020 HTTP/1.1" 200 38
190.171.149.82 - - [24/May/2022:10:38:37 -0300] "GET /cormun/servlet/solicitudot?10c63cbf84f43765232bd932697fbe5033e3e4f60268682e79c4b0a2b3ee509b2f035aa7092dcac375400c39631f174273e812298dd1a34e4aeeb4f567fb8c29abdae1a3c40504769ae683705a32f01c3272a9da48fd3c2dea1030fb7130e9b005f8a22145fe98422983a12204af809c,gx-no-cache=1653398725042 HTTP/1.1" 200 110
190.171.149.82 - - [24/May/2022:10:38:37 -0300] "POST /cormun/servlet/solicitudot?gx-no-cache=1653398725069 HTTP/1.1" 200 109
190.171.149.82 - - [24/May/2022:10:38:37 -0300] "GET /cormun/servlet/solicitudot?10c63cbf84f43765232bd932697fbe50558649fa05b19878fc5aa8074d214bd55f199cc64ee08a72c4418bab414b3ff9,gx-no-cache=1653398725101 HTTP/1.1" 200 134
190.171.143.90 - - [24/May/2022:10:38:44 -0300] "GET /cormun/servlet/solicitudot?87dcb94c74e083595ff8d2038c7fb5617b075aaf02027e7f2a21dac816f1e96b112fb9bd423029b2b8159471e1568300,gx-no-cache=1653398731574 HTTP/1.1" 200 30
200.54.107.2 - - [24/May/2022:10:38:46 -0300] "GET /cormun/servlet/trpermisosadjuntos?19262713,20220519104040,P, HTTP/1.1" 200 6669
200.54.107.2 - - [24/May/2022:10:38:46 -0300] "GET /cormun/static/gxcfg.js?2020121641683 HTTP/1.1" 200 953
200.54.107.2 - - [24/May/2022:10:38:46 -0300] "GET /cormun/static/trpermisosadjuntos.js?2020121642996 HTTP/1.1" 200 20158
200.54.107.2 - - [24/May/2022:10:38:46 -0300] "GET /cormun/servlet/trpermisosadjuntos?19262713,20220519104040,P, HTTP/1.1" 200 6670
200.54.107.2 - - [24/May/2022:10:38:49 -0300] "GET /cormun/servlet/permisosadjuntos?INS,19262713,P,20220519104040,, HTTP/1.1" 200 5997
200.54.107.2 - - [24/May/2022:10:38:49 -0300] "GET /cormun/static/gxcfg.js?20201215134212 HTTP/1.1" 200 953
200.54.107.2 - - [24/May/2022:10:38:49 -0300] "GET /cormun/static/permisosadjuntos.js?20201215134285 HTTP/1.1" 200 8724
200.54.107.2 - - [24/May/2022:10:38:49 -0300] "GET /cormun/static/about:blank HTTP/1.1" 404 1011
200.54.107.2 - - [24/May/2022:10:38:50 -0300] "GET /cormun/servlet/permisosadjuntos?INS,19262713,P,20220519104040,, HTTP/1.1" 200 5986
190.171.142.26 - - [24/May/2022:10:38:54 -0300] "GET /cormun/servlet/hlogin HTTP/1.1" 200 1730
190.171.142.26 - - [24/May/2022:10:39:02 -0300] "POST /cormun/servlet/hlogin?d0ca3e1bf40f9f1eb0424ec36f7bd0f3,gx-no-cache=1653398749014 HTTP/1.1" 200 427
190.171.143.90 - - [24/May/2022:10:39:06 -0300] "POST /cormun/servlet/solicitudot?gx-no-cache=1653398753971 HTTP/1.1" 200 122
190.171.142.26 - - [24/May/2022:10:39:07 -0300] "POST /cormun/servlet/hlogin?d0ca3e1bf40f9f1eb0424ec36f7bd0f3,gx-no-cache=1653398754340 HTTP/1.1" 200 90
190.171.142.26 - - [24/May/2022:10:39:07 -0300] "GET /cormun/servlet/hpexe_link HTTP/1.1" 200 956
190.171.142.26 - - [24/May/2022:10:39:07 -0300] "GET /cormun/servlet/hhome HTTP/1.1" 200 3977
190.171.142.26 - - [24/May/2022:10:39:08 -0300] "GET /cormun/servlet/hhome HTTP/1.1" 200 3973
190.171.142.26 - - [24/May/2022:10:39:11 -0300] "GET /cormun/servlet/trlicencias? HTTP/1.1" 200 16202
190.171.142.26 - - [24/May/2022:10:39:12 -0300] "GET /cormun/servlet/trlicencias? HTTP/1.1" 200 16232
190.171.149.82 - - [24/May/2022:10:39:14 -0300] "GET /cormun/servlet/solicitudot?10c63cbf84f43765232bd932697fbe5033e3e4f60268682e79c4b0a2b3ee509b2f035aa7092dcac375400c39631f174273e812298dd1a34e4aeeb4f567fb8c29abdae1a3c40504769ae683705a32f01c3272a9da48fd3c2dea1030fb7130e9b005f8a22145fe98422983a12204af809c,gx-no-cache=1653398761999 HTTP/1.1" 200 110
200.54.107.2 - - [24/May/2022:10:39:19 -0300] "POST /cormun/servlet/permisosadjuntos?859a0785fc1891c7342f14918738ea07,INS,19262713,P,20220519104040,, HTTP/1.1" 200 116
200.54.107.2 - - [24/May/2022:10:39:19 -0300] "GET /cormun/servlet/hpexe_return? HTTP/1.1" 200 1036
200.54.107.2 - - [24/May/2022:10:39:19 -0300] "GET /cormun/servlet/trpermisosadjuntos?19262713,20220519104040,P, HTTP/1.1" 200 7231
200.54.107.2 - - [24/May/2022:10:39:19 -0300] "GET /cormun/servlet/trpermisosadjuntos?19262713,20220519104040,P, HTTP/1.1" 200 7228
200.54.107.2 - - [24/May/2022:10:39:24 -0300] "GET /cormun/servlet/trpermisosgoce? HTTP/1.1" 200 12319
200.54.107.2 - - [24/May/2022:10:39:24 -0300] "GET /cormun/servlet/trpermisosgoce? HTTP/1.1" 200 12296
190.171.149.82 - - [24/May/2022:10:39:37 -0300] "GET /cormun/static/menuarrow.gif HTTP/1.1" 404 1015
200.54.107.2 - - [24/May/2022:10:39:42 -0300] "POST /cormun/servlet/trpermisosgoce?859a0785fc1891c7342f14918738ea07,,gx-no-cache=1653398789760 HTTP/1.1" 200 9536
200.54.107.2 - - [24/May/2022:10:39:43 -0300] "GET /cormun/static/Shared/jqueryui/images/ui-bg_highlight-soft_100_c6c2c8_1x100.png HTTP/1.1" 404 1117
200.54.107.2 - - [24/May/2022:10:39:43 -0300] "GET /cormun/static/Shared/jqueryui/images/ui-icons_82798d_256x240.png HTTP/1.1" 404 1089
200.54.107.2 - - [24/May/2022:10:39:43 -0300] "GET /cormun/static/Shared/jqueryui/images/ui-bg_flat_55_fafafa_40x100.png HTTP/1.1" 404 1097
200.54.107.2 - - [24/May/2022:10:39:43 -0300] "GET /cormun/static/Shared/jqueryui/images/ui-icons_8d78a5_256x240.png HTTP/1.1" 404 1089
190.171.143.90 - - [24/May/2022:10:39:50 -0300] "POST /cormun/servlet/solicitudot?gx-no-cache=1653398797699 HTTP/1.1" 200 122
190.171.149.82 - - [24/May/2022:10:39:54 -0300] "GET /cormun/servlet/solicitudot?10c63cbf84f43765232bd932697fbe50217ec7f9afc568d27c8a67ac6d9c1ab33f7928f43634adfb565fd5b78b881299,gx-no-cache=1653398801725 HTTP/1.1" 200 134
190.171.149.82 - - [24/May/2022:10:39:54 -0300] "POST /cormun/servlet/solicitudot?gx-no-cache=1653398801885 HTTP/1.1" 200 123
190.171.149.82 - - [24/May/2022:10:39:54 -0300] "POST /cormun/servlet/solicitudot?0e15d0da53fc9786698055e4f56cb2a8,INS,0,0,false,,gx-no-cache=1653398802200 HTTP/1.1" 200 12946
200.54.107.2 - - [24/May/2022:10:40:00 -0300] "GET /cormun/servlet/trpermisosadjuntos?18645639,20220519103816,P, HTTP/1.1" 200 6662
200.54.107.2 - - [24/May/2022:10:40:00 -0300] "GET /cormun/servlet/trpermisosadjuntos?18645639,20220519103816,P, HTTP/1.1" 200 6662
200.54.107.2 - - [24/May/2022:10:40:02 -0300] "GET /cormun/servlet/permisosadjuntos?INS,18645639,P,20220519103816,, HTTP/1.1" 200 5990
200.54.107.2 - - [24/May/2022:10:40:02 -0300] "GET /cormun/static/about:blank HTTP/1.1" 404 1011
200.54.107.2 - - [24/May/2022:10:40:03 -0300] "GET /cormun/servlet/permisosadjuntos?INS,18645639,P,20220519103816,, HTTP/1.1" 200 5979
190.171.142.26 - - [24/May/2022:10:40:09 -0300] "GET /cormun/servlet/licenciaspermisos?DSP,12444548,L,20220522000000, HTTP/1.1" 200 7084
190.171.142.26 - - [24/May/2022:10:40:10 -0300] "GET /cormun/servlet/licenciaspermisos?DSP,12444548,L,20220522000000, HTTP/1.1" 200 7085
200.54.107.2 - - [24/May/2022:10:40:17 -0300] "POST /cormun/servlet/permisosadjuntos?859a0785fc1891c7342f14918738ea07,INS,18645639,P,20220519103816,, HTTP/1.1" 200 116
200.54.107.2 - - [24/May/2022:10:40:17 -0300] "GET /cormun/servlet/hpexe_return? HTTP/1.1" 200 1036
200.54.107.2 - - [24/May/2022:10:40:17 -0300] "GET /cormun/servlet/trpermisosadjuntos?18645639,20220519103816,P, HTTP/1.1" 200 7216
200.54.107.2 - - [24/May/2022:10:40:17 -0300] "GET /cormun/servlet/trpermisosadjuntos?18645639,20220519103816,P, HTTP/1.1" 200 7212
190.171.142.26 - - [24/May/2022:10:40:20 -0300] "POST /cormun/servlet/licenciaspermisos?d0ca3e1bf40f9f1eb0424ec36f7bd0f3,DSP,12444548,L,20220522000000,,gx-no-cache=1653398826994 HTTP/1.1" 200 93
190.171.142.26 - - [24/May/2022:10:40:20 -0300] "GET /cormun/servlet/hpexe_return? HTTP/1.1" 200 1033
190.171.142.26 - - [24/May/2022:10:40:20 -0300] "GET /cormun/servlet/trlicencias HTTP/1.1" 200 16234
190.171.149.82 - - [24/May/2022:10:40:20 -0300] "GET /cormun/servlet/solicitudot?10c63cbf84f43765232bd932697fbe50c2814a973c78e1142dae4a91edb716cc0146928737426a53ac39dd4f804596a1,gx-no-cache=1653398828363 HTTP/1.1" 200 30
190.171.149.82 - - [24/May/2022:10:40:20 -0300] "POST /cormun/servlet/solicitudot?gx-no-cache=1653398828401 HTTP/1.1" 200 137
190.171.149.82 - - [24/May/2022:10:40:21 -0300] "POST /cormun/servlet/solicitudot?0e15d0da53fc9786698055e4f56cb2a8,INS,0,0,false,,gx-no-cache=1653398828474 HTTP/1.1" 200 13003
190.171.142.26 - - [24/May/2022:10:40:21 -0300] "GET /cormun/servlet/trlicencias HTTP/1.1" 200 16236
200.54.107.2 - - [24/May/2022:10:40:23 -0300] "GET /cormun/servlet/trpermisosgoce? HTTP/1.1" 200 12313
190.171.143.90 - - [24/May/2022:10:40:23 -0300] "POST /cormun/servlet/solicitudot?gx-no-cache=1653398829491 HTTP/1.1" 200 41
190.171.143.90 - - [24/May/2022:10:40:23 -0300] "GET /cormun/servlet/solicitudot?87dcb94c74e083595ff8d2038c7fb56105f367b4dad5e72aaa5f4cdca81e49b46309573b24490cff605ba2bfbd5dc779be4bf891b4d3097caef9330f6293b7f773756f3b62e924b307b1a97354490abb4594f7e47d0af28fe1e212f2223856468f65a602d35fe096a33cf6c9efbf6e66,gx-no-cache=1653398830575 HTTP/1.1" 200 110
200.54.107.2 - - [24/May/2022:10:40:23 -0300] "GET /cormun/servlet/trpermisosgoce? HTTP/1.1" 200 12294
190.171.143.90 - - [24/May/2022:10:40:25 -0300] "GET /cormun/servlet/solicitudot?87dcb94c74e083595ff8d2038c7fb56105f367b4dad5e72aaa5f4cdca81e49b46309573b24490cff605ba2bfbd5dc779be4bf891b4d3097caef9330f6293b7f773756f3b62e924b307b1a97354490abb4594f7e47d0af28fe1e212f2223856468f65a602d35fe096a33cf6c9efbf6e66,gx-no-cache=1653398832609 HTTP/1.1" 200 110
200.54.107.2 - - [24/May/2022:10:40:29 -0300] "POST /cormun/servlet/trpermisosgoce?859a0785fc1891c7342f14918738ea07,,gx-no-cache=1653398836735 HTTP/1.1" 200 9525
200.54.107.2 - - [24/May/2022:10:40:30 -0300] "GET /cormun/static/Shared/jqueryui/images/ui-bg_highlight-soft_100_c6c2c8_1x100.png HTTP/1.1" 404 1117
200.54.107.2 - - [24/May/2022:10:40:30 -0300] "GET /cormun/static/Shared/jqueryui/images/ui-icons_82798d_256x240.png HTTP/1.1" 404 1089
200.54.107.2 - - [24/May/2022:10:40:30 -0300] "GET /cormun/static/Shared/jqueryui/images/ui-icons_8d78a5_256x240.png HTTP/1.1" 404 1089
200.54.107.2 - - [24/May/2022:10:40:30 -0300] "GET /cormun/static/Shared/jqueryui/images/ui-bg_flat_55_fafafa_40x100.png HTTP/1.1" 404 1097
190.171.143.90 - - [24/May/2022:10:40:31 -0300] "POST /cormun/servlet/solicitudot?gx-no-cache=1653398838447 HTTP/1.1" 200 32
190.171.143.90 - - [24/May/2022:10:40:31 -0300] "POST /cormun/servlet/solicitudot?73c85a49261e208fd4fe46c5ff017943,INS,0,0,false,,gx-no-cache=1653398838502 HTTP/1.1" 200 93
190.171.143.90 - - [24/May/2022:10:40:31 -0300] "GET /cormun/servlet/hpexe_return? HTTP/1.1" 200 1014
190.171.143.90 - - [24/May/2022:10:40:31 -0300] "GET /cormun/servlet/trsolicitudot HTTP/1.1" 200 9871
190.171.143.90 - - [24/May/2022:10:40:32 -0300] "GET /cormun/servlet/trsolicitudot HTTP/1.1" 200 9866
200.54.107.2 - - [24/May/2022:10:40:36 -0300] "GET /cormun/servlet/trlicencias? HTTP/1.1" 200 11419
200.54.107.2 - - [24/May/2022:10:40:36 -0300] "GET /cormun/servlet/trlicencias? HTTP/1.1" 200 11418
190.171.149.82 - - [24/May/2022:10:40:39 -0300] "GET /cormun/servlet/solicitudot?10c63cbf84f43765232bd932697fbe50286e406fc1164ba306b86fd64a3619e885aee7f4180150582e3e25e94e52179e0a3f2fe560a1e509bb2d7015439c2d19080f0c11b4409c2c04d6e72dc90a289090b84a45df0864e72e66dd5cb8f5bff0260bbf551e202371da7c5651b8f5f829639a445481857917b48270eef98f57759dc5e825cc32083da01d8006cd2c0899d948c2f1ea32db79fba4a31c711424dc63c476e8c67a352696d1541eebf69ce348e512e0bb13ab715bb22b7f6509d91fa3253d113aa2aa0ee08dbfab484c761b9642fad2700e2007ee9bdefc862db5a3943bd457c50f2a72133f9fe6a8bec81751a0090421df0a66cf129dbfb68a818e5f42d6a072dd1935b185abbb6ee732eaefdc64f56a26392fe3f97e76905f090cfad03e036470e0ae4a413dfdd67be55f588241b0f40ce13c2e6f715527a6335024a18f52c25fc38f5b84e83cc285b90b6fb24f9190f23437cc1791ee3f4bf4c15587dddb3ae967c5a3794b4fdeb37d0a6a840c44ffcc2f8c0b6a65e99424ed23e9d0d9bcadbc78dd13276f078675bdaf,gx-no-cache=1653398846922 HTTP/1.1" 200 30
190.171.143.90 - - [24/May/2022:10:40:47 -0300] "POST /cormun/servlet/trsolicitudot?73c85a49261e208fd4fe46c5ff017943,gx-no-cache=1653398854435 HTTP/1.1" 200 6429
190.171.143.90 - - [24/May/2022:10:40:47 -0300] "GET /cormun/static/Shared/jqueryui/images/ui-bg_highlight-soft_100_c6c2c8_1x100.png HTTP/1.1" 404 1117
190.171.143.90 - - [24/May/2022:10:40:47 -0300] "GET /cormun/static/Shared/jqueryui/images/ui-icons_82798d_256x240.png HTTP/1.1" 404 1089
190.171.143.90 - - [24/May/2022:10:40:47 -0300] "GET /cormun/static/Shared/jqueryui/images/ui-bg_flat_55_fafafa_40x100.png HTTP/1.1" 404 1097
190.171.143.90 - - [24/May/2022:10:40:47 -0300] "GET /cormun/static/Shared/jqueryui/images/ui-icons_8d78a5_256x240.png HTTP/1.1" 404 1089
190.171.143.90 - - [24/May/2022:10:40:47 -0300] "POST /cormun/servlet/trsolicitudot?73c85a49261e208fd4fe46c5ff017943,gx-no-cache=1653398854934 HTTP/1.1" 200 6371
190.171.143.90 - - [24/May/2022:10:40:49 -0300] "POST /cormun/servlet/trsolicitudot?73c85a49261e208fd4fe46c5ff017943,gx-no-cache=1653398855992 HTTP/1.1" 200 6059
190.171.143.90 - - [24/May/2022:10:40:49 -0300] "POST /cormun/servlet/trsolicitudot?73c85a49261e208fd4fe46c5ff017943,gx-no-cache=1653398856466 HTTP/1.1" 200 6003
190.171.143.90 - - [24/May/2022:10:40:51 -0300] "POST /cormun/servlet/trsolicitudot?73c85a49261e208fd4fe46c5ff017943,gx-no-cache=1653398858023 HTTP/1.1" 200 6105
190.171.143.90 - - [24/May/2022:10:40:54 -0300] "POST /cormun/servlet/trsolicitudot?73c85a49261e208fd4fe46c5ff017943,gx-no-cache=1653398861542 HTTP/1.1" 200 6105
190.171.149.82 - - [24/May/2022:10:40:54 -0300] "POST /cormun/servlet/solicitudot?gx-no-cache=1653398862332 HTTP/1.1" 200 30
190.171.149.82 - - [24/May/2022:10:40:56 -0300] "POST /cormun/servlet/solicitudot?gx-no-cache=1653398863861 HTTP/1.1" 200 1454
190.171.149.82 - - [24/May/2022:10:40:56 -0300] "POST /cormun/servlet/solicitudot?gx-no-cache=1653398863908 HTTP/1.1" 200 41
190.171.149.82 - - [24/May/2022:10:40:56 -0300] "GET /cormun/servlet/solicitudot?10c63cbf84f43765232bd932697fbe5033e3e4f60268682e79c4b0a2b3ee509b2f035aa7092dcac375400c39631f174273e812298dd1a34e4aeeb4f567fb8c29abdae1a3c40504769ae683705a32f01c3272a9da48fd3c2dea1030fb7130e9b005f8a22145fe98422983a12204af809c,gx-no-cache=1653398863937 HTTP/1.1" 200 110
190.171.149.82 - - [24/May/2022:10:40:56 -0300] "POST /cormun/servlet/solicitudot?gx-no-cache=1653398863966 HTTP/1.1" 200 109
190.171.149.82 - - [24/May/2022:10:40:56 -0300] "POST /cormun/servlet/solicitudot?gx-no-cache=1653398864008 HTTP/1.1" 200 34
190.171.149.82 - - [24/May/2022:10:40:56 -0300] "POST /cormun/servlet/solicitudot?0e15d0da53fc9786698055e4f56cb2a8,INS,0,0,false,,gx-no-cache=1653398864043 HTTP/1.1" 200 93
190.171.149.82 - - [24/May/2022:10:40:56 -0300] "GET /cormun/servlet/hpexe_return? HTTP/1.1" 200 1007
190.171.149.82 - - [24/May/2022:10:40:57 -0300] "GET /cormun/servlet/trsolicitudot HTTP/1.1" 200 8526
190.171.149.82 - - [24/May/2022:10:40:57 -0300] "GET /cormun/servlet/trsolicitudot HTTP/1.1" 200 8525
190.171.149.82 - - [24/May/2022:10:41:04 -0300] "GET /cormun/servlet/solicitudot?INS,0,0,false, HTTP/1.1" 200 15590
190.171.149.82 - - [24/May/2022:10:41:04 -0300] "GET /cormun/servlet/solicitudot?INS,0,0,false, HTTP/1.1" 200 15598
190.171.143.90 - - [24/May/2022:10:41:09 -0300] "POST /cormun/servlet/trsolicitudot?73c85a49261e208fd4fe46c5ff017943,gx-no-cache=1653398876529 HTTP/1.1" 200 7080
190.171.143.90 - - [24/May/2022:10:41:19 -0300] "POST /cormun/servlet/trsolicitudot?73c85a49261e208fd4fe46c5ff017943,gx-no-cache=1653398886135 HTTP/1.1" 200 7058
190.171.143.90 - - [24/May/2022:10:41:20 -0300] "POST /cormun/servlet/trsolicitudot?73c85a49261e208fd4fe46c5ff017943,gx-no-cache=1653398887143 HTTP/1.1" 200 7058
190.171.143.90 - - [24/May/2022:10:41:21 -0300] "POST /cormun/servlet/trsolicitudot?73c85a49261e208fd4fe46c5ff017943,gx-no-cache=1653398889047 HTTP/1.1" 200 7058
190.171.143.90 - - [24/May/2022:10:41:27 -0300] "POST /cormun/servlet/trsolicitudot?73c85a49261e208fd4fe46c5ff017943,gx-no-cache=1653398894318 HTTP/1.1" 200 6087
190.171.143.90 - - [24/May/2022:10:41:32 -0300] "POST /cormun/servlet/trsolicitudot?73c85a49261e208fd4fe46c5ff017943,gx-no-cache=1653398899879 HTTP/1.1" 200 6066
190.171.143.90 - - [24/May/2022:10:41:39 -0300] "POST /cormun/servlet/trsolicitudot?73c85a49261e208fd4fe46c5ff017943,gx-no-cache=1653398906519 HTTP/1.1" 200 6066
190.171.143.90 - - [24/May/2022:10:41:48 -0300] "GET /cormun/servlet/trsolicitudot? HTTP/1.1" 200 8975
190.171.143.90 - - [24/May/2022:10:41:48 -0300] "GET /cormun/servlet/trsolicitudot? HTTP/1.1" 200 8975
190.171.143.90 - - [24/May/2022:10:41:55 -0300] "POST /cormun/servlet/trsolicitudot?73c85a49261e208fd4fe46c5ff017943,,gx-no-cache=1653398923066 HTTP/1.1" 200 6063
190.171.143.90 - - [24/May/2022:10:42:04 -0300] "GET /cormun/servlet/trlicencias? HTTP/1.1" 200 12801
190.171.143.90 - - [24/May/2022:10:42:05 -0300] "GET /cormun/servlet/trlicencias? HTTP/1.1" 200 12780
190.171.149.82 - - [24/May/2022:10:42:08 -0300] "POST /cormun/servlet/solicitudot?gx-no-cache=1653398935850 HTTP/1.1" 200 3985
190.171.149.82 - - [24/May/2022:10:42:08 -0300] "POST /cormun/servlet/solicitudot?0e15d0da53fc9786698055e4f56cb2a8,INS,0,0,false,,gx-no-cache=1653398936059 HTTP/1.1" 200 12538
190.171.149.82 - - [24/May/2022:10:42:11 -0300] "POST /cormun/servlet/solicitudot?0e15d0da53fc9786698055e4f56cb2a8,INS,0,0,false,,gx-no-cache=1653398938582 HTTP/1.1" 200 12861
190.171.149.82 - - [24/May/2022:10:42:11 -0300] "GET /cormun/static/Shared/jqueryui/images/ui-bg_highlight-soft_100_c6c2c8_1x100.png HTTP/1.1" 404 1117
190.171.149.82 - - [24/May/2022:10:42:11 -0300] "GET /cormun/static/Shared/jqueryui/images/ui-bg_flat_55_994d53_40x100.png HTTP/1.1" 404 1097
190.171.149.82 - - [24/May/2022:10:42:11 -0300] "GET /cormun/static/Shared/jqueryui/images/ui-icons_ebccce_256x240.png HTTP/1.1" 404 1089
190.171.149.82 - - [24/May/2022:10:42:11 -0300] "GET /cormun/static/Shared/jqueryui/images/ui-icons_82798d_256x240.png HTTP/1.1" 404 1089
190.171.149.82 - - [24/May/2022:10:42:18 -0300] "GET /cormun/servlet/solicitudot?10c63cbf84f43765232bd932697fbe5072b27c65b691ce6b0dd1052b6eabb59ff74f2d56b27f10aebcf4c6d570547b77,gx-no-cache=1653398946314 HTTP/1.1" 200 30
190.171.149.82 - - [24/May/2022:10:42:28 -0300] "GET /cormun/servlet/solicitudot?10c63cbf84f43765232bd932697fbe50c6c00c86fc470dc7f01a8cd14d9c32e4c15fd606ed1712ecabd0646ca418c9d2e88a2164197bb163c0a38d3f51c69710,gx-no-cache=1653398956181 HTTP/1.1" 200 30
190.171.149.82 - - [24/May/2022:10:42:28 -0300] "GET /cormun/servlet/solicitudot?10c63cbf84f43765232bd932697fbe50715928fa579f4feac4666871a1d976448456af8ead487da11907c88ea5e83e0def7bbd9c71c4e0e585c7d6298336e0446bded1f4d79d04e1b83a3f6fb613a0ecccb5aeb3b2acb6cfaa80a0d0fec1bd603f0abd9a78e45999acb5d186889f9f5e,gx-no-cache=1653398956210 HTTP/1.1" 200 53
190.171.149.82 - - [24/May/2022:10:42:28 -0300] "POST /cormun/servlet/solicitudot?gx-no-cache=1653398956251 HTTP/1.1" 200 297
190.171.149.82 - - [24/May/2022:10:42:28 -0300] "GET /cormun/servlet/solicitudot?10c63cbf84f43765232bd932697fbe50286e406fc1164ba306b86fd64a3619e885aee7f4180150582e3e25e94e52179e0a3f2fe560a1e509bb2d7015439c2d19080f0c11b4409c2c04d6e72dc90a289090b84a45df0864e72e66dd5cb8f5bff0260bbf551e202371da7c5651b8f5f829639a445481857917b48270eef98f57759dc5e825cc32083da01d8006cd2c0899d948c2f1ea32db79fba4a31c711424dc63c476e8c67a352696d1541eebf69ce348e512e0bb13ab715bb22b7f6509d91fa3253d113aa2aa0ee08dbfab484c761b9642fad2700e2007ee9bdefc862db5a3943bd457c50f2a72133f9fe6a8bec81751a0090421df0a66cf129dbfb68a818e5f42d6a072dd1935b185abbb6ee732eaefdc64f56a26392fe3f97e76905f090cfad03e036470e0ae4a413dfdd67be55f588241b0f40ce13c2e6f715527a6335024a18f52c25fc38f5b84e83cc285b90b6fb24f9190f23437cc1791ee3f4bf4c15587dddb3ae967c5a3794b4fdeb37d0a6a840c44ffcc2f8c0b6a65e99424ed23e9d0d9bcadbc78dd13276f078675bdaf,gx-no-cache=1653398956290 HTTP/1.1" 200 30
190.171.149.82 - - [24/May/2022:10:42:34 -0300] "POST /cormun/servlet/solicitudot?gx-no-cache=1653398962109 HTTP/1.1" 200 30
190.171.149.82 - - [24/May/2022:10:42:36 -0300] "GET /cormun/servlet/prsolicitudot?19131588,,,,,MD,,gxPopupLevel%3D0%3B HTTP/1.1" 200 6847
190.171.149.82 - - [24/May/2022:10:42:42 -0300] "POST /cormun/servlet/solicitudot?gx-no-cache=1653398970246 HTTP/1.1" 200 1454
190.171.149.82 - - [24/May/2022:10:42:42 -0300] "POST /cormun/servlet/solicitudot?gx-no-cache=1653398970279 HTTP/1.1" 200 38
190.171.149.82 - - [24/May/2022:10:42:42 -0300] "GET /cormun/servlet/solicitudot?10c63cbf84f43765232bd932697fbe5033e3e4f60268682e79c4b0a2b3ee509b2f035aa7092dcac375400c39631f174273e812298dd1a34e4aeeb4f567fb8c29abdae1a3c40504769ae683705a32f01c3272a9da48fd3c2dea1030fb7130e9b005f8a22145fe98422983a12204af809c,gx-no-cache=1653398970301 HTTP/1.1" 200 110
190.171.149.82 - - [24/May/2022:10:42:42 -0300] "POST /cormun/servlet/solicitudot?gx-no-cache=1653398970330 HTTP/1.1" 200 97
190.171.149.82 - - [24/May/2022:10:42:42 -0300] "GET /cormun/servlet/solicitudot?10c63cbf84f43765232bd932697fbe50c470a0b5ce0b45db57ac342c368d5bad143fd73173f89c168664c7d250ba221ee03b1c50788994078c56604973c6bb58ef0df9aa23f0c691cbf2fa8f7cd0fca2551049f0eaa79eff37895204950894bcef386b20198203d70f624c1383080b1c,gx-no-cache=1653398970367 HTTP/1.1" 200 29
190.171.149.82 - - [24/May/2022:10:42:42 -0300] "GET /cormun/servlet/solicitudot?10c63cbf84f43765232bd932697fbe50ee46c8406471f637ea86d0767a04f26f,gx-no-cache=1653398970393 HTTP/1.1" 200 30
190.171.149.82 - - [24/May/2022:10:42:46 -0300] "GET /cormun/servlet/prcontratosol?19131588,,,,,MD,,gxPopupLevel%3D0%3B HTTP/1.1" 200 8802
190.171.149.82 - - [24/May/2022:10:43:06 -0300] "GET /cormun/servlet/prsolicitudot?19131588,,,,,MD,,gxPopupLevel%3D0%3B HTTP/1.1" 200 6847
190.171.149.82 - - [24/May/2022:10:43:15 -0300] "GET /cormun/servlet/prsolicitudot?19131588,,,,,MD,,gxPopupLevel%3D0%3B HTTP/1.1" 200 6847
181.212.43.89 - - [24/May/2022:10:43:15 -0300] "GET /cormun/servlet/hlogin HTTP/1.1" 200 1724
190.171.149.82 - - [24/May/2022:10:43:19 -0300] "POST /cormun/servlet/solicitudot?gx-no-cache=1653399007221 HTTP/1.1" 200 1454
190.171.149.82 - - [24/May/2022:10:43:19 -0300] "POST /cormun/servlet/solicitudot?gx-no-cache=1653399007254 HTTP/1.1" 200 38
190.171.149.82 - - [24/May/2022:10:43:19 -0300] "GET /cormun/servlet/solicitudot?10c63cbf84f43765232bd932697fbe5033e3e4f60268682e79c4b0a2b3ee509b2f035aa7092dcac375400c39631f174273e812298dd1a34e4aeeb4f567fb8c29abdae1a3c40504769ae683705a32f01c3272a9da48fd3c2dea1030fb7130e9b005f8a22145fe98422983a12204af809c,gx-no-cache=1653399007275 HTTP/1.1" 200 110
190.171.149.82 - - [24/May/2022:10:43:19 -0300] "POST /cormun/servlet/solicitudot?gx-no-cache=1653399007303 HTTP/1.1" 200 97
190.171.149.82 - - [24/May/2022:10:43:19 -0300] "GET /cormun/servlet/solicitudot?10c63cbf84f43765232bd932697fbe50d1339461fe20bf89fcc87e552d9b40a7830ff3b74f2add19d71b747ac5fd9a06,gx-no-cache=1653399007338 HTTP/1.1" 200 134
190.171.149.82 - - [24/May/2022:10:43:26 -0300] "GET /cormun/static/menuarrow.gif HTTP/1.1" 404 1015
181.212.43.89 - - [24/May/2022:10:43:33 -0300] "POST /cormun/servlet/hlogin?3d3216b6672fe8ee631cdc3886ee18c8,gx-no-cache=1653399019869 HTTP/1.1" 200 90
181.212.43.89 - - [24/May/2022:10:43:33 -0300] "GET /cormun/servlet/hpexe_link HTTP/1.1" 200 951
181.212.43.89 - - [24/May/2022:10:43:34 -0300] "GET /cormun/servlet/hhome HTTP/1.1" 200 4004
181.212.43.89 - - [24/May/2022:10:43:35 -0300] "GET /cormun/servlet/hhome HTTP/1.1" 200 4000
181.212.43.89 - - [24/May/2022:10:43:41 -0300] "GET /cormun/servlet/trpermisosgoce? HTTP/1.1" 200 13194
181.212.43.89 - - [24/May/2022:10:43:41 -0300] "GET /cormun/static/gxcfg.js?2020121631564 HTTP/1.1" 200 953
181.212.43.89 - - [24/May/2022:10:43:41 -0300] "GET /cormun/static/trpermisosgoce.js?2020121633681 HTTP/1.1" 200 35904
181.212.43.89 - - [24/May/2022:10:43:41 -0300] "GET /cormun//static/Resources/PXToolsGridDelete.png HTTP/1.1" 200 538
181.212.43.89 - - [24/May/2022:10:43:42 -0300] "GET /cormun/servlet/trpermisosgoce? HTTP/1.1" 200 13192
190.171.149.82 - - [24/May/2022:10:43:44 -0300] "GET /cormun/servlet/solicitudot?10c63cbf84f43765232bd932697fbe50c2814a973c78e1142dae4a91edb716ccb25879fb0a88a24392a86310adcb3bcb,gx-no-cache=1653399032276 HTTP/1.1" 200 30
190.171.149.82 - - [24/May/2022:10:43:44 -0300] "POST /cormun/servlet/solicitudot?gx-no-cache=1653399032328 HTTP/1.1" 200 137
190.171.149.82 - - [24/May/2022:10:43:45 -0300] "POST /cormun/servlet/solicitudot?0e15d0da53fc9786698055e4f56cb2a8,INS,0,0,false,,gx-no-cache=1653399032425 HTTP/1.1" 200 12976
181.212.43.89 - - [24/May/2022:10:43:47 -0300] "GET /cormun/servlet/permisogoce?INS,0,,, HTTP/1.1" 200 6863
181.212.43.89 - - [24/May/2022:10:43:47 -0300] "GET /cormun/static/gxcfg.js?20201215124560 HTTP/1.1" 200 953
181.212.43.89 - - [24/May/2022:10:43:47 -0300] "GET /cormun/static/permisogoce.js?20201215124939 HTTP/1.1" 200 27919
181.212.43.89 - - [24/May/2022:10:43:47 -0300] "GET /cormun/static/Resources/prompt.gif HTTP/1.1" 200 902
181.212.43.89 - - [24/May/2022:10:43:47 -0300] "GET /cormun/servlet/permisogoce?INS,0,,, HTTP/1.1" 200 6863
190.171.149.82 - - [24/May/2022:10:43:49 -0300] "POST /cormun/servlet/solicitudot?gx-no-cache=1653399036476 HTTP/1.1" 200 30
190.171.149.82 - - [24/May/2022:10:43:50 -0300] "POST /cormun/servlet/solicitudot?gx-no-cache=1653399037884 HTTP/1.1" 200 1454
190.171.149.82 - - [24/May/2022:10:43:50 -0300] "POST /cormun/servlet/solicitudot?gx-no-cache=1653399037929 HTTP/1.1" 200 41
190.171.149.82 - - [24/May/2022:10:43:50 -0300] "GET /cormun/servlet/solicitudot?10c63cbf84f43765232bd932697fbe5033e3e4f60268682e79c4b0a2b3ee509b2f035aa7092dcac375400c39631f174273e812298dd1a34e4aeeb4f567fb8c29abdae1a3c40504769ae683705a32f01c3272a9da48fd3c2dea1030fb7130e9b005f8a22145fe98422983a12204af809c,gx-no-cache=1653399037954 HTTP/1.1" 200 110
190.171.149.82 - - [24/May/2022:10:43:50 -0300] "POST /cormun/servlet/solicitudot?gx-no-cache=1653399037979 HTTP/1.1" 200 97
190.171.149.82 - - [24/May/2022:10:43:50 -0300] "POST /cormun/servlet/solicitudot?gx-no-cache=1653399038015 HTTP/1.1" 200 34
190.171.149.82 - - [24/May/2022:10:43:50 -0300] "POST /cormun/servlet/solicitudot?0e15d0da53fc9786698055e4f56cb2a8,INS,0,0,false,,gx-no-cache=1653399038053 HTTP/1.1" 200 93
190.171.149.82 - - [24/May/2022:10:43:50 -0300] "GET /cormun/servlet/hpexe_return? HTTP/1.1" 200 1007
190.171.149.82 - - [24/May/2022:10:43:51 -0300] "GET /cormun/servlet/trsolicitudot HTTP/1.1" 200 8932
190.171.149.82 - - [24/May/2022:10:43:51 -0300] "GET /cormun/servlet/trsolicitudot HTTP/1.1" 200 8928
