181.212.42.153 - - [23/May/2022:12:41:47 -0300] "GET /cormun/static/Shared/jqueryui/images/ui-bg_highlight-soft_100_c6c2c8_1x100.png HTTP/1.1" 404 1117
181.212.42.153 - - [23/May/2022:12:41:47 -0300] "GET /cormun/static/Shared/jqueryui/images/ui-bg_flat_55_fafafa_40x100.png HTTP/1.1" 404 1097
181.212.42.153 - - [23/May/2022:12:41:47 -0300] "GET /cormun/static/Shared/jqueryui/images/ui-icons_8d78a5_256x240.png HTTP/1.1" 404 1089
181.212.42.153 - - [23/May/2022:12:41:47 -0300] "POST /cormun/servlet/trautorizarsolicitud?445e260f348140a7371b623bd6b5f4aa,,gx-no-cache=1653319798898 HTTP/1.1" 200 4531
181.212.42.153 - - [23/May/2022:12:41:52 -0300] "GET /cormun/servlet/trsolicitudot? HTTP/1.1" 200 7556
181.212.42.153 - - [23/May/2022:12:41:52 -0300] "GET /cormun/servlet/trsolicitudot? HTTP/1.1" 200 7555
181.212.42.153 - - [23/May/2022:12:41:58 -0300] "POST /cormun/servlet/trsolicitudot?445e260f348140a7371b623bd6b5f4aa,,gx-no-cache=1653319809756 HTTP/1.1" 200 11674
181.212.42.153 - - [23/May/2022:12:42:10 -0300] "GET /cormun/servlet/vesolicitudot?2022,18629,, HTTP/1.1" 200 8732
181.212.42.153 - - [23/May/2022:12:42:10 -0300] "GET /cormun/pexe_scrolldiv.js HTTP/1.1" 404 1009
181.212.42.153 - - [23/May/2022:12:42:11 -0300] "GET /cormun/servlet/vesolicitudot?2022,18629,, HTTP/1.1" 200 8729
181.212.42.153 - - [23/May/2022:12:42:15 -0300] "POST /cormun/servlet/vesolicitudot?445e260f348140a7371b623bd6b5f4aa,2022,18629,,,gx-no-cache=1653319826858 HTTP/1.1" 200 93
181.212.42.153 - - [23/May/2022:12:42:15 -0300] "GET /cormun/servlet/hpexe_return? HTTP/1.1" 200 1015
181.212.42.153 - - [23/May/2022:12:42:15 -0300] "GET /cormun/servlet/trsolicitudot? HTTP/1.1" 200 14446
181.212.42.153 - - [23/May/2022:12:42:16 -0300] "GET /cormun/servlet/trsolicitudot? HTTP/1.1" 200 14441
181.212.42.153 - - [23/May/2022:12:42:20 -0300] "GET /cormun/servlet/vesolicitudot?2022,18625,, HTTP/1.1" 200 8739
181.212.42.153 - - [23/May/2022:12:42:20 -0300] "GET /cormun/pexe_scrolldiv.js HTTP/1.1" 404 1009
181.212.42.153 - - [23/May/2022:12:42:20 -0300] "GET /cormun/servlet/vesolicitudot?2022,18625,, HTTP/1.1" 200 8739
181.212.42.153 - - [23/May/2022:12:42:28 -0300] "POST /cormun/servlet/vesolicitudot?445e260f348140a7371b623bd6b5f4aa,2022,18625,,,gx-no-cache=1653319839545 HTTP/1.1" 200 93
181.212.42.153 - - [23/May/2022:12:42:28 -0300] "GET /cormun/servlet/hpexe_return? HTTP/1.1" 200 1015
181.212.42.153 - - [23/May/2022:12:42:28 -0300] "GET /cormun/servlet/trsolicitudot HTTP/1.1" 200 14446
181.212.42.153 - - [23/May/2022:12:42:29 -0300] "GET /cormun/servlet/trsolicitudot HTTP/1.1" 200 14441
181.212.42.153 - - [23/May/2022:12:42:38 -0300] "GET /cormun/servlet/vesolicitudot?2022,18529,, HTTP/1.1" 200 8662
181.212.42.153 - - [23/May/2022:12:42:39 -0300] "GET /cormun/pexe_scrolldiv.js HTTP/1.1" 404 1009
181.212.42.153 - - [23/May/2022:12:42:39 -0300] "GET /cormun/servlet/vesolicitudot?2022,18529,, HTTP/1.1" 200 8661
181.212.42.153 - - [23/May/2022:12:42:46 -0300] "GET /cormun/servlet/trlicencias? HTTP/1.1" 200 13627
181.212.42.153 - - [23/May/2022:12:42:46 -0300] "GET /cormun/servlet/trlicencias? HTTP/1.1" 200 13626
190.171.142.10 - - [23/May/2022:12:45:01 -0300] "GET /cormun/servlet/licenciaspermisos?INS,0,,, HTTP/1.1" 200 6773
190.171.142.10 - - [23/May/2022:12:45:01 -0300] "GET /cormun/servlet/hlogin HTTP/1.1" 200 1746
190.171.142.10 - - [23/May/2022:12:45:01 -0300] "GET /cormun/servlet/licenciaspermisos?INS,0,,, HTTP/1.1" 200 6770
190.171.142.10 - - [23/May/2022:12:45:19 -0300] "POST /cormun/servlet/hlogin?2e9cd944cf14f6af34d7dbd09ebd8fcf,gx-no-cache=1653319926243 HTTP/1.1" 200 90
190.171.142.10 - - [23/May/2022:12:45:19 -0300] "GET /cormun/servlet/hpexe_link HTTP/1.1" 200 963
190.171.142.10 - - [23/May/2022:12:45:19 -0300] "GET /cormun/servlet/licenciaspermisos?INS,0,,, HTTP/1.1" 200 7440
190.171.142.10 - - [23/May/2022:12:45:20 -0300] "GET /cormun/servlet/licenciaspermisos?INS,0,,, HTTP/1.1" 200 7437
192.168.10.17 - - [23/May/2022:12:47:11 -0300] "GET /cormun/servlet/hlogin HTTP/1.1" 200 1732
192.168.10.17 - - [23/May/2022:12:47:11 -0300] "GET /cormun/servlet/hlogin HTTP/1.1" 200 1742
200.54.103.162 - - [23/May/2022:12:47:14 -0300] "GET /cormun/servlet/hlogin HTTP/1.1" 200 1724
200.54.103.162 - - [23/May/2022:12:47:14 -0300] "GET /cormun/servlet/hlogin HTTP/1.1" 200 1735
192.168.10.17 - - [23/May/2022:12:47:18 -0300] "POST /cormun/servlet/hlogin?97d0038db1a6dd0ab958ac6be271b5f8,gx-no-cache=1653319872875 HTTP/1.1" 200 90
192.168.10.17 - - [23/May/2022:12:47:18 -0300] "GET /cormun/servlet/hpexe_link HTTP/1.1" 200 956
192.168.10.17 - - [23/May/2022:12:47:18 -0300] "GET /cormun/servlet/hhome HTTP/1.1" 200 3793
192.168.10.17 - - [23/May/2022:12:47:18 -0300] "GET /cormun/servlet/hhome HTTP/1.1" 200 3791
200.54.103.162 - - [23/May/2022:12:47:22 -0300] "POST /cormun/servlet/hlogin?9847f6b900cccf08512adb544d9271fb,gx-no-cache=1653320049069 HTTP/1.1" 200 90
200.54.103.162 - - [23/May/2022:12:47:22 -0300] "GET /cormun/servlet/hpexe_link HTTP/1.1" 200 952
200.54.103.162 - - [23/May/2022:12:47:22 -0300] "GET /cormun/servlet/hhome HTTP/1.1" 200 4336
200.54.103.162 - - [23/May/2022:12:47:24 -0300] "GET /cormun/servlet/hhome HTTP/1.1" 200 4334
190.171.142.50 - - [23/May/2022:12:47:44 -0300] "GET /cormun/servlet/hlogin HTTP/1.1" 200 1730
190.171.142.50 - - [23/May/2022:12:47:44 -0300] "GET /cormun/static/gxtimezone.js?85251 HTTP/1.1" 200 5781
190.171.142.50 - - [23/May/2022:12:47:45 -0300] "GET /cormun/static/gxgral.js?85251 HTTP/1.1" 200 384558
200.54.103.162 - - [23/May/2022:12:47:47 -0300] "GET /cormun/servlet/trpermisosgoce? HTTP/1.1" 200 11960
200.54.103.162 - - [23/May/2022:12:47:47 -0300] "GET /cormun/static/gxcfg.js?2020121631564 HTTP/1.1" 200 953
200.54.103.162 - - [23/May/2022:12:47:47 -0300] "GET /cormun/static/trpermisosgoce.js?2020121633681 HTTP/1.1" 200 35904
200.54.103.162 - - [23/May/2022:12:47:48 -0300] "GET /cormun//static/Resources/PXToolsGridDelete.png HTTP/1.1" 200 538
200.54.103.162 - - [23/May/2022:12:47:48 -0300] "GET /cormun/servlet/trpermisosgoce? HTTP/1.1" 200 11931
190.171.142.50 - - [23/May/2022:12:47:51 -0300] "POST /cormun/servlet/hlogin?b6ac406d55f1b8f1277312e25ebe0a8a,gx-no-cache=1653322420175 HTTP/1.1" 200 90
190.171.142.50 - - [23/May/2022:12:47:51 -0300] "GET /cormun/servlet/hpexe_link HTTP/1.1" 200 956
190.171.142.50 - - [23/May/2022:12:47:52 -0300] "GET /cormun/servlet/hhome HTTP/1.1" 200 3949
200.54.103.162 - - [23/May/2022:12:47:52 -0300] "GET /cormun/servlet/permisogoce?INS,0,,, HTTP/1.1" 200 7227
200.54.103.162 - - [23/May/2022:12:47:52 -0300] "GET /cormun/static/gxcfg.js?20201215124560 HTTP/1.1" 200 953
190.171.142.50 - - [23/May/2022:12:47:52 -0300] "GET /cormun/servlet/hhome HTTP/1.1" 200 3945
200.54.103.162 - - [23/May/2022:12:47:52 -0300] "GET /cormun/static/permisogoce.js?20201215124939 HTTP/1.1" 200 27919
200.54.103.162 - - [23/May/2022:12:47:52 -0300] "GET /cormun/static/Resources/prompt.gif HTTP/1.1" 200 902
200.54.103.162 - - [23/May/2022:12:47:53 -0300] "GET /cormun/servlet/permisogoce?INS,0,,, HTTP/1.1" 200 7227
190.171.142.50 - - [23/May/2022:12:47:56 -0300] "GET /cormun/servlet/trpermisosgoce? HTTP/1.1" 200 12195
190.171.142.50 - - [23/May/2022:12:47:56 -0300] "GET /cormun/servlet/trpermisosgoce? HTTP/1.1" 200 12192
190.171.142.50 - - [23/May/2022:12:47:59 -0300] "GET /cormun/servlet/permisogoce?INS,0,,, HTTP/1.1" 200 6812
190.171.142.50 - - [23/May/2022:12:47:59 -0300] "GET /cormun/static/gxcfg.js?20201215124560 HTTP/1.1" 200 953
190.171.142.50 - - [23/May/2022:12:47:59 -0300] "GET /cormun/static/Resources/prompt.gif HTTP/1.1" 200 902
190.171.142.50 - - [23/May/2022:12:47:59 -0300] "GET /cormun/static/permisogoce.js?20201215124939 HTTP/1.1" 200 27919
190.171.142.50 - - [23/May/2022:12:47:59 -0300] "GET /cormun/servlet/permisogoce?INS,0,,, HTTP/1.1" 200 6811
200.54.103.162 - - [23/May/2022:12:48:02 -0300] "GET /cormun/servlet/permisogoce?ae3cae31b7556ea2bcd7fc22b155556e7b448c03f7c613474f469e052f5a6210ee00c52d5941f1e981ebc9eee3114eba1a30bafe494a43835ccbe4928e8217b7,gx-no-cache=1653320089114 HTTP/1.1" 200 78
200.54.103.162 - - [23/May/2022:12:48:02 -0300] "GET /cormun/static/menuarrow.gif HTTP/1.1" 404 1015
190.171.142.50 - - [23/May/2022:12:48:09 -0300] "GET /cormun/servlet/permisogoce?1531101d0fd7a2573806bad22a19d65eed14479fdbd2116a30369c0659dd920642441c4f44b0a862e12901458a84b7a3ec54784ad10a55ce511f063497749f97,gx-no-cache=1653322437305 HTTP/1.1" 200 82
190.171.142.50 - - [23/May/2022:12:48:09 -0300] "GET /cormun/static/menuarrow.gif HTTP/1.1" 404 1015
200.54.103.162 - - [23/May/2022:12:48:12 -0300] "GET /cormun/servlet/permisogoce?ae3cae31b7556ea2bcd7fc22b155556e0fe361cfd6c6a3d752f23c1bef9b0dbb63afccc14a515cfb69cf5a03b80185152ee35f79c967485e4184d9710effc65d,gx-no-cache=1653320099008 HTTP/1.1" 200 47
200.54.103.162 - - [23/May/2022:12:48:15 -0300] "POST /cormun/servlet/permisogoce?9847f6b900cccf08512adb544d9271fb,INS,0,,,,gx-no-cache=1653320101364 HTTP/1.1" 200 93
200.54.103.162 - - [23/May/2022:12:48:15 -0300] "GET /cormun/servlet/hpexe_return? HTTP/1.1" 200 1010
200.54.103.162 - - [23/May/2022:12:48:15 -0300] "GET /cormun/static/gxcfg.js?201991422392976 HTTP/1.1" 200 953
200.54.103.162 - - [23/May/2022:12:48:15 -0300] "GET /cormun/static/hpexe_return.js?201991422392984 HTTP/1.1" 200 1633
200.54.103.162 - - [23/May/2022:12:48:15 -0300] "GET /cormun/servlet/trpermisosgoce HTTP/1.1" 200 12268
190.171.142.50 - - [23/May/2022:12:48:16 -0300] "GET /cormun/servlet/permisogoce?1531101d0fd7a2573806bad22a19d65e16006b1ba57bf7702746f1edcd256b4202066959e65e722240d213ca8e5a963f31fabb96aa7bbf7e4e5d95be2e3482c3,gx-no-cache=1653322444718 HTTP/1.1" 200 46
200.54.103.162 - - [23/May/2022:12:48:16 -0300] "GET /cormun//static/Resources/PXToolsGridUpdate.png HTTP/1.1" 200 470
200.54.103.162 - - [23/May/2022:12:48:16 -0300] "GET /cormun/servlet/trpermisosgoce HTTP/1.1" 200 12268
190.171.142.50 - - [23/May/2022:12:48:19 -0300] "POST /cormun/servlet/permisogoce?b6ac406d55f1b8f1277312e25ebe0a8a,INS,0,,,,gx-no-cache=1653322447169 HTTP/1.1" 200 93
190.171.142.50 - - [23/May/2022:12:48:19 -0300] "GET /cormun/servlet/hpexe_return? HTTP/1.1" 200 1016
190.171.142.50 - - [23/May/2022:12:48:19 -0300] "GET /cormun/servlet/trpermisosgoce HTTP/1.1" 200 12477
192.168.10.17 - - [23/May/2022:12:48:19 -0300] "GET /cormun/servlet/trsolicitudgral? HTTP/1.1" 200 28905
190.171.142.50 - - [23/May/2022:12:48:19 -0300] "GET /cormun/servlet/trpermisosgoce HTTP/1.1" 200 12475
192.168.10.17 - - [23/May/2022:12:48:20 -0300] "GET /cormun/servlet/trsolicitudgral? HTTP/1.1" 200 28904
190.171.142.50 - - [23/May/2022:12:48:22 -0300] "GET /cormun/servlet/apermisogoceprn?19588993,P,20220523113153,PU HTTP/1.1" 200 1656
192.168.10.17 - - [23/May/2022:12:48:25 -0300] "POST /cormun/servlet/trsolicitudgral?97d0038db1a6dd0ab958ac6be271b5f8,,gx-no-cache=1653319940141 HTTP/1.1" 200 11262
200.54.103.162 - - [23/May/2022:12:48:27 -0300] "GET /cormun/servlet/permisogoce?INS,0,,, HTTP/1.1" 200 7227
200.54.103.162 - - [23/May/2022:12:48:28 -0300] "GET /cormun/servlet/permisogoce?INS,0,,, HTTP/1.1" 200 7227
200.54.103.162 - - [23/May/2022:12:48:37 -0300] "GET /cormun/servlet/permisogoce?ae3cae31b7556ea2bcd7fc22b155556ea77b1aa562f07723a5dde445aa00be696db266e3e2840ac9f38f961f375be8ab85f0d9ca965e0b7d25e1b011327ca28d,gx-no-cache=1653320123746 HTTP/1.1" 200 75
200.54.103.162 - - [23/May/2022:12:48:37 -0300] "GET /cormun/static/menuarrow.gif HTTP/1.1" 404 1015
200.54.107.2 - - [23/May/2022:12:48:44 -0300] "GET /cormun/servlet/trlicencias? HTTP/1.1" 200 7243
200.54.107.2 - - [23/May/2022:12:48:48 -0300] "GET /cormun/servlet/hlogin HTTP/1.1" 200 1743
200.54.107.2 - - [23/May/2022:12:48:48 -0300] "GET /cormun/servlet/trlicencias? HTTP/1.1" 200 7242
200.54.103.162 - - [23/May/2022:12:48:49 -0300] "GET /cormun/servlet/permisogoce?ae3cae31b7556ea2bcd7fc22b155556e4a8775411b00186e29ef7695c323ffe55cd95e7b056fc6280453c2ae29df410425fde9b87d03fd354112a0bba0bf92b5,gx-no-cache=1653320135824 HTTP/1.1" 200 47
200.54.103.162 - - [23/May/2022:12:48:52 -0300] "POST /cormun/servlet/permisogoce?9847f6b900cccf08512adb544d9271fb,INS,0,,,,gx-no-cache=1653320138998 HTTP/1.1" 200 93
200.54.103.162 - - [23/May/2022:12:48:52 -0300] "GET /cormun/servlet/hpexe_return? HTTP/1.1" 200 1010
200.54.103.162 - - [23/May/2022:12:48:53 -0300] "GET /cormun/servlet/trpermisosgoce HTTP/1.1" 200 12543
200.54.103.162 - - [23/May/2022:12:48:54 -0300] "GET /cormun/servlet/trpermisosgoce HTTP/1.1" 200 12538
200.54.103.162 - - [23/May/2022:12:49:12 -0300] "GET /cormun/servlet/permisogoce?INS,0,,, HTTP/1.1" 200 7227
200.54.103.162 - - [23/May/2022:12:49:13 -0300] "GET /cormun/servlet/permisogoce?INS,0,,, HTTP/1.1" 200 7227
200.54.103.162 - - [23/May/2022:12:49:22 -0300] "GET /cormun/servlet/permisogoce?ae3cae31b7556ea2bcd7fc22b155556e286e70a018e5786fefa71ef058ba73f0ee00c52d5941f1e981ebc9eee3114eba1a30bafe494a43835ccbe4928e8217b7,gx-no-cache=1653320168764 HTTP/1.1" 200 69
200.54.103.162 - - [23/May/2022:12:49:22 -0300] "GET /cormun/static/menuarrow.gif HTTP/1.1" 404 1015
200.54.103.162 - - [23/May/2022:12:49:30 -0300] "GET /cormun/servlet/permisogoce?ae3cae31b7556ea2bcd7fc22b155556e6110ba5320254f2944897966e9e04d59891b48650296080d0285a19b874ec3f62ee35f79c967485e4184d9710effc65d,gx-no-cache=1653320177097 HTTP/1.1" 200 47
200.54.103.162 - - [23/May/2022:12:49:34 -0300] "POST /cormun/servlet/permisogoce?9847f6b900cccf08512adb544d9271fb,INS,0,,,,gx-no-cache=1653320181167 HTTP/1.1" 200 93
200.54.103.162 - - [23/May/2022:12:49:34 -0300] "GET /cormun/servlet/hpexe_return? HTTP/1.1" 200 1010
200.54.103.162 - - [23/May/2022:12:49:35 -0300] "GET /cormun/servlet/trpermisosgoce HTTP/1.1" 200 12787
200.54.103.162 - - [23/May/2022:12:49:36 -0300] "GET /cormun/servlet/trpermisosgoce HTTP/1.1" 200 12784
200.54.103.162 - - [23/May/2022:12:49:51 -0300] "GET /cormun/servlet/permisogoce?INS,0,,, HTTP/1.1" 200 7227
200.54.103.162 - - [23/May/2022:12:49:52 -0300] "GET /cormun/servlet/permisogoce?INS,0,,, HTTP/1.1" 200 7227
200.54.103.162 - - [23/May/2022:12:50:00 -0300] "GET /cormun/servlet/permisogoce?ae3cae31b7556ea2bcd7fc22b155556ee75ba22e6ab8157e99cc44cb6396cbe16db266e3e2840ac9f38f961f375be8ab85f0d9ca965e0b7d25e1b011327ca28d,gx-no-cache=1653320206587 HTTP/1.1" 200 84
200.54.103.162 - - [23/May/2022:12:50:00 -0300] "GET /cormun/static/menuarrow.gif HTTP/1.1" 404 1015
200.54.103.162 - - [23/May/2022:12:50:08 -0300] "GET /cormun/servlet/permisogoce?ae3cae31b7556ea2bcd7fc22b155556e42f3c5109384509d62159bae679173b2b75fe208eaeb16bc0c60f716c0b5327025fde9b87d03fd354112a0bba0bf92b5,gx-no-cache=1653320214961 HTTP/1.1" 200 47
200.54.103.162 - - [23/May/2022:12:50:10 -0300] "POST /cormun/servlet/permisogoce?9847f6b900cccf08512adb544d9271fb,INS,0,,,,gx-no-cache=1653320216621 HTTP/1.1" 200 93
200.54.103.162 - - [23/May/2022:12:50:10 -0300] "GET /cormun/servlet/hpexe_return? HTTP/1.1" 200 1010
200.54.103.162 - - [23/May/2022:12:50:10 -0300] "GET /cormun/servlet/trpermisosgoce HTTP/1.1" 200 13027
200.54.103.162 - - [23/May/2022:12:50:11 -0300] "GET /cormun/servlet/trpermisosgoce HTTP/1.1" 200 13034
200.54.103.162 - - [23/May/2022:12:50:16 -0300] "GET /cormun/servlet/permisogoce?INS,0,,, HTTP/1.1" 200 7226
200.54.103.162 - - [23/May/2022:12:50:17 -0300] "GET /cormun/servlet/permisogoce?INS,0,,, HTTP/1.1" 200 7227
200.54.103.162 - - [23/May/2022:12:50:24 -0300] "GET /cormun/servlet/permisogoce?ae3cae31b7556ea2bcd7fc22b155556e498f1cc53ecef4fc66641375c43407dbee00c52d5941f1e981ebc9eee3114eba1a30bafe494a43835ccbe4928e8217b7,gx-no-cache=1653320231259 HTTP/1.1" 200 78
200.54.103.162 - - [23/May/2022:12:50:24 -0300] "GET /cormun/static/menuarrow.gif HTTP/1.1" 404 1015
200.54.103.162 - - [23/May/2022:12:50:33 -0300] "GET /cormun/servlet/permisogoce?ae3cae31b7556ea2bcd7fc22b155556ed9960c80b0012e5eb2371b4652000563fe95f100da22cd3a35f710c3ecd748942ee35f79c967485e4184d9710effc65d,gx-no-cache=1653320240457 HTTP/1.1" 200 47
200.54.103.162 - - [23/May/2022:12:50:36 -0300] "POST /cormun/servlet/permisogoce?9847f6b900cccf08512adb544d9271fb,INS,0,,,,gx-no-cache=1653320243156 HTTP/1.1" 200 93
200.54.103.162 - - [23/May/2022:12:50:36 -0300] "GET /cormun/servlet/hpexe_return? HTTP/1.1" 200 1010
200.54.103.162 - - [23/May/2022:12:50:37 -0300] "GET /cormun/servlet/trpermisosgoce HTTP/1.1" 200 13259
200.54.103.162 - - [23/May/2022:12:50:38 -0300] "GET /cormun/servlet/trpermisosgoce HTTP/1.1" 200 13259
200.54.103.162 - - [23/May/2022:12:50:45 -0300] "GET /cormun/servlet/permisogoce?INS,0,,, HTTP/1.1" 200 7227
200.54.103.162 - - [23/May/2022:12:50:46 -0300] "GET /cormun/servlet/permisogoce?INS,0,,, HTTP/1.1" 200 7227
200.54.103.162 - - [23/May/2022:12:50:53 -0300] "GET /cormun/servlet/permisogoce?ae3cae31b7556ea2bcd7fc22b155556eb954288f47a535275c3605965ce7b246ee00c52d5941f1e981ebc9eee3114eba1a30bafe494a43835ccbe4928e8217b7,gx-no-cache=1653320259867 HTTP/1.1" 200 226
200.54.103.162 - - [23/May/2022:12:50:53 -0300] "GET /cormun/static/Shared/jqueryui/images/ui-bg_highlight-soft_100_c6c2c8_1x100.png HTTP/1.1" 404 1117
200.54.103.162 - - [23/May/2022:12:50:53 -0300] "GET /cormun/static/Shared/jqueryui/images/ui-icons_82798d_256x240.png HTTP/1.1" 404 1089
200.54.103.162 - - [23/May/2022:12:50:53 -0300] "GET /cormun/static/Shared/jqueryui/images/ui-bg_flat_55_994d53_40x100.png HTTP/1.1" 404 1097
200.54.103.162 - - [23/May/2022:12:50:53 -0300] "GET /cormun/static/Shared/jqueryui/images/ui-icons_ebccce_256x240.png HTTP/1.1" 404 1089
200.54.103.162 - - [23/May/2022:12:51:04 -0300] "POST /cormun/servlet/permisogoce?9847f6b900cccf08512adb544d9271fb,INS,0,,,,gx-no-cache=1653320270867 HTTP/1.1" 200 93
200.54.103.162 - - [23/May/2022:12:51:04 -0300] "GET /cormun/servlet/hpexe_return? HTTP/1.1" 200 1010
200.54.103.162 - - [23/May/2022:12:51:04 -0300] "GET /cormun/servlet/trpermisosgoce HTTP/1.1" 200 13265
200.54.103.162 - - [23/May/2022:12:51:05 -0300] "GET /cormun/servlet/trpermisosgoce HTTP/1.1" 200 13255
190.171.141.82 - - [23/May/2022:12:51:49 -0300] "GET /cormun/servlet/hlogin HTTP/1.1" 200 1726
200.54.103.162 - - [23/May/2022:12:51:58 -0300] "GET /cormun/servlet/permisogoce?INS,0,,, HTTP/1.1" 200 7227
200.54.103.162 - - [23/May/2022:12:51:59 -0300] "GET /cormun/servlet/permisogoce?INS,0,,, HTTP/1.1" 200 7227
190.171.141.82 - - [23/May/2022:12:52:01 -0300] "POST /cormun/servlet/hlogin?ec27cc0ec6b878a37d5441fe73e7ad5b,gx-no-cache=1653320328562 HTTP/1.1" 200 90
190.171.141.82 - - [23/May/2022:12:52:01 -0300] "GET /cormun/servlet/hpexe_link HTTP/1.1" 200 952
190.171.141.82 - - [23/May/2022:12:52:01 -0300] "GET /cormun/servlet/hhome HTTP/1.1" 200 3952
190.171.141.82 - - [23/May/2022:12:52:02 -0300] "GET /cormun/servlet/hhome HTTP/1.1" 200 3948
200.54.103.162 - - [23/May/2022:12:52:07 -0300] "GET /cormun/servlet/permisogoce?ae3cae31b7556ea2bcd7fc22b155556e8523c31156e258c0bf190fa131a3e2b0ee00c52d5941f1e981ebc9eee3114eba1a30bafe494a43835ccbe4928e8217b7,gx-no-cache=1653320333651 HTTP/1.1" 200 78
200.54.103.162 - - [23/May/2022:12:52:07 -0300] "GET /cormun/static/menuarrow.gif HTTP/1.1" 404 1015
200.54.103.162 - - [23/May/2022:12:52:15 -0300] "GET /cormun/servlet/permisogoce?ae3cae31b7556ea2bcd7fc22b155556e744cf42b1e8a2f809762ea3a017f8012ed3df22393f045e10b1b37aa18058da52ee35f79c967485e4184d9710effc65d,gx-no-cache=1653320341857 HTTP/1.1" 200 47
200.54.103.162 - - [23/May/2022:12:52:17 -0300] "POST /cormun/servlet/permisogoce?9847f6b900cccf08512adb544d9271fb,INS,0,,,,gx-no-cache=1653320343813 HTTP/1.1" 200 93
200.54.103.162 - - [23/May/2022:12:52:17 -0300] "GET /cormun/servlet/hpexe_return? HTTP/1.1" 200 1010
200.54.103.162 - - [23/May/2022:12:52:18 -0300] "GET /cormun/servlet/trpermisosgoce HTTP/1.1" 200 13496
200.54.103.162 - - [23/May/2022:12:52:19 -0300] "GET /cormun/servlet/trpermisosgoce HTTP/1.1" 200 13500
200.54.103.162 - - [23/May/2022:12:52:23 -0300] "GET /cormun/servlet/permisogoce?INS,0,,, HTTP/1.1" 200 7228
200.54.103.162 - - [23/May/2022:12:52:24 -0300] "GET /cormun/servlet/permisogoce?INS,0,,, HTTP/1.1" 200 7227
200.54.103.162 - - [23/May/2022:12:52:30 -0300] "GET /cormun/servlet/permisogoce?ae3cae31b7556ea2bcd7fc22b155556e78d33e41b860f8c744efaadfc0454117ee00c52d5941f1e981ebc9eee3114eba1a30bafe494a43835ccbe4928e8217b7,gx-no-cache=1653320357306 HTTP/1.1" 200 83
200.54.103.162 - - [23/May/2022:12:52:30 -0300] "GET /cormun/static/menuarrow.gif HTTP/1.1" 404 1015
200.54.103.162 - - [23/May/2022:12:52:40 -0300] "GET /cormun/servlet/permisogoce?ae3cae31b7556ea2bcd7fc22b155556ed4ef1d27c99fab7f8c5d5ac072fa64fb63ae47286e1178ac0474e389d6db334b2ee35f79c967485e4184d9710effc65d,gx-no-cache=1653320366664 HTTP/1.1" 200 48
200.54.103.162 - - [23/May/2022:12:52:42 -0300] "POST /cormun/servlet/permisogoce?9847f6b900cccf08512adb544d9271fb,INS,0,,,,gx-no-cache=1653320369212 HTTP/1.1" 200 93
200.54.103.162 - - [23/May/2022:12:52:43 -0300] "GET /cormun/servlet/hpexe_return? HTTP/1.1" 200 1010
200.54.103.162 - - [23/May/2022:12:52:43 -0300] "GET /cormun/servlet/trpermisosgoce HTTP/1.1" 200 13680
200.54.103.162 - - [23/May/2022:12:52:44 -0300] "GET /cormun/servlet/trpermisosgoce HTTP/1.1" 200 13684
200.54.103.162 - - [23/May/2022:12:52:51 -0300] "GET /cormun/servlet/permisogoce?INS,0,,, HTTP/1.1" 200 7227
200.54.103.162 - - [23/May/2022:12:52:52 -0300] "GET /cormun/servlet/permisogoce?INS,0,,, HTTP/1.1" 200 7227
200.54.103.162 - - [23/May/2022:12:52:58 -0300] "GET /cormun/servlet/permisogoce?ae3cae31b7556ea2bcd7fc22b155556e63419fc3efadb35751eade228ad60c62ee00c52d5941f1e981ebc9eee3114eba1a30bafe494a43835ccbe4928e8217b7,gx-no-cache=1653320385251 HTTP/1.1" 200 79
200.54.103.162 - - [23/May/2022:12:52:58 -0300] "GET /cormun/static/menuarrow.gif HTTP/1.1" 404 1015
200.54.103.162 - - [23/May/2022:12:53:07 -0300] "GET /cormun/servlet/permisogoce?ae3cae31b7556ea2bcd7fc22b155556e6ec50088f53cd78a01a8274de3a14c51591e02a011b37470eb055751e476fa002ee35f79c967485e4184d9710effc65d,gx-no-cache=1653320394017 HTTP/1.1" 200 48
200.54.103.162 - - [23/May/2022:12:53:11 -0300] "POST /cormun/servlet/permisogoce?9847f6b900cccf08512adb544d9271fb,INS,0,,,,gx-no-cache=1653320397332 HTTP/1.1" 200 93
200.54.103.162 - - [23/May/2022:12:53:11 -0300] "GET /cormun/servlet/hpexe_return? HTTP/1.1" 200 1010
200.54.103.162 - - [23/May/2022:12:53:11 -0300] "GET /cormun/servlet/trpermisosgoce HTTP/1.1" 200 13862
200.54.103.162 - - [23/May/2022:12:53:12 -0300] "GET /cormun/servlet/trpermisosgoce HTTP/1.1" 200 13900
200.54.103.162 - - [23/May/2022:12:53:17 -0300] "GET /cormun/servlet/permisogoce?INS,0,,, HTTP/1.1" 200 7227
200.54.103.162 - - [23/May/2022:12:53:18 -0300] "GET /cormun/servlet/permisogoce?INS,0,,, HTTP/1.1" 200 7227
200.54.103.162 - - [23/May/2022:12:53:24 -0300] "GET /cormun/servlet/permisogoce?ae3cae31b7556ea2bcd7fc22b155556ebf2f6fcf1a26aa03171fceaffd9373a8ee00c52d5941f1e981ebc9eee3114eba1a30bafe494a43835ccbe4928e8217b7,gx-no-cache=1653320411267 HTTP/1.1" 200 73
200.54.103.162 - - [23/May/2022:12:53:24 -0300] "GET /cormun/static/menuarrow.gif HTTP/1.1" 404 1015
200.54.103.162 - - [23/May/2022:12:53:34 -0300] "GET /cormun/servlet/permisogoce?ae3cae31b7556ea2bcd7fc22b155556ee1b92c889a700daa7011f237a64c4141271f0d0d5296e594d73bc25f6c2b54642ee35f79c967485e4184d9710effc65d,gx-no-cache=1653320420722 HTTP/1.1" 200 47
200.54.103.162 - - [23/May/2022:12:53:36 -0300] "POST /cormun/servlet/permisogoce?9847f6b900cccf08512adb544d9271fb,INS,0,,,,gx-no-cache=1653320422524 HTTP/1.1" 200 93
200.54.103.162 - - [23/May/2022:12:53:36 -0300] "GET /cormun/servlet/hpexe_return? HTTP/1.1" 200 1010
200.54.103.162 - - [23/May/2022:12:53:36 -0300] "GET /cormun/servlet/trpermisosgoce HTTP/1.1" 200 14098
200.54.103.162 - - [23/May/2022:12:53:37 -0300] "GET /cormun/servlet/trpermisosgoce HTTP/1.1" 200 14093
200.54.103.162 - - [23/May/2022:12:53:41 -0300] "GET /cormun/servlet/permisogoce?INS,0,,, HTTP/1.1" 200 7227
200.54.103.162 - - [23/May/2022:12:53:42 -0300] "GET /cormun/servlet/permisogoce?INS,0,,, HTTP/1.1" 200 7226
200.54.103.162 - - [23/May/2022:12:53:49 -0300] "GET /cormun/servlet/permisogoce?ae3cae31b7556ea2bcd7fc22b155556ed3bc03ed54910a454108c7a11e41ad0aee00c52d5941f1e981ebc9eee3114eba1a30bafe494a43835ccbe4928e8217b7,gx-no-cache=1653320435586 HTTP/1.1" 200 75
200.54.103.162 - - [23/May/2022:12:53:49 -0300] "GET /cormun/static/menuarrow.gif HTTP/1.1" 404 1015
200.54.103.162 - - [23/May/2022:12:53:57 -0300] "GET /cormun/servlet/permisogoce?ae3cae31b7556ea2bcd7fc22b155556e6e635feca98949e76f7c733d1b740230ca210a7ffc190ba895077c05830a3b6a2ee35f79c967485e4184d9710effc65d,gx-no-cache=1653320444378 HTTP/1.1" 200 48
200.54.103.162 - - [23/May/2022:12:54:00 -0300] "POST /cormun/servlet/permisogoce?9847f6b900cccf08512adb544d9271fb,INS,0,,,,gx-no-cache=1653320446275 HTTP/1.1" 200 93
200.54.103.162 - - [23/May/2022:12:54:00 -0300] "GET /cormun/servlet/hpexe_return? HTTP/1.1" 200 1010
200.54.103.162 - - [23/May/2022:12:54:00 -0300] "GET /cormun/servlet/trpermisosgoce HTTP/1.1" 200 14330
200.54.103.162 - - [23/May/2022:12:54:01 -0300] "GET /cormun/servlet/trpermisosgoce HTTP/1.1" 200 14301
200.54.103.162 - - [23/May/2022:12:54:06 -0300] "GET /cormun/servlet/permisogoce?INS,0,,, HTTP/1.1" 200 7227
200.54.103.162 - - [23/May/2022:12:54:07 -0300] "GET /cormun/servlet/permisogoce?INS,0,,, HTTP/1.1" 200 7227
200.54.103.162 - - [23/May/2022:12:54:13 -0300] "GET /cormun/servlet/permisogoce?ae3cae31b7556ea2bcd7fc22b155556e29aa68d57359ba65b9ea9668047ae1de6db266e3e2840ac9f38f961f375be8ab85f0d9ca965e0b7d25e1b011327ca28d,gx-no-cache=1653320460451 HTTP/1.1" 200 75
200.54.103.162 - - [23/May/2022:12:54:14 -0300] "GET /cormun/static/menuarrow.gif HTTP/1.1" 404 1015
200.54.103.162 - - [23/May/2022:12:54:22 -0300] "GET /cormun/servlet/permisogoce?ae3cae31b7556ea2bcd7fc22b155556eba6f58d9a68c684bed86679af173e62b4db118dbf65f872e2fe32ac10b3b3c4925fde9b87d03fd354112a0bba0bf92b5,gx-no-cache=1653320469097 HTTP/1.1" 200 47
192.168.10.17 - - [23/May/2022:12:54:24 -0300] "GET /cormun/servlet/vesolicitudgral?2022,18604,, HTTP/1.1" 200 8404
192.168.10.17 - - [23/May/2022:12:54:24 -0300] "GET /cormun/pexe_scrolldiv.js HTTP/1.1" 404 1009
200.54.103.162 - - [23/May/2022:12:54:24 -0300] "POST /cormun/servlet/permisogoce?9847f6b900cccf08512adb544d9271fb,INS,0,,,,gx-no-cache=1653320470883 HTTP/1.1" 200 93
200.54.103.162 - - [23/May/2022:12:54:24 -0300] "GET /cormun/servlet/hpexe_return? HTTP/1.1" 200 1010
192.168.10.17 - - [23/May/2022:12:54:24 -0300] "GET /cormun/servlet/vesolicitudgral?2022,18604,, HTTP/1.1" 200 8403
200.54.103.162 - - [23/May/2022:12:54:25 -0300] "GET /cormun/servlet/trpermisosgoce HTTP/1.1" 200 14537
200.54.103.162 - - [23/May/2022:12:54:26 -0300] "GET /cormun/servlet/trpermisosgoce HTTP/1.1" 200 14513
200.54.103.162 - - [23/May/2022:12:54:31 -0300] "GET /cormun/servlet/permisogoce?INS,0,,, HTTP/1.1" 200 7227
200.54.103.162 - - [23/May/2022:12:54:32 -0300] "GET /cormun/servlet/permisogoce?INS,0,,, HTTP/1.1" 200 7228
200.54.103.162 - - [23/May/2022:12:54:38 -0300] "GET /cormun/servlet/permisogoce?ae3cae31b7556ea2bcd7fc22b155556e0ad0e7813ae5e5bb047c2c5c9903f5e1ee00c52d5941f1e981ebc9eee3114eba1a30bafe494a43835ccbe4928e8217b7,gx-no-cache=1653320485002 HTTP/1.1" 200 74
200.54.103.162 - - [23/May/2022:12:54:38 -0300] "GET /cormun/static/menuarrow.gif HTTP/1.1" 404 1015
200.54.103.162 - - [23/May/2022:12:54:43 -0300] "GET /cormun/servlet/permisogoce?ae3cae31b7556ea2bcd7fc22b155556e45da328f8e698a5ebdfb86ef7848f575a2c89c8fef7ebb71895b1c0d4be6427f2ee35f79c967485e4184d9710effc65d,gx-no-cache=1653320490322 HTTP/1.1" 200 47
200.54.103.162 - - [23/May/2022:12:54:45 -0300] "POST /cormun/servlet/permisogoce?9847f6b900cccf08512adb544d9271fb,INS,0,,,,gx-no-cache=1653320491900 HTTP/1.1" 200 93
200.54.103.162 - - [23/May/2022:12:54:45 -0300] "GET /cormun/servlet/hpexe_return? HTTP/1.1" 200 1010
200.54.103.162 - - [23/May/2022:12:54:46 -0300] "GET /cormun/servlet/trpermisosgoce HTTP/1.1" 200 14762
200.54.103.162 - - [23/May/2022:12:54:47 -0300] "GET /cormun/servlet/trpermisosgoce HTTP/1.1" 200 14762
200.54.103.162 - - [23/May/2022:12:54:52 -0300] "GET /cormun/servlet/permisogoce?INS,0,,, HTTP/1.1" 200 7227
190.171.149.74 - - [23/May/2022:12:54:53 -0300] "POST /cormun/servlet/trlicencias?f1e0eadaf90befabcf88e937ce3b5591,,gx-no-cache=1653320499845 HTTP/1.1" 440 972
200.54.103.162 - - [23/May/2022:12:54:53 -0300] "GET /cormun/servlet/permisogoce?INS,0,,, HTTP/1.1" 200 7227
190.171.149.74 - - [23/May/2022:12:54:54 -0300] "GET /cormun/servlet/trlicencias? HTTP/1.1" 200 7238
190.171.149.74 - - [23/May/2022:12:54:54 -0300] "GET /cormun/servlet/hlogin HTTP/1.1" 200 1741
190.171.149.74 - - [23/May/2022:12:54:54 -0300] "GET /cormun/servlet/trlicencias? HTTP/1.1" 200 7238
190.171.149.74 - - [23/May/2022:12:55:01 -0300] "POST /cormun/servlet/hlogin?8a8483cd91f4b66fefff2442a80f2b07,gx-no-cache=1653320507925 HTTP/1.1" 200 90
190.171.149.74 - - [23/May/2022:12:55:01 -0300] "GET /cormun/servlet/hpexe_link HTTP/1.1" 200 954
190.171.149.74 - - [23/May/2022:12:55:01 -0300] "GET /cormun/servlet/trlicencias HTTP/1.1" 200 13027
200.54.103.162 - - [23/May/2022:12:55:01 -0300] "GET /cormun/servlet/permisogoce?ae3cae31b7556ea2bcd7fc22b155556ee7641e10afd3c45688f7c2b0f988469d6db266e3e2840ac9f38f961f375be8ab85f0d9ca965e0b7d25e1b011327ca28d,gx-no-cache=1653320508314 HTTP/1.1" 200 78
200.54.103.162 - - [23/May/2022:12:55:01 -0300] "GET /cormun/static/menuarrow.gif HTTP/1.1" 404 1015
190.171.149.74 - - [23/May/2022:12:55:01 -0300] "GET /cormun/servlet/trlicencias HTTP/1.1" 200 13025
190.171.142.10 - - [23/May/2022:12:55:03 -0300] "GET /cormun/servlet/licenciaspermisos?8792b222c51007113505883d426c70b1822669cef53cafe1c746409ca64449265b28f5707f9e20c7e9bf67a144fd861dd6eabe0596c2bb8dfdfba7321233141a,gx-no-cache=1653320510789 HTTP/1.1" 200 115
190.171.142.10 - - [23/May/2022:12:55:04 -0300] "POST /cormun/servlet/licenciaspermisos?2e9cd944cf14f6af34d7dbd09ebd8fcf,INS,0,,,,gx-no-cache=1653320510845 HTTP/1.1" 200 4579
200.54.103.162 - - [23/May/2022:12:55:09 -0300] "GET /cormun/servlet/permisogoce?ae3cae31b7556ea2bcd7fc22b155556edf3e994c8e4972f347b7728ce68a175200a047cafd74b87ec8d6255666b549b725fde9b87d03fd354112a0bba0bf92b5,gx-no-cache=1653320516192 HTTP/1.1" 200 48
200.54.103.162 - - [23/May/2022:12:55:12 -0300] "POST /cormun/servlet/permisogoce?9847f6b900cccf08512adb544d9271fb,INS,0,,,,gx-no-cache=1653320518387 HTTP/1.1" 200 93
200.54.103.162 - - [23/May/2022:12:55:12 -0300] "GET /cormun/servlet/hpexe_return? HTTP/1.1" 200 1010
200.54.103.162 - - [23/May/2022:12:55:12 -0300] "GET /cormun/servlet/trpermisosgoce HTTP/1.1" 200 14935
200.54.103.162 - - [23/May/2022:12:55:13 -0300] "GET /cormun/servlet/trpermisosgoce HTTP/1.1" 200 14916
200.54.103.162 - - [23/May/2022:12:55:19 -0300] "GET /cormun/servlet/permisogoce?INS,0,,, HTTP/1.1" 200 7227
200.54.103.162 - - [23/May/2022:12:55:20 -0300] "GET /cormun/servlet/permisogoce?INS,0,,, HTTP/1.1" 200 7227
200.54.103.162 - - [23/May/2022:12:55:27 -0300] "GET /cormun/servlet/permisogoce?ae3cae31b7556ea2bcd7fc22b155556e4a6328032e1a792eba10f914649e761fee00c52d5941f1e981ebc9eee3114eba1a30bafe494a43835ccbe4928e8217b7,gx-no-cache=1653320534514 HTTP/1.1" 200 80
200.54.103.162 - - [23/May/2022:12:55:28 -0300] "GET /cormun/static/menuarrow.gif HTTP/1.1" 404 1015
200.54.103.162 - - [23/May/2022:12:55:34 -0300] "GET /cormun/servlet/permisogoce?ae3cae31b7556ea2bcd7fc22b155556ed023b9fcaaad40c142a0c6a4fddc9ffd8840f8c575152418c2e84f3b501c4c1c2ee35f79c967485e4184d9710effc65d,gx-no-cache=1653320541537 HTTP/1.1" 200 47
200.54.103.162 - - [23/May/2022:12:55:37 -0300] "POST /cormun/servlet/permisogoce?9847f6b900cccf08512adb544d9271fb,INS,0,,,,gx-no-cache=1653320543627 HTTP/1.1" 200 93
200.54.103.162 - - [23/May/2022:12:55:37 -0300] "GET /cormun/servlet/hpexe_return? HTTP/1.1" 200 1010
200.54.103.162 - - [23/May/2022:12:55:37 -0300] "GET /cormun/servlet/trpermisosgoce HTTP/1.1" 200 15140
200.54.103.162 - - [23/May/2022:12:55:38 -0300] "GET /cormun/servlet/trpermisosgoce HTTP/1.1" 200 15136
200.54.103.162 - - [23/May/2022:12:55:46 -0300] "GET /cormun/servlet/permisogoce?INS,0,,, HTTP/1.1" 200 7227
200.54.103.162 - - [23/May/2022:12:55:47 -0300] "GET /cormun/servlet/permisogoce?INS,0,,, HTTP/1.1" 200 7227
190.171.149.74 - - [23/May/2022:12:55:47 -0300] "POST /cormun/servlet/trlicencias?8a8483cd91f4b66fefff2442a80f2b07,gx-no-cache=1653320553738 HTTP/1.1" 200 10679
200.54.103.162 - - [23/May/2022:12:55:54 -0300] "GET /cormun/servlet/permisogoce?ae3cae31b7556ea2bcd7fc22b155556e11ea090b8cd101f05491f48f22479ba9ee00c52d5941f1e981ebc9eee3114eba1a30bafe494a43835ccbe4928e8217b7,gx-no-cache=1653320561116 HTTP/1.1" 200 73
200.54.103.162 - - [23/May/2022:12:55:54 -0300] "GET /cormun/static/menuarrow.gif HTTP/1.1" 404 1015
200.54.103.162 - - [23/May/2022:12:56:01 -0300] "GET /cormun/servlet/permisogoce?ae3cae31b7556ea2bcd7fc22b155556e13ba24bb45c5a080047bf03a651bab1f813596c57a415d7a84a2a2512b9e60372ee35f79c967485e4184d9710effc65d,gx-no-cache=1653320568091 HTTP/1.1" 200 47
200.54.103.162 - - [23/May/2022:12:56:04 -0300] "POST /cormun/servlet/permisogoce?9847f6b900cccf08512adb544d9271fb,INS,0,,,,gx-no-cache=1653320570300 HTTP/1.1" 200 93
200.54.103.162 - - [23/May/2022:12:56:04 -0300] "GET /cormun/servlet/hpexe_return? HTTP/1.1" 200 1010
200.54.103.162 - - [23/May/2022:12:56:04 -0300] "GET /cormun/servlet/trpermisosgoce HTTP/1.1" 200 15330
200.54.103.162 - - [23/May/2022:12:56:05 -0300] "GET /cormun/servlet/trpermisosgoce HTTP/1.1" 200 15342
190.171.142.10 - - [23/May/2022:12:56:19 -0300] "GET /cormun/servlet/trlicencias? HTTP/1.1" 200 14781
190.171.142.10 - - [23/May/2022:12:56:19 -0300] "GET /cormun/servlet/trlicencias? HTTP/1.1" 200 14758
190.171.142.10 - - [23/May/2022:12:56:28 -0300] "GET /cormun/servlet/trlicencias? HTTP/1.1" 200 14767
190.171.142.10 - - [23/May/2022:12:56:28 -0300] "GET /cormun/servlet/trlicencias? HTTP/1.1" 200 14775
190.171.142.10 - - [23/May/2022:12:56:38 -0300] "GET /cormun/servlet/licenciaspermisos?INS,0,,, HTTP/1.1" 200 7439
190.171.142.10 - - [23/May/2022:12:56:39 -0300] "GET /cormun/servlet/licenciaspermisos?INS,0,,, HTTP/1.1" 200 7437
200.54.103.162 - - [23/May/2022:12:56:51 -0300] "GET /cormun/servlet/permisogoce?INS,0,,, HTTP/1.1" 200 7227
200.54.103.162 - - [23/May/2022:12:56:52 -0300] "GET /cormun/servlet/permisogoce?INS,0,,, HTTP/1.1" 200 7227
190.171.142.10 - - [23/May/2022:12:56:57 -0300] "GET /cormun/servlet/licenciaspermisos?8792b222c51007113505883d426c70b1822669cef53cafe1c746409ca64449265b28f5707f9e20c7e9bf67a144fd861dd6eabe0596c2bb8dfdfba7321233141a,gx-no-cache=1653320624757 HTTP/1.1" 200 115
190.171.142.10 - - [23/May/2022:12:56:57 -0300] "POST /cormun/servlet/licenciaspermisos?2e9cd944cf14f6af34d7dbd09ebd8fcf,INS,0,,,,gx-no-cache=1653320624788 HTTP/1.1" 200 4582
200.54.103.162 - - [23/May/2022:12:56:59 -0300] "GET /cormun/servlet/permisogoce?ae3cae31b7556ea2bcd7fc22b155556e498f1cc53ecef4fc66641375c43407dbee00c52d5941f1e981ebc9eee3114eba1a30bafe494a43835ccbe4928e8217b7,gx-no-cache=1653320625987 HTTP/1.1" 200 81
200.54.103.162 - - [23/May/2022:12:56:59 -0300] "GET /cormun/static/menuarrow.gif HTTP/1.1" 404 1015
200.54.103.162 - - [23/May/2022:12:57:05 -0300] "GET /cormun/servlet/permisogoce?ae3cae31b7556ea2bcd7fc22b155556ed9960c80b0012e5eb2371b465200056341dd1cf01c7cb2fe1d2bdf1b5b8398cc2ee35f79c967485e4184d9710effc65d,gx-no-cache=1653320632313 HTTP/1.1" 200 47
200.54.103.162 - - [23/May/2022:12:57:10 -0300] "POST /cormun/servlet/permisogoce?9847f6b900cccf08512adb544d9271fb,INS,0,,,,gx-no-cache=1653320636279 HTTP/1.1" 200 93
200.54.103.162 - - [23/May/2022:12:57:10 -0300] "GET /cormun/servlet/hpexe_return? HTTP/1.1" 200 1010
200.54.103.162 - - [23/May/2022:12:57:10 -0300] "GET /cormun/servlet/trpermisosgoce HTTP/1.1" 200 15500
200.54.103.162 - - [23/May/2022:12:57:11 -0300] "GET /cormun/servlet/trpermisosgoce HTTP/1.1" 200 15495
200.54.103.162 - - [23/May/2022:12:57:16 -0300] "GET /cormun/servlet/permisogoce?INS,0,,, HTTP/1.1" 200 7226
200.54.103.162 - - [23/May/2022:12:57:17 -0300] "GET /cormun/servlet/permisogoce?INS,0,,, HTTP/1.1" 200 7227
200.54.103.162 - - [23/May/2022:12:57:23 -0300] "GET /cormun/servlet/permisogoce?ae3cae31b7556ea2bcd7fc22b155556ebc671af14fdc471428b05d64fbb55862ee00c52d5941f1e981ebc9eee3114eba1a30bafe494a43835ccbe4928e8217b7,gx-no-cache=1653320650354 HTTP/1.1" 200 76
200.54.103.162 - - [23/May/2022:12:57:23 -0300] "GET /cormun/static/menuarrow.gif HTTP/1.1" 404 1015
200.54.103.162 - - [23/May/2022:12:57:30 -0300] "GET /cormun/servlet/permisogoce?ae3cae31b7556ea2bcd7fc22b155556ee6c3c4e06a0074eb6907e825fa0324a8f5be9bff42ac02f82afa75cfd6c5d8532ee35f79c967485e4184d9710effc65d,gx-no-cache=1653320656641 HTTP/1.1" 200 46
200.54.103.162 - - [23/May/2022:12:57:32 -0300] "POST /cormun/servlet/permisogoce?9847f6b900cccf08512adb544d9271fb,INS,0,,,,gx-no-cache=1653320658325 HTTP/1.1" 200 93
200.54.103.162 - - [23/May/2022:12:57:32 -0300] "GET /cormun/servlet/hpexe_return? HTTP/1.1" 200 1010
200.54.103.162 - - [23/May/2022:12:57:32 -0300] "GET /cormun/servlet/trpermisosgoce HTTP/1.1" 200 15709
200.54.103.162 - - [23/May/2022:12:57:33 -0300] "GET /cormun/servlet/trpermisosgoce HTTP/1.1" 200 15712
200.54.103.162 - - [23/May/2022:12:57:39 -0300] "GET /cormun/servlet/permisogoce?INS,0,,, HTTP/1.1" 200 7227
200.54.103.162 - - [23/May/2022:12:57:40 -0300] "GET /cormun/servlet/permisogoce?INS,0,,, HTTP/1.1" 200 7227
200.54.103.162 - - [23/May/2022:12:57:46 -0300] "GET /cormun/servlet/permisogoce?ae3cae31b7556ea2bcd7fc22b155556ec8cede52e107427f7d49c3da3d2e35e26db266e3e2840ac9f38f961f375be8ab85f0d9ca965e0b7d25e1b011327ca28d,gx-no-cache=1653320673355 HTTP/1.1" 200 76
200.54.103.162 - - [23/May/2022:12:57:46 -0300] "GET /cormun/static/menuarrow.gif HTTP/1.1" 404 1015
200.54.103.162 - - [23/May/2022:12:57:53 -0300] "GET /cormun/servlet/permisogoce?ae3cae31b7556ea2bcd7fc22b155556e7e1d18d0e9fa46e26c84b5c47510044e8da2da0501bb4c17bb25031967e882e725fde9b87d03fd354112a0bba0bf92b5,gx-no-cache=1653320680049 HTTP/1.1" 200 48
200.54.103.162 - - [23/May/2022:12:57:55 -0300] "POST /cormun/servlet/permisogoce?9847f6b900cccf08512adb544d9271fb,INS,0,,,,gx-no-cache=1653320681797 HTTP/1.1" 200 93
200.54.103.162 - - [23/May/2022:12:57:55 -0300] "GET /cormun/servlet/hpexe_return? HTTP/1.1" 200 1010
200.54.103.162 - - [23/May/2022:12:57:56 -0300] "GET /cormun/servlet/trpermisosgoce HTTP/1.1" 200 15925
200.54.103.162 - - [23/May/2022:12:57:57 -0300] "GET /cormun/servlet/trpermisosgoce HTTP/1.1" 200 15956
200.54.103.162 - - [23/May/2022:12:58:01 -0300] "GET /cormun/servlet/permisogoce?INS,0,,, HTTP/1.1" 200 7227
200.54.103.162 - - [23/May/2022:12:58:02 -0300] "GET /cormun/servlet/permisogoce?INS,0,,, HTTP/1.1" 200 7227
190.171.142.26 - - [23/May/2022:12:58:02 -0300] "GET /cormun/servlet/hlogin HTTP/1.1" 200 1731
200.54.103.162 - - [23/May/2022:12:58:08 -0300] "GET /cormun/servlet/permisogoce?ae3cae31b7556ea2bcd7fc22b155556e810f2abdad68cc2e12b35d1b606d3e91ee00c52d5941f1e981ebc9eee3114eba1a30bafe494a43835ccbe4928e8217b7,gx-no-cache=1653320695363 HTTP/1.1" 200 82
200.54.103.162 - - [23/May/2022:12:58:08 -0300] "GET /cormun/static/menuarrow.gif HTTP/1.1" 404 1015
190.171.142.26 - - [23/May/2022:12:58:09 -0300] "POST /cormun/servlet/hlogin?08890f546571382d558ccb85aacf619f,gx-no-cache=1653320695746 HTTP/1.1" 200 90
190.171.142.26 - - [23/May/2022:12:58:09 -0300] "GET /cormun/servlet/hpexe_link HTTP/1.1" 200 955
190.171.142.26 - - [23/May/2022:12:58:09 -0300] "GET /cormun/servlet/hhome HTTP/1.1" 200 3976
190.171.142.26 - - [23/May/2022:12:58:09 -0300] "GET /cormun/servlet/hhome HTTP/1.1" 200 3974
190.171.142.26 - - [23/May/2022:12:58:13 -0300] "GET /cormun/servlet/trlicencias? HTTP/1.1" 200 16028
190.171.142.26 - - [23/May/2022:12:58:13 -0300] "GET /cormun/servlet/trlicencias? HTTP/1.1" 200 16045
200.54.103.162 - - [23/May/2022:12:58:14 -0300] "GET /cormun/servlet/permisogoce?ae3cae31b7556ea2bcd7fc22b155556e0a1177d2d41928890dc7ac09c9831a490c6a591e5eb9e9fcff1f66a7366c29662ee35f79c967485e4184d9710effc65d,gx-no-cache=1653320701345 HTTP/1.1" 200 45
190.171.141.114 - - [23/May/2022:12:58:16 -0300] "GET /cormun/servlet/hlogin HTTP/1.1" 200 1725
190.171.141.114 - - [23/May/2022:12:58:16 -0300] "GET /cormun/static/gxtimezone.js?85251 HTTP/1.1" 200 5781
190.171.141.114 - - [23/May/2022:12:58:16 -0300] "GET /cormun/static/gxcfg.js?201910216285969 HTTP/1.1" 200 953
190.171.141.114 - - [23/May/2022:12:58:16 -0300] "GET /cormun/static/hlogin.js?201910216285995 HTTP/1.1" 200 2136
190.171.141.114 - - [23/May/2022:12:58:16 -0300] "GET /cormun/static/Resources/Logo2019_Grande.png HTTP/1.1" 200 31733
190.171.141.114 - - [23/May/2022:12:58:16 -0300] "GET /cormun/static/gxgral.js?85251 HTTP/1.1" 200 384558
190.171.141.114 - - [23/May/2022:12:58:16 -0300] "GET /cormun/static/Resources/PXToolsLoginBackground.png HTTP/1.1" 200 1164
190.171.141.114 - - [23/May/2022:12:58:16 -0300] "GET /cormun/static/Resources/PXToolsLoginTop.png HTTP/1.1" 200 1337
190.171.141.114 - - [23/May/2022:12:58:16 -0300] "GET /cormun/static/Resources/PXToolsLoginBottom.png HTTP/1.1" 200 1389
200.54.103.162 - - [23/May/2022:12:58:17 -0300] "POST /cormun/servlet/permisogoce?9847f6b900cccf08512adb544d9271fb,INS,0,,,,gx-no-cache=1653320703693 HTTP/1.1" 200 93
200.54.103.162 - - [23/May/2022:12:58:17 -0300] "GET /cormun/servlet/hpexe_return? HTTP/1.1" 200 1010
200.54.103.162 - - [23/May/2022:12:58:17 -0300] "GET /cormun/servlet/trpermisosgoce HTTP/1.1" 200 16155
200.54.103.162 - - [23/May/2022:12:58:19 -0300] "GET /cormun/servlet/trpermisosgoce HTTP/1.1" 200 16165
190.171.141.82 - - [23/May/2022:12:58:24 -0300] "GET /cormun/servlet/trlicencias? HTTP/1.1" 200 12798
190.171.141.82 - - [23/May/2022:12:58:25 -0300] "GET /cormun/servlet/trlicencias? HTTP/1.1" 200 12817
200.54.103.162 - - [23/May/2022:12:58:25 -0300] "GET /cormun/servlet/permisogoce?INS,0,,, HTTP/1.1" 200 7227
200.54.103.162 - - [23/May/2022:12:58:26 -0300] "GET /cormun/servlet/permisogoce?INS,0,,, HTTP/1.1" 200 7227
190.171.141.114 - - [23/May/2022:12:58:27 -0300] "POST /cormun/servlet/hlogin?1feb7ad7331caa5886288c8d8a875213,gx-no-cache=1653320714088 HTTP/1.1" 200 90
190.171.141.114 - - [23/May/2022:12:58:27 -0300] "GET /cormun/servlet/hpexe_link HTTP/1.1" 200 952
190.171.141.114 - - [23/May/2022:12:58:27 -0300] "GET /cormun/static/hpexe_link.js?201991422392963 HTTP/1.1" 200 625
190.171.141.114 - - [23/May/2022:12:58:27 -0300] "GET /cormun/static/gxcfg.js?201991422392958 HTTP/1.1" 200 953
190.171.141.114 - - [23/May/2022:12:58:27 -0300] "GET /cormun/servlet/hhome HTTP/1.1" 200 4006
190.171.141.114 - - [23/May/2022:12:58:27 -0300] "GET /cormun/static/gxcfg.js?20201215495537 HTTP/1.1" 200 953
190.171.141.114 - - [23/May/2022:12:58:27 -0300] "GET /cormun/static/hhome.js?20201215495544 HTTP/1.1" 200 777
190.171.141.114 - - [23/May/2022:12:58:27 -0300] "GET /cormun/static/Shared/ext/ext-all.js HTTP/1.1" 200 1289687
190.171.141.114 - - [23/May/2022:12:58:27 -0300] "GET /cormun/static/SmoothNavMenu/resources/images/down.gif HTTP/1.1" 200 854
190.171.141.114 - - [23/May/2022:12:58:27 -0300] "GET /cormun/servlet/hhome HTTP/1.1" 200 4002
190.171.141.114 - - [23/May/2022:12:58:31 -0300] "GET /cormun/servlet/trpermisosgoce? HTTP/1.1" 200 11119
190.171.141.114 - - [23/May/2022:12:58:31 -0300] "GET /cormun/static/calendar-setup.js?85251 HTTP/1.1" 200 2588
190.171.141.114 - - [23/May/2022:12:58:31 -0300] "GET /cormun/static/calendar.js?85251 HTTP/1.1" 200 26246
190.171.141.114 - - [23/May/2022:12:58:31 -0300] "GET /cormun/static/calendar-es.js?85251 HTTP/1.1" 200 1901
190.171.141.114 - - [23/May/2022:12:58:31 -0300] "GET /cormun/static/gxdec.js?85251 HTTP/1.1" 200 19579
190.171.141.114 - - [23/May/2022:12:58:31 -0300] "GET /cormun/static/Resources/PXTools/calendar.png HTTP/1.1" 200 1306
190.171.141.114 - - [23/May/2022:12:58:32 -0300] "GET /cormun/servlet/trpermisosgoce? HTTP/1.1" 200 11117
200.54.103.162 - - [23/May/2022:12:58:33 -0300] "GET /cormun/servlet/permisogoce?ae3cae31b7556ea2bcd7fc22b155556ebc671af14fdc471428b05d64fbb55862ee00c52d5941f1e981ebc9eee3114eba1a30bafe494a43835ccbe4928e8217b7,gx-no-cache=1653320719723 HTTP/1.1" 200 78
200.54.103.162 - - [23/May/2022:12:58:33 -0300] "GET /cormun/static/menuarrow.gif HTTP/1.1" 404 1015
190.171.141.82 - - [23/May/2022:12:58:35 -0300] "POST /cormun/servlet/trlicencias?ec27cc0ec6b878a37d5441fe73e7ad5b,,gx-no-cache=1653320721716 HTTP/1.1" 200 10588
200.54.103.162 - - [23/May/2022:12:58:38 -0300] "GET /cormun/servlet/permisogoce?ae3cae31b7556ea2bcd7fc22b155556ee6c3c4e06a0074eb6907e825fa0324a82901b4c98e36622584de70a7cb595e4c2ee35f79c967485e4184d9710effc65d,gx-no-cache=1653320725241 HTTP/1.1" 200 45
200.54.103.162 - - [23/May/2022:12:58:41 -0300] "POST /cormun/servlet/permisogoce?9847f6b900cccf08512adb544d9271fb,INS,0,,,,gx-no-cache=1653320727300 HTTP/1.1" 200 93
200.54.103.162 - - [23/May/2022:12:58:41 -0300] "GET /cormun/servlet/hpexe_return? HTTP/1.1" 200 1010
200.54.103.162 - - [23/May/2022:12:58:41 -0300] "GET /cormun/servlet/trpermisosgoce HTTP/1.1" 200 16328
200.54.103.162 - - [23/May/2022:12:58:42 -0300] "GET /cormun/servlet/trpermisosgoce HTTP/1.1" 200 16312
190.171.144.234 - - [23/May/2022:12:58:44 -0300] "GET /cormun/servlet/hhome HTTP/1.1" 200 3333
190.171.144.234 - - [23/May/2022:12:58:44 -0300] "GET /cormun/servlet/hlogin HTTP/1.1" 200 1740
190.171.144.234 - - [23/May/2022:12:58:44 -0300] "GET /cormun/servlet/hhome HTTP/1.1" 200 3331
190.171.144.234 - - [23/May/2022:12:58:45 -0300] "GET /cormun/servlet/hhome HTTP/1.1" 200 3333
190.171.144.234 - - [23/May/2022:12:58:45 -0300] "GET /cormun/servlet/hlogin HTTP/1.1" 200 1740
190.171.144.234 - - [23/May/2022:12:58:45 -0300] "GET /cormun/servlet/hhome HTTP/1.1" 200 3331
190.171.144.234 - - [23/May/2022:12:58:45 -0300] "GET /cormun/servlet/hlogin HTTP/1.1" 200 1738
190.171.141.90 - - [23/May/2022:12:58:50 -0300] "GET /cormun/servlet/trlicencias? HTTP/1.1" 200 7241
190.171.141.90 - - [23/May/2022:12:58:50 -0300] "GET /cormun/servlet/hlogin HTTP/1.1" 200 1745
190.171.141.82 - - [23/May/2022:12:58:50 -0300] "POST /cormun/servlet/trlicencias?ec27cc0ec6b878a37d5441fe73e7ad5b,,gx-no-cache=1653320737540 HTTP/1.1" 200 101
190.171.141.82 - - [23/May/2022:12:58:50 -0300] "GET /cormun/Licencias-9837.xls HTTP/1.1" 200 10752
190.171.141.90 - - [23/May/2022:12:58:51 -0300] "GET /cormun/servlet/trlicencias? HTTP/1.1" 200 7241
200.54.103.162 - - [23/May/2022:12:59:31 -0300] "GET /cormun/servlet/permisogoce?INS,0,,, HTTP/1.1" 200 7227
200.54.103.162 - - [23/May/2022:12:59:32 -0300] "GET /cormun/servlet/permisogoce?INS,0,,, HTTP/1.1" 200 7228
200.54.103.162 - - [23/May/2022:12:59:40 -0300] "GET /cormun/servlet/permisogoce?ae3cae31b7556ea2bcd7fc22b155556e9f968331007b40b8a4cf024d87ce5758ee00c52d5941f1e981ebc9eee3114eba1a30bafe494a43835ccbe4928e8217b7,gx-no-cache=1653320786611 HTTP/1.1" 200 80
200.54.103.162 - - [23/May/2022:12:59:40 -0300] "GET /cormun/static/menuarrow.gif HTTP/1.1" 404 1015
192.168.10.17 - - [23/May/2022:12:59:49 -0300] "GET /cormun/servlet/vesolicitudgral?2022,18604,,SolicitudOTAdjuntos HTTP/1.1" 200 11052
192.168.10.17 - - [23/May/2022:12:59:49 -0300] "GET /cormun/pexe_scrolldiv.js HTTP/1.1" 404 1009
192.168.10.17 - - [23/May/2022:12:59:49 -0300] "GET /cormun/servlet/vesolicitudgral?2022,18604,,SolicitudOTAdjuntos HTTP/1.1" 200 11051
192.168.10.17 - - [23/May/2022:12:59:50 -0300] "POST /cormun/servlet/acontrolpreferencessavestate?None,RRHH+DANIELA,true HTTP/1.1" 200 35
192.168.10.17 - - [23/May/2022:12:59:50 -0300] "GET /cormun/PublicTempStorage/carnet_tania7949351.pdf HTTP/1.1" 200 114492
200.54.103.162 - - [23/May/2022:12:59:56 -0300] "GET /cormun/servlet/permisogoce?ae3cae31b7556ea2bcd7fc22b155556edf3b46e2eb105e2459497058552aa659b1d63c809ea238196868c25a11d21aa22ee35f79c967485e4184d9710effc65d,gx-no-cache=1653320802729 HTTP/1.1" 200 46
190.171.142.10 - - [23/May/2022:12:59:57 -0300] "GET /cormun/static/menuarrow.gif HTTP/1.1" 404 1015
200.54.103.162 - - [23/May/2022:12:59:59 -0300] "POST /cormun/servlet/permisogoce?9847f6b900cccf08512adb544d9271fb,INS,0,,,,gx-no-cache=1653320805977 HTTP/1.1" 200 93
200.54.103.162 - - [23/May/2022:12:59:59 -0300] "GET /cormun/servlet/hpexe_return? HTTP/1.1" 200 1010
200.54.103.162 - - [23/May/2022:13:00:00 -0300] "GET /cormun/servlet/trpermisosgoce HTTP/1.1" 200 16567
192.168.10.17 - - [23/May/2022:13:00:00 -0300] "GET /cormun/servlet/hlogin HTTP/1.1" 200 1732
200.54.103.162 - - [23/May/2022:13:00:01 -0300] "GET /cormun/servlet/trpermisosgoce HTTP/1.1" 200 16529
200.54.103.162 - - [23/May/2022:13:00:05 -0300] "GET /cormun/servlet/permisogoce?INS,0,,, HTTP/1.1" 200 7227
192.168.10.17 - - [23/May/2022:13:00:05 -0300] "POST /cormun/servlet/hlogin?97d0038db1a6dd0ab958ac6be271b5f8,gx-no-cache=1653320640331 HTTP/1.1" 200 90
192.168.10.17 - - [23/May/2022:13:00:05 -0300] "GET /cormun/servlet/hpexe_link HTTP/1.1" 200 985
200.54.103.162 - - [23/May/2022:13:00:06 -0300] "GET /cormun/servlet/permisogoce?INS,0,,, HTTP/1.1" 200 7227
192.168.10.17 - - [23/May/2022:13:00:06 -0300] "GET /cormun/servlet/vesolicitudgral?2022,18604,,SolicitudOTAdjuntos HTTP/1.1" 200 11044
192.168.10.17 - - [23/May/2022:13:00:06 -0300] "GET /cormun/pexe_scrolldiv.js HTTP/1.1" 404 1009
192.168.10.17 - - [23/May/2022:13:00:07 -0300] "GET /cormun/servlet/vesolicitudgral?2022,18604,,SolicitudOTAdjuntos HTTP/1.1" 200 11049
192.168.10.17 - - [23/May/2022:13:00:07 -0300] "POST /cormun/servlet/acontrolpreferencessavestate?None,RRHH+DANIELA,true HTTP/1.1" 200 35
200.54.103.162 - - [23/May/2022:13:00:13 -0300] "GET /cormun/servlet/permisogoce?ae3cae31b7556ea2bcd7fc22b155556ecc0883345b477ab6ae82fb7674caa19eee00c52d5941f1e981ebc9eee3114eba1a30bafe494a43835ccbe4928e8217b7,gx-no-cache=1653320819834 HTTP/1.1" 200 80
200.54.103.162 - - [23/May/2022:13:00:13 -0300] "GET /cormun/static/menuarrow.gif HTTP/1.1" 404 1015
200.54.103.162 - - [23/May/2022:13:00:19 -0300] "GET /cormun/servlet/permisogoce?ae3cae31b7556ea2bcd7fc22b155556e00df365782eba553ec2b2a13caa388670222fc0f98e716e363c191fedd71a2362ee35f79c967485e4184d9710effc65d,gx-no-cache=1653320825737 HTTP/1.1" 200 47
200.54.103.162 - - [23/May/2022:13:00:23 -0300] "POST /cormun/servlet/permisogoce?9847f6b900cccf08512adb544d9271fb,INS,0,,,,gx-no-cache=1653320829839 HTTP/1.1" 200 93
