200.54.103.162 - - [23/May/2022:13:13:53 -0300] "GET /cormun/static/about:blank HTTP/1.1" 404 1011
200.54.103.162 - - [23/May/2022:13:13:53 -0300] "GET /cormun/servlet/permisosadjuntos?INS,25768332,P,20220523113940,, HTTP/1.1" 200 5969
200.54.237.82 - - [23/May/2022:13:13:54 -0300] "POST /cormun/servlet/trlicencias?7b2aef8bc9b9646830cc66b2c44341ff,,gx-no-cache=1653321641101 HTTP/1.1" 440 972
200.54.237.82 - - [23/May/2022:13:13:55 -0300] "GET /cormun/servlet/trlicencias? HTTP/1.1" 200 7240
200.54.237.82 - - [23/May/2022:13:13:56 -0300] "GET /cormun/servlet/hlogin HTTP/1.1" 200 1745
200.54.237.82 - - [23/May/2022:13:13:56 -0300] "GET /cormun/servlet/trlicencias? HTTP/1.1" 200 7240
200.54.237.82 - - [23/May/2022:13:14:00 -0300] "POST /cormun/servlet/hlogin?1282af55e539bc4e72a018a4129d3c56,gx-no-cache=1653321646877 HTTP/1.1" 200 90
200.54.237.82 - - [23/May/2022:13:14:00 -0300] "GET /cormun/servlet/hpexe_link HTTP/1.1" 200 958
200.54.237.82 - - [23/May/2022:13:14:00 -0300] "GET /cormun/servlet/trlicencias HTTP/1.1" 200 11735
200.54.237.82 - - [23/May/2022:13:14:00 -0300] "GET /cormun/servlet/trlicencias HTTP/1.1" 200 11733
200.54.103.162 - - [23/May/2022:13:14:03 -0300] "POST /cormun/servlet/permisosadjuntos?9847f6b900cccf08512adb544d9271fb,INS,25768332,P,20220523113940,, HTTP/1.1" 200 116
200.54.103.162 - - [23/May/2022:13:14:03 -0300] "GET /cormun/servlet/hpexe_return? HTTP/1.1" 200 1038
200.54.103.162 - - [23/May/2022:13:14:03 -0300] "GET /cormun/servlet/trpermisosadjuntos?25768332,20220523113940,P, HTTP/1.1" 200 7157
200.54.103.162 - - [23/May/2022:13:14:04 -0300] "GET /cormun/servlet/trpermisosadjuntos?25768332,20220523113940,P, HTTP/1.1" 200 7154
200.54.103.162 - - [23/May/2022:13:14:06 -0300] "POST /cormun/servlet/trpermisosadjuntos?9847f6b900cccf08512adb544d9271fb,25768332,20220523113940,P,,gx-no-cache=1653321652909 HTTP/1.1" 200 90
200.54.237.82 - - [23/May/2022:13:14:06 -0300] "GET /cormun/servlet/trlicencias? HTTP/1.1" 200 11737
200.54.103.162 - - [23/May/2022:13:14:06 -0300] "GET /cormun/servlet/hpexe_link HTTP/1.1" 200 1005
200.54.237.82 - - [23/May/2022:13:14:06 -0300] "GET /cormun/servlet/trlicencias? HTTP/1.1" 200 11733
200.54.103.162 - - [23/May/2022:13:14:06 -0300] "GET /cormun/servlet/trpermisosgoce?gx-no-cache=1653321140811 HTTP/1.1" 200 17533
200.54.103.162 - - [23/May/2022:13:14:07 -0300] "GET /cormun/servlet/trpermisosgoce?gx-no-cache=1653321140811 HTTP/1.1" 200 17552
200.54.103.162 - - [23/May/2022:13:14:13 -0300] "POST /cormun/servlet/trpermisosgoce?9847f6b900cccf08512adb544d9271fb,gx-no-cache=1653321140811,gx-no-cache=1653321659348 HTTP/1.1" 200 14733
200.54.103.162 - - [23/May/2022:13:14:27 -0300] "GET /cormun/servlet/trpermisosadjuntos?14242088,20220523114045,P, HTTP/1.1" 200 6670
200.54.103.162 - - [23/May/2022:13:14:27 -0300] "GET /cormun/servlet/trpermisosadjuntos?14242088,20220523114045,P, HTTP/1.1" 200 6650
200.54.103.162 - - [23/May/2022:13:14:30 -0300] "GET /cormun/servlet/permisosadjuntos?INS,14242088,P,20220523114045,, HTTP/1.1" 200 5977
192.168.10.17 - - [23/May/2022:13:14:30 -0300] "GET /cormun/servlet/vesolicitudgral?2022,18640,,SolicitudOTAdjuntos HTTP/1.1" 200 10772
200.54.103.162 - - [23/May/2022:13:14:31 -0300] "GET /cormun/static/about:blank HTTP/1.1" 404 1011
192.168.10.17 - - [23/May/2022:13:14:31 -0300] "GET /cormun/servlet/vesolicitudgral?2022,18640,,SolicitudOTAdjuntos HTTP/1.1" 200 10776
200.54.103.162 - - [23/May/2022:13:14:31 -0300] "GET /cormun/servlet/permisosadjuntos?INS,14242088,P,20220523114045,, HTTP/1.1" 200 5967
192.168.10.17 - - [23/May/2022:13:14:31 -0300] "POST /cormun/servlet/acontrolpreferencessavestate?None,RRHH+DANIELA,true HTTP/1.1" 200 35
192.168.10.17 - - [23/May/2022:13:14:38 -0300] "GET /cormun/PublicTempStorage/curriculum_isaias7483931.pdf HTTP/1.1" 200 161140
200.54.103.162 - - [23/May/2022:13:14:40 -0300] "POST /cormun/servlet/permisosadjuntos?9847f6b900cccf08512adb544d9271fb,INS,14242088,P,20220523114045,, HTTP/1.1" 200 116
200.54.103.162 - - [23/May/2022:13:14:40 -0300] "GET /cormun/servlet/hpexe_return? HTTP/1.1" 200 1037
200.54.103.162 - - [23/May/2022:13:14:41 -0300] "GET /cormun/servlet/trpermisosadjuntos?14242088,20220523114045,P, HTTP/1.1" 200 7157
200.54.103.162 - - [23/May/2022:13:14:42 -0300] "GET /cormun/servlet/trpermisosadjuntos?14242088,20220523114045,P, HTTP/1.1" 200 7155
200.54.103.162 - - [23/May/2022:13:14:44 -0300] "GET /cormun/PublicTempStorage/maritzasilva6780849.pdf HTTP/1.1" 200 458224
200.54.103.162 - - [23/May/2022:13:14:54 -0300] "GET /cormun/servlet/trpermisosadjuntos?14242088,20220523114045,P, HTTP/1.1" 200 7159
200.54.103.162 - - [23/May/2022:13:14:55 -0300] "GET /cormun/servlet/trpermisosadjuntos?14242088,20220523114045,P, HTTP/1.1" 200 7156
200.54.103.162 - - [23/May/2022:13:14:59 -0300] "POST /cormun/servlet/trpermisosadjuntos?9847f6b900cccf08512adb544d9271fb,14242088,20220523114045,P,,gx-no-cache=1653321706034 HTTP/1.1" 200 90
200.54.103.162 - - [23/May/2022:13:14:59 -0300] "GET /cormun/servlet/hpexe_link HTTP/1.1" 200 1004
200.54.103.162 - - [23/May/2022:13:14:59 -0300] "GET /cormun/servlet/trpermisosgoce?gx-no-cache=1653321140811 HTTP/1.1" 200 17558
200.54.103.162 - - [23/May/2022:13:15:01 -0300] "GET /cormun/servlet/trpermisosgoce?gx-no-cache=1653321140811 HTTP/1.1" 200 17548
200.54.103.162 - - [23/May/2022:13:15:04 -0300] "POST /cormun/servlet/trpermisosgoce?9847f6b900cccf08512adb544d9271fb,gx-no-cache=1653321140811,gx-no-cache=1653321710781 HTTP/1.1" 200 14755
192.168.10.17 - - [23/May/2022:13:15:05 -0300] "GET /cormun/servlet/vesolicitudgral?2022,18640,,SolicitudOTAdjuntos HTTP/1.1" 200 10771
192.168.10.17 - - [23/May/2022:13:15:05 -0300] "GET /cormun/servlet/vesolicitudgral?2022,18640,,SolicitudOTAdjuntos HTTP/1.1" 200 10771
192.168.10.17 - - [23/May/2022:13:15:06 -0300] "POST /cormun/servlet/acontrolpreferencessavestate?None,RRHH+DANIELA,true HTTP/1.1" 200 35
200.54.103.162 - - [23/May/2022:13:15:13 -0300] "GET /cormun/servlet/trpermisosadjuntos?15956817,20220523114110,P, HTTP/1.1" 200 6672
200.54.103.162 - - [23/May/2022:13:15:14 -0300] "GET /cormun/servlet/trpermisosadjuntos?15956817,20220523114110,P, HTTP/1.1" 200 6651
192.168.10.17 - - [23/May/2022:13:15:14 -0300] "GET /cormun/PublicTempStorage/afp648438.pdf HTTP/1.1" 200 165084
190.171.142.10 - - [23/May/2022:13:15:15 -0300] "GET /cormun/servlet/trlicenciaspermisosadjuntos?20028170,20220523000000,L, HTTP/1.1" 200 6761
200.54.103.162 - - [23/May/2022:13:15:15 -0300] "GET /cormun/servlet/permisosadjuntos?INS,15956817,P,20220523114110,, HTTP/1.1" 200 5977
190.171.142.10 - - [23/May/2022:13:15:16 -0300] "GET /cormun/servlet/trlicenciaspermisosadjuntos?20028170,20220523000000,L, HTTP/1.1" 200 6761
200.54.103.162 - - [23/May/2022:13:15:16 -0300] "GET /cormun/static/about:blank HTTP/1.1" 404 1011
200.54.103.162 - - [23/May/2022:13:15:16 -0300] "GET /cormun/servlet/permisosadjuntos?INS,15956817,P,20220523114110,, HTTP/1.1" 200 5967
190.171.142.10 - - [23/May/2022:13:15:18 -0300] "GET /cormun/PublicTempStorage/amparo_padilla_27515812.pdf HTTP/1.1" 200 324749
192.168.10.17 - - [23/May/2022:13:15:22 -0300] "GET /cormun/servlet/vesolicitudgral?2022,18640,,SolicitudOTAdjuntos HTTP/1.1" 200 10771
192.168.10.17 - - [23/May/2022:13:15:23 -0300] "GET /cormun/servlet/vesolicitudgral?2022,18640,,SolicitudOTAdjuntos HTTP/1.1" 200 10774
192.168.10.17 - - [23/May/2022:13:15:23 -0300] "POST /cormun/servlet/acontrolpreferencessavestate?None,RRHH+DANIELA,true HTTP/1.1" 200 35
200.54.103.162 - - [23/May/2022:13:15:30 -0300] "POST /cormun/servlet/permisosadjuntos?9847f6b900cccf08512adb544d9271fb,INS,15956817,P,20220523114110,, HTTP/1.1" 200 116
200.54.103.162 - - [23/May/2022:13:15:30 -0300] "GET /cormun/servlet/hpexe_return? HTTP/1.1" 200 1038
200.54.103.162 - - [23/May/2022:13:15:30 -0300] "GET /cormun/servlet/trpermisosadjuntos?15956817,20220523114110,P, HTTP/1.1" 200 7145
200.54.103.162 - - [23/May/2022:13:15:31 -0300] "GET /cormun/servlet/trpermisosadjuntos?15956817,20220523114110,P, HTTP/1.1" 200 7149
200.54.103.162 - - [23/May/2022:13:15:38 -0300] "POST /cormun/servlet/trpermisosadjuntos?9847f6b900cccf08512adb544d9271fb,15956817,20220523114110,P,,gx-no-cache=1653321744753 HTTP/1.1" 200 90
200.54.103.162 - - [23/May/2022:13:15:38 -0300] "GET /cormun/servlet/hpexe_link HTTP/1.1" 200 1005
200.54.103.162 - - [23/May/2022:13:15:38 -0300] "GET /cormun/servlet/trpermisosgoce?gx-no-cache=1653321140811 HTTP/1.1" 200 17528
200.54.103.162 - - [23/May/2022:13:15:39 -0300] "GET /cormun/servlet/trpermisosgoce?gx-no-cache=1653321140811 HTTP/1.1" 200 17532
200.54.103.162 - - [23/May/2022:13:15:41 -0300] "POST /cormun/servlet/trpermisosgoce?9847f6b900cccf08512adb544d9271fb,gx-no-cache=1653321140811,gx-no-cache=1653321748300 HTTP/1.1" 200 14749
200.54.103.162 - - [23/May/2022:13:15:49 -0300] "GET /cormun/servlet/trpermisosadjuntos?9922919,20220523114133,P, HTTP/1.1" 200 6670
200.54.103.162 - - [23/May/2022:13:15:50 -0300] "GET /cormun/servlet/trpermisosadjuntos?9922919,20220523114133,P, HTTP/1.1" 200 6649
200.54.103.162 - - [23/May/2022:13:15:52 -0300] "GET /cormun/servlet/permisosadjuntos?INS,9922919,P,20220523114133,, HTTP/1.1" 200 5975
200.54.103.162 - - [23/May/2022:13:15:53 -0300] "GET /cormun/static/about:blank HTTP/1.1" 404 1011
200.54.103.162 - - [23/May/2022:13:15:53 -0300] "GET /cormun/servlet/permisosadjuntos?INS,9922919,P,20220523114133,, HTTP/1.1" 200 5964
200.54.103.162 - - [23/May/2022:13:16:11 -0300] "POST /cormun/servlet/permisosadjuntos?9847f6b900cccf08512adb544d9271fb,INS,9922919,P,20220523114133,, HTTP/1.1" 200 116
200.54.103.162 - - [23/May/2022:13:16:11 -0300] "GET /cormun/servlet/hpexe_return? HTTP/1.1" 200 1037
200.54.103.162 - - [23/May/2022:13:16:11 -0300] "GET /cormun/servlet/trpermisosadjuntos?9922919,20220523114133,P, HTTP/1.1" 200 7155
200.54.103.162 - - [23/May/2022:13:16:12 -0300] "GET /cormun/servlet/trpermisosadjuntos?9922919,20220523114133,P, HTTP/1.1" 200 7152
200.54.103.162 - - [23/May/2022:13:16:14 -0300] "GET /cormun/PublicTempStorage/jorgebarra3773814.pdf HTTP/1.1" 200 459509
200.54.103.162 - - [23/May/2022:13:16:19 -0300] "GET /cormun/servlet/trpermisosadjuntos?9922919,20220523114133,P, HTTP/1.1" 200 7155
200.54.103.162 - - [23/May/2022:13:16:20 -0300] "GET /cormun/servlet/trpermisosadjuntos?9922919,20220523114133,P, HTTP/1.1" 200 7151
200.54.103.162 - - [23/May/2022:13:16:25 -0300] "POST /cormun/servlet/trpermisosadjuntos?9847f6b900cccf08512adb544d9271fb,9922919,20220523114133,P,,gx-no-cache=1653321791698 HTTP/1.1" 200 90
200.54.103.162 - - [23/May/2022:13:16:25 -0300] "GET /cormun/servlet/hpexe_link HTTP/1.1" 200 1004
200.54.103.162 - - [23/May/2022:13:16:25 -0300] "GET /cormun/servlet/trpermisosgoce?gx-no-cache=1653321140811 HTTP/1.1" 200 17514
200.54.103.162 - - [23/May/2022:13:16:26 -0300] "GET /cormun/servlet/trpermisosgoce?gx-no-cache=1653321140811 HTTP/1.1" 200 17551
200.54.103.162 - - [23/May/2022:13:16:29 -0300] "POST /cormun/servlet/trpermisosgoce?9847f6b900cccf08512adb544d9271fb,gx-no-cache=1653321140811,gx-no-cache=1653321795579 HTTP/1.1" 200 14731
200.54.103.162 - - [23/May/2022:13:16:37 -0300] "GET /cormun/servlet/trpermisosadjuntos?14546010,20220523114155,P, HTTP/1.1" 200 6675
200.54.103.162 - - [23/May/2022:13:16:38 -0300] "GET /cormun/servlet/trpermisosadjuntos?14546010,20220523114155,P, HTTP/1.1" 200 6655
200.54.103.162 - - [23/May/2022:13:16:41 -0300] "GET /cormun/servlet/permisosadjuntos?INS,14546010,P,20220523114155,, HTTP/1.1" 200 5981
200.54.103.162 - - [23/May/2022:13:16:42 -0300] "GET /cormun/static/about:blank HTTP/1.1" 404 1011
200.54.103.162 - - [23/May/2022:13:16:42 -0300] "GET /cormun/servlet/permisosadjuntos?INS,14546010,P,20220523114155,, HTTP/1.1" 200 5971
200.54.103.162 - - [23/May/2022:13:16:56 -0300] "POST /cormun/servlet/permisosadjuntos?9847f6b900cccf08512adb544d9271fb,INS,14546010,P,20220523114155,, HTTP/1.1" 200 116
200.54.103.162 - - [23/May/2022:13:16:56 -0300] "GET /cormun/servlet/hpexe_return? HTTP/1.1" 200 1038
200.54.103.162 - - [23/May/2022:13:16:56 -0300] "GET /cormun/servlet/trpermisosadjuntos?14546010,20220523114155,P, HTTP/1.1" 200 7161
200.54.103.162 - - [23/May/2022:13:16:57 -0300] "GET /cormun/servlet/trpermisosadjuntos?14546010,20220523114155,P, HTTP/1.1" 200 7158
200.54.103.162 - - [23/May/2022:13:17:02 -0300] "POST /cormun/servlet/trpermisosadjuntos?9847f6b900cccf08512adb544d9271fb,14546010,20220523114155,P,,gx-no-cache=1653321829327 HTTP/1.1" 200 90
200.54.103.162 - - [23/May/2022:13:17:02 -0300] "GET /cormun/servlet/hpexe_link HTTP/1.1" 200 1005
200.54.103.162 - - [23/May/2022:13:17:03 -0300] "GET /cormun/servlet/trpermisosgoce?gx-no-cache=1653321140811 HTTP/1.1" 200 17555
200.54.103.162 - - [23/May/2022:13:17:04 -0300] "GET /cormun/servlet/trpermisosgoce?gx-no-cache=1653321140811 HTTP/1.1" 200 17531
200.54.103.162 - - [23/May/2022:13:17:06 -0300] "POST /cormun/servlet/trpermisosgoce?9847f6b900cccf08512adb544d9271fb,gx-no-cache=1653321140811,gx-no-cache=1653321833243 HTTP/1.1" 200 14749
200.54.103.162 - - [23/May/2022:13:17:15 -0300] "GET /cormun/servlet/trpermisosadjuntos?15956817,20220523114219,P, HTTP/1.1" 200 6673
200.54.103.162 - - [23/May/2022:13:17:16 -0300] "GET /cormun/servlet/trpermisosadjuntos?15956817,20220523114219,P, HTTP/1.1" 200 6652
200.54.103.162 - - [23/May/2022:13:17:18 -0300] "GET /cormun/servlet/permisosadjuntos?INS,15956817,P,20220523114219,, HTTP/1.1" 200 5978
200.54.103.162 - - [23/May/2022:13:17:19 -0300] "GET /cormun/static/about:blank HTTP/1.1" 404 1011
200.54.103.162 - - [23/May/2022:13:17:19 -0300] "GET /cormun/servlet/permisosadjuntos?INS,15956817,P,20220523114219,, HTTP/1.1" 200 5968
200.54.103.162 - - [23/May/2022:13:17:29 -0300] "POST /cormun/servlet/permisosadjuntos?9847f6b900cccf08512adb544d9271fb,INS,15956817,P,20220523114219,, HTTP/1.1" 200 116
200.54.103.162 - - [23/May/2022:13:17:29 -0300] "GET /cormun/servlet/hpexe_return? HTTP/1.1" 200 1038
200.54.103.162 - - [23/May/2022:13:17:29 -0300] "GET /cormun/servlet/trpermisosadjuntos?15956817,20220523114219,P, HTTP/1.1" 200 7160
200.54.103.162 - - [23/May/2022:13:17:30 -0300] "GET /cormun/servlet/trpermisosadjuntos?15956817,20220523114219,P, HTTP/1.1" 200 7157
200.54.103.162 - - [23/May/2022:13:17:34 -0300] "POST /cormun/servlet/trpermisosadjuntos?9847f6b900cccf08512adb544d9271fb,15956817,20220523114219,P,,gx-no-cache=1653321861455 HTTP/1.1" 200 90
200.54.103.162 - - [23/May/2022:13:17:34 -0300] "GET /cormun/servlet/hpexe_link HTTP/1.1" 200 1006
200.54.103.162 - - [23/May/2022:13:17:35 -0300] "GET /cormun/servlet/trpermisosgoce?gx-no-cache=1653321140811 HTTP/1.1" 200 17536
200.54.103.162 - - [23/May/2022:13:17:36 -0300] "GET /cormun/servlet/trpermisosgoce?gx-no-cache=1653321140811 HTTP/1.1" 200 17578
200.54.103.162 - - [23/May/2022:13:17:39 -0300] "POST /cormun/servlet/trpermisosgoce?9847f6b900cccf08512adb544d9271fb,gx-no-cache=1653321140811,gx-no-cache=1653321865490 HTTP/1.1" 200 14709
200.54.103.162 - - [23/May/2022:13:17:51 -0300] "GET /cormun/servlet/trpermisosadjuntos?13944658,20220523114325,P, HTTP/1.1" 200 6675
200.54.103.162 - - [23/May/2022:13:17:52 -0300] "GET /cormun/servlet/trpermisosadjuntos?13944658,20220523114325,P, HTTP/1.1" 200 6654
200.54.103.162 - - [23/May/2022:13:17:54 -0300] "GET /cormun/servlet/permisosadjuntos?INS,13944658,P,20220523114325,, HTTP/1.1" 200 5981
200.54.103.162 - - [23/May/2022:13:17:55 -0300] "GET /cormun/static/about:blank HTTP/1.1" 404 1011
200.54.103.162 - - [23/May/2022:13:17:55 -0300] "GET /cormun/servlet/permisosadjuntos?INS,13944658,P,20220523114325,, HTTP/1.1" 200 5972
190.171.141.114 - - [23/May/2022:13:18:06 -0300] "GET /cormun/servlet/permisogoce?INS,0,,, HTTP/1.1" 200 6872
200.54.103.162 - - [23/May/2022:13:18:06 -0300] "POST /cormun/servlet/permisosadjuntos?9847f6b900cccf08512adb544d9271fb,INS,13944658,P,20220523114325,, HTTP/1.1" 200 116
200.54.103.162 - - [23/May/2022:13:18:06 -0300] "GET /cormun/servlet/hpexe_return? HTTP/1.1" 200 1038
190.171.141.114 - - [23/May/2022:13:18:06 -0300] "GET /cormun/servlet/permisogoce?INS,0,,, HTTP/1.1" 200 6872
200.54.103.162 - - [23/May/2022:13:18:06 -0300] "GET /cormun/servlet/trpermisosadjuntos?13944658,20220523114325,P, HTTP/1.1" 200 7164
200.54.103.162 - - [23/May/2022:13:18:07 -0300] "GET /cormun/servlet/trpermisosadjuntos?13944658,20220523114325,P, HTTP/1.1" 200 7160
190.171.141.114 - - [23/May/2022:13:18:09 -0300] "GET /cormun/servlet/prfichaempleado?,MD,,gxPopupLevel%3D0%3B HTTP/1.1" 200 9311
190.171.149.90 - - [23/May/2022:13:18:09 -0300] "GET /cormun/servlet/hlogin HTTP/1.1" 200 1729
200.54.103.162 - - [23/May/2022:13:18:12 -0300] "POST /cormun/servlet/trpermisosadjuntos?9847f6b900cccf08512adb544d9271fb,13944658,20220523114325,P,,gx-no-cache=1653321898655 HTTP/1.1" 200 90
200.54.103.162 - - [23/May/2022:13:18:12 -0300] "GET /cormun/servlet/hpexe_link HTTP/1.1" 200 1005
190.171.149.90 - - [23/May/2022:13:18:12 -0300] "POST /cormun/servlet/hlogin?07af5a3dc1c6febfeffb84ee0e39b184,gx-no-cache=1653321901068 HTTP/1.1" 200 90
200.54.103.162 - - [23/May/2022:13:18:12 -0300] "GET /cormun/servlet/trpermisosgoce?gx-no-cache=1653321140811 HTTP/1.1" 200 17555
190.171.149.90 - - [23/May/2022:13:18:12 -0300] "GET /cormun/servlet/hpexe_link HTTP/1.1" 200 970
190.171.149.90 - - [23/May/2022:13:18:12 -0300] "GET /cormun/servlet/solicitudot?INS,0,0,false, HTTP/1.1" 200 15689
190.171.149.90 - - [23/May/2022:13:18:13 -0300] "GET /cormun/servlet/solicitudot?INS,0,0,false, HTTP/1.1" 200 15695
200.54.103.162 - - [23/May/2022:13:18:13 -0300] "GET /cormun/servlet/trpermisosgoce?gx-no-cache=1653321140811 HTTP/1.1" 200 17547
200.54.103.162 - - [23/May/2022:13:18:18 -0300] "POST /cormun/servlet/trpermisosgoce?9847f6b900cccf08512adb544d9271fb,gx-no-cache=1653321140811,gx-no-cache=1653321905275 HTTP/1.1" 200 14759
190.171.141.114 - - [23/May/2022:13:18:27 -0300] "POST /cormun/servlet/prfichaempleado?1feb7ad7331caa5886288c8d8a875213,,MD,,gxPopupLevel%3D0%3B,gx-no-cache=1653321914704 HTTP/1.1" 200 3406
190.171.149.90 - - [23/May/2022:13:18:28 -0300] "POST /cormun/servlet/solicitudot?gx-no-cache=1653321917333 HTTP/1.1" 200 3969
190.171.149.90 - - [23/May/2022:13:18:29 -0300] "POST /cormun/servlet/solicitudot?07af5a3dc1c6febfeffb84ee0e39b184,INS,0,0,false,,gx-no-cache=1653321917517 HTTP/1.1" 200 12525
190.171.149.90 - - [23/May/2022:13:18:31 -0300] "GET /cormun/servlet/solicitudot?6bcd46912a42d46a98bd79057460c91ce116a1f3ee26e1a300d65b0e7084006b314b4692a61efdc2ba7d032c17e8f330,gx-no-cache=1653321920037 HTTP/1.1" 200 30
200.54.103.162 - - [23/May/2022:13:18:31 -0300] "GET /cormun/servlet/trpermisosadjuntos?11364480,20220523114359,P, HTTP/1.1" 200 6676
190.171.141.114 - - [23/May/2022:13:18:32 -0300] "GET /cormun/servlet/permisogoce?f015c1c594b34f83be45486d1e2ddd7388c2b1a448a750070748993eedf2d275c492a772add9926d6203a61d17476100567b894f0dbcfcb57ffcbb5a0ea324cf,gx-no-cache=1653321919473 HTTP/1.1" 200 78
190.171.141.114 - - [23/May/2022:13:18:32 -0300] "GET /cormun/static/menuarrow.gif HTTP/1.1" 404 1015
200.54.103.162 - - [23/May/2022:13:18:32 -0300] "GET /cormun/servlet/trpermisosadjuntos?11364480,20220523114359,P, HTTP/1.1" 200 6655
200.54.103.162 - - [23/May/2022:13:18:35 -0300] "GET /cormun/servlet/permisosadjuntos?INS,11364480,P,20220523114359,, HTTP/1.1" 200 5982
200.54.103.162 - - [23/May/2022:13:18:35 -0300] "GET /cormun/static/about:blank HTTP/1.1" 404 1011
200.54.103.162 - - [23/May/2022:13:18:35 -0300] "GET /cormun/servlet/permisosadjuntos?INS,11364480,P,20220523114359,, HTTP/1.1" 200 5971
190.171.141.114 - - [23/May/2022:13:18:37 -0300] "GET /cormun/servlet/permisogoce?f015c1c594b34f83be45486d1e2ddd7376a817f1633c99a2c14f5a9d39a5b11ae872a8403d8e6bcf7c0116e0c57d05597f5792be584cf329089dc31102c9ffea,gx-no-cache=1653321924849 HTTP/1.1" 200 47
190.171.149.90 - - [23/May/2022:13:18:40 -0300] "GET /cormun/servlet/solicitudot?6bcd46912a42d46a98bd79057460c91c549a739470c35cc526b6a641d60452459622ac8dc52eb902f5d552caa74b8c1e9b50b77e0402fa82da7f237b28b3c4b8,gx-no-cache=1653321928859 HTTP/1.1" 200 30
190.171.149.90 - - [23/May/2022:13:18:40 -0300] "GET /cormun/servlet/solicitudot?6bcd46912a42d46a98bd79057460c91cc0d590c708a6c04f0e93d94a73dc74c6,gx-no-cache=1653321928894 HTTP/1.1" 200 51
190.171.149.90 - - [23/May/2022:13:18:40 -0300] "POST /cormun/servlet/solicitudot?gx-no-cache=1653321928935 HTTP/1.1" 200 255
190.171.149.90 - - [23/May/2022:13:18:40 -0300] "GET /cormun/servlet/solicitudot?6bcd46912a42d46a98bd79057460c91c71d4a4fa98f65db44cab1a5ffa6cce0ad3de416f752da1c00aafd117647edc038855d009d690dc2bf5a10172fcb4dc14a776ef73ab3ef79575c611fa94aa9003188036618be539d73d565cd5362829bb38f2a078628e50c67d1a3546f6658ee5e42f14f9061c7638730ccb3d5f95bfdb289d85f6c3208210709208963d793b3d1371c7e3d280585d1deebb6435929ef45648362d040cec0d16566df30123657f4654e0b8545abbeeced08768ad42b8612730601af193fcc3f961ca263a52d18ea66a04b7f97ffbd690a6dc40e37a17a92551fcc3746281d466237491d4ce1491c5ac6e42141b4852242108d4614ebc1feb1649c5779a0ae0e4143e379d0c6863ac2003c2197fd8b4c23353ed6103d2b70e3c507c8b1a5f6b3799975fe88efd2920d5ba1c7d8233aefb8cd40c4e0dbae0e104514c18d68c9f0d230bca1f735f2bd1c0fc89ad273eeb7f07041b3541c93c474c4afee7ad530ebe223104dcb2ea3057907e4c20ceabbf60fe5fa2f1098a1d,gx-no-cache=1653321928974 HTTP/1.1" 200 30
190.171.149.90 - - [23/May/2022:13:18:52 -0300] "POST /cormun/servlet/solicitudot?gx-no-cache=1653321941409 HTTP/1.1" 200 30
190.171.149.90 - - [23/May/2022:13:18:52 -0300] "POST /cormun/servlet/solicitudot?gx-no-cache=1653321941468 HTTP/1.1" 200 1454
190.171.149.90 - - [23/May/2022:13:18:52 -0300] "POST /cormun/servlet/solicitudot?gx-no-cache=1653321941508 HTTP/1.1" 200 38
190.171.149.90 - - [23/May/2022:13:18:52 -0300] "GET /cormun/servlet/solicitudot?6bcd46912a42d46a98bd79057460c91ce2ea70d5ab7e126c2669fa46031fb6d8bc84cf2bcc5149dda0076a475c3bc8e9f3521e3d69631f3ded4d2d0821b7068429a1d54a914fa81c54d1e3e3a29fdc8e52b35db8b344c0c54d135037ec5035d42a55238bcdf3eecce583b9bbc9d2892b,gx-no-cache=1653321941538 HTTP/1.1" 200 110
192.168.10.17 - - [23/May/2022:13:18:56 -0300] "GET /cormun/servlet/trsolicitudgral? HTTP/1.1" 200 13580
192.168.10.17 - - [23/May/2022:13:18:56 -0300] "GET /cormun/servlet/trsolicitudgral? HTTP/1.1" 200 13570
190.171.141.114 - - [23/May/2022:13:19:00 -0300] "POST /cormun/servlet/permisogoce?1feb7ad7331caa5886288c8d8a875213,INS,0,,,,gx-no-cache=1653321947226 HTTP/1.1" 200 93
190.171.141.114 - - [23/May/2022:13:19:00 -0300] "GET /cormun/servlet/hpexe_return? HTTP/1.1" 200 1011
190.171.141.114 - - [23/May/2022:13:19:00 -0300] "GET /cormun/servlet/trpermisosgoce HTTP/1.1" 200 11402
190.171.141.114 - - [23/May/2022:13:19:01 -0300] "GET /cormun/servlet/trpermisosgoce HTTP/1.1" 200 11387
190.171.149.90 - - [23/May/2022:13:19:03 -0300] "POST /cormun/servlet/solicitudot?gx-no-cache=1653321952056 HTTP/1.1" 200 30
190.171.141.114 - - [23/May/2022:13:19:05 -0300] "GET /cormun/servlet/apermisogoceprn?19264887,P,20220523120200,PU HTTP/1.1" 200 1649
200.54.103.162 - - [23/May/2022:13:20:34 -0300] "POST /cormun/servlet/permisosadjuntos?9847f6b900cccf08512adb544d9271fb,INS,11364480,P,20220523114359,,,gx-no-cache=1653322039232 HTTP/1.1" 200 90
200.54.103.162 - - [23/May/2022:13:20:34 -0300] "GET /cormun/servlet/hpexe_link HTTP/1.1" 200 993
200.54.103.162 - - [23/May/2022:13:20:34 -0300] "GET /cormun/servlet/trpermisosadjuntos?11364480,20220523114359,P, HTTP/1.1" 200 6656
200.54.103.162 - - [23/May/2022:13:20:35 -0300] "GET /cormun/servlet/trpermisosadjuntos?11364480,20220523114359,P, HTTP/1.1" 200 6655
200.54.103.162 - - [23/May/2022:13:20:43 -0300] "POST /cormun/servlet/trpermisosadjuntos?9847f6b900cccf08512adb544d9271fb,11364480,20220523114359,P,,gx-no-cache=1653322050006 HTTP/1.1" 200 90
200.54.103.162 - - [23/May/2022:13:20:43 -0300] "GET /cormun/servlet/hpexe_link HTTP/1.1" 200 1005
200.54.103.162 - - [23/May/2022:13:20:43 -0300] "GET /cormun/servlet/trpermisosgoce?gx-no-cache=1653321140811 HTTP/1.1" 200 17518
200.54.103.162 - - [23/May/2022:13:20:45 -0300] "GET /cormun/servlet/trpermisosgoce?gx-no-cache=1653321140811 HTTP/1.1" 200 17575
200.54.103.162 - - [23/May/2022:13:20:47 -0300] "POST /cormun/servlet/trpermisosgoce?9847f6b900cccf08512adb544d9271fb,gx-no-cache=1653321140811,gx-no-cache=1653322053862 HTTP/1.1" 200 14749
200.54.103.162 - - [23/May/2022:13:20:54 -0300] "GET /cormun/servlet/trpermisosadjuntos?12913525,20220523114423,P, HTTP/1.1" 200 6672
200.54.103.162 - - [23/May/2022:13:20:55 -0300] "GET /cormun/servlet/trpermisosadjuntos?12913525,20220523114423,P, HTTP/1.1" 200 6652
200.54.103.162 - - [23/May/2022:13:20:56 -0300] "GET /cormun/servlet/permisosadjuntos?INS,12913525,P,20220523114423,, HTTP/1.1" 200 5981
200.54.103.162 - - [23/May/2022:13:20:57 -0300] "GET /cormun/static/about:blank HTTP/1.1" 404 1011
200.54.103.162 - - [23/May/2022:13:20:57 -0300] "GET /cormun/servlet/permisosadjuntos?INS,12913525,P,20220523114423,, HTTP/1.1" 200 5970
200.54.103.162 - - [23/May/2022:13:21:08 -0300] "POST /cormun/servlet/permisosadjuntos?9847f6b900cccf08512adb544d9271fb,INS,12913525,P,20220523114423,, HTTP/1.1" 200 116
200.54.103.162 - - [23/May/2022:13:21:08 -0300] "GET /cormun/servlet/hpexe_return? HTTP/1.1" 200 1038
200.54.103.162 - - [23/May/2022:13:21:08 -0300] "GET /cormun/servlet/trpermisosadjuntos?12913525,20220523114423,P, HTTP/1.1" 200 7156
200.54.103.162 - - [23/May/2022:13:21:09 -0300] "GET /cormun/servlet/trpermisosadjuntos?12913525,20220523114423,P, HTTP/1.1" 200 7154
200.54.103.162 - - [23/May/2022:13:21:14 -0300] "POST /cormun/servlet/trpermisosadjuntos?9847f6b900cccf08512adb544d9271fb,12913525,20220523114423,P,,gx-no-cache=1653322080990 HTTP/1.1" 200 90
200.54.103.162 - - [23/May/2022:13:21:14 -0300] "GET /cormun/servlet/hpexe_link HTTP/1.1" 200 1005
200.54.103.162 - - [23/May/2022:13:21:14 -0300] "GET /cormun/servlet/trpermisosgoce?gx-no-cache=1653321140811 HTTP/1.1" 200 17555
200.54.103.162 - - [23/May/2022:13:21:16 -0300] "GET /cormun/servlet/trpermisosgoce?gx-no-cache=1653321140811 HTTP/1.1" 200 17525
192.168.10.17 - - [23/May/2022:13:21:18 -0300] "GET /cormun/servlet/vesolicitudgral?2022,18617,, HTTP/1.1" 200 8370
192.168.10.17 - - [23/May/2022:13:21:18 -0300] "GET /cormun/pexe_scrolldiv.js HTTP/1.1" 404 1009
192.168.10.17 - - [23/May/2022:13:21:18 -0300] "GET /cormun/servlet/vesolicitudgral?2022,18617,, HTTP/1.1" 200 8370
200.54.103.162 - - [23/May/2022:13:21:20 -0300] "POST /cormun/servlet/trpermisosgoce?9847f6b900cccf08512adb544d9271fb,gx-no-cache=1653321140811,gx-no-cache=1653322086707 HTTP/1.1" 200 14767
200.54.103.162 - - [23/May/2022:13:21:30 -0300] "GET /cormun/servlet/trpermisosadjuntos?23711264,20220523114444,P, HTTP/1.1" 200 6665
200.54.103.162 - - [23/May/2022:13:21:31 -0300] "GET /cormun/servlet/trpermisosadjuntos?23711264,20220523114444,P, HTTP/1.1" 200 6644
200.54.103.162 - - [23/May/2022:13:21:33 -0300] "GET /cormun/servlet/permisosadjuntos?INS,23711264,P,20220523114444,, HTTP/1.1" 200 5970
200.54.103.162 - - [23/May/2022:13:21:33 -0300] "GET /cormun/static/about:blank HTTP/1.1" 404 1011
200.54.103.162 - - [23/May/2022:13:21:33 -0300] "GET /cormun/servlet/permisosadjuntos?INS,23711264,P,20220523114444,, HTTP/1.1" 200 5960
200.54.103.162 - - [23/May/2022:13:21:40 -0300] "POST /cormun/servlet/permisosadjuntos?9847f6b900cccf08512adb544d9271fb,INS,23711264,P,20220523114444,, HTTP/1.1" 200 116
200.54.103.162 - - [23/May/2022:13:21:40 -0300] "GET /cormun/servlet/hpexe_return? HTTP/1.1" 200 1037
200.54.103.162 - - [23/May/2022:13:21:40 -0300] "GET /cormun/servlet/trpermisosadjuntos?23711264,20220523114444,P, HTTP/1.1" 200 7140
200.54.103.162 - - [23/May/2022:13:21:41 -0300] "GET /cormun/servlet/trpermisosadjuntos?23711264,20220523114444,P, HTTP/1.1" 200 7144
200.54.103.162 - - [23/May/2022:13:21:49 -0300] "POST /cormun/servlet/trpermisosadjuntos?9847f6b900cccf08512adb544d9271fb,23711264,20220523114444,P,,gx-no-cache=1653322115822 HTTP/1.1" 200 90
200.54.103.162 - - [23/May/2022:13:21:49 -0300] "GET /cormun/servlet/hpexe_link HTTP/1.1" 200 1004
200.54.103.162 - - [23/May/2022:13:21:49 -0300] "GET /cormun/servlet/trpermisosgoce?gx-no-cache=1653321140811 HTTP/1.1" 200 17550
200.54.103.162 - - [23/May/2022:13:21:50 -0300] "GET /cormun/servlet/trpermisosgoce?gx-no-cache=1653321140811 HTTP/1.1" 200 17556
200.54.103.162 - - [23/May/2022:13:21:53 -0300] "POST /cormun/servlet/trpermisosgoce?9847f6b900cccf08512adb544d9271fb,gx-no-cache=1653321140811,gx-no-cache=1653322119924 HTTP/1.1" 200 14750
200.54.103.162 - - [23/May/2022:13:22:02 -0300] "GET /cormun/servlet/trpermisosadjuntos?15259664,20220523114506,P, HTTP/1.1" 200 6681
200.54.103.162 - - [23/May/2022:13:22:02 -0300] "GET /cormun/servlet/trpermisosadjuntos?15259664,20220523114506,P, HTTP/1.1" 200 6660
200.54.103.162 - - [23/May/2022:13:22:05 -0300] "GET /cormun/servlet/permisosadjuntos?INS,15259664,P,20220523114506,, HTTP/1.1" 200 5987
200.54.103.162 - - [23/May/2022:13:22:05 -0300] "GET /cormun/static/about:blank HTTP/1.1" 404 1011
200.54.103.162 - - [23/May/2022:13:22:05 -0300] "GET /cormun/servlet/permisosadjuntos?INS,15259664,P,20220523114506,, HTTP/1.1" 200 5974
200.54.103.162 - - [23/May/2022:13:22:14 -0300] "POST /cormun/servlet/permisosadjuntos?9847f6b900cccf08512adb544d9271fb,INS,15259664,P,20220523114506,, HTTP/1.1" 200 116
200.54.103.162 - - [23/May/2022:13:22:14 -0300] "GET /cormun/servlet/hpexe_return? HTTP/1.1" 200 1038
200.54.103.162 - - [23/May/2022:13:22:15 -0300] "GET /cormun/servlet/trpermisosadjuntos?15259664,20220523114506,P, HTTP/1.1" 200 7165
200.54.103.162 - - [23/May/2022:13:22:15 -0300] "GET /cormun/servlet/trpermisosadjuntos?15259664,20220523114506,P, HTTP/1.1" 200 7161
200.54.103.162 - - [23/May/2022:13:22:27 -0300] "POST /cormun/servlet/trpermisosadjuntos?9847f6b900cccf08512adb544d9271fb,15259664,20220523114506,P,,gx-no-cache=1653322153687 HTTP/1.1" 200 90
200.54.103.162 - - [23/May/2022:13:22:27 -0300] "GET /cormun/servlet/hpexe_link HTTP/1.1" 200 1005
200.54.103.162 - - [23/May/2022:13:22:27 -0300] "GET /cormun/servlet/trpermisosgoce?gx-no-cache=1653321140811 HTTP/1.1" 200 17558
200.54.103.162 - - [23/May/2022:13:22:28 -0300] "GET /cormun/servlet/trpermisosgoce?gx-no-cache=1653321140811 HTTP/1.1" 200 17555
200.54.103.162 - - [23/May/2022:13:22:33 -0300] "POST /cormun/servlet/trpermisosgoce?9847f6b900cccf08512adb544d9271fb,gx-no-cache=1653321140811,gx-no-cache=1653322159820 HTTP/1.1" 200 14732
45.83.67.61 - - [23/May/2022:13:22:42 -0300] "GET / HTTP/1.1" 200 11217
45.83.66.230 - - [23/May/2022:13:22:43 -0300] "GET /favicon.ico HTTP/1.1" 200 21630
200.54.103.162 - - [23/May/2022:13:22:44 -0300] "GET /cormun/servlet/trpermisosadjuntos?9448944,20220523114558,P, HTTP/1.1" 200 6677
200.54.103.162 - - [23/May/2022:13:22:44 -0300] "GET /cormun/servlet/trpermisosadjuntos?9448944,20220523114558,P, HTTP/1.1" 200 6656
200.54.103.162 - - [23/May/2022:13:22:47 -0300] "GET /cormun/servlet/permisosadjuntos?INS,9448944,P,20220523114558,, HTTP/1.1" 200 5982
200.54.103.162 - - [23/May/2022:13:22:47 -0300] "GET /cormun/static/about:blank HTTP/1.1" 404 1011
200.54.103.162 - - [23/May/2022:13:22:47 -0300] "GET /cormun/servlet/permisosadjuntos?INS,9448944,P,20220523114558,, HTTP/1.1" 200 5972
190.171.149.90 - - [23/May/2022:13:22:54 -0300] "POST /cormun/servlet/solicitudot?gx-no-cache=1653322182615 HTTP/1.1" 200 30
200.54.103.162 - - [23/May/2022:13:22:56 -0300] "POST /cormun/servlet/permisosadjuntos?9847f6b900cccf08512adb544d9271fb,INS,9448944,P,20220523114558,, HTTP/1.1" 200 116
200.54.103.162 - - [23/May/2022:13:22:56 -0300] "GET /cormun/servlet/hpexe_return? HTTP/1.1" 200 1037
200.54.103.162 - - [23/May/2022:13:22:56 -0300] "GET /cormun/servlet/trpermisosadjuntos?9448944,20220523114558,P, HTTP/1.1" 200 7162
200.54.103.162 - - [23/May/2022:13:22:57 -0300] "GET /cormun/servlet/trpermisosadjuntos?9448944,20220523114558,P, HTTP/1.1" 200 7156
200.54.107.2 - - [23/May/2022:13:23:05 -0300] "POST /cormun/servlet/hlogin?87442373fb39cb203b4f3e796c70086c,gx-no-cache=1653322192465 HTTP/1.1" 440 972
190.171.149.90 - - [23/May/2022:13:23:08 -0300] "GET /cormun/servlet/prcontratosol?17521700,,,,,MD,,gxPopupLevel%3D0%3B HTTP/1.1" 200 8611
200.54.103.162 - - [23/May/2022:13:23:10 -0300] "POST /cormun/servlet/trpermisosadjuntos?9847f6b900cccf08512adb544d9271fb,9448944,20220523114558,P,,gx-no-cache=1653322197424 HTTP/1.1" 200 90
200.54.103.162 - - [23/May/2022:13:23:10 -0300] "GET /cormun/servlet/hpexe_link HTTP/1.1" 200 1004
200.54.103.162 - - [23/May/2022:13:23:11 -0300] "GET /cormun/servlet/trpermisosgoce?gx-no-cache=1653321140811 HTTP/1.1" 200 17563
190.171.149.90 - - [23/May/2022:13:23:12 -0300] "POST /cormun/servlet/solicitudot?gx-no-cache=1653322201009 HTTP/1.1" 200 1536
200.54.103.162 - - [23/May/2022:13:23:12 -0300] "GET /cormun/servlet/trpermisosgoce?gx-no-cache=1653321140811 HTTP/1.1" 200 17510
190.171.149.90 - - [23/May/2022:13:23:12 -0300] "GET /cormun/static/Shared/jqueryui/images/ui-bg_highlight-soft_100_c6c2c8_1x100.png HTTP/1.1" 404 1117
190.171.149.90 - - [23/May/2022:13:23:12 -0300] "GET /cormun/static/Shared/jqueryui/images/ui-icons_82798d_256x240.png HTTP/1.1" 404 1089
190.171.149.90 - - [23/May/2022:13:23:12 -0300] "POST /cormun/servlet/solicitudot?gx-no-cache=1653322201081 HTTP/1.1" 200 117
190.171.149.90 - - [23/May/2022:13:23:12 -0300] "GET /cormun/static/Shared/jqueryui/images/ui-bg_flat_55_994d53_40x100.png HTTP/1.1" 404 1097
190.171.149.90 - - [23/May/2022:13:23:12 -0300] "GET /cormun/static/Shared/jqueryui/images/ui-icons_ebccce_256x240.png HTTP/1.1" 404 1089
190.171.149.90 - - [23/May/2022:13:23:12 -0300] "GET /cormun/servlet/solicitudot?6bcd46912a42d46a98bd79057460c91ce2ea70d5ab7e126c2669fa46031fb6d8bc84cf2bcc5149dda0076a475c3bc8e9f3521e3d69631f3ded4d2d0821b7068429a1d54a914fa81c54d1e3e3a29fdc8e52b35db8b344c0c54d135037ec5035d42a55238bcdf3eecce583b9bbc9d2892b,gx-no-cache=1653322201113 HTTP/1.1" 200 110
190.171.149.90 - - [23/May/2022:13:23:12 -0300] "POST /cormun/servlet/solicitudot?gx-no-cache=1653322201149 HTTP/1.1" 200 97
190.171.149.90 - - [23/May/2022:13:23:12 -0300] "GET /cormun/servlet/solicitudot?6bcd46912a42d46a98bd79057460c91cf5d3be9c8a1b1e91c8524f543bea4b542bf5a3c765b6803f95f1da37d5ddbfb97619439c7cc792eb076e97b94d0ff68f7865e82a0c68c70948d852f2536e935656678a994305c902ac84ea3d7412d3862538646de8fe2477a1e9499690cfa82e0725b6ac586d55d04853998af7b1ab8ff8157b4cc75fcbca6882399dd8b68e91aa9f8ec800a6f71ac65a3d0b140d21cb,gx-no-cache=1653322201184 HTTP/1.1" 200 29
190.171.149.90 - - [23/May/2022:13:23:12 -0300] "GET /cormun/servlet/solicitudot?6bcd46912a42d46a98bd79057460c91c489d4fac70a2ccdd879b07d7b843c02aba4dac7265ebd20d7dc00b620ff91f18,gx-no-cache=1653322201211 HTTP/1.1" 200 134
200.54.103.162 - - [23/May/2022:13:23:15 -0300] "POST /cormun/servlet/trpermisosgoce?9847f6b900cccf08512adb544d9271fb,gx-no-cache=1653321140811,gx-no-cache=1653322201787 HTTP/1.1" 200 14742
190.171.149.90 - - [23/May/2022:13:23:15 -0300] "GET /cormun/servlet/prfichaempleado?,MD,,gxPopupLevel%3D0%3B HTTP/1.1" 200 9248
190.171.143.106 - - [23/May/2022:13:23:18 -0300] "GET /cormun/servlet/hlogin HTTP/1.1" 200 1725
190.171.143.106 - - [23/May/2022:13:23:18 -0300] "GET /cormun/static/gxcfg.js?201910216285969 HTTP/1.1" 304 -
190.171.143.106 - - [23/May/2022:13:23:18 -0300] "GET /cormun/static/messages.spa.js?85251 HTTP/1.1" 304 -
190.171.143.106 - - [23/May/2022:13:23:18 -0300] "GET /cormun/servlet/hlogin HTTP/1.1" 200 1736
190.171.143.106 - - [23/May/2022:13:23:18 -0300] "GET /favicon.ico HTTP/1.1" 200 21630
200.54.107.2 - - [23/May/2022:13:23:21 -0300] "GET /cormun/servlet/hlogin HTTP/1.1" 200 1740
190.171.143.106 - - [23/May/2022:13:23:22 -0300] "POST /cormun/servlet/hlogin?5bea03a3e9630f17d483210b4cbdeefd,gx-no-cache=1653322211010 HTTP/1.1" 200 90
190.171.143.106 - - [23/May/2022:13:23:22 -0300] "GET /cormun/servlet/hpexe_link HTTP/1.1" 200 950
190.171.143.106 - - [23/May/2022:13:23:22 -0300] "GET /cormun/static/gxcfg.js?201991422392958 HTTP/1.1" 304 -
190.171.143.106 - - [23/May/2022:13:23:22 -0300] "GET /cormun/servlet/hhome HTTP/1.1" 200 3971
190.171.143.106 - - [23/May/2022:13:23:22 -0300] "GET /cormun/static/gxcfg.js?20201215495537 HTTP/1.1" 304 -
190.171.143.106 - - [23/May/2022:13:23:22 -0300] "GET /cormun/servlet/hhome HTTP/1.1" 200 3967
200.54.103.162 - - [23/May/2022:13:23:24 -0300] "POST /cormun/servlet/trpermisosgoce?9847f6b900cccf08512adb544d9271fb,gx-no-cache=1653321140811,gx-no-cache=1653322210630 HTTP/1.1" 200 14759
200.54.103.162 - - [23/May/2022:13:23:25 -0300] "GET /cormun/static/Shared/jqueryui/images/ui-bg_highlight-soft_100_c6c2c8_1x100.png HTTP/1.1" 404 1117
200.54.103.162 - - [23/May/2022:13:23:25 -0300] "GET /cormun/static/Shared/jqueryui/images/ui-icons_82798d_256x240.png HTTP/1.1" 404 1089
200.54.103.162 - - [23/May/2022:13:23:25 -0300] "GET /cormun/static/Shared/jqueryui/images/ui-bg_flat_55_fafafa_40x100.png HTTP/1.1" 404 1097
200.54.103.162 - - [23/May/2022:13:23:25 -0300] "GET /cormun/static/Shared/jqueryui/images/ui-icons_8d78a5_256x240.png HTTP/1.1" 404 1089
190.171.143.106 - - [23/May/2022:13:23:25 -0300] "GET /cormun/servlet/trlicencias? HTTP/1.1" 200 10466
190.171.143.106 - - [23/May/2022:13:23:25 -0300] "GET /cormun/static/gxcfg.js?2020121613995 HTTP/1.1" 304 -
190.171.143.106 - - [23/May/2022:13:23:25 -0300] "GET /cormun/servlet/trlicencias? HTTP/1.1" 200 10464
200.54.103.162 - - [23/May/2022:13:23:27 -0300] "POST /cormun/servlet/trpermisosgoce?9847f6b900cccf08512adb544d9271fb,gx-no-cache=1653321140811,gx-no-cache=1653322213930 HTTP/1.1" 200 14763
200.54.103.162 - - [23/May/2022:13:23:30 -0300] "POST /cormun/servlet/trpermisosgoce?9847f6b900cccf08512adb544d9271fb,gx-no-cache=1653321140811,gx-no-cache=1653322216471 HTTP/1.1" 200 14796
200.54.103.162 - - [23/May/2022:13:23:33 -0300] "POST /cormun/servlet/trpermisosgoce?9847f6b900cccf08512adb544d9271fb,gx-no-cache=1653321140811,gx-no-cache=1653322219669 HTTP/1.1" 200 14792
200.54.103.162 - - [23/May/2022:13:23:36 -0300] "POST /cormun/servlet/trpermisosgoce?9847f6b900cccf08512adb544d9271fb,gx-no-cache=1653321140811,gx-no-cache=1653322222310 HTTP/1.1" 200 14762
200.54.103.162 - - [23/May/2022:13:23:39 -0300] "POST /cormun/servlet/trpermisosgoce?9847f6b900cccf08512adb544d9271fb,gx-no-cache=1653321140811,gx-no-cache=1653322225884 HTTP/1.1" 200 14763
200.54.103.162 - - [23/May/2022:13:23:44 -0300] "POST /cormun/servlet/trpermisosgoce?9847f6b900cccf08512adb544d9271fb,gx-no-cache=1653321140811,gx-no-cache=1653322230937 HTTP/1.1" 200 14765
200.54.103.162 - - [23/May/2022:13:23:48 -0300] "POST /cormun/servlet/trpermisosgoce?9847f6b900cccf08512adb544d9271fb,gx-no-cache=1653321140811,gx-no-cache=1653322235223 HTTP/1.1" 200 14744
190.171.149.90 - - [23/May/2022:13:23:50 -0300] "POST /cormun/servlet/prfichaempleado?07af5a3dc1c6febfeffb84ee0e39b184,,MD,,gxPopupLevel%3D0%3B,gx-no-cache=1653322239037 HTTP/1.1" 200 3424
200.54.103.162 - - [23/May/2022:13:23:53 -0300] "POST /cormun/servlet/trpermisosgoce?9847f6b900cccf08512adb544d9271fb,gx-no-cache=1653321140811,gx-no-cache=1653322239422 HTTP/1.1" 200 14737
190.171.149.90 - - [23/May/2022:13:23:55 -0300] "POST /cormun/servlet/solicitudot?gx-no-cache=1653322243577 HTTP/1.1" 200 1457
190.171.149.90 - - [23/May/2022:13:23:55 -0300] "GET /cormun/static/menuarrow.gif HTTP/1.1" 404 1015
200.54.103.162 - - [23/May/2022:13:23:57 -0300] "POST /cormun/servlet/trpermisosgoce?9847f6b900cccf08512adb544d9271fb,gx-no-cache=1653321140811,gx-no-cache=1653322244101 HTTP/1.1" 200 14720
200.54.107.2 - - [23/May/2022:13:23:58 -0300] "POST /cormun/servlet/hlogin?74fc11a27f6c38a514566a79022d25fa,gx-no-cache=1653322245257 HTTP/1.1" 200 90
200.54.107.2 - - [23/May/2022:13:23:58 -0300] "GET /cormun/servlet/hpexe_link HTTP/1.1" 200 955
200.54.107.2 - - [23/May/2022:13:23:58 -0300] "GET /cormun/servlet/hhome HTTP/1.1" 200 4352
200.54.107.2 - - [23/May/2022:13:23:59 -0300] "GET /cormun/servlet/hhome HTTP/1.1" 200 4349
200.54.103.162 - - [23/May/2022:13:24:02 -0300] "POST /cormun/servlet/trpermisosgoce?9847f6b900cccf08512adb544d9271fb,gx-no-cache=1653321140811,gx-no-cache=1653322248997 HTTP/1.1" 200 14732
200.54.103.162 - - [23/May/2022:13:24:07 -0300] "POST /cormun/servlet/trpermisosgoce?9847f6b900cccf08512adb544d9271fb,gx-no-cache=1653321140811,gx-no-cache=1653322254092 HTTP/1.1" 200 14694
190.171.149.90 - - [23/May/2022:13:24:11 -0300] "POST /cormun/servlet/solicitudot?gx-no-cache=1653322260105 HTTP/1.1" 200 41
190.171.149.90 - - [23/May/2022:13:24:11 -0300] "GET /cormun/servlet/solicitudot?6bcd46912a42d46a98bd79057460c91ce2ea70d5ab7e126c2669fa46031fb6d8bc84cf2bcc5149dda0076a475c3bc8e9f3521e3d69631f3ded4d2d0821b7068429a1d54a914fa81c54d1e3e3a29fdc8e52b35db8b344c0c54d135037ec5035d42a55238bcdf3eecce583b9bbc9d2892b,gx-no-cache=1653322260133 HTTP/1.1" 200 110
190.171.149.90 - - [23/May/2022:13:24:11 -0300] "POST /cormun/servlet/solicitudot?gx-no-cache=1653322260174 HTTP/1.1" 200 79
200.54.103.162 - - [23/May/2022:13:24:12 -0300] "POST /cormun/servlet/trpermisosgoce?9847f6b900cccf08512adb544d9271fb,gx-no-cache=1653321140811,gx-no-cache=1653322259173 HTTP/1.1" 200 14674
192.168.10.17 - - [23/May/2022:13:24:14 -0300] "GET /cormun/servlet/vesolicitudgral?2022,18617,,SolicitudOTAdjuntos HTTP/1.1" 200 10753
192.168.10.17 - - [23/May/2022:13:24:15 -0300] "GET /cormun/pexe_scrolldiv.js HTTP/1.1" 404 1009
192.168.10.17 - - [23/May/2022:13:24:15 -0300] "GET /cormun/servlet/vesolicitudgral?2022,18617,,SolicitudOTAdjuntos HTTP/1.1" 200 10752
192.168.10.17 - - [23/May/2022:13:24:16 -0300] "POST /cormun/servlet/acontrolpreferencessavestate?None,RRHH+DANIELA,true HTTP/1.1" 200 35
192.168.10.17 - - [23/May/2022:13:24:17 -0300] "GET /cormun/PublicTempStorage/ci5335289.pdf HTTP/1.1" 200 120041
200.54.103.162 - - [23/May/2022:13:24:18 -0300] "POST /cormun/servlet/trpermisosgoce?9847f6b900cccf08512adb544d9271fb,gx-no-cache=1653321140811,gx-no-cache=1653322264519 HTTP/1.1" 200 14680
200.54.107.2 - - [23/May/2022:13:24:20 -0300] "GET /cormun/servlet/trlicencias? HTTP/1.1" 200 10789
200.54.107.2 - - [23/May/2022:13:24:21 -0300] "GET /cormun/servlet/trlicencias? HTTP/1.1" 200 10793
200.54.103.162 - - [23/May/2022:13:24:23 -0300] "POST /cormun/servlet/trpermisosgoce?9847f6b900cccf08512adb544d9271fb,gx-no-cache=1653321140811,gx-no-cache=1653322269237 HTTP/1.1" 200 14674
192.168.10.17 - - [23/May/2022:13:24:29 -0300] "GET /cormun/servlet/vesolicitudgral?2022,18617,,SolicitudOTAdjuntos HTTP/1.1" 200 10749
200.54.103.162 - - [23/May/2022:13:24:29 -0300] "POST /cormun/servlet/trpermisosgoce?9847f6b900cccf08512adb544d9271fb,gx-no-cache=1653321140811,gx-no-cache=1653322275559 HTTP/1.1" 200 14629
192.168.10.17 - - [23/May/2022:13:24:29 -0300] "GET /cormun/servlet/vesolicitudgral?2022,18617,,SolicitudOTAdjuntos HTTP/1.1" 200 10754
192.168.10.17 - - [23/May/2022:13:24:30 -0300] "POST /cormun/servlet/acontrolpreferencessavestate?None,RRHH+DANIELA,true HTTP/1.1" 200 35
192.168.10.17 - - [23/May/2022:13:24:31 -0300] "GET /cormun/PublicTempStorage/cv_javiera_castro8447875.pdf HTTP/1.1" 200 57363
200.54.103.162 - - [23/May/2022:13:24:34 -0300] "POST /cormun/servlet/trpermisosgoce?9847f6b900cccf08512adb544d9271fb,gx-no-cache=1653321140811,gx-no-cache=1653322280709 HTTP/1.1" 200 14657
200.54.103.162 - - [23/May/2022:13:24:39 -0300] "POST /cormun/servlet/trpermisosgoce?9847f6b900cccf08512adb544d9271fb,gx-no-cache=1653321140811,gx-no-cache=1653322285932 HTTP/1.1" 200 14632
200.54.103.162 - - [23/May/2022:13:24:47 -0300] "POST /cormun/servlet/trpermisosgoce?9847f6b900cccf08512adb544d9271fb,gx-no-cache=1653321140811,gx-no-cache=1653322293549 HTTP/1.1" 200 14657
200.54.103.162 - - [23/May/2022:13:24:55 -0300] "POST /cormun/servlet/trpermisosgoce?9847f6b900cccf08512adb544d9271fb,gx-no-cache=1653321140811,gx-no-cache=1653322301996 HTTP/1.1" 200 14646
190.171.149.90 - - [23/May/2022:13:24:56 -0300] "GET /cormun/servlet/solicitudot?6bcd46912a42d46a98bd79057460c91cbfb5e45505a23114976fadeb281488eb8574c3fbe62d635ccfafee89752a716d,gx-no-cache=1653322305039 HTTP/1.1" 200 30
192.168.10.17 - - [23/May/2022:13:25:05 -0300] "GET /cormun/servlet/vesolicitudgral?2022,18617,,SolicitudOTAdjuntos HTTP/1.1" 200 10754
192.168.10.17 - - [23/May/2022:13:25:05 -0300] "GET /cormun/servlet/vesolicitudgral?2022,18617,,SolicitudOTAdjuntos HTTP/1.1" 200 10755
192.168.10.17 - - [23/May/2022:13:25:06 -0300] "POST /cormun/servlet/acontrolpreferencessavestate?None,RRHH+DANIELA,true HTTP/1.1" 200 35
200.54.103.162 - - [23/May/2022:13:25:07 -0300] "POST /cormun/servlet/trpermisosgoce?9847f6b900cccf08512adb544d9271fb,gx-no-cache=1653321140811,gx-no-cache=1653322314000 HTTP/1.1" 200 14633
190.171.149.90 - - [23/May/2022:13:25:08 -0300] "POST /cormun/servlet/solicitudot?gx-no-cache=1653322316908 HTTP/1.1" 200 32
192.168.10.17 - - [23/May/2022:13:25:11 -0300] "GET /cormun/PublicTempStorage/afp2274037.pdf HTTP/1.1" 200 90531
200.54.103.162 - - [23/May/2022:13:25:17 -0300] "POST /cormun/servlet/trpermisosgoce?9847f6b900cccf08512adb544d9271fb,gx-no-cache=1653321140811,gx-no-cache=1653322323899 HTTP/1.1" 200 14592
181.212.42.153 - - [23/May/2022:13:25:21 -0300] "GET /cormun/servlet/hlogin HTTP/1.1" 200 1747
192.168.10.17 - - [23/May/2022:13:25:23 -0300] "GET /cormun/servlet/vesolicitudgral?2022,18617,,SolicitudOTAdjuntos HTTP/1.1" 200 10751
192.168.10.17 - - [23/May/2022:13:25:24 -0300] "GET /cormun/servlet/vesolicitudgral?2022,18617,,SolicitudOTAdjuntos HTTP/1.1" 200 10752
192.168.10.17 - - [23/May/2022:13:25:25 -0300] "POST /cormun/servlet/acontrolpreferencessavestate?None,RRHH+DANIELA,true HTTP/1.1" 200 35
181.212.42.153 - - [23/May/2022:13:25:27 -0300] "POST /cormun/servlet/hlogin?bce4f70640dbc7392cfac10cd2ee53bd,gx-no-cache=1653322418234 HTTP/1.1" 200 90
181.212.42.153 - - [23/May/2022:13:25:27 -0300] "GET /cormun/servlet/hpexe_link HTTP/1.1" 200 959
181.212.42.153 - - [23/May/2022:13:25:27 -0300] "GET /cormun/servlet/hhome HTTP/1.1" 200 3971
181.212.42.153 - - [23/May/2022:13:25:27 -0300] "GET /cormun/servlet/hhome HTTP/1.1" 200 3967
192.168.10.17 - - [23/May/2022:13:25:29 -0300] "GET /cormun/PublicTempStorage/titulo802723.pdf HTTP/1.1" 200 32730
181.212.42.153 - - [23/May/2022:13:25:35 -0300] "GET /cormun/servlet/trpermisosgoce? HTTP/1.1" 200 13164
181.212.42.153 - - [23/May/2022:13:25:36 -0300] "GET /cormun/servlet/trpermisosgoce? HTTP/1.1" 200 13163
192.168.10.17 - - [23/May/2022:13:25:37 -0300] "GET /cormun/servlet/vesolicitudgral?2022,18617,,SolicitudOTAdjuntos HTTP/1.1" 200 10749
192.168.10.17 - - [23/May/2022:13:25:37 -0300] "GET /cormun/servlet/vesolicitudgral?2022,18617,,SolicitudOTAdjuntos HTTP/1.1" 200 10754
181.212.42.153 - - [23/May/2022:13:25:38 -0300] "GET /cormun/servlet/permisogoce?INS,0,,, HTTP/1.1" 200 6832
181.212.42.153 - - [23/May/2022:13:25:38 -0300] "GET /cormun/servlet/permisogoce?INS,0,,, HTTP/1.1" 200 6834
192.168.10.17 - - [23/May/2022:13:25:38 -0300] "POST /cormun/servlet/acontrolpreferencessavestate?None,RRHH+DANIELA,true HTTP/1.1" 200 35
181.212.42.153 - - [23/May/2022:13:25:44 -0300] "GET /cormun/servlet/permisogoce?8434ce8cd5eb0f03eabab4f74057cbb904a9ebcf9bb1207a1782ae46309a37a4aa5d60ff4184a6776b631ce8b804a12cf896b020bc4bdd8a3a4e3fa4a80c35d3,gx-no-cache=1653322435674 HTTP/1.1" 200 72
181.212.42.153 - - [23/May/2022:13:25:46 -0300] "GET /cormun/static/menuarrow.gif HTTP/1.1" 404 1015
181.212.42.153 - - [23/May/2022:13:25:49 -0300] "GET /cormun/servlet/permisogoce?8434ce8cd5eb0f03eabab4f74057cbb9780cab667abf774314cc1e81da769485cec1365c610b62f5710909695d20c03d2dbffa93c72a405f2e14ac317ab55ef6,gx-no-cache=1653322440804 HTTP/1.1" 200 47
181.212.42.153 - - [23/May/2022:13:25:50 -0300] "POST /cormun/servlet/permisogoce?bce4f70640dbc7392cfac10cd2ee53bd,INS,0,,,,gx-no-cache=1653322441808 HTTP/1.1" 200 93
181.212.42.153 - - [23/May/2022:13:25:50 -0300] "GET /cormun/servlet/hpexe_return? HTTP/1.1" 200 1017
181.212.42.153 - - [23/May/2022:13:25:51 -0300] "GET /cormun/servlet/trpermisosgoce HTTP/1.1" 200 13384
181.212.42.153 - - [23/May/2022:13:25:51 -0300] "GET /cormun/servlet/trpermisosgoce HTTP/1.1" 200 13378
181.212.42.153 - - [23/May/2022:13:25:54 -0300] "GET /cormun/servlet/apermisogoceprn?7321702,P,20220523120932,PU HTTP/1.1" 200 1640
181.212.42.153 - - [23/May/2022:13:26:02 -0300] "GET /cormun/servlet/permisogoce?INS,0,,, HTTP/1.1" 200 6833
181.212.42.153 - - [23/May/2022:13:26:02 -0300] "GET /cormun/servlet/permisogoce?INS,0,,, HTTP/1.1" 200 6833
181.212.42.153 - - [23/May/2022:13:26:07 -0300] "GET /cormun/servlet/permisogoce?8434ce8cd5eb0f03eabab4f74057cbb904a9ebcf9bb1207a1782ae46309a37a4aa5d60ff4184a6776b631ce8b804a12cf896b020bc4bdd8a3a4e3fa4a80c35d3,gx-no-cache=1653322458986 HTTP/1.1" 200 74
181.212.42.153 - - [23/May/2022:13:26:12 -0300] "POST /cormun/servlet/permisogoce?bce4f70640dbc7392cfac10cd2ee53bd,INS,0,,,,gx-no-cache=1653322463419 HTTP/1.1" 200 93
181.212.42.153 - - [23/May/2022:13:26:12 -0300] "GET /cormun/servlet/hpexe_return? HTTP/1.1" 200 1017
181.212.42.153 - - [23/May/2022:13:26:12 -0300] "GET /cormun/servlet/trpermisosgoce HTTP/1.1" 200 13379
181.212.42.153 - - [23/May/2022:13:26:12 -0300] "GET /cormun/static/gxgral.js?85251 HTTP/1.1" 200 384558
181.212.42.153 - - [23/May/2022:13:26:12 -0300] "GET /cormun/static/messages.spa.js?85251 HTTP/1.1" 200 30736
181.212.42.153 - - [23/May/2022:13:26:13 -0300] "GET /cormun/servlet/trpermisosgoce HTTP/1.1" 200 13361
192.168.10.17 - - [23/May/2022:13:26:28 -0300] "GET /cormun/servlet/vesolicitudgral?2022,18617,,General HTTP/1.1" 200 8372
192.168.10.17 - - [23/May/2022:13:26:28 -0300] "GET /cormun/pexe_scrolldiv.js HTTP/1.1" 404 1009
192.168.10.17 - - [23/May/2022:13:26:28 -0300] "GET /cormun/servlet/vesolicitudgral?2022,18617,,General HTTP/1.1" 200 8373
190.171.149.90 - - [23/May/2022:13:26:44 -0300] "POST /cormun/servlet/solicitudot?07af5a3dc1c6febfeffb84ee0e39b184,INS,0,0,false,,gx-no-cache=1653322412662 HTTP/1.1" 200 93
190.171.149.90 - - [23/May/2022:13:26:44 -0300] "GET /cormun/servlet/hpexe_return? HTTP/1.1" 200 1014
190.171.149.90 - - [23/May/2022:13:26:44 -0300] "GET /cormun/servlet/trsolicitudot HTTP/1.1" 200 8605
190.171.149.90 - - [23/May/2022:13:26:45 -0300] "GET /cormun/servlet/trsolicitudot HTTP/1.1" 200 8599
