190.171.141.90 - - [23/May/2022:10:58:18 -0300] "GET /cormun/servlet/permisosadjuntos?INS,16840648,P,20220523093927,, HTTP/1.1" 200 5610
190.171.141.90 - - [23/May/2022:10:58:26 -0300] "POST /cormun/servlet/permisosadjuntos?17e9d78b827ccea3c724b917e68f3b6f,INS,16840648,P,20220523093927,, HTTP/1.1" 200 116
190.171.141.90 - - [23/May/2022:10:58:26 -0300] "GET /cormun/servlet/hpexe_return? HTTP/1.1" 200 1041
190.171.141.90 - - [23/May/2022:10:58:26 -0300] "GET /cormun/servlet/trpermisosadjuntos?16840648,20220523093927,P, HTTP/1.1" 200 6773
190.171.141.90 - - [23/May/2022:10:58:27 -0300] "GET /cormun/servlet/trpermisosadjuntos?16840648,20220523093927,P, HTTP/1.1" 200 6770
190.171.141.90 - - [23/May/2022:10:58:29 -0300] "POST /cormun/servlet/trpermisosadjuntos?17e9d78b827ccea3c724b917e68f3b6f,16840648,20220523093927,P,,gx-no-cache=1653313513808 HTTP/1.1" 200 90
190.171.141.90 - - [23/May/2022:10:58:29 -0300] "GET /cormun/servlet/hpexe_link HTTP/1.1" 200 987
190.171.141.90 - - [23/May/2022:10:58:29 -0300] "GET /cormun/servlet/trpermisosgoce HTTP/1.1" 200 19111
190.171.141.90 - - [23/May/2022:10:58:30 -0300] "GET /cormun/servlet/trpermisosgoce HTTP/1.1" 200 19134
190.171.141.90 - - [23/May/2022:10:58:33 -0300] "POST /cormun/servlet/trpermisosgoce?17e9d78b827ccea3c724b917e68f3b6f,gx-no-cache=1653313517004 HTTP/1.1" 200 16460
190.171.141.90 - - [23/May/2022:10:58:33 -0300] "GET /cormun/static/Shared/jqueryui/images/ui-bg_highlight-soft_100_c6c2c8_1x100.png HTTP/1.1" 404 1117
190.171.141.90 - - [23/May/2022:10:58:33 -0300] "GET /cormun/static/Shared/jqueryui/images/ui-icons_82798d_256x240.png HTTP/1.1" 404 1089
190.171.141.90 - - [23/May/2022:10:58:33 -0300] "GET /cormun/static/Shared/jqueryui/images/ui-bg_flat_55_fafafa_40x100.png HTTP/1.1" 404 1097
190.171.141.90 - - [23/May/2022:10:58:33 -0300] "GET /cormun/static/Shared/jqueryui/images/ui-icons_8d78a5_256x240.png HTTP/1.1" 404 1089
190.171.149.90 - - [23/May/2022:10:58:36 -0300] "GET /cormun/servlet/trsolicitudot? HTTP/1.1" 200 7166
190.171.149.90 - - [23/May/2022:10:58:36 -0300] "GET /cormun/servlet/trsolicitudot? HTTP/1.1" 200 7165
190.171.141.90 - - [23/May/2022:10:58:37 -0300] "GET /cormun/servlet/permisogoce?INS,0,,, HTTP/1.1" 200 6834
190.171.141.90 - - [23/May/2022:10:58:38 -0300] "GET /cormun/servlet/permisogoce?INS,0,,, HTTP/1.1" 200 6834
190.171.142.50 - - [23/May/2022:10:58:40 -0300] "GET /cormun/servlet/trpermisosadjuntos?11671928,20220523093718,P, HTTP/1.1" 200 6275
190.171.142.50 - - [23/May/2022:10:58:40 -0300] "GET /cormun/static/gxcfg.js?2020121641683 HTTP/1.1" 200 953
190.171.142.50 - - [23/May/2022:10:58:40 -0300] "GET /cormun/static/trpermisosadjuntos.js?2020121642996 HTTP/1.1" 200 20158
190.171.142.50 - - [23/May/2022:10:58:40 -0300] "GET /cormun/servlet/trpermisosadjuntos?11671928,20220523093718,P, HTTP/1.1" 200 6275
190.171.142.50 - - [23/May/2022:10:58:41 -0300] "GET /cormun/servlet/permisosadjuntos?INS,11671928,P,20220523093718,, HTTP/1.1" 200 5595
190.171.142.50 - - [23/May/2022:10:58:41 -0300] "GET /cormun/static/gxcfg.js?20201215134212 HTTP/1.1" 200 953
190.171.142.50 - - [23/May/2022:10:58:41 -0300] "GET /cormun/static/permisosadjuntos.js?20201215134285 HTTP/1.1" 200 8724
190.171.142.50 - - [23/May/2022:10:58:41 -0300] "GET /cormun/static/about:blank HTTP/1.1" 404 1011
190.171.142.50 - - [23/May/2022:10:58:42 -0300] "GET /cormun/servlet/permisosadjuntos?INS,11671928,P,20220523093718,, HTTP/1.1" 200 5585
190.171.141.90 - - [23/May/2022:10:58:42 -0300] "GET /cormun/servlet/prfichaempleado?,MD,,gxPopupLevel%3D0%3B HTTP/1.1" 200 9269
190.171.141.90 - - [23/May/2022:10:58:48 -0300] "POST /cormun/servlet/prfichaempleado?17e9d78b827ccea3c724b917e68f3b6f,,MD,,gxPopupLevel%3D0%3B,gx-no-cache=1653313532935 HTTP/1.1" 200 5513
190.171.142.50 - - [23/May/2022:10:58:52 -0300] "POST /cormun/servlet/permisosadjuntos?bbf2d7df921637e546a9f1be7befafa2,INS,11671928,P,20220523093718,, HTTP/1.1" 200 116
190.171.142.50 - - [23/May/2022:10:58:53 -0300] "GET /cormun/servlet/hpexe_return? HTTP/1.1" 200 1044
190.171.142.50 - - [23/May/2022:10:58:53 -0300] "GET /cormun/servlet/trpermisosadjuntos?11671928,20220523093718,P, HTTP/1.1" 200 6746
190.171.142.50 - - [23/May/2022:10:58:53 -0300] "GET /cormun/servlet/trpermisosadjuntos?11671928,20220523093718,P, HTTP/1.1" 200 6743
190.171.141.90 - - [23/May/2022:10:58:53 -0300] "GET /cormun/servlet/permisogoce?e2c00e4e1685ff1ab8f361dee4547af9c162921210a32d683a9743bbd11a8673f641631084d980721bbcad9425d08fbabe3f5ea99e3205b198b37556f9e5f83e,gx-no-cache=1653313538650 HTTP/1.1" 200 83
190.171.141.90 - - [23/May/2022:10:58:54 -0300] "GET /cormun/static/menuarrow.gif HTTP/1.1" 404 1015
190.171.142.50 - - [23/May/2022:10:58:56 -0300] "POST /cormun/servlet/trpermisosadjuntos?bbf2d7df921637e546a9f1be7befafa2,11671928,20220523093718,P,,gx-no-cache=1653315884644 HTTP/1.1" 200 90
190.171.142.50 - - [23/May/2022:10:58:56 -0300] "GET /cormun/servlet/hpexe_link HTTP/1.1" 200 990
190.171.142.50 - - [23/May/2022:10:58:56 -0300] "GET /cormun/servlet/trpermisosgoce HTTP/1.1" 200 12270
190.171.142.50 - - [23/May/2022:10:58:57 -0300] "GET /cormun/servlet/trpermisosgoce HTTP/1.1" 200 12268
190.171.141.90 - - [23/May/2022:10:58:57 -0300] "GET /cormun/servlet/permisogoce?e2c00e4e1685ff1ab8f361dee4547af9b566e4e51d65020aa3ef748539a708375dbeb9f3417a88987fe2df532bf8735f8fdc012f42ae85f704329abd4640ef59,gx-no-cache=1653313542421 HTTP/1.1" 200 47
190.171.142.50 - - [23/May/2022:10:58:59 -0300] "GET /cormun/servlet/trpermisosadjuntos?10196136,20220520123049,P, HTTP/1.1" 200 6269
190.171.141.90 - - [23/May/2022:10:58:59 -0300] "POST /cormun/servlet/permisogoce?17e9d78b827ccea3c724b917e68f3b6f,INS,0,,,,gx-no-cache=1653313543920 HTTP/1.1" 200 93
190.171.142.50 - - [23/May/2022:10:58:59 -0300] "GET /cormun/servlet/trpermisosadjuntos?10196136,20220520123049,P, HTTP/1.1" 200 6269
190.171.141.90 - - [23/May/2022:10:58:59 -0300] "GET /cormun/servlet/hpexe_return? HTTP/1.1" 200 1034
190.171.141.90 - - [23/May/2022:10:59:00 -0300] "GET /cormun/servlet/trpermisosgoce?gx-no-cache=1653313517004 HTTP/1.1" 200 19063
190.171.142.50 - - [23/May/2022:10:59:00 -0300] "GET /cormun/servlet/permisosadjuntos?INS,10196136,P,20220520123049,, HTTP/1.1" 200 5592
190.171.142.50 - - [23/May/2022:10:59:01 -0300] "GET /cormun/static/about:blank HTTP/1.1" 404 1011
190.171.142.50 - - [23/May/2022:10:59:01 -0300] "GET /cormun/servlet/permisosadjuntos?INS,10196136,P,20220520123049,, HTTP/1.1" 200 5582
190.171.141.90 - - [23/May/2022:10:59:01 -0300] "GET /cormun/servlet/trpermisosgoce?gx-no-cache=1653313517004 HTTP/1.1" 200 19080
190.171.141.90 - - [23/May/2022:10:59:07 -0300] "GET /cormun/servlet/trpermisosadjuntos?15430732,20220523094232,P, HTTP/1.1" 200 6315
190.171.141.90 - - [23/May/2022:10:59:07 -0300] "GET /cormun/servlet/trpermisosadjuntos?15430732,20220523094232,P, HTTP/1.1" 200 6294
190.171.141.90 - - [23/May/2022:10:59:08 -0300] "GET /cormun/servlet/permisosadjuntos?INS,15430732,P,20220523094232,, HTTP/1.1" 200 5614
190.171.141.90 - - [23/May/2022:10:59:09 -0300] "GET /cormun/static/about:blank HTTP/1.1" 404 1011
190.171.141.90 - - [23/May/2022:10:59:09 -0300] "GET /cormun/servlet/permisosadjuntos?INS,15430732,P,20220523094232,, HTTP/1.1" 200 5604
190.171.142.50 - - [23/May/2022:10:59:11 -0300] "POST /cormun/servlet/permisosadjuntos?bbf2d7df921637e546a9f1be7befafa2,INS,10196136,P,20220520123049,, HTTP/1.1" 200 116
190.171.142.50 - - [23/May/2022:10:59:11 -0300] "GET /cormun/servlet/hpexe_return? HTTP/1.1" 200 1042
190.171.142.50 - - [23/May/2022:10:59:11 -0300] "GET /cormun/servlet/trpermisosadjuntos?10196136,20220520123049,P, HTTP/1.1" 200 6750
190.171.142.50 - - [23/May/2022:10:59:11 -0300] "GET /cormun/servlet/trpermisosadjuntos?10196136,20220520123049,P, HTTP/1.1" 200 6746
190.171.142.50 - - [23/May/2022:10:59:13 -0300] "POST /cormun/servlet/trpermisosadjuntos?bbf2d7df921637e546a9f1be7befafa2,10196136,20220520123049,P,,gx-no-cache=1653315901699 HTTP/1.1" 200 90
190.171.142.50 - - [23/May/2022:10:59:13 -0300] "GET /cormun/servlet/hpexe_link HTTP/1.1" 200 988
190.171.142.50 - - [23/May/2022:10:59:13 -0300] "GET /cormun/servlet/trpermisosgoce HTTP/1.1" 200 12265
190.171.142.50 - - [23/May/2022:10:59:14 -0300] "GET /cormun/servlet/trpermisosgoce HTTP/1.1" 200 12266
190.171.141.90 - - [23/May/2022:10:59:15 -0300] "POST /cormun/servlet/permisosadjuntos?17e9d78b827ccea3c724b917e68f3b6f,INS,15430732,P,20220523094232,, HTTP/1.1" 200 116
190.171.141.90 - - [23/May/2022:10:59:15 -0300] "GET /cormun/servlet/hpexe_return? HTTP/1.1" 200 1039
190.171.141.90 - - [23/May/2022:10:59:15 -0300] "GET /cormun/servlet/trpermisosadjuntos?15430732,20220523094232,P, HTTP/1.1" 200 6768
190.171.141.90 - - [23/May/2022:10:59:15 -0300] "GET /cormun/servlet/trpermisosadjuntos?15430732,20220523094232,P, HTTP/1.1" 200 6766
190.171.142.50 - - [23/May/2022:10:59:16 -0300] "GET /cormun/servlet/trpermisosadjuntos?16885010,20220519143556,P, HTTP/1.1" 200 6282
190.171.142.50 - - [23/May/2022:10:59:16 -0300] "GET /cormun/servlet/trpermisosadjuntos?16885010,20220519143556,P, HTTP/1.1" 200 6282
190.171.141.90 - - [23/May/2022:10:59:17 -0300] "POST /cormun/servlet/trpermisosadjuntos?17e9d78b827ccea3c724b917e68f3b6f,15430732,20220523094232,P,,gx-no-cache=1653313562234 HTTP/1.1" 200 90
190.171.141.90 - - [23/May/2022:10:59:17 -0300] "GET /cormun/servlet/hpexe_link HTTP/1.1" 200 1007
190.171.142.50 - - [23/May/2022:10:59:18 -0300] "GET /cormun/servlet/permisosadjuntos?INS,16885010,P,20220519143556,, HTTP/1.1" 200 5603
190.171.142.50 - - [23/May/2022:10:59:18 -0300] "GET /cormun/static/about:blank HTTP/1.1" 404 1011
190.171.142.50 - - [23/May/2022:10:59:18 -0300] "GET /cormun/servlet/permisosadjuntos?INS,16885010,P,20220519143556,, HTTP/1.1" 200 5593
190.171.141.90 - - [23/May/2022:10:59:18 -0300] "GET /cormun/servlet/trpermisosgoce?gx-no-cache=1653313517004 HTTP/1.1" 200 19059
190.171.141.90 - - [23/May/2022:10:59:19 -0300] "GET /cormun/servlet/trpermisosgoce?gx-no-cache=1653313517004 HTTP/1.1" 200 19105
190.171.149.90 - - [23/May/2022:10:59:21 -0300] "GET /cormun/servlet/solicitudot?INS,0,0,false, HTTP/1.1" 200 15684
190.171.141.90 - - [23/May/2022:10:59:21 -0300] "POST /cormun/servlet/trpermisosgoce?17e9d78b827ccea3c724b917e68f3b6f,gx-no-cache=1653313517004,gx-no-cache=1653313565278 HTTP/1.1" 200 16414
190.171.141.90 - - [23/May/2022:10:59:21 -0300] "GET /cormun/static/Shared/jqueryui/images/ui-bg_highlight-soft_100_c6c2c8_1x100.png HTTP/1.1" 404 1117
190.171.141.90 - - [23/May/2022:10:59:21 -0300] "GET /cormun/static/Shared/jqueryui/images/ui-icons_82798d_256x240.png HTTP/1.1" 404 1089
190.171.141.90 - - [23/May/2022:10:59:21 -0300] "GET /cormun/static/Shared/jqueryui/images/ui-icons_8d78a5_256x240.png HTTP/1.1" 404 1089
190.171.141.90 - - [23/May/2022:10:59:21 -0300] "GET /cormun/static/Shared/jqueryui/images/ui-bg_flat_55_fafafa_40x100.png HTTP/1.1" 404 1097
190.171.149.90 - - [23/May/2022:10:59:21 -0300] "GET /cormun/servlet/solicitudot?INS,0,0,false, HTTP/1.1" 200 15691
190.171.142.50 - - [23/May/2022:10:59:27 -0300] "POST /cormun/servlet/permisosadjuntos?bbf2d7df921637e546a9f1be7befafa2,INS,16885010,P,20220519143556,, HTTP/1.1" 200 116
190.171.142.50 - - [23/May/2022:10:59:28 -0300] "GET /cormun/servlet/hpexe_return? HTTP/1.1" 200 1043
190.171.142.50 - - [23/May/2022:10:59:28 -0300] "GET /cormun/servlet/trpermisosadjuntos?16885010,20220519143556,P, HTTP/1.1" 200 6764
190.171.142.50 - - [23/May/2022:10:59:28 -0300] "GET /cormun/servlet/trpermisosadjuntos?16885010,20220519143556,P, HTTP/1.1" 200 6761
190.171.142.50 - - [23/May/2022:10:59:30 -0300] "POST /cormun/servlet/trpermisosadjuntos?bbf2d7df921637e546a9f1be7befafa2,16885010,20220519143556,P,,gx-no-cache=1653315919132 HTTP/1.1" 200 90
190.171.142.50 - - [23/May/2022:10:59:30 -0300] "GET /cormun/servlet/hpexe_link HTTP/1.1" 200 989
190.171.142.50 - - [23/May/2022:10:59:31 -0300] "GET /cormun/servlet/trpermisosgoce HTTP/1.1" 200 12269
190.171.142.50 - - [23/May/2022:10:59:31 -0300] "GET /cormun/servlet/trpermisosgoce HTTP/1.1" 200 12268
190.171.142.50 - - [23/May/2022:10:59:33 -0300] "GET /cormun/servlet/trpermisosadjuntos?13718698,20220517104826,P, HTTP/1.1" 200 6275
190.171.142.50 - - [23/May/2022:10:59:33 -0300] "GET /cormun/servlet/trpermisosadjuntos?13718698,20220517104826,P, HTTP/1.1" 200 6275
190.171.142.50 - - [23/May/2022:10:59:35 -0300] "GET /cormun/servlet/permisosadjuntos?INS,13718698,P,20220517104826,, HTTP/1.1" 200 5599
190.171.142.50 - - [23/May/2022:10:59:35 -0300] "GET /cormun/static/about:blank HTTP/1.1" 404 1011
190.171.142.50 - - [23/May/2022:10:59:35 -0300] "GET /cormun/servlet/permisosadjuntos?INS,13718698,P,20220517104826,, HTTP/1.1" 200 5588
190.171.142.50 - - [23/May/2022:10:59:45 -0300] "POST /cormun/servlet/permisosadjuntos?bbf2d7df921637e546a9f1be7befafa2,INS,13718698,P,20220517104826,, HTTP/1.1" 200 116
190.171.142.50 - - [23/May/2022:10:59:45 -0300] "GET /cormun/servlet/hpexe_return? HTTP/1.1" 200 1044
190.171.142.50 - - [23/May/2022:10:59:45 -0300] "GET /cormun/servlet/trpermisosadjuntos?13718698,20220517104826,P, HTTP/1.1" 200 6759
190.171.142.50 - - [23/May/2022:10:59:45 -0300] "GET /cormun/servlet/trpermisosadjuntos?13718698,20220517104826,P, HTTP/1.1" 200 6756
190.171.142.50 - - [23/May/2022:10:59:49 -0300] "POST /cormun/servlet/trpermisosadjuntos?bbf2d7df921637e546a9f1be7befafa2,13718698,20220517104826,P,,gx-no-cache=1653315937365 HTTP/1.1" 200 90
190.171.142.50 - - [23/May/2022:10:59:49 -0300] "GET /cormun/servlet/hpexe_link HTTP/1.1" 200 990
190.171.142.50 - - [23/May/2022:10:59:49 -0300] "GET /cormun/servlet/trpermisosgoce HTTP/1.1" 200 12267
190.171.142.50 - - [23/May/2022:10:59:49 -0300] "GET /cormun/servlet/trpermisosgoce HTTP/1.1" 200 12268
190.171.149.90 - - [23/May/2022:10:59:52 -0300] "POST /cormun/servlet/solicitudot?gx-no-cache=1653313600572 HTTP/1.1" 200 3969
190.171.149.90 - - [23/May/2022:10:59:52 -0300] "POST /cormun/servlet/solicitudot?2f709a46ac9571648553624437be981f,INS,0,0,false,,gx-no-cache=1653313600802 HTTP/1.1" 200 12522
190.171.142.50 - - [23/May/2022:10:59:54 -0300] "POST /cormun/servlet/trpermisosgoce?bbf2d7df921637e546a9f1be7befafa2,gx-no-cache=1653315942934 HTTP/1.1" 200 9485
190.171.142.50 - - [23/May/2022:10:59:55 -0300] "GET /cormun/static/Shared/jqueryui/images/ui-bg_highlight-soft_100_c6c2c8_1x100.png HTTP/1.1" 404 1117
190.171.142.50 - - [23/May/2022:10:59:55 -0300] "GET /cormun/static/Shared/jqueryui/images/ui-icons_82798d_256x240.png HTTP/1.1" 404 1089
190.171.142.50 - - [23/May/2022:10:59:55 -0300] "GET /cormun/static/Shared/jqueryui/images/ui-bg_flat_55_fafafa_40x100.png HTTP/1.1" 404 1097
190.171.142.50 - - [23/May/2022:10:59:55 -0300] "GET /cormun/static/Shared/jqueryui/images/ui-icons_8d78a5_256x240.png HTTP/1.1" 404 1089
190.171.142.50 - - [23/May/2022:10:59:56 -0300] "POST /cormun/servlet/trpermisosgoce?bbf2d7df921637e546a9f1be7befafa2,gx-no-cache=1653315944387 HTTP/1.1" 200 9472
190.171.142.50 - - [23/May/2022:10:59:57 -0300] "POST /cormun/servlet/trpermisosgoce?bbf2d7df921637e546a9f1be7befafa2,gx-no-cache=1653315945803 HTTP/1.1" 200 9456
190.171.142.50 - - [23/May/2022:11:00:00 -0300] "POST /cormun/servlet/trpermisosgoce?bbf2d7df921637e546a9f1be7befafa2,gx-no-cache=1653315948042 HTTP/1.1" 200 9429
190.171.149.90 - - [23/May/2022:11:00:04 -0300] "GET /cormun/servlet/solicitudot?0bacf49df43d6bff4fa2ce70067eb832645e3eabcd159d9e104a8c751e6bd4aba80b815756fe5cd0637724ea2f565645,gx-no-cache=1653313613228 HTTP/1.1" 200 30
190.171.149.90 - - [23/May/2022:11:00:04 -0300] "GET /cormun/servlet/solicitudot?0bacf49df43d6bff4fa2ce70067eb8320deb1a1ee291846ce070c8a801864ca72c73c4c10c246b5bf9310e1eadf4b562d0e6ce82e920ebb2b8e168bdf84437cd,gx-no-cache=1653313613299 HTTP/1.1" 200 30
190.171.149.90 - - [23/May/2022:11:00:04 -0300] "GET /cormun/servlet/solicitudot?0bacf49df43d6bff4fa2ce70067eb8327988efe46c1afe571564b2eadb90a884,gx-no-cache=1653313613403 HTTP/1.1" 200 51
190.171.149.90 - - [23/May/2022:11:00:04 -0300] "POST /cormun/servlet/solicitudot?gx-no-cache=1653313613460 HTTP/1.1" 200 255
190.171.149.90 - - [23/May/2022:11:00:04 -0300] "GET /cormun/servlet/solicitudot?0bacf49df43d6bff4fa2ce70067eb832e32a9301cea27f94ab2f6f8981d4bbb2806a5eeeb93c1bccb6dcc80f11bf3667827a92ea6f95801eeeb48db07ab4b0069f74e221a24b74a2fb019e74eedd6318ac0dc7c20c21aa05213306cf306164ca0386687dbb861891309b3ebd21691f7950a4a24fedd2a15c0e75bccb180936a0e2e6e62753310baec1fba33f154d4416b498b8b226cf4182cfd4113ddda580b76ff0b21bc76aa796cd1bd261fcc603270fe94fd13dff16ce07c03cf17128362ee5aa5cc232ca376360fd6283bc2fb246166ecd4e7b9b06ecd63705e09dcd894fa8a570571bcc49d3b525402d097ce9b88a7b55bc6a52e0834dd8da5c8c34e191be2b16e4b72c59dd943b2e025afc69b822a62b74c736db09a88a06f1986b09f8c5154ff2be3c420d0a5a6e18663e7798c0d82eb7624ead0bd32bd8de6e4cc25186b4653a09b3764fc55c8db4286d617cc8f598a085cf2efa306bcaf47bc06c7927fed0075b0ce4f387c4e988269faaa644df7af2f8a284647084b47bd7f36cdd,gx-no-cache=1653313613520 HTTP/1.1" 200 30
190.171.142.50 - - [23/May/2022:11:00:13 -0300] "GET /cormun/servlet/hlogin HTTP/1.1" 200 1749
190.171.142.50 - - [23/May/2022:11:00:20 -0300] "POST /cormun/servlet/hlogin?bbf2d7df921637e546a9f1be7befafa2,gx-no-cache=1653315968490 HTTP/1.1" 200 90
190.171.142.50 - - [23/May/2022:11:00:20 -0300] "GET /cormun/servlet/hpexe_link HTTP/1.1" 200 956
190.171.142.50 - - [23/May/2022:11:00:20 -0300] "GET /cormun/servlet/hhome HTTP/1.1" 200 4218
190.171.142.50 - - [23/May/2022:11:00:20 -0300] "GET /cormun/static/SmoothNavMenu/resources/images/right.gif HTTP/1.1" 200 860
190.171.142.50 - - [23/May/2022:11:00:20 -0300] "GET /cormun/servlet/hhome HTTP/1.1" 200 4214
190.171.142.50 - - [23/May/2022:11:00:24 -0300] "GET /cormun/servlet/trautorizarpermisogoce? HTTP/1.1" 200 8656
190.171.142.50 - - [23/May/2022:11:00:24 -0300] "GET /cormun/static/gxcfg.js?2020121645532 HTTP/1.1" 200 953
190.171.142.50 - - [23/May/2022:11:00:24 -0300] "GET /cormun/static/trautorizarpermisogoce.js?2020121651492 HTTP/1.1" 200 34948
190.171.142.50 - - [23/May/2022:11:00:24 -0300] "GET /cormun/servlet/trautorizarpermisogoce? HTTP/1.1" 200 8654
190.171.142.50 - - [23/May/2022:11:00:26 -0300] "POST /cormun/servlet/trautorizarpermisogoce?bbf2d7df921637e546a9f1be7befafa2,,gx-no-cache=1653315974742 HTTP/1.1" 200 5791
190.171.142.50 - - [23/May/2022:11:00:26 -0300] "GET /cormun/static/Shared/jqueryui/images/ui-icons_82798d_256x240.png HTTP/1.1" 404 1089
190.171.142.50 - - [23/May/2022:11:00:26 -0300] "GET /cormun/static/Shared/jqueryui/images/ui-bg_highlight-soft_100_c6c2c8_1x100.png HTTP/1.1" 404 1117
190.171.142.50 - - [23/May/2022:11:00:26 -0300] "GET /cormun/static/Shared/jqueryui/images/ui-icons_8d78a5_256x240.png HTTP/1.1" 404 1089
190.171.142.50 - - [23/May/2022:11:00:26 -0300] "GET /cormun/static/Shared/jqueryui/images/ui-bg_flat_55_fafafa_40x100.png HTTP/1.1" 404 1097
190.171.142.50 - - [23/May/2022:11:00:27 -0300] "POST /cormun/servlet/trautorizarpermisogoce?bbf2d7df921637e546a9f1be7befafa2,,gx-no-cache=1653315975626 HTTP/1.1" 200 5564
190.171.142.50 - - [23/May/2022:11:00:28 -0300] "POST /cormun/servlet/trautorizarpermisogoce?bbf2d7df921637e546a9f1be7befafa2,,gx-no-cache=1653315976568 HTTP/1.1" 200 5284
190.171.143.82 - - [23/May/2022:11:00:28 -0300] "GET /cormun/servlet/trpermisosadjuntos?18648555,20220523093900,P, HTTP/1.1" 200 6667
190.171.142.50 - - [23/May/2022:11:00:29 -0300] "POST /cormun/servlet/trautorizarpermisogoce?bbf2d7df921637e546a9f1be7befafa2,,gx-no-cache=1653315977361 HTTP/1.1" 200 4532
190.171.143.82 - - [23/May/2022:11:00:30 -0300] "GET /cormun/servlet/trpermisosadjuntos?18648555,20220523093900,P, HTTP/1.1" 200 6667
190.171.143.82 - - [23/May/2022:11:00:31 -0300] "GET /cormun/servlet/permisosadjuntos?INS,18648555,P,20220523093900,, HTTP/1.1" 200 5997
190.171.143.82 - - [23/May/2022:11:00:33 -0300] "GET /cormun/static/about:blank HTTP/1.1" 404 1011
190.171.143.82 - - [23/May/2022:11:00:33 -0300] "GET /cormun/servlet/permisosadjuntos?INS,18648555,P,20220523093900,, HTTP/1.1" 200 5986
190.171.143.82 - - [23/May/2022:11:00:37 -0300] "POST /cormun/servlet/permisosadjuntos?e6230a58b5bb4e431e5e6d8aac015be4,INS,18648555,P,20220523093900,, HTTP/1.1" 200 116
190.171.143.82 - - [23/May/2022:11:00:37 -0300] "GET /cormun/servlet/hpexe_return? HTTP/1.1" 200 1040
190.171.143.82 - - [23/May/2022:11:00:37 -0300] "GET /cormun/servlet/trpermisosadjuntos?18648555,20220523093900,P, HTTP/1.1" 200 7204
190.171.143.82 - - [23/May/2022:11:00:39 -0300] "GET /cormun/servlet/trpermisosadjuntos?18648555,20220523093900,P, HTTP/1.1" 200 7201
181.212.43.89 - - [23/May/2022:11:00:39 -0300] "GET /cormun/servlet/trautorizarpermisogoce? HTTP/1.1" 200 5941
190.171.143.82 - - [23/May/2022:11:00:41 -0300] "GET /cormun/servlet/trpermisosgoce? HTTP/1.1" 200 12518
190.171.143.82 - - [23/May/2022:11:00:43 -0300] "GET /cormun/servlet/trpermisosgoce? HTTP/1.1" 200 12524
190.171.143.82 - - [23/May/2022:11:00:45 -0300] "POST /cormun/servlet/trpermisosgoce?e6230a58b5bb4e431e5e6d8aac015be4,,gx-no-cache=1653313652049 HTTP/1.1" 200 9670
190.171.143.82 - - [23/May/2022:11:00:49 -0300] "POST /cormun/servlet/trpermisosgoce?e6230a58b5bb4e431e5e6d8aac015be4,,gx-no-cache=1653313655595 HTTP/1.1" 200 9636
190.171.143.82 - - [23/May/2022:11:00:49 -0300] "GET /cormun/static/Shared/jqueryui/images/ui-bg_highlight-soft_100_c6c2c8_1x100.png HTTP/1.1" 404 1117
190.171.143.82 - - [23/May/2022:11:00:49 -0300] "GET /cormun/static/Shared/jqueryui/images/ui-icons_82798d_256x240.png HTTP/1.1" 404 1089
190.171.143.82 - - [23/May/2022:11:00:49 -0300] "GET /cormun/static/Shared/jqueryui/images/ui-bg_flat_55_fafafa_40x100.png HTTP/1.1" 404 1097
190.171.143.82 - - [23/May/2022:11:00:49 -0300] "GET /cormun/static/Shared/jqueryui/images/ui-icons_8d78a5_256x240.png HTTP/1.1" 404 1089
181.212.43.89 - - [23/May/2022:11:00:53 -0300] "GET /cormun/servlet/trautorizarpermisogoce? HTTP/1.1" 200 5938
181.212.43.89 - - [23/May/2022:11:00:53 -0300] "GET /cormun/servlet/trautorizarpermisogoce? HTTP/1.1" 200 5938
181.212.43.89 - - [23/May/2022:11:00:53 -0300] "GET /cormun/servlet/hlogin HTTP/1.1" 200 1756
190.171.149.90 - - [23/May/2022:11:00:56 -0300] "POST /cormun/servlet/solicitudot?gx-no-cache=1653313665483 HTTP/1.1" 200 30
190.171.149.90 - - [23/May/2022:11:00:57 -0300] "POST /cormun/servlet/solicitudot?gx-no-cache=1653313665588 HTTP/1.1" 200 1454
190.171.149.90 - - [23/May/2022:11:00:57 -0300] "POST /cormun/servlet/solicitudot?gx-no-cache=1653313665662 HTTP/1.1" 200 38
190.171.149.90 - - [23/May/2022:11:00:57 -0300] "GET /cormun/servlet/solicitudot?0bacf49df43d6bff4fa2ce70067eb832b5b0a64133b873a8261e01412f5cb04216a85e1816d2f8d15a495cc7887ad89df714975fecfaeefb97f85d8dcac076bf8ad051c170949baa4ae1c0b76d20e363742f3e92e09c37682da90bb634188f8ac8f7e686e16639a590a29c775307300e,gx-no-cache=1653313665717 HTTP/1.1" 200 110
186.67.172.234 - - [23/May/2022:11:01:02 -0300] "GET /cormun/servlet/trsolicitudot? HTTP/1.1" 200 9004
186.67.172.234 - - [23/May/2022:11:01:03 -0300] "GET /cormun/servlet/trsolicitudot? HTTP/1.1" 200 9004
186.67.172.234 - - [23/May/2022:11:01:05 -0300] "POST /cormun/servlet/trsolicitudot?e2d4200e8b6948e96f02f6700fa56a57,,gx-no-cache=1653313672601 HTTP/1.1" 200 107
186.67.172.234 - - [23/May/2022:11:01:06 -0300] "GET /cormun/servlet/trsolicitudadjuntos?2022,18645, HTTP/1.1" 200 10221
181.212.43.89 - - [23/May/2022:11:01:06 -0300] "POST /cormun/servlet/hlogin?cdc49c3e31f638ea37cb49f2ca9d2419,gx-no-cache=1653313675744 HTTP/1.1" 200 90
186.67.172.234 - - [23/May/2022:11:01:06 -0300] "GET /cormun/servlet/trsolicitudadjuntos?2022,18645, HTTP/1.1" 200 10222
181.212.43.89 - - [23/May/2022:11:01:06 -0300] "GET /cormun/servlet/hpexe_link HTTP/1.1" 200 968
181.212.43.89 - - [23/May/2022:11:01:07 -0300] "GET /cormun/servlet/trautorizarpermisogoce HTTP/1.1" 200 8000
181.212.43.89 - - [23/May/2022:11:01:09 -0300] "GET /cormun/servlet/trautorizarpermisogoce HTTP/1.1" 200 7999
186.67.172.234 - - [23/May/2022:11:01:13 -0300] "GET /cormun/servlet/solicitudotadjuntos?INS,2022,18645,,1, HTTP/1.1" 200 6414
186.67.172.234 - - [23/May/2022:11:01:13 -0300] "GET /cormun/static/about:blank HTTP/1.1" 404 1011
186.67.172.234 - - [23/May/2022:11:01:13 -0300] "GET /cormun/servlet/solicitudotadjuntos?INS,2022,18645,,1, HTTP/1.1" 200 6407
186.67.172.234 - - [23/May/2022:11:01:14 -0300] "GET /cormun/servlet/solicitudotadjuntos?b7433b737aed5fcaee62fc9656cea0e6892c5bb86b7debd62c5b8fbd1c760a70ec5a7629e87a9140d10bf5c45554b86e,gx-no-cache=1653313681181 HTTP/1.1" 200 30
186.67.172.234 - - [23/May/2022:11:01:14 -0300] "POST /cormun/servlet/solicitudotadjuntos?e2d4200e8b6948e96f02f6700fa56a57,INS,2022,18645,,1,,gx-no-cache=1653313681220 HTTP/1.1" 200 4189
186.67.172.234 - - [23/May/2022:11:01:17 -0300] "POST /cormun/servlet/solicitudotadjuntos?gx-no-cache=1653313684533 HTTP/1.1" 200 26
181.212.43.89 - - [23/May/2022:11:01:32 -0300] "GET /cormun/servlet/trlicencias? HTTP/1.1" 200 13840
181.212.43.89 - - [23/May/2022:11:01:34 -0300] "GET /cormun/servlet/trlicencias? HTTP/1.1" 200 13840
186.67.172.234 - - [23/May/2022:11:02:04 -0300] "GET /cormun/servlet/solicitudotadjuntos?b7433b737aed5fcaee62fc9656cea0e658501b2e8c8b0bc6e26005d9fb0834a2,gx-no-cache=1653313731612 HTTP/1.1" 200 30
186.67.172.234 - - [23/May/2022:11:02:04 -0300] "GET /cormun/servlet/solicitudotadjuntos?b7433b737aed5fcaee62fc9656cea0e658501b2e8c8b0bc6e26005d9fb0834a2,gx-no-cache=1653313731629 HTTP/1.1" 200 30
186.67.172.234 - - [23/May/2022:11:02:04 -0300] "POST /cormun/servlet/solicitudotadjuntos?e2d4200e8b6948e96f02f6700fa56a57,INS,2022,18645,,1, HTTP/1.1" 200 116
186.67.172.234 - - [23/May/2022:11:02:04 -0300] "GET /cormun/servlet/hpexe_return? HTTP/1.1" 200 1031
186.67.172.234 - - [23/May/2022:11:02:05 -0300] "GET /cormun/servlet/trsolicitudadjuntos?2022,18645, HTTP/1.1" 200 10437
186.67.172.234 - - [23/May/2022:11:02:05 -0300] "GET /cormun/servlet/trsolicitudadjuntos?2022,18645, HTTP/1.1" 200 10436
186.67.172.234 - - [23/May/2022:11:02:11 -0300] "POST /cormun/servlet/trsolicitudadjuntos?e2d4200e8b6948e96f02f6700fa56a57,2022,18645,,gx-no-cache=1653313737918 HTTP/1.1" 200 90
186.67.172.234 - - [23/May/2022:11:02:11 -0300] "GET /cormun/servlet/hpexe_link HTTP/1.1" 200 975
186.67.172.234 - - [23/May/2022:11:02:11 -0300] "GET /cormun/servlet/trsolicitudot HTTP/1.1" 200 9006
186.67.172.234 - - [23/May/2022:11:02:11 -0300] "GET /cormun/servlet/trsolicitudot HTTP/1.1" 200 9004
190.171.141.82 - - [23/May/2022:11:02:20 -0300] "GET /cormun/servlet/hlogin HTTP/1.1" 200 1724
190.171.141.82 - - [23/May/2022:11:02:20 -0300] "GET /cormun/servlet/hlogin HTTP/1.1" 200 1734
190.171.141.82 - - [23/May/2022:11:02:31 -0300] "POST /cormun/servlet/hlogin?d2052b428eba95166fa7e36c3658171c,gx-no-cache=1653313758540 HTTP/1.1" 200 90
190.171.141.82 - - [23/May/2022:11:02:31 -0300] "GET /cormun/servlet/hpexe_link HTTP/1.1" 200 951
190.171.141.82 - - [23/May/2022:11:02:32 -0300] "GET /cormun/servlet/hhome HTTP/1.1" 200 3952
190.171.141.82 - - [23/May/2022:11:02:32 -0300] "GET /cormun/servlet/hhome HTTP/1.1" 200 3948
190.171.142.50 - - [23/May/2022:11:02:34 -0300] "GET /cormun/servlet/hlogin HTTP/1.1" 200 1753
181.162.154.70 - - [23/May/2022:11:02:38 -0300] "GET /cormun/servlet/hlogin HTTP/1.1" 200 1720
181.162.154.70 - - [23/May/2022:11:02:38 -0300] "GET /cormun/static/Resources/Spanish/PXTools.css?2294816 HTTP/1.1" 304 -
181.162.154.70 - - [23/May/2022:11:02:38 -0300] "GET /cormun/static/gxcfg.js?201910216285969 HTTP/1.1" 304 -
181.162.154.70 - - [23/May/2022:11:02:38 -0300] "GET /cormun/static/gxtimezone.js?85251 HTTP/1.1" 304 -
181.162.154.70 - - [23/May/2022:11:02:38 -0300] "GET /cormun/static/messages.spa.js?85251 HTTP/1.1" 304 -
181.162.154.70 - - [23/May/2022:11:02:38 -0300] "GET /cormun/static/hlogin.js?201910216285995 HTTP/1.1" 304 -
181.162.154.70 - - [23/May/2022:11:02:39 -0300] "GET /cormun/servlet/hlogin HTTP/1.1" 200 1730
181.162.154.70 - - [23/May/2022:11:02:43 -0300] "POST /cormun/servlet/hlogin?828d05dc0f3f70c38adfd43939ce778f,gx-no-cache=1653313769737 HTTP/1.1" 200 90
181.162.154.70 - - [23/May/2022:11:02:43 -0300] "GET /cormun/servlet/hpexe_link HTTP/1.1" 200 947
181.162.154.70 - - [23/May/2022:11:02:43 -0300] "GET /cormun/servlet/hhome HTTP/1.1" 200 4252
181.162.154.70 - - [23/May/2022:11:02:43 -0300] "GET /cormun/static/gxcfg.js?20201215495537 HTTP/1.1" 200 953
181.162.154.70 - - [23/May/2022:11:02:43 -0300] "GET /cormun/static/hhome.js?20201215495544 HTTP/1.1" 200 777
181.162.154.70 - - [23/May/2022:11:02:43 -0300] "GET /cormun/static/hpexe_recentlink.js?20201214471090 HTTP/1.1" 304 -
181.162.154.70 - - [23/May/2022:11:02:43 -0300] "GET /cormun/static/hwchdr01.js?20201214473739 HTTP/1.1" 304 -
181.162.154.70 - - [23/May/2022:11:02:43 -0300] "GET /cormun/static/hpexe_scripts.js?20201214471411 HTTP/1.1" 304 -
181.162.154.70 - - [23/May/2022:11:02:43 -0300] "GET /cormun/static/hpexe_messagepopupcomponent.js?2020121447232 HTTP/1.1" 304 -
181.162.154.70 - - [23/May/2022:11:02:43 -0300] "GET /cormun/static/hpexe_messagecontroller.js?201991422154126 HTTP/1.1" 304 -
181.162.154.70 - - [23/May/2022:11:02:43 -0300] "GET /cormun/static/hpexe_messagegenexuscomponent.js?2020121447173 HTTP/1.1" 304 -
181.162.154.70 - - [23/May/2022:11:02:43 -0300] "GET /cormun/static/cmcontrolpreferences.js?20199141926336 HTTP/1.1" 304 -
181.162.154.70 - - [23/May/2022:11:02:43 -0300] "GET /cormun/static/hmpwkw03.js?20201215501896 HTTP/1.1" 304 -
181.162.154.70 - - [23/May/2022:11:02:43 -0300] "GET /cormun/servlet/hhome HTTP/1.1" 200 4249
190.171.149.90 - - [23/May/2022:11:02:44 -0300] "POST /cormun/servlet/solicitudot?gx-no-cache=1653313773389 HTTP/1.1" 200 30
190.171.141.82 - - [23/May/2022:11:02:45 -0300] "GET /cormun/servlet/trlicencias? HTTP/1.1" 200 12805
190.171.141.82 - - [23/May/2022:11:02:45 -0300] "GET /cormun/servlet/trlicencias? HTTP/1.1" 200 12797
190.171.149.90 - - [23/May/2022:11:02:47 -0300] "GET /cormun/servlet/prcontratosol?17521700,,,,,MD,,gxPopupLevel%3D0%3B HTTP/1.1" 200 8604
186.67.172.234 - - [23/May/2022:11:02:51 -0300] "POST /cormun/servlet/trsolicitudot?e2d4200e8b6948e96f02f6700fa56a57,gx-no-cache=1653313777650 HTTP/1.1" 200 4847
186.67.172.234 - - [23/May/2022:11:02:51 -0300] "GET /cormun/static/Shared/jqueryui/images/ui-bg_highlight-soft_100_c6c2c8_1x100.png HTTP/1.1" 404 1117
186.67.172.234 - - [23/May/2022:11:02:51 -0300] "GET /cormun/static/Shared/jqueryui/images/ui-icons_82798d_256x240.png HTTP/1.1" 404 1089
186.67.172.234 - - [23/May/2022:11:02:51 -0300] "GET /cormun/static/Shared/jqueryui/images/ui-bg_flat_55_fafafa_40x100.png HTTP/1.1" 404 1097
186.67.172.234 - - [23/May/2022:11:02:51 -0300] "GET /cormun/static/Shared/jqueryui/images/ui-icons_8d78a5_256x240.png HTTP/1.1" 404 1089
190.171.149.90 - - [23/May/2022:11:02:51 -0300] "POST /cormun/servlet/solicitudot?gx-no-cache=1653313779831 HTTP/1.1" 200 1536
190.171.149.90 - - [23/May/2022:11:02:51 -0300] "GET /cormun/static/Shared/jqueryui/images/ui-bg_highlight-soft_100_c6c2c8_1x100.png HTTP/1.1" 404 1117
190.171.149.90 - - [23/May/2022:11:02:51 -0300] "GET /cormun/static/Shared/jqueryui/images/ui-icons_82798d_256x240.png HTTP/1.1" 404 1089
190.171.149.90 - - [23/May/2022:11:02:51 -0300] "GET /cormun/static/Shared/jqueryui/images/ui-bg_flat_55_994d53_40x100.png HTTP/1.1" 404 1097
190.171.149.90 - - [23/May/2022:11:02:51 -0300] "GET /cormun/static/Shared/jqueryui/images/ui-icons_ebccce_256x240.png HTTP/1.1" 404 1089
186.67.172.234 - - [23/May/2022:11:02:51 -0300] "POST /cormun/servlet/trsolicitudot?e2d4200e8b6948e96f02f6700fa56a57,gx-no-cache=1653313778087 HTTP/1.1" 200 4609
190.171.149.90 - - [23/May/2022:11:02:51 -0300] "POST /cormun/servlet/solicitudot?gx-no-cache=1653313779929 HTTP/1.1" 200 117
190.171.149.90 - - [23/May/2022:11:02:51 -0300] "GET /cormun/servlet/solicitudot?0bacf49df43d6bff4fa2ce70067eb832b5b0a64133b873a8261e01412f5cb04216a85e1816d2f8d15a495cc7887ad89df714975fecfaeefb97f85d8dcac076bf8ad051c170949baa4ae1c0b76d20e363742f3e92e09c37682da90bb634188f8ac8f7e686e16639a590a29c775307300e,gx-no-cache=1653313779966 HTTP/1.1" 200 110
190.171.149.90 - - [23/May/2022:11:02:51 -0300] "POST /cormun/servlet/solicitudot?gx-no-cache=1653313780058 HTTP/1.1" 200 97
190.171.149.90 - - [23/May/2022:11:02:51 -0300] "GET /cormun/servlet/solicitudot?0bacf49df43d6bff4fa2ce70067eb832a05c93d87ba61fb0e09b5fd2806c3efbf0fb881cc0243d37fc6c28bc2a6d01c28e16172e188285184dd0aba52e56a977403ada8a77141aa9dd2f158d3acf43d4cb0c17704afd33f77668b7b99c354a60c59d580d37ff552759ea09e2b6652cac05b45244c43563d9abea25d3eaf9f3e03db97b742e9044519772350feebf42732c4e08938013dd1c649fd8263f6a05bd,gx-no-cache=1653313780132 HTTP/1.1" 200 29
190.171.149.90 - - [23/May/2022:11:02:51 -0300] "GET /cormun/servlet/solicitudot?0bacf49df43d6bff4fa2ce70067eb832376a75c57b7f43e0d16eeeab96b9ae0637e827b805e30f5477bd06da56c30574,gx-no-cache=1653313780189 HTTP/1.1" 200 134
181.162.154.70 - - [23/May/2022:11:02:52 -0300] "GET /cormun/servlet/trautorizarsolicitud? HTTP/1.1" 200 8762
181.162.154.70 - - [23/May/2022:11:02:52 -0300] "GET /cormun/static/calendar.js?85251 HTTP/1.1" 304 -
181.162.154.70 - - [23/May/2022:11:02:52 -0300] "GET /cormun/static/calendar-setup.js?85251 HTTP/1.1" 304 -
181.162.154.70 - - [23/May/2022:11:02:52 -0300] "GET /cormun/static/calendar-es.js?85251 HTTP/1.1" 304 -
181.162.154.70 - - [23/May/2022:11:02:52 -0300] "GET /cormun/static/gxcfg.js?201991422414522 HTTP/1.1" 304 -
181.162.154.70 - - [23/May/2022:11:02:52 -0300] "GET /cormun/static/gxdec.js?85251 HTTP/1.1" 304 -
181.162.154.70 - - [23/May/2022:11:02:52 -0300] "GET /cormun/static/trautorizarsolicitud.js?201991422415463 HTTP/1.1" 304 -
181.162.154.70 - - [23/May/2022:11:02:52 -0300] "GET /cormun/servlet/trautorizarsolicitud? HTTP/1.1" 200 8760
186.67.172.234 - - [23/May/2022:11:02:53 -0300] "GET /cormun/servlet/trsolicitudot? HTTP/1.1" 200 7589
186.67.172.234 - - [23/May/2022:11:02:53 -0300] "GET /cormun/servlet/trsolicitudot? HTTP/1.1" 200 7590
181.162.154.70 - - [23/May/2022:11:02:55 -0300] "POST /cormun/servlet/trautorizarsolicitud?828d05dc0f3f70c38adfd43939ce778f,,gx-no-cache=1653313781591 HTTP/1.1" 200 4764
181.162.154.70 - - [23/May/2022:11:02:55 -0300] "GET /cormun/static/Shared/jqueryui/images/ui-icons_82798d_256x240.png HTTP/1.1" 404 1089
181.162.154.70 - - [23/May/2022:11:02:55 -0300] "GET /cormun/static/Shared/jqueryui/images/ui-bg_highlight-soft_100_c6c2c8_1x100.png HTTP/1.1" 404 1117
181.162.154.70 - - [23/May/2022:11:02:55 -0300] "GET /cormun/static/Shared/jqueryui/images/ui-bg_flat_55_fafafa_40x100.png HTTP/1.1" 404 1097
181.162.154.70 - - [23/May/2022:11:02:55 -0300] "GET /cormun/static/Shared/jqueryui/images/ui-icons_8d78a5_256x240.png HTTP/1.1" 404 1089
181.162.154.70 - - [23/May/2022:11:02:55 -0300] "POST /cormun/servlet/trautorizarsolicitud?828d05dc0f3f70c38adfd43939ce778f,,gx-no-cache=1653313781980 HTTP/1.1" 200 4525
186.67.172.234 - - [23/May/2022:11:02:56 -0300] "GET /cormun/servlet/trautorizarsolicitud? HTTP/1.1" 200 8898
186.67.172.234 - - [23/May/2022:11:02:56 -0300] "GET /cormun/servlet/trautorizarsolicitud? HTTP/1.1" 200 8898
186.67.172.234 - - [23/May/2022:11:03:01 -0300] "POST /cormun/servlet/trautorizarsolicitud?e2d4200e8b6948e96f02f6700fa56a57,,gx-no-cache=1653313787799 HTTP/1.1" 200 4781
186.67.172.234 - - [23/May/2022:11:03:01 -0300] "GET /cormun/static/Shared/jqueryui/images/ui-icons_82798d_256x240.png HTTP/1.1" 404 1089
186.67.172.234 - - [23/May/2022:11:03:01 -0300] "GET /cormun/static/Shared/jqueryui/images/ui-bg_highlight-soft_100_c6c2c8_1x100.png HTTP/1.1" 404 1117
186.67.172.234 - - [23/May/2022:11:03:01 -0300] "GET /cormun/static/Shared/jqueryui/images/ui-bg_flat_55_fafafa_40x100.png HTTP/1.1" 404 1097
186.67.172.234 - - [23/May/2022:11:03:01 -0300] "GET /cormun/static/Shared/jqueryui/images/ui-icons_8d78a5_256x240.png HTTP/1.1" 404 1089
186.67.172.234 - - [23/May/2022:11:03:01 -0300] "POST /cormun/servlet/trautorizarsolicitud?e2d4200e8b6948e96f02f6700fa56a57,,gx-no-cache=1653313787989 HTTP/1.1" 200 4546
190.171.149.90 - - [23/May/2022:11:03:02 -0300] "GET /cormun/servlet/prfichaempleado?,MD,,gxPopupLevel%3D0%3B HTTP/1.1" 200 9238
186.67.172.234 - - [23/May/2022:11:03:05 -0300] "GET /cormun/servlet/trlicencias? HTTP/1.1" 200 15519
186.67.172.234 - - [23/May/2022:11:03:06 -0300] "GET /cormun/servlet/trlicencias? HTTP/1.1" 200 15519
190.171.149.90 - - [23/May/2022:11:03:12 -0300] "POST /cormun/servlet/prfichaempleado?2f709a46ac9571648553624437be981f,,MD,,gxPopupLevel%3D0%3B,gx-no-cache=1653313801435 HTTP/1.1" 200 3421
190.171.154.42 - - [23/May/2022:11:03:55 -0300] "POST /cormun/servlet/trlicencias?103d20cdb75bc88df83b812999459549,,gx-no-cache=1653313842268 HTTP/1.1" 200 10537
192.168.10.96 - - [23/May/2022:11:03:57 -0300] "GET /cormun/servlet/trsolicitudgral? HTTP/1.1" 200 11544
192.168.10.96 - - [23/May/2022:11:03:58 -0300] "GET /cormun/servlet/trsolicitudgral? HTTP/1.1" 200 11543
190.171.149.90 - - [23/May/2022:11:04:54 -0300] "POST /cormun/servlet/solicitudot?gx-no-cache=1653313902818 HTTP/1.1" 200 1457
190.171.149.90 - - [23/May/2022:11:04:54 -0300] "GET /cormun/static/menuarrow.gif HTTP/1.1" 404 1015
190.171.154.42 - - [23/May/2022:11:04:59 -0300] "POST /cormun/servlet/trlicencias?103d20cdb75bc88df83b812999459549,,gx-no-cache=1653313906084 HTTP/1.1" 200 6293
190.171.149.90 - - [23/May/2022:11:05:01 -0300] "POST /cormun/servlet/solicitudot?gx-no-cache=1653313910526 HTTP/1.1" 200 122
190.171.149.90 - - [23/May/2022:11:05:02 -0300] "GET /cormun/servlet/solicitudot?0bacf49df43d6bff4fa2ce70067eb832b5b0a64133b873a8261e01412f5cb04216a85e1816d2f8d15a495cc7887ad89df714975fecfaeefb97f85d8dcac076bf8ad051c170949baa4ae1c0b76d20e363742f3e92e09c37682da90bb634188f8ac8f7e686e16639a590a29c775307300e,gx-no-cache=1653313910625 HTTP/1.1" 200 110
190.171.149.90 - - [23/May/2022:11:05:02 -0300] "POST /cormun/servlet/solicitudot?gx-no-cache=1653313910666 HTTP/1.1" 200 79
186.103.157.98 - - [23/May/2022:11:05:09 -0300] "GET /cormun/servlet/hlogin HTTP/1.1" 200 1723
186.103.157.98 - - [23/May/2022:11:05:09 -0300] "GET /cormun/servlet/hlogin HTTP/1.1" 200 1734
186.103.157.98 - - [23/May/2022:11:05:09 -0300] "GET /favicon.ico HTTP/1.1" 200 21630
186.103.157.98 - - [23/May/2022:11:05:12 -0300] "POST /cormun/servlet/hlogin?f85323d598dffc7aa0a94f4836ceea0a,gx-no-cache=1653313921157 HTTP/1.1" 200 90
186.103.157.98 - - [23/May/2022:11:05:12 -0300] "GET /cormun/servlet/hpexe_link HTTP/1.1" 200 952
186.103.157.98 - - [23/May/2022:11:05:12 -0300] "GET /cormun/servlet/hhome HTTP/1.1" 200 4221
186.103.157.98 - - [23/May/2022:11:05:12 -0300] "GET /cormun/servlet/hhome HTTP/1.1" 200 4219
186.103.157.98 - - [23/May/2022:11:05:15 -0300] "GET /cormun/servlet/trlicencias? HTTP/1.1" 200 10119
186.103.157.98 - - [23/May/2022:11:05:16 -0300] "GET /cormun/servlet/trlicencias? HTTP/1.1" 200 10101
190.171.154.42 - - [23/May/2022:11:05:21 -0300] "POST /cormun/servlet/trlicencias?103d20cdb75bc88df83b812999459549,,gx-no-cache=1653313928397 HTTP/1.1" 200 5691
190.171.149.90 - - [23/May/2022:11:05:35 -0300] "POST /cormun/servlet/solicitudot?gx-no-cache=1653313943968 HTTP/1.1" 200 41
190.171.149.90 - - [23/May/2022:11:05:35 -0300] "GET /cormun/servlet/solicitudot?0bacf49df43d6bff4fa2ce70067eb832b5b0a64133b873a8261e01412f5cb04216a85e1816d2f8d15a495cc7887ad89df714975fecfaeefb97f85d8dcac076bf8ad051c170949baa4ae1c0b76d20e363742f3e92e09c37682da90bb634188f8ac8f7e686e16639a590a29c775307300e,gx-no-cache=1653313944056 HTTP/1.1" 200 110
190.171.154.42 - - [23/May/2022:11:05:38 -0300] "POST /cormun/servlet/trlicencias?103d20cdb75bc88df83b812999459549,,gx-no-cache=1653313944688 HTTP/1.1" 200 10537
186.103.157.98 - - [23/May/2022:11:05:38 -0300] "GET /cormun/servlet/trcontratosolicitud? HTTP/1.1" 200 14403
186.103.157.98 - - [23/May/2022:11:05:38 -0300] "GET /cormun/static/gxui/gxui-all.css?110300 HTTP/1.1" 200 2179
186.103.157.98 - - [23/May/2022:11:05:38 -0300] "GET /cormun/static/calendar-system.css?75620 HTTP/1.1" 200 5572
186.103.157.98 - - [23/May/2022:11:05:38 -0300] "GET /cormun/static/gxcfg.js?20199142011887 HTTP/1.1" 200 953
186.103.157.98 - - [23/May/2022:11:05:38 -0300] "GET /cormun/static/Resources/Spanish/PXTools.css?19172979 HTTP/1.1" 200 100853
186.103.157.98 - - [23/May/2022:11:05:38 -0300] "GET /cormun/static/trcontratosolicitud.js?201991420111348 HTTP/1.1" 200 28237
186.103.157.98 - - [23/May/2022:11:05:38 -0300] "GET /cormun/static/Shared/ext/resources/css/ext-all.css?205870 HTTP/1.1" 200 416045
186.103.157.98 - - [23/May/2022:11:05:39 -0300] "GET /cormun//static/Resources/PXToolsGridNew.png HTTP/1.1" 200 427
186.103.157.98 - - [23/May/2022:11:05:39 -0300] "GET /cormun/servlet/trcontratosolicitud? HTTP/1.1" 200 14397
190.95.2.157 - - [23/May/2022:11:05:52 -0300] "GET /cormun/servlet/hlogin HTTP/1.1" 200 1730
190.95.2.157 - - [23/May/2022:11:05:52 -0300] "GET /cormun/servlet/hlogin HTTP/1.1" 200 1740
190.95.2.157 - - [23/May/2022:11:06:00 -0300] "POST /cormun/servlet/hlogin?bd0489a83c2db3cc82c963f6b4a11506,gx-no-cache=1653313967557 HTTP/1.1" 200 90
190.95.2.157 - - [23/May/2022:11:06:01 -0300] "GET /cormun/servlet/hpexe_link HTTP/1.1" 200 956
190.95.2.157 - - [23/May/2022:11:06:01 -0300] "GET /cormun/servlet/hhome HTTP/1.1" 200 4301
190.95.2.157 - - [23/May/2022:11:06:01 -0300] "GET /cormun/servlet/hhome HTTP/1.1" 200 4297
190.171.149.90 - - [23/May/2022:11:06:08 -0300] "GET /cormun/servlet/solicitudot?0bacf49df43d6bff4fa2ce70067eb8320201972ae1d33fd4d2614c4b2a34358d90b03d28ff6b46eb8e337dcaf16ccb1a,gx-no-cache=1653313976853 HTTP/1.1" 200 30
190.171.149.90 - - [23/May/2022:11:06:08 -0300] "POST /cormun/servlet/solicitudot?gx-no-cache=1653313976906 HTTP/1.1" 200 122
190.171.149.90 - - [23/May/2022:11:06:14 -0300] "GET /cormun/servlet/trlicencias? HTTP/1.1" 200 9642
190.171.149.90 - - [23/May/2022:11:06:14 -0300] "GET /cormun/static/gxcfg.js?2020121613995 HTTP/1.1" 200 953
190.171.149.90 - - [23/May/2022:11:06:14 -0300] "GET /cormun/static/trlicencias.js?202012162481 HTTP/1.1" 200 41883
190.171.149.90 - - [23/May/2022:11:06:15 -0300] "GET /cormun/servlet/trlicencias? HTTP/1.1" 200 9633
190.95.2.157 - - [23/May/2022:11:06:17 -0300] "GET /cormun/servlet/trpermisosgoce? HTTP/1.1" 200 9327
190.95.2.157 - - [23/May/2022:11:06:17 -0300] "GET /cormun/static/trpermisosgoce.js?2020121633681 HTTP/1.1" 304 -
190.95.2.157 - - [23/May/2022:11:06:18 -0300] "GET /cormun/servlet/trpermisosgoce? HTTP/1.1" 200 9325
190.95.2.157 - - [23/May/2022:11:06:21 -0300] "GET /cormun/servlet/permisogoce?INS,0,,, HTTP/1.1" 200 7190
190.95.2.157 - - [23/May/2022:11:06:22 -0300] "GET /cormun/servlet/permisogoce?INS,0,,, HTTP/1.1" 200 7190
190.171.141.90 - - [23/May/2022:11:06:24 -0300] "GET /cormun/static/menuarrow.gif HTTP/1.1" 404 1015
186.103.157.98 - - [23/May/2022:11:06:26 -0300] "POST /cormun/servlet/trcontratosolicitud?f85323d598dffc7aa0a94f4836ceea0a,,gx-no-cache=1653313995055 HTTP/1.1" 200 12251
186.103.157.98 - - [23/May/2022:11:06:27 -0300] "GET /cormun/static/Resources/PXToolsGridNext.gif HTTP/1.1" 200 369
186.103.157.98 - - [23/May/2022:11:06:27 -0300] "GET /cormun/static/Resources/PXToolsGridLast.gif HTTP/1.1" 200 370
190.171.141.90 - - [23/May/2022:11:06:31 -0300] "POST /cormun/servlet/trpermisosgoce?17e9d78b827ccea3c724b917e68f3b6f,gx-no-cache=1653313517004,gx-no-cache=1653313995220 HTTP/1.1" 200 16240
186.103.157.98 - - [23/May/2022:11:06:31 -0300] "POST /cormun/servlet/trcontratosolicitud?f85323d598dffc7aa0a94f4836ceea0a,,gx-no-cache=1653314000631 HTTP/1.1" 200 6448
186.103.157.98 - - [23/May/2022:11:06:31 -0300] "GET /cormun/static/Resources/PXToolsGridPrevious.gif HTTP/1.1" 200 369
186.103.157.98 - - [23/May/2022:11:06:31 -0300] "GET /cormun/static/Resources/PXToolsGridFirst.gif HTTP/1.1" 200 379
190.171.149.90 - - [23/May/2022:11:06:32 -0300] "GET /cormun/servlet/trsolicitudot? HTTP/1.1" 200 7165
190.171.149.90 - - [23/May/2022:11:06:32 -0300] "GET /cormun/servlet/trsolicitudot? HTTP/1.1" 200 7165
190.171.141.90 - - [23/May/2022:11:06:32 -0300] "POST /cormun/servlet/trpermisosgoce?17e9d78b827ccea3c724b917e68f3b6f,gx-no-cache=1653313517004,gx-no-cache=1653313996866 HTTP/1.1" 200 104
190.171.141.90 - - [23/May/2022:11:06:32 -0300] "GET /cormun/PermisosGoce-2461.xls HTTP/1.1" 200 28672
181.203.55.50 - - [23/May/2022:11:06:43 -0300] "GET /cormun/servlet/trsolicitudadjuntos?2022,18736, HTTP/1.1" 200 5975
181.203.55.50 - - [23/May/2022:11:06:44 -0300] "GET /cormun/servlet/trsolicitudadjuntos?2022,18736, HTTP/1.1" 200 5975
181.203.55.50 - - [23/May/2022:11:06:44 -0300] "GET /cormun/servlet/trsolicitudot? HTTP/1.1" 200 9001
181.203.55.50 - - [23/May/2022:11:06:44 -0300] "GET /cormun/servlet/trsolicitudot? HTTP/1.1" 200 8999
190.95.2.157 - - [23/May/2022:11:06:49 -0300] "GET /cormun/servlet/permisogoce?b77c4f675a4f060a711aa1bf971125d16eb5fc54129543863ba431b74c3a5b6f7b83db16614fc0f5cbca22d615a5fca429dc8bf97af92e9c56a0f673c1090864,gx-no-cache=1653314015870 HTTP/1.1" 200 84
190.95.2.157 - - [23/May/2022:11:06:49 -0300] "GET /cormun/static/menuarrow.gif HTTP/1.1" 404 1015
190.95.2.157 - - [23/May/2022:11:06:58 -0300] "GET /cormun/servlet/permisogoce?b77c4f675a4f060a711aa1bf971125d12869042bd8a1d2733a4d2e448d5a8fabc5edc8648d7491bdeb8f85b2024f9239b119895aadab0235d44a90be0739cafd,gx-no-cache=1653314025435 HTTP/1.1" 200 129
190.95.2.157 - - [23/May/2022:11:06:58 -0300] "GET /cormun/static/Shared/jqueryui/images/ui-bg_highlight-soft_100_c6c2c8_1x100.png HTTP/1.1" 404 1117
190.95.2.157 - - [23/May/2022:11:06:58 -0300] "GET /cormun/static/Shared/jqueryui/images/ui-icons_82798d_256x240.png HTTP/1.1" 404 1089
190.95.2.157 - - [23/May/2022:11:06:58 -0300] "GET /cormun/static/Shared/jqueryui/images/ui-bg_flat_55_994d53_40x100.png HTTP/1.1" 404 1097
190.95.2.157 - - [23/May/2022:11:06:58 -0300] "GET /cormun/static/Shared/jqueryui/images/ui-icons_ebccce_256x240.png HTTP/1.1" 404 1089
190.95.2.157 - - [23/May/2022:11:07:08 -0300] "GET /cormun/servlet/permisogoce?b77c4f675a4f060a711aa1bf971125d12869042bd8a1d2733a4d2e448d5a8fab46e11496cbb1752b4f421bb06327486cb119895aadab0235d44a90be0739cafd,gx-no-cache=1653314034890 HTTP/1.1" 200 47
190.95.2.157 - - [23/May/2022:11:07:15 -0300] "POST /cormun/servlet/permisogoce?bd0489a83c2db3cc82c963f6b4a11506,INS,0,,,,gx-no-cache=1653314042030 HTTP/1.1" 200 93
190.95.2.157 - - [23/May/2022:11:07:16 -0300] "GET /cormun/servlet/hpexe_return? HTTP/1.1" 200 1015
190.95.2.157 - - [23/May/2022:11:07:16 -0300] "GET /cormun/servlet/trpermisosgoce HTTP/1.1" 200 9565
190.95.2.157 - - [23/May/2022:11:07:16 -0300] "GET /cormun/servlet/trpermisosgoce HTTP/1.1" 200 9560
190.95.2.157 - - [23/May/2022:11:07:21 -0300] "GET /cormun/servlet/trpermisosadjuntos?9623662,20220523095016,P, HTTP/1.1" 200 6619
190.95.2.157 - - [23/May/2022:11:07:21 -0300] "GET /cormun/static/trpermisosadjuntos.js?2020121642996 HTTP/1.1" 304 -
190.95.2.157 - - [23/May/2022:11:07:21 -0300] "GET /cormun/servlet/trpermisosadjuntos?9623662,20220523095016,P, HTTP/1.1" 200 6620
190.95.2.157 - - [23/May/2022:11:07:23 -0300] "GET /cormun/servlet/permisosadjuntos?INS,9623662,P,20220523095016,, HTTP/1.1" 200 5947
190.95.2.157 - - [23/May/2022:11:07:23 -0300] "GET /cormun/static/about:blank HTTP/1.1" 404 1011
190.95.2.157 - - [23/May/2022:11:07:23 -0300] "GET /cormun/servlet/permisosadjuntos?INS,9623662,P,20220523095016,, HTTP/1.1" 200 5937
190.95.2.157 - - [23/May/2022:11:07:29 -0300] "POST /cormun/servlet/permisosadjuntos?bd0489a83c2db3cc82c963f6b4a11506,INS,9623662,P,20220523095016,, HTTP/1.1" 200 116
190.95.2.157 - - [23/May/2022:11:07:29 -0300] "GET /cormun/servlet/hpexe_return? HTTP/1.1" 200 1042
190.95.2.157 - - [23/May/2022:11:07:30 -0300] "GET /cormun/servlet/trpermisosadjuntos?9623662,20220523095016,P, HTTP/1.1" 200 7106
190.95.2.157 - - [23/May/2022:11:07:30 -0300] "GET /cormun/servlet/trpermisosadjuntos?9623662,20220523095016,P, HTTP/1.1" 200 7103
190.95.2.157 - - [23/May/2022:11:07:33 -0300] "POST /cormun/servlet/trpermisosadjuntos?bd0489a83c2db3cc82c963f6b4a11506,9623662,20220523095016,P,,gx-no-cache=1653314059862 HTTP/1.1" 200 90
190.95.2.157 - - [23/May/2022:11:07:33 -0300] "GET /cormun/servlet/hpexe_link HTTP/1.1" 200 987
190.95.2.157 - - [23/May/2022:11:07:33 -0300] "GET /cormun/servlet/trpermisosgoce HTTP/1.1" 200 9558
190.95.2.157 - - [23/May/2022:11:07:33 -0300] "GET /cormun/servlet/trpermisosgoce HTTP/1.1" 200 9557
190.95.2.157 - - [23/May/2022:11:07:37 -0300] "POST /cormun/servlet/trpermisosgoce?bd0489a83c2db3cc82c963f6b4a11506,gx-no-cache=1653314064231 HTTP/1.1" 200 6819
190.95.2.157 - - [23/May/2022:11:07:37 -0300] "GET /cormun/static/Shared/jqueryui/images/ui-bg_highlight-soft_100_c6c2c8_1x100.png HTTP/1.1" 404 1117
190.95.2.157 - - [23/May/2022:11:07:37 -0300] "GET /cormun/static/Shared/jqueryui/images/ui-icons_82798d_256x240.png HTTP/1.1" 404 1089
190.95.2.157 - - [23/May/2022:11:07:37 -0300] "GET /cormun/static/Shared/jqueryui/images/ui-bg_flat_55_fafafa_40x100.png HTTP/1.1" 404 1097
190.95.2.157 - - [23/May/2022:11:07:37 -0300] "GET /cormun/static/Shared/jqueryui/images/ui-icons_8d78a5_256x240.png HTTP/1.1" 404 1089
190.95.2.157 - - [23/May/2022:11:07:39 -0300] "GET /cormun/servlet/apermisogoceprn?9623662,P,20220523095016,PU HTTP/1.1" 200 1659
190.171.149.90 - - [23/May/2022:11:08:00 -0300] "GET /cormun/servlet/trsolicitudot? HTTP/1.1" 200 7165
190.171.149.90 - - [23/May/2022:11:08:01 -0300] "GET /cormun/servlet/trsolicitudot? HTTP/1.1" 200 7165
190.95.2.157 - - [23/May/2022:11:08:03 -0300] "GET /cormun/servlet/trautorizarpermisogoce? HTTP/1.1" 200 7973
190.95.2.157 - - [23/May/2022:11:08:04 -0300] "GET /cormun/servlet/trautorizarpermisogoce? HTTP/1.1" 200 7973
190.95.2.157 - - [23/May/2022:11:08:11 -0300] "POST /cormun/servlet/trautorizarpermisogoce?bd0489a83c2db3cc82c963f6b4a11506,,gx-no-cache=1653314097627 HTTP/1.1" 200 4524
190.95.2.157 - - [23/May/2022:11:08:11 -0300] "GET /cormun/static/Shared/jqueryui/images/ui-bg_highlight-soft_100_c6c2c8_1x100.png HTTP/1.1" 404 1117
190.95.2.157 - - [23/May/2022:11:08:11 -0300] "GET /cormun/static/Shared/jqueryui/images/ui-icons_82798d_256x240.png HTTP/1.1" 404 1089
190.95.2.157 - - [23/May/2022:11:08:11 -0300] "GET /cormun/static/Shared/jqueryui/images/ui-icons_8d78a5_256x240.png HTTP/1.1" 404 1089
