190.171.154.42 - - [20/May/2022:10:09:46 -0300] "GET /cormun/static/PXToolsJavascripts/pexe_picture.js HTTP/1.1" 200 689
190.171.154.42 - - [20/May/2022:10:09:46 -0300] "GET /cormun/static/PXToolsJavascripts/pexe_popup.js HTTP/1.1" 200 13458
190.171.154.42 - - [20/May/2022:10:09:46 -0300] "GET /cormun/static/PXToolsJavascripts/pexe_tabdivfix.js HTTP/1.1" 200 876
190.171.154.42 - - [20/May/2022:10:09:46 -0300] "GET /cormun/static/PXToolsJavascripts/pexe_scrolldiv.js HTTP/1.1" 200 4138
190.171.154.42 - - [20/May/2022:10:09:46 -0300] "GET /cormun/static/PXToolsJavascripts/pexe_tabs.js HTTP/1.1" 200 3748
190.171.154.42 - - [20/May/2022:10:09:46 -0300] "GET /cormun/static/PXToolsJavascripts/pexe_upload.js HTTP/1.1" 200 1423
190.171.154.42 - - [20/May/2022:10:09:46 -0300] "GET /cormun/static/PXToolsJavascripts/PXToolsJavascriptsRender.js HTTP/1.1" 200 367
190.171.154.42 - - [20/May/2022:10:09:46 -0300] "GET /cormun/static/Shared/ext/locale/ext-lang-en.js HTTP/1.1" 200 10940
190.171.154.42 - - [20/May/2022:10:09:46 -0300] "GET /cormun/static/messages.spa.js?85251 HTTP/1.1" 200 30736
190.171.154.42 - - [20/May/2022:10:09:46 -0300] "GET /cormun/static/gxdec.js?85251 HTTP/1.1" 200 19579
190.171.154.42 - - [20/May/2022:10:09:47 -0300] "GET /cormun/static/trlicencias.js?202012162481 HTTP/1.1" 200 41883
190.171.154.42 - - [20/May/2022:10:09:48 -0300] "GET /cormun/static/hwchdr01.js?20201214473739 HTTP/1.1" 200 996
190.171.154.42 - - [20/May/2022:10:09:48 -0300] "GET /cormun/static/hpexe_recentlink.js?20201214471090 HTTP/1.1" 200 2144
190.171.154.42 - - [20/May/2022:10:09:48 -0300] "GET /cormun/static/hpexe_scripts.js?20201214471411 HTTP/1.1" 200 1544
190.171.154.42 - - [20/May/2022:10:09:48 -0300] "GET /cormun/static/hpexe_messagecontroller.js?201991422154126 HTTP/1.1" 200 870
190.171.154.42 - - [20/May/2022:10:09:48 -0300] "GET /cormun/static/hpexe_messagepopupcomponent.js?2020121447232 HTTP/1.1" 200 605
190.171.154.42 - - [20/May/2022:10:09:48 -0300] "GET /cormun/static/hpexe_messagegenexuscomponent.js?2020121447173 HTTP/1.1" 200 587
190.171.154.42 - - [20/May/2022:10:09:48 -0300] "GET /cormun/static/cmcontrolpreferences.js?20199141926336 HTTP/1.1" 200 1375
190.171.154.42 - - [20/May/2022:10:09:48 -0300] "GET /cormun/static/SmoothNavMenu/resources/ddsmoothmenu.js HTTP/1.1" 200 12712
190.171.154.42 - - [20/May/2022:10:09:48 -0300] "GET /cormun/static/SmoothNavMenu/resources/SmoothNavMenuRender.js HTTP/1.1" 200 5951
190.171.154.42 - - [20/May/2022:10:09:48 -0300] "GET /cormun/static/Shared/jquery/jquery-1.4.2.min.js HTTP/1.1" 200 72174
190.171.154.42 - - [20/May/2022:10:09:48 -0300] "GET /cormun/static/Resources/Llave.png HTTP/1.1" 200 1395
190.171.154.42 - - [20/May/2022:10:09:48 -0300] "GET /cormun/static/Shared/jquery/jquery-1.10.2.min.js HTTP/1.1" 200 273199
190.171.154.42 - - [20/May/2022:10:09:48 -0300] "GET /cormun/static/Shared/jqueryui/jquery-ui.min.js HTTP/1.1" 200 240427
190.171.154.42 - - [20/May/2022:10:09:48 -0300] "GET /cormun/static/Resources/ImgLogin.png HTTP/1.1" 200 1432
190.171.154.42 - - [20/May/2022:10:09:48 -0300] "GET /cormun/static/Resources/Logo2019_Small.png HTTP/1.1" 200 10855
190.171.154.42 - - [20/May/2022:10:09:48 -0300] "GET /cormun/static/Resources/ImgHome.png HTTP/1.1" 200 1364
190.171.154.42 - - [20/May/2022:10:09:48 -0300] "GET /cormun/static/Resources/PXToolsDataTitle.png HTTP/1.1" 200 1173
190.171.154.42 - - [20/May/2022:10:09:48 -0300] "GET /cormun/static/Resources/PXToolsActionExcel.png HTTP/1.1" 200 727
190.171.154.42 - - [20/May/2022:10:09:48 -0300] "GET /cormun/static/Resources/PXToolsGridPage.gif HTTP/1.1" 200 725
190.171.154.42 - - [20/May/2022:10:09:48 -0300] "GET /cormun/static/Resources/PXToolsGridPreviousDisabled.gif HTTP/1.1" 200 90
190.171.154.42 - - [20/May/2022:10:09:49 -0300] "GET /cormun/static/Resources/PXToolsGridLastDisabled.gif HTTP/1.1" 200 98
190.171.154.42 - - [20/May/2022:10:09:49 -0300] "GET /cormun/static/Resources/PXToolsAddAllAction.png HTTP/1.1" 200 495
190.171.154.42 - - [20/May/2022:10:09:49 -0300] "GET /cormun/static/Resources/PXToolsGridNextDisabled.gif HTTP/1.1" 200 90
190.171.154.42 - - [20/May/2022:10:09:49 -0300] "GET /cormun/static/Resources/PXToolsGridFirstDisabled.gif HTTP/1.1" 200 100
190.171.154.42 - - [20/May/2022:10:09:49 -0300] "GET /cormun/static/scaMessage/js/jquery.pnotify.min.js HTTP/1.1" 200 13038
190.171.154.42 - - [20/May/2022:10:09:49 -0300] "GET /cormun/static/scaMessage/scaMessageRender.js HTTP/1.1" 200 11977
190.171.154.42 - - [20/May/2022:10:09:49 -0300] "GET /cormun/static/hmpwkw03.js?20201215501896 HTTP/1.1" 200 3973
190.171.154.42 - - [20/May/2022:10:09:49 -0300] "GET /cormun/static/Resources/PXTools/calendar.png HTTP/1.1" 200 1306
190.171.154.42 - - [20/May/2022:10:09:49 -0300] "GET /cormun/static/Resources/PXToolsDataSearch.png HTTP/1.1" 200 435
190.171.154.42 - - [20/May/2022:10:09:50 -0300] "GET /cormun/servlet/trlicencias? HTTP/1.1" 200 12965
190.171.154.42 - - [20/May/2022:10:09:50 -0300] "GET /cormun/static/Resources/indicator.gif HTTP/1.1" 200 1553
190.171.154.42 - - [20/May/2022:10:09:50 -0300] "GET /cormun/static/Resources/asc.gif HTTP/1.1" 200 67
190.171.154.42 - - [20/May/2022:10:09:50 -0300] "GET /cormun/static/Resources/desc.gif HTTP/1.1" 200 65
190.171.154.42 - - [20/May/2022:10:09:50 -0300] "GET /cormun//static/Resources/PXToolsActionDisabled.gif HTTP/1.1" 200 53
190.171.154.42 - - [20/May/2022:10:09:50 -0300] "GET /cormun//static/Resources/PXToolsGridDisplay.png HTTP/1.1" 200 525
190.171.154.42 - - [20/May/2022:10:09:50 -0300] "GET /cormun//static/Resources/PXTools/ActionInsert.png HTTP/1.1" 200 1482
190.171.154.42 - - [20/May/2022:10:09:50 -0300] "GET /cormun//static/Resources/PXToolsHeaderFavorites.png HTTP/1.1" 200 1414
190.171.154.42 - - [20/May/2022:10:09:50 -0300] "GET /cormun//static/Resources/PXToolsActionPrint.png HTTP/1.1" 200 404
190.171.154.42 - - [20/May/2022:10:09:50 -0300] "GET /cormun//static/Resources/PXToolsHeaderHelp.png HTTP/1.1" 200 1333
190.171.154.42 - - [20/May/2022:10:09:51 -0300] "GET /cormun/static/SmoothNavMenu/resources/images/down.gif HTTP/1.1" 200 854
190.171.154.42 - - [20/May/2022:10:09:51 -0300] "GET /cormun/static/SmoothNavMenu/resources/images/right.gif HTTP/1.1" 200 860
190.171.154.42 - - [20/May/2022:10:09:51 -0300] "GET /cormun/static/Shared/ext/resources/themes/images/default/panel/bg-headersPanel.png HTTP/1.1" 200 255
190.171.154.42 - - [20/May/2022:10:09:51 -0300] "GET /cormun/static/Shared/ext/resources/themes/images/default/tools/tool-sprites.gif HTTP/1.1" 200 5434
190.171.154.42 - - [20/May/2022:10:09:55 -0300] "GET /cormun/servlet/trlicencias? HTTP/1.1" 200 12971
190.171.154.42 - - [20/May/2022:10:09:59 -0300] "GET /cormun/servlet/trlicencias? HTTP/1.1" 200 12973
190.171.149.90 - - [20/May/2022:10:10:01 -0300] "POST /cormun/servlet/prfichaempleado?c90ed5a20b235f2bb9c726dbdc2085c4,,MD,,gxPopupLevel%3D0%3B,gx-no-cache=1653051411810 HTTP/1.1" 200 3183
190.171.149.90 - - [20/May/2022:10:10:19 -0300] "POST /cormun/servlet/prfichaempleado?c90ed5a20b235f2bb9c726dbdc2085c4,,MD,,gxPopupLevel%3D0%3B,gx-no-cache=1653051429285 HTTP/1.1" 200 6264
190.171.149.90 - - [20/May/2022:10:10:19 -0300] "GET /cormun/static/Resources/PXToolsGridNext.gif HTTP/1.1" 200 369
190.171.149.90 - - [20/May/2022:10:10:19 -0300] "GET /cormun/static/Resources/PXToolsGridLast.gif HTTP/1.1" 200 370
190.171.149.90 - - [20/May/2022:10:10:39 -0300] "POST /cormun/servlet/prfichaempleado?c90ed5a20b235f2bb9c726dbdc2085c4,,MD,,gxPopupLevel%3D0%3B,gx-no-cache=1653051449421 HTTP/1.1" 200 3541
190.171.154.42 - - [20/May/2022:10:10:39 -0300] "POST /cormun/servlet/trlicencias?9cd17bf5ad099ea76632bc07db10dedb,,gx-no-cache=1653051448225 HTTP/1.1" 200 5974
190.171.152.114 - - [20/May/2022:10:10:56 -0300] "POST /cormun/servlet/solicitudot?gx-no-cache=1653051465166 HTTP/1.1" 200 72
190.171.149.90 - - [20/May/2022:10:11:00 -0300] "POST /cormun/servlet/solicitudot?gx-no-cache=1653051470615 HTTP/1.1" 200 3859
190.171.149.90 - - [20/May/2022:10:11:00 -0300] "POST /cormun/servlet/solicitudot?c90ed5a20b235f2bb9c726dbdc2085c4,INS,0,0,false,,gx-no-cache=1653051470829 HTTP/1.1" 200 12455
190.171.149.90 - - [20/May/2022:10:11:02 -0300] "GET /cormun/servlet/solicitudot?6cf6a223c5ca518f792576d05441bae4d86b0db6e4c9d10f8afeff50cf8c0a705ed7081a78cc1505b7d920bf8429844d,gx-no-cache=1653051472486 HTTP/1.1" 200 30
190.171.149.90 - - [20/May/2022:10:11:04 -0300] "GET /cormun/servlet/prfichaempleado?,MD,,gxPopupLevel%3D0%3B HTTP/1.1" 200 9245
190.171.149.90 - - [20/May/2022:10:11:09 -0300] "POST /cormun/servlet/prfichaempleado?c90ed5a20b235f2bb9c726dbdc2085c4,,MD,,gxPopupLevel%3D0%3B,gx-no-cache=1653051479696 HTTP/1.1" 200 4481
190.171.149.90 - - [20/May/2022:10:11:31 -0300] "POST /cormun/servlet/prfichaempleado?c90ed5a20b235f2bb9c726dbdc2085c4,,MD,,gxPopupLevel%3D0%3B,gx-no-cache=1653051501360 HTTP/1.1" 200 3174
190.171.154.42 - - [20/May/2022:10:11:54 -0300] "POST /cormun/servlet/trlicencias?9cd17bf5ad099ea76632bc07db10dedb,,gx-no-cache=1653051522941 HTTP/1.1" 200 10820
190.171.152.114 - - [20/May/2022:10:11:55 -0300] "POST /cormun/servlet/solicitudot?gx-no-cache=1653051525093 HTTP/1.1" 200 1455
190.171.141.138 - - [20/May/2022:10:11:57 -0300] "GET /cormun/servlet/hlogin HTTP/1.1" 200 1733
190.171.141.138 - - [20/May/2022:10:11:57 -0300] "GET /cormun/servlet/hlogin HTTP/1.1" 200 1743
190.171.152.114 - - [20/May/2022:10:11:59 -0300] "GET /cormun/servlet/prlicenciaspermisos?18650974,L,,MD,,gxPopupLevel%3D0%3B HTTP/1.1" 200 5638
190.171.141.138 - - [20/May/2022:10:12:02 -0300] "POST /cormun/servlet/hlogin?2db69a43b7542d2f6e4e17ce40991428,gx-no-cache=1653051544104 HTTP/1.1" 200 90
190.171.141.138 - - [20/May/2022:10:12:02 -0300] "GET /cormun/servlet/hpexe_link HTTP/1.1" 200 958
190.171.141.138 - - [20/May/2022:10:12:02 -0300] "GET /cormun/servlet/hhome HTTP/1.1" 200 4482
190.171.141.138 - - [20/May/2022:10:12:03 -0300] "GET /cormun/servlet/hhome HTTP/1.1" 200 4478
190.171.141.138 - - [20/May/2022:10:12:08 -0300] "GET /cormun/servlet/trlicencias? HTTP/1.1" 200 12472
190.171.141.138 - - [20/May/2022:10:12:08 -0300] "GET /cormun/servlet/trlicencias? HTTP/1.1" 200 12469
190.171.152.114 - - [20/May/2022:10:13:44 -0300] "POST /cormun/servlet/solicitudot?gx-no-cache=1653051633576 HTTP/1.1" 200 30
190.171.154.42 - - [20/May/2022:10:14:00 -0300] "POST /cormun/servlet/trlicencias?9cd17bf5ad099ea76632bc07db10dedb,,gx-no-cache=1653051649116 HTTP/1.1" 200 4445
190.171.152.114 - - [20/May/2022:10:14:01 -0300] "POST /cormun/servlet/solicitudot?gx-no-cache=1653051650932 HTTP/1.1" 200 1454
190.171.152.114 - - [20/May/2022:10:14:06 -0300] "GET /cormun/servlet/prlicenciaspermisos?17504218,L,,MD,,gxPopupLevel%3D0%3B HTTP/1.1" 200 5220
190.171.154.42 - - [20/May/2022:10:14:10 -0300] "POST /cormun/servlet/trlicencias?9cd17bf5ad099ea76632bc07db10dedb,,gx-no-cache=1653051659255 HTTP/1.1" 200 5978
190.171.152.114 - - [20/May/2022:10:14:13 -0300] "GET /cormun/static/menuarrow.gif HTTP/1.1" 404 1015
190.171.152.114 - - [20/May/2022:10:14:16 -0300] "GET /cormun/servlet/prlicenciaspermisos?17504218,L,,MD,,gxPopupLevel%3D0%3B HTTP/1.1" 200 5220
190.171.154.42 - - [20/May/2022:10:14:29 -0300] "POST /cormun/servlet/trlicencias?9cd17bf5ad099ea76632bc07db10dedb,,gx-no-cache=1653051677718 HTTP/1.1" 200 6538
190.171.152.114 - - [20/May/2022:10:14:47 -0300] "POST /cormun/servlet/solicitudot?gx-no-cache=1653051696799 HTTP/1.1" 200 122
190.171.152.114 - - [20/May/2022:10:14:47 -0300] "GET /cormun/static/Shared/jqueryui/images/ui-icons_82798d_256x240.png HTTP/1.1" 404 1089
190.171.152.114 - - [20/May/2022:10:14:47 -0300] "GET /cormun/static/Shared/jqueryui/images/ui-bg_flat_55_994d53_40x100.png HTTP/1.1" 404 1097
190.171.152.114 - - [20/May/2022:10:14:47 -0300] "GET /cormun/static/Shared/jqueryui/images/ui-bg_highlight-soft_100_c6c2c8_1x100.png HTTP/1.1" 404 1117
190.171.152.114 - - [20/May/2022:10:14:47 -0300] "GET /cormun/static/Shared/jqueryui/images/ui-icons_ebccce_256x240.png HTTP/1.1" 404 1089
190.171.152.114 - - [20/May/2022:10:14:47 -0300] "GET /cormun/servlet/solicitudot?a8f781a0185301deb5c00f69184552d05f0422022023e80c73afa755357cbde9bf8f9cb1ee2035d239e04a3b95bcba68790a35d4f3a68b9508ebdbd04a57fb8851676182783e9eba7baa5219874d059dfdbbf79d00e3bc15eee68c91d7b6a2dd27da5f23e0fe29bbb8ec99d65ce3ae71,gx-no-cache=1653051696852 HTTP/1.1" 200 110
190.171.152.114 - - [20/May/2022:10:14:47 -0300] "POST /cormun/servlet/solicitudot?gx-no-cache=1653051696905 HTTP/1.1" 200 105
190.171.152.114 - - [20/May/2022:10:14:47 -0300] "GET /cormun/servlet/solicitudot?a8f781a0185301deb5c00f69184552d02de63fa8af6780c28d2c8f057d65365c1bb0a87ad9701f303b2b9e242a7481ca0bc0e588f88c6f74f290c793cbaa2955e08eba6a677332471ccb25b2c5215216e16c7a9ad6cef80089d99f789b53cc5ff0f0d58f4d354934c09f1ac8ac8f5321,gx-no-cache=1653051696930 HTTP/1.1" 200 29
190.171.152.114 - - [20/May/2022:10:15:20 -0300] "GET /cormun/servlet/solicitudot?a8f781a0185301deb5c00f69184552d07987cc0d50e4c67e4efff74710a7ca952e6fe8451432f15bb17e83948f3d1e6d1526e78e3201348864d9fdbac7b9996cda5ac683cfc92a77c78267cb946ff7b9834c2c7892809909217833acf6d9bcf3ec20148c185f1f9bcc9f6544fa8c262b7e1d393879c7f62e6639b40962c427bb4a2280a242e2954b40038bf483a9ffb39ee89a804246060237dfe631878af3bc5a1f22e2f0821b4bd5374fa4c15f802196366a4a7933c70fed13d21e7656d29cfc78085de51f4c3b71d346ed0fcf4cbf9fe05fef07cc4ecac8dc82a1c977838355b4e5f696882f277778d3290d0b0b83905b5f0c937922d426816f877fac73982b1c02e7e5fdb8a0448c9013b6ccb7afaf8eb2b1c28d0be128c687a6645843a86dcd8fc80818f3668407c7fadb290fae06ea4903db318174770d3209b7cda9e13df76c25ed273750fd72088b9c25de5be66b28d94e3c5b5d2df8503ae9f9e0f841bd78c48f9a931d388b0a513d53e3b8e20586709c3b37bb6d19a8c36cc440ce735e8f98b261da279013109becd158ca,gx-no-cache=1653051729416 HTTP/1.1" 200 30
190.171.152.114 - - [20/May/2022:10:15:31 -0300] "POST /cormun/servlet/solicitudot?gx-no-cache=1653051740759 HTTP/1.1" 200 30
190.171.144.234 - - [20/May/2022:10:15:34 -0300] "GET /cormun/servlet/trlicencias? HTTP/1.1" 200 7251
190.171.144.234 - - [20/May/2022:10:15:36 -0300] "GET /cormun/static/gxcfg.js?2020121613995 HTTP/1.1" 200 953
190.171.144.234 - - [20/May/2022:10:15:38 -0300] "GET /cormun/static/trlicencias.js?202012162481 HTTP/1.1" 200 41883
181.212.43.89 - - [20/May/2022:10:15:38 -0300] "GET /cormun/servlet/trautorizarsolicitud? HTTP/1.1" 200 6211
190.171.144.234 - - [20/May/2022:10:15:38 -0300] "GET /cormun/servlet/hlogin HTTP/1.1" 200 1746
190.171.144.234 - - [20/May/2022:10:15:38 -0300] "GET /cormun/servlet/trlicencias? HTTP/1.1" 200 7245
181.212.43.89 - - [20/May/2022:10:15:39 -0300] "GET /cormun/servlet/hlogin HTTP/1.1" 200 1745
181.212.43.89 - - [20/May/2022:10:15:39 -0300] "GET /cormun/servlet/trautorizarsolicitud? HTTP/1.1" 200 6211
181.212.43.89 - - [20/May/2022:10:15:39 -0300] "GET /cormun/servlet/trautorizarsolicitud? HTTP/1.1" 200 6211
190.171.152.114 - - [20/May/2022:10:15:40 -0300] "POST /cormun/servlet/solicitudot?gx-no-cache=1653051750117 HTTP/1.1" 200 1455
190.171.144.234 - - [20/May/2022:10:15:43 -0300] "POST /cormun/servlet/hlogin?a95f114dfe05e7b519d88c7e35a3a234,gx-no-cache=1653051753218 HTTP/1.1" 200 90
190.171.144.234 - - [20/May/2022:10:15:43 -0300] "GET /cormun/servlet/hpexe_link HTTP/1.1" 200 961
190.171.144.234 - - [20/May/2022:10:15:43 -0300] "GET /cormun/servlet/trlicencias HTTP/1.1" 200 9554
190.171.144.234 - - [20/May/2022:10:15:44 -0300] "GET /cormun/servlet/trlicencias HTTP/1.1" 200 9552
190.171.152.114 - - [20/May/2022:10:15:46 -0300] "GET /cormun/servlet/prlicenciaspermisos?18650974,L,,MD,,gxPopupLevel%3D0%3B HTTP/1.1" 200 5638
181.212.43.89 - - [20/May/2022:10:15:48 -0300] "POST /cormun/servlet/hlogin?90e6a804e58722aef2860d0a26fab5e6,gx-no-cache=1653051758668 HTTP/1.1" 200 454
181.212.43.89 - - [20/May/2022:10:15:53 -0300] "POST /cormun/servlet/hlogin?90e6a804e58722aef2860d0a26fab5e6,gx-no-cache=1653051763210 HTTP/1.1" 200 454
190.171.152.114 - - [20/May/2022:10:15:54 -0300] "POST /cormun/servlet/solicitudot?gx-no-cache=1653051763449 HTTP/1.1" 200 41
190.171.152.114 - - [20/May/2022:10:15:54 -0300] "GET /cormun/servlet/solicitudot?a8f781a0185301deb5c00f69184552d05f0422022023e80c73afa755357cbde9bf8f9cb1ee2035d239e04a3b95bcba68790a35d4f3a68b9508ebdbd04a57fb8851676182783e9eba7baa5219874d059dfdbbf79d00e3bc15eee68c91d7b6a2dd27da5f23e0fe29bbb8ec99d65ce3ae71,gx-no-cache=1653051763470 HTTP/1.1" 200 110
190.171.152.114 - - [20/May/2022:10:15:54 -0300] "POST /cormun/servlet/solicitudot?gx-no-cache=1653051763493 HTTP/1.1" 200 91
181.212.43.89 - - [20/May/2022:10:15:57 -0300] "POST /cormun/servlet/hlogin?90e6a804e58722aef2860d0a26fab5e6,gx-no-cache=1653051767838 HTTP/1.1" 200 454
190.171.152.114 - - [20/May/2022:10:16:01 -0300] "GET /cormun/servlet/solicitudot?a8f781a0185301deb5c00f69184552d083d3960b3a626bf89006b79e4a458b32f720adcd0e2e33245df9dc911b5d292b,gx-no-cache=1653051770799 HTTP/1.1" 200 30
190.171.152.114 - - [20/May/2022:10:16:01 -0300] "POST /cormun/servlet/solicitudot?gx-no-cache=1653051770820 HTTP/1.1" 200 120
181.212.43.89 - - [20/May/2022:10:16:04 -0300] "POST /cormun/servlet/hlogin?90e6a804e58722aef2860d0a26fab5e6,gx-no-cache=1653051774708 HTTP/1.1" 200 454
190.171.142.26 - - [20/May/2022:10:16:04 -0300] "GET /cormun/servlet/trlicencias? HTTP/1.1" 200 7246
190.171.142.26 - - [20/May/2022:10:16:05 -0300] "GET /cormun/servlet/hlogin HTTP/1.1" 200 1747
190.171.142.26 - - [20/May/2022:10:16:05 -0300] "GET /cormun/servlet/trlicencias? HTTP/1.1" 200 7245
181.212.43.89 - - [20/May/2022:10:16:14 -0300] "POST /cormun/servlet/hlogin?90e6a804e58722aef2860d0a26fab5e6,gx-no-cache=1653051784924 HTTP/1.1" 200 90
181.212.43.89 - - [20/May/2022:10:16:14 -0300] "GET /cormun/servlet/hpexe_link HTTP/1.1" 200 960
181.212.43.89 - - [20/May/2022:10:16:14 -0300] "GET /cormun/servlet/trautorizarsolicitud HTTP/1.1" 200 10466
181.212.43.89 - - [20/May/2022:10:16:15 -0300] "GET /cormun/servlet/trautorizarsolicitud HTTP/1.1" 200 10465
190.171.152.114 - - [20/May/2022:10:16:15 -0300] "POST /cormun/servlet/solicitudot?gx-no-cache=1653051784912 HTTP/1.1" 200 34
181.212.43.89 - - [20/May/2022:10:16:20 -0300] "GET /cormun/servlet/trlicencias? HTTP/1.1" 200 14319
181.212.43.89 - - [20/May/2022:10:16:21 -0300] "GET /cormun/servlet/trlicencias? HTTP/1.1" 200 14331
190.171.141.106 - - [20/May/2022:10:16:43 -0300] "GET /cormun/servlet/hhome HTTP/1.1" 200 3315
190.171.141.106 - - [20/May/2022:10:16:45 -0300] "GET /cormun/servlet/hhome HTTP/1.1" 200 3325
190.171.141.106 - - [20/May/2022:10:16:45 -0300] "GET /cormun/servlet/hlogin HTTP/1.1" 200 1732
190.171.152.114 - - [20/May/2022:10:16:46 -0300] "POST /cormun/servlet/solicitudot?2d90e15f529e51eb6ebadb1bcc03d0c3,INS,0,0,false,,gx-no-cache=1653051814849 HTTP/1.1" 200 93
190.171.152.114 - - [20/May/2022:10:16:49 -0300] "GET /cormun/servlet/hpexe_return? HTTP/1.1" 200 1012
190.171.152.114 - - [20/May/2022:10:16:49 -0300] "GET /cormun/servlet/trsolicitudot HTTP/1.1" 200 8960
190.171.152.114 - - [20/May/2022:10:16:49 -0300] "GET /cormun/servlet/trsolicitudot HTTP/1.1" 200 8954
190.171.141.106 - - [20/May/2022:10:16:53 -0300] "POST /cormun/servlet/hlogin?b3df8b275ed6d94f3abe868a6cd403b7,gx-no-cache=1653048322437 HTTP/1.1" 200 90
190.171.141.106 - - [20/May/2022:10:16:53 -0300] "GET /cormun/servlet/hpexe_link HTTP/1.1" 200 947
190.171.141.106 - - [20/May/2022:10:16:53 -0300] "GET /cormun/servlet/hhome HTTP/1.1" 200 4253
190.171.141.106 - - [20/May/2022:10:16:54 -0300] "GET /cormun/servlet/hhome HTTP/1.1" 200 4250
190.171.141.106 - - [20/May/2022:10:17:01 -0300] "GET /cormun/servlet/trlicencias? HTTP/1.1" 200 15379
190.171.141.106 - - [20/May/2022:10:17:02 -0300] "GET /cormun/servlet/trlicencias? HTTP/1.1" 200 15377
170.106.115.15 - - [20/May/2022:10:17:05 -0300] "GET / HTTP/1.1" 200 11217
209.141.51.49 - - [20/May/2022:10:17:19 -0300] "GET / HTTP/1.1" 200 11217
209.141.51.49 - - [20/May/2022:10:17:20 -0300] "GET /favicon.ico HTTP/1.1" 200 21630
205.185.116.89 - - [20/May/2022:10:17:22 -0300] "GET / HTTP/1.1" 200 11217
205.185.116.89 - - [20/May/2022:10:17:22 -0300] "GET /favicon.ico HTTP/1.1" 200 21630
181.212.42.153 - - [20/May/2022:10:17:37 -0300] "GET /cormun/static/menuarrow.gif HTTP/1.1" 404 1015
181.212.42.153 - - [20/May/2022:10:17:50 -0300] "POST /cormun/servlet/trlicencias?61996c2ffd00f9e6a8af3d8a5ded72c8,,gx-no-cache=1653051959348 HTTP/1.1" 440 972
181.212.42.153 - - [20/May/2022:10:17:52 -0300] "GET /cormun/servlet/trlicencias? HTTP/1.1" 200 7240
181.212.42.153 - - [20/May/2022:10:17:52 -0300] "GET /cormun/servlet/hlogin HTTP/1.1" 200 1742
190.171.152.138 - - [20/May/2022:10:17:52 -0300] "GET /cormun/servlet/hlogin HTTP/1.1" 200 1726
181.212.42.153 - - [20/May/2022:10:17:52 -0300] "GET /cormun/servlet/trlicencias? HTTP/1.1" 200 7240
181.212.42.153 - - [20/May/2022:10:17:53 -0300] "GET /cormun/servlet/trlicencias? HTTP/1.1" 200 7240
190.171.152.138 - - [20/May/2022:10:17:53 -0300] "GET /cormun/servlet/hlogin HTTP/1.1" 200 1736
190.171.142.42 - - [20/May/2022:10:17:55 -0300] "POST /cormun/servlet/hlogin?6eb0d8c446f1cbb695fea336dafc1667,gx-no-cache=1653051885251 HTTP/1.1" 440 972
190.171.142.42 - - [20/May/2022:10:17:57 -0300] "GET /cormun/servlet/hlogin HTTP/1.1" 200 1738
181.212.42.153 - - [20/May/2022:10:17:59 -0300] "POST /cormun/servlet/hlogin?3e1d9a5fbc12d4c00d987f5989469585,gx-no-cache=1653051967581 HTTP/1.1" 200 90
181.212.42.153 - - [20/May/2022:10:17:59 -0300] "GET /cormun/servlet/hpexe_link HTTP/1.1" 200 958
181.212.42.153 - - [20/May/2022:10:17:59 -0300] "GET /cormun/servlet/trlicencias HTTP/1.1" 200 12901
181.212.42.153 - - [20/May/2022:10:17:59 -0300] "GET /cormun/servlet/trlicencias HTTP/1.1" 200 12907
181.212.42.153 - - [20/May/2022:10:18:02 -0300] "GET /cormun/static/menuarrow.gif HTTP/1.1" 404 1015
190.171.142.42 - - [20/May/2022:10:18:05 -0300] "POST /cormun/servlet/hlogin?5abb82425f7854708bb1b725ac889628,gx-no-cache=1653051895273 HTTP/1.1" 200 90
190.171.142.42 - - [20/May/2022:10:18:05 -0300] "GET /cormun/servlet/hpexe_link HTTP/1.1" 200 954
190.171.142.42 - - [20/May/2022:10:18:05 -0300] "GET /cormun/servlet/hhome HTTP/1.1" 200 4242
190.171.142.42 - - [20/May/2022:10:18:06 -0300] "GET /cormun/servlet/hhome HTTP/1.1" 200 4240
181.212.42.153 - - [20/May/2022:10:18:12 -0300] "POST /cormun/servlet/trlicencias?3e1d9a5fbc12d4c00d987f5989469585,gx-no-cache=1653051981149 HTTP/1.1" 200 5191
190.171.142.42 - - [20/May/2022:10:18:13 -0300] "GET /cormun/servlet/trpermisosgoce? HTTP/1.1" 200 15478
190.171.142.42 - - [20/May/2022:10:18:14 -0300] "GET /cormun/servlet/trpermisosgoce? HTTP/1.1" 200 15472
181.212.42.153 - - [20/May/2022:10:18:22 -0300] "GET /cormun/servlet/trlicencias? HTTP/1.1" 200 7896
181.212.42.153 - - [20/May/2022:10:18:23 -0300] "GET /cormun/servlet/trlicencias? HTTP/1.1" 200 7896
181.212.42.153 - - [20/May/2022:10:18:35 -0300] "POST /cormun/servlet/trlicencias?3e1d9a5fbc12d4c00d987f5989469585,,gx-no-cache=1653052003638 HTTP/1.1" 200 14019
190.171.152.114 - - [20/May/2022:10:18:53 -0300] "POST /cormun/servlet/trsolicitudot?2d90e15f529e51eb6ebadb1bcc03d0c3,gx-no-cache=1653051943050 HTTP/1.1" 200 106
190.171.152.114 - - [20/May/2022:10:18:53 -0300] "GET /cormun/servlet/trsolicitudadjuntos?2022,18728, HTTP/1.1" 200 6432
190.171.152.114 - - [20/May/2022:10:18:53 -0300] "GET /cormun/static/gxcfg.js?20201215574222 HTTP/1.1" 304 -
190.171.152.114 - - [20/May/2022:10:18:53 -0300] "GET /cormun/static/trsolicitudadjuntos.js?20201215574932 HTTP/1.1" 304 -
190.171.152.114 - - [20/May/2022:10:18:54 -0300] "GET /cormun/servlet/trsolicitudadjuntos?2022,18728, HTTP/1.1" 200 6432
190.171.152.114 - - [20/May/2022:10:18:57 -0300] "GET /cormun/servlet/solicitudotadjuntos?INS,2022,18728,,2, HTTP/1.1" 200 6372
190.171.152.114 - - [20/May/2022:10:18:57 -0300] "GET /cormun/static/gxcfg.js?202012157947 HTTP/1.1" 304 -
190.171.152.114 - - [20/May/2022:10:18:57 -0300] "GET /cormun/static/solicitudotadjuntos.js?202012157966 HTTP/1.1" 304 -
190.171.152.114 - - [20/May/2022:10:18:57 -0300] "GET /cormun/static/about:blank HTTP/1.1" 404 1011
190.171.152.114 - - [20/May/2022:10:18:57 -0300] "GET /cormun/servlet/solicitudotadjuntos?INS,2022,18728,,2, HTTP/1.1" 200 6365
190.171.152.114 - - [20/May/2022:10:18:58 -0300] "GET /cormun/servlet/solicitudotadjuntos?a8f781a0185301deb5c00f69184552d087d4024c3990c7d28fd6585b28282b42e504e59b47bf76bf185df9ac85d2ccb3,gx-no-cache=1653051947742 HTTP/1.1" 200 30
190.171.152.114 - - [20/May/2022:10:18:58 -0300] "POST /cormun/servlet/solicitudotadjuntos?2d90e15f529e51eb6ebadb1bcc03d0c3,INS,2022,18728,,2,,gx-no-cache=1653051947758 HTTP/1.1" 200 4363
190.171.152.138 - - [20/May/2022:10:18:59 -0300] "POST /cormun/servlet/hlogin?d91395e9e5e34803eafb03d49ad7472d,gx-no-cache=1653051949629 HTTP/1.1" 200 90
190.171.152.138 - - [20/May/2022:10:18:59 -0300] "GET /cormun/servlet/hpexe_link HTTP/1.1" 200 950
190.171.152.138 - - [20/May/2022:10:18:59 -0300] "GET /cormun/servlet/hhome HTTP/1.1" 200 3852
190.171.152.138 - - [20/May/2022:10:19:00 -0300] "GET /cormun/servlet/hhome HTTP/1.1" 200 3848
190.171.152.114 - - [20/May/2022:10:19:04 -0300] "POST /cormun/servlet/solicitudotadjuntos?2d90e15f529e51eb6ebadb1bcc03d0c3,INS,2022,18728,,2,,gx-no-cache=1653051953797 HTTP/1.1" 200 93
190.171.152.114 - - [20/May/2022:10:19:04 -0300] "GET /cormun/servlet/hpexe_return? HTTP/1.1" 200 1029
190.171.152.114 - - [20/May/2022:10:19:04 -0300] "GET /cormun/servlet/trsolicitudadjuntos?2022,18728, HTTP/1.1" 200 6436
190.171.152.138 - - [20/May/2022:10:19:04 -0300] "GET /cormun/servlet/trpermisosgoce? HTTP/1.1" 200 10521
190.171.152.114 - - [20/May/2022:10:19:04 -0300] "GET /cormun/servlet/trsolicitudadjuntos?2022,18728, HTTP/1.1" 200 6432
190.171.152.138 - - [20/May/2022:10:19:05 -0300] "GET /cormun/servlet/trpermisosgoce? HTTP/1.1" 200 10517
190.171.152.114 - - [20/May/2022:10:19:06 -0300] "GET /cormun/servlet/solicitudotadjuntos?INS,2022,18728,,1, HTTP/1.1" 200 6372
190.171.152.114 - - [20/May/2022:10:19:06 -0300] "GET /cormun/static/about:blank HTTP/1.1" 404 1011
190.171.152.114 - - [20/May/2022:10:19:06 -0300] "GET /cormun/servlet/solicitudotadjuntos?INS,2022,18728,,1, HTTP/1.1" 200 6365
190.171.152.114 - - [20/May/2022:10:19:07 -0300] "GET /cormun/servlet/solicitudotadjuntos?a8f781a0185301deb5c00f69184552d087d4024c3990c7d28fd6585b28282b42e504e59b47bf76bf185df9ac85d2ccb3,gx-no-cache=1653051956466 HTTP/1.1" 200 30
190.171.152.114 - - [20/May/2022:10:19:07 -0300] "POST /cormun/servlet/solicitudotadjuntos?2d90e15f529e51eb6ebadb1bcc03d0c3,INS,2022,18728,,1,,gx-no-cache=1653051956482 HTTP/1.1" 200 4147
190.171.152.114 - - [20/May/2022:10:19:10 -0300] "POST /cormun/servlet/solicitudotadjuntos?gx-no-cache=1653051959903 HTTP/1.1" 200 26
190.171.152.138 - - [20/May/2022:10:19:10 -0300] "GET /cormun/servlet/permisogoce?INS,0,,, HTTP/1.1" 200 6713
190.171.152.138 - - [20/May/2022:10:19:11 -0300] "GET /cormun/servlet/permisogoce?INS,0,,, HTTP/1.1" 200 6713
190.171.152.138 - - [20/May/2022:10:19:25 -0300] "GET /cormun/servlet/permisogoce?92165dac7994c50d56de6a29221e5d4dca789b74deff3f0862854d3216899a7454ae23d538e2e8339cb34851348ffcb3e88e2c86ed379985d1dbdeec5bc48990,gx-no-cache=1653051975074 HTTP/1.1" 200 74
190.171.152.138 - - [20/May/2022:10:19:27 -0300] "GET /cormun/static/menuarrow.gif HTTP/1.1" 404 1015
190.171.152.138 - - [20/May/2022:10:19:43 -0300] "GET /cormun/servlet/permisogoce?92165dac7994c50d56de6a29221e5d4d13bbe5414da3e26ed1aac8a942e339dbea90850efe9ec2ea40a5b5fb420d0551bfce9ac6a4834e63b6952078dfaca7ee,gx-no-cache=1653051993349 HTTP/1.1" 200 47
190.171.152.138 - - [20/May/2022:10:19:52 -0300] "POST /cormun/servlet/permisogoce?d91395e9e5e34803eafb03d49ad7472d,INS,0,,,,gx-no-cache=1653052002392 HTTP/1.1" 200 93
190.171.152.138 - - [20/May/2022:10:19:53 -0300] "GET /cormun/servlet/hpexe_return? HTTP/1.1" 200 1009
190.171.152.138 - - [20/May/2022:10:19:53 -0300] "GET /cormun/servlet/trpermisosgoce HTTP/1.1" 200 10848
190.171.152.138 - - [20/May/2022:10:19:53 -0300] "GET /cormun/servlet/trpermisosgoce HTTP/1.1" 200 10844
190.171.152.138 - - [20/May/2022:10:19:58 -0300] "GET /cormun/servlet/apermisogoceprn?17503733,P,20220520090307,PU HTTP/1.1" 200 1647
190.171.152.114 - - [20/May/2022:10:20:33 -0300] "GET /cormun/servlet/solicitudotadjuntos?a8f781a0185301deb5c00f69184552d0c1129e34c34fea670826102e32328267,gx-no-cache=1653052043182 HTTP/1.1" 200 30
190.171.152.114 - - [20/May/2022:10:20:33 -0300] "GET /cormun/servlet/solicitudotadjuntos?a8f781a0185301deb5c00f69184552d0c1129e34c34fea670826102e32328267,gx-no-cache=1653052043218 HTTP/1.1" 200 30
190.171.152.114 - - [20/May/2022:10:20:34 -0300] "POST /cormun/servlet/solicitudotadjuntos?2d90e15f529e51eb6ebadb1bcc03d0c3,INS,2022,18728,,1, HTTP/1.1" 200 116
190.171.152.114 - - [20/May/2022:10:20:34 -0300] "GET /cormun/servlet/hpexe_return? HTTP/1.1" 200 1029
190.171.152.114 - - [20/May/2022:10:20:34 -0300] "GET /cormun/servlet/trsolicitudadjuntos?2022,18728, HTTP/1.1" 200 9219
190.171.152.114 - - [20/May/2022:10:20:34 -0300] "GET /cormun/servlet/trsolicitudadjuntos?2022,18728, HTTP/1.1" 200 9218
190.171.152.114 - - [20/May/2022:10:20:38 -0300] "GET /cormun/servlet/solicitudotadjuntos?INS,2022,18728,,1, HTTP/1.1" 200 6372
190.171.152.114 - - [20/May/2022:10:20:39 -0300] "GET /cormun/static/about:blank HTTP/1.1" 404 1011
190.171.152.114 - - [20/May/2022:10:20:39 -0300] "GET /cormun/servlet/solicitudotadjuntos?INS,2022,18728,,1, HTTP/1.1" 200 6366
190.171.152.114 - - [20/May/2022:10:20:39 -0300] "GET /cormun/servlet/solicitudotadjuntos?a8f781a0185301deb5c00f69184552d087d4024c3990c7d28fd6585b28282b42e504e59b47bf76bf185df9ac85d2ccb3,gx-no-cache=1653052048871 HTTP/1.1" 200 30
190.171.152.114 - - [20/May/2022:10:20:39 -0300] "POST /cormun/servlet/solicitudotadjuntos?2d90e15f529e51eb6ebadb1bcc03d0c3,INS,2022,18728,,1,,gx-no-cache=1653052048887 HTTP/1.1" 200 4148
190.171.152.114 - - [20/May/2022:10:20:41 -0300] "POST /cormun/servlet/solicitudotadjuntos?gx-no-cache=1653052050948 HTTP/1.1" 200 26
190.171.152.114 - - [20/May/2022:10:20:48 -0300] "GET /cormun/servlet/solicitudotadjuntos?a8f781a0185301deb5c00f69184552d0c1129e34c34fea670826102e32328267,gx-no-cache=1653052058253 HTTP/1.1" 200 30
190.171.152.114 - - [20/May/2022:10:20:48 -0300] "GET /cormun/servlet/solicitudotadjuntos?a8f781a0185301deb5c00f69184552d0c1129e34c34fea670826102e32328267,gx-no-cache=1653052058265 HTTP/1.1" 200 30
190.171.152.114 - - [20/May/2022:10:20:49 -0300] "POST /cormun/servlet/solicitudotadjuntos?2d90e15f529e51eb6ebadb1bcc03d0c3,INS,2022,18728,,1, HTTP/1.1" 200 116
190.171.152.114 - - [20/May/2022:10:20:49 -0300] "GET /cormun/servlet/hpexe_return? HTTP/1.1" 200 1029
190.171.152.114 - - [20/May/2022:10:20:49 -0300] "GET /cormun/servlet/trsolicitudadjuntos?2022,18728, HTTP/1.1" 200 9456
190.171.152.114 - - [20/May/2022:10:20:49 -0300] "GET /cormun/servlet/trsolicitudadjuntos?2022,18728, HTTP/1.1" 200 9455
190.171.152.114 - - [20/May/2022:10:20:53 -0300] "GET /cormun/servlet/solicitudotadjuntos?INS,2022,18728,,1, HTTP/1.1" 200 6372
190.171.152.114 - - [20/May/2022:10:20:53 -0300] "GET /cormun/static/about:blank HTTP/1.1" 404 1011
190.171.152.114 - - [20/May/2022:10:20:53 -0300] "GET /cormun/servlet/solicitudotadjuntos?INS,2022,18728,,1, HTTP/1.1" 200 6366
190.171.152.114 - - [20/May/2022:10:20:53 -0300] "GET /cormun/servlet/solicitudotadjuntos?a8f781a0185301deb5c00f69184552d087d4024c3990c7d28fd6585b28282b42e504e59b47bf76bf185df9ac85d2ccb3,gx-no-cache=1653052063222 HTTP/1.1" 200 30
190.171.152.114 - - [20/May/2022:10:20:53 -0300] "POST /cormun/servlet/solicitudotadjuntos?2d90e15f529e51eb6ebadb1bcc03d0c3,INS,2022,18728,,1,,gx-no-cache=1653052063245 HTTP/1.1" 200 4148
190.171.152.114 - - [20/May/2022:10:20:56 -0300] "POST /cormun/servlet/solicitudotadjuntos?gx-no-cache=1653052065549 HTTP/1.1" 200 26
190.171.152.114 - - [20/May/2022:10:21:04 -0300] "GET /cormun/servlet/solicitudotadjuntos?a8f781a0185301deb5c00f69184552d0c1129e34c34fea670826102e32328267,gx-no-cache=1653052073366 HTTP/1.1" 200 30
190.171.152.114 - - [20/May/2022:10:21:04 -0300] "GET /cormun/servlet/solicitudotadjuntos?a8f781a0185301deb5c00f69184552d0c1129e34c34fea670826102e32328267,gx-no-cache=1653052073394 HTTP/1.1" 200 30
190.171.152.114 - - [20/May/2022:10:21:04 -0300] "POST /cormun/servlet/solicitudotadjuntos?2d90e15f529e51eb6ebadb1bcc03d0c3,INS,2022,18728,,1, HTTP/1.1" 200 116
190.171.152.114 - - [20/May/2022:10:21:04 -0300] "GET /cormun/servlet/hpexe_return? HTTP/1.1" 200 1029
190.171.152.114 - - [20/May/2022:10:21:04 -0300] "GET /cormun/servlet/trsolicitudadjuntos?2022,18728, HTTP/1.1" 200 9686
190.171.152.114 - - [20/May/2022:10:21:04 -0300] "GET /cormun/servlet/trsolicitudadjuntos?2022,18728, HTTP/1.1" 200 9685
190.171.152.114 - - [20/May/2022:10:21:08 -0300] "GET /cormun/servlet/solicitudotadjuntos?INS,2022,18728,,1, HTTP/1.1" 200 6372
190.171.152.114 - - [20/May/2022:10:21:08 -0300] "GET /cormun/static/about:blank HTTP/1.1" 404 1011
190.171.152.114 - - [20/May/2022:10:21:09 -0300] "GET /cormun/servlet/solicitudotadjuntos?INS,2022,18728,,1, HTTP/1.1" 200 6366
190.171.152.114 - - [20/May/2022:10:21:09 -0300] "GET /cormun/servlet/solicitudotadjuntos?a8f781a0185301deb5c00f69184552d087d4024c3990c7d28fd6585b28282b42e504e59b47bf76bf185df9ac85d2ccb3,gx-no-cache=1653052078801 HTTP/1.1" 200 30
190.171.152.114 - - [20/May/2022:10:21:09 -0300] "POST /cormun/servlet/solicitudotadjuntos?2d90e15f529e51eb6ebadb1bcc03d0c3,INS,2022,18728,,1,,gx-no-cache=1653052078827 HTTP/1.1" 200 4148
190.171.152.114 - - [20/May/2022:10:21:11 -0300] "POST /cormun/servlet/solicitudotadjuntos?gx-no-cache=1653052081221 HTTP/1.1" 200 26
190.171.149.74 - - [20/May/2022:10:21:12 -0300] "GET /cormun/servlet/trsolicitudot? HTTP/1.1" 200 7764
190.171.149.74 - - [20/May/2022:10:21:13 -0300] "GET /cormun/servlet/hlogin HTTP/1.1" 200 1737
190.171.149.74 - - [20/May/2022:10:21:13 -0300] "GET /cormun/servlet/trsolicitudot? HTTP/1.1" 200 7761
190.171.149.74 - - [20/May/2022:10:21:19 -0300] "POST /cormun/servlet/hlogin?6cb6166c22e81ab46c2194c6ad92e05e,gx-no-cache=1653052089767 HTTP/1.1" 200 90
190.171.149.74 - - [20/May/2022:10:21:19 -0300] "GET /cormun/servlet/hpexe_link HTTP/1.1" 200 953
190.171.149.74 - - [20/May/2022:10:21:19 -0300] "GET /cormun/servlet/trsolicitudot HTTP/1.1" 200 7015
190.171.149.74 - - [20/May/2022:10:21:19 -0300] "GET /cormun/servlet/trsolicitudot HTTP/1.1" 200 7014
190.171.152.114 - - [20/May/2022:10:21:22 -0300] "GET /cormun/servlet/solicitudotadjuntos?a8f781a0185301deb5c00f69184552d0c1129e34c34fea670826102e32328267,gx-no-cache=1653052091590 HTTP/1.1" 200 30
190.171.152.114 - - [20/May/2022:10:21:22 -0300] "GET /cormun/servlet/solicitudotadjuntos?a8f781a0185301deb5c00f69184552d0c1129e34c34fea670826102e32328267,gx-no-cache=1653052091602 HTTP/1.1" 200 30
190.171.152.114 - - [20/May/2022:10:21:22 -0300] "POST /cormun/servlet/solicitudotadjuntos?2d90e15f529e51eb6ebadb1bcc03d0c3,INS,2022,18728,,1, HTTP/1.1" 200 116
190.171.152.114 - - [20/May/2022:10:21:22 -0300] "GET /cormun/servlet/hpexe_return? HTTP/1.1" 200 1029
190.171.152.114 - - [20/May/2022:10:21:22 -0300] "GET /cormun/servlet/trsolicitudadjuntos?2022,18728, HTTP/1.1" 200 9913
190.171.152.114 - - [20/May/2022:10:21:22 -0300] "GET /cormun/servlet/trsolicitudadjuntos?2022,18728, HTTP/1.1" 200 9911
190.171.149.74 - - [20/May/2022:10:21:23 -0300] "GET /cormun/servlet/trsolicitudot? HTTP/1.1" 200 7014
190.171.149.74 - - [20/May/2022:10:21:23 -0300] "GET /cormun/servlet/trsolicitudot? HTTP/1.1" 200 7014
190.171.149.74 - - [20/May/2022:10:21:25 -0300] "GET /cormun/servlet/solicitudot?INS,0,0,false, HTTP/1.1" 200 15697
190.171.149.74 - - [20/May/2022:10:21:26 -0300] "GET /cormun/servlet/solicitudot?INS,0,0,false, HTTP/1.1" 200 15704
190.171.152.114 - - [20/May/2022:10:21:26 -0300] "GET /cormun/servlet/solicitudotadjuntos?INS,2022,18728,,1, HTTP/1.1" 200 6372
190.171.152.114 - - [20/May/2022:10:21:26 -0300] "GET /cormun/static/about:blank HTTP/1.1" 404 1011
190.171.152.114 - - [20/May/2022:10:21:26 -0300] "GET /cormun/servlet/solicitudotadjuntos?INS,2022,18728,,1, HTTP/1.1" 200 6366
190.171.152.114 - - [20/May/2022:10:21:26 -0300] "GET /cormun/servlet/solicitudotadjuntos?a8f781a0185301deb5c00f69184552d087d4024c3990c7d28fd6585b28282b42e504e59b47bf76bf185df9ac85d2ccb3,gx-no-cache=1653052096234 HTTP/1.1" 200 30
190.171.152.114 - - [20/May/2022:10:21:26 -0300] "POST /cormun/servlet/solicitudotadjuntos?2d90e15f529e51eb6ebadb1bcc03d0c3,INS,2022,18728,,1,,gx-no-cache=1653052096250 HTTP/1.1" 200 4148
190.171.152.114 - - [20/May/2022:10:21:29 -0300] "POST /cormun/servlet/solicitudotadjuntos?gx-no-cache=1653052098812 HTTP/1.1" 200 26
190.171.152.114 - - [20/May/2022:10:21:35 -0300] "GET /cormun/servlet/solicitudotadjuntos?a8f781a0185301deb5c00f69184552d0c1129e34c34fea670826102e32328267,gx-no-cache=1653052104677 HTTP/1.1" 200 30
190.171.152.114 - - [20/May/2022:10:21:35 -0300] "GET /cormun/servlet/solicitudotadjuntos?a8f781a0185301deb5c00f69184552d0c1129e34c34fea670826102e32328267,gx-no-cache=1653052104689 HTTP/1.1" 200 30
190.171.152.114 - - [20/May/2022:10:21:35 -0300] "POST /cormun/servlet/solicitudotadjuntos?2d90e15f529e51eb6ebadb1bcc03d0c3,INS,2022,18728,,1, HTTP/1.1" 200 116
190.171.152.114 - - [20/May/2022:10:21:35 -0300] "GET /cormun/servlet/hpexe_return? HTTP/1.1" 200 1029
190.171.152.114 - - [20/May/2022:10:21:35 -0300] "GET /cormun/servlet/trsolicitudadjuntos?2022,18728, HTTP/1.1" 200 10176
190.171.152.114 - - [20/May/2022:10:21:36 -0300] "GET /cormun/servlet/trsolicitudadjuntos?2022,18728, HTTP/1.1" 200 10176
190.171.152.114 - - [20/May/2022:10:21:38 -0300] "GET /cormun/servlet/solicitudotadjuntos?INS,2022,18728,,1, HTTP/1.1" 200 6372
190.171.152.114 - - [20/May/2022:10:21:39 -0300] "GET /cormun/static/about:blank HTTP/1.1" 404 1011
190.171.152.114 - - [20/May/2022:10:21:39 -0300] "GET /cormun/servlet/solicitudotadjuntos?INS,2022,18728,,1, HTTP/1.1" 200 6366
190.171.152.114 - - [20/May/2022:10:21:39 -0300] "GET /cormun/servlet/solicitudotadjuntos?a8f781a0185301deb5c00f69184552d087d4024c3990c7d28fd6585b28282b42e504e59b47bf76bf185df9ac85d2ccb3,gx-no-cache=1653052108856 HTTP/1.1" 200 30
190.171.152.114 - - [20/May/2022:10:21:39 -0300] "POST /cormun/servlet/solicitudotadjuntos?2d90e15f529e51eb6ebadb1bcc03d0c3,INS,2022,18728,,1,,gx-no-cache=1653052108872 HTTP/1.1" 200 4148
190.171.149.74 - - [20/May/2022:10:21:40 -0300] "POST /cormun/servlet/solicitudot?gx-no-cache=1653052110589 HTTP/1.1" 200 3850
190.171.149.74 - - [20/May/2022:10:21:40 -0300] "POST /cormun/servlet/solicitudot?6cb6166c22e81ab46c2194c6ad92e05e,INS,0,0,false,,gx-no-cache=1653052110747 HTTP/1.1" 200 12380
190.171.152.114 - - [20/May/2022:10:21:42 -0300] "POST /cormun/servlet/solicitudotadjuntos?gx-no-cache=1653052111541 HTTP/1.1" 200 26
190.171.149.74 - - [20/May/2022:10:21:43 -0300] "GET /cormun/servlet/solicitudot?39610665c86d2566112646e84806980c6ace58ad31698d564eb5ba8887c2a40f15d8a88f3f0dde8e53b7e96f479fd8fb,gx-no-cache=1653052113401 HTTP/1.1" 200 30
190.171.152.114 - - [20/May/2022:10:21:49 -0300] "GET /cormun/servlet/solicitudotadjuntos?a8f781a0185301deb5c00f69184552d0c1129e34c34fea670826102e32328267,gx-no-cache=1653052118469 HTTP/1.1" 200 30
190.171.152.114 - - [20/May/2022:10:21:49 -0300] "GET /cormun/servlet/solicitudotadjuntos?a8f781a0185301deb5c00f69184552d0c1129e34c34fea670826102e32328267,gx-no-cache=1653052118491 HTTP/1.1" 200 30
190.171.152.114 - - [20/May/2022:10:21:49 -0300] "POST /cormun/servlet/solicitudotadjuntos?2d90e15f529e51eb6ebadb1bcc03d0c3,INS,2022,18728,,1, HTTP/1.1" 200 116
190.171.152.114 - - [20/May/2022:10:21:49 -0300] "GET /cormun/servlet/hpexe_return? HTTP/1.1" 200 1029
190.171.152.114 - - [20/May/2022:10:21:49 -0300] "GET /cormun/servlet/trsolicitudadjuntos?2022,18728, HTTP/1.1" 200 10357
190.171.152.114 - - [20/May/2022:10:21:50 -0300] "GET /cormun/servlet/trsolicitudadjuntos?2022,18728, HTTP/1.1" 200 10353
190.171.152.114 - - [20/May/2022:10:21:55 -0300] "GET /cormun/servlet/solicitudotadjuntos?INS,2022,18728,,2, HTTP/1.1" 200 6372
190.171.152.114 - - [20/May/2022:10:21:56 -0300] "GET /cormun/static/about:blank HTTP/1.1" 404 1011
190.171.152.114 - - [20/May/2022:10:21:56 -0300] "GET /cormun/servlet/solicitudotadjuntos?INS,2022,18728,,2, HTTP/1.1" 200 6365
190.171.152.114 - - [20/May/2022:10:21:56 -0300] "GET /cormun/servlet/solicitudotadjuntos?a8f781a0185301deb5c00f69184552d087d4024c3990c7d28fd6585b28282b42e504e59b47bf76bf185df9ac85d2ccb3,gx-no-cache=1653052125851 HTTP/1.1" 200 30
190.171.152.114 - - [20/May/2022:10:21:56 -0300] "POST /cormun/servlet/solicitudotadjuntos?2d90e15f529e51eb6ebadb1bcc03d0c3,INS,2022,18728,,2,,gx-no-cache=1653052125884 HTTP/1.1" 200 4364
190.171.152.114 - - [20/May/2022:10:21:59 -0300] "POST /cormun/servlet/solicitudotadjuntos?gx-no-cache=1653052128797 HTTP/1.1" 200 26
190.171.152.114 - - [20/May/2022:10:22:04 -0300] "GET /cormun/servlet/solicitudotadjuntos?a8f781a0185301deb5c00f69184552d0c1129e34c34fea670826102e32328267,gx-no-cache=1653052133829 HTTP/1.1" 200 30
190.171.152.114 - - [20/May/2022:10:22:04 -0300] "GET /cormun/servlet/solicitudotadjuntos?a8f781a0185301deb5c00f69184552d0c1129e34c34fea670826102e32328267,gx-no-cache=1653052133859 HTTP/1.1" 200 30
190.171.152.114 - - [20/May/2022:10:22:04 -0300] "POST /cormun/servlet/solicitudotadjuntos?2d90e15f529e51eb6ebadb1bcc03d0c3,INS,2022,18728,,2, HTTP/1.1" 200 116
190.171.152.114 - - [20/May/2022:10:22:04 -0300] "GET /cormun/servlet/hpexe_return? HTTP/1.1" 200 1029
190.171.152.114 - - [20/May/2022:10:22:05 -0300] "GET /cormun/servlet/trsolicitudadjuntos?2022,18728, HTTP/1.1" 200 10502
190.171.152.114 - - [20/May/2022:10:22:05 -0300] "GET /cormun/servlet/trsolicitudadjuntos?2022,18728, HTTP/1.1" 200 10497
190.171.152.114 - - [20/May/2022:10:22:12 -0300] "GET /cormun/servlet/trsolicitudot? HTTP/1.1" 200 8961
190.171.152.114 - - [20/May/2022:10:22:12 -0300] "GET /cormun/servlet/trsolicitudot? HTTP/1.1" 200 8954
190.171.152.114 - - [20/May/2022:10:22:32 -0300] "POST /cormun/servlet/trsolicitudot?2d90e15f529e51eb6ebadb1bcc03d0c3,,gx-no-cache=1653052162074 HTTP/1.1" 200 4875
190.171.152.114 - - [20/May/2022:10:22:32 -0300] "GET /cormun/static/Shared/jqueryui/images/ui-bg_highlight-soft_100_c6c2c8_1x100.png HTTP/1.1" 404 1117
190.171.152.114 - - [20/May/2022:10:22:32 -0300] "GET /cormun/static/Shared/jqueryui/images/ui-icons_82798d_256x240.png HTTP/1.1" 404 1089
190.171.152.114 - - [20/May/2022:10:22:32 -0300] "GET /cormun/static/Shared/jqueryui/images/ui-bg_flat_55_fafafa_40x100.png HTTP/1.1" 404 1097
190.171.152.114 - - [20/May/2022:10:22:32 -0300] "GET /cormun/static/Shared/jqueryui/images/ui-icons_8d78a5_256x240.png HTTP/1.1" 404 1089
190.171.152.114 - - [20/May/2022:10:22:33 -0300] "POST /cormun/servlet/trsolicitudot?2d90e15f529e51eb6ebadb1bcc03d0c3,,gx-no-cache=1653052162264 HTTP/1.1" 200 4623
190.171.152.114 - - [20/May/2022:10:22:36 -0300] "GET /cormun/servlet/trautorizarsolicitud? HTTP/1.1" 200 8845
190.171.152.114 - - [20/May/2022:10:22:36 -0300] "GET /cormun/static/gxcfg.js?201991422414522 HTTP/1.1" 304 -
190.171.152.114 - - [20/May/2022:10:22:37 -0300] "GET /cormun/static/trautorizarsolicitud.js?201991422415463 HTTP/1.1" 304 -
190.171.152.114 - - [20/May/2022:10:22:37 -0300] "GET /cormun/servlet/trautorizarsolicitud? HTTP/1.1" 200 8844
190.171.152.138 - - [20/May/2022:10:22:39 -0300] "GET /cormun/servlet/trpermisosadjuntos?17503733,20220520090307,P, HTTP/1.1" 200 6175
190.171.152.138 - - [20/May/2022:10:22:40 -0300] "GET /cormun/servlet/trpermisosadjuntos?17503733,20220520090307,P, HTTP/1.1" 200 6174
190.171.152.138 - - [20/May/2022:10:22:41 -0300] "GET /cormun/servlet/permisosadjuntos?INS,17503733,P,20220520090307,, HTTP/1.1" 200 5492
190.171.152.138 - - [20/May/2022:10:22:42 -0300] "GET /cormun/static/about:blank HTTP/1.1" 404 1011
190.171.152.138 - - [20/May/2022:10:22:42 -0300] "GET /cormun/servlet/permisosadjuntos?INS,17503733,P,20220520090307,, HTTP/1.1" 200 5482
190.171.152.114 - - [20/May/2022:10:22:42 -0300] "POST /cormun/servlet/trautorizarsolicitud?2d90e15f529e51eb6ebadb1bcc03d0c3,,gx-no-cache=1653052171628 HTTP/1.1" 200 4791
190.171.152.114 - - [20/May/2022:10:22:42 -0300] "GET /cormun/static/Shared/jqueryui/images/ui-icons_82798d_256x240.png HTTP/1.1" 404 1089
190.171.152.114 - - [20/May/2022:10:22:42 -0300] "GET /cormun/static/Shared/jqueryui/images/ui-bg_flat_55_fafafa_40x100.png HTTP/1.1" 404 1097
190.171.152.114 - - [20/May/2022:10:22:42 -0300] "GET /cormun/static/Shared/jqueryui/images/ui-bg_highlight-soft_100_c6c2c8_1x100.png HTTP/1.1" 404 1117
190.171.152.114 - - [20/May/2022:10:22:42 -0300] "GET /cormun/static/Shared/jqueryui/images/ui-icons_8d78a5_256x240.png HTTP/1.1" 404 1089
190.171.152.114 - - [20/May/2022:10:22:42 -0300] "POST /cormun/servlet/trautorizarsolicitud?2d90e15f529e51eb6ebadb1bcc03d0c3,,gx-no-cache=1653052171796 HTTP/1.1" 200 4539
190.171.149.90 - - [20/May/2022:10:22:42 -0300] "GET /cormun/servlet/trsolicitudot? HTTP/1.1" 200 8557
190.171.149.90 - - [20/May/2022:10:22:43 -0300] "GET /cormun/servlet/trsolicitudot? HTTP/1.1" 200 8556
190.171.149.90 - - [20/May/2022:10:23:05 -0300] "POST /cormun/servlet/trsolicitudot?c90ed5a20b235f2bb9c726dbdc2085c4,,gx-no-cache=1653052195718 HTTP/1.1" 200 112
190.171.149.90 - - [20/May/2022:10:23:05 -0300] "GET /cormun/servlet/solicitudot?UPD,2022,18727,false, HTTP/1.1" 200 16382
190.171.149.90 - - [20/May/2022:10:23:06 -0300] "GET /cormun/servlet/solicitudot?UPD,2022,18727,false, HTTP/1.1" 200 16393
190.171.149.90 - - [20/May/2022:10:23:06 -0300] "POST /cormun/servlet/solicitudot?gx-no-cache=1653052196987 HTTP/1.1" 200 3939
190.171.149.90 - - [20/May/2022:10:23:07 -0300] "POST /cormun/servlet/solicitudot?c90ed5a20b235f2bb9c726dbdc2085c4,UPD,2022,18727,false,,gx-no-cache=1653052197214 HTTP/1.1" 200 12585
190.171.149.90 - - [20/May/2022:10:23:07 -0300] "GET /cormun/servlet/solicitudot?6cf6a223c5ca518f792576d05441bae4123b7022c84a781f11bf9a33009bdc6d5ed7081a78cc1505b7d920bf8429844d,gx-no-cache=1653052197428 HTTP/1.1" 200 30
190.171.149.90 - - [20/May/2022:10:23:07 -0300] "GET /cormun/servlet/solicitudot?6cf6a223c5ca518f792576d05441bae4208d4343d6dcb059b88335e756cbceadbdd7a0dfaa02e1ee79d1ae012279cd9d716df7822a8152c81cdec7ddadc0422a,gx-no-cache=1653052197541 HTTP/1.1" 200 30
190.171.149.90 - - [20/May/2022:10:23:07 -0300] "GET /cormun/servlet/solicitudot?6cf6a223c5ca518f792576d05441bae44a3a2d4b1553489841c58ae73c96b5f27c30129beb8f8783752bd05bb16ed2d515784cc19764a5795c915e6b2e179c60,gx-no-cache=1653052197598 HTTP/1.1" 200 51
190.171.149.90 - - [20/May/2022:10:23:07 -0300] "POST /cormun/servlet/solicitudot?gx-no-cache=1653052197652 HTTP/1.1" 200 297
190.171.149.90 - - [20/May/2022:10:23:07 -0300] "GET /cormun/servlet/solicitudot?6cf6a223c5ca518f792576d05441bae4c68e59d2d682c7ed59aaf2835a12d7d09a20d3d35b5663ab3f81d0ae72797409f06d46cd9f5dc5ec3c0a8e50cf3af3d09f1c3f3795aa43ca0617af65d08b0b8a35e31d3221e4a83ff008e0254565378ba4494bf10b7bf5c4ab4b387ab0d4154e8eabb8ca6086a10eb2fa7da9bb8fad492984fbed0f3cccca3a8f3f959462daadb108d0f56f6704f53d40409f94c7bfb87ad811a52676aefefb9575c5fdbb269a2f6eb225a1a7ba503c92dba06651a5ab3d52c191d6d0605e7a68df405bdc0303c44844248021293e4d2f6ac8006e104bfae5434bfc520b47803f49aff87d52726861b227df788db49b76ddaf458dc2f3b8cb06232677193199dfc5fcfba5f6b1f6eecf2e7fa90b865fc94127a2cda2253d728c9aa8bd18057be7db07e4b31e98cd325be0e01b599aec60e83258c13023ebbd708456d5a72baf5b49c94a4a11180fe60e6ce4315a55b4c07b32593c0b12d8bc37025197366e183e41e84a43f9a891bad76c17d146934d3bdd410bc5f5ce567a373cdb47a5be755bb6f8f75a4855,gx-no-cache=1653052197719 HTTP/1.1" 200 30
190.171.149.90 - - [20/May/2022:10:23:07 -0300] "POST /cormun/servlet/solicitudot?gx-no-cache=1653052197765 HTTP/1.1" 200 30
190.171.149.90 - - [20/May/2022:10:23:07 -0300] "POST /cormun/servlet/solicitudot?gx-no-cache=1653052197821 HTTP/1.1" 200 1453
190.171.149.90 - - [20/May/2022:10:23:07 -0300] "POST /cormun/servlet/solicitudot?gx-no-cache=1653052197915 HTTP/1.1" 200 41
190.171.149.90 - - [20/May/2022:10:23:10 -0300] "GET /cormun/servlet/solicitudot?6cf6a223c5ca518f792576d05441bae4e06489330209b301d6086cc0abe9bfc6ec6988f51bb6558fd147de68decc15b518824e1420f3256fc5d41b133c4e66b43ba7f81d998c7b8326b777db9f8a187d9cb9b6c7afbabb9404bd94463ecc0dd3a474c548dcc6816d5bb7f889f8d63e7f,gx-no-cache=1653052200402 HTTP/1.1" 200 110
190.171.149.90 - - [20/May/2022:10:23:10 -0300] "POST /cormun/servlet/solicitudot?gx-no-cache=1653052200442 HTTP/1.1" 200 96
190.171.149.90 - - [20/May/2022:10:23:10 -0300] "GET /cormun/servlet/solicitudot?6cf6a223c5ca518f792576d05441bae48bc54b670f285b0d59fccd730d41582ea07ad6f70f67b82768137f23f8e915879a05803ec790ec7098b7c2538f6ebb0944d3222c2cfa31be69ac5cd0c756b44dd1310a5cefb528cb85c7f59d5191964f4b33e7423b23cfe5b83737790adb388c,gx-no-cache=1653052200489 HTTP/1.1" 200 29
190.171.149.90 - - [20/May/2022:10:23:10 -0300] "GET /cormun/servlet/solicitudot?6cf6a223c5ca518f792576d05441bae41e93ccd49a01ee96077a5494245fac5c8f9d4083a38eebbb40a831335ff53acb,gx-no-cache=1653052200518 HTTP/1.1" 200 30
190.171.149.90 - - [20/May/2022:10:23:10 -0300] "GET /cormun/static/menuarrow.gif HTTP/1.1" 404 1015
190.171.149.90 - - [20/May/2022:10:23:11 -0300] "GET /cormun/servlet/solicitudot?6cf6a223c5ca518f792576d05441bae4e06489330209b301d6086cc0abe9bfc6ec6988f51bb6558fd147de68decc15b518824e1420f3256fc5d41b133c4e66b43ba7f81d998c7b8326b777db9f8a187d9cb9b6c7afbabb9404bd94463ecc0dd3a474c548dcc6816d5bb7f889f8d63e7f,gx-no-cache=1653052201763 HTTP/1.1" 200 110
190.171.149.90 - - [20/May/2022:10:23:20 -0300] "POST /cormun/servlet/solicitudot?gx-no-cache=1653052210751 HTTP/1.1" 200 33
190.171.149.90 - - [20/May/2022:10:23:20 -0300] "POST /cormun/servlet/solicitudot?c90ed5a20b235f2bb9c726dbdc2085c4,UPD,2022,18727,false,,gx-no-cache=1653052210829 HTTP/1.1" 200 93
190.171.149.90 - - [20/May/2022:10:23:20 -0300] "GET /cormun/servlet/hpexe_return? HTTP/1.1" 200 1018
190.171.149.90 - - [20/May/2022:10:23:21 -0300] "GET /cormun/servlet/trsolicitudot HTTP/1.1" 200 8562
190.171.149.90 - - [20/May/2022:10:23:21 -0300] "GET /cormun/servlet/trsolicitudot HTTP/1.1" 200 8558
190.171.149.74 - - [20/May/2022:10:23:23 -0300] "GET /cormun/static/Resources/resize.gif HTTP/1.1" 200 77
